02-02 10:42:43.434 I/TelephonyRegistry(  283): notifyDataConnection: anyState=0,hipri/INET6,apnTypeState=0,iface=null,ip=null,gw=null,isDataConnectivityPossible=true,networkType=7,reason=dataNetworkAttached
02-02 10:42:43.454 I/TelephonyRegistry(  283): notifyDataConnection: anyState=0,default/INET,apnTypeState=1,iface=null,ip=null,gw=null,isDataConnectivityPossible=true,networkType=7,reason=radioTechnologyChanged
02-02 10:42:43.474 I/TelephonyRegistry(  283): notifyDataConnection: anyState=0,default/INET6,apnTypeState=0,iface=null,ip=null,gw=null,isDataConnectivityPossible=true,networkType=7,reason=radioTechnologyChanged
02-02 10:42:43.494 I/TelephonyRegistry(  283): notifyDataConnection: anyState=0,mms/INET,apnTypeState=0,iface=null,ip=null,gw=null,isDataConnectivityPossible=true,networkType=7,reason=radioTechnologyChanged
02-02 10:42:43.504 I/TelephonyRegistry(  283): notifyDataConnection: anyState=0,mms/INET6,apnTypeState=0,iface=null,ip=null,gw=null,isDataConnectivityPossible=true,networkType=7,reason=radioTechnologyChanged
02-02 10:42:43.534 I/TelephonyRegistry(  283): notifyDataConnection: anyState=0,supl/INET,apnTypeState=0,iface=null,ip=null,gw=null,isDataConnectivityPossible=true,networkType=7,reason=radioTechnologyChanged
02-02 10:42:43.544 I/TelephonyRegistry(  283): notifyDataConnection: anyState=0,supl/INET6,apnTypeState=0,iface=null,ip=null,gw=null,isDataConnectivityPossible=true,networkType=7,reason=radioTechnologyChanged
02-02 10:42:43.574 I/TelephonyRegistry(  283): notifyDataConnection: anyState=0,dun/INET,apnTypeState=0,iface=null,ip=null,gw=null,isDataConnectivityPossible=true,networkType=7,reason=radioTechnologyChanged
02-02 10:42:43.584 I/TelephonyRegistry(  283): notifyDataConnection: anyState=0,dun/INET6,apnTypeState=0,iface=null,ip=null,gw=null,isDataConnectivityPossible=true,networkType=7,reason=radioTechnologyChanged
02-02 10:42:43.634 W/WindowManager(  283): updateFocusedWindowLocked newFocus=Window{40570f60 Keyguard paused=false} mode=3 mCurrentFocus = Window{40570f60 Keyguard paused=false}
02-02 10:42:43.684 I/TelephonyRegistry(  283): notifyDataConnection: anyState=0,hipri/INET,apnTypeState=0,iface=null,ip=null,gw=null,isDataConnectivityPossible=true,networkType=7,reason=radioTechnologyChanged
02-02 10:42:43.694 I/TelephonyRegistry(  283): notifyDataConnection: anyState=0,hipri/INET6,apnTypeState=0,iface=null,ip=null,gw=null,isDataConnectivityPossible=true,networkType=7,reason=radioTechnologyChanged
02-02 10:42:43.724 I/WifiService(  283): WifiService trying to setNumAllowed to 11 with persist set to true
02-02 10:42:43.724 D/WifiService(  283): WifiHandler, MESSAGE_SET_CHANNELS, msg.arg1: 11, msg.arg2: 1
02-02 10:42:43.794 I/TelephonyRegistry(  283): notifyServiceState: 0 home Sprint  310099  1xRTT CSS not supported 41 4139RoamInd: 1RoamStatus(sprint): 1DefRoamInd: 160EmergOnly: false
02-02 10:42:43.804 D/StatusBarPolicy(  406): onServiceStateChanged:0 home Sprint  310099  1xRTT CSS not supported 41 4139RoamInd: 1RoamStatus(sprint): 1DefRoamInd: 160EmergOnly: falsefor subscription :0
02-02 10:42:43.804 D/StatusBarPolicy(  406): updateSignalStrength on subscription :0
02-02 10:42:43.814 D/StatusBarPolicy(  406): StatusBarPolocy::getIconLevel -CDMA
02-02 10:42:43.814 D/StatusBarPolicy(  406): getCdmaLevel_band_six -cdmaDbm:-91
02-02 10:42:43.814 D/StatusBarPolicy(  406): getCdmaLevel_band_six -cdmaEcio:-70
02-02 10:42:43.814 D/StatusBarPolicy(  406): updateDataIcon subscription =0
02-02 10:42:44.154 D/ConnectivityService(  283): ConnectivityChange for mobile: CONNECTING/CONNECTING
02-02 10:42:44.525 W/WindowManager(  283): updateFocusedWindowLocked newFocus=Window{40570f60 Keyguard paused=false} mode=3 mCurrentFocus = Window{40570f60 Keyguard paused=false}
02-02 10:42:45.175 I/ActivityManager(  283): Start proc com.google.android.voicesearch for broadcast com.google.android.voicesearch/.GservicesBroadcastReceiver: pid=667 uid=10004 gids={3003, 1015}
02-02 10:42:45.225 D/StatusBarPolicy(  406): onSignalStrengthsChanged:SignalStrength: 99 0 -91 -70 -97 -60 5 99 2147483647 2147483647 2147483647 2147483647 cdma for subscription0
02-02 10:42:45.225 D/StatusBarPolicy(  406): updateSignalStrength on subscription :0
02-02 10:42:45.225 D/StatusBarPolicy(  406): StatusBarPolocy::getIconLevel -CDMA
02-02 10:42:45.225 D/StatusBarPolicy(  406): getCdmaLevel_band_six -cdmaDbm:-91
02-02 10:42:45.225 D/StatusBarPolicy(  406): getCdmaLevel_band_six -cdmaEcio:-70
02-02 10:42:46.927 D/ConnectivityService(  283): Dropping ConnectivityChange for WIFI: DISCONNECTED/SCANNING
02-02 10:42:46.957 D/StatusBarPolicy(  406): onSignalStrengthsChanged:SignalStrength: 99 0 -91 -70 -96 -45 5 99 2147483647 2147483647 2147483647 2147483647 cdma for subscription0
02-02 10:42:46.957 D/StatusBarPolicy(  406): updateSignalStrength on subscription :0
02-02 10:42:46.957 D/StatusBarPolicy(  406): StatusBarPolocy::getIconLevel -CDMA
02-02 10:42:46.957 D/StatusBarPolicy(  406): getCdmaLevel_band_six -cdmaDbm:-91
02-02 10:42:46.957 D/StatusBarPolicy(  406): getCdmaLevel_band_six -cdmaEcio:-70
02-02 10:42:46.967 I/TelephonyRegistry(  283): notifyServiceState: 0 home Sprint  310099  1xRTT CSS not supported 41 4139RoamInd: 1RoamStatus(sprint): 1DefRoamInd: 160EmergOnly: false
02-02 10:42:46.967 D/StatusBarPolicy(  406): onServiceStateChanged:0 home Sprint  310099  1xRTT CSS not supported 41 4139RoamInd: 1RoamStatus(sprint): 1DefRoamInd: 160EmergOnly: falsefor subscription :0
02-02 10:42:46.967 D/StatusBarPolicy(  406): updateSignalStrength on subscription :0
02-02 10:42:46.967 D/StatusBarPolicy(  406): StatusBarPolocy::getIconLevel -CDMA
02-02 10:42:46.967 D/StatusBarPolicy(  406): getCdmaLevel_band_six -cdmaDbm:-91
02-02 10:42:46.967 D/StatusBarPolicy(  406): getCdmaLevel_band_six -cdmaEcio:-70
02-02 10:42:46.967 D/StatusBarPolicy(  406): updateDataIcon subscription =0
02-02 10:42:46.997 I/TelephonyRegistry(  283): notifyServiceState: 0 home Sprint  310099  EvDo rev. A CSS not supported 41 4139RoamInd: 1RoamStatus(sprint): 1DefRoamInd: 160EmergOnly: false
02-02 10:42:46.997 D/StatusBarPolicy(  406): onServiceStateChanged:0 home Sprint  310099  EvDo rev. A CSS not supported 41 4139RoamInd: 1RoamStatus(sprint): 1DefRoamInd: 160EmergOnly: falsefor subscription :0
02-02 10:42:46.997 D/StatusBarPolicy(  406): updateSignalStrength on subscription :0
02-02 10:42:46.997 D/StatusBarPolicy(  406): StatusBarPolocy::getIconLevel -EVDO
02-02 10:42:46.997 D/StatusBarPolicy(  406): getEvdoLevel_band_six -evdoDbm:-96
02-02 10:42:46.997 D/StatusBarPolicy(  406): getEvdoLevel_band_six -evdoEcio:-45
02-02 10:42:46.997 D/StatusBarPolicy(  406): updateDataIcon subscription =0
02-02 10:42:47.037 I/TelephonyRegistry(  283): notifyDataConnection: anyState=0,default/INET,apnTypeState=1,iface=null,ip=null,gw=null,isDataConnectivityPossible=true,networkType=6,reason=radioTechnologyChanged
02-02 10:42:47.037 D/StatusBarPolicy(  406): StatusBarPolicy onDataConnectionStateChanged to 0for nw : 6on subscription : 0
02-02 10:42:47.037 D/StatusBarPolicy(  406): Data network type changed to:6
02-02 10:42:47.037 D/StatusBarPolicy(  406): updateDataIcon subscription =0
02-02 10:42:47.047 I/TelephonyRegistry(  283): notifyDataConnection: anyState=0,default/INET6,apnTypeState=0,iface=null,ip=null,gw=null,isDataConnectivityPossible=true,networkType=6,reason=radioTechnologyChanged
02-02 10:42:47.067 I/TelephonyRegistry(  283): notifyDataConnection: anyState=0,mms/INET,apnTypeState=0,iface=null,ip=null,gw=null,isDataConnectivityPossible=true,networkType=6,reason=radioTechnologyChanged
02-02 10:42:47.077 I/TelephonyRegistry(  283): notifyDataConnection: anyState=0,mms/INET6,apnTypeState=0,iface=null,ip=null,gw=null,isDataConnectivityPossible=true,networkType=6,reason=radioTechnologyChanged
02-02 10:42:47.087 I/TelephonyRegistry(  283): notifyDataConnection: anyState=0,supl/INET,apnTypeState=0,iface=null,ip=null,gw=null,isDataConnectivityPossible=true,networkType=6,reason=radioTechnologyChanged
02-02 10:42:47.097 I/TelephonyRegistry(  283): notifyDataConnection: anyState=0,supl/INET6,apnTypeState=0,iface=null,ip=null,gw=null,isDataConnectivityPossible=true,networkType=6,reason=radioTechnologyChanged
02-02 10:42:47.107 I/TelephonyRegistry(  283): notifyDataConnection: anyState=0,dun/INET,apnTypeState=0,iface=null,ip=null,gw=null,isDataConnectivityPossible=true,networkType=6,reason=radioTechnologyChanged
02-02 10:42:47.117 I/TelephonyRegistry(  283): notifyDataConnection: anyState=0,dun/INET6,apnTypeState=0,iface=null,ip=null,gw=null,isDataConnectivityPossible=true,networkType=6,reason=radioTechnologyChanged
02-02 10:42:47.127 I/TelephonyRegistry(  283): notifyDataConnection: anyState=0,hipri/INET,apnTypeState=0,iface=null,ip=null,gw=null,isDataConnectivityPossible=true,networkType=6,reason=radioTechnologyChanged
02-02 10:42:47.147 I/TelephonyRegistry(  283): notifyDataConnection: anyState=0,hipri/INET6,apnTypeState=0,iface=null,ip=null,gw=null,isDataConnectivityPossible=true,networkType=6,reason=radioTechnologyChanged
02-02 10:42:47.448 D/ConnectivityService(  283): Dropping ConnectivityChange for WIFI: DISCONNECTED/IDLE
02-02 10:42:47.458 D/StatusBarPolicy(  406): onSignalStrengthsChanged:SignalStrength: 99 0 -92 -85 -92 -55 5 99 2147483647 2147483647 2147483647 2147483647 cdma for subscription0
02-02 10:42:47.458 D/StatusBarPolicy(  406): updateSignalStrength on subscription :0
02-02 10:42:47.468 D/StatusBarPolicy(  406): StatusBarPolocy::getIconLevel -EVDO
02-02 10:42:47.468 D/StatusBarPolicy(  406): getEvdoLevel_band_six -evdoDbm:-92
02-02 10:42:47.468 D/StatusBarPolicy(  406): getEvdoLevel_band_six -evdoEcio:-55
02-02 10:42:47.528 I/ActivityManager(  283): Start proc com.android.vending for broadcast com.android.vending/com.google.android.finsky.receivers.ClearCacheReceiver: pid=682 uid=10023 gids={3003, 1015}
