02-02 11:41:49.196 I/Vold    (  116): Vold 2.1 (the revenge) firing up
02-02 11:41:49.236 D/Vold    (  116): Volume sdcard state changing -1 (Initializing) -> 0 (No-Media)
02-02 11:41:49.527 W/DirectVolume(  116): Kernel block uevent 'PARTN' 1 pendingparts 0
02-02 11:41:49.527 D/Vold    (  116): Volume sdcard state changing 0 (No-Media) -> 2 (Pending)
02-02 11:41:49.527 W/DirectVolume(  116): Kernel block uevent 'PARTN' 1, 1 minor 33
02-02 11:41:49.527 D/Vold    (  116): Volume sdcard state changing 2 (Pending) -> 1 (Idle-Unmounted)
02-02 11:42:09.186 I/SystemServer(  283): Entered the Android system server!
02-02 11:42:09.186 I/SystemServer(  283): Entropy Service
02-02 11:42:09.186 W/EntropyService(  283): unable to load initial entropy (first boot?)
02-02 11:42:09.186 W/EntropyService(  283): java.io.FileNotFoundException: /data/system/entropy.dat (No such file or directory)
02-02 11:42:09.186 W/EntropyService(  283): 	at org.apache.harmony.luni.platform.OSFileSystem.open(Native Method)
02-02 11:42:09.186 W/EntropyService(  283): 	at dalvik.system.BlockGuard$WrappedFileSystem.open(BlockGuard.java:232)
02-02 11:42:09.186 W/EntropyService(  283): 	at java.io.FileInputStream.<init>(FileInputStream.java:80)
02-02 11:42:09.186 W/EntropyService(  283): 	at java.io.FileInputStream.<init>(FileInputStream.java:132)
02-02 11:42:09.186 W/EntropyService(  283): 	at com.android.server.RandomBlock.fromFile(RandomBlock.java:45)
02-02 11:42:09.186 W/EntropyService(  283): 	at com.android.server.EntropyService.loadInitialEntropy(EntropyService.java:99)
02-02 11:42:09.186 W/EntropyService(  283): 	at com.android.server.EntropyService.<init>(EntropyService.java:86)
02-02 11:42:09.186 W/EntropyService(  283): 	at com.android.server.EntropyService.<init>(EntropyService.java:76)
02-02 11:42:09.186 W/EntropyService(  283): 	at com.android.server.ServerThread.run(SystemServer.java:150)
02-02 11:42:09.226 I/SystemServer(  283): Power Manager
02-02 11:42:09.226 I/SystemServer(  283): Activity Manager
02-02 11:42:09.246 I/ActivityManager(  283): Memory class: 32
02-02 11:42:09.316 I/SystemServer(  283): Telephony Registry
02-02 11:42:09.316 I/SystemServer(  283): Package Manager
02-02 11:42:09.326 I/Installer(  283): connecting...
02-02 11:42:09.596 I/PackageManager(  283): No settings file; creating initial state
02-02 11:42:09.596 W/PackageManager(  283): Running ENG build: no pre-dexopt!
02-02 11:42:26.453 I/PackageManager(  283): Time to scan packages: 16.842 seconds
02-02 11:42:26.453 I/PackageManager(  283): Platform changed from 0 to 10; regranting permissions for internal storage
02-02 11:42:26.453 W/PackageManager(  283): Unknown permission com.android.vending.permission.UPDATE_MARKET_FAILURE in package com.android.vending.updater
02-02 11:42:26.453 W/PackageManager(  283): Unknown permission android.permission.ADD_SYSTEM_SERVICE in package com.android.phone
02-02 11:42:26.463 W/PackageManager(  283): Unknown permission com.google.android.apps.googlevoice.permission.AUTO_SEND in package com.google.android.voicesearch
02-02 11:42:26.463 W/PackageManager(  283): Not granting permission android.permission.SEND_DOWNLOAD_COMPLETED_INTENTS to package com.android.browser (protectionLevel=2 flags=0x9be45)
02-02 11:42:26.463 W/PackageManager(  283): Unknown permission com.android.email.provider.AttachmentProvider in package com.android.music
02-02 11:42:26.463 W/PackageManager(  283): Not granting permission android.permission.SEND_DOWNLOAD_COMPLETED_INTENTS to package com.android.music (protectionLevel=2 flags=0x8be65)
02-02 11:42:26.473 W/PackageManager(  283): Unknown permission android.permission.READ_OWNER_DATA in package com.android.setupwizard
02-02 11:42:26.473 W/PackageManager(  283): Unknown permission android.permission.WRITE_OWNER_DATA in package com.android.setupwizard
02-02 11:42:26.473 W/PackageManager(  283): Not granting permission android.permission.ACCESS_DRM to package com.android.mms (protectionLevel=2 flags=0x8be65)
02-02 11:42:26.473 W/PackageManager(  283): Unknown permission android.permission.RECEIVE_EMERGENCY_BROADCAST in package com.android.mms
02-02 11:42:26.473 W/PackageManager(  283): Not granting permission android.permission.SET_PREFERRED_APPLICATIONS to package com.sprint.w.installer (protectionLevel=2 flags=0x8be45)
02-02 11:42:26.483 W/PackageManager(  283): Unknown permission android.intent.action.REBOOT in package com.redbend.vdmc
02-02 11:42:26.483 W/PackageManager(  283): Not granting permission com.google.android.gm.permission.READ_GMAIL to package com.google.android.apps.uploader (protectionLevel=2 flags=0xbe45)
02-02 11:42:26.483 W/PackageManager(  283): Unknown permission com.google.android.googleapps.permission.GOOGLE_AUTH.panoramio in package com.google.android.apps.uploader
02-02 11:42:26.483 W/PackageManager(  283): Unknown permission android.permission.READ_PROFILE in package com.google.android.apps.plus
02-02 11:42:26.483 W/PackageManager(  283): Unknown permission android.permission.WRITE_PROFILE in package com.google.android.apps.plus
02-02 11:42:26.483 W/PackageManager(  283): Unknown permission android.permission.READ_SOCIAL_STREAM in package com.google.android.apps.plus
02-02 11:42:26.483 W/PackageManager(  283): Unknown permission android.permission.WRITE_SOCIAL_STREAM in package com.google.android.apps.plus
02-02 11:42:26.483 W/PackageManager(  283): Unknown permission android.permission.READ_EXTERNAL_STORAGE in package com.android.vending
02-02 11:42:26.483 W/PackageManager(  283): Not granting permission android.permission.SEND_DOWNLOAD_COMPLETED_INTENTS to package com.android.vending (protectionLevel=2 flags=0xabe45)
02-02 11:42:26.493 W/PackageManager(  283): Not granting permission android.permission.ACCOUNT_MANAGER to package com.google.android.music (protectionLevel=2 flags=0x8be65)
02-02 11:42:26.493 W/PackageManager(  283): Unknown permission android.permission.READ_OWNER_DATA in package com.android.email
02-02 11:42:26.493 W/PackageManager(  283): Unknown permission android.intent.action.REBOOT in package com.android.email
02-02 11:42:26.493 W/PackageManager(  283): Not granting permission android.permission.BROADCAST_WAP_PUSH to package com.android.email (protectionLevel=2 flags=0x8be45)
02-02 11:42:26.493 W/PackageManager(  283): Unknown permission com.android.providers.im.permission.READ_ONLY in package com.google.android.apps.maps
02-02 11:42:26.493 W/PackageManager(  283): Unknown permission com.google.android.providers.gmail.permission.READ_GMAIL in package com.dataviz.docstogo
02-02 11:42:26.713 I/SystemServer(  283): Account Manager
02-02 11:42:26.853 I/SystemServer(  283): Content Manager
02-02 11:42:26.923 I/SystemServer(  283): System Content Providers
02-02 11:42:27.183 I/SystemServer(  283): Battery Service
02-02 11:42:27.233 I/SystemServer(  283): Lights Service
02-02 11:42:27.233 I/SystemServer(  283): Vibrator Service
02-02 11:42:27.253 I/SystemServer(  283): Alarm Manager
02-02 11:42:27.253 D/AlarmManager(  283): scheduleTimeTickEvent calendar=Thu Feb 02 11:43:00 EST 2012
02-02 11:42:27.253 D/AlarmManager(  283): calendar.getTimeInMillis()1328200980000
02-02 11:42:27.253 I/SystemServer(  283): Init Watchdog
02-02 11:42:27.253 I/SystemServer(  283): Window Manager
02-02 11:42:27.253 E/AlarmManager(  283): system is not ready, just wait!
02-02 11:42:27.263 I/InputManager(  283): Initializing input manager
02-02 11:42:27.293 I/InputManager(  283): Starting input manager
02-02 11:42:27.293 I/SystemServer(  283): Bluetooth Service
02-02 11:42:27.313 I/InputManager-Callbacks(  283): No input device calibration properties found for device synaptics-rmi4-ts.
02-02 11:42:27.313 I/InputManager-Callbacks(  283): No input device calibration properties found for device 7k_handset.
02-02 11:42:27.313 I/InputManager-Callbacks(  283): No input device calibration properties found for device sean_keypad.
02-02 11:42:27.313 I/SystemServer(  283): DynamicMemoryManager Service
02-02 11:42:27.313 I/SystemServer(  283): Device Policy
02-02 11:42:27.313 I/SystemServer(  283): Status Bar
02-02 11:42:27.313 I/SystemServer(  283): Clipboard Service
02-02 11:42:27.313 I/SystemServer(  283): Input Method Service
02-02 11:42:27.404 I/InputManagerService(  283): Enabled input methods: com.swype.android.inputmethod/.SwypeInputMethod:com.android.inputmethod.latin/.LatinIME
02-02 11:42:27.404 I/SystemServer(  283): NetStat Service
02-02 11:42:27.404 I/SystemServer(  283): NetworkManagement Service
02-02 11:42:27.404 D/NetworkManagementService(  283): Creating NetworkManagementService
02-02 11:42:27.414 D/NetworkManagementService(  283): Awaiting socket connection
02-02 11:42:27.414 D/NetworkManagementService(  283): onConnected
02-02 11:42:27.414 D/NetworkManagementService(  283): Connected
02-02 11:42:27.414 I/SystemServer(  283): Connectivity Service
02-02 11:42:27.424 D/ConnectivityService(  283): ConnectivityService starting up
02-02 11:42:27.424 D/ConnectivityService(  283): getMobileDataEnabled returning false
02-02 11:42:27.424 D/ConnectivityService(  283): tearing down Mobile networks due to setting
02-02 11:42:27.424 D/ConnectivityService(  283): tearing down Mobile networks due to setting
02-02 11:42:27.424 D/ConnectivityService(  283): tearing down Mobile networks due to setting
02-02 11:42:27.434 D/ConnectivityService(  283): tearing down Mobile networks due to setting
02-02 11:42:27.464 D/WifiService(  283): isAirplaneModeOn(): false
02-02 11:42:27.464 I/WifiService(  283): WifiService starting up with Wi-Fi enabled
02-02 11:42:27.464 D/WifiService(  283): isAirplaneModeOn(): false
02-02 11:42:27.464 D/ConnectivityService(  283): tearing down Mobile networks due to setting
02-02 11:42:27.464 D/WifiService(  283): WifiHandler, MESSAGE_ENABLE_WIFI, msg.arg1: 1, msg.arg2: 1000
02-02 11:42:27.464 D/WifiService(  283): isAirplaneModeOn(): false
02-02 11:42:27.464 E/WifiService(  283): jht getWifiConfiguration() no Settings.Secure.WIFI_IDLE_MS
02-02 11:42:27.474 D/NetworkManagementService(  283): Registering observer
02-02 11:42:27.474 I/SystemServer(  283): Throttle Service
02-02 11:42:27.474 I/SystemServer(  283): Accessibility Manager
02-02 11:42:27.474 I/SystemServer(  283): Mount Service
02-02 11:42:27.474 I/SystemServer(  283): Notification Manager
02-02 11:42:27.484 I/SystemServer(  283): HDMI Service
02-02 11:42:27.484 I/SystemServer(  283): Device Storage Monitor
02-02 11:42:27.484 I/SystemServer(  283): Location Manager
02-02 11:42:27.484 I/SystemServer(  283): Search Service
02-02 11:42:27.494 I/SystemServer(  283): DropBox Service
02-02 11:42:27.494 E/WifiService(  283): jht getWifiConfiguration() Settings.Secure.WIFI_IDLE_MS=900000
02-02 11:42:27.494 D/VoldConnector(  283): SND -> {volume list} {null}
02-02 11:42:27.514 I/SystemServer(  283): Wallpaper Service
02-02 11:42:27.514 W/WallpaperService(  283): failed parsing /data/system/wallpaper_info.xml java.io.FileNotFoundException: /data/system/wallpaper_info.xml (No such file or directory)
02-02 11:42:27.514 I/SystemServer(  283): Audio Service
02-02 11:42:27.514 D/VoldCmdListener(  116): volume list
02-02 11:42:27.514 D/VoldConnector(  283): RCV <- {110 sdcard /mnt/sdcard 1}
02-02 11:42:27.514 D/VoldConnector(  283): RSP <- {110 sdcard /mnt/sdcard 1}
02-02 11:42:27.524 D/VoldConnector(  283): RCV <- {200 Volumes listed.}
02-02 11:42:27.524 D/VoldConnector(  283): RSP <- {200 Volumes listed.}
02-02 11:42:27.524 D/VoldConnector(  283): List terminated with {200 Volumes listed.}
02-02 11:42:27.524 D/MountService(  283): mount list sdcard /mnt/sdcard 1
02-02 11:42:27.524 D/VoldConnector(  283): SND -> {share status ums} {null}
02-02 11:42:27.524 D/VoldCmdListener(  116): share status ums
02-02 11:42:27.524 D/VoldConnector(  283): RCV <- {210 Share unavailable}
02-02 11:42:27.524 D/VoldConnector(  283): RSP <- {210 Share unavailable}
02-02 11:42:27.564 I/SystemServer(  283): Headset Observer
02-02 11:42:27.564 I/SystemServer(  283): Dock Observer
02-02 11:42:27.564 W/DockObserver(  283): This kernel does not have dock station support
02-02 11:42:27.564 I/SystemServer(  283): USB Service
02-02 11:42:27.574 I/SystemServer(  283): UI Mode Manager Service
02-02 11:42:27.574 I/SystemServer(  283): Backup Service
02-02 11:42:28.034 I/BackupManagerService(  283): Backup enabled => false
02-02 11:42:28.034 I/SystemServer(  283): AppWidget Service
02-02 11:42:28.034 I/SystemServer(  283): Recognition Service
02-02 11:42:28.034 I/SystemServer(  283): DiskStats Service
02-02 11:42:28.034 I/SystemServer(  283): AtCmdFwd Service
02-02 11:42:28.044 I/SystemServer(  283): BT FM Power Management Service
02-02 11:42:28.044 E/SystemServer(  283): Failure starting BT FM Power Management Service
02-02 11:42:28.044 E/SystemServer(  283): java.lang.ExceptionInInitializerError
02-02 11:42:28.044 E/SystemServer(  283): 	at com.android.server.ServerThread.run(SystemServer.java:489)
02-02 11:42:28.044 E/SystemServer(  283): Caused by: java.lang.UnsatisfiedLinkError: classInitNative
02-02 11:42:28.044 E/SystemServer(  283): 	at com.broadcom.bt.service.framework.PowerManagementService.classInitNative(Native Method)
02-02 11:42:28.044 E/SystemServer(  283): 	at com.broadcom.bt.service.framework.PowerManagementService.<clinit>(PowerManagementService.java:58)
02-02 11:42:28.044 E/SystemServer(  283): 	... 1 more
02-02 11:42:28.094 W/WindowManager(  283): updateFocusedWindowLocked newFocus=Window{40570f60 Keyguard paused=false} mode=1 mCurrentFocus = null
02-02 11:42:28.094 D/PowerManagerService(  283): system ready!
02-02 11:42:28.094 I/ActivityManager(  283): Sending system update to: ComponentInfo{com.google.android.gsf/com.google.android.gsf.loginservice.MigrateToAccountManagerBroadcastReceiver}
02-02 11:42:28.094 I/ActivityManager(  283): Sending system update to: ComponentInfo{com.android.providers.contacts/com.android.providers.contacts.ContactsUpgradeReceiver}
02-02 11:42:28.104 I/ActivityManager(  283): Sending system update to: ComponentInfo{com.android.providers.calendar/com.android.providers.calendar.CalendarUpgradeReceiver}
02-02 11:42:28.104 I/ActivityManager(  283): Start proc com.google.process.gapps for broadcast com.google.android.gsf/.loginservice.MigrateToAccountManagerBroadcastReceiver: pid=356 uid=10029 gids={3003, 1015, 2001, 1007}
02-02 11:42:28.104 I/SystemServer(  283): Enabled StrictMode for system server main thread.
02-02 11:42:28.114 I/ActivityManager(  283): Config changed: { scale=1.0 imsi=0/0 loc=en_US touch=3 keys=1/1/2 nav=1/1 orien=1 layout=18 uiMode=0 seq=1}
02-02 11:42:28.254 E/AlarmManager(  283): system is not ready, just wait!
02-02 11:42:28.274 I/ActivityManager(  283): Launching preboot mode app: ProcessRecord{4061a738 356:com.google.process.gapps/10029}
02-02 11:42:28.495 D/NetdConnector(  283): RCV <- {600 Iface added wlan0}
02-02 11:42:28.495 D/BatteryService(  283): updateBattery level:67 scale:100 status:3 health:2 present:true voltage: 3876 temperature: 300 technology: Li-ion AC powered:false USB powered:false icon:17302173
02-02 11:42:29.245 E/AlarmManager(  283): system is not ready, just wait!
02-02 11:42:29.736 I/ActivityManager(  283): Starting: Intent { act=android.intent.action.MAIN cat=[android.intent.category.HOME] flg=0x10000000 cmp=com.android.setupwizard/.SetupWizardActivity } from pid 0
02-02 11:42:29.756 D/WifiService(  283): ACTION_BATTERY_CHANGED pluggedType: 0
02-02 11:42:29.756 I/ActivityManager(  283): Start proc android.process.acore for broadcast com.android.providers.contacts/.ContactsUpgradeReceiver: pid=385 uid=10007 gids={3003, 1015}
02-02 11:42:29.786 D/WifiService(  283): WifiHandler, MESSAGE_UPDATE_STATE
02-02 11:42:29.786 D/WifiService(  283): isAirplaneModeOn(): false
02-02 11:42:29.786 D/WifiService(  283): updateWifiState(), wifiEnabled: true, airplaneMode: false, wifiShouldBeEnabled: true, wifiShouldBeStarted: true, strongestLockMode: 1
02-02 11:42:29.786 D/WifiService(  283): WifiHandler, MESSAGE_ENABLE_WIFI, msg.arg1: 0, msg.arg2: 1000
02-02 11:42:29.786 D/WifiService(  283): WifiHandler, MESSAGE_START_WIFI, msg.arg1: 1
02-02 11:42:29.806 W/WindowManager(  283): updateFocusedWindowLocked newFocus=Window{40570f60 Keyguard paused=false} mode=3 mCurrentFocus = Window{40570f60 Keyguard paused=false}
02-02 11:42:29.836 D/ConnectivityService(  283): ConnectivityChange for WIFI: DISCONNECTED/SCANNING
02-02 11:42:29.836 D/ConnectivityService(  283): Got Network Disconnected from Driver nwtype=1
02-02 11:42:29.836 D/ConnectivityService(  283): getMobileDataEnabled returning false
02-02 11:42:29.836 E/ConnectivityService(  283): not failing over to mobile type 0 because Mobile Data Disabled
02-02 11:42:29.886 W/WindowManager(  283): updateFocusedWindowLocked newFocus=Window{40570f60 Keyguard paused=false} mode=2 mCurrentFocus = Window{40570f60 Keyguard paused=false}
02-02 11:42:29.896 I/ActivityManager(  283): Launching preboot mode app: ProcessRecord{40835eb0 385:android.process.acore/10007}
02-02 11:42:30.246 E/AlarmManager(  283): system is not ready, just wait!
02-02 11:42:30.667 D/ConnectivityService(  283): Dropping ConnectivityChange for WIFI: DISCONNECTED/IDLE
02-02 11:42:30.737 I/ActivityManager(  283): Start proc com.android.providers.calendar for broadcast com.android.providers.calendar/.CalendarUpgradeReceiver: pid=396 uid=10056 gids={3003}
02-02 11:42:30.767 I/ActivityManager(  283): Launching preboot mode app: ProcessRecord{40792fc8 396:com.android.providers.calendar/10056}
02-02 11:42:31.247 E/AlarmManager(  283): system is not ready, just wait!
02-02 11:42:31.447 I/ActivityManager(  283): Writing new set of last done pre-boot receivers...
02-02 11:42:31.457 I/ActivityManager(  283): Removing system update proc: ProcessRecord{4061a738 356:com.google.process.gapps/10029}
02-02 11:42:31.457 I/ActivityManager(  283): Removing system update proc: ProcessRecord{40835eb0 385:android.process.acore/10007}
02-02 11:42:31.457 I/ActivityManager(  283): Removing system update proc: ProcessRecord{40792fc8 396:com.android.providers.calendar/10056}
02-02 11:42:31.457 I/ActivityManager(  283): System now ready
02-02 11:42:31.457 I/SystemServer(  283): Making services ready
02-02 11:42:31.457 I/StatusBarManagerService(  283): Starting service: ComponentInfo{com.android.systemui/com.android.systemui.statusbar.StatusBarService}
02-02 11:42:31.467 I/ActivityManager(  283): Start proc com.android.systemui for service com.android.systemui/.statusbar.StatusBarService: pid=406 uid=1000 gids={3002, 3001, 3003, 1015}
02-02 11:42:31.467 I/ActivityManager(  283): Config changed: { scale=1.0 imsi=0/0 loc=en_US touch=3 keys=1/1/2 nav=1/1 orien=1 layout=18 uiMode=17 seq=2}
02-02 11:42:31.477 I/UsbService(  283): Device not provisioned, skipping USB broadcast
02-02 11:42:31.718 I/ActivityManager(  283): Start proc com.android.inputmethod.latin for service com.android.inputmethod.latin/.LatinIME: pid=419 uid=10041 gids={}
02-02 11:42:31.748 D/NetworkManagementService(  283): Registering observer
02-02 11:42:31.758 E/ThrottleService(  283): Error reading data file
02-02 11:42:31.938 I/ActivityManager(  283): Start proc com.android.phone for added application com.android.phone: pid=422 uid=1001 gids={3002, 3001, 3003, 1015}
02-02 11:42:31.938 I/ActivityManager(  283): Start proc com.broadcom.bt.app.system for added application com.broadcom.bt.app.system: pid=437 uid=1002 gids={3001, 3002}
02-02 11:42:31.948 W/WindowManager(  283): updateFocusedWindowLocked newFocus=Window{40570f60 Keyguard paused=false} mode=3 mCurrentFocus = Window{40570f60 Keyguard paused=false}
02-02 11:42:31.968 I/ActivityManager(  283): Start proc com.android.setupwizard for activity com.android.setupwizard/.SetupWizardActivity: pid=438 uid=10018 gids={3003}
02-02 11:42:31.968 I/ActivityManager(  283): Start proc com.locationlabs.v3client for broadcast com.locationlabs.v3client/com.locationlabs.util.android.Autostart: pid=439 uid=10017 gids={3003}
02-02 11:42:32.048 D/NetdConnector(  283): SND -> {interface readrxcounter rmnet0} {null}
02-02 11:42:32.058 D/NetdConnector(  283): RCV <- {216 0}
02-02 11:42:32.058 D/NetdConnector(  283): RSP <- {216 0}
02-02 11:42:32.058 D/NetdConnector(  283): SND -> {interface readtxcounter rmnet0} {null}
02-02 11:42:32.058 D/NetdConnector(  283): RCV <- {217 0}
02-02 11:42:32.058 D/NetdConnector(  283): RSP <- {217 0}
02-02 11:42:32.058 D/NetdConnector(  283): SND -> {interface setthrottle rmnet0 -1 -1} {null}
02-02 11:42:32.118 W/WindowManager(  283): updateFocusedWindowLocked newFocus=Window{40570f60 Keyguard paused=false} mode=3 mCurrentFocus = Window{40570f60 Keyguard paused=false}
02-02 11:42:32.218 D/NetdConnector(  283): RCV <- {200 Interface throttling set}
02-02 11:42:32.218 D/NetdConnector(  283): RSP <- {200 Interface throttling set}
02-02 11:42:33.950 W/WindowManager(  283): updateFocusedWindowLocked newFocus=Window{40570f60 Keyguard paused=false} mode=0 mCurrentFocus = Window{40570f60 Keyguard paused=false}
02-02 11:42:34.510 I/StatusBarManagerService(  283): registerStatusBar bar=com.android.internal.statusbar.IStatusBar$Stub$Proxy@405577a8
02-02 11:42:34.520 D/NetdConnector(  283): SND -> {interface readrxcounter rmnet0} {null}
02-02 11:42:34.520 D/NetdConnector(  283): RCV <- {216 0}
02-02 11:42:34.520 D/NetdConnector(  283): RSP <- {216 0}
02-02 11:42:34.520 D/NetdConnector(  283): SND -> {interface readtxcounter rmnet0} {null}
02-02 11:42:34.520 D/NetdConnector(  283): RCV <- {217 0}
02-02 11:42:34.520 D/NetdConnector(  283): RSP <- {217 0}
02-02 11:42:34.530 I/ActivityManager(  283): Start proc com.google.process.gapps for service com.google.android.gsf/.loginservice.GoogleLoginService: pid=475 uid=10029 gids={3003, 1015, 2001, 1007}
02-02 11:42:34.571 D/NetdConnector(  283): SND -> {interface setthrottle rmnet0 -1 -1} {null}
02-02 11:42:34.611 W/BackupManagerService(  283): dataChanged but no participant pkg='com.android.providers.settings' uid=1002
02-02 11:42:34.681 D/VoldConnector(  283): SND -> {share status ums} {null}
02-02 11:42:34.681 D/VoldCmdListener(  116): share status ums
02-02 11:42:34.681 D/VoldConnector(  283): RCV <- {210 Share unavailable}
02-02 11:42:34.691 D/VoldConnector(  283): RSP <- {210 Share unavailable}
02-02 11:42:34.691 D/StorageNotification(  406): Startup with UMS connection false (media state unmounted)
02-02 11:42:34.711 D/NetdConnector(  283): RCV <- {200 Interface throttling set}
02-02 11:42:34.711 D/NetdConnector(  283): RSP <- {200 Interface throttling set}
02-02 11:42:34.741 I/StorageNotification(  406): UMS connection changed to false (media state unmounted)
02-02 11:42:34.791 W/BackupManagerService(  283): dataChanged but no participant pkg='com.android.providers.settings' uid=1002
02-02 11:42:34.921 I/ActivityManager(  283): Start proc android.process.acore for content provider com.android.providers.userdictionary/.UserDictionaryProvider: pid=497 uid=10007 gids={3003, 1015}
02-02 11:42:35.111 D/ConnectivityService(  283): getMobileDataEnabled returning false
02-02 11:42:35.151 W/WindowManager(  283): updateFocusedWindowLocked newFocus=Window{40570f60 Keyguard paused=false} mode=3 mCurrentFocus = Window{40570f60 Keyguard paused=false}
02-02 11:42:35.161 W/WindowManager(  283): updateFocusedWindowLocked newFocus=Window{40570f60 Keyguard paused=false} mode=3 mCurrentFocus = Window{40570f60 Keyguard paused=false}
02-02 11:42:35.271 D/StatusBarPolicy(  406): updateSignalStrength on subscription :0
02-02 11:42:35.281 W/WindowManager(  283): updateFocusedWindowLocked newFocus=Window{40570f60 Keyguard paused=false} mode=3 mCurrentFocus = Window{40570f60 Keyguard paused=false}
02-02 11:42:35.742 W/BackupManagerService(  283): dataChanged but no participant pkg='com.android.providers.settings' uid=1002
02-02 11:42:36.943 W/BackupManagerService(  283): dataChanged but no participant pkg='com.android.providers.settings' uid=1002
02-02 11:42:37.063 I/ActivityManager(  283): Starting: Intent { act=android.intent.action.MAIN cat=[android.intent.category.HOME] flg=0x10200000 cmp=com.android.launcher/com.android.launcher2.Launcher } from pid 438
02-02 11:42:37.083 I/ActivityManager(  283): Start proc com.redbend.vdmc for broadcast com.redbend.vdmc/.MyConnectionChangeReceiver: pid=517 uid=1000 gids={3002, 3001, 3003, 1015}
02-02 11:42:37.083 I/ActivityManager(  283): Config changed: { scale=1.0 imsi=0/0 loc=en_US touch=3 keys=1/1/2 nav=1/1 orien=1 layout=18 uiMode=17 seq=3}
02-02 11:42:37.093 W/WindowManager(  283): updateFocusedWindowLocked newFocus=Window{40570f60 Keyguard paused=false} mode=3 mCurrentFocus = Window{40570f60 Keyguard paused=false}
02-02 11:42:37.113 W/BackupManagerService(  283): dataChanged but no participant pkg='com.android.providers.settings' uid=1002
02-02 11:42:37.173 I/ActivityManager(  283): Process com.android.setupwizard (pid 438) has died.
02-02 11:42:37.173 W/WindowManager(  283): updateFocusedWindowLocked newFocus=Window{40570f60 Keyguard paused=false} mode=0 mCurrentFocus = Window{40570f60 Keyguard paused=false}
02-02 11:42:37.173 W/WindowManager(  283): updateFocusedWindowLocked newFocus=Window{40570f60 Keyguard paused=false} mode=3 mCurrentFocus = Window{40570f60 Keyguard paused=false}
02-02 11:42:37.183 I/ActivityManager(  283): Start proc com.android.launcher for activity com.android.launcher/com.android.launcher2.Launcher: pid=522 uid=10040 gids={}
02-02 11:42:37.213 I/WifiService(  283): WifiService trying to setNumAllowed to 11 with persist set to true
02-02 11:42:37.213 D/WifiService(  283): WifiHandler, MESSAGE_SET_CHANNELS, msg.arg1: 11, msg.arg2: 1
02-02 11:42:37.213 I/ActivityManager(  283): Config changed: { scale=1.0 imsi=310/120 loc=en_US touch=3 keys=1/1/2 nav=1/1 orien=1 layout=18 uiMode=17 seq=4}
02-02 11:42:37.233 W/BackupManagerService(  283): dataChanged but no participant pkg='com.android.providers.settings' uid=1002
02-02 11:42:37.263 I/TelephonyRegistry(  283): notifyMessageWaitingChanged: false
02-02 11:42:37.443 W/BackupManagerService(  283): dataChanged but no participant pkg='com.android.providers.settings' uid=1002
02-02 11:42:37.493 W/BackupManagerService(  283): dataChanged but no participant pkg='com.android.providers.settings' uid=1002
02-02 11:42:37.533 W/BackupManagerService(  283): dataChanged but no participant pkg='com.android.providers.settings' uid=1002
02-02 11:42:37.654 W/BackupManagerService(  283): dataChanged but no participant pkg='com.android.providers.settings' uid=1002
02-02 11:42:37.704 W/BackupManagerService(  283): dataChanged but no participant pkg='com.android.providers.settings' uid=1002
02-02 11:42:38.344 W/WindowManager(  283): updateFocusedWindowLocked newFocus=Window{40570f60 Keyguard paused=false} mode=0 mCurrentFocus = Window{40570f60 Keyguard paused=false}
02-02 11:42:38.644 I/ActivityManager(  283): Start proc com.google.android.apps.plus for broadcast com.google.android.apps.plus/com.google.android.picasasync.ConnectivityReceiver: pid=538 uid=10021 gids={3003, 1015, 1006}
02-02 11:42:38.815 D/StatusBarPolicy(  406): updateSimState for subscription :0
02-02 11:42:38.815 D/StatusBarPolicy(  406): updateDataIcon subscription =0
02-02 11:42:42.118 W/WindowManager(  283): updateFocusedWindowLocked newFocus=Window{40570f60 Keyguard paused=false} mode=2 mCurrentFocus = Window{40570f60 Keyguard paused=false}
02-02 11:42:42.118 W/WindowManager(  283): updateFocusedWindowLocked newFocus=Window{40570f60 Keyguard paused=false} mode=2 mCurrentFocus = Window{40570f60 Keyguard paused=false}
02-02 11:42:45.932 D/ConnectivityService(  283): Dropping ConnectivityChange for WIFI: DISCONNECTED/SCANNING
02-02 11:42:46.322 W/ActivityManager(  283): Unable to start service Intent { act=com.android.ussd.IExtendedNetworkService }: not found
02-02 11:42:46.662 D/ConnectivityService(  283): Dropping ConnectivityChange for WIFI: DISCONNECTED/IDLE
02-02 11:42:47.073 W/ActivityManager(  283): Launch timeout has expired, giving up wake lock!
02-02 11:42:47.703 I/ActivityManager(  283): Start proc com.google.android.apps.uploader for broadcast com.google.android.apps.uploader/.ConnectivityBroadcastReceiver: pid=572 uid=10034 gids={3003}
02-02 11:42:48.344 W/ActivityManager(  283): Activity idle timeout for HistoryRecord{40546748 com.android.launcher/com.android.launcher2.Launcher}
02-02 11:42:48.804 D/PowerManagerService(  283): bootCompleted
02-02 11:42:48.804 D/PowerManagerService(  283): setTimeoutLocked now=109789 timeoutOverride=-1 nextState=3 when=115789
02-02 11:42:48.814 D/NetdConnector(  283): SND -> {interface list} {null}
02-02 11:42:48.814 D/NetdConnector(  283): RCV <- {110 lo}
02-02 11:42:48.814 D/NetdConnector(  283): RCV <- {110 dummy0}
02-02 11:42:48.814 D/NetdConnector(  283): RCV <- {110 rmnet0}
02-02 11:42:48.814 D/NetdConnector(  283): RCV <- {110 rmnet1}
02-02 11:42:48.814 D/NetdConnector(  283): RCV <- {110 rmnet2}
02-02 11:42:48.814 D/NetdConnector(  283): RCV <- {110 rmnet3}
02-02 11:42:48.814 D/NetdConnector(  283): RCV <- {110 rmnet4}
02-02 11:42:48.814 D/NetdConnector(  283): RCV <- {110 rmnet5}
02-02 11:42:48.814 D/NetdConnector(  283): RCV <- {110 rmnet6}
02-02 11:42:48.834 D/NetdConnector(  283): RSP <- {110 lo}
02-02 11:42:48.834 D/NetdConnector(  283): RSP <- {110 dummy0}
02-02 11:42:48.834 D/NetdConnector(  283): RSP <- {110 rmnet0}
02-02 11:42:48.834 D/NetdConnector(  283): RSP <- {110 rmnet1}
02-02 11:42:48.834 D/NetdConnector(  283): RSP <- {110 rmnet2}
02-02 11:42:48.834 D/NetdConnector(  283): RSP <- {110 rmnet3}
02-02 11:42:48.834 D/NetdConnector(  283): RSP <- {110 rmnet4}
02-02 11:42:48.834 D/NetdConnector(  283): RSP <- {110 rmnet5}
02-02 11:42:48.854 D/NetdConnector(  283): RCV <- {110 rmnet7}
02-02 11:42:48.854 D/NetdConnector(  283): RSP <- {110 rmnet6}
02-02 11:42:48.854 D/NetdConnector(  283): RSP <- {110 rmnet7}
02-02 11:42:48.854 D/NetdConnector(  283): RCV <- {110 tunl0}
02-02 11:42:48.854 D/NetdConnector(  283): RSP <- {110 tunl0}
02-02 11:42:48.854 D/NetdConnector(  283): RCV <- {110 gre0}
02-02 11:42:48.854 D/NetdConnector(  283): RSP <- {110 gre0}
02-02 11:42:48.854 D/NetdConnector(  283): RCV <- {110 sit0}
02-02 11:42:48.864 D/NetdConnector(  283): RSP <- {110 sit0}
02-02 11:42:48.864 D/NetdConnector(  283): RCV <- {110 ip6tnl0}
02-02 11:42:48.864 D/NetdConnector(  283): RSP <- {110 ip6tnl0}
02-02 11:42:48.864 D/NetdConnector(  283): RCV <- {110 usb0}
02-02 11:42:48.874 D/NetdConnector(  283): RSP <- {110 usb0}
02-02 11:42:48.874 D/NetdConnector(  283): RCV <- {110 wlan0}
02-02 11:42:48.874 D/NetdConnector(  283): RSP <- {110 wlan0}
02-02 11:42:48.874 D/NetdConnector(  283): RCV <- {200 Interface list completed}
02-02 11:42:48.874 D/NetdConnector(  283): RSP <- {200 Interface list completed}
02-02 11:42:48.874 D/NetdConnector(  283): List terminated with {200 Interface list completed}
02-02 11:42:48.894 I/ActivityManager(  283): Start proc com.google.android.gm for broadcast com.google.android.gm/.downloadprovider.DownloadReceiver: pid=586 uid=10046 gids={3003, 1015}
02-02 11:42:48.894 D/VoldConnector(  283): SND -> {volume mount /mnt/sdcard} {null}
02-02 11:42:48.894 D/VoldCmdListener(  116): volume mount /mnt/sdcard
02-02 11:42:48.894 E/DirectVolume(  116): getDeviceNodes i 0 j 0 33
02-02 11:42:48.894 I/Vold    (  116): /dev/block/vold/179:33 being considered for volume sdcard
02-02 11:42:48.894 D/Vold    (  116): Volume sdcard state changing 1 (Idle-Unmounted) -> 3 (Checking)
02-02 11:42:48.894 D/VoldConnector(  283): RCV <- {605 Volume sdcard /mnt/sdcard state changed from 1 (Idle-Unmounted) to 3 (Checking)}
02-02 11:42:48.894 I/StorageNotification(  406): Media {/mnt/sdcard} state changed from {unmounted} -> {checking}
02-02 11:42:48.935 D/ConnectivityService(  283): reportNetworkCondition(0, 0)
02-02 11:42:48.935 D/ConnectivityService(  283): Inet connectivity change, net=0, condition=0,mActiveDefaultNetwork=-1
02-02 11:42:48.935 D/ConnectivityService(  283): no active default network - aborting
02-02 11:42:50.666 I/TelephonyRegistry(  283): notifyDataConnection: anyState=0,default/INET,apnTypeState=0,iface=null,ip=null,gw=null,isDataConnectivityPossible=false,networkType=0,reason=dataNetworkDetached
02-02 11:42:50.856 I/ActivityManager(  283): Starting: Intent { act=com.sprint.installer.ACTION_FIRST_RUN cat=[android.intent.category.DEFAULT] cmp=com.sprint.w.installer/.WInstaller } from pid 522
02-02 11:42:50.866 W/WindowManager(  283): updateFocusedWindowLocked newFocus=Window{40570f60 Keyguard paused=false} mode=3 mCurrentFocus = Window{40570f60 Keyguard paused=false}
02-02 11:42:50.946 I/TelephonyRegistry(  283): notifyDataConnection: anyState=0,default/INET6,apnTypeState=0,iface=null,ip=null,gw=null,isDataConnectivityPossible=false,networkType=0,reason=dataNetworkDetached
02-02 11:42:50.967 I/ActivityManager(  283): Start proc com.sprint.w.installer for activity com.sprint.w.installer/.WInstaller: pid=608 uid=10015 gids={3003, 1015}
02-02 11:42:50.967 W/WindowManager(  283): updateFocusedWindowLocked newFocus=Window{40570f60 Keyguard paused=false} mode=3 mCurrentFocus = Window{40570f60 Keyguard paused=false}
02-02 11:42:51.007 I/TelephonyRegistry(  283): notifyDataConnection: anyState=0,mms/INET,apnTypeState=0,iface=null,ip=null,gw=null,isDataConnectivityPossible=false,networkType=0,reason=dataNetworkDetached
02-02 11:42:51.007 W/WindowManager(  283): updateFocusedWindowLocked newFocus=Window{40570f60 Keyguard paused=false} mode=3 mCurrentFocus = Window{40570f60 Keyguard paused=false}
02-02 11:42:51.027 I/TelephonyRegistry(  283): notifyDataConnection: anyState=0,mms/INET6,apnTypeState=0,iface=null,ip=null,gw=null,isDataConnectivityPossible=false,networkType=0,reason=dataNetworkDetached
02-02 11:42:51.057 I/TelephonyRegistry(  283): notifyDataConnection: anyState=0,supl/INET,apnTypeState=0,iface=null,ip=null,gw=null,isDataConnectivityPossible=false,networkType=0,reason=dataNetworkDetached
02-02 11:42:51.067 I/TelephonyRegistry(  283): notifyDataConnection: anyState=0,supl/INET6,apnTypeState=0,iface=null,ip=null,gw=null,isDataConnectivityPossible=false,networkType=0,reason=dataNetworkDetached
02-02 11:42:51.077 I/TelephonyRegistry(  283): notifyDataConnection: anyState=0,dun/INET,apnTypeState=0,iface=null,ip=null,gw=null,isDataConnectivityPossible=false,networkType=0,reason=dataNetworkDetached
02-02 11:42:51.177 I/TelephonyRegistry(  283): notifyDataConnection: anyState=0,dun/INET6,apnTypeState=0,iface=null,ip=null,gw=null,isDataConnectivityPossible=false,networkType=0,reason=dataNetworkDetached
02-02 11:42:51.217 I/TelephonyRegistry(  283): notifyDataConnection: anyState=0,hipri/INET,apnTypeState=0,iface=null,ip=null,gw=null,isDataConnectivityPossible=false,networkType=0,reason=dataNetworkDetached
02-02 11:42:51.237 I/TelephonyRegistry(  283): notifyDataConnection: anyState=0,hipri/INET6,apnTypeState=0,iface=null,ip=null,gw=null,isDataConnectivityPossible=false,networkType=0,reason=dataNetworkDetached
02-02 11:42:51.957 W/WindowManager(  283): updateFocusedWindowLocked newFocus=Window{40570f60 Keyguard paused=false} mode=0 mCurrentFocus = Window{40570f60 Keyguard paused=false}
02-02 11:42:51.967 I/TelephonyRegistry(  283): notifyServiceState: 3 home null null null  Unknown CSS not supported -1 -1RoamInd: -1RoamStatus(sprint): -1DefRoamInd: -1EmergOnly: false
02-02 11:42:51.967 I/ActivityManager(  283): Start proc com.android.email for content provider com.android.email/com.android.exchange.provider.ExchangeProvider: pid=623 uid=10051 gids={3003, 1015}
02-02 11:42:51.977 D/StatusBarPolicy(  406): onServiceStateChanged:3 home null null null  Unknown CSS not supported -1 -1RoamInd: -1RoamStatus(sprint): -1DefRoamInd: -1EmergOnly: falsefor subscription :0
02-02 11:42:51.977 D/StatusBarPolicy(  406): updateSignalStrength on subscription :0
02-02 11:42:51.988 D/StatusBarPolicy(  406): updateDataIcon subscription =0
02-02 11:42:52.698 I/WifiService(  283): WifiService trying to setNumAllowed to 11 with persist set to true
02-02 11:42:52.698 D/WifiService(  283): WifiHandler, MESSAGE_SET_CHANNELS, msg.arg1: 11, msg.arg2: 1
02-02 11:42:53.439 D/RPC     (  283): 3000008c:00050000 sending call (XID 1).
02-02 11:42:53.539 D/RPC     (  283): 3000008c:00050000 received REPLY (XID 1), grabbing mutex to wake up client.
02-02 11:42:38.590 D/RPC     (  283): 3000008c:00050000 call success.
02-02 11:42:38.590 D/RPC     (  283): 3000008c:00050000 sending call (XID 2).
02-02 11:42:38.600 D/RPC     (  283): 3000008c:00050000 received REPLY (XID 2), grabbing mutex to wake up client.
02-02 11:42:38.600 D/RPC     (  283): 3000008c:00050000 call success.
02-02 11:42:38.600 D/RPC     (  283): 3000008c:00050000 received CALL.
02-02 11:42:38.660 D/RPC     (  283): 3000008c:00050000 dispatching RPC call (XID 13, xdr 0x525a28) for callback client 3100008c:00050001.
02-02 11:42:38.670 D/RPC     (  283): 3100008c:327681 sending RPC reply (XID 13)
02-02 11:42:38.670 D/RPC     (  283): 3000008c:00050000 sending call (XID 3).
02-02 11:42:38.680 D/RPC     (  283): 3000008c:00050000 received REPLY (XID 3), grabbing mutex to wake up client.
02-02 11:42:38.680 D/RPC     (  283): 3000008c:00050000 call success.
02-02 11:42:38.690 D/RPC     (  283): 3000008c:00050000 received CALL.
02-02 11:42:38.930 D/RPC     (  283): 3000008c:00050000 dispatching RPC call (XID 14, xdr 0x525a28) for callback client 3100008c:00050001.
02-02 11:42:38.930 D/RPC     (  283): 3100008c:327681 sending RPC reply (XID 14)
02-02 11:42:38.940 D/RPC     (  283): 3000008c:00050000 sending call (XID 4).
02-02 11:42:38.950 D/RPC     (  283): 3000008c:00050000 received REPLY (XID 4), grabbing mutex to wake up client.
02-02 11:42:38.950 D/RPC     (  283): 3000008c:00050000 waiting for XDR input buffer to be consumed.
02-02 11:42:38.950 D/RPC     (  283): 3000008c:00050000 call success.
02-02 11:42:38.950 D/RPC     (  283): 3000008c:00050000 received CALL.
02-02 11:42:38.970 D/RPC     (  283): 3000008c:00050000 dispatching RPC call (XID 15, xdr 0x525a28) for callback client 3100008c:00050001.
02-02 11:42:38.970 D/RPC     (  283): 3100008c:327681 sending RPC reply (XID 15)
02-02 11:42:39.100 I/Vold    (  116): Filesystem check completed OK
02-02 11:42:39.110 I/Vold    (  116): Device /dev/block/vold/179:33, target /mnt/sdcard mounted @ /mnt/secure/staging
02-02 11:42:39.110 D/Vold    (  116): Volume sdcard state changing 3 (Checking) -> 4 (Mounted)
02-02 11:42:39.110 D/VoldConnector(  283): RCV <- {605 Volume sdcard /mnt/sdcard state changed from 3 (Checking) to 4 (Mounted)}
02-02 11:42:39.120 I/StorageNotification(  406): Media {/mnt/sdcard} state changed from {checking} -> {mounted}
02-02 11:42:39.630 D/PowerManagerService(  283): setTimeoutLocked now=115790 timeoutOverride=-1 nextState=1 when=117790
02-02 11:42:40.831 W/WindowManager(  283): updateFocusedWindowLocked newFocus=Window{40570f60 Keyguard paused=false} mode=2 mCurrentFocus = Window{40570f60 Keyguard paused=false}
02-02 11:42:40.831 W/WindowManager(  283): updateFocusedWindowLocked newFocus=Window{40570f60 Keyguard paused=false} mode=2 mCurrentFocus = Window{40570f60 Keyguard paused=false}
02-02 11:42:40.911 I/ActivityManager(  283): Start proc android.process.media for broadcast com.android.providers.downloads/.DownloadReceiver: pid=637 uid=10026 gids={1015, 2001, 3003}
02-02 11:42:40.921 D/VoldConnector(  283): RCV <- {200 volume operation succeeded}
02-02 11:42:40.921 D/VoldConnector(  283): RSP <- {200 volume operation succeeded}
02-02 11:42:40.951 W/WindowManager(  283): updateFocusedWindowLocked newFocus=Window{40570f60 Keyguard paused=false} mode=3 mCurrentFocus = Window{40570f60 Keyguard paused=false}
02-02 11:42:41.622 D/PowerManagerService(  283): setTimeoutLocked now=117790 timeoutOverride=-1 nextState=0 when=124790
02-02 11:42:41.902 D/VoldConnector(  283): SND -> {asec list} {null}
02-02 11:42:41.902 D/VoldCmdListener(  116): asec list
02-02 11:42:41.902 D/VoldConnector(  283): RCV <- {200 asec operation succeeded}
02-02 11:42:41.902 D/VoldConnector(  283): RSP <- {200 asec operation succeeded}
02-02 11:42:41.912 D/VoldConnector(  283): List terminated with {200 asec operation succeeded}
02-02 11:42:41.912 I/PackageManager(  283): Platform changed from 0 to 10; regranting permissions for external storage
02-02 11:42:41.932 W/PackageManager(  283): Unknown permission com.android.vending.permission.UPDATE_MARKET_FAILURE in package com.android.vending.updater
02-02 11:42:41.932 W/PackageManager(  283): Unknown permission android.permission.ADD_SYSTEM_SERVICE in package com.android.phone
02-02 11:42:42.012 W/PackageManager(  283): Unknown permission com.google.android.apps.googlevoice.permission.AUTO_SEND in package com.google.android.voicesearch
02-02 11:42:42.012 W/PackageManager(  283): Not granting permission android.permission.SEND_DOWNLOAD_COMPLETED_INTENTS to package com.android.browser (protectionLevel=2 flags=0x9be45)
02-02 11:42:42.012 W/PackageManager(  283): Unknown permission com.android.email.provider.AttachmentProvider in package com.android.music
02-02 11:42:42.012 W/PackageManager(  283): Not granting permission android.permission.SEND_DOWNLOAD_COMPLETED_INTENTS to package com.android.music (protectionLevel=2 flags=0x8be65)
02-02 11:42:42.022 W/PackageManager(  283): Unknown permission android.permission.READ_OWNER_DATA in package com.android.setupwizard
02-02 11:42:42.022 W/PackageManager(  283): Unknown permission android.permission.WRITE_OWNER_DATA in package com.android.setupwizard
02-02 11:42:42.022 W/PackageManager(  283): Not granting permission android.permission.ACCESS_DRM to package com.android.mms (protectionLevel=2 flags=0x8be65)
02-02 11:42:42.022 W/PackageManager(  283): Unknown permission android.permission.RECEIVE_EMERGENCY_BROADCAST in package com.android.mms
02-02 11:42:42.022 W/PackageManager(  283): Not granting permission android.permission.SET_PREFERRED_APPLICATIONS to package com.sprint.w.installer (protectionLevel=2 flags=0x8be45)
02-02 11:42:42.032 W/PackageManager(  283): Unknown permission android.intent.action.REBOOT in package com.redbend.vdmc
02-02 11:42:42.032 W/PackageManager(  283): Not granting permission com.google.android.gm.permission.READ_GMAIL to package com.google.android.apps.uploader (protectionLevel=2 flags=0xbe45)
02-02 11:42:42.032 W/PackageManager(  283): Unknown permission com.google.android.googleapps.permission.GOOGLE_AUTH.panoramio in package com.google.android.apps.uploader
02-02 11:42:42.032 W/PackageManager(  283): Unknown permission android.permission.READ_PROFILE in package com.google.android.apps.plus
02-02 11:42:42.032 W/PackageManager(  283): Unknown permission android.permission.WRITE_PROFILE in package com.google.android.apps.plus
02-02 11:42:42.032 W/PackageManager(  283): Unknown permission android.permission.READ_SOCIAL_STREAM in package com.google.android.apps.plus
02-02 11:42:42.032 W/PackageManager(  283): Unknown permission android.permission.WRITE_SOCIAL_STREAM in package com.google.android.apps.plus
02-02 11:42:42.032 W/PackageManager(  283): Unknown permission android.permission.READ_EXTERNAL_STORAGE in package com.android.vending
02-02 11:42:42.032 W/PackageManager(  283): Not granting permission android.permission.SEND_DOWNLOAD_COMPLETED_INTENTS to package com.android.vending (protectionLevel=2 flags=0xabe45)
02-02 11:42:42.042 W/PackageManager(  283): Not granting permission android.permission.ACCOUNT_MANAGER to package com.google.android.music (protectionLevel=2 flags=0x8be65)
02-02 11:42:42.042 W/PackageManager(  283): Unknown permission android.permission.READ_OWNER_DATA in package com.android.email
02-02 11:42:42.042 W/PackageManager(  283): Unknown permission android.intent.action.REBOOT in package com.android.email
02-02 11:42:42.042 W/PackageManager(  283): Not granting permission android.permission.BROADCAST_WAP_PUSH to package com.android.email (protectionLevel=2 flags=0x8be45)
02-02 11:42:42.042 W/PackageManager(  283): Unknown permission com.android.providers.im.permission.READ_ONLY in package com.google.android.apps.maps
02-02 11:42:42.042 W/PackageManager(  283): Unknown permission com.google.android.providers.gmail.permission.READ_GMAIL in package com.dataviz.docstogo
02-02 11:42:42.293 D/StatusBarPolicy(  406): onSignalStrengthsChanged:SignalStrength: 99 0 -91 -70 -125 -25 8 99 2147483647 2147483647 2147483647 2147483647 cdma for subscription0
02-02 11:42:42.293 D/StatusBarPolicy(  406): updateSignalStrength on subscription :0
02-02 11:42:42.553 D/StatusBarPolicy(  406): onSignalStrengthsChanged:SignalStrength: 99 0 -91 -70 -98 -60 1 99 2147483647 2147483647 2147483647 2147483647 cdma for subscription0
02-02 11:42:42.553 D/StatusBarPolicy(  406): updateSignalStrength on subscription :0
02-02 10:42:43.013 I/TelephonyRegistry(  283): notifyServiceState: 0 home Sprint  310099  1xRTT CSS not supported 41 4139RoamInd: 1RoamStatus(sprint): 1DefRoamInd: 160EmergOnly: false
02-02 10:42:43.013 D/StatusBarPolicy(  406): onServiceStateChanged:0 home Sprint  310099  1xRTT CSS not supported 41 4139RoamInd: 1RoamStatus(sprint): 1DefRoamInd: 160EmergOnly: falsefor subscription :0
02-02 10:42:43.013 D/StatusBarPolicy(  406): updateSignalStrength on subscription :0
02-02 10:42:43.013 D/StatusBarPolicy(  406): StatusBarPolocy::getIconLevel -CDMA
02-02 10:42:43.013 D/StatusBarPolicy(  406): getCdmaLevel_band_six -cdmaDbm:-91
02-02 10:42:43.013 D/StatusBarPolicy(  406): getCdmaLevel_band_six -cdmaEcio:-70
02-02 10:42:43.013 D/StatusBarPolicy(  406): updateDataIcon subscription =0
02-02 10:42:43.033 I/TelephonyRegistry(  283): notifyServiceState: 0 home Sprint  310099  1xRTT CSS not supported 41 4139RoamInd: 1RoamStatus(sprint): 1DefRoamInd: 160EmergOnly: false
02-02 10:42:43.033 I/TelephonyRegistry(  283): notifyServiceState: 0 home Sprint  310099  1xRTT CSS not supported 41 4139RoamInd: 1RoamStatus(sprint): 1DefRoamInd: 160EmergOnly: false
02-02 10:42:43.053 I/TelephonyRegistry(  283): notifyDataConnection: anyState=0,default/INET,apnTypeState=1,iface=null,ip=null,gw=null,isDataConnectivityPossible=true,networkType=7,reason=roamingOff
02-02 10:42:43.103 D/StatusBarPolicy(  406): onServiceStateChanged:0 home Sprint  310099  1xRTT CSS not supported 41 4139RoamInd: 1RoamStatus(sprint): 1DefRoamInd: 160EmergOnly: falsefor subscription :0
02-02 10:42:43.103 D/StatusBarPolicy(  406): updateSignalStrength on subscription :0
02-02 10:42:43.153 D/StatusBarPolicy(  406): StatusBarPolocy::getIconLevel -CDMA
02-02 10:42:43.153 D/StatusBarPolicy(  406): getCdmaLevel_band_six -cdmaDbm:-91
02-02 10:42:43.153 D/StatusBarPolicy(  406): getCdmaLevel_band_six -cdmaEcio:-70
02-02 10:42:43.153 D/StatusBarPolicy(  406): updateDataIcon subscription =0
02-02 10:42:43.203 D/StatusBarPolicy(  406): onServiceStateChanged:0 home Sprint  310099  1xRTT CSS not supported 41 4139RoamInd: 1RoamStatus(sprint): 1DefRoamInd: 160EmergOnly: falsefor subscription :0
02-02 10:42:43.203 D/StatusBarPolicy(  406): updateSignalStrength on subscription :0
02-02 10:42:43.203 D/StatusBarPolicy(  406): StatusBarPolocy::getIconLevel -CDMA
02-02 10:42:43.203 D/StatusBarPolicy(  406): getCdmaLevel_band_six -cdmaDbm:-91
02-02 10:42:43.203 D/StatusBarPolicy(  406): getCdmaLevel_band_six -cdmaEcio:-70
02-02 10:42:43.203 D/StatusBarPolicy(  406): updateDataIcon subscription =0
02-02 10:42:43.213 D/StatusBarPolicy(  406): StatusBarPolicy onDataConnectionStateChanged to 0for nw : 7on subscription : 0
02-02 10:42:43.213 D/StatusBarPolicy(  406): Data network type changed to:7
02-02 10:42:43.213 D/StatusBarPolicy(  406): updateDataIcon subscription =0
02-02 10:42:43.213 D/StatusBarPolicy(  406): onSignalStrengthsChanged:SignalStrength: 99 0 -91 -70 -98 -60 3 99 2147483647 2147483647 2147483647 2147483647 cdma for subscription0
02-02 10:42:43.213 D/StatusBarPolicy(  406): updateSignalStrength on subscription :0
02-02 10:42:43.213 D/StatusBarPolicy(  406): StatusBarPolocy::getIconLevel -CDMA
02-02 10:42:43.213 D/StatusBarPolicy(  406): getCdmaLevel_band_six -cdmaDbm:-91
02-02 10:42:43.213 D/StatusBarPolicy(  406): getCdmaLevel_band_six -cdmaEcio:-70
02-02 10:42:43.223 I/TelephonyRegistry(  283): notifyDataConnection: anyState=0,default/INET,apnTypeState=1,iface=null,ip=null,gw=null,isDataConnectivityPossible=true,networkType=7,reason=dataNetworkAttached
02-02 10:42:43.234 I/TelephonyRegistry(  283): notifyDataConnection: anyState=0,default/INET6,apnTypeState=0,iface=null,ip=null,gw=null,isDataConnectivityPossible=true,networkType=7,reason=dataNetworkAttached
02-02 10:42:43.244 I/TelephonyRegistry(  283): notifyDataConnection: anyState=0,mms/INET,apnTypeState=0,iface=null,ip=null,gw=null,isDataConnectivityPossible=true,networkType=7,reason=dataNetworkAttached
02-02 10:42:43.264 I/TelephonyRegistry(  283): notifyDataConnection: anyState=0,mms/INET6,apnTypeState=0,iface=null,ip=null,gw=null,isDataConnectivityPossible=true,networkType=7,reason=dataNetworkAttached
02-02 10:42:43.274 I/TelephonyRegistry(  283): notifyDataConnection: anyState=0,supl/INET,apnTypeState=0,iface=null,ip=null,gw=null,isDataConnectivityPossible=true,networkType=7,reason=dataNetworkAttached
02-02 10:42:43.344 I/TelephonyRegistry(  283): notifyDataConnection: anyState=0,supl/INET6,apnTypeState=0,iface=null,ip=null,gw=null,isDataConnectivityPossible=true,networkType=7,reason=dataNetworkAttached
02-02 10:42:43.394 I/TelephonyRegistry(  283): notifyDataConnection: anyState=0,dun/INET,apnTypeState=0,iface=null,ip=null,gw=null,isDataConnectivityPossible=true,networkType=7,reason=dataNetworkAttached
02-02 10:42:43.404 I/TelephonyRegistry(  283): notifyDataConnection: anyState=0,dun/INET6,apnTypeState=0,iface=null,ip=null,gw=null,isDataConnectivityPossible=true,networkType=7,reason=dataNetworkAttached
02-02 10:42:43.424 I/TelephonyRegistry(  283): notifyDataConnection: anyState=0,hipri/INET,apnTypeState=0,iface=null,ip=null,gw=null,isDataConnectivityPossible=true,networkType=7,reason=dataNetworkAttached
