02-02 10:48:03.615 D/Bitmap  ( 1475):       java.lang.reflect.Method.invoke(Method.java:507)
02-02 10:48:03.615 D/Bitmap  ( 1475):       com.android.internal.os.ZygoteInit$MethodAndArgsCaller.run(ZygoteInit.java:875)
02-02 10:48:03.615 D/Bitmap  ( 1475):       com.android.internal.os.ZygoteInit.main(ZygoteInit.java:633)
02-02 10:48:03.615 D/Bitmap  ( 1475):       dalvik.system.NativeStart.main(Native Method)
02-02 10:48:03.615 D/Bitmap  ( 1475): _
02-02 10:48:04.356 D/VoiceDialerReceiver(  766): onReceive Intent { act=android.intent.action.PACKAGE_CHANGED dat=package:com.google.android.youtube flg=0x10000000 cmp=com.android.voicedialer/.VoiceDialerReceiver (has extras) }
02-02 10:48:04.406 D/Bitmap  ( 1475): Detect unrecycled bitmap.
02-02 10:48:04.406 D/Bitmap  ( 1475):       Size: 52480 Bytes, Width: 320 , Height: 82 , Hash code: 1080764216
02-02 10:48:04.406 D/Bitmap  ( 1475):  This bimap was created in:
02-02 10:48:04.406 D/Bitmap  ( 1475):       android.graphics.Bitmap.<init>(Bitmap.java:136)
02-02 10:48:04.406 D/Bitmap  ( 1475):       android.graphics.Bitmap.nativeCreate(Native Method)
02-02 10:48:04.406 D/Bitmap  ( 1475):       android.graphics.Bitmap.createBitmap(Bitmap.java:547)
02-02 10:48:04.406 D/Bitmap  ( 1475):       android.view.View.buildDrawingCache(View.java:6577)
02-02 10:48:04.406 D/Bitmap  ( 1475):       android.view.View.getDrawingCache(View.java:6428)
02-02 10:48:04.406 D/Bitmap  ( 1475):       android.view.ViewGroup.drawChild(ViewGroup.java:1574)
02-02 10:48:04.406 D/Bitmap  ( 1475):       android.view.ViewGroup.dispatchDraw(ViewGroup.java:1376)
02-02 10:48:04.406 D/Bitmap  ( 1475):       android.widget.AbsListView.dispatchDraw(AbsListView.java:1480)
02-02 10:48:04.406 D/Bitmap  ( 1475):       android.widget.ListView.dispatchDraw(ListView.java:3138)
02-02 10:48:04.406 D/Bitmap  ( 1475):       android.view.View.draw(View.java:6986)
02-02 10:48:04.406 D/Bitmap  ( 1475):       android.widget.AbsListView.draw(AbsListView.java:2588)
02-02 10:48:04.406 D/Bitmap  ( 1475):       android.view.ViewGroup.drawChild(ViewGroup.java:1649)
02-02 10:48:04.406 D/Bitmap  ( 1475):       android.view.ViewGroup.dispatchDraw(ViewGroup.java:1376)
02-02 10:48:04.406 D/Bitmap  ( 1475):       android.view.ViewGroup.drawChild(ViewGroup.java:1647)
02-02 10:48:04.406 D/Bitmap  ( 1475):       android.view.ViewGroup.dispatchDraw(ViewGroup.java:1376)
02-02 10:48:04.406 D/Bitmap  ( 1475):       android.view.ViewGroup.drawChild(ViewGroup.java:1647)
02-02 10:48:04.406 D/Bitmap  ( 1475):       android.view.ViewGroup.dispatchDraw(ViewGroup.java:1376)
02-02 10:48:04.406 D/Bitmap  ( 1475):       android.view.ViewGroup.drawChild(ViewGroup.java:1647)
02-02 10:48:04.406 D/Bitmap  ( 1475):       android.view.ViewGroup.dispatchDraw(ViewGroup.java:1376)
02-02 10:48:04.406 D/Bitmap  ( 1475):       android.view.ViewGroup.drawChild(ViewGroup.java:1647)
02-02 10:48:04.406 D/Bitmap  ( 1475):       android.view.ViewGroup.dispatchDraw(ViewGroup.java:1376)
02-02 10:48:04.406 D/Bitmap  ( 1475):       android.view.View.draw(View.java:6883)
02-02 10:48:04.406 D/Bitmap  ( 1475):       android.widget.FrameLayout.draw(FrameLayout.java:357)
02-02 10:48:04.406 D/Bitmap  ( 1475):       android.view.ViewGroup.drawChild(ViewGroup.java:1649)
02-02 10:48:04.406 D/Bitmap  ( 1475):       android.view.ViewGroup.dispatchDraw(ViewGroup.java:1376)
02-02 10:48:04.406 D/Bitmap  ( 1475):       android.view.View.draw(View.java:6883)
02-02 10:48:04.406 D/Bitmap  ( 1475):       android.widget.FrameLayout.draw(FrameLayout.java:357)
02-02 10:48:04.406 D/Bitmap  ( 1475):       com.android.internal.policy.impl.PhoneWindow$DecorView.draw(PhoneWindow.java:1866)
02-02 10:48:04.406 D/Bitmap  ( 1475):       android.view.ViewRoot.draw(ViewRoot.java:1526)
02-02 10:48:04.406 D/Bitmap  ( 1475):       android.view.ViewRoot.performTraversals(ViewRoot.java:1262)
02-02 10:48:04.406 D/Bitmap  ( 1475):       android.view.ViewRoot.handleMessage(ViewRoot.java:1864)
02-02 10:48:04.406 D/Bitmap  ( 1475):       android.os.Handler.dispatchMessage(Handler.java:99)
02-02 10:48:04.406 D/Bitmap  ( 1475):       android.os.Looper.loop(Looper.java:130)
02-02 10:48:04.406 D/Bitmap  ( 1475):       android.app.ActivityThread.main(ActivityThread.java:3704)
02-02 10:48:04.406 D/Bitmap  ( 1475):       java.lang.reflect.Method.invokeNative(Native Method)
02-02 10:48:04.406 D/Bitmap  ( 1475):       java.lang.reflect.Method.invoke(Method.java:507)
02-02 10:48:04.406 D/Bitmap  ( 1475):       com.android.internal.os.ZygoteInit$MethodAndArgsCaller.run(ZygoteInit.java:875)
02-02 10:48:04.406 D/Bitmap  ( 1475):       com.android.internal.os.ZygoteInit.main(ZygoteInit.java:633)
02-02 10:48:04.406 D/Bitmap  ( 1475):       dalvik.system.NativeStart.main(Native Method)
02-02 10:48:04.406 D/Bitmap  ( 1475): _
02-02 10:48:04.426 D/Bitmap  ( 1475): Detect unrecycled bitmap.
02-02 10:48:04.426 D/Bitmap  ( 1475):       Size: 52480 Bytes, Width: 320 , Height: 82 , Hash code: 1081634264
02-02 10:48:04.426 D/Bitmap  ( 1475):  This bimap was created in:
02-02 10:48:04.426 D/Bitmap  ( 1475):       android.graphics.Bitmap.<init>(Bitmap.java:136)
02-02 10:48:04.426 D/Bitmap  ( 1475):       android.graphics.Bitmap.nativeCreate(Native Method)
02-02 10:48:04.426 D/Bitmap  ( 1475):       android.graphics.Bitmap.createBitmap(Bitmap.java:547)
02-02 10:48:04.426 D/Bitmap  ( 1475):       android.view.View.buildDrawingCache(View.java:6577)
02-02 10:48:04.426 D/Bitmap  ( 1475):       android.view.View.getDrawingCache(View.java:6428)
02-02 10:48:04.426 D/Bitmap  ( 1475):       android.view.ViewGroup.drawChild(ViewGroup.java:1574)
02-02 10:48:04.426 D/Bitmap  ( 1475):       android.view.ViewGroup.dispatchDraw(ViewGroup.java:1376)
02-02 10:48:04.426 D/Bitmap  ( 1475):       android.widget.AbsListView.dispatchDraw(AbsListView.java:1480)
02-02 10:48:04.426 D/Bitmap  ( 1475):       android.widget.ListView.dispatchDraw(ListView.java:3138)
02-02 10:48:04.426 D/Bitmap  ( 1475):       android.view.View.draw(View.java:6986)
02-02 10:48:04.426 D/Bitmap  ( 1475):       android.widget.AbsListView.draw(AbsListView.java:2588)
02-02 10:48:04.426 D/Bitmap  ( 1475):       android.view.ViewGroup.drawChild(ViewGroup.java:1649)
02-02 10:48:04.426 D/Bitmap  ( 1475):       android.view.ViewGroup.dispatchDraw(ViewGroup.java:1376)
02-02 10:48:04.426 D/Bitmap  ( 1475):       android.view.ViewGroup.drawChild(ViewGroup.java:1647)
02-02 10:48:04.426 D/Bitmap  ( 1475):       android.view.ViewGroup.dispatchDraw(ViewGroup.java:1376)
02-02 10:48:04.426 D/Bitmap  ( 1475):       android.view.ViewGroup.drawChild(ViewGroup.java:1647)
02-02 10:48:04.426 D/Bitmap  ( 1475):       android.view.ViewGroup.dispatchDraw(ViewGroup.java:1376)
02-02 10:48:04.426 D/Bitmap  ( 1475):       android.view.ViewGroup.drawChild(ViewGroup.java:1647)
02-02 10:48:04.426 D/Bitmap  ( 1475):       android.view.ViewGroup.dispatchDraw(ViewGroup.java:1376)
02-02 10:48:04.426 D/Bitmap  ( 1475):       android.view.ViewGroup.drawChild(ViewGroup.java:1647)
02-02 10:48:04.426 D/Bitmap  ( 1475):       android.view.ViewGroup.dispatchDraw(ViewGroup.java:1376)
02-02 10:48:04.426 D/Bitmap  ( 1475):       android.view.View.draw(View.java:6883)
02-02 10:48:04.426 D/Bitmap  ( 1475):       android.widget.FrameLayout.draw(FrameLayout.java:357)
02-02 10:48:04.426 D/Bitmap  ( 1475):       android.view.ViewGroup.drawChild(ViewGroup.java:1649)
02-02 10:48:04.426 D/Bitmap  ( 1475):       android.view.ViewGroup.dispatchDraw(ViewGroup.java:1376)
02-02 10:48:04.426 D/Bitmap  ( 1475):       android.view.View.draw(View.java:6883)
02-02 10:48:04.426 D/Bitmap  ( 1475):       android.widget.FrameLayout.draw(FrameLayout.java:357)
02-02 10:48:04.426 D/Bitmap  ( 1475):       com.android.internal.policy.impl.PhoneWindow$DecorView.draw(PhoneWindow.java:1866)
02-02 10:48:04.426 D/Bitmap  ( 1475):       android.view.ViewRoot.draw(ViewRoot.java:1526)
02-02 10:48:04.426 D/Bitmap  ( 1475):       android.view.ViewRoot.performTraversals(ViewRoot.java:1262)
02-02 10:48:04.426 D/Bitmap  ( 1475):       android.view.ViewRoot.handleMessage(ViewRoot.java:1864)
02-02 10:48:04.426 D/Bitmap  ( 1475):       android.os.Handler.dispatchMessage(Handler.java:99)
02-02 10:48:04.426 D/Bitmap  ( 1475):       android.os.Looper.loop(Looper.java:130)
02-02 10:48:04.426 D/Bitmap  ( 1475):       android.app.ActivityThread.main(ActivityThread.java:3704)
02-02 10:48:04.426 D/Bitmap  ( 1475):       java.lang.reflect.Method.invokeNative(Native Method)
02-02 10:48:04.426 D/Bitmap  ( 1475):       java.lang.reflect.Method.invoke(Method.java:507)
02-02 10:48:04.426 D/Bitmap  ( 1475):       com.android.internal.os.ZygoteInit$MethodAndArgsCaller.run(ZygoteInit.java:875)
02-02 10:48:04.426 D/Bitmap  ( 1475):       com.android.internal.os.ZygoteInit.main(ZygoteInit.java:633)
02-02 10:48:04.426 D/Bitmap  ( 1475):       dalvik.system.NativeStart.main(Native Method)
02-02 10:48:04.426 D/Bitmap  ( 1475): _
02-02 10:48:04.586 I/Launcher(  522): setLoadOnResume
02-02 10:48:05.787 D/Bitmap  ( 1475): Detect unrecycled bitmap.
02-02 10:48:05.787 D/Bitmap  ( 1475):       Size: 52480 Bytes, Width: 320 , Height: 82 , Hash code: 1082243152
02-02 10:48:05.787 D/Bitmap  ( 1475):  This bimap was created in:
02-02 10:48:05.787 D/Bitmap  ( 1475):       android.graphics.Bitmap.<init>(Bitmap.java:136)
02-02 10:48:05.787 D/Bitmap  ( 1475):       android.graphics.Bitmap.nativeCreate(Native Method)
02-02 10:48:05.787 D/Bitmap  ( 1475):       android.graphics.Bitmap.createBitmap(Bitmap.java:547)
02-02 10:48:05.787 D/Bitmap  ( 1475):       android.view.View.buildDrawingCache(View.java:6577)
02-02 10:48:05.797 D/Bitmap  ( 1475):       android.view.View.getDrawingCache(View.java:6428)
02-02 10:48:05.797 D/Bitmap  ( 1475):       android.view.ViewGroup.drawChild(ViewGroup.java:1574)
02-02 10:48:05.797 D/Bitmap  ( 1475):       android.view.ViewGroup.dispatchDraw(ViewGroup.java:1376)
02-02 10:48:05.797 D/Bitmap  ( 1475):       android.widget.AbsListView.dispatchDraw(AbsListView.java:1480)
02-02 10:48:05.797 D/Bitmap  ( 1475):       android.widget.ListView.dispatchDraw(ListView.java:3138)
02-02 10:48:05.797 D/Bitmap  ( 1475):       android.view.View.draw(View.java:6986)
02-02 10:48:05.797 D/Bitmap  ( 1475):       android.widget.AbsListView.draw(AbsListView.java:2588)
02-02 10:48:05.797 D/Bitmap  ( 1475):       android.view.ViewGroup.drawChild(ViewGroup.java:1649)
02-02 10:48:05.797 D/Bitmap  ( 1475):       android.view.ViewGroup.dispatchDraw(ViewGroup.java:1376)
02-02 10:48:05.797 D/Bitmap  ( 1475):       android.view.ViewGroup.drawChild(ViewGroup.java:1647)
02-02 10:48:05.797 D/Bitmap  ( 1475):       android.view.ViewGroup.dispatchDraw(ViewGroup.java:1376)
02-02 10:48:05.797 D/Bitmap  ( 1475):       android.view.ViewGroup.drawChild(ViewGroup.java:1647)
02-02 10:48:05.797 D/Bitmap  ( 1475):       android.view.ViewGroup.dispatchDraw(ViewGroup.java:1376)
02-02 10:48:05.797 D/Bitmap  ( 1475):       android.view.ViewGroup.drawChild(ViewGroup.java:1647)
02-02 10:48:05.797 D/Bitmap  ( 1475):       android.view.ViewGroup.dispatchDraw(ViewGroup.java:1376)
02-02 10:48:05.797 D/Bitmap  ( 1475):       android.view.ViewGroup.drawChild(ViewGroup.java:1647)
02-02 10:48:05.797 D/Bitmap  ( 1475):       android.view.ViewGroup.dispatchDraw(ViewGroup.java:1376)
02-02 10:48:05.797 D/Bitmap  ( 1475):       android.view.View.draw(View.java:6883)
02-02 10:48:05.797 D/Bitmap  ( 1475):       android.widget.FrameLayout.draw(FrameLayout.java:357)
02-02 10:48:05.797 D/Bitmap  ( 1475):       android.view.ViewGroup.drawChild(ViewGroup.java:1649)
02-02 10:48:05.797 D/Bitmap  ( 1475):       android.view.ViewGroup.dispatchDraw(ViewGroup.java:1376)
02-02 10:48:05.797 D/Bitmap  ( 1475):       android.view.View.draw(View.java:6883)
02-02 10:48:05.797 D/Bitmap  ( 1475):       android.widget.FrameLayout.draw(FrameLayout.java:357)
02-02 10:48:05.797 D/Bitmap  ( 1475):       com.android.internal.policy.impl.PhoneWindow$DecorView.draw(PhoneWindow.java:1866)
02-02 10:48:05.797 D/Bitmap  ( 1475):       android.view.ViewRoot.draw(ViewRoot.java:1526)
02-02 10:48:05.797 D/Bitmap  ( 1475):       android.view.ViewRoot.performTraversals(ViewRoot.java:1262)
02-02 10:48:05.797 D/Bitmap  ( 1475):       android.view.ViewRoot.handleMessage(ViewRoot.java:1864)
02-02 10:48:05.797 D/Bitmap  ( 1475):       android.os.Handler.dispatchMessage(Handler.java:99)
02-02 10:48:05.797 D/Bitmap  ( 1475):       android.os.Looper.loop(Looper.java:130)
02-02 10:48:05.797 D/Bitmap  ( 1475):       android.app.ActivityThread.main(ActivityThread.java:3704)
02-02 10:48:05.797 D/Bitmap  ( 1475):       java.lang.reflect.Method.invokeNative(Native Method)
02-02 10:48:05.797 D/Bitmap  ( 1475):       java.lang.reflect.Method.invoke(Method.java:507)
02-02 10:48:05.797 D/Bitmap  ( 1475):       com.android.internal.os.ZygoteInit$MethodAndArgsCaller.run(ZygoteInit.java:875)
02-02 10:48:05.797 D/Bitmap  ( 1475):       com.android.internal.os.ZygoteInit.main(ZygoteInit.java:633)
02-02 10:48:05.797 D/Bitmap  ( 1475):       dalvik.system.NativeStart.main(Native Method)
02-02 10:48:05.807 D/Bitmap  ( 1475): _
02-02 10:48:08.650 I/wpa_supplicant(  381): State: INACTIVE -> SCANNING
02-02 10:48:08.650 I/wpa_supplicant(  381): CTRL-EVENT-STATE-CHANGE id=-1 state=2 BSSID=00:00:00:00:00:00
02-02 10:48:08.650 D/NetworkStateTracker(  283): setDetailed state, old =IDLE and new state=SCANNING
02-02 10:48:09.621 I/dun_service(  129): process rmnet event
02-02 10:48:09.621 I/dun_service(  129): Post event 4
02-02 10:48:09.621 I/dun_service(  129): received event: DUN_EVENT_RMNET_UP 
02-02 10:48:09.621 I/dun_service(  129): received event(DUN_EVENT_RMNET_UP) in state(DUN_STATE_USB_UNPLUG)
02-02 10:48:09.621 I/dun_service(  129): Ignoring the event DUN_EVENT_RMNET_UP in USB_UNPLUG_STATE
02-02 10:48:09.621 I/dun_service(  129): Moved to state(DUN_STATE_USB_UNPLUG)
02-02 10:48:09.621 I/wpa_supplicant(  381): State: SCANNING -> INACTIVE
02-02 10:48:09.621 I/wpa_supplicant(  381): CTRL-EVENT-STATE-CHANGE id=-1 state=1 BSSID=00:00:00:00:00:00
02-02 10:48:09.621 D/WifiStateTracker(  283): setNotificationVisible() visible=false mNotificationShown=false force=false return.
02-02 10:48:09.631 D/NetworkStateTracker(  283): setDetailed state, old =SCANNING and new state=IDLE
02-02 10:48:11.012 I/vDM     (  828): KeyCode = 4
02-02 10:48:11.012 W/KeyCharacterMap( 1475): Can't open keycharmap file
02-02 10:48:11.012 W/KeyCharacterMap( 1475): Error loading keycharmap file '/system/usr/keychars/synaptics-rmi4-ts.kcm.bin'. hw.keyboards.262146.devname='synaptics-rmi4-ts'
02-02 10:48:11.012 W/KeyCharacterMap( 1475): Using default keymap: /system/usr/keychars/qwerty.kcm.bin
02-02 10:48:11.012 I/vDM     (  828): Vdmc getInstance
02-02 10:48:11.012 I/vDM     (  828): Vdmc getInstance
02-02 10:48:11.012 D/DMC     (  828): MyCIMMI getInstance
02-02 10:48:11.012 I/vDM     (  828): Vdmc getInstance
02-02 10:48:11.112 D/KeyguardViewMediator(  283): setHidden false
02-02 10:48:11.122 D/KeyguardViewMediator(  283): setHidden false
02-02 10:48:11.122 I/hubo    (  283): Activity {com.android.launcher/com.android.launcher2.Launcher}
02-02 10:48:11.142 I/vDM     (  828): KeyCode = 4
02-02 10:48:11.152 I/vDM     (  828): Vdmc getInstance
02-02 10:48:11.152 I/vDM     (  828): Vdmc getInstance
02-02 10:48:11.152 D/DMC     (  828): MyCIMMI getInstance
02-02 10:48:11.152 I/vDM     (  828): Vdmc getInstance
02-02 10:48:11.152 D/Warhol  (  522): A pack appears to be installed -- skipping Installer
02-02 10:48:11.152 D/KeyguardViewMediator(  283): setHidden false
02-02 10:48:11.172 W/IInputConnectionWrapper( 1475): showStatusIcon on inactive InputConnection
02-02 10:48:11.202 D/KeyguardViewMediator(  283): setHidden false
02-02 10:48:11.212 D/KeyguardViewMediator(  283): setHidden false
02-02 10:48:11.212 D/KeyguardViewMediator(  283): setHidden false
02-02 10:48:11.222 D/KeyguardViewMediator(  283): setHidden false
02-02 10:48:11.242 D/KeyguardViewMediator(  283): setHidden false
02-02 10:48:11.242 D/Launcher.Model(  522): going to save icon bitmap for info=ShortcutInfo(title=Email)
02-02 10:48:11.252 D/KeyguardViewMediator(  283): setHidden false
02-02 10:48:11.262 D/Launcher.Model(  522): going to save icon bitmap for info=ShortcutInfo(title=Contacts)
02-02 10:48:11.272 D/Launcher.Model(  522): going to save icon bitmap for info=ShortcutInfo(title=Messaging)
02-02 10:48:11.272 D/KeyguardViewMediator(  283): setHidden false
02-02 10:48:11.282 D/Launcher.Model(  522): going to save icon bitmap for info=ShortcutInfo(title=Market)
02-02 10:48:11.282 D/KeyguardViewMediator(  283): setHidden false
02-02 10:48:11.302 D/KeyguardViewMediator(  283): setHidden false
02-02 10:48:11.322 D/KeyguardViewMediator(  283): setHidden false
02-02 10:48:11.332 D/KeyguardViewMediator(  283): setHidden false
02-02 10:48:11.352 D/KeyguardViewMediator(  283): setHidden false
02-02 10:48:11.362 D/KeyguardViewMediator(  283): setHidden false
02-02 10:48:11.382 D/KeyguardViewMediator(  283): setHidden false
02-02 10:48:11.402 D/KeyguardViewMediator(  283): setHidden false
02-02 10:48:11.412 D/KeyguardViewMediator(  283): setHidden false
02-02 10:48:11.432 D/KeyguardViewMediator(  283): setHidden false
02-02 10:48:11.442 D/KeyguardViewMediator(  283): setHidden false
02-02 10:48:11.463 D/KeyguardViewMediator(  283): setHidden false
02-02 10:48:11.483 D/KeyguardViewMediator(  283): setHidden false
02-02 10:48:11.493 D/KeyguardViewMediator(  283): setHidden false
02-02 10:48:11.513 D/KeyguardViewMediator(  283): setHidden false
02-02 10:48:11.523 D/KeyguardViewMediator(  283): setHidden false
02-02 10:48:11.583 D/KeyguardViewMediator(  283): setHidden false
02-02 10:48:11.593 D/KeyguardViewMediator(  283): setHidden false
02-02 10:48:13.735 I/vDM     (  828): KeyCode = 3
02-02 10:48:13.735 I/vDM     (  828): Vdmc getInstance
02-02 10:48:13.735 I/vDM     (  828): Vdmc getInstance
02-02 10:48:13.735 D/DMC     (  828): MyCIMMI getInstance
02-02 10:48:13.735 I/vDM     (  828): Vdmc getInstance
02-02 10:48:13.825 D/Launcher(  522): Dissmis Preview for view :null ID:2131230735
02-02 10:48:13.825 D/Launcher(  522): Dissmis Preview for view :null ID:2131230736
02-02 10:48:13.825 D/Launcher(  522): Dissmis Preview for view :null ID:2131230739
02-02 10:48:13.825 D/Launcher(  522): Dissmis Preview for view :null ID:2131230741
02-02 10:48:13.825 D/Launcher(  522): onNewIntent()android.intent.action.MAIN
02-02 10:48:13.825 D/Launcher(  522): Closing system Dialogs 
02-02 10:48:13.845 I/vDM     (  828): KeyCode = 3
02-02 10:48:13.845 I/vDM     (  828): Vdmc getInstance
02-02 10:48:13.845 I/vDM     (  828): Vdmc getInstance
02-02 10:48:13.845 D/DMC     (  828): MyCIMMI getInstance
02-02 10:48:13.845 I/vDM     (  828): Vdmc getInstance
02-02 10:48:13.845 D/Warhol  (  522): A pack appears to be installed -- skipping Installer
02-02 10:48:13.855 D/Launcher(  522): Closing system Dialogs 
02-02 10:48:15.446 I/vDM     (  828): KeyCode = 82
02-02 10:48:15.446 W/KeyCharacterMap(  522): Can't open keycharmap file
02-02 10:48:15.446 W/KeyCharacterMap(  522): Error loading keycharmap file '/system/usr/keychars/synaptics-rmi4-ts.kcm.bin'. hw.keyboards.262146.devname='synaptics-rmi4-ts'
02-02 10:48:15.446 W/KeyCharacterMap(  522): Using default keymap: /system/usr/keychars/qwerty.kcm.bin
02-02 10:48:15.446 I/vDM     (  828): Vdmc getInstance
02-02 10:48:15.446 I/vDM     (  828): Vdmc getInstance
02-02 10:48:15.446 D/DMC     (  828): MyCIMMI getInstance
02-02 10:48:15.446 I/vDM     (  828): Vdmc getInstance
02-02 10:48:15.556 D/KeyguardViewMediator(  283): setHidden false
02-02 10:48:15.567 I/vDM     (  828): KeyCode = 82
02-02 10:48:15.567 I/vDM     (  828): Vdmc getInstance
02-02 10:48:15.567 I/vDM     (  828): Vdmc getInstance
02-02 10:48:15.567 D/DMC     (  828): MyCIMMI getInstance
02-02 10:48:15.567 I/vDM     (  828): Vdmc getInstance
02-02 10:48:15.597 D/KeyguardViewMediator(  283): setHidden false
02-02 10:48:15.597 D/KeyguardViewMediator(  283): setHidden false
02-02 10:48:15.607 D/KeyguardViewMediator(  283): setHidden false
02-02 10:48:15.627 D/KeyguardViewMediator(  283): setHidden false
02-02 10:48:15.647 D/KeyguardViewMediator(  283): setHidden false
02-02 10:48:15.657 D/KeyguardViewMediator(  283): setHidden false
02-02 10:48:15.677 D/KeyguardViewMediator(  283): setHidden false
02-02 10:48:15.687 D/KeyguardViewMediator(  283): setHidden false
02-02 10:48:15.707 D/KeyguardViewMediator(  283): setHidden false
02-02 10:48:15.727 D/KeyguardViewMediator(  283): setHidden false
02-02 10:48:15.737 D/KeyguardViewMediator(  283): setHidden false
02-02 10:48:15.757 D/KeyguardViewMediator(  283): setHidden false
02-02 10:48:15.777 D/KeyguardViewMediator(  283): setHidden false
02-02 10:48:16.598 I/dun_service(  129): The value returned from dun_getusbmodemstate_fromsys is 2 
02-02 10:48:16.628 D/KeyguardUpdateMonitor(  283): received broadcast android.intent.action.BATTERY_CHANGED
02-02 10:48:16.628 D/KeyguardUpdateMonitor(  283): handleBatteryUpdate
