02-02 10:47:32.084 D/KeyguardViewMediator(  283): setHidden false
02-02 10:47:32.104 D/KeyguardViewMediator(  283): setHidden false
02-02 10:47:32.114 D/KeyguardViewMediator(  283): setHidden false
02-02 10:47:32.134 D/KeyguardViewMediator(  283): setHidden false
02-02 10:47:32.484 I/vDM     (  828): KeyCode = 3
02-02 10:47:32.484 I/vDM     (  828): Vdmc getInstance
02-02 10:47:32.484 I/vDM     (  828): Vdmc getInstance
02-02 10:47:32.484 D/DMC     (  828): MyCIMMI getInstance
02-02 10:47:32.484 I/vDM     (  828): Vdmc getInstance
02-02 10:47:32.555 D/Launcher(  522): Closing system Dialogs 
02-02 10:47:32.555 D/KeyguardViewMediator(  283): setHidden false
02-02 10:47:32.555 I/vDM     (  828): KeyCode = 3
02-02 10:47:32.565 D/KeyguardViewMediator(  283): setHidden false
02-02 10:47:32.565 D/Launcher(  522): onNewIntent()android.intent.action.MAIN
02-02 10:47:32.565 D/Launcher(  522): Closing system Dialogs 
02-02 10:47:32.575 D/Warhol  (  522): A pack appears to be installed -- skipping Installer
02-02 10:47:32.575 D/KeyguardViewMediator(  283): setHidden false
02-02 10:47:32.585 I/vDM     (  828): Vdmc getInstance
02-02 10:47:32.585 I/hubo    (  283): Activity {com.android.launcher/com.android.launcher2.Launcher}
02-02 10:47:32.585 I/vDM     (  828): Vdmc getInstance
02-02 10:47:32.585 D/DMC     (  828): MyCIMMI getInstance
02-02 10:47:32.595 D/KeyguardViewMediator(  283): setHidden false
02-02 10:47:32.605 D/KeyguardViewMediator(  283): setHidden false
02-02 10:47:32.615 I/vDM     (  828): Vdmc getInstance
02-02 10:47:32.615 D/KeyguardViewMediator(  283): setHidden false
02-02 10:47:32.615 D/KeyguardViewMediator(  283): setHidden false
02-02 10:47:32.635 D/KeyguardViewMediator(  283): setHidden false
02-02 10:47:32.655 D/KeyguardViewMediator(  283): setHidden false
02-02 10:47:32.665 D/KeyguardViewMediator(  283): setHidden false
02-02 10:47:32.685 D/KeyguardViewMediator(  283): setHidden false
02-02 10:47:32.695 D/KeyguardViewMediator(  283): setHidden false
02-02 10:47:32.715 D/KeyguardViewMediator(  283): setHidden false
02-02 10:47:32.735 D/KeyguardViewMediator(  283): setHidden false
02-02 10:47:32.745 D/KeyguardViewMediator(  283): setHidden false
02-02 10:47:32.765 D/KeyguardViewMediator(  283): setHidden false
02-02 10:47:32.775 D/KeyguardViewMediator(  283): setHidden false
02-02 10:47:32.795 D/KeyguardViewMediator(  283): setHidden false
02-02 10:47:32.815 D/KeyguardViewMediator(  283): setHidden false
02-02 10:47:32.825 D/KeyguardViewMediator(  283): setHidden false
02-02 10:47:32.845 D/KeyguardViewMediator(  283): setHidden false
02-02 10:47:32.865 D/KeyguardViewMediator(  283): setHidden false
02-02 10:47:32.875 D/KeyguardViewMediator(  283): setHidden false
02-02 10:47:32.895 D/KeyguardViewMediator(  283): setHidden false
02-02 10:47:32.905 D/KeyguardViewMediator(  283): setHidden false
02-02 10:47:32.925 D/KeyguardViewMediator(  283): setHidden false
02-02 10:47:33.405 I/DATA    (  422): [DCT(0) ] onDataCallListChanged:
02-02 10:47:33.405 I/DATA    (  422): [DCT(0) ] ---dc state list---
02-02 10:47:33.405 I/DATA    (  422): [DCT(0) ] DataCallState: { cid: 0, active: 1, type: , apn: , address: 70.12.155.50 }
02-02 10:47:33.405 I/DATA    (  422): [DCT(0) ] ---dc list---
02-02 10:47:33.405 I/DATA    (  422): [DCT(0) ] cid = 0, state = DcActiveState, bearerType = IP, ipaddress = 70.12.155.50, gw=70.12.155.49, dns=[68.28.67.132, 68.28.68.132]
02-02 10:47:34.036 D/KeyguardViewMediator(  283): setHidden false
02-02 10:47:34.076 D/KeyguardViewMediator(  283): setHidden false
02-02 10:47:34.076 D/KeyguardViewMediator(  283): setHidden false
02-02 10:47:34.106 D/KeyguardViewMediator(  283): setHidden false
02-02 10:47:34.126 D/KeyguardViewMediator(  283): setHidden false
02-02 10:47:34.166 D/KeyguardViewMediator(  283): setHidden false
02-02 10:47:34.206 D/KeyguardViewMediator(  283): setHidden false
02-02 10:47:34.236 D/KeyguardViewMediator(  283): setHidden false
02-02 10:47:34.266 D/KeyguardViewMediator(  283): setHidden false
02-02 10:47:34.276 D/KeyguardViewMediator(  283): setHidden false
02-02 10:47:34.286 D/KeyguardViewMediator(  283): setHidden false
02-02 10:47:34.296 D/KeyguardViewMediator(  283): setHidden false
02-02 10:47:34.306 D/KeyguardViewMediator(  283): setHidden false
02-02 10:47:34.326 D/KeyguardViewMediator(  283): setHidden false
02-02 10:47:34.336 D/KeyguardViewMediator(  283): setHidden false
02-02 10:47:34.346 D/KeyguardViewMediator(  283): setHidden false
02-02 10:47:34.366 D/KeyguardViewMediator(  283): setHidden false
02-02 10:47:34.376 D/KeyguardViewMediator(  283): setHidden false
02-02 10:47:34.386 D/KeyguardViewMediator(  283): setHidden false
02-02 10:47:34.396 D/KeyguardViewMediator(  283): setHidden false
02-02 10:47:34.416 D/KeyguardViewMediator(  283): setHidden false
02-02 10:47:34.426 D/KeyguardViewMediator(  283): setHidden false
02-02 10:47:34.436 D/KeyguardViewMediator(  283): setHidden false
02-02 10:47:34.446 D/KeyguardViewMediator(  283): setHidden false
02-02 10:47:34.466 D/KeyguardViewMediator(  283): setHidden false
02-02 10:47:34.476 D/KeyguardViewMediator(  283): setHidden false
02-02 10:47:34.486 D/KeyguardViewMediator(  283): setHidden false
02-02 10:47:34.506 D/KeyguardViewMediator(  283): setHidden false
02-02 10:47:34.546 D/KeyguardViewMediator(  283): setHidden false
02-02 10:47:34.567 D/KeyguardViewMediator(  283): setHidden false
02-02 10:47:34.577 D/KeyguardViewMediator(  283): setHidden false
02-02 10:47:34.587 D/KeyguardViewMediator(  283): setHidden false
02-02 10:47:34.607 D/KeyguardViewMediator(  283): setHidden false
02-02 10:47:34.617 D/KeyguardViewMediator(  283): setHidden false
02-02 10:47:34.627 D/KeyguardViewMediator(  283): setHidden false
02-02 10:47:34.637 D/KeyguardViewMediator(  283): setHidden false
02-02 10:47:34.647 D/KeyguardViewMediator(  283): setHidden false
02-02 10:47:34.667 D/KeyguardViewMediator(  283): setHidden false
02-02 10:47:34.677 D/KeyguardViewMediator(  283): setHidden false
02-02 10:47:34.687 D/KeyguardViewMediator(  283): setHidden false
02-02 10:47:34.697 D/KeyguardViewMediator(  283): setHidden false
02-02 10:47:34.717 D/KeyguardViewMediator(  283): setHidden false
02-02 10:47:34.727 D/KeyguardViewMediator(  283): setHidden false
02-02 10:47:34.737 D/KeyguardViewMediator(  283): setHidden false
02-02 10:47:34.747 D/KeyguardViewMediator(  283): setHidden false
02-02 10:47:34.767 D/KeyguardViewMediator(  283): setHidden false
02-02 10:47:34.787 D/KeyguardViewMediator(  283): setHidden false
02-02 10:47:34.807 D/KeyguardViewMediator(  283): setHidden false
02-02 10:47:34.827 D/KeyguardViewMediator(  283): setHidden false
02-02 10:47:34.857 D/KeyguardViewMediator(  283): setHidden false
02-02 10:47:35.547 D/DATA    (  422): [DSST(0)] pollstate() : reason = data network state changed
02-02 10:47:35.648 D/MobileDataStateTracker(  283): [hipri]  MobileDataStateReceiver onReceive(): Entry.
02-02 10:47:35.648 D/MobileDataStateTracker(  283): [hipri]  intent.getAction()= android.intent.action.SERVICE_STATE
02-02 10:47:35.648 D/MobileDataStateTracker(  283): [hipri]  mEnabled = false
02-02 10:47:35.648 D/MobileDataStateTracker(  283): [dun]  MobileDataStateReceiver onReceive(): Entry.
02-02 10:47:35.648 D/MobileDataStateTracker(  283): [dun]  intent.getAction()= android.intent.action.SERVICE_STATE
02-02 10:47:35.648 D/MobileDataStateTracker(  283): [dun]  mEnabled = false
02-02 10:47:35.648 D/MobileDataStateTracker(  283): [supl]  MobileDataStateReceiver onReceive(): Entry.
02-02 10:47:35.648 D/MobileDataStateTracker(  283): [supl]  intent.getAction()= android.intent.action.SERVICE_STATE
02-02 10:47:35.648 D/MobileDataStateTracker(  283): [supl]  mEnabled = false
02-02 10:47:35.648 D/MobileDataStateTracker(  283): [mms]  MobileDataStateReceiver onReceive(): Entry.
02-02 10:47:35.658 D/MobileDataStateTracker(  283): [mms]  intent.getAction()= android.intent.action.SERVICE_STATE
02-02 10:47:35.658 D/MobileDataStateTracker(  283): [mms]  mEnabled = false
02-02 10:47:35.658 D/MobileDataStateTracker(  283): [default]  MobileDataStateReceiver onReceive(): Entry.
02-02 10:47:35.658 D/MobileDataStateTracker(  283): [default]  intent.getAction()= android.intent.action.SERVICE_STATE
02-02 10:47:35.658 D/MobileDataStateTracker(  283): [default]  mEnabled = true
02-02 10:47:35.658 D/DATA    (  422): [DSST(0)]  registrationState = 1  radioTechnology = 8 reasonForDenial = 0
02-02 10:47:35.658 D/DATA    (  422): [DSST(0)]  set mNewDataConnectionState = 0
02-02 10:47:35.658 D/DATA    (  422): [DSST(0)]  mNewDataConnectionState : 0  mDataConnectionState : 0
02-02 10:47:35.658 D/DATA    (  422): [DSST(0)] Poll ServiceState done: oldSS=[0 home null null null  EvDo rev. A CSS not supported -1 -1RoamInd: -1RoamStatus(sprint): -1DefRoamInd: -1EmergOnly: false] newSS=[0 home null null null  EvDo rev. A CSS not supported -1 -1RoamInd: -1RoamStatus(sprint): -1DefRoamInd: -1EmergOnly: false]
02-02 10:47:35.658 D/DATA    (  422): [DSST(0)]  mDataConnectionState = 0
02-02 10:47:35.658 D/CallManager(  422):  handleMessage (EVENT_SERVICE_STATE_CHANGED)
02-02 10:47:35.658 E/BT HS/HF(  422): SERVICE_STATE_CHANGED called
02-02 10:47:35.658 E/BT HS/HF(  422): updateServiceState called, sendUpdate:false  ServiceState:0 home Sprint  310099  EvDo rev. A CSS not supported 41 4139RoamInd: 1RoamStatus(sprint): 1DefRoamInd: 160EmergOnly: false
02-02 10:47:35.658 E/BT HS/HF(  422): service:1 mService:1
02-02 10:47:35.668 D/Mms     ( 1313): currentRoamingStatus:1
02-02 10:47:36.298 I/wpa_supplicant(  381): State: INACTIVE -> SCANNING
02-02 10:47:36.298 I/wpa_supplicant(  381): CTRL-EVENT-STATE-CHANGE id=-1 state=2 BSSID=00:00:00:00:00:00
02-02 10:47:36.298 D/NetworkStateTracker(  283): setDetailed state, old =IDLE and new state=SCANNING
02-02 10:47:37.279 I/dun_service(  129): process rmnet event
02-02 10:47:37.279 I/wpa_supplicant(  381): State: SCANNING -> INACTIVE
02-02 10:47:37.279 I/wpa_supplicant(  381): CTRL-EVENT-STATE-CHANGE id=-1 state=1 BSSID=00:00:00:00:00:00
02-02 10:47:37.279 I/dun_service(  129): Post event 4
02-02 10:47:37.279 I/dun_service(  129): received event: DUN_EVENT_RMNET_UP 
02-02 10:47:37.279 I/dun_service(  129): received event(DUN_EVENT_RMNET_UP) in state(DUN_STATE_USB_UNPLUG)
02-02 10:47:37.279 I/dun_service(  129): Ignoring the event DUN_EVENT_RMNET_UP in USB_UNPLUG_STATE
02-02 10:47:37.279 I/dun_service(  129): Moved to state(DUN_STATE_USB_UNPLUG)
02-02 10:47:37.279 D/NetworkStateTracker(  283): setDetailed state, old =SCANNING and new state=IDLE
02-02 10:47:37.279 D/WifiStateTracker(  283): setNotificationVisible() visible=false mNotificationShown=false force=false return.
02-02 10:47:40.662 D/DATA    (  422): [DSST(0)] pollstate() : reason = data network state changed
02-02 10:47:40.723 D/MobileDataStateTracker(  283): [hipri]  MobileDataStateReceiver onReceive(): Entry.
02-02 10:47:40.723 D/MobileDataStateTracker(  283): [hipri]  intent.getAction()= android.intent.action.SERVICE_STATE
02-02 10:47:40.723 D/MobileDataStateTracker(  283): [hipri]  mEnabled = false
02-02 10:47:40.723 D/MobileDataStateTracker(  283): [dun]  MobileDataStateReceiver onReceive(): Entry.
02-02 10:47:40.723 D/MobileDataStateTracker(  283): [dun]  intent.getAction()= android.intent.action.SERVICE_STATE
02-02 10:47:40.723 D/MobileDataStateTracker(  283): [dun]  mEnabled = false
02-02 10:47:40.733 D/MobileDataStateTracker(  283): [supl]  MobileDataStateReceiver onReceive(): Entry.
02-02 10:47:40.733 D/MobileDataStateTracker(  283): [supl]  intent.getAction()= android.intent.action.SERVICE_STATE
02-02 10:47:40.733 D/MobileDataStateTracker(  283): [supl]  mEnabled = false
02-02 10:47:40.733 D/MobileDataStateTracker(  283): [mms]  MobileDataStateReceiver onReceive(): Entry.
02-02 10:47:40.733 D/MobileDataStateTracker(  283): [mms]  intent.getAction()= android.intent.action.SERVICE_STATE
02-02 10:47:40.733 D/MobileDataStateTracker(  283): [mms]  mEnabled = false
02-02 10:47:40.733 D/MobileDataStateTracker(  283): [default]  MobileDataStateReceiver onReceive(): Entry.
02-02 10:47:40.733 D/MobileDataStateTracker(  283): [default]  intent.getAction()= android.intent.action.SERVICE_STATE
02-02 10:47:40.733 D/MobileDataStateTracker(  283): [default]  mEnabled = true
02-02 10:47:40.753 D/CallManager(  422):  handleMessage (EVENT_SERVICE_STATE_CHANGED)
02-02 10:47:40.753 E/BT HS/HF(  422): SERVICE_STATE_CHANGED called
02-02 10:47:40.753 E/BT HS/HF(  422): updateServiceState called, sendUpdate:false  ServiceState:0 home Sprint  310099  EvDo rev. A CSS not supported 41 4139RoamInd: 1RoamStatus(sprint): 1DefRoamInd: 160EmergOnly: false
02-02 10:47:40.753 E/BT HS/HF(  422): service:1 mService:1
02-02 10:47:40.753 D/DATA    (  422): [DSST(0)]  registrationState = 1  radioTechnology = 8 reasonForDenial = 0
02-02 10:47:40.753 D/DATA    (  422): [DSST(0)]  set mNewDataConnectionState = 0
02-02 10:47:40.753 D/DATA    (  422): [DSST(0)]  mNewDataConnectionState : 0  mDataConnectionState : 0
02-02 10:47:40.753 D/DATA    (  422): [DSST(0)] Poll ServiceState done: oldSS=[0 home null null null  EvDo rev. A CSS not supported -1 -1RoamInd: -1RoamStatus(sprint): -1DefRoamInd: -1EmergOnly: false] newSS=[0 home null null null  EvDo rev. A CSS not supported -1 -1RoamInd: -1RoamStatus(sprint): -1DefRoamInd: -1EmergOnly: false]
02-02 10:47:40.753 D/DATA    (  422): [DSST(0)]  mDataConnectionState = 0
02-02 10:47:40.763 D/Mms     ( 1313): currentRoamingStatus:1
02-02 10:47:43.245 W/KeyCharacterMap(  522): No keyboard for id 0
02-02 10:47:43.245 W/KeyCharacterMap(  522): Using default keymap: /system/usr/keychars/qwerty.kcm.bin
02-02 10:47:43.245 I/vDM     (  828): KeyCode = 25
02-02 10:47:43.255 I/RingtoneManager(  283): getActualDefaultRingtoneUri().setting=ringtone uriString=content://media/internal/audio/media/21
02-02 10:47:43.255 I/RingtoneManager(  283): TYPE_RINGTONE getActualDefaultRingtoneUri().volume = internal
02-02 10:47:43.265 D/KeyguardViewMediator(  283): setHidden false
02-02 10:47:43.265 I/vDM     (  828): Vdmc getInstance
02-02 10:47:43.265 I/vDM     (  828): Vdmc getInstance
02-02 10:47:43.275 D/DMC     (  828): MyCIMMI getInstance
02-02 10:47:43.275 I/vDM     (  828): Vdmc getInstance
02-02 10:47:43.285 D/PowerManagerService(  283): acquireWakeLock flags=0xa tag=KEEP_SCREEN_ON_FLAG
02-02 10:47:43.295 D/KeyguardViewMediator(  283): setHidden false
02-02 10:47:43.305 D/KeyguardViewMediator(  283): setHidden false
02-02 10:47:43.325 D/KeyguardViewMediator(  283): setHidden false
02-02 10:47:43.345 D/KeyguardViewMediator(  283): setHidden false
02-02 10:47:43.355 I/vDM     (  828): KeyCode = 25
02-02 10:47:43.355 I/vDM     (  828): Vdmc getInstance
02-02 10:47:43.355 I/vDM     (  828): Vdmc getInstance
02-02 10:47:43.355 D/DMC     (  828): MyCIMMI getInstance
02-02 10:47:43.355 I/vDM     (  828): Vdmc getInstance
02-02 10:47:43.355 D/KeyguardViewMediator(  283): setHidden false
02-02 10:47:43.375 D/KeyguardViewMediator(  283): setHidden false
02-02 10:47:43.385 D/KeyguardViewMediator(  283): setHidden false
02-02 10:47:43.405 D/KeyguardViewMediator(  283): setHidden false
02-02 10:47:43.425 D/KeyguardViewMediator(  283): setHidden false
02-02 10:47:43.445 D/KeyguardViewMediator(  283): setHidden false
02-02 10:47:43.455 D/KeyguardViewMediator(  283): setHidden false
02-02 10:47:43.475 I/RingtoneManager(  283): getActualDefaultRingtoneUri().setting=ringtone uriString=content://media/internal/audio/media/21
02-02 10:47:43.475 I/RingtoneManager(  283): TYPE_RINGTONE getActualDefaultRingtoneUri().volume = internal
02-02 10:47:43.485 D/KeyguardViewMediator(  283): setHidden false
02-02 10:47:43.485 I/vDM     (  828): KeyCode = 25
02-02 10:47:43.485 I/vDM     (  828): Vdmc getInstance
02-02 10:47:43.485 I/vDM     (  828): Vdmc getInstance
02-02 10:47:43.485 D/DMC     (  828): MyCIMMI getInstance
02-02 10:47:43.485 I/vDM     (  828): Vdmc getInstance
02-02 10:47:43.495 D/KeyguardViewMediator(  283): setHidden false
02-02 10:47:43.515 D/KeyguardViewMediator(  283): setHidden false
02-02 10:47:43.535 D/KeyguardViewMediator(  283): setHidden false
02-02 10:47:43.545 D/KeyguardViewMediator(  283): setHidden false
02-02 10:47:43.565 D/KeyguardViewMediator(  283): setHidden false
02-02 10:47:43.585 D/KeyguardViewMediator(  283): setHidden false
02-02 10:47:43.595 D/KeyguardViewMediator(  283): setHidden false
02-02 10:47:43.615 D/KeyguardViewMediator(  283): setHidden false
02-02 10:47:43.635 I/vDM     (  828): KeyCode = 25
02-02 10:47:43.645 D/KeyguardViewMediator(  283): setHidden false
02-02 10:47:43.645 I/vDM     (  828): Vdmc getInstance
02-02 10:47:43.645 I/vDM     (  828): Vdmc getInstance
02-02 10:47:43.645 D/DMC     (  828): MyCIMMI getInstance
02-02 10:47:43.645 I/vDM     (  828): Vdmc getInstance
02-02 10:47:43.655 D/KeyguardViewMediator(  283): setHidden false
02-02 10:47:43.675 D/KeyguardViewMediator(  283): setHidden false
02-02 10:47:43.695 D/KeyguardViewMediator(  283): setHidden false
02-02 10:47:43.705 D/KeyguardViewMediator(  283): setHidden false
02-02 10:47:43.725 D/KeyguardViewMediator(  283): setHidden false
02-02 10:47:43.876 I/vDM     (  828): KeyCode = 25
02-02 10:47:43.886 D/PowerManagerService(  283): UnPartial  wakeLock  reactivate ,flags=0xa tag=KEEP_SCREEN_ON_FLAG
02-02 10:47:43.886 I/RingtoneManager(  283): getActualDefaultRingtoneUri().setting=ringtone uriString=content://media/internal/audio/media/21
02-02 10:47:43.886 I/RingtoneManager(  283): TYPE_RINGTONE getActualDefaultRingtoneUri().volume = internal
02-02 10:47:43.896 I/vDM     (  828): Vdmc getInstance
02-02 10:47:43.896 I/vDM     (  828): Vdmc getInstance
02-02 10:47:43.896 D/DMC     (  828): MyCIMMI getInstance
02-02 10:47:43.896 I/vDM     (  828): Vdmc getInstance
02-02 10:47:43.946 D/AudioTrack(  283): Request AudioFlinger to create track
02-02 10:47:43.946 D/AudioFlinger(  121): createTrack() lSessionId: 22
02-02 10:47:43.946 D/AudioFlinger(  121): Track constructor name 4098, calling thread 283
02-02 10:47:43.946 D/ToneGenerator(  283): startTone
02-02 10:47:43.946 D/AudioTrack(  283): start 0x53cd40
02-02 10:47:43.956 D/AudioFlinger(  121): start(4098), calling thread 283 session 22
02-02 10:47:43.966 D/AudioHardwareMSM7X30(  121): value of device and enable is 2 1 ALSA dev id:3
02-02 10:47:43.966 D/AudioTrack(  283): stop 0x53cd40
02-02 10:47:43.966 D/AudioFlinger(  121): stop(4098), calling thread 283
02-02 10:47:44.016 I/vDM     (  828): KeyCode = 25
02-02 10:47:44.016 I/vDM     (  828): Vdmc getInstance
02-02 10:47:44.016 I/vDM     (  828): Vdmc getInstance
02-02 10:47:44.016 D/DMC     (  828): MyCIMMI getInstance
02-02 10:47:44.016 I/vDM     (  828): Vdmc getInstance
02-02 10:47:44.056 D/AudioHardwareMSM7X30(  121): msm_route_stream(PCM_PLAY,5,3,1)
02-02 10:47:44.056 W/AudioFlinger(  121): write blocked for 83 msecs, 1 delayed writes, thread 0x1b7f0
02-02 10:47:44.106 D/ToneGenerator(  283): stopTone
02-02 10:47:44.136 I/RingtoneManager(  283): getActualDefaultRingtoneUri().setting=ringtone uriString=content://media/internal/audio/media/21
02-02 10:47:44.136 I/RingtoneManager(  283): TYPE_RINGTONE getActualDefaultRingtoneUri().volume = internal
02-02 10:47:44.146 I/vDM     (  828): KeyCode = 25
02-02 10:47:44.146 I/vDM     (  828): Vdmc getInstance
02-02 10:47:44.146 I/vDM     (  828): Vdmc getInstance
02-02 10:47:44.146 D/DMC     (  828): MyCIMMI getInstance
02-02 10:47:44.146 I/vDM     (  828): Vdmc getInstance
02-02 10:47:44.236 I/vDM     (  828): KeyCode = 25
02-02 10:47:44.236 I/vDM     (  828): Vdmc getInstance
02-02 10:47:44.236 I/vDM     (  828): Vdmc getInstance
02-02 10:47:44.236 D/DMC     (  828): MyCIMMI getInstance
02-02 10:47:44.236 I/vDM     (  828): Vdmc getInstance
02-02 10:47:44.356 D/KeyguardUpdateMonitor(  283): received broadcast android.media.RINGER_MODE_CHANGED
02-02 10:47:44.356 D/KeyguardUpdateMonitor(  283): handleRingerModeChange(1)
02-02 10:47:44.366 I/RingtoneManager(  283): getActualDefaultRingtoneUri().setting=ringtone uriString=content://media/internal/audio/media/21
02-02 10:47:44.366 I/RingtoneManager(  283): TYPE_RINGTONE getActualDefaultRingtoneUri().volume = internal
02-02 10:47:44.376 I/vDM     (  828): KeyCode = 25
02-02 10:47:44.376 I/vDM     (  828): Vdmc getInstance
02-02 10:47:44.376 I/vDM     (  828): Vdmc getInstance
02-02 10:47:44.376 D/DMC     (  828): MyCIMMI getInstance
02-02 10:47:44.376 I/vDM     (  828): Vdmc getInstance
02-02 10:47:44.436 D/PowerManagerService(  283): UnPartial  wakeLock  reactivate ,flags=0xa tag=KEEP_SCREEN_ON_FLAG
02-02 10:47:44.476 I/vDM     (  828): KeyCode = 25
02-02 10:47:44.476 I/vDM     (  828): Vdmc getInstance
02-02 10:47:44.476 I/vDM     (  828): Vdmc getInstance
02-02 10:47:44.476 D/DMC     (  828): MyCIMMI getInstance
02-02 10:47:44.486 I/vDM     (  828): Vdmc getInstance
02-02 10:47:44.766 D/ToneGenerator(  283): startTone
02-02 10:47:44.766 D/AudioTrack(  283): start 0x53cd40
02-02 10:47:44.776 D/AudioFlinger(  121): start(4098), calling thread 283 session 22
02-02 10:47:44.786 D/AudioTrack(  283): stop 0x53cd40
02-02 10:47:44.786 D/AudioFlinger(  121): stop(4098), calling thread 283
02-02 10:47:44.927 D/ToneGenerator(  283): stopTone
02-02 10:47:46.428 D/KeyguardViewMediator(  283): setHidden false
02-02 10:47:46.438 D/KeyguardViewMediator(  283): setHidden false
02-02 10:47:46.458 D/KeyguardViewMediator(  283): setHidden false
02-02 10:47:46.468 D/KeyguardViewMediator(  283): setHidden false
02-02 10:47:46.488 D/KeyguardViewMediator(  283): setHidden false
02-02 10:47:46.498 D/KeyguardViewMediator(  283): setHidden false
02-02 10:47:46.518 D/KeyguardViewMediator(  283): setHidden false
02-02 10:47:46.538 D/KeyguardViewMediator(  283): setHidden false
02-02 10:47:46.548 D/KeyguardViewMediator(  283): setHidden false
02-02 10:47:46.568 D/KeyguardViewMediator(  283): setHidden false
02-02 10:47:46.588 D/KeyguardViewMediator(  283): setHidden false
02-02 10:47:46.598 D/KeyguardViewMediator(  283): setHidden false
02-02 10:47:46.618 D/KeyguardViewMediator(  283): setHidden false
02-02 10:47:46.628 D/KeyguardViewMediator(  283): setHidden false
02-02 10:47:46.648 D/KeyguardViewMediator(  283): setHidden false
02-02 10:47:46.668 D/KeyguardViewMediator(  283): setHidden false
02-02 10:47:46.678 D/KeyguardViewMediator(  283): setHidden false
02-02 10:47:46.698 D/KeyguardViewMediator(  283): setHidden false
02-02 10:47:46.708 D/KeyguardViewMediator(  283): setHidden false
02-02 10:47:46.728 D/KeyguardViewMediator(  283): setHidden false
02-02 10:47:46.748 D/KeyguardViewMediator(  283): setHidden false
02-02 10:47:46.758 D/KeyguardViewMediator(  283): setHidden false
02-02 10:47:46.778 D/KeyguardViewMediator(  283): setHidden false
02-02 10:47:46.788 D/KeyguardViewMediator(  283): setHidden false
02-02 10:47:46.808 D/KeyguardViewMediator(  283): setHidden false
02-02 10:47:46.828 D/KeyguardViewMediator(  283): setHidden false
02-02 10:47:46.838 D/KeyguardViewMediator(  283): setHidden false
02-02 10:47:46.858 D/KeyguardViewMediator(  283): setHidden false
02-02 10:47:46.869 D/PowerManagerService(  283): UnPartial  wakeLock  reactivate ,flags=0xa tag=KEEP_SCREEN_ON_FLAG
02-02 10:47:46.869 D/PowerManagerService(  283): releaseWakeLock flags=0xa tag=KEEP_SCREEN_ON_FLAG
02-02 10:47:47.819 D/AudioHardwareMSM7X30(  121): AudioStreamOutMSM72xx::standby()
02-02 10:47:47.819 D/AudioHardwareMSM7X30(  121): Deroute pcm out stream
02-02 10:47:47.819 D/AudioHardwareMSM7X30(  121): updateDeviceInfo: E rx_device 2 and tx_device 3
02-02 10:47:47.819 D/AudioHardwareMSM7X30(  121): No active voicecall/playback, disabling cur_rx 2
02-02 10:47:47.819 D/AudioHardwareMSM7X30(  121): value of device and enable is 2 0 ALSA dev id:3
02-02 10:47:47.829 D/AudioHardwareMSM7X30(  121): No active voicecall/recording, disabling cur_tx 3
02-02 10:47:47.829 D/AudioHardwareMSM7X30(  121): value of device and enable is 3 0 ALSA dev id:10
02-02 10:47:47.829 E/AudioHardwareMSM7X30(  121): There is no node in the routing table!
02-02 10:47:47.829 D/AudioHardwareMSM7X30(  121): updateDeviceInfo: X cur_rx 2 cur_tx 3
02-02 10:47:50.872 D/DATA    (  422): [DSST(0)] pollstate() : reason = data network state changed
02-02 10:47:50.912 D/MobileDataStateTracker(  283): [hipri]  MobileDataStateReceiver onReceive(): Entry.
02-02 10:47:50.912 D/MobileDataStateTracker(  283): [hipri]  intent.getAction()= android.intent.action.SERVICE_STATE
02-02 10:47:50.912 D/MobileDataStateTracker(  283): [hipri]  mEnabled = false
02-02 10:47:50.912 D/MobileDataStateTracker(  283): [dun]  MobileDataStateReceiver onReceive(): Entry.
02-02 10:47:50.912 D/MobileDataStateTracker(  283): [dun]  intent.getAction()= android.intent.action.SERVICE_STATE
02-02 10:47:50.912 D/MobileDataStateTracker(  283): [dun]  mEnabled = false
02-02 10:47:50.922 D/MobileDataStateTracker(  283): [supl]  MobileDataStateReceiver onReceive(): Entry.
02-02 10:47:50.922 D/MobileDataStateTracker(  283): [supl]  intent.getAction()= android.intent.action.SERVICE_STATE
02-02 10:47:50.922 D/MobileDataStateTracker(  283): [supl]  mEnabled = false
02-02 10:47:50.922 D/MobileDataStateTracker(  283): [mms]  MobileDataStateReceiver onReceive(): Entry.
02-02 10:47:50.922 D/MobileDataStateTracker(  283): [mms]  intent.getAction()= android.intent.action.SERVICE_STATE
02-02 10:47:50.922 D/MobileDataStateTracker(  283): [mms]  mEnabled = false
02-02 10:47:50.922 D/MobileDataStateTracker(  283): [default]  MobileDataStateReceiver onReceive(): Entry.
02-02 10:47:50.922 D/MobileDataStateTracker(  283): [default]  intent.getAction()= android.intent.action.SERVICE_STATE
02-02 10:47:50.922 D/MobileDataStateTracker(  283): [default]  mEnabled = true
02-02 10:47:50.922 D/CallManager(  422):  handleMessage (EVENT_SERVICE_STATE_CHANGED)
02-02 10:47:50.922 E/BT HS/HF(  422): SERVICE_STATE_CHANGED called
02-02 10:47:50.922 E/BT HS/HF(  422): updateServiceState called, sendUpdate:false  ServiceState:0 home Sprint  310099  EvDo rev. A CSS not supported 41 4139RoamInd: 1RoamStatus(sprint): 1DefRoamInd: 160EmergOnly: false
02-02 10:47:50.922 E/BT HS/HF(  422): service:1 mService:1
02-02 10:47:50.932 D/DATA    (  422): [DSST(0)]  registrationState = 1  radioTechnology = 8 reasonForDenial = 0
02-02 10:47:50.932 D/DATA    (  422): [DSST(0)]  set mNewDataConnectionState = 0
02-02 10:47:50.932 D/DATA    (  422): [DSST(0)]  mNewDataConnectionState : 0  mDataConnectionState : 0
02-02 10:47:50.942 D/DATA    (  422): [DSST(0)] Poll ServiceState done: oldSS=[0 home null null null  EvDo rev. A CSS not supported -1 -1RoamInd: -1RoamStatus(sprint): -1DefRoamInd: -1EmergOnly: false] newSS=[0 home null null null  EvDo rev. A CSS not supported -1 -1RoamInd: -1RoamStatus(sprint): -1DefRoamInd: -1EmergOnly: false]
02-02 10:47:50.942 D/DATA    (  422): [DSST(0)]  mDataConnectionState = 0
02-02 10:47:50.983 D/Mms     ( 1313): currentRoamingStatus:1
02-02 10:47:52.304 I/wpa_supplicant(  381): State: INACTIVE -> SCANNING
02-02 10:47:52.304 I/wpa_supplicant(  381): CTRL-EVENT-STATE-CHANGE id=-1 state=2 BSSID=00:00:00:00:00:00
02-02 10:47:52.304 D/NetworkStateTracker(  283): setDetailed state, old =IDLE and new state=SCANNING
02-02 10:47:52.654 D/KeyguardViewMediator(  283): setHidden false
02-02 10:47:52.664 D/KeyguardViewMediator(  283): setHidden false
02-02 10:47:52.674 D/Launcher(  522): onSaveInstanceState
02-02 10:47:52.674 D/Launcher(  522): Dissmis Preview for view :null ID:2131230735
02-02 10:47:52.674 D/Launcher(  522): Dissmis Preview for view :null ID:2131230736
02-02 10:47:52.674 D/Launcher(  522): Dissmis Preview for view :null ID:2131230739
02-02 10:47:52.674 D/Launcher(  522): Dissmis Preview for view :null ID:2131230741
02-02 10:47:53.265 I/wpa_supplicant(  381): State: SCANNING -> INACTIVE
02-02 10:47:53.265 I/wpa_supplicant(  381): CTRL-EVENT-STATE-CHANGE id=-1 state=1 BSSID=00:00:00:00:00:00
02-02 10:47:53.265 I/dun_service(  129): process rmnet event
02-02 10:47:53.265 I/dun_service(  129): Post event 4
02-02 10:47:53.265 I/dun_service(  129): received event: DUN_EVENT_RMNET_UP 
02-02 10:47:53.265 I/dun_service(  129): received event(DUN_EVENT_RMNET_UP) in state(DUN_STATE_USB_UNPLUG)
02-02 10:47:53.265 I/dun_service(  129): Ignoring the event DUN_EVENT_RMNET_UP in USB_UNPLUG_STATE
02-02 10:47:53.265 I/dun_service(  129): Moved to state(DUN_STATE_USB_UNPLUG)
02-02 10:47:53.615 D/KeyguardViewMediator(  283): setHidden false
02-02 10:47:53.625 D/KeyguardViewMediator(  283): setHidden false
02-02 10:47:53.635 D/KeyguardViewMediator(  283): setHidden false
02-02 10:47:53.645 I/hubo    (  283): Activity {com.google.android.youtube/com.google.android.youtube.app.froyo.phone.HomeActivity}
02-02 10:47:53.645 D/NetworkStateTracker(  283): setDetailed state, old =SCANNING and new state=IDLE
02-02 10:47:53.645 D/WifiStateTracker(  283): setNotificationVisible() visible=false mNotificationShown=false force=false return.
02-02 10:47:53.655 D/KeyguardViewMediator(  283): setHidden false
02-02 10:47:53.675 D/KeyguardViewMediator(  283): setHidden false
02-02 10:47:53.685 D/KeyguardViewMediator(  283): setHidden false
02-02 10:47:53.705 D/KeyguardViewMediator(  283): setHidden false
02-02 10:47:53.715 D/KeyguardViewMediator(  283): setHidden false
02-02 10:47:53.735 D/KeyguardViewMediator(  283): setHidden false
02-02 10:47:53.745 D/KeyguardViewMediator(  283): setHidden false
02-02 10:47:53.755 I/ActivityThread( 1475): Pub com.google.android.youtube.SuggestionProvider: com.google.android.youtube.core.suggest.SuggestionProvider
02-02 10:47:53.765 D/KeyguardViewMediator(  283): setHidden false
02-02 10:47:53.775 D/KeyguardViewMediator(  283): setHidden false
02-02 10:47:53.795 D/KeyguardViewMediator(  283): setHidden false
02-02 10:47:53.815 D/KeyguardViewMediator(  283): setHidden false
02-02 10:47:53.825 D/KeyguardViewMediator(  283): setHidden false
02-02 10:47:53.845 D/KeyguardViewMediator(  283): setHidden false
02-02 10:47:53.865 D/KeyguardViewMediator(  283): setHidden false
02-02 10:47:53.875 D/KeyguardViewMediator(  283): setHidden false
02-02 10:47:53.895 D/KeyguardViewMediator(  283): setHidden false
02-02 10:47:53.905 D/KeyguardViewMediator(  283): setHidden false
02-02 10:47:53.925 D/KeyguardViewMediator(  283): setHidden false
02-02 10:47:53.945 D/KeyguardViewMediator(  283): setHidden false
02-02 10:47:53.945 D/KeyguardViewMediator(  283): setHidden false
02-02 10:47:54.466 D/ToneGenerator(  283): stopTone
02-02 10:47:54.466 D/AudioTrack(  283): stop 0x53cd40
02-02 10:47:54.466 D/AudioFlinger(  121): remove track (4098) and delete from mixer
02-02 10:47:54.626 D/KeyguardViewMediator(  283): setHidden false
02-02 10:47:54.666 D/KeyguardViewMediator(  283): setHidden false
02-02 10:47:54.666 D/KeyguardViewMediator(  283): setHidden false
02-02 10:47:54.666 I/ActivityManager(  283): Displayed com.google.android.youtube/.app.froyo.phone.HomeActivity: +1s993ms
02-02 10:47:54.676 D/KeyguardViewMediator(  283): setHidden false
02-02 10:47:54.686 D/KeyguardViewMediator(  283): setHidden false
02-02 10:47:54.706 D/KeyguardViewMediator(  283): setHidden false
02-02 10:47:54.716 D/KeyguardViewMediator(  283): setHidden false
02-02 10:47:54.736 D/KeyguardViewMediator(  283): setHidden false
02-02 10:47:54.756 D/KeyguardViewMediator(  283): setHidden false
02-02 10:47:54.766 D/KeyguardViewMediator(  283): setHidden false
02-02 10:47:54.786 D/KeyguardViewMediator(  283): setHidden false
02-02 10:47:54.796 D/KeyguardViewMediator(  283): setHidden false
02-02 10:47:54.816 D/KeyguardViewMediator(  283): setHidden false
02-02 10:47:54.836 D/KeyguardViewMediator(  283): setHidden false
02-02 10:47:54.846 D/KeyguardViewMediator(  283): setHidden false
02-02 10:47:54.866 D/KeyguardViewMediator(  283): setHidden false
02-02 10:47:54.886 D/KeyguardViewMediator(  283): setHidden false
02-02 10:47:54.896 D/KeyguardViewMediator(  283): setHidden false
02-02 10:47:54.916 D/KeyguardViewMediator(  283): setHidden false
02-02 10:47:54.936 D/KeyguardViewMediator(  283): setHidden false
02-02 10:47:54.946 D/KeyguardViewMediator(  283): setHidden false
02-02 10:47:54.966 D/KeyguardViewMediator(  283): setHidden false
02-02 10:47:54.986 D/KeyguardViewMediator(  283): setHidden false
02-02 10:47:54.996 D/KeyguardViewMediator(  283): setHidden false
02-02 10:47:55.016 D/KeyguardViewMediator(  283): setHidden false
02-02 10:47:55.207 I/DATA    (  422): [DCT(0) ] onDataCallListChanged:
02-02 10:47:55.207 I/DATA    (  422): [DCT(0) ] ---dc state list---
02-02 10:47:55.217 I/DATA    (  422): [DCT(0) ] DataCallState: { cid: 0, active: 2, type: , apn: , address: 70.12.155.50 }
02-02 10:47:55.217 I/DATA    (  422): [DCT(0) ] ---dc list---
02-02 10:47:55.217 I/DATA    (  422): [DCT(0) ] cid = 0, state = DcActiveState, bearerType = IP, ipaddress = 70.12.155.50, gw=70.12.155.49, dns=[68.28.67.132, 68.28.68.132]
02-02 10:47:56.057 D/DATA    (  422): [DSST(0)] pollstate() : reason = data network state changed
02-02 10:47:56.118 D/MobileDataStateTracker(  283): [hipri]  MobileDataStateReceiver onReceive(): Entry.
02-02 10:47:56.118 D/MobileDataStateTracker(  283): [hipri]  intent.getAction()= android.intent.action.SERVICE_STATE
02-02 10:47:56.118 D/MobileDataStateTracker(  283): [hipri]  mEnabled = false
02-02 10:47:56.128 D/MobileDataStateTracker(  283): [dun]  MobileDataStateReceiver onReceive(): Entry.
02-02 10:47:56.128 D/MobileDataStateTracker(  283): [dun]  intent.getAction()= android.intent.action.SERVICE_STATE
02-02 10:47:56.128 D/MobileDataStateTracker(  283): [dun]  mEnabled = false
02-02 10:47:56.128 D/MobileDataStateTracker(  283): [supl]  MobileDataStateReceiver onReceive(): Entry.
02-02 10:47:56.128 D/MobileDataStateTracker(  283): [supl]  intent.getAction()= android.intent.action.SERVICE_STATE
02-02 10:47:56.128 D/MobileDataStateTracker(  283): [supl]  mEnabled = false
02-02 10:47:56.128 D/MobileDataStateTracker(  283): [mms]  MobileDataStateReceiver onReceive(): Entry.
02-02 10:47:56.128 D/MobileDataStateTracker(  283): [mms]  intent.getAction()= android.intent.action.SERVICE_STATE
02-02 10:47:56.128 D/MobileDataStateTracker(  283): [mms]  mEnabled = false
02-02 10:47:56.128 D/MobileDataStateTracker(  283): [default]  MobileDataStateReceiver onReceive(): Entry.
02-02 10:47:56.128 D/MobileDataStateTracker(  283): [default]  intent.getAction()= android.intent.action.SERVICE_STATE
02-02 10:47:56.128 D/MobileDataStateTracker(  283): [default]  mEnabled = true
02-02 10:47:56.138 D/DATA    (  422): [DSST(0)]  registrationState = 1  radioTechnology = 8 reasonForDenial = 0
02-02 10:47:56.138 D/DATA    (  422): [DSST(0)]  set mNewDataConnectionState = 0
02-02 10:47:56.138 D/DATA    (  422): [DSST(0)]  mNewDataConnectionState : 0  mDataConnectionState : 0
02-02 10:47:56.138 D/DATA    (  422): [DSST(0)] Poll ServiceState done: oldSS=[0 home null null null  EvDo rev. A CSS not supported -1 -1RoamInd: -1RoamStatus(sprint): -1DefRoamInd: -1EmergOnly: false] newSS=[0 home null null null  EvDo rev. A CSS not supported -1 -1RoamInd: -1RoamStatus(sprint): -1DefRoamInd: -1EmergOnly: false]
02-02 10:47:56.138 D/DATA    (  422): [DSST(0)]  mDataConnectionState = 0
02-02 10:47:56.138 D/CallManager(  422):  handleMessage (EVENT_SERVICE_STATE_CHANGED)
02-02 10:47:56.138 E/BT HS/HF(  422): SERVICE_STATE_CHANGED called
02-02 10:47:56.138 E/BT HS/HF(  422): updateServiceState called, sendUpdate:false  ServiceState:0 home Sprint  310099  EvDo rev. A CSS not supported 41 4139RoamInd: 1RoamStatus(sprint): 1DefRoamInd: 160EmergOnly: false
02-02 10:47:56.138 E/BT HS/HF(  422): service:1 mService:1
02-02 10:47:56.158 D/Mms     ( 1313): currentRoamingStatus:1
02-02 10:47:59.831 D/PhoneApp(  422): updateProximitySensorMode: state = IDLE
02-02 10:47:59.841 D/PhoneApp(  422): updateProximitySensorMode: lock already released.
02-02 10:47:59.871 D/KeyguardViewMediator(  283): setHidden false
02-02 10:47:59.911 D/KeyguardViewMediator(  283): setHidden false
02-02 10:47:59.911 D/KeyguardViewMediator(  283): setHidden false
02-02 10:47:59.921 D/KeyguardViewMediator(  283): setHidden false
02-02 10:47:59.931 D/KeyguardViewMediator(  283): setHidden false
02-02 10:47:59.941 D/KeyguardViewMediator(  283): setHidden false
02-02 10:47:59.971 D/KeyguardViewMediator(  283): setHidden false
02-02 10:47:59.981 D/KeyguardViewMediator(  283): setHidden false
02-02 10:47:59.981 D/KeyguardViewMediator(  283): setHidden false
02-02 10:47:59.991 D/KeyguardUpdateMonitor(  283): received broadcast android.intent.action.TIME_TICK
02-02 10:47:59.991 D/KeyguardUpdateMonitor(  283): handleTimeUpdate
02-02 10:48:00.001 D/KeyguardViewMediator(  283): setHidden false
02-02 10:48:00.121 D/OmaDrmReceiver(  876): android.intent.action.CONFIGURATION_CHANGED
02-02 10:48:00.121 I/OmaDrmService(  876): Language changed!!!!!!
02-02 10:48:00.282 D/KeyguardViewMediator(  283): setHidden false
02-02 10:48:00.462 D/PowerManagerService(  283): setPowerState: mPowerState=0x3 newState=0x1 noChangeLights=false reason=3
02-02 10:48:00.772 D/PhoneApp(  422): updateProximitySensorMode: state = IDLE
02-02 10:48:00.782 D/PhoneApp(  422): updateProximitySensorMode: lock already released.
02-02 10:48:00.902 D/KeyguardViewMediator(  283): setHidden false
02-02 10:48:00.932 D/KeyguardViewMediator(  283): setHidden false
02-02 10:48:00.932 D/KeyguardViewMediator(  283): setHidden false
02-02 10:48:00.942 D/KeyguardViewMediator(  283): setHidden false
02-02 10:48:00.962 D/OmaDrmReceiver(  876): android.intent.action.CONFIGURATION_CHANGED
02-02 10:48:00.962 D/KeyguardViewMediator(  283): setHidden false
02-02 10:48:00.972 D/KeyguardViewMediator(  283): setHidden false
02-02 10:48:00.982 D/KeyguardViewMediator(  283): setHidden false
02-02 10:48:00.992 D/KeyguardViewMediator(  283): setHidden false
02-02 10:48:01.002 D/KeyguardViewMediator(  283): setHidden false
02-02 10:48:01.012 D/KeyguardViewMediator(  283): setHidden false
02-02 10:48:01.082 I/OmaDrmService(  876): Language changed!!!!!!
02-02 10:48:01.102 D/KeyguardViewMediator(  283): setHidden false
02-02 10:48:02.614 D/PowerManagerService(  283): setPowerState: mPowerState=0x1 newState=0x3 noChangeLights=false reason=2
02-02 10:48:03.285 D/Bitmap  ( 1475): Detect unrecycled bitmap.
02-02 10:48:03.285 D/Bitmap  ( 1475):       Size: 52480 Bytes, Width: 320 , Height: 82 , Hash code: 1079975440
02-02 10:48:03.285 D/Bitmap  ( 1475):  This bimap was created in:
02-02 10:48:03.285 D/Bitmap  ( 1475):       android.graphics.Bitmap.<init>(Bitmap.java:136)
02-02 10:48:03.285 D/Bitmap  ( 1475):       android.graphics.Bitmap.nativeCreate(Native Method)
02-02 10:48:03.285 D/Bitmap  ( 1475):       android.graphics.Bitmap.createBitmap(Bitmap.java:547)
02-02 10:48:03.285 D/Bitmap  ( 1475):       android.view.View.buildDrawingCache(View.java:6577)
02-02 10:48:03.285 D/Bitmap  ( 1475):       android.view.View.getDrawingCache(View.java:6428)
02-02 10:48:03.285 D/Bitmap  ( 1475):       android.view.ViewGroup.drawChild(ViewGroup.java:1574)
02-02 10:48:03.285 D/Bitmap  ( 1475):       android.view.ViewGroup.dispatchDraw(ViewGroup.java:1376)
02-02 10:48:03.285 D/Bitmap  ( 1475):       android.widget.AbsListView.dispatchDraw(AbsListView.java:1480)
02-02 10:48:03.285 D/Bitmap  ( 1475):       android.widget.ListView.dispatchDraw(ListView.java:3138)
02-02 10:48:03.285 D/Bitmap  ( 1475):       android.view.View.draw(View.java:6986)
02-02 10:48:03.285 D/Bitmap  ( 1475):       android.widget.AbsListView.draw(AbsListView.java:2588)
02-02 10:48:03.285 D/Bitmap  ( 1475):       android.view.ViewGroup.drawChild(ViewGroup.java:1649)
02-02 10:48:03.285 D/Bitmap  ( 1475):       android.view.ViewGroup.dispatchDraw(ViewGroup.java:1376)
02-02 10:48:03.285 D/Bitmap  ( 1475):       android.view.ViewGroup.drawChild(ViewGroup.java:1647)
02-02 10:48:03.285 D/Bitmap  ( 1475):       android.view.ViewGroup.dispatchDraw(ViewGroup.java:1376)
02-02 10:48:03.285 D/Bitmap  ( 1475):       android.view.ViewGroup.drawChild(ViewGroup.java:1647)
02-02 10:48:03.285 D/Bitmap  ( 1475):       android.view.ViewGroup.dispatchDraw(ViewGroup.java:1376)
02-02 10:48:03.285 D/Bitmap  ( 1475):       android.view.ViewGroup.drawChild(ViewGroup.java:1647)
02-02 10:48:03.285 D/Bitmap  ( 1475):       android.view.ViewGroup.dispatchDraw(ViewGroup.java:1376)
02-02 10:48:03.285 D/Bitmap  ( 1475):       android.view.ViewGroup.drawChild(ViewGroup.java:1647)
02-02 10:48:03.285 D/Bitmap  ( 1475):       android.view.ViewGroup.dispatchDraw(ViewGroup.java:1376)
02-02 10:48:03.285 D/Bitmap  ( 1475):       android.view.View.draw(View.java:6883)
02-02 10:48:03.285 D/Bitmap  ( 1475):       android.widget.FrameLayout.draw(FrameLayout.java:357)
02-02 10:48:03.285 D/Bitmap  ( 1475):       android.view.ViewGroup.drawChild(ViewGroup.java:1649)
02-02 10:48:03.285 D/Bitmap  ( 1475):       android.view.ViewGroup.dispatchDraw(ViewGroup.java:1376)
02-02 10:48:03.285 D/Bitmap  ( 1475):       android.view.View.draw(View.java:6883)
02-02 10:48:03.285 D/Bitmap  ( 1475):       android.widget.FrameLayout.draw(FrameLayout.java:357)
02-02 10:48:03.285 D/Bitmap  ( 1475):       com.android.internal.policy.impl.PhoneWindow$DecorView.draw(PhoneWindow.java:1866)
02-02 10:48:03.285 D/Bitmap  ( 1475):       android.view.ViewRoot.draw(ViewRoot.java:1526)
02-02 10:48:03.285 D/Bitmap  ( 1475):       android.view.ViewRoot.performTraversals(ViewRoot.java:1262)
02-02 10:48:03.285 D/Bitmap  ( 1475):       android.view.ViewRoot.handleMessage(ViewRoot.java:1864)
02-02 10:48:03.285 D/Bitmap  ( 1475):       android.os.Handler.dispatchMessage(Handler.java:99)
02-02 10:48:03.285 D/Bitmap  ( 1475):       android.os.Looper.loop(Looper.java:130)
02-02 10:48:03.285 D/Bitmap  ( 1475):       android.app.ActivityThread.main(ActivityThread.java:3704)
02-02 10:48:03.285 D/Bitmap  ( 1475):       java.lang.reflect.Method.invokeNative(Native Method)
02-02 10:48:03.285 D/Bitmap  ( 1475):       java.lang.reflect.Method.invoke(Method.java:507)
02-02 10:48:03.285 D/Bitmap  ( 1475):       com.android.internal.os.ZygoteInit$MethodAndArgsCaller.run(ZygoteInit.java:875)
02-02 10:48:03.285 D/Bitmap  ( 1475):       com.android.internal.os.ZygoteInit.main(ZygoteInit.java:633)
02-02 10:48:03.285 D/Bitmap  ( 1475):       dalvik.system.NativeStart.main(Native Method)
02-02 10:48:03.285 D/Bitmap  ( 1475): _
02-02 10:48:03.285 D/Bitmap  ( 1475): Detect unrecycled bitmap.
02-02 10:48:03.285 D/Bitmap  ( 1475):       Size: 52480 Bytes, Width: 320 , Height: 82 , Hash code: 1080753344
02-02 10:48:03.285 D/Bitmap  ( 1475):  This bimap was created in:
02-02 10:48:03.285 D/Bitmap  ( 1475):       android.graphics.Bitmap.<init>(Bitmap.java:136)
02-02 10:48:03.285 D/Bitmap  ( 1475):       android.graphics.Bitmap.nativeCreate(Native Method)
02-02 10:48:03.285 D/Bitmap  ( 1475):       android.graphics.Bitmap.createBitmap(Bitmap.java:547)
02-02 10:48:03.285 D/Bitmap  ( 1475):       android.view.View.buildDrawingCache(View.java:6577)
02-02 10:48:03.285 D/Bitmap  ( 1475):       android.view.View.getDrawingCache(View.java:6428)
02-02 10:48:03.285 D/Bitmap  ( 1475):       android.view.ViewGroup.drawChild(ViewGroup.java:1574)
02-02 10:48:03.285 D/Bitmap  ( 1475):       android.view.ViewGroup.dispatchDraw(ViewGroup.java:1376)
02-02 10:48:03.285 D/Bitmap  ( 1475):       android.widget.AbsListView.dispatchDraw(AbsListView.java:1480)
02-02 10:48:03.285 D/Bitmap  ( 1475):       android.widget.ListView.dispatchDraw(ListView.java:3138)
02-02 10:48:03.285 D/Bitmap  ( 1475):       android.view.View.draw(View.java:6986)
02-02 10:48:03.285 D/Bitmap  ( 1475):       android.widget.AbsListView.draw(AbsListView.java:2588)
02-02 10:48:03.285 D/Bitmap  ( 1475):       android.view.ViewGroup.drawChild(ViewGroup.java:1649)
02-02 10:48:03.285 D/Bitmap  ( 1475):       android.view.ViewGroup.dispatchDraw(ViewGroup.java:1376)
02-02 10:48:03.285 D/Bitmap  ( 1475):       android.view.ViewGroup.drawChild(ViewGroup.java:1647)
02-02 10:48:03.285 D/Bitmap  ( 1475):       android.view.ViewGroup.dispatchDraw(ViewGroup.java:1376)
02-02 10:48:03.285 D/Bitmap  ( 1475):       android.view.ViewGroup.drawChild(ViewGroup.java:1647)
02-02 10:48:03.285 D/Bitmap  ( 1475):       android.view.ViewGroup.dispatchDraw(ViewGroup.java:1376)
02-02 10:48:03.285 D/Bitmap  ( 1475):       android.view.ViewGroup.drawChild(ViewGroup.java:1647)
02-02 10:48:03.285 D/Bitmap  ( 1475):       android.view.ViewGroup.dispatchDraw(ViewGroup.java:1376)
02-02 10:48:03.285 D/Bitmap  ( 1475):       android.view.ViewGroup.drawChild(ViewGroup.java:1647)
02-02 10:48:03.285 D/Bitmap  ( 1475):       android.view.ViewGroup.dispatchDraw(ViewGroup.java:1376)
02-02 10:48:03.285 D/Bitmap  ( 1475):       android.view.View.draw(View.java:6883)
02-02 10:48:03.285 D/Bitmap  ( 1475):       android.widget.FrameLayout.draw(FrameLayout.java:357)
02-02 10:48:03.285 D/Bitmap  ( 1475):       android.view.ViewGroup.drawChild(ViewGroup.java:1649)
02-02 10:48:03.285 D/Bitmap  ( 1475):       android.view.ViewGroup.dispatchDraw(ViewGroup.java:1376)
02-02 10:48:03.285 D/Bitmap  ( 1475):       android.view.View.draw(View.java:6883)
02-02 10:48:03.285 D/Bitmap  ( 1475):       android.widget.FrameLayout.draw(FrameLayout.java:357)
02-02 10:48:03.285 D/Bitmap  ( 1475):       com.android.internal.policy.impl.PhoneWindow$DecorView.draw(PhoneWindow.java:1866)
02-02 10:48:03.285 D/Bitmap  ( 1475):       android.view.ViewRoot.draw(ViewRoot.java:1526)
02-02 10:48:03.285 D/Bitmap  ( 1475):       android.view.ViewRoot.performTraversals(ViewRoot.java:1262)
02-02 10:48:03.285 D/Bitmap  ( 1475):       android.view.ViewRoot.handleMessage(ViewRoot.java:1864)
02-02 10:48:03.285 D/Bitmap  ( 1475):       android.os.Handler.dispatchMessage(Handler.java:99)
02-02 10:48:03.285 D/Bitmap  ( 1475):       android.os.Looper.loop(Looper.java:130)
02-02 10:48:03.285 D/Bitmap  ( 1475):       android.app.ActivityThread.main(ActivityThread.java:3704)
02-02 10:48:03.285 D/Bitmap  ( 1475):       java.lang.reflect.Method.invokeNative(Native Method)
02-02 10:48:03.285 D/Bitmap  ( 1475):       java.lang.reflect.Method.invoke(Method.java:507)
02-02 10:48:03.285 D/Bitmap  ( 1475):       com.android.internal.os.ZygoteInit$MethodAndArgsCaller.run(ZygoteInit.java:875)
02-02 10:48:03.285 D/Bitmap  ( 1475):       com.android.internal.os.ZygoteInit.main(ZygoteInit.java:633)
02-02 10:48:03.285 D/Bitmap  ( 1475):       dalvik.system.NativeStart.main(Native Method)
02-02 10:48:03.285 D/Bitmap  ( 1475): _
02-02 10:48:03.615 D/Bitmap  ( 1475): Detect unrecycled bitmap.
02-02 10:48:03.615 D/Bitmap  ( 1475):       Size: 52480 Bytes, Width: 320 , Height: 82 , Hash code: 1080640448
02-02 10:48:03.615 D/Bitmap  ( 1475):  This bimap was created in:
02-02 10:48:03.615 D/Bitmap  ( 1475):       android.graphics.Bitmap.<init>(Bitmap.java:136)
02-02 10:48:03.615 D/Bitmap  ( 1475):       android.graphics.Bitmap.nativeCreate(Native Method)
02-02 10:48:03.615 D/Bitmap  ( 1475):       android.graphics.Bitmap.createBitmap(Bitmap.java:547)
02-02 10:48:03.615 D/Bitmap  ( 1475):       android.view.View.buildDrawingCache(View.java:6577)
02-02 10:48:03.615 D/Bitmap  ( 1475):       android.view.View.getDrawingCache(View.java:6428)
02-02 10:48:03.615 D/Bitmap  ( 1475):       android.view.ViewGroup.drawChild(ViewGroup.java:1574)
02-02 10:48:03.615 D/Bitmap  ( 1475):       android.view.ViewGroup.dispatchDraw(ViewGroup.java:1376)
02-02 10:48:03.615 D/Bitmap  ( 1475):       android.widget.AbsListView.dispatchDraw(AbsListView.java:1480)
02-02 10:48:03.615 D/Bitmap  ( 1475):       android.widget.ListView.dispatchDraw(ListView.java:3138)
02-02 10:48:03.615 D/Bitmap  ( 1475):       android.view.View.draw(View.java:6986)
02-02 10:48:03.615 D/Bitmap  ( 1475):       android.widget.AbsListView.draw(AbsListView.java:2588)
02-02 10:48:03.615 D/Bitmap  ( 1475):       android.view.ViewGroup.drawChild(ViewGroup.java:1649)
02-02 10:48:03.615 D/Bitmap  ( 1475):       android.view.ViewGroup.dispatchDraw(ViewGroup.java:1376)
02-02 10:48:03.615 D/Bitmap  ( 1475):       android.view.ViewGroup.drawChild(ViewGroup.java:1647)
02-02 10:48:03.615 D/Bitmap  ( 1475):       android.view.ViewGroup.dispatchDraw(ViewGroup.java:1376)
02-02 10:48:03.615 D/Bitmap  ( 1475):       android.view.ViewGroup.drawChild(ViewGroup.java:1647)
02-02 10:48:03.615 D/Bitmap  ( 1475):       android.view.ViewGroup.dispatchDraw(ViewGroup.java:1376)
02-02 10:48:03.615 D/Bitmap  ( 1475):       android.view.ViewGroup.drawChild(ViewGroup.java:1647)
02-02 10:48:03.615 D/Bitmap  ( 1475):       android.view.ViewGroup.dispatchDraw(ViewGroup.java:1376)
02-02 10:48:03.615 D/Bitmap  ( 1475):       android.view.ViewGroup.drawChild(ViewGroup.java:1647)
02-02 10:48:03.615 D/Bitmap  ( 1475):       android.view.ViewGroup.dispatchDraw(ViewGroup.java:1376)
02-02 10:48:03.615 D/Bitmap  ( 1475):       android.view.View.draw(View.java:6883)
02-02 10:48:03.615 D/Bitmap  ( 1475):       android.widget.FrameLayout.draw(FrameLayout.java:357)
02-02 10:48:03.615 D/Bitmap  ( 1475):       android.view.ViewGroup.drawChild(ViewGroup.java:1649)
02-02 10:48:03.615 D/Bitmap  ( 1475):       android.view.ViewGroup.dispatchDraw(ViewGroup.java:1376)
02-02 10:48:03.615 D/Bitmap  ( 1475):       android.view.View.draw(View.java:6883)
02-02 10:48:03.615 D/Bitmap  ( 1475):       android.widget.FrameLayout.draw(FrameLayout.java:357)
02-02 10:48:03.615 D/Bitmap  ( 1475):       com.android.internal.policy.impl.PhoneWindow$DecorView.draw(PhoneWindow.java:1866)
02-02 10:48:03.615 D/Bitmap  ( 1475):       android.view.ViewRoot.draw(ViewRoot.java:1526)
02-02 10:48:03.615 D/Bitmap  ( 1475):       android.view.ViewRoot.performTraversals(ViewRoot.java:1262)
02-02 10:48:03.615 D/Bitmap  ( 1475):       android.view.ViewRoot.handleMessage(ViewRoot.java:1864)
02-02 10:48:03.615 D/Bitmap  ( 1475):       android.os.Handler.dispatchMessage(Handler.java:99)
02-02 10:48:03.615 D/Bitmap  ( 1475):       android.os.Looper.loop(Looper.java:130)
02-02 10:48:03.615 D/Bitmap  ( 1475):       android.app.ActivityThread.main(ActivityThread.java:3704)
02-02 10:48:03.615 D/Bitmap  ( 1475):       java.lang.reflect.Method.invokeNative(Native Method)
