02-03 22:33:40.303 D/KeyguardViewMediator(  257): adjustUserActivityLocked mShowing: true mHidden: false
02-03 22:33:40.303 D/Launcher(  350): Closing system Dialogs 
02-03 22:33:40.303 D/PowerManagerService(  257): releaseWakeLock flags=0x1 tag=show keyguard
02-03 22:33:40.313 D/KeyguardViewMediator(  257): setHidden false
02-03 22:33:40.323 D/KeyguardViewMediator(  257): setHidden false
02-03 22:33:40.343 D/KeyguardViewMediator(  257): setHidden false
02-03 22:33:40.353 D/KeyguardViewMediator(  257): setHidden false
02-03 22:34:00.002 D/PowerManagerService(  257): acquireWakeLock flags=0x1 tag=AlarmManager
02-03 22:34:00.012 D/KeyguardUpdateMonitor(  257): received broadcast android.intent.action.TIME_TICK
02-03 22:34:00.012 D/KeyguardUpdateMonitor(  257): handleTimeUpdate
02-03 22:34:00.062 D/PowerManagerService(  257): releaseWakeLock flags=0x1 tag=AlarmManager
02-03 22:34:05.037 I/dun_service(  123): The value returned from dun_getusbmodemstate_fromsys is 2 
02-03 22:34:05.067 D/KeyguardUpdateMonitor(  257): received broadcast android.intent.action.BATTERY_CHANGED
02-03 22:34:05.067 D/KeyguardUpdateMonitor(  257): handleBatteryUpdate
02-03 22:34:15.938 D/PowerManagerService(  257): releaseWakeLock flags=0x1 tag=Browser
02-03 22:34:15.938 D/PowerManagerService(  257):  ALL PARTIAL wakeLock Released ! 
02-03 22:34:15.948 D/KeyguardViewMediator(  257): setHidden false
02-03 22:34:15.958 D/KeyguardViewMediator(  257): setHidden false
02-03 22:34:15.958 D/KeyguardViewMediator(  257): setHidden false
02-03 22:34:47.020 D/KeyguardViewMediator(  257):  onWakeKeyWhenKeyguardShowing(26)
02-03 22:34:47.020 D/KeyguardViewMediator(  257): wakeWhenReadyLocked(26)
02-03 22:34:47.020 D/PowerManagerService(  257): acquireWakeLock flags=0x1 tag=keyguardWakeAndHandOff
02-03 22:34:47.020 D/LockPatternKeyguardView(  257): onWakeKey
02-03 22:34:47.020 D/LockPatternKeyguardView(  257): poking wake lock immediately
02-03 22:34:47.020 D/PowerManagerService(  257): acquireWakeLock flags=0x1000001a tag=keyguard
02-03 22:34:47.020 D/PowerManagerService(  257): UnPartial  wakeLock  reactivate ,flags=0x1000001a tag=keyguard
02-03 22:34:47.020 D/PowerManagerService(  257): setPowerState: mPowerState=0x0 newState=0x3 noChangeLights=false reason=3
02-03 22:34:47.050 D/KeyguardViewMediator(  257): onScreenTurnedOn, seq = 3
02-03 22:34:47.050 D/KeyguardViewMediator(  257): notifyScreenOnLocked
02-03 22:34:47.050 E/Sensors (  257): [HAL]ready to call enable(Accelerometer,1),AAAAAAAA
02-03 22:34:47.050 E/Sensors (  257): [HAL]mEnabled = 0;ready to open /dev/akm8962_aot
02-03 22:34:47.050 E/Sensors (  257): [HAL]ECS_IOCTL_APP_SET_AFLAG 	success,flags = 1
02-03 22:34:47.050 E/Sensors (  257): [HAL]After {mEnabled &= ~(1<<what)},mEnabled = 0
02-03 22:34:47.050 E/Sensors (  257): [HAL]After {(newState)<<what)},mEnabled = 1
02-03 22:34:47.050 D/KeyguardViewMediator(  257): handleNotifyScreenOn
02-03 22:34:47.050 I/LockPatternKeyguardView(  257): updateLockscreenBackground
02-03 22:34:47.050 I/LockPatternKeyguardView(  257): setBackgroundDrawable
02-03 22:34:47.050 I/LockPatternKeyguardView(  257): file not found: etc/customize/default_lockscreen
02-03 22:34:47.050 D/LockScreen(  257): updateLayout: status=Normalsubscription=0
02-03 22:34:47.050 D/LockScreen(  257): Updating Lock Screen text to Ruim
02-03 22:34:47.060 I/vDM     (  462): KeyCode = 26
02-03 22:34:47.070 D/Warhol  (  350): A pack appears to be installed -- skipping Installer
02-03 22:34:47.070 D/KeyguardViewMediator(  257): setHidden false
02-03 22:34:47.080 D/KeyguardViewMediator(  257): setHidden false
02-03 22:34:47.080 D/KeyguardViewMediator(  257): setHidden false
02-03 22:34:47.100 I/hubo    (  257): Activity {com.android.launcher/com.android.launcher2.Launcher}
02-03 22:34:47.110 I/DATA    (  343): [DCT(0) ] intent received :android.intent.action.SCREEN_ON
02-03 22:34:47.120 D/DATA    (  343): [DSST(0)] pollstate() : reason = data network state changed
02-03 22:34:47.140 I/DATA    (  343): [DCT(0) ] onDataCallListChanged:
02-03 22:34:47.140 I/DATA    (  343): [DCT(0) ] ---dc state list---
02-03 22:34:47.140 I/DATA    (  343): [DCT(0) ] DataCallState: { cid: 0, active: 2, type: , apn: , address: 70.14.58.237 }
02-03 22:34:47.140 I/DATA    (  343): [DCT(0) ] ---dc list---
02-03 22:34:47.140 I/DATA    (  343): [DCT(0) ] cid = 0, state = DcActiveState, bearerType = IP, ipaddress = 70.14.58.237, gw=70.14.58.238, dns=[68.28.67.132, 68.28.68.132]
02-03 22:34:47.180 D/MobileDataStateTracker(  257): [hipri]  MobileDataStateReceiver onReceive(): Entry.
02-03 22:34:47.180 D/MobileDataStateTracker(  257): [hipri]  intent.getAction()= android.intent.action.SERVICE_STATE
02-03 22:34:47.180 D/MobileDataStateTracker(  257): [hipri]  mEnabled = false
02-03 22:34:47.180 D/MobileDataStateTracker(  257): [dun]  MobileDataStateReceiver onReceive(): Entry.
02-03 22:34:47.180 D/MobileDataStateTracker(  257): [dun]  intent.getAction()= android.intent.action.SERVICE_STATE
02-03 22:34:47.180 D/MobileDataStateTracker(  257): [dun]  mEnabled = false
02-03 22:34:47.190 D/MobileDataStateTracker(  257): [supl]  MobileDataStateReceiver onReceive(): Entry.
02-03 22:34:47.190 D/MobileDataStateTracker(  257): [supl]  intent.getAction()= android.intent.action.SERVICE_STATE
02-03 22:34:47.190 D/MobileDataStateTracker(  257): [supl]  mEnabled = false
02-03 22:34:47.190 D/MobileDataStateTracker(  257): [mms]  MobileDataStateReceiver onReceive(): Entry.
02-03 22:34:47.190 D/MobileDataStateTracker(  257): [mms]  intent.getAction()= android.intent.action.SERVICE_STATE
02-03 22:34:47.190 D/MobileDataStateTracker(  257): [mms]  mEnabled = false
02-03 22:34:47.190 D/MobileDataStateTracker(  257): [default]  MobileDataStateReceiver onReceive(): Entry.
02-03 22:34:47.190 D/MobileDataStateTracker(  257): [default]  intent.getAction()= android.intent.action.SERVICE_STATE
02-03 22:34:47.190 D/MobileDataStateTracker(  257): [default]  mEnabled = true
02-03 22:34:47.190 D/DATA    (  343): [DSST(0)]  registrationState = 1  radioTechnology = 8 reasonForDenial = 0
02-03 22:34:47.190 D/DATA    (  343): [DSST(0)]  set mNewDataConnectionState = 0
02-03 22:34:47.190 D/DATA    (  343): [DSST(0)]  mNewDataConnectionState : 0  mDataConnectionState : 0
02-03 22:34:47.190 D/DATA    (  343): [DSST(0)] Poll ServiceState done: oldSS=[0 home null null null  EvDo rev. A CSS not supported -1 -1RoamInd: -1RoamStatus(sprint): -1DefRoamInd: -1EmergOnly: false] newSS=[0 home null null null  EvDo rev. A CSS not supported -1 -1RoamInd: -1RoamStatus(sprint): -1DefRoamInd: -1EmergOnly: false]
02-03 22:34:47.200 D/DATA    (  343): [DSST(0)]  mDataConnectionState = 0
02-03 22:34:47.200 D/CallManager(  343):  handleMessage (EVENT_SERVICE_STATE_CHANGED)
02-03 22:34:47.200 E/BT HS/HF(  343): SERVICE_STATE_CHANGED called
02-03 22:34:47.200 E/BT HS/HF(  343): updateServiceState called, sendUpdate:false  ServiceState:0 home Sprint  310099  EvDo rev. A CSS not supported 41 4139RoamInd: 1RoamStatus(sprint): 1DefRoamInd: 160EmergOnly: false
02-03 22:34:47.200 E/BT HS/HF(  343): service:1 mService:1
02-03 22:34:47.210 I/vDM     (  462): KeyCode = 26
02-03 22:34:47.210 D/Mms     (  904): currentRoamingStatus:1
02-03 22:34:48.261 D/PowerManagerService(  257): acquireWakeLock flags=0x1000001a tag=keyguard
02-03 22:34:48.261 D/PowerManagerService(  257): UnPartial  wakeLock  reactivate ,flags=0x1000001a tag=keyguard
02-03 22:34:48.551 D/KeyguardViewMediator(  257): keyguardDone(true)
02-03 22:34:48.561 D/KeyguardViewMediator(  257): handleKeyguardDone
02-03 22:34:48.561 D/KeyguardViewMediator(  257): handleHide
02-03 22:34:48.561 D/KeyguardViewMediator(  257): adjustUserActivityLocked mShowing: false mHidden: false
02-03 22:34:48.571 D/PowerManagerService(  257): UnPartial  wakeLock  reactivate ,flags=0x1000001a tag=keyguard
02-03 22:34:48.571 D/PowerManagerService(  257): releaseWakeLock flags=0x1000001a tag=keyguard
02-03 22:34:48.581 D/KeyguardViewMediator(  257): setHidden false
02-03 22:34:48.581 D/KeyguardViewMediator(  257): setHidden false
02-03 22:34:48.591 D/KeyguardViewMediator(  257): setHidden false
02-03 22:34:48.611 D/KeyguardViewMediator(  257): setHidden false
02-03 22:34:48.631 D/KeyguardViewMediator(  257): setHidden false
02-03 22:34:48.641 D/KeyguardViewMediator(  257): setHidden false
02-03 22:34:48.661 D/KeyguardViewMediator(  257): setHidden false
02-03 22:34:48.671 D/KeyguardViewMediator(  257): setHidden false
02-03 22:34:48.691 D/KeyguardViewMediator(  257): setHidden false
02-03 22:34:48.711 D/KeyguardViewMediator(  257): setHidden false
02-03 22:34:48.721 D/KeyguardViewMediator(  257): setHidden false
02-03 22:34:48.741 D/KeyguardViewMediator(  257): setHidden false
02-03 22:34:48.751 D/KeyguardViewMediator(  257): setHidden false
02-03 22:34:48.771 D/KeyguardViewMediator(  257): setHidden false
02-03 22:34:48.791 D/KeyguardViewMediator(  257): setHidden false
02-03 22:34:48.801 D/KeyguardViewMediator(  257): setHidden false
02-03 22:34:48.821 D/KeyguardViewMediator(  257): setHidden false
02-03 22:34:48.831 D/KeyguardViewMediator(  257): setHidden false
02-03 22:34:48.851 D/KeyguardViewMediator(  257): setHidden false
02-03 22:34:48.871 D/KeyguardViewMediator(  257): setHidden false
02-03 22:34:48.881 D/KeyguardViewMediator(  257): setHidden false
02-03 22:34:48.901 D/KeyguardViewMediator(  257): setHidden false
02-03 22:34:48.921 D/KeyguardViewMediator(  257): setHidden false
02-03 22:34:48.931 D/KeyguardViewMediator(  257): setHidden false
02-03 22:34:48.951 D/KeyguardViewMediator(  257): setHidden false
02-03 22:34:48.971 D/KeyguardViewMediator(  257): setHidden false
02-03 22:34:48.981 D/KeyguardViewMediator(  257): setHidden false
02-03 22:34:49.001 D/KeyguardViewMediator(  257): setHidden false
02-03 22:34:49.021 D/KeyguardViewMediator(  257): setHidden false
02-03 22:34:49.852 I/dun_service(  123): The value returned from dun_getusbmodemstate_fromsys is 2 
02-03 22:34:49.882 D/KeyguardUpdateMonitor(  257): received broadcast android.intent.action.BATTERY_CHANGED
02-03 22:34:49.882 D/KeyguardUpdateMonitor(  257): handleBatteryUpdate
02-03 22:34:53.275 D/KeyguardViewMediator(  257): handleTimeout
