02-03 22:21:42.661 D/MobileDataStateTracker(  257): [dun]  intent.getAction()= android.intent.action.ANY_DATA_STATE
02-03 22:21:42.661 D/MobileDataStateTracker(  257): [dun]  mEnabled = false
02-03 22:21:42.661 D/MobileDataStateTracker(  257): [dun]  apnTypeList = supl
02-03 22:21:42.661 D/MobileDataStateTracker(  257): [dun]  unavailable = false
02-03 22:21:42.661 D/MobileDataStateTracker(  257): [dun] Do not process intents if disabled.
02-03 22:21:42.661 D/MobileDataStateTracker(  257): [supl]  MobileDataStateReceiver onReceive(): Entry.
02-03 22:21:42.661 D/MobileDataStateTracker(  257): [supl]  intent.getAction()= android.intent.action.ANY_DATA_STATE
02-03 22:21:42.661 D/MobileDataStateTracker(  257): [supl]  mEnabled = false
02-03 22:21:42.661 D/MobileDataStateTracker(  257): [supl]  apnTypeList = supl
02-03 22:21:42.661 D/MobileDataStateTracker(  257): [supl]  unavailable = false
02-03 22:21:42.661 D/MobileDataStateTracker(  257): [supl] Do not process intents if disabled.
02-03 22:21:42.661 D/MobileDataStateTracker(  257): [mms]  MobileDataStateReceiver onReceive(): Entry.
02-03 22:21:42.661 D/MobileDataStateTracker(  257): [mms]  intent.getAction()= android.intent.action.ANY_DATA_STATE
02-03 22:21:42.661 D/MobileDataStateTracker(  257): [mms]  mEnabled = false
02-03 22:21:42.681 D/Phone   (  343): [PhoneNotifier] [DefaultPhoneNotifier] : mms, INET, DISCONNECTED
02-03 22:21:42.681 I/TelephonyRegistry(  257): notifyDataConnection: state=0 isDataConnectivityPossible=true reason=radioTechnologyChanged interfaceName=null networkType=7 apnType=mms apn=null
02-03 22:21:42.681 I/TelephonyRegistry(  257): +++broadcastDataConnectionStateChanged
02-03 22:21:42.681 I/TelephonyRegistry(  257): +++sendStickyBroadcast
02-03 22:21:42.681 D/Phone   (  343): [PhoneNotifier] [DefaultPhoneNotifier] : mms, INET6, DISCONNECTED
02-03 22:21:42.681 I/TelephonyRegistry(  257): notifyDataConnection: state=0 isDataConnectivityPossible=true reason=radioTechnologyChanged interfaceName=null networkType=7 apnType=mms apn=null
02-03 22:21:42.681 I/TelephonyRegistry(  257): +++broadcastDataConnectionStateChanged
02-03 22:21:42.691 I/TelephonyRegistry(  257): +++sendStickyBroadcast
02-03 22:21:42.691 D/Phone   (  343): [PhoneNotifier] [DefaultPhoneNotifier] : supl, INET, DISCONNECTED
02-03 22:21:42.691 I/TelephonyRegistry(  257): notifyDataConnection: state=0 isDataConnectivityPossible=true reason=radioTechnologyChanged interfaceName=null networkType=7 apnType=supl apn=null
02-03 22:21:42.691 I/TelephonyRegistry(  257): +++broadcastDataConnectionStateChanged
02-03 22:21:42.691 I/TelephonyRegistry(  257): +++sendStickyBroadcast
02-03 22:21:42.701 D/Phone   (  343): [PhoneNotifier] [DefaultPhoneNotifier] : supl, INET6, DISCONNECTED
02-03 22:21:42.701 D/MobileDataStateTracker(  257): [mms]  apnTypeList = supl
02-03 22:21:42.701 D/MobileDataStateTracker(  257): [mms]  unavailable = false
02-03 22:21:42.701 D/MobileDataStateTracker(  257): [mms] Do not process intents if disabled.
02-03 22:21:42.701 D/MobileDataStateTracker(  257): [default]  MobileDataStateReceiver onReceive(): Entry.
02-03 22:21:42.701 D/MobileDataStateTracker(  257): [default]  intent.getAction()= android.intent.action.ANY_DATA_STATE
02-03 22:21:42.701 D/MobileDataStateTracker(  257): [default]  mEnabled = true
02-03 22:21:42.701 I/TelephonyRegistry(  257): notifyDataConnection: state=0 isDataConnectivityPossible=true reason=radioTechnologyChanged interfaceName=null networkType=7 apnType=supl apn=null
02-03 22:21:42.701 I/TelephonyRegistry(  257): +++broadcastDataConnectionStateChanged
02-03 22:21:42.701 I/TelephonyRegistry(  257): +++sendStickyBroadcast
02-03 22:21:42.711 D/MobileDataStateTracker(  257): [default]  apnTypeList = supl
02-03 22:21:42.711 D/MobileDataStateTracker(  257): [default]  unavailable = false
02-03 22:21:42.711 D/MobileDataStateTracker(  257): [default] not what we are looking for.
02-03 22:21:42.711 D/MobileDataStateTracker(  257): [hipri]  MobileDataStateReceiver onReceive(): Entry.
02-03 22:21:42.711 D/MobileDataStateTracker(  257): [hipri]  intent.getAction()= android.intent.action.ANY_DATA_STATE
02-03 22:21:42.711 D/MobileDataStateTracker(  257): [hipri]  mEnabled = false
02-03 22:21:42.711 D/MobileDataStateTracker(  257): [hipri]  apnTypeList = dun
02-03 22:21:42.711 D/MobileDataStateTracker(  257): [hipri]  unavailable = false
02-03 22:21:42.711 D/MobileDataStateTracker(  257): [hipri] Do not process intents if disabled.
02-03 22:21:42.711 D/MobileDataStateTracker(  257): [dun]  MobileDataStateReceiver onReceive(): Entry.
02-03 22:21:42.711 D/MobileDataStateTracker(  257): [dun]  intent.getAction()= android.intent.action.ANY_DATA_STATE
02-03 22:21:42.711 D/MobileDataStateTracker(  257): [dun]  mEnabled = false
02-03 22:21:42.711 D/MobileDataStateTracker(  257): [dun]  apnTypeList = dun
02-03 22:21:42.711 D/MobileDataStateTracker(  257): [dun]  unavailable = false
02-03 22:21:42.721 D/Phone   (  343): [PhoneNotifier] [DefaultPhoneNotifier] : dun, INET, DISCONNECTED
02-03 22:21:42.721 I/TelephonyRegistry(  257): notifyDataConnection: state=0 isDataConnectivityPossible=true reason=radioTechnologyChanged interfaceName=null networkType=7 apnType=dun apn=null
02-03 22:21:42.721 I/TelephonyRegistry(  257): +++broadcastDataConnectionStateChanged
02-03 22:21:42.721 I/TelephonyRegistry(  257): +++sendStickyBroadcast
02-03 22:21:42.721 D/Phone   (  343): [PhoneNotifier] [DefaultPhoneNotifier] : dun, INET6, DISCONNECTED
02-03 22:21:42.721 I/TelephonyRegistry(  257): notifyDataConnection: state=0 isDataConnectivityPossible=true reason=radioTechnologyChanged interfaceName=null networkType=7 apnType=dun apn=null
02-03 22:21:42.721 I/TelephonyRegistry(  257): +++broadcastDataConnectionStateChanged
02-03 22:21:42.721 D/MobileDataStateTracker(  257): [dun] Do not process intents if disabled.
02-03 22:21:42.721 D/MobileDataStateTracker(  257): [supl]  MobileDataStateReceiver onReceive(): Entry.
02-03 22:21:42.721 D/MobileDataStateTracker(  257): [supl]  intent.getAction()= android.intent.action.ANY_DATA_STATE
02-03 22:21:42.721 D/MobileDataStateTracker(  257): [supl]  mEnabled = false
02-03 22:21:42.721 I/TelephonyRegistry(  257): +++sendStickyBroadcast
02-03 22:21:42.741 D/Phone   (  343): [PhoneNotifier] [DefaultPhoneNotifier] : hipri, INET, DISCONNECTED
02-03 22:21:42.741 I/TelephonyRegistry(  257): notifyDataConnection: state=0 isDataConnectivityPossible=true reason=radioTechnologyChanged interfaceName=null networkType=7 apnType=hipri apn=null
02-03 22:21:42.741 I/TelephonyRegistry(  257): +++broadcastDataConnectionStateChanged
02-03 22:21:42.741 D/MobileDataStateTracker(  257): [supl]  apnTypeList = dun
02-03 22:21:42.741 D/MobileDataStateTracker(  257): [supl]  unavailable = false
02-03 22:21:42.741 D/MobileDataStateTracker(  257): [supl] Do not process intents if disabled.
02-03 22:21:42.751 D/MobileDataStateTracker(  257): [mms]  MobileDataStateReceiver onReceive(): Entry.
02-03 22:21:42.751 D/MobileDataStateTracker(  257): [mms]  intent.getAction()= android.intent.action.ANY_DATA_STATE
02-03 22:21:42.751 D/MobileDataStateTracker(  257): [mms]  mEnabled = false
02-03 22:21:42.751 I/TelephonyRegistry(  257): +++sendStickyBroadcast
02-03 22:21:42.751 D/Phone   (  343): [PhoneNotifier] [DefaultPhoneNotifier] : hipri, INET6, DISCONNECTED
02-03 22:21:42.751 I/TelephonyRegistry(  257): notifyDataConnection: state=0 isDataConnectivityPossible=true reason=radioTechnologyChanged interfaceName=null networkType=7 apnType=hipri apn=null
02-03 22:21:42.751 I/TelephonyRegistry(  257): +++broadcastDataConnectionStateChanged
02-03 22:21:42.751 I/TelephonyRegistry(  257): +++sendStickyBroadcast
02-03 22:21:42.761 D/MobileDataStateTracker(  257): [mms]  apnTypeList = dun
02-03 22:21:42.761 D/MobileDataStateTracker(  257): [mms]  unavailable = false
02-03 22:21:42.761 D/MobileDataStateTracker(  257): [mms] Do not process intents if disabled.
02-03 22:21:42.761 D/MobileDataStateTracker(  257): [default]  MobileDataStateReceiver onReceive(): Entry.
02-03 22:21:42.761 D/MobileDataStateTracker(  257): [default]  intent.getAction()= android.intent.action.ANY_DATA_STATE
02-03 22:21:42.761 D/MobileDataStateTracker(  257): [default]  mEnabled = true
02-03 22:21:42.761 D/DATA    (  343): [DCT(0) ] Resetting all profiles and service states!
02-03 22:21:42.761 D/PhoneApp(  343): old phone type:2, New Phone type:2
02-03 22:21:42.761 D/NotificationMgr(  343): hideDataDisconnectedRoaming()...
02-03 22:21:42.761 D/PhoneApp(  343): old phone type:2, New Phone type:2
02-03 22:21:42.761 D/NotificationMgr(  343): hideDataDisconnectedRoaming()...
02-03 22:21:42.761 D/MobileDataStateTracker(  257): [default]  apnTypeList = dun
02-03 22:21:42.761 D/MobileDataStateTracker(  257): [default]  unavailable = false
02-03 22:21:42.761 D/MobileDataStateTracker(  257): [default] not what we are looking for.
02-03 22:21:42.761 D/MobileDataStateTracker(  257): [hipri]  MobileDataStateReceiver onReceive(): Entry.
02-03 22:21:42.761 D/MobileDataStateTracker(  257): [hipri]  intent.getAction()= android.intent.action.ANY_DATA_STATE
02-03 22:21:42.761 D/MobileDataStateTracker(  257): [hipri]  mEnabled = false
02-03 22:21:42.761 D/MobileDataStateTracker(  257): [hipri]  apnTypeList = dun
02-03 22:21:42.761 D/MobileDataStateTracker(  257): [hipri]  unavailable = false
02-03 22:21:42.761 D/MobileDataStateTracker(  257): [hipri] Do not process intents if disabled.
02-03 22:21:42.761 D/MobileDataStateTracker(  257): [dun]  MobileDataStateReceiver onReceive(): Entry.
02-03 22:21:42.761 D/MobileDataStateTracker(  257): [dun]  intent.getAction()= android.intent.action.ANY_DATA_STATE
02-03 22:21:42.761 D/MobileDataStateTracker(  257): [dun]  mEnabled = false
02-03 22:21:42.771 D/MobileDataStateTracker(  257): [dun]  apnTypeList = dun
02-03 22:21:42.771 D/MobileDataStateTracker(  257): [dun]  unavailable = false
02-03 22:21:42.771 D/MobileDataStateTracker(  257): [dun] Do not process intents if disabled.
02-03 22:21:42.771 D/MobileDataStateTracker(  257): [supl]  MobileDataStateReceiver onReceive(): Entry.
02-03 22:21:42.771 D/MobileDataStateTracker(  257): [supl]  intent.getAction()= android.intent.action.ANY_DATA_STATE
02-03 22:21:42.771 D/MobileDataStateTracker(  257): [supl]  mEnabled = false
02-03 22:21:42.771 D/PhoneApp(  343): old phone type:2, New Phone type:2
02-03 22:21:42.771 D/NotificationMgr(  343): hideDataDisconnectedRoaming()...
02-03 22:21:42.771 D/PhoneApp(  343): old phone type:2, New Phone type:2
02-03 22:21:42.771 D/NotificationMgr(  343): hideDataDisconnectedRoaming()...
02-03 22:21:42.771 D/PhoneApp(  343): old phone type:2, New Phone type:2
02-03 22:21:42.771 D/NotificationMgr(  343): hideDataDisconnectedRoaming()...
02-03 22:21:42.771 D/PhoneApp(  343): old phone type:2, New Phone type:2
02-03 22:21:42.771 D/NotificationMgr(  343): hideDataDisconnectedRoaming()...
02-03 22:21:42.771 D/PhoneApp(  343): old phone type:2, New Phone type:2
02-03 22:21:42.771 D/NotificationMgr(  343): hideDataDisconnectedRoaming()...
02-03 22:21:42.781 D/PhoneApp(  343): old phone type:2, New Phone type:2
02-03 22:21:42.781 D/NotificationMgr(  343): hideDataDisconnectedRoaming()...
02-03 22:21:42.781 D/PhoneApp(  343): old phone type:2, New Phone type:2
02-03 22:21:42.781 D/NotificationMgr(  343): hideDataDisconnectedRoaming()...
02-03 22:21:42.781 D/PhoneApp(  343): old phone type:2, New Phone type:2
02-03 22:21:42.781 D/NotificationMgr(  343): hideDataDisconnectedRoaming()...
02-03 22:21:42.781 D/PhoneApp(  343): old phone type:2, New Phone type:2
02-03 22:21:42.781 D/NotificationMgr(  343): hideDataDisconnectedRoaming()...
02-03 22:21:42.791 D/PhoneApp(  343): old phone type:2, New Phone type:2
02-03 22:21:42.791 D/NotificationMgr(  343): hideDataDisconnectedRoaming()...
02-03 22:21:42.791 D/PhoneApp(  343): old phone type:2, New Phone type:2
02-03 22:21:42.791 D/NotificationMgr(  343): hideDataDisconnectedRoaming()...
02-03 22:21:42.791 D/MobileDataStateTracker(  257): [supl]  apnTypeList = dun
02-03 22:21:42.791 D/MobileDataStateTracker(  257): [supl]  unavailable = false
02-03 22:21:42.791 D/MobileDataStateTracker(  257): [supl] Do not process intents if disabled.
02-03 22:21:42.791 D/MobileDataStateTracker(  257): [mms]  MobileDataStateReceiver onReceive(): Entry.
02-03 22:21:42.791 D/MobileDataStateTracker(  257): [mms]  intent.getAction()= android.intent.action.ANY_DATA_STATE
02-03 22:21:42.791 D/MobileDataStateTracker(  257): [mms]  mEnabled = false
02-03 22:21:42.791 D/MobileDataStateTracker(  257): [mms]  apnTypeList = dun
02-03 22:21:42.791 D/MobileDataStateTracker(  257): [mms]  unavailable = false
02-03 22:21:42.791 D/MobileDataStateTracker(  257): [mms] Do not process intents if disabled.
02-03 22:21:42.791 D/MobileDataStateTracker(  257): [default]  MobileDataStateReceiver onReceive(): Entry.
02-03 22:21:42.791 D/MobileDataStateTracker(  257): [default]  intent.getAction()= android.intent.action.ANY_DATA_STATE
02-03 22:21:42.791 D/MobileDataStateTracker(  257): [default]  mEnabled = true
02-03 22:21:42.791 D/PhoneApp(  343): old phone type:2, New Phone type:2
02-03 22:21:42.791 D/NotificationMgr(  343): hideDataDisconnectedRoaming()...
02-03 22:21:42.791 D/PhoneApp(  343): old phone type:2, New Phone type:2
02-03 22:21:42.791 D/NotificationMgr(  343): hideDataDisconnectedRoaming()...
02-03 22:21:42.801 D/PhoneApp(  343): old phone type:2, New Phone type:2
02-03 22:21:42.801 D/NotificationMgr(  343): hideDataDisconnectedRoaming()...
02-03 22:21:42.801 D/PhoneApp(  343): old phone type:2, New Phone type:2
02-03 22:21:42.801 D/NotificationMgr(  343): hideDataDisconnectedRoaming()...
02-03 22:21:42.801 D/PhoneApp(  343): old phone type:2, New Phone type:2
02-03 22:21:42.801 D/NotificationMgr(  343): hideDataDisconnectedRoaming()...
02-03 22:21:42.801 D/PhoneApp(  343): old phone type:2, New Phone type:2
02-03 22:21:42.801 D/NotificationMgr(  343): hideDataDisconnectedRoaming()...
02-03 22:21:42.811 D/MobileDataStateTracker(  257): [default]  apnTypeList = dun
02-03 22:21:42.811 D/MobileDataStateTracker(  257): [default]  unavailable = false
02-03 22:21:42.811 D/MobileDataStateTracker(  257): [default] not what we are looking for.
02-03 22:21:42.811 D/MobileDataStateTracker(  257): [hipri]  MobileDataStateReceiver onReceive(): Entry.
02-03 22:21:42.811 D/MobileDataStateTracker(  257): [hipri]  intent.getAction()= android.intent.action.ANY_DATA_STATE
02-03 22:21:42.811 D/MobileDataStateTracker(  257): [hipri]  mEnabled = false
02-03 22:21:42.811 D/MobileDataStateTracker(  257): [hipri]  apnTypeList = hipri
02-03 22:21:42.811 D/MobileDataStateTracker(  257): [hipri]  unavailable = false
02-03 22:21:42.811 D/MobileDataStateTracker(  257): [hipri] Do not process intents if disabled.
02-03 22:21:42.811 D/MobileDataStateTracker(  257): [dun]  MobileDataStateReceiver onReceive(): Entry.
02-03 22:21:42.811 D/MobileDataStateTracker(  257): [dun]  intent.getAction()= android.intent.action.ANY_DATA_STATE
02-03 22:21:42.811 D/MobileDataStateTracker(  257): [dun]  mEnabled = false
02-03 22:21:42.811 D/PhoneApp(  343): old phone type:2, New Phone type:2
02-03 22:21:42.811 D/NotificationMgr(  343): hideDataDisconnectedRoaming()...
02-03 22:21:42.821 D/MobileDataStateTracker(  257): [dun]  apnTypeList = hipri
02-03 22:21:42.821 D/MobileDataStateTracker(  257): [dun]  unavailable = false
02-03 22:21:42.821 D/MobileDataStateTracker(  257): [dun] Do not process intents if disabled.
02-03 22:21:42.821 D/MobileDataStateTracker(  257): [supl]  MobileDataStateReceiver onReceive(): Entry.
02-03 22:21:42.821 D/MobileDataStateTracker(  257): [supl]  intent.getAction()= android.intent.action.ANY_DATA_STATE
02-03 22:21:42.821 D/MobileDataStateTracker(  257): [supl]  mEnabled = false
02-03 22:21:42.821 D/MobileDataStateTracker(  257): [supl]  apnTypeList = hipri
02-03 22:21:42.821 D/DATA    (  343): [DSST(0)] pollstate() : reason = data network state changed
02-03 22:21:42.841 D/PhoneApp(  343): mReceiver: ACTION_ANY_DATA_CONNECTION_STATE_CHANGED
02-03 22:21:42.841 D/PhoneApp(  343): - state: DISCONNECTED
02-03 22:21:42.841 D/PhoneApp(  343): - reason: radioTechnologyChanged
02-03 22:21:42.841 D/DATA    (  343): [DC cid = -1]DcInactiveState msg.what=EVENT_CONNECT
02-03 22:21:42.841 I/DATA    (  343): [DC cid = -1]Connecting : dataProfile = [dpt=PROFILE_TYPE_3GPP2_NAI, active=false, 
02-03 22:21:42.841 D/DATA    (  343): **NAI profile id :0
02-03 22:21:42.841 D/PhoneApp(  343): mReceiver: ACTION_ANY_DATA_CONNECTION_STATE_CHANGED
02-03 22:21:42.841 D/PhoneApp(  343): - state: DISCONNECTED
02-03 22:21:42.841 D/PhoneApp(  343): - reason: radioTechnologyChanged
02-03 22:21:42.851 D/MobileDataStateTracker(  257): [supl]  unavailable = false
02-03 22:21:42.861 D/MobileDataStateTracker(  257): [supl] Do not process intents if disabled.
02-03 22:21:42.861 D/MobileDataStateTracker(  257): [mms]  MobileDataStateReceiver onReceive(): Entry.
02-03 22:21:42.861 D/MobileDataStateTracker(  257): [mms]  intent.getAction()= android.intent.action.ANY_DATA_STATE
02-03 22:21:42.861 D/MobileDataStateTracker(  257): [mms]  mEnabled = false
02-03 22:21:42.861 D/MobileDataStateTracker(  257): [mms]  apnTypeList = hipri
02-03 22:21:42.861 D/MobileDataStateTracker(  257): [mms]  unavailable = false
02-03 22:21:42.861 D/MobileDataStateTracker(  257): [mms] Do not process intents if disabled.
02-03 22:21:42.861 D/MobileDataStateTracker(  257): [default]  MobileDataStateReceiver onReceive(): Entry.
02-03 22:21:42.861 D/MobileDataStateTracker(  257): [default]  intent.getAction()= android.intent.action.ANY_DATA_STATE
02-03 22:21:42.861 D/MobileDataStateTracker(  257): [default]  mEnabled = true
02-03 22:21:42.861 D/MobileDataStateTracker(  257): [default]  apnTypeList = hipri
02-03 22:21:42.861 D/MobileDataStateTracker(  257): [default]  unavailable = false
02-03 22:21:42.861 D/MobileDataStateTracker(  257): [default] not what we are looking for.
02-03 22:21:42.861 D/MobileDataStateTracker(  257): [hipri]  MobileDataStateReceiver onReceive(): Entry.
02-03 22:21:42.861 D/MobileDataStateTracker(  257): [hipri]  intent.getAction()= android.intent.action.ANY_DATA_STATE
02-03 22:21:42.861 D/MobileDataStateTracker(  257): [hipri]  mEnabled = false
02-03 22:21:42.861 D/MobileDataStateTracker(  257): [hipri]  apnTypeList = hipri
02-03 22:21:42.861 D/MobileDataStateTracker(  257): [hipri]  unavailable = false
02-03 22:21:42.861 D/MobileDataStateTracker(  257): [hipri] Do not process intents if disabled.
02-03 22:21:42.861 D/MobileDataStateTracker(  257): [dun]  MobileDataStateReceiver onReceive(): Entry.
02-03 22:21:42.861 D/MobileDataStateTracker(  257): [dun]  intent.getAction()= android.intent.action.ANY_DATA_STATE
02-03 22:21:42.861 D/MobileDataStateTracker(  257): [dun]  mEnabled = false
02-03 22:21:42.871 D/MobileDataStateTracker(  257): [dun]  apnTypeList = hipri
02-03 22:21:42.871 D/MobileDataStateTracker(  257): [dun]  unavailable = false
02-03 22:21:42.871 D/MobileDataStateTracker(  257): [dun] Do not process intents if disabled.
02-03 22:21:42.871 D/MobileDataStateTracker(  257): [supl]  MobileDataStateReceiver onReceive(): Entry.
02-03 22:21:42.871 D/MobileDataStateTracker(  257): [supl]  intent.getAction()= android.intent.action.ANY_DATA_STATE
02-03 22:21:42.871 D/MobileDataStateTracker(  257): [supl]  mEnabled = false
02-03 22:21:42.871 D/MobileDataStateTracker(  257): [supl]  apnTypeList = hipri
02-03 22:21:42.871 D/MobileDataStateTracker(  257): [supl]  unavailable = false
02-03 22:21:42.871 D/MobileDataStateTracker(  257): [supl] Do not process intents if disabled.
02-03 22:21:42.871 D/MobileDataStateTracker(  257): [mms]  MobileDataStateReceiver onReceive(): Entry.
02-03 22:21:42.871 D/MobileDataStateTracker(  257): [mms]  intent.getAction()= android.intent.action.ANY_DATA_STATE
02-03 22:21:42.871 D/MobileDataStateTracker(  257): [mms]  mEnabled = false
02-03 22:21:42.891 W/dalvikvm(  470): Refusing to reopen boot DEX '/system/framework/qcnvitems.jar'
02-03 22:21:42.901 D/PhoneApp(  343): mReceiver: ACTION_ANY_DATA_CONNECTION_STATE_CHANGED
02-03 22:21:42.901 D/PhoneApp(  343): - state: DISCONNECTED
02-03 22:21:42.901 D/PhoneApp(  343): - reason: radioTechnologyChanged
02-03 22:21:42.901 D/PhoneApp(  343): mReceiver: ACTION_ANY_DATA_CONNECTION_STATE_CHANGED
02-03 22:21:42.901 D/PhoneApp(  343): - state: DISCONNECTED
02-03 22:21:42.901 D/PhoneApp(  343): - reason: radioTechnologyChanged
02-03 22:21:42.901 D/PhoneApp(  343): mReceiver: ACTION_ANY_DATA_CONNECTION_STATE_CHANGED
02-03 22:21:42.901 D/PhoneApp(  343): - state: DISCONNECTED
02-03 22:21:42.901 D/PhoneApp(  343): - reason: radioTechnologyChanged
02-03 22:21:42.901 D/PhoneApp(  343): mReceiver: ACTION_ANY_DATA_CONNECTION_STATE_CHANGED
02-03 22:21:42.901 D/PhoneApp(  343): - state: DISCONNECTED
02-03 22:21:42.901 D/PhoneApp(  343): - reason: radioTechnologyChanged
02-03 22:21:42.901 D/PhoneApp(  343): mReceiver: ACTION_ANY_DATA_CONNECTION_STATE_CHANGED
02-03 22:21:42.901 D/PhoneApp(  343): - state: DISCONNECTED
02-03 22:21:42.901 D/PhoneApp(  343): - reason: radioTechnologyChanged
02-03 22:21:42.901 D/PhoneApp(  343): mReceiver: ACTION_ANY_DATA_CONNECTION_STATE_CHANGED
02-03 22:21:42.901 D/PhoneApp(  343): - state: DISCONNECTED
02-03 22:21:42.901 D/PhoneApp(  343): - reason: radioTechnologyChanged
02-03 22:21:42.901 D/PhoneApp(  343): mReceiver: ACTION_ANY_DATA_CONNECTION_STATE_CHANGED
02-03 22:21:42.901 D/PhoneApp(  343): - state: DISCONNECTED
02-03 22:21:42.901 D/PhoneApp(  343): - reason: radioTechnologyChanged
02-03 22:21:42.901 D/PhoneApp(  343): mReceiver: ACTION_ANY_DATA_CONNECTION_STATE_CHANGED
02-03 22:21:42.901 D/PhoneApp(  343): - state: DISCONNECTED
02-03 22:21:42.901 D/PhoneApp(  343): - reason: radioTechnologyChanged
02-03 22:21:42.901 D/PhoneApp(  343): mReceiver: ACTION_ANY_DATA_CONNECTION_STATE_CHANGED
02-03 22:21:42.901 D/PhoneApp(  343): - state: DISCONNECTED
02-03 22:21:42.901 D/PhoneApp(  343): - reason: radioTechnologyChanged
02-03 22:21:42.901 I/DATA    (  343): [DCT(0) ] onUpdateDataConnections: reason=radioTechnologyChanged
02-03 22:21:42.901 I/DATA    (  343): [DCT(0) ] ---dc list---
02-03 22:21:42.901 I/DATA    (  343): [DCT(0) ] cid = -1, state = DcActivatingState, bearerType = null, ipaddress = null, gw=null, dns=[null, null]
02-03 22:21:42.901 I/DATA    (  343): [DCT(0) ] ---ds list---
02-03 22:21:42.901 I/DATA    (  343): [DCT(0) ] ds= SERVICE_TYPE_DEFAULT, enabled = true, active = v4:CONNECTING v6:IDLE
02-03 22:21:42.901 I/DATA    (  343): [DCT(0) ] ds= SERVICE_TYPE_MMS, enabled = false, active = v4:IDLE v6:IDLE
02-03 22:21:42.901 I/DATA    (  343): [DCT(0) ] ds= SERVICE_TYPE_SUPL, enabled = false, active = v4:IDLE v6:IDLE
02-03 22:21:42.901 I/DATA    (  343): [DCT(0) ] ds= SERVICE_TYPE_DUN, enabled = false, active = v4:IDLE v6:IDLE
02-03 22:21:42.901 I/DATA    (  343): [DCT(0) ] ds= SERVICE_TYPE_HIPRI, enabled = false, active = v4:IDLE v6:IDLE
02-03 22:21:42.901 I/DATA    (  343): [DCT(0) ] Ready for data : 
02-03 22:21:42.901 I/DATA    (  343): [DCT(0) ]    getDesiredPowerState() = true
02-03 22:21:42.901 I/DATA    (  343): [DCT(0) ]    mCm.getRadioState() = RADIO_ON
02-03 22:21:42.901 I/DATA    (  343): [DCT(0) ]    [DataRadioTech = RADIO_TECH_1xRTT, data network state = 0, mMasterDataEnabled = true, is Roaming = false, dataOnRoamingEnable = false, isPsRestricted = false, desiredPowerState  = true, mSIMRecords = , cdmaSubSource = 1/310120, mRuimRecords = , checks = true/true]
02-03 22:21:42.901 I/DATA    (  343): [DCT(0) ] Data Call setup pending. Not trying to bring up any new data connections.
02-03 22:21:42.901 D/PhoneApp(  343): old phone type:2, New Phone type:2
02-03 22:21:42.901 D/NotificationMgr(  343): hideDataDisconnectedRoaming()...
02-03 22:21:42.911 D/MobileDataStateTracker(  257): [mms]  apnTypeList = hipri
02-03 22:21:42.911 D/MobileDataStateTracker(  257): [mms]  unavailable = false
02-03 22:21:42.911 D/MobileDataStateTracker(  257): [mms] Do not process intents if disabled.
02-03 22:21:42.911 D/MobileDataStateTracker(  257): [default]  MobileDataStateReceiver onReceive(): Entry.
02-03 22:21:42.911 D/MobileDataStateTracker(  257): [default]  intent.getAction()= android.intent.action.ANY_DATA_STATE
02-03 22:21:42.911 D/MobileDataStateTracker(  257): [default]  mEnabled = true
02-03 22:21:42.911 D/MobileDataStateTracker(  257): [default]  apnTypeList = hipri
02-03 22:21:42.911 D/MobileDataStateTracker(  257): [default]  unavailable = false
02-03 22:21:42.911 D/MobileDataStateTracker(  257): [default] not what we are looking for.
02-03 22:21:42.911 D/MobileDataStateTracker(  257): [hipri]  MobileDataStateReceiver onReceive(): Entry.
02-03 22:21:42.911 D/MobileDataStateTracker(  257): [hipri]  intent.getAction()= android.intent.action.SERVICE_STATE
02-03 22:21:42.911 D/MobileDataStateTracker(  257): [hipri]  mEnabled = false
02-03 22:21:42.911 D/MobileDataStateTracker(  257): [dun]  MobileDataStateReceiver onReceive(): Entry.
02-03 22:21:42.911 D/MobileDataStateTracker(  257): [dun]  intent.getAction()= android.intent.action.SERVICE_STATE
02-03 22:21:42.911 D/MobileDataStateTracker(  257): [dun]  mEnabled = false
02-03 22:21:42.911 D/MobileDataStateTracker(  257): [supl]  MobileDataStateReceiver onReceive(): Entry.
02-03 22:21:42.911 D/MobileDataStateTracker(  257): [supl]  intent.getAction()= android.intent.action.SERVICE_STATE
02-03 22:21:42.911 D/MobileDataStateTracker(  257): [supl]  mEnabled = false
02-03 22:21:42.921 D/MobileDataStateTracker(  257): [mms]  MobileDataStateReceiver onReceive(): Entry.
02-03 22:21:42.921 D/MobileDataStateTracker(  257): [mms]  intent.getAction()= android.intent.action.SERVICE_STATE
02-03 22:21:42.921 D/MobileDataStateTracker(  257): [mms]  mEnabled = false
02-03 22:21:42.921 D/MobileDataStateTracker(  257): [default]  MobileDataStateReceiver onReceive(): Entry.
02-03 22:21:42.921 D/MobileDataStateTracker(  257): [default]  intent.getAction()= android.intent.action.SERVICE_STATE
02-03 22:21:42.921 D/MobileDataStateTracker(  257): [default]  mEnabled = true
02-03 22:21:42.921 D/MobileDataStateTracker(  257): [hipri]  MobileDataStateReceiver onReceive(): Entry.
02-03 22:21:42.921 D/MobileDataStateTracker(  257): [hipri]  intent.getAction()= android.intent.action.SERVICE_STATE
02-03 22:21:42.921 D/MobileDataStateTracker(  257): [hipri]  mEnabled = false
02-03 22:21:42.921 D/MobileDataStateTracker(  257): [dun]  MobileDataStateReceiver onReceive(): Entry.
02-03 22:21:42.921 D/MobileDataStateTracker(  257): [dun]  intent.getAction()= android.intent.action.SERVICE_STATE
02-03 22:21:42.921 D/MobileDataStateTracker(  257): [dun]  mEnabled = false
02-03 22:21:42.931 W/dalvikvm(  470): Refusing to reopen boot DEX '/system/framework/qcrilhook.jar'
02-03 22:21:42.951 D/PhoneApp(  343): old phone type:2, New Phone type:2
02-03 22:21:42.951 D/NotificationMgr(  343): hideDataDisconnectedRoaming()...
02-03 22:21:42.951 D/MobileDataStateTracker(  257): [supl]  MobileDataStateReceiver onReceive(): Entry.
02-03 22:21:42.951 D/MobileDataStateTracker(  257): [supl]  intent.getAction()= android.intent.action.SERVICE_STATE
02-03 22:21:42.951 D/MobileDataStateTracker(  257): [supl]  mEnabled = false
02-03 22:21:42.951 D/MobileDataStateTracker(  257): [mms]  MobileDataStateReceiver onReceive(): Entry.
02-03 22:21:42.951 D/MobileDataStateTracker(  257): [mms]  intent.getAction()= android.intent.action.SERVICE_STATE
02-03 22:21:42.951 D/MobileDataStateTracker(  257): [mms]  mEnabled = false
02-03 22:21:42.961 D/MobileDataStateTracker(  257): [default]  MobileDataStateReceiver onReceive(): Entry.
02-03 22:21:42.961 D/MobileDataStateTracker(  257): [default]  intent.getAction()= android.intent.action.SERVICE_STATE
02-03 22:21:42.961 D/MobileDataStateTracker(  257): [default]  mEnabled = true
02-03 22:21:42.971 D/MobileDataStateTracker(  257): [hipri]  MobileDataStateReceiver onReceive(): Entry.
02-03 22:21:42.971 D/MobileDataStateTracker(  257): [hipri]  intent.getAction()= android.intent.action.ANY_DATA_STATE
02-03 22:21:42.971 D/MobileDataStateTracker(  257): [hipri]  mEnabled = false
02-03 22:21:42.971 D/MobileDataStateTracker(  257): [hipri]  apnTypeList = default
02-03 22:21:42.971 D/MobileDataStateTracker(  257): [hipri]  unavailable = false
02-03 22:21:42.971 D/MobileDataStateTracker(  257): [hipri] Do not process intents if disabled.
02-03 22:21:42.971 D/MobileDataStateTracker(  257): [dun]  MobileDataStateReceiver onReceive(): Entry.
02-03 22:21:42.971 D/MobileDataStateTracker(  257): [dun]  intent.getAction()= android.intent.action.ANY_DATA_STATE
02-03 22:21:42.971 D/MobileDataStateTracker(  257): [dun]  mEnabled = false
02-03 22:21:42.971 D/MobileDataStateTracker(  257): [dun]  apnTypeList = default
02-03 22:21:42.971 D/MobileDataStateTracker(  257): [dun]  unavailable = false
02-03 22:21:42.971 D/MobileDataStateTracker(  257): [dun] Do not process intents if disabled.
02-03 22:21:42.971 D/MobileDataStateTracker(  257): [supl]  MobileDataStateReceiver onReceive(): Entry.
02-03 22:21:42.981 D/DATA    (  343): [DSST(0)]  registrationState = 1  radioTechnology = 6 reasonForDenial = 0
02-03 22:21:42.981 D/DATA    (  343): [DSST(0)]  set mNewDataConnectionState = 0
02-03 22:21:42.981 D/DATA    (  343): [DSST(0)]  mNewDataConnectionState : 0  mDataConnectionState : 0
02-03 22:21:42.981 D/DATA    (  343): [DSST(0)] Poll ServiceState done: oldSS=[0 home null null null  1xRTT CSS not supported -1 -1RoamInd: -1RoamStatus(sprint): -1DefRoamInd: -1EmergOnly: false] newSS=[0 home null null null  1xRTT CSS not supported -1 -1RoamInd: -1RoamStatus(sprint): -1DefRoamInd: -1EmergOnly: false]
02-03 22:21:42.981 D/DATA    (  343): [DSST(0)]  mDataConnectionState = 0
02-03 22:21:42.981 D/PhoneApp(  343): old phone type:2, New Phone type:2
02-03 22:21:42.981 D/NotificationMgr(  343): hideDataDisconnectedRoaming()...
02-03 22:21:42.981 D/MobileDataStateTracker(  257): [supl]  intent.getAction()= android.intent.action.ANY_DATA_STATE
02-03 22:21:42.981 D/MobileDataStateTracker(  257): [supl]  mEnabled = false
02-03 22:21:43.001 D/MobileDataStateTracker(  257): [supl]  apnTypeList = default
02-03 22:21:43.001 D/MobileDataStateTracker(  257): [supl]  unavailable = false
02-03 22:21:43.001 D/MobileDataStateTracker(  257): [supl] Do not process intents if disabled.
02-03 22:21:43.001 D/MobileDataStateTracker(  257): [mms]  MobileDataStateReceiver onReceive(): Entry.
02-03 22:21:43.001 D/MobileDataStateTracker(  257): [mms]  intent.getAction()= android.intent.action.ANY_DATA_STATE
02-03 22:21:43.001 D/MobileDataStateTracker(  257): [mms]  mEnabled = false
02-03 22:21:43.001 D/MobileDataStateTracker(  257): [mms]  apnTypeList = default
02-03 22:21:43.001 D/MobileDataStateTracker(  257): [mms]  unavailable = false
02-03 22:21:43.001 D/MobileDataStateTracker(  257): [mms] Do not process intents if disabled.
02-03 22:21:43.001 D/MobileDataStateTracker(  257): [default]  MobileDataStateReceiver onReceive(): Entry.
02-03 22:21:43.001 D/MobileDataStateTracker(  257): [default]  intent.getAction()= android.intent.action.ANY_DATA_STATE
02-03 22:21:43.001 D/MobileDataStateTracker(  257): [default]  mEnabled = true
02-03 22:21:43.011 D/MobileDataStateTracker(  257): [default]  apnTypeList = default
02-03 22:21:43.011 D/MobileDataStateTracker(  257): [default]  unavailable = false
02-03 22:21:43.011 D/MobileDataStateTracker(  257): [default] CALL updateMobileInfoFromIntent
02-03 22:21:43.011 I/MobileDataStateTracker(  257): [default] dc state change intent received for default/INET with state  CONNECTING. enabled=true state change reason = radioTechnologyChanged
02-03 22:21:43.011 I/MobileDataStateTracker(  257): [default] old state = DISCONNECTED
02-03 22:21:43.011 I/MobileDataStateTracker(  257): [default] updated mobile state info for INET : [state=CONNECTING, iface=null, mApnName=null, mIpAddress=null, mGateway=null]
02-03 22:21:43.011 D/NetworkStateTracker(  257): setDetailed state, old =IDLE and new state=CONNECTING
02-03 22:21:43.011 D/MobileDataStateTracker(  257): [hipri]  MobileDataStateReceiver onReceive(): Entry.
02-03 22:21:43.011 D/MobileDataStateTracker(  257): [hipri]  intent.getAction()= android.intent.action.ANY_DATA_STATE
02-03 22:21:43.011 D/MobileDataStateTracker(  257): [hipri]  mEnabled = false
02-03 22:21:43.011 D/MobileDataStateTracker(  257): [hipri]  apnTypeList = default
02-03 22:21:43.011 D/MobileDataStateTracker(  257): [hipri]  unavailable = false
02-03 22:21:43.011 D/MobileDataStateTracker(  257): [hipri] Do not process intents if disabled.
02-03 22:21:43.011 D/MobileDataStateTracker(  257): [dun]  MobileDataStateReceiver onReceive(): Entry.
02-03 22:21:43.011 D/MobileDataStateTracker(  257): [dun]  intent.getAction()= android.intent.action.ANY_DATA_STATE
02-03 22:21:43.011 D/MobileDataStateTracker(  257): [dun]  mEnabled = false
02-03 22:21:43.011 D/MobileDataStateTracker(  257): [dun]  apnTypeList = default
02-03 22:21:43.011 D/MobileDataStateTracker(  257): [dun]  unavailable = false
02-03 22:21:43.011 D/MobileDataStateTracker(  257): [dun] Do not process intents if disabled.
02-03 22:21:43.011 D/MobileDataStateTracker(  257): [supl]  MobileDataStateReceiver onReceive(): Entry.
02-03 22:21:43.011 D/MobileDataStateTracker(  257): [supl]  intent.getAction()= android.intent.action.ANY_DATA_STATE
02-03 22:21:43.011 D/MobileDataStateTracker(  257): [supl]  mEnabled = false
02-03 22:21:43.021 D/MobileDataStateTracker(  257): [supl]  apnTypeList = default
02-03 22:21:43.021 D/MobileDataStateTracker(  257): [supl]  unavailable = false
02-03 22:21:43.021 D/MobileDataStateTracker(  257): [supl] Do not process intents if disabled.
02-03 22:21:43.021 D/MobileDataStateTracker(  257): [mms]  MobileDataStateReceiver onReceive(): Entry.
02-03 22:21:43.021 D/MobileDataStateTracker(  257): [mms]  intent.getAction()= android.intent.action.ANY_DATA_STATE
02-03 22:21:43.021 D/MobileDataStateTracker(  257): [mms]  mEnabled = false
02-03 22:21:43.021 D/MobileDataStateTracker(  257): [mms]  apnTypeList = default
02-03 22:21:43.021 D/MobileDataStateTracker(  257): [mms]  unavailable = false
02-03 22:21:43.021 D/MobileDataStateTracker(  257): [mms] Do not process intents if disabled.
02-03 22:21:43.021 D/MobileDataStateTracker(  257): [default]  MobileDataStateReceiver onReceive(): Entry.
02-03 22:21:43.021 D/MobileDataStateTracker(  257): [default]  intent.getAction()= android.intent.action.ANY_DATA_STATE
02-03 22:21:43.021 D/MobileDataStateTracker(  257): [default]  mEnabled = true
02-03 22:21:43.021 D/PhoneApp(  343): old phone type:2, New Phone type:2
02-03 22:21:43.021 D/NotificationMgr(  343): hideDataDisconnectedRoaming()...
02-03 22:21:43.021 D/PhoneApp(  343): old phone type:2, New Phone type:2
02-03 22:21:43.021 D/NotificationMgr(  343): hideDataDisconnectedRoaming()...
02-03 22:21:43.021 D/PhoneApp(  343): old phone type:2, New Phone type:2
02-03 22:21:43.021 D/NotificationMgr(  343): hideDataDisconnectedRoaming()...
02-03 22:21:43.021 D/PhoneApp(  343): old phone type:2, New Phone type:2
02-03 22:21:43.021 D/NotificationMgr(  343): hideDataDisconnectedRoaming()...
02-03 22:21:43.021 D/PhoneApp(  343): old phone type:2, New Phone type:2
02-03 22:21:43.021 D/NotificationMgr(  343): hideDataDisconnectedRoaming()...
02-03 22:21:43.031 D/PhoneApp(  343): old phone type:2, New Phone type:2
02-03 22:21:43.031 D/NotificationMgr(  343): hideDataDisconnectedRoaming()...
02-03 22:21:43.031 D/PhoneApp(  343): old phone type:2, New Phone type:2
02-03 22:21:43.031 D/NotificationMgr(  343): hideDataDisconnectedRoaming()...
02-03 22:21:43.031 D/PhoneApp(  343): old phone type:2, New Phone type:2
02-03 22:21:43.031 D/NotificationMgr(  343): hideDataDisconnectedRoaming()...
02-03 22:21:43.031 D/CallManager(  343):  handleMessage (EVENT_SERVICE_STATE_CHANGED)
02-03 22:21:43.031 E/BT HS/HF(  343): SERVICE_STATE_CHANGED called
02-03 22:21:43.031 E/BT HS/HF(  343): updateServiceState called, sendUpdate:false  ServiceState:0 home Sprint  310099  1xRTT CSS not supported 41 4139RoamInd: 1RoamStatus(sprint): 1DefRoamInd: 160EmergOnly: false
02-03 22:21:43.031 E/BT HS/HF(  343): service:1 mService:1
02-03 22:21:43.081 D/MobileDataStateTracker(  257): [default]  apnTypeList = default
02-03 22:21:43.081 D/MobileDataStateTracker(  257): [default]  unavailable = false
02-03 22:21:43.081 D/MobileDataStateTracker(  257): [default] CALL updateMobileInfoFromIntent
02-03 22:21:43.081 I/MobileDataStateTracker(  257): [default] dc state change intent received for default/INET with state  CONNECTING. enabled=true state change reason = radioTechnologyChanged
02-03 22:21:43.081 I/MobileDataStateTracker(  257): [default] old state = CONNECTING
02-03 22:21:43.081 I/MobileDataStateTracker(  257): [default] no change,  just return
02-03 22:21:43.081 D/MobileDataStateTracker(  257): [default] No need to update detailed state
02-03 22:21:43.081 D/MobileDataStateTracker(  257): [hipri]  MobileDataStateReceiver onReceive(): Entry.
02-03 22:21:43.081 D/MobileDataStateTracker(  257): [hipri]  intent.getAction()= android.intent.action.ANY_DATA_STATE
02-03 22:21:43.081 D/MobileDataStateTracker(  257): [hipri]  mEnabled = false
02-03 22:21:43.081 D/MobileDataStateTracker(  257): [hipri]  apnTypeList = default
02-03 22:21:43.081 D/MobileDataStateTracker(  257): [hipri]  unavailable = false
02-03 22:21:43.081 D/MobileDataStateTracker(  257): [hipri] Do not process intents if disabled.
02-03 22:21:43.081 D/MobileDataStateTracker(  257): [dun]  MobileDataStateReceiver onReceive(): Entry.
02-03 22:21:43.081 D/MobileDataStateTracker(  257): [dun]  intent.getAction()= android.intent.action.ANY_DATA_STATE
02-03 22:21:43.081 D/MobileDataStateTracker(  257): [dun]  mEnabled = false
02-03 22:21:43.111 D/MobileDataStateTracker(  257): [dun]  apnTypeList = default
02-03 22:21:43.111 D/MobileDataStateTracker(  257): [dun]  unavailable = false
02-03 22:21:43.111 D/MobileDataStateTracker(  257): [dun] Do not process intents if disabled.
02-03 22:21:43.111 D/MobileDataStateTracker(  257): [supl]  MobileDataStateReceiver onReceive(): Entry.
02-03 22:21:43.111 D/MobileDataStateTracker(  257): [supl]  intent.getAction()= android.intent.action.ANY_DATA_STATE
02-03 22:21:43.121 D/MobileDataStateTracker(  257): [supl]  mEnabled = false
02-03 22:21:43.272 D/MobileDataStateTracker(  257): [supl]  apnTypeList = default
02-03 22:21:43.272 D/MobileDataStateTracker(  257): [supl]  unavailable = false
02-03 22:21:43.272 D/MobileDataStateTracker(  257): [supl] Do not process intents if disabled.
02-03 22:21:43.272 D/MobileDataStateTracker(  257): [mms]  MobileDataStateReceiver onReceive(): Entry.
02-03 22:21:43.272 D/MobileDataStateTracker(  257): [mms]  intent.getAction()= android.intent.action.ANY_DATA_STATE
02-03 22:21:43.272 D/MobileDataStateTracker(  257): [mms]  mEnabled = false
02-03 22:21:43.272 D/MobileDataStateTracker(  257): [mms]  apnTypeList = default
02-03 22:21:43.272 D/MobileDataStateTracker(  257): [mms]  unavailable = false
02-03 22:21:43.272 D/MobileDataStateTracker(  257): [mms] Do not process intents if disabled.
02-03 22:21:43.272 D/MobileDataStateTracker(  257): [default]  MobileDataStateReceiver onReceive(): Entry.
02-03 22:21:43.272 D/MobileDataStateTracker(  257): [default]  intent.getAction()= android.intent.action.ANY_DATA_STATE
02-03 22:21:43.282 D/MobileDataStateTracker(  257): [default]  mEnabled = true
02-03 22:21:43.282 D/MobileDataStateTracker(  257): [default]  apnTypeList = default
02-03 22:21:43.282 D/MobileDataStateTracker(  257): [default]  unavailable = false
02-03 22:21:43.282 D/MobileDataStateTracker(  257): [default] CALL updateMobileInfoFromIntent
02-03 22:21:43.282 I/MobileDataStateTracker(  257): [default] dc state change intent received for default/INET6 with state  DISCONNECTED. enabled=true state change reason = radioTechnologyChanged
02-03 22:21:43.282 I/MobileDataStateTracker(  257): [default] old state = DISCONNECTED
02-03 22:21:43.282 I/MobileDataStateTracker(  257): [default] no change,  just return
02-03 22:21:43.282 D/MobileDataStateTracker(  257): [default] No need to update detailed state
02-03 22:21:43.282 D/MobileDataStateTracker(  257): [hipri]  MobileDataStateReceiver onReceive(): Entry.
02-03 22:21:43.282 D/MobileDataStateTracker(  257): [hipri]  intent.getAction()= android.intent.action.ANY_DATA_STATE
02-03 22:21:43.282 D/MobileDataStateTracker(  257): [hipri]  mEnabled = false
02-03 22:21:43.282 D/MobileDataStateTracker(  257): [hipri]  apnTypeList = mms
02-03 22:21:43.282 D/MobileDataStateTracker(  257): [hipri]  unavailable = false
02-03 22:21:43.282 D/MobileDataStateTracker(  257): [hipri] Do not process intents if disabled.
02-03 22:21:43.292 D/MobileDataStateTracker(  257): [dun]  MobileDataStateReceiver onReceive(): Entry.
02-03 22:21:43.292 D/MobileDataStateTracker(  257): [dun]  intent.getAction()= android.intent.action.ANY_DATA_STATE
02-03 22:21:43.292 D/MobileDataStateTracker(  257): [dun]  mEnabled = false
02-03 22:21:43.302 D/MobileDataStateTracker(  257): [dun]  apnTypeList = mms
02-03 22:21:43.302 D/MobileDataStateTracker(  257): [dun]  unavailable = false
02-03 22:21:43.302 D/MobileDataStateTracker(  257): [dun] Do not process intents if disabled.
02-03 22:21:43.302 D/MobileDataStateTracker(  257): [supl]  MobileDataStateReceiver onReceive(): Entry.
02-03 22:21:43.302 D/MobileDataStateTracker(  257): [supl]  intent.getAction()= android.intent.action.ANY_DATA_STATE
02-03 22:21:43.302 D/MobileDataStateTracker(  257): [supl]  mEnabled = false
02-03 22:21:43.362 D/MobileDataStateTracker(  257): [supl]  apnTypeList = mms
02-03 22:21:43.362 D/MobileDataStateTracker(  257): [supl]  unavailable = false
02-03 22:21:43.362 D/MobileDataStateTracker(  257): [supl] Do not process intents if disabled.
02-03 22:21:43.362 D/MobileDataStateTracker(  257): [mms]  MobileDataStateReceiver onReceive(): Entry.
02-03 22:21:43.362 D/MobileDataStateTracker(  257): [mms]  intent.getAction()= android.intent.action.ANY_DATA_STATE
02-03 22:21:43.362 D/MobileDataStateTracker(  257): [mms]  mEnabled = false
02-03 22:21:43.362 D/MobileDataStateTracker(  257): [mms]  apnTypeList = mms
02-03 22:21:43.362 D/MobileDataStateTracker(  257): [mms]  unavailable = false
02-03 22:21:43.362 D/MobileDataStateTracker(  257): [mms] Do not process intents if disabled.
02-03 22:21:43.362 D/MobileDataStateTracker(  257): [default]  MobileDataStateReceiver onReceive(): Entry.
02-03 22:21:43.372 D/MobileDataStateTracker(  257): [default]  intent.getAction()= android.intent.action.ANY_DATA_STATE
02-03 22:21:43.372 D/MobileDataStateTracker(  257): [default]  mEnabled = true
02-03 22:21:43.372 D/MobileDataStateTracker(  257): [default]  apnTypeList = mms
02-03 22:21:43.372 D/MobileDataStateTracker(  257): [default]  unavailable = false
02-03 22:21:43.372 D/MobileDataStateTracker(  257): [default] not what we are looking for.
02-03 22:21:43.372 D/MobileDataStateTracker(  257): [hipri]  MobileDataStateReceiver onReceive(): Entry.
02-03 22:21:43.372 D/MobileDataStateTracker(  257): [hipri]  intent.getAction()= android.intent.action.ANY_DATA_STATE
02-03 22:21:43.372 D/MobileDataStateTracker(  257): [hipri]  mEnabled = false
02-03 22:21:43.372 D/MobileDataStateTracker(  257): [hipri]  apnTypeList = mms
02-03 22:21:43.372 D/MobileDataStateTracker(  257): [hipri]  unavailable = false
02-03 22:21:43.372 D/MobileDataStateTracker(  257): [hipri] Do not process intents if disabled.
02-03 22:21:43.372 D/MobileDataStateTracker(  257): [dun]  MobileDataStateReceiver onReceive(): Entry.
02-03 22:21:43.372 D/MobileDataStateTracker(  257): [dun]  intent.getAction()= android.intent.action.ANY_DATA_STATE
02-03 22:21:43.372 D/MobileDataStateTracker(  257): [dun]  mEnabled = false
02-03 22:21:43.372 D/MobileDataStateTracker(  257): [dun]  apnTypeList = mms
02-03 22:21:43.372 D/MobileDataStateTracker(  257): [dun]  unavailable = false
02-03 22:21:43.382 D/MobileDataStateTracker(  257): [dun] Do not process intents if disabled.
02-03 22:21:43.382 D/MobileDataStateTracker(  257): [supl]  MobileDataStateReceiver onReceive(): Entry.
02-03 22:21:43.382 D/MobileDataStateTracker(  257): [supl]  intent.getAction()= android.intent.action.ANY_DATA_STATE
02-03 22:21:43.382 D/MobileDataStateTracker(  257): [supl]  mEnabled = false
02-03 22:21:43.382 D/MobileDataStateTracker(  257): [supl]  apnTypeList = mms
02-03 22:21:43.382 D/MobileDataStateTracker(  257): [supl]  unavailable = false
02-03 22:21:43.382 D/MobileDataStateTracker(  257): [supl] Do not process intents if disabled.
02-03 22:21:43.382 D/MobileDataStateTracker(  257): [mms]  MobileDataStateReceiver onReceive(): Entry.
02-03 22:21:43.382 D/MobileDataStateTracker(  257): [mms]  intent.getAction()= android.intent.action.ANY_DATA_STATE
02-03 22:21:43.382 D/MobileDataStateTracker(  257): [mms]  mEnabled = false
02-03 22:21:43.382 D/MobileDataStateTracker(  257): [mms]  apnTypeList = mms
02-03 22:21:43.382 D/MobileDataStateTracker(  257): [mms]  unavailable = false
02-03 22:21:43.382 D/MobileDataStateTracker(  257): [mms] Do not process intents if disabled.
02-03 22:21:43.382 D/MobileDataStateTracker(  257): [default]  MobileDataStateReceiver onReceive(): Entry.
02-03 22:21:43.382 D/MobileDataStateTracker(  257): [default]  intent.getAction()= android.intent.action.ANY_DATA_STATE
02-03 22:21:43.382 D/MobileDataStateTracker(  257): [default]  mEnabled = true
02-03 22:21:43.392 D/MobileDataStateTracker(  257): [default]  apnTypeList = mms
02-03 22:21:43.392 D/MobileDataStateTracker(  257): [default]  unavailable = false
02-03 22:21:43.392 D/MobileDataStateTracker(  257): [default] not what we are looking for.
02-03 22:21:43.392 D/MobileDataStateTracker(  257): [hipri]  MobileDataStateReceiver onReceive(): Entry.
02-03 22:21:43.392 D/MobileDataStateTracker(  257): [hipri]  intent.getAction()= android.intent.action.ANY_DATA_STATE
02-03 22:21:43.392 D/MobileDataStateTracker(  257): [hipri]  mEnabled = false
02-03 22:21:43.392 D/MobileDataStateTracker(  257): [hipri]  apnTypeList = supl
02-03 22:21:43.392 D/MobileDataStateTracker(  257): [hipri]  unavailable = false
02-03 22:21:43.392 D/MobileDataStateTracker(  257): [hipri] Do not process intents if disabled.
02-03 22:21:43.392 D/MobileDataStateTracker(  257): [dun]  MobileDataStateReceiver onReceive(): Entry.
02-03 22:21:43.392 D/MobileDataStateTracker(  257): [dun]  intent.getAction()= android.intent.action.ANY_DATA_STATE
02-03 22:21:43.392 D/MobileDataStateTracker(  257): [dun]  mEnabled = false
02-03 22:21:43.392 D/MobileDataStateTracker(  257): [dun]  apnTypeList = supl
02-03 22:21:43.392 D/MobileDataStateTracker(  257): [dun]  unavailable = false
02-03 22:21:43.392 D/MobileDataStateTracker(  257): [dun] Do not process intents if disabled.
02-03 22:21:43.392 D/MobileDataStateTracker(  257): [supl]  MobileDataStateReceiver onReceive(): Entry.
02-03 22:21:43.392 D/MobileDataStateTracker(  257): [supl]  intent.getAction()= android.intent.action.ANY_DATA_STATE
02-03 22:21:43.392 D/MobileDataStateTracker(  257): [supl]  mEnabled = false
02-03 22:21:43.392 D/MobileDataStateTracker(  257): [supl]  apnTypeList = supl
02-03 22:21:43.392 D/MobileDataStateTracker(  257): [supl]  unavailable = false
02-03 22:21:43.392 D/MobileDataStateTracker(  257): [supl] Do not process intents if disabled.
02-03 22:21:43.392 D/MobileDataStateTracker(  257): [mms]  MobileDataStateReceiver onReceive(): Entry.
02-03 22:21:43.392 D/MobileDataStateTracker(  257): [mms]  intent.getAction()= android.intent.action.ANY_DATA_STATE
02-03 22:21:43.392 D/MobileDataStateTracker(  257): [mms]  mEnabled = false
02-03 22:21:43.402 D/MobileDataStateTracker(  257): [mms]  apnTypeList = supl
02-03 22:21:43.402 D/MobileDataStateTracker(  257): [mms]  unavailable = false
02-03 22:21:43.402 D/MobileDataStateTracker(  257): [mms] Do not process intents if disabled.
02-03 22:21:43.402 D/MobileDataStateTracker(  257): [default]  MobileDataStateReceiver onReceive(): Entry.
02-03 22:21:43.402 D/MobileDataStateTracker(  257): [default]  intent.getAction()= android.intent.action.ANY_DATA_STATE
02-03 22:21:43.402 D/MobileDataStateTracker(  257): [default]  mEnabled = true
02-03 22:21:43.402 D/MobileDataStateTracker(  257): [default]  apnTypeList = supl
02-03 22:21:43.402 D/MobileDataStateTracker(  257): [default]  unavailable = false
02-03 22:21:43.402 D/MobileDataStateTracker(  257): [default] not what we are looking for.
02-03 22:21:43.402 D/MobileDataStateTracker(  257): [hipri]  MobileDataStateReceiver onReceive(): Entry.
02-03 22:21:43.402 D/MobileDataStateTracker(  257): [hipri]  intent.getAction()= android.intent.action.ANY_DATA_STATE
02-03 22:21:43.402 D/MobileDataStateTracker(  257): [hipri]  mEnabled = false
02-03 22:21:43.402 D/MobileDataStateTracker(  257): [hipri]  apnTypeList = supl
02-03 22:21:43.402 D/MobileDataStateTracker(  257): [hipri]  unavailable = false
02-03 22:21:43.402 D/MobileDataStateTracker(  257): [hipri] Do not process intents if disabled.
02-03 22:21:43.402 D/MobileDataStateTracker(  257): [dun]  MobileDataStateReceiver onReceive(): Entry.
02-03 22:21:43.402 D/MobileDataStateTracker(  257): [dun]  intent.getAction()= android.intent.action.ANY_DATA_STATE
02-03 22:21:43.402 D/MobileDataStateTracker(  257): [dun]  mEnabled = false
02-03 22:21:43.402 D/MobileDataStateTracker(  257): [dun]  apnTypeList = supl
02-03 22:21:43.402 D/MobileDataStateTracker(  257): [dun]  unavailable = false
02-03 22:21:43.402 D/MobileDataStateTracker(  257): [dun] Do not process intents if disabled.
02-03 22:21:43.402 D/MobileDataStateTracker(  257): [supl]  MobileDataStateReceiver onReceive(): Entry.
02-03 22:21:43.402 D/MobileDataStateTracker(  257): [supl]  intent.getAction()= android.intent.action.ANY_DATA_STATE
02-03 22:21:43.402 D/MobileDataStateTracker(  257): [supl]  mEnabled = false
02-03 22:21:43.412 D/MobileDataStateTracker(  257): [supl]  apnTypeList = supl
02-03 22:21:43.412 D/MobileDataStateTracker(  257): [supl]  unavailable = false
