02-03 22:21:51.029 I/Documents To Go(  635): Phone Boot Received
02-03 22:21:51.069 D/EAS SyncManager(  496): !!! EAS SyncManager, onStartCommand
02-03 22:21:51.129 D/EAS SyncManager(  496): !!! EAS SyncManager, stopping self
02-03 22:21:51.159 D/EAS SyncManager(  496): !!! EAS SyncManager, onDestroy
02-03 22:21:51.299 E/BootReceiver(  400): Contacts,BootReceiver
02-03 22:21:51.309 E/BootReceiver(  400): start group load service
02-03 22:21:51.309 E/BootReceiver(  400): oncreate before calling function of doPreSotred()
02-03 22:21:51.319 E/BootReceiver(  400): name and number have been prestored before
02-03 22:21:51.319 E/BootReceiver(  400): oncreate after calling function of doPreSotred()
02-03 22:21:51.319 E/LoadGroupService(  400): LoadGroupService execute
02-03 22:21:51.410 I/CameraBoot(  646): Start Camera application
02-03 22:21:51.480 I/ActivityThread(  654): Pub com.android.calendar: com.android.providers.calendar.CalendarProvider2
02-03 22:21:51.600 D/LoadGroupService(  400): importGroups, getLoadStatus status = 1
02-03 22:21:51.600 E/LoadGroupService(  400): doPreSotred import_status =1
02-03 22:21:51.600 E/LoadGroupService(  400): groups have been imported before
02-03 22:21:51.690 D/***zyj***(  343):  CdmaKpcInfo enter
02-03 22:21:51.690 D/***zyj***(  343):  fillBundle enter
02-03 22:21:51.690 E/PhoneInterfaceManager(  343): ***zyj*** name:1mask:22151168
02-03 22:21:51.690 D/PhoneInterfaceManager(  343): Broadcasting intent ACTION_UNSOL_RESPONSE_OEM_HOOK_KPC
02-03 22:21:51.730 D/AlertReceiver(  666): onReceive: a=android.intent.action.BOOT_COMPLETED Intent { act=android.intent.action.BOOT_COMPLETED cmp=com.android.calendar/.AlertReceiver }
02-03 22:21:51.770 D/AlertService(  666): 0 Action = android.intent.action.BOOT_COMPLETED
02-03 22:21:51.810 D/CABL    (  674): Bootup: CABL state is:false
02-03 22:21:52.421 D/Calendar(  654): missed alarms found: 0
02-03 22:21:52.631 I/dun_service(  123): process rmnet event
02-03 22:21:52.631 I/dun_service(  123): Post event 3
02-03 22:21:52.631 I/dun_service(  123): received event: DUN_EVENT_RMNET_DOWN 
02-03 22:21:52.631 I/dun_service(  123): received event(DUN_EVENT_RMNET_DOWN) in state(DUN_STATE_USB_UNPLUG)
02-03 22:21:52.631 I/dun_service(  123): Ignoring the event DUN_EVENT_RMNET_DOWN in USB_UNPLUG_STATE
02-03 22:21:52.631 I/dun_service(  123): Moved to state(DUN_STATE_USB_UNPLUG)
02-03 22:21:52.651 E/DHCP    (  125): +++ ifc_configure
02-03 22:21:52.651 E/DHCP    (  125):  +++ create default route
02-03 22:21:52.651 E/DHCP    (  125):  +++ set dns prop 
02-03 22:21:52.651 I/dun_service(  123): process rmnet event
02-03 22:21:52.651 I/dun_service(  123): Post event 4
02-03 22:21:52.651 I/dun_service(  123): process rmnet event
02-03 22:21:52.651 I/dun_service(  123): Post event 4
02-03 22:21:52.651 I/dun_service(  123): process rmnet event
02-03 22:21:52.651 I/dun_service(  123): Post event 4
02-03 22:21:52.651 I/dun_service(  123): received event: DUN_EVENT_RMNET_UP 
02-03 22:21:52.651 I/dun_service(  123): received event(DUN_EVENT_RMNET_UP) in state(DUN_STATE_USB_UNPLUG)
02-03 22:21:52.651 I/dun_service(  123): Ignoring the event DUN_EVENT_RMNET_UP in USB_UNPLUG_STATE
02-03 22:21:52.651 I/dun_service(  123): Moved to state(DUN_STATE_USB_UNPLUG)
02-03 22:21:52.651 I/dun_service(  123): received event: DUN_EVENT_RMNET_UP 
02-03 22:21:52.651 I/dun_service(  123): received event(DUN_EVENT_RMNET_UP) in state(DUN_STATE_USB_UNPLUG)
02-03 22:21:52.651 I/dun_service(  123): Ignoring the event DUN_EVENT_RMNET_UP in USB_UNPLUG_STATE
02-03 22:21:52.651 I/dun_service(  123): Moved to state(DUN_STATE_USB_UNPLUG)
02-03 22:21:52.651 I/dun_service(  123): received event: DUN_EVENT_RMNET_UP 
02-03 22:21:52.651 I/dun_service(  123): received event(DUN_EVENT_RMNET_UP) in state(DUN_STATE_USB_UNPLUG)
02-03 22:21:52.651 I/dun_service(  123): Ignoring the event DUN_EVENT_RMNET_UP in USB_UNPLUG_STATE
02-03 22:21:52.651 I/dun_service(  123): Moved to state(DUN_STATE_USB_UNPLUG)
02-03 22:21:52.661 I/dun_service(  123): process rmnet event
02-03 22:21:52.661 I/dun_service(  123): Post event 4
02-03 22:21:52.661 I/dun_service(  123): received event: DUN_EVENT_RMNET_UP 
02-03 22:21:52.661 I/dun_service(  123): received event(DUN_EVENT_RMNET_UP) in state(DUN_STATE_USB_UNPLUG)
02-03 22:21:52.661 I/dun_service(  123): Ignoring the event DUN_EVENT_RMNET_UP in USB_UNPLUG_STATE
02-03 22:21:52.661 I/dun_service(  123): Moved to state(DUN_STATE_USB_UNPLUG)
02-03 22:21:52.661 E/        (  113): cby, conn_id = 0, client_id = 3, service_id = 1
02-03 22:21:52.661 D/DATA    (  343): [DC cid = -1]DcActivatingState msg.what=EVENT_SETUP_DATA_CONNECTION_DONE
02-03 22:21:52.661 D/DATA    (  343): [DC cid = 0]interface=rmnet0 ipAddress=70.14.58.237 gateway=70.14.58.238 DNS1=68.28.67.132 DNS2=68.28.68.132
02-03 22:21:52.661 D/DATA    (  343): [DC cid = 0]DataConnection setup result='SUCCESS' on cid=0
02-03 22:21:52.661 D/DATA    (  343): [DC cid = 0]DcInactiveState: setEnterNoticationParams cp,cause
02-03 22:21:52.661 D/DATA    (  343): [DC cid = 0]DcActiveState: enter notifyConnectCompleted
02-03 22:21:52.661 D/DATA    (  343): [DC cid = 0]notifyConnection at 1328329312673 cause=NONE
02-03 22:21:52.661 I/DATA    (  343): [DCT(0) ] onConnectDone: set mDataCallSetupPending = false
02-03 22:21:52.661 I/DATA    (  343): [DCT(0) ] --------------------------
02-03 22:21:52.661 I/DATA    (  343): [DCT(0) ] Data call setup : SUCCESS
02-03 22:21:52.661 I/DATA    (  343): [DCT(0) ]   data profile  : CDMA NAI 0
02-03 22:21:52.661 I/DATA    (  343): [DCT(0) ]   service type  : SERVICE_TYPE_DEFAULT
02-03 22:21:52.661 I/DATA    (  343): [DCT(0) ]   data call id  : 0
02-03 22:21:52.661 I/DATA    (  343): [DCT(0) ]   ip version    : INET
02-03 22:21:52.661 I/DATA    (  343): [DCT(0) ]   ip address/gw : 70.14.58.237/70.14.58.238
02-03 22:21:52.661 I/DATA    (  343): [DCT(0) ]   dns           : [68.28.67.132, 68.28.68.132]
02-03 22:21:52.661 I/DATA    (  343): [DCT(0) ]   reason   : radioTechnologyChanged
02-03 22:21:52.661 I/DATA    (  343): [DCT(0) ] --------------------------
02-03 22:21:52.661 I/DATA    (  343): [DCT(0) ] handleConnectedDc() : Cid=0, State=DcActiveState, bearerType=IP, create=1328329312673, lastFail=-1, lastFailCause=NONE, dp=[dpt=PROFILE_TYPE_3GPP2_NAI, active=false, 
02-03 22:21:52.661 I/DATA    (  343): [SERVICE_TYPE_DEFAULT] Service is active on INET through cid=0
02-03 22:21:52.661 I/DATA    (  343): [SERVICE_TYPE_DEFAULT] set newState =  CONNECTEDoldState =  CONNECTING
02-03 22:21:52.741 D/Phone   (  343): [PhoneNotifier] [DefaultPhoneNotifier] : default, INET, CONNECTED
02-03 22:21:52.771 I/TelephonyRegistry(  257): notifyDataConnection: state=2 isDataConnectivityPossible=true reason=radioTechnologyChanged interfaceName=rmnet0 networkType=6 apnType=default apn=null
02-03 22:21:52.771 I/TelephonyRegistry(  257): +++broadcastDataConnectionStateChanged
02-03 22:21:52.771 I/TelephonyRegistry(  257): +++sendStickyBroadcast
02-03 22:21:52.781 D/MobileDataStateTracker(  257): [hipri]  MobileDataStateReceiver onReceive(): Entry.
02-03 22:21:52.781 D/MobileDataStateTracker(  257): [hipri]  intent.getAction()= android.intent.action.ANY_DATA_STATE
02-03 22:21:52.781 D/MobileDataStateTracker(  257): [hipri]  mEnabled = false
02-03 22:21:52.781 I/DATA    (  343): [SERVICE_TYPE_MMS] Service is active on INET through cid=0
02-03 22:21:52.781 I/DATA    (  343): [SERVICE_TYPE_MMS] set newState =  CONNECTEDoldState =  IDLE
02-03 22:21:52.791 D/Phone   (  343): [PhoneNotifier] [DefaultPhoneNotifier] : mms, INET, CONNECTED
02-03 22:21:52.831 D/MobileDataStateTracker(  257): [hipri]  apnTypeList = default
02-03 22:21:52.831 D/MobileDataStateTracker(  257): [hipri]  unavailable = false
02-03 22:21:52.851 D/MobileDataStateTracker(  257): [hipri] Do not process intents if disabled.
02-03 22:21:52.851 D/MobileDataStateTracker(  257): [dun]  MobileDataStateReceiver onReceive(): Entry.
02-03 22:21:52.851 D/MobileDataStateTracker(  257): [dun]  intent.getAction()= android.intent.action.ANY_DATA_STATE
02-03 22:21:52.851 D/MobileDataStateTracker(  257): [dun]  mEnabled = false
02-03 22:21:52.921 D/MobileDataStateTracker(  257): [dun]  apnTypeList = default
02-03 22:21:52.921 D/MobileDataStateTracker(  257): [dun]  unavailable = false
02-03 22:21:52.921 D/MobileDataStateTracker(  257): [dun] Do not process intents if disabled.
02-03 22:21:52.941 I/TelephonyRegistry(  257): notifyDataConnection: state=2 isDataConnectivityPossible=true reason=radioTechnologyChanged interfaceName=rmnet0 networkType=6 apnType=mms apn=null
02-03 22:21:52.941 I/TelephonyRegistry(  257): +++broadcastDataConnectionStateChanged
02-03 22:21:52.941 I/TelephonyRegistry(  257): +++sendStickyBroadcast
02-03 22:21:52.941 D/MobileDataStateTracker(  257): [supl]  MobileDataStateReceiver onReceive(): Entry.
02-03 22:21:52.941 D/MobileDataStateTracker(  257): [supl]  intent.getAction()= android.intent.action.ANY_DATA_STATE
02-03 22:21:52.941 D/MobileDataStateTracker(  257): [supl]  mEnabled = false
02-03 22:21:52.941 D/MobileDataStateTracker(  257): [supl]  apnTypeList = default
02-03 22:21:52.941 D/MobileDataStateTracker(  257): [supl]  unavailable = false
02-03 22:21:52.941 D/MobileDataStateTracker(  257): [supl] Do not process intents if disabled.
02-03 22:21:52.941 D/MobileDataStateTracker(  257): [mms]  MobileDataStateReceiver onReceive(): Entry.
02-03 22:21:52.941 D/MobileDataStateTracker(  257): [mms]  intent.getAction()= android.intent.action.ANY_DATA_STATE
02-03 22:21:52.941 D/MobileDataStateTracker(  257): [mms]  mEnabled = false
02-03 22:21:52.951 D/MobileDataStateTracker(  257): [mms]  apnTypeList = default
02-03 22:21:52.951 D/MobileDataStateTracker(  257): [mms]  unavailable = false
02-03 22:21:52.951 D/MobileDataStateTracker(  257): [mms] Do not process intents if disabled.
02-03 22:21:52.951 D/MobileDataStateTracker(  257): [default]  MobileDataStateReceiver onReceive(): Entry.
02-03 22:21:52.951 D/MobileDataStateTracker(  257): [default]  intent.getAction()= android.intent.action.ANY_DATA_STATE
02-03 22:21:52.951 I/DATA    (  343): [SERVICE_TYPE_SUPL] Service is active on INET through cid=0
02-03 22:21:52.951 I/DATA    (  343): [SERVICE_TYPE_SUPL] set newState =  CONNECTEDoldState =  IDLE
02-03 22:21:52.951 D/Phone   (  343): [PhoneNotifier] [DefaultPhoneNotifier] : supl, INET, CONNECTED
02-03 22:21:52.951 I/TelephonyRegistry(  257): notifyDataConnection: state=2 isDataConnectivityPossible=true reason=radioTechnologyChanged interfaceName=rmnet0 networkType=6 apnType=supl apn=null
02-03 22:21:52.951 I/TelephonyRegistry(  257): +++broadcastDataConnectionStateChanged
02-03 22:21:52.951 I/TelephonyRegistry(  257): +++sendStickyBroadcast
02-03 22:21:52.961 I/DATA    (  343): [SERVICE_TYPE_HIPRI] Service is active on INET through cid=0
02-03 22:21:52.961 I/DATA    (  343): [SERVICE_TYPE_HIPRI] set newState =  CONNECTEDoldState =  IDLE
02-03 22:21:52.961 D/Phone   (  343): [PhoneNotifier] [DefaultPhoneNotifier] : hipri, INET, CONNECTED
02-03 22:21:52.961 I/TelephonyRegistry(  257): notifyDataConnection: state=2 isDataConnectivityPossible=true reason=radioTechnologyChanged interfaceName=rmnet0 networkType=6 apnType=hipri apn=null
02-03 22:21:52.961 I/TelephonyRegistry(  257): +++broadcastDataConnectionStateChanged
02-03 22:21:52.971 D/MobileDataStateTracker(  257): [default]  mEnabled = true
02-03 22:21:52.971 D/MobileDataStateTracker(  257): [default]  apnTypeList = default
02-03 22:21:52.971 D/MobileDataStateTracker(  257): [default]  unavailable = false
02-03 22:21:52.971 D/MobileDataStateTracker(  257): [default] CALL updateMobileInfoFromIntent
02-03 22:21:52.971 I/MobileDataStateTracker(  257): [default] dc state change intent received for default/INET with state  CONNECTED. enabled=true state change reason = radioTechnologyChanged
02-03 22:21:52.971 I/MobileDataStateTracker(  257): [default] old state = CONNECTING
02-03 22:21:52.971 I/MobileDataStateTracker(  257): [default] updated mobile state info for INET : [state=CONNECTED, iface=rmnet0, mApnName=null, mIpAddress=/70.14.58.237, mGateway=/70.14.58.238]
02-03 22:21:52.971 D/NetworkStateTracker(  257): setDetailed state, old =CONNECTING and new state=CONNECTED
02-03 22:21:52.971 I/TelephonyRegistry(  257): +++sendStickyBroadcast
02-03 22:21:52.981 I/DATA    (  343): [DCT(0) ] onConnectDone: update dc reason = radioTechnologyChanged
02-03 22:21:52.981 I/DATA    (  343): [DCT(0) ] onDataCallListChanged:
02-03 22:21:52.981 I/DATA    (  343): [DCT(0) ] ---dc state list---
02-03 22:21:52.981 I/DATA    (  343): [DCT(0) ] DataCallState: { cid: 0, active: 2, type: , apn: , address: 70.14.58.237 }
02-03 22:21:52.981 I/DATA    (  343): [DCT(0) ] ---dc list---
02-03 22:21:52.981 I/DATA    (  343): [DCT(0) ] cid = 0, state = DcActiveState, bearerType = IP, ipaddress = 70.14.58.237, gw=70.14.58.238, dns=[68.28.67.132, 68.28.68.132]
02-03 22:21:52.981 W/NetworkStateTracker(  257): net.tcp.buffersize.evdo not found in system properties. Using defaults
02-03 22:21:52.981 D/MobileDataStateTracker(  257): [hipri]  MobileDataStateReceiver onReceive(): Entry.
02-03 22:21:52.981 D/MobileDataStateTracker(  257): [hipri]  intent.getAction()= android.intent.action.ANY_DATA_STATE
02-03 22:21:52.981 D/MobileDataStateTracker(  257): [hipri]  mEnabled = false
02-03 22:21:52.991 D/MobileDataStateTracker(  257): [hipri]  apnTypeList = mms
02-03 22:21:52.991 D/MobileDataStateTracker(  257): [hipri]  unavailable = false
02-03 22:21:52.991 D/MobileDataStateTracker(  257): [hipri] Do not process intents if disabled.
02-03 22:21:52.991 D/MobileDataStateTracker(  257): [dun]  MobileDataStateReceiver onReceive(): Entry.
02-03 22:21:52.991 D/MobileDataStateTracker(  257): [dun]  intent.getAction()= android.intent.action.ANY_DATA_STATE
02-03 22:21:52.991 D/MobileDataStateTracker(  257): [dun]  mEnabled = false
02-03 22:21:52.991 W/NetworkStateTracker(  257): ### addDefaultRoute for iface rmnet0
02-03 22:21:52.991 I/NetworkStateTracker(  257): addDefaultRoute (INET) for mobile (rmnet0), GatewayAddr=70.14.58.238
02-03 22:21:53.001 D/PhoneApp(  343): mReceiver: ACTION_ANY_DATA_CONNECTION_STATE_CHANGED
02-03 22:21:53.001 D/PhoneApp(  343): - state: CONNECTED
02-03 22:21:53.001 D/PhoneApp(  343): - reason: radioTechnologyChanged
02-03 22:21:53.001 D/PhoneApp(  343): mReceiver: ACTION_ANY_DATA_CONNECTION_STATE_CHANGED
02-03 22:21:53.001 D/MobileDataStateTracker(  257): [dun]  apnTypeList = mms
02-03 22:21:53.001 D/MobileDataStateTracker(  257): [dun]  unavailable = false
02-03 22:21:53.001 D/MobileDataStateTracker(  257): [dun] Do not process intents if disabled.
02-03 22:21:53.001 D/MobileDataStateTracker(  257): [supl]  MobileDataStateReceiver onReceive(): Entry.
02-03 22:21:53.001 D/MobileDataStateTracker(  257): [supl]  intent.getAction()= android.intent.action.ANY_DATA_STATE
02-03 22:21:53.001 D/MobileDataStateTracker(  257): [supl]  mEnabled = false
02-03 22:21:53.011 D/MobileDataStateTracker(  257): [supl]  apnTypeList = mms
02-03 22:21:53.011 D/MobileDataStateTracker(  257): [supl]  unavailable = false
02-03 22:21:53.011 D/MobileDataStateTracker(  257): [supl] Do not process intents if disabled.
02-03 22:21:53.011 D/MobileDataStateTracker(  257): [mms]  MobileDataStateReceiver onReceive(): Entry.
02-03 22:21:53.011 D/MobileDataStateTracker(  257): [mms]  intent.getAction()= android.intent.action.ANY_DATA_STATE
02-03 22:21:53.011 D/MobileDataStateTracker(  257): [mms]  mEnabled = false
02-03 22:21:53.011 D/PhoneApp(  343): - state: CONNECTED
02-03 22:21:53.011 D/PhoneApp(  343): - reason: radioTechnologyChanged
02-03 22:21:53.011 D/PhoneApp(  343): mReceiver: ACTION_ANY_DATA_CONNECTION_STATE_CHANGED
02-03 22:21:53.011 D/PhoneApp(  343): - state: CONNECTED
02-03 22:21:53.011 D/PhoneApp(  343): - reason: radioTechnologyChanged
02-03 22:21:53.011 D/PhoneApp(  343): mReceiver: ACTION_ANY_DATA_CONNECTION_STATE_CHANGED
02-03 22:21:53.021 D/MobileDataStateTracker(  257): [mms]  apnTypeList = mms
02-03 22:21:53.021 D/MobileDataStateTracker(  257): [mms]  unavailable = false
02-03 22:21:53.021 D/MobileDataStateTracker(  257): [mms] Do not process intents if disabled.
02-03 22:21:53.021 D/MobileDataStateTracker(  257): [default]  MobileDataStateReceiver onReceive(): Entry.
02-03 22:21:53.021 D/MobileDataStateTracker(  257): [default]  intent.getAction()= android.intent.action.ANY_DATA_STATE
02-03 22:21:53.021 D/MobileDataStateTracker(  257): [default]  mEnabled = true
02-03 22:21:53.021 D/MobileDataStateTracker(  257): [default]  apnTypeList = mms
02-03 22:21:53.021 D/MobileDataStateTracker(  257): [default]  unavailable = false
02-03 22:21:53.021 D/MobileDataStateTracker(  257): [default] not what we are looking for.
02-03 22:21:53.021 D/PhoneApp(  343): - state: CONNECTED
02-03 22:21:53.021 D/PhoneApp(  343): - reason: radioTechnologyChanged
02-03 22:21:53.021 I/DATA    (  343): [DCT(0) ] onUpdateDataConnections: reason=radioTechnologyChanged
02-03 22:21:53.021 I/DATA    (  343): [DCT(0) ] ---dc list---
02-03 22:21:53.021 I/DATA    (  343): [DCT(0) ] cid = 0, state = DcActiveState, bearerType = IP, ipaddress = 70.14.58.237, gw=70.14.58.238, dns=[68.28.67.132, 68.28.68.132]
02-03 22:21:53.021 I/DATA    (  343): [DCT(0) ] ---ds list---
02-03 22:21:53.021 I/DATA    (  343): [DCT(0) ] ds= SERVICE_TYPE_DEFAULT, enabled = true, active = v4:CONNECTED(0) v6:IDLE
02-03 22:21:53.021 I/DATA    (  343): [DCT(0) ] ds= SERVICE_TYPE_MMS, enabled = false, active = v4:CONNECTED(0) v6:IDLE
02-03 22:21:53.021 I/DATA    (  343): [DCT(0) ] ds= SERVICE_TYPE_SUPL, enabled = false, active = v4:CONNECTED(0) v6:IDLE
02-03 22:21:53.021 D/MobileDataStateTracker(  257): [hipri]  MobileDataStateReceiver onReceive(): Entry.
02-03 22:21:53.021 D/MobileDataStateTracker(  257): [hipri]  intent.getAction()= android.intent.action.ANY_DATA_STATE
02-03 22:21:53.021 D/MobileDataStateTracker(  257): [hipri]  mEnabled = false
02-03 22:21:53.031 D/MobileDataStateTracker(  257): [hipri]  apnTypeList = supl
02-03 22:21:53.031 D/MobileDataStateTracker(  257): [hipri]  unavailable = false
02-03 22:21:53.031 D/MobileDataStateTracker(  257): [hipri] Do not process intents if disabled.
02-03 22:21:53.031 D/MobileDataStateTracker(  257): [dun]  MobileDataStateReceiver onReceive(): Entry.
02-03 22:21:53.031 D/MobileDataStateTracker(  257): [dun]  intent.getAction()= android.intent.action.ANY_DATA_STATE
02-03 22:21:53.031 D/MobileDataStateTracker(  257): [dun]  mEnabled = false
02-03 22:21:53.041 D/MobileDataStateTracker(  257): [dun]  apnTypeList = supl
02-03 22:21:53.041 D/MobileDataStateTracker(  257): [dun]  unavailable = false
02-03 22:21:53.041 D/MobileDataStateTracker(  257): [dun] Do not process intents if disabled.
02-03 22:21:53.041 D/MobileDataStateTracker(  257): [supl]  MobileDataStateReceiver onReceive(): Entry.
02-03 22:21:53.041 D/MobileDataStateTracker(  257): [supl]  intent.getAction()= android.intent.action.ANY_DATA_STATE
02-03 22:21:53.041 D/MobileDataStateTracker(  257): [supl]  mEnabled = false
02-03 22:21:53.041 D/MobileDataStateTracker(  257): [supl]  apnTypeList = supl
02-03 22:21:53.041 D/MobileDataStateTracker(  257): [supl]  unavailable = false
02-03 22:21:53.041 D/MobileDataStateTracker(  257): [supl] Do not process intents if disabled.
02-03 22:21:53.041 D/MobileDataStateTracker(  257): [mms]  MobileDataStateReceiver onReceive(): Entry.
02-03 22:21:53.041 D/MobileDataStateTracker(  257): [mms]  intent.getAction()= android.intent.action.ANY_DATA_STATE
02-03 22:21:53.041 D/MobileDataStateTracker(  257): [mms]  mEnabled = false
02-03 22:21:53.041 I/DATA    (  343): [DCT(0) ] ds= SERVICE_TYPE_DUN, enabled = false, active = v4:IDLE v6:IDLE
02-03 22:21:53.041 I/DATA    (  343): [DCT(0) ] ds= SERVICE_TYPE_HIPRI, enabled = false, active = v4:CONNECTED(0) v6:IDLE
02-03 22:21:53.041 I/DATA    (  343): [DCT(0) ] Ready for data : 
02-03 22:21:53.041 I/DATA    (  343): [DCT(0) ]    getDesiredPowerState() = true
02-03 22:21:53.041 I/DATA    (  343): [DCT(0) ]    mCm.getRadioState() = RADIO_ON
02-03 22:21:53.041 I/DATA    (  343): [DCT(0) ]    [DataRadioTech = RADIO_TECH_EVDO_A, data network state = 0, mMasterDataEnabled = true, is Roaming = false, dataOnRoamingEnable = false, isPsRestricted = false, desiredPowerState  = true, mSIMRecords = , cdmaSubSource = 1/310120, mRuimRecords = , checks = true/true]
02-03 22:21:53.041 D/PhoneApp(  343): old phone type:2, New Phone type:2
02-03 22:21:53.041 D/NotificationMgr(  343): hideDataDisconnectedRoaming()...
02-03 22:21:53.051 D/PhoneApp(  343): old phone type:2, New Phone type:2
02-03 22:21:53.061 D/NotificationMgr(  343): hideDataDisconnectedRoaming()...
02-03 22:21:53.061 D/PhoneApp(  343): old phone type:2, New Phone type:2
02-03 22:21:53.061 D/NotificationMgr(  343): hideDataDisconnectedRoaming()...
02-03 22:21:53.071 D/MobileDataStateTracker(  257): [mms]  apnTypeList = supl
02-03 22:21:53.071 D/MobileDataStateTracker(  257): [mms]  unavailable = false
02-03 22:21:53.071 D/MobileDataStateTracker(  257): [mms] Do not process intents if disabled.
02-03 22:21:53.071 D/MobileDataStateTracker(  257): [default]  MobileDataStateReceiver onReceive(): Entry.
02-03 22:21:53.071 D/MobileDataStateTracker(  257): [default]  intent.getAction()= android.intent.action.ANY_DATA_STATE
02-03 22:21:53.071 D/MobileDataStateTracker(  257): [default]  mEnabled = true
02-03 22:21:53.071 D/MobileDataStateTracker(  257): [default]  apnTypeList = supl
02-03 22:21:53.071 D/MobileDataStateTracker(  257): [default]  unavailable = false
02-03 22:21:53.071 D/MobileDataStateTracker(  257): [default] not what we are looking for.
02-03 22:21:53.071 D/MobileDataStateTracker(  257): [hipri]  MobileDataStateReceiver onReceive(): Entry.
02-03 22:21:53.071 D/MobileDataStateTracker(  257): [hipri]  intent.getAction()= android.intent.action.ANY_DATA_STATE
02-03 22:21:53.071 D/MobileDataStateTracker(  257): [hipri]  mEnabled = false
02-03 22:21:53.071 D/PhoneApp(  343): old phone type:2, New Phone type:2
02-03 22:21:53.071 D/NotificationMgr(  343): hideDataDisconnectedRoaming()...
02-03 22:21:53.081 D/MobileDataStateTracker(  257): [hipri]  apnTypeList = hipri
02-03 22:21:53.081 D/MobileDataStateTracker(  257): [hipri]  unavailable = false
02-03 22:21:53.081 D/MobileDataStateTracker(  257): [hipri] Do not process intents if disabled.
02-03 22:21:53.081 D/MobileDataStateTracker(  257): [dun]  MobileDataStateReceiver onReceive(): Entry.
02-03 22:21:53.081 D/MobileDataStateTracker(  257): [dun]  intent.getAction()= android.intent.action.ANY_DATA_STATE
02-03 22:21:53.081 D/MobileDataStateTracker(  257): [dun]  mEnabled = false
02-03 22:21:53.101 D/MobileDataStateTracker(  257): [dun]  apnTypeList = hipri
02-03 22:21:53.101 D/MobileDataStateTracker(  257): [dun]  unavailable = false
02-03 22:21:53.101 D/MobileDataStateTracker(  257): [dun] Do not process intents if disabled.
02-03 22:21:53.101 D/MobileDataStateTracker(  257): [supl]  MobileDataStateReceiver onReceive(): Entry.
02-03 22:21:53.101 D/MobileDataStateTracker(  257): [supl]  intent.getAction()= android.intent.action.ANY_DATA_STATE
02-03 22:21:53.101 D/MobileDataStateTracker(  257): [supl]  mEnabled = false
02-03 22:21:53.111 D/MobileDataStateTracker(  257): [supl]  apnTypeList = hipri
02-03 22:21:53.111 D/MobileDataStateTracker(  257): [supl]  unavailable = false
02-03 22:21:53.111 D/MobileDataStateTracker(  257): [supl] Do not process intents if disabled.
02-03 22:21:53.111 D/MobileDataStateTracker(  257): [mms]  MobileDataStateReceiver onReceive(): Entry.
02-03 22:21:53.111 D/MobileDataStateTracker(  257): [mms]  intent.getAction()= android.intent.action.ANY_DATA_STATE
02-03 22:21:53.111 D/MobileDataStateTracker(  257): [mms]  mEnabled = false
02-03 22:21:53.111 D/MobileDataStateTracker(  257): [mms]  apnTypeList = hipri
02-03 22:21:53.111 D/MobileDataStateTracker(  257): [mms]  unavailable = false
02-03 22:21:53.111 D/MobileDataStateTracker(  257): [mms] Do not process intents if disabled.
02-03 22:21:53.111 D/MobileDataStateTracker(  257): [default]  MobileDataStateReceiver onReceive(): Entry.
02-03 22:21:53.111 D/MobileDataStateTracker(  257): [default]  intent.getAction()= android.intent.action.ANY_DATA_STATE
02-03 22:21:53.111 D/MobileDataStateTracker(  257): [default]  mEnabled = true
02-03 22:21:53.121 D/MobileDataStateTracker(  257): [default]  apnTypeList = hipri
02-03 22:21:53.121 D/MobileDataStateTracker(  257): [default]  unavailable = false
02-03 22:21:53.121 D/MobileDataStateTracker(  257): [default] not what we are looking for.
02-03 22:21:53.131 W/NetworkStateTracker(  257): ### addDefaultRoute for iface null
02-03 22:21:53.131 W/NetworkStateTracker(  257):  skip addDefaultRoute. 
02-03 22:21:53.131 D/Tethering(  257): MasterInitialState.processMessage what=3
02-03 22:21:53.161 D/AlarmManager(  257): +++Alarm set:type=2 com.google.android.apps.maps  Trigger after:899998ms
02-03 22:21:53.321 D/GpsLocationProvider(  257): updateNetworkState available info: NetworkInfo: type: mobile[CDMA - EvDo rev. A], state: CONNECTED/CONNECTED, reason: radioTechnologyChanged, extra: (none), roaming: false, failover: false, isAvailable: true, isIpv4Connected: true, isIpv6Connected: false, ipv4Name: rmnet0, ipv6Name: null
02-03 22:21:53.341 D/AlarmManager(  257): +++Alarm set:type=2 android  Trigger after:44942195ms
02-03 22:21:53.482 D/loc_api_rpc_glue(  257): Loc API RPC client initialized.
02-03 22:21:53.502 D/GpsLocationProvider(  257): getAGpsConnectionInfo connType - 3
02-03 22:21:53.642 D/Mms     (  587): doAutoSend
02-03 22:21:53.662 I/vDM     (  462): Vdmc getInstance
02-03 22:21:53.702 I/vDM     (  462): <MyATCommand.java> MyATCommand() construct
02-03 22:21:53.702 I/vDM     (  462): VdmcLawmo#checkLock
02-03 22:21:53.782 D/QC_NV_ITEMS(  462): QcNvItems instance created.
02-03 22:21:53.782 I/QC_RIL_OEM_HOOK(  462): QcRilOemHook Service Created Successfully
02-03 22:21:53.782 D/QC_NV_ITEMS(  462): ### getPhoneLocked()
02-03 22:21:53.782 D/QC_RIL_OEM_HOOK(  462): sendRilOemHookMsg: itemIdTemp81
02-03 22:21:53.782 D/GpsLocationProvider(  257): NTP server returned: 1328329313501 (Fri Feb 03 22:21:53 CST 2012) reference: 45139 certainty: 60 system time offset: -253
02-03 22:21:53.792 E/loc_api_rpc_glue(  257): loc_api_sync_ioctl: IOCTL result failed, result: 1 (select id 0)
02-03 22:21:53.792 E/libloc  (  257): loc_eng_inject_time failed
02-03 22:21:54.553 D/QC_NV_ITEMS(  462): Received: 00
02-03 22:21:54.553 D/QC_NV_ITEMS(  462): val=0
02-03 22:21:54.553 I/vDM     (  462): VdmcLawmo#checkLock unlock
02-03 22:21:54.563 I/vDM     (  462): Vdmc none AirPlane
02-03 22:21:54.563 I/DMC     (  462): Vdmc showHfaUI
02-03 22:21:54.563 D/QC_NV_ITEMS(  462): QcNvItems instance created.
02-03 22:21:54.563 I/QC_RIL_OEM_HOOK(  462): QcRilOemHook Service Created Successfully
02-03 22:21:54.563 D/QC_NV_ITEMS(  462): ### getMeid()
02-03 22:21:54.563 D/QC_RIL_OEM_HOOK(  462): sendRilOemHookMsg: itemIdTemp-105
02-03 22:21:54.573 D/QC_NV_ITEMS(  462): Received: bb947d200000a100
02-03 22:21:54.573 D/QC_NV_ITEMS(  462): ***zhoujing***NvMeidType::mMeid=0x0
02-03 22:21:54.573 E/vDM     (  462): meidValue = A10000207D94BB
02-03 22:21:54.573 I/vDM     (  462): Vdmc getInstance
02-03 22:21:54.573 D/QC_NV_ITEMS(  462): ### getMeid()
02-03 22:21:54.573 D/QC_RIL_OEM_HOOK(  462): sendRilOemHookMsg: itemIdTemp-105
02-03 22:21:54.583 D/QC_NV_ITEMS(  462): Received: bb947d200000a100
02-03 22:21:54.583 D/QC_NV_ITEMS(  462): ***zhoujing***NvMeidType::mMeid=0x0
02-03 22:21:54.583 E/vDM     (  462): meidValue = A10000207D94BB
02-03 22:21:54.583 E/vDM     (  462): getLastFourMEID() MEID=A10000207D94BB
02-03 22:21:54.583 E/vDM     (  462): getLastFourMEID() Last4MEID=0075
02-03 22:21:54.583 I/vDM     (  462): MyTreeIoHanlder isEnterHfa
02-03 22:21:54.583 D/QC_NV_ITEMS(  462): QcNvItems instance created.
02-03 22:21:54.583 I/QC_RIL_OEM_HOOK(  462): QcRilOemHook Service Created Successfully
02-03 22:21:54.593 D/QC_NV_ITEMS(  462): ###getMinImsiNumber()
02-03 22:21:54.593 D/QC_RIL_OEM_HOOK(  462): sendRilOemHookMsg: itemIdTemp32
02-03 22:21:54.593 D/Calendar(  666): missed alarms found: 0
02-03 22:21:54.603 D/QC_NV_ITEMS(  462): Received: ff947d20006cda6b00
02-03 22:21:54.603 D/QC_RIL_OEM_HOOK(  462): sendRilOemHookMsg: itemIdTemp33
02-03 22:21:54.613 D/AlertService(  666): No fired or scheduled alerts
02-03 22:21:54.623 D/QC_NV_ITEMS(  462): Received: ff947d9103
02-03 22:21:54.623 D/QC_NV_ITEMS(  462): getMinImsiNumber() msid = 9137068268
02-03 22:21:54.623 D/QC_NV_ITEMS(  462): ### getMobDirNumber()
02-03 22:21:54.623 D/QC_RIL_OEM_HOOK(  462): sendRilOemHookMsg: itemIdTemp-41
02-03 22:21:54.633 D/QC_NV_ITEMS(  462): Received: 000a090103020a0a050902080a0a0a0a0a
02-03 22:21:54.633 E/QC_NV_ITEMS(  462): ### getMipDataProfile, slot = 1
02-03 22:21:54.633 D/QC_NV_ITEMS(  462): ### doNvRead(465, 1)
02-03 22:21:54.633 D/QC_RIL_OEM_HOOK(  462): sendRilOemHookMsg: itemIdTemp-47
02-03 22:21:54.643 D/QC_NV_ITEMS(  462): Received(465,1): 011f7a7465746573746163636f756e7432323140737072696e747063732e636f6d000000000000000000000000000000000000000000000000000000000000000000000000000000000001d204000001d20400000100000000ffffffff4c591c44
02-03 22:21:54.643 D/QC_NV_ITEMS(  462): 011f7a7465746573746163636f756e7432323140737072696e747063732e636f6d000000000000000000000000000000000000000000000000000000000000000000000000000000000001d204000001d20400000100000000ffffffff4c591c44
02-03 22:21:54.643 E/QmiItemTypes(  462):  index= 1
02-03 22:21:54.643 E/QmiItemTypes(  462):  nai len= 31
02-03 22:21:54.643 E/QmiItemTypes(  462):  nai str= ztetestaccount221@sprintpcs.com
02-03 22:21:54.643 E/QmiItemTypes(  462):  mMnHaSpiSet= true
02-03 22:21:54.643 E/QmiItemTypes(  462):  mMnHaSpi= 1234
02-03 22:21:54.643 E/QmiItemTypes(  462):  mMnAaaSpiSet= true
02-03 22:21:54.643 E/QmiItemTypes(  462):  mMnAaaSpi= 1234
02-03 22:21:54.643 E/QmiItemTypes(  462):  mRvsTnl= true
02-03 22:21:54.643 E/QmiItemTypes(  462):  home_addr= 0.0.0.0
02-03 22:21:54.643 E/QmiItemTypes(  462):  primary_ha_addr= 255.255.255.255
02-03 22:21:54.643 E/QmiItemTypes(  462):  secondary_ha_addr= 68.28.89.76
02-03 22:21:54.643 I/DMC     (  462): get msid =9137068268
02-03 22:21:54.643 I/DMC     (  462): get mdn =9132005928
02-03 22:21:54.643 I/DMC     (  462): get nai lenth =31
02-03 22:21:54.643 I/vDM     (  462): MyTreeIoHanlder checkDeviceActive true
02-03 22:21:54.643 D/QC_NV_ITEMS(  462): ### setMipProfileEnabled()
02-03 22:21:54.643 D/QC_NV_ITEMS(  462): mEnabled[0]:true, mEnabled[1]:true 
02-03 22:21:54.643 D/QC_NV_ITEMS(  462): mEnabled[0]:true, mEnabled[1]:true 
02-03 22:21:54.643 D/QC_RIL_OEM_HOOK(  462): sendRilOemHookMsg: itemIdTemp-54
02-03 22:21:54.653 D/QC_NV_ITEMS(  462): ### getActiveMipSlot()
02-03 22:21:54.653 D/QC_RIL_OEM_HOOK(  462): sendRilOemHookMsg: itemIdTemp-48
02-03 22:21:54.663 D/QC_NV_ITEMS(  462): Received: 01
02-03 22:21:54.663 D/QC_NV_ITEMS(  462): val=1
02-03 22:21:54.663 I/vDM     (  462): getSlotParam=1
02-03 22:21:54.663 D/QC_NV_ITEMS(  462): QcNvItems instance created.
02-03 22:21:54.663 I/QC_RIL_OEM_HOOK(  462): QcRilOemHook Service Created Successfully
02-03 22:21:54.663 E/QC_NV_ITEMS(  462): ### getMipDataProfile, slot = 1
02-03 22:21:54.663 D/QC_NV_ITEMS(  462): ### doNvRead(465, 1)
02-03 22:21:54.663 D/QC_RIL_OEM_HOOK(  462): sendRilOemHookMsg: itemIdTemp-47
02-03 22:21:54.673 D/QC_NV_ITEMS(  462): Received(465,1): 011f7a7465746573746163636f756e7432323140737072696e747063732e636f6d000000000000000000000000000000000000000000000000000000000000000000000000000000000001d204000001d20400000100000000ffffffff4c591c44
02-03 22:21:54.673 D/QC_NV_ITEMS(  462): 011f7a7465746573746163636f756e7432323140737072696e747063732e636f6d000000000000000000000000000000000000000000000000000000000000000000000000000000000001d204000001d20400000100000000ffffffff4c591c44
02-03 22:21:54.673 E/QmiItemTypes(  462):  index= 1
02-03 22:21:54.673 E/QmiItemTypes(  462):  nai len= 31
02-03 22:21:54.683 E/QmiItemTypes(  462):  nai str= ztetestaccount221@sprintpcs.com
02-03 22:21:54.683 E/QmiItemTypes(  462):  mMnHaSpiSet= true
02-03 22:21:54.683 E/QmiItemTypes(  462):  mMnHaSpi= 1234
02-03 22:21:54.683 E/QmiItemTypes(  462):  mMnAaaSpiSet= true
02-03 22:21:54.683 E/QmiItemTypes(  462):  mMnAaaSpi= 1234
02-03 22:21:54.683 E/QmiItemTypes(  462):  mRvsTnl= true
02-03 22:21:54.683 E/QmiItemTypes(  462):  home_addr= 0.0.0.0
02-03 22:21:54.683 E/QmiItemTypes(  462):  primary_ha_addr= 255.255.255.255
02-03 22:21:54.683 E/QmiItemTypes(  462):  secondary_ha_addr= 68.28.89.76
02-03 22:21:54.683 I/DMC     (  462): get nai value =ztetestaccount221@sprintpcs.com
02-03 22:21:54.683 I/vDM     (  462): Vdmc getInstance
02-03 22:21:54.683 I/vDM     (  462): init
02-03 22:21:55.564 I/ActivityThread(  710): Pub com.google.android.googlequicksearchbox.shortcuts: com.google.android.googlequicksearchbox.WebHistoryProvider
02-03 22:21:55.924 D/PowerManagerService(  257): acquireWakeLock flags=0x1000001a tag=keyguard
02-03 22:21:55.924 D/PowerManagerService(  257): UnPartial  wakeLock  reactivate ,flags=0x1000001a tag=keyguard
02-03 22:21:55.994 I/ActivityThread(  710): Pub com.google.android.googlequicksearchbox.google: com.google.android.googlequicksearchbox.google.GoogleSuggestionProvider
02-03 22:21:56.094 I/Vdmc    (  462): IMEI:MEID:A10000207D94BB
02-03 22:21:56.094 I/Vdmc    (  462): MEID:MEID:A10000207D94BB
02-03 22:21:56.094 I/Vdmc    (  462): MEID2:A10000207D94BB
02-03 22:21:56.094 I/Vdmc    (  462): IMSI:310009137068268
02-03 22:21:56.094 I/Vdmc    (  462): storageImsi:
02-03 22:21:56.094 I/Vdmc    (  462): Version:N850V1.0.0B10
02-03 22:21:56.094 I/DMC     (  462): model:N850
02-03 22:21:56.094 I/vDMC    (  462): FileLogger.Init
02-03 22:21:56.555 D/PowerManagerService(  257): Go to sleep-->
02-03 22:21:56.555 D/PowerManagerService(  257): setPowerState: mPowerState=0x3 newState=0x0 noChangeLights=false reason=2
02-03 22:21:56.695 D/AlarmManager(  257): +++Alarm set:type=0 com.android.providers.calendar  Trigger after:79259942ms
02-03 22:21:56.785 D/PowerManagerService(  257): acquireWakeLock flags=0x1 tag=sleep_broadcast
02-03 22:21:56.785 D/PowerManagerService(  257): Go to standby ,PARTIAL_WAKE_LOCK tag = sleep_broadcast
02-03 22:21:56.785 D/KeyguardViewMediator(  257): onScreenTurnedOff(2)
02-03 22:21:56.785 D/KeyguardViewMediator(  257): notifyScreenOffLocked
02-03 22:21:56.785 D/KeyguardViewMediator(  257): resetStateLocked
02-03 22:21:56.785 E/Sensors (  257): [HAL]ready to call enable(Accelerometer,0),AAAAAAAA
02-03 22:21:56.785 E/Sensors (  257): [HAL]ECS_IOCTL_APP_SET_AFLAG 	success,flags = 0
02-03 22:21:56.785 E/Sensors (  257): [HAL]After {mEnabled &= ~(1<<what)},mEnabled = 0
02-03 22:21:56.785 E/Sensors (  257): [HAL]After {(newState)<<what)},mEnabled = 0
02-03 22:21:56.785 E/Sensors (  257): [HAL]Closed /dev/akm8962_aot in enable(Accelerometer,0),mEnable = 0
02-03 22:21:56.785 D/KeyguardViewMediator(  257): handleNotifyScreenOff
02-03 22:21:56.785 D/KeyguardViewMediator(  257): handleReset
02-03 22:21:56.785 D/PowerManagerService(  257): acquireWakeLock flags=0x1 tag=ActivityManager-Sleep
02-03 22:21:56.785 D/Launcher(  350): onSaveInstanceState
02-03 22:21:56.785 D/Launcher(  350): Dissmis Preview for view :null ID:2131230735
02-03 22:21:56.785 D/Launcher(  350): Dissmis Preview for view :null ID:2131230736
02-03 22:21:56.785 D/Launcher(  350): Dissmis Preview for view :null ID:2131230739
02-03 22:21:56.785 D/Launcher(  350): Dissmis Preview for view :null ID:2131230741
02-03 22:21:56.795 D/KeyguardViewMediator(  257): setHidden false
02-03 22:21:56.805 D/PowerManagerService(  257): releaseWakeLock flags=0x1 tag=ActivityManager-Sleep
02-03 22:21:57.716 D/DMC (main) (  462): ZTE DM version 2011.07.08.13.41
02-03 22:21:57.736 I/JNI (main) (  462): Trying to load libvdmengine.so
02-03 22:21:57.856 I/vDM (om.redbend.vdmc)(  462): 
02-03 22:21:57.856 I/vDM (om.redbend.vdmc)(  462): ****************************  LOGGER INITIALIZED  ******************************
02-03 22:21:57.856 I/vDM (om.redbend.vdmc)(  462): 
02-03 22:21:57.856 I/vDM (om.redbend.vdmc)(  462): [00] e\core\src\vdm_api.c.  134: VDM_create: vDM version is 4.06.00.27
02-03 22:21:57.856 I/vDM (om.redbend.vdmc)(  462): [00] c\vdm_mq_scheduler.c.  191: VDM_MQ_Scheduler_setThreshold: from(0) to (999)
02-03 22:21:57.866 I/vDM     (  462): Vdmc getInstance
02-03 22:21:57.896 D/DMC (main) (  462): Using vDM version 4.06.00.27
02-03 22:21:57.896 I/JNI (main) (  462): Trying to load libvdmfumo.so
02-03 22:21:57.906 I/vDM     (  462): MyRegistry#getStringValue SOFTWARE\RedBend\vDM\FUMO\./FwUpdate/Flash/updatepkgpath : null
02-03 22:21:57.906 I/vDM (om.redbend.vdmc)(  462): rdm\tree\tree_exec.c.116: TREE_RDM_registerExecute() ./FwUpdate/Flash/Update. func=-2134890124, context=0x2085a0
02-03 22:21:57.906 I/vDM (om.redbend.vdmc)(  462): rdm\tree\tree_exec.c.116: TREE_RDM_registerExecute() ./FwUpdate/Flash/Download. func=-2134890160, context=0x2085a0
02-03 22:21:57.906 I/vDM (om.redbend.vdmc)(  462): rdm\tree\tree_exec.c.116: TREE_RDM_registerExecute() ./FwUpdate/Flash/DownloadAndUpdate. func=-2134890196, context=0x2085a0
02-03 22:21:57.906 I/DMC     (  462): VdmcFumoHandler, getFumo
02-03 22:21:57.906 I/vDM     (  462): Vdmc getInstance
02-03 22:21:57.906 D/vDM (main) (  462): SSC: registerObserver: com.redbend.vdmc.MySessionObserver@405669e8
02-03 22:21:57.906 D/DMC     (  462): MyCpObserver
02-03 22:21:57.906 I/vDM (om.redbend.vdmc)(  462): rdm\tree\tree_exec.c.116: TREE_RDM_registerExecute() ./Ext/Interior. func=-2135435720, context=0x2
02-03 22:21:57.916 I/vDM (om.redbend.vdmc)(  462): rdm\tree\tree_exec.c.116: TREE_RDM_registerExecute() ./SecureDevice. func=-2135435720, context=0x2b
02-03 22:21:57.916 I/vDM (om.redbend.vdmc)(  462): rdm\tree\tree_exec.c.116: TREE_RDM_registerExecute() ./RemoteCommands/Command. func=-2135435720, context=0x2c
02-03 22:21:57.916 I/DMC     (  462): registerSPATree is started!
02-03 22:21:57.916 I/DMC     (  462): registerSPATree is ended!
02-03 22:21:57.916 I/vDM     (  462): Vdmc getInstance
02-03 22:21:57.916 I/vDM     (  462): UpdateAccordingTimer init
02-03 22:21:57.926 I/vDM     (  462): Vdmc getInstance
02-03 22:21:57.926 I/vDM     (  462): Vdmc getInstance
02-03 22:21:57.926 I/vDM     (  462): checkUpdate exit autoupdate
02-03 22:21:57.936 I/DMC (main) (  462): /////// vDM Version: 4.06.00.27 ////////////
02-03 22:21:57.936 D/OmaDrmReceiver(  578): android.intent.action.MEDIA_MOUNTED
02-03 22:21:57.956 D/DrmStore(  578): EnableDrmStoreScanner=0
02-03 22:21:58.026 I/ActivityThread(  729): Pub com.google.android.apps.uploader: com.google.android.apps.uploader.UploadsContentProvider
02-03 22:21:58.026 I/ActivityThread(  729): Pub com.google.photos.provider.Album: com.google.android.apps.uploader.clients.picasa.AlbumProvider
02-03 22:21:58.036 D/MediaUploader(  729): UploaderApplication.onCreate
02-03 22:21:58.046 D/MediaUploader(  729): nonWifiLimit=20971520, default=20971520
02-03 22:21:58.056 I/MediaUploader(  729): No need to wake up
02-03 22:21:58.126 I/ActivityThread(  741): Pub com.cooliris.picasa.contentprovider: com.cooliris.picasa.PicasaContentProvider
02-03 22:21:58.156 D/MediaScannerService(  519): start scanning volume external
02-03 22:21:58.226 D/Gallery3D(  741): [BootReceiver]: Got intent with action android.intent.action.MEDIA_MOUNTED
02-03 22:21:58.426 D/PowerManagerService(  257): acquireWakeLock flags=0x1 tag=MediaScannerService
02-03 22:21:58.536 I/ActivityThread(  750): Pub com.google.android.apps.plus.content.EsProvider: com.google.android.apps.plus.content.EsProvider
02-03 22:21:58.557 I/ActivityThread(  750): Pub com.google.android.apps.plus.content.ApiProvider: com.google.android.apps.plus.content.EsApiProvider
02-03 22:21:58.577 I/ActivityThread(  750): Pub com.google.android.apps.plus.content.EsGooglePhotoProvider: com.google.android.picasasync.PicasaContentProvider
02-03 22:21:58.717 I/ActivityThread(  750): Pub com.google.plus.platform: com.google.android.apps.plus.content.AdsProvider
02-03 22:21:58.827 D/UploadsManager(  750): load newPhotoTracker: null
02-03 22:21:58.827 D/UploadsManager(  750): load all accounts: null
02-03 22:21:58.827 D/UploadsManager(  750): load all account-album pairs: null
02-03 22:21:58.837 D/UploadsManager(  750):    settings not changed
02-03 22:21:58.977 D/PowerManagerService(  257): acquireWakeLock flags=0x1 tag=AlarmManager
02-03 22:21:58.977 D/PowerManagerService(  257): releaseWakeLock flags=0x1 tag=AlarmManager
02-03 22:21:59.057 D/MetricsUtils(  750): [QUERY content://com.google.android.apps.plus.content.EsGooglePhotoProvider/settings query-result:1 time:221]
02-03 22:21:59.137 I/ActivityThread(  760): Pub com.google.android.music.MusicContent: com.google.android.music.store.MusicContentProvider
02-03 22:21:59.187 D/MediaScannerService(  519): IMediaScannerService.scanFile: /mnt/sdcard/Notifications/hangout_ringtone.m4a mimeType: null
02-03 22:21:59.237 I/MediaScanner(  519): doScanFile the temppath: /mnt/sdcard/DCIM/100SSMED/SSPX0000.3G2
02-03 22:21:59.237 I/MediaScanner(  519): doScanFile the temppath: /mnt/sdcard/DCIM/100SSMED/SSPX0001.3G2
02-03 22:21:59.237 I/MediaScanner(  519): doScanFile the temppath: /mnt/sdcard/DCIM/100SSMED/SSPX0002.3G2
02-03 22:21:59.247 I/MediaScanner(  519): doScanFile the temppath: /mnt/sdcard/DCIM/100SSMED/SSPX0003.3G2
02-03 22:21:59.247 I/MediaScanner(  519): doScanFile the temppath: /mnt/sdcard/DCIM/100SSMED/SSPX0004.3G2
02-03 22:21:59.247 I/MediaScanner(  519): doScanFile the temppath: /mnt/sdcard/DCIM/100SSMED/SSPX0007.3G2
02-03 22:21:59.247 I/MediaScanner(  519): doScanFile the temppath: /mnt/sdcard/DCIM/100SSMED/SSPX0008.3G2
02-03 22:21:59.247 I/MediaScanner(  519): doScanFile the temppath: /mnt/sdcard/DCIM/100SSMED/SSPX0011.JPG
02-03 22:21:59.247 I/MediaScanner(  519): doScanFile the temppath: /mnt/sdcard/DCIM/100SSMED/SSPX0012.JPG
02-03 22:21:59.247 I/MediaScanner(  519): doScanFile the temppath: /mnt/sdcard/DCIM/100SSMED/SSPX0009.3G2
02-03 22:21:59.257 I/MusicStore(  760): Database version: 37
02-03 22:21:59.267 I/MediaScanner(  519): doScanFile the temppath: /mnt/sdcard/DCIM/100SSMED/SSPX0010.3G2
02-03 22:21:59.267 I/MediaScanner(  519): doScanFile the temppath: /mnt/sdcard/DCIM/100SSMED/SSPX0013.JPG
02-03 22:21:59.267 I/MediaScanner(  519): doScanFile the temppath: /mnt/sdcard/DCIM/100SSMED/SSPX0014.JPG
02-03 22:21:59.267 I/MediaScanner(  519): doScanFile the temppath: /mnt/sdcard/DCIM/100SSMED/SSPX0015.JPG
02-03 22:21:59.267 I/MediaScanner(  519): doScanFile the temppath: /mnt/sdcard/DCIM/100SSMED/SSPX0016.JPG
02-03 22:21:59.267 I/AsyncCursor1:1(  760): Initialized for content://com.google.android.music.MusicContent/playlists, proj:_id#name, sel: 'null', args: null, order: null
02-03 22:21:59.267 D/Gallery3D(  741): [BootReceiver]: Got intent with action android.intent.action.MEDIA_SCANNER_FINISHED
02-03 22:21:59.387 I/MediaScanner(  519): doScanFile the temppath: /mnt/sdcard/DCIM/100SSMED/SSPX0017.3G2
02-03 22:21:59.437 D/VoiceDialerReceiver(  782): onReceive Intent { act=android.intent.action.PACKAGE_CHANGED dat=package:com.google.android.apps.maps flg=0x10000000 cmp=com.android.voicedialer/.VoiceDialerReceiver (has extras) }
02-03 22:21:59.527 I/MediaScanner(  519): doScanFile the temppath: /mnt/sdcard/DCIM/100SSMED/SSPX0018.JPG
02-03 22:21:59.668 I/ActivityThread(  790): Pub com.google.android.finsky.RecentSuggestionsProvider: com.google.android.finsky.providers.RecentSuggestionsProvider
02-03 22:21:59.828 I/MediaScanner(  519): doScanFile the temppath: /mnt/sdcard/DCIM/100SSMED/SSPX0019.JPG
02-03 22:21:59.828 I/MediaScanner(  519): doScanFile the temppath: /mnt/sdcard/DCIM/100SSMED/SSPX0020.JPG
02-03 22:21:59.888 I/MediaScanner(  519): doScanFile the temppath: /mnt/sdcard/DCIM/100SSMED/SSPX0021.3G2
02-03 22:21:59.908 I/MediaScanner(  519): doScanFile the temppath: /mnt/sdcard/DCIM/100SSMED/SSPX0022.JPG
02-03 22:21:59.908 I/MediaScanner(  519): doScanFile the temppath: /mnt/sdcard/DCIM/100SSMED/SSPX0023.JPG
02-03 22:21:59.908 I/MediaScanner(  519): doScanFile the temppath: /mnt/sdcard/DCIM/100SSMED/SSPX0024.JPG
02-03 22:21:59.908 I/MediaScanner(  519): doScanFile the temppath: /mnt/sdcard/DCIM/100SSMED/SSPX0025.JPG
02-03 22:21:59.908 I/MediaScanner(  519): doScanFile the temppath: /mnt/sdcard/DCIM/100SSMED/SSPX0026.JPG
02-03 22:21:59.908 I/MediaScanner(  519): doScanFile the temppath: /mnt/sdcard/DCIM/100SSMED/SSPX0027.JPG
02-03 22:21:59.908 I/MediaScanner(  519): doScanFile the temppath: /mnt/sdcard/DCIM/100SSMED/SSPX0028.JPG
02-03 22:21:59.908 I/MediaScanner(  519): doScanFile the temppath: /mnt/sdcard/DCIM/100SSMED/SSPX0029.JPG
02-03 22:21:59.908 I/MediaScanner(  519): doScanFile the temppath: /mnt/sdcard/DCIM/100SSMED/SSPX0030.JPG
02-03 22:21:59.908 I/MediaScanner(  519): doScanFile the temppath: /mnt/sdcard/DCIM/100SSMED/SSPX0031.JPG
02-03 22:21:59.908 I/MediaScanner(  519): doScanFile the temppath: /mnt/sdcard/DCIM/100SSMED/SSPX0032.JPG
02-03 22:21:59.908 I/MediaScanner(  519): doScanFile the temppath: /mnt/sdcard/DCIM/100SSMED/SSPX0033.JPG
02-03 22:21:59.908 I/MediaScanner(  519): doScanFile the temppath: /mnt/sdcard/DCIM/100SSMED/SSPX0034.JPG
02-03 22:21:59.918 I/MediaScanner(  519): doScanFile the temppath: /mnt/sdcard/DCIM/100SSMED/SSPX0035.JPG
02-03 22:21:59.918 I/MediaScanner(  519): doScanFile the temppath: /mnt/sdcard/DCIM/100SSMED/SSPX0036.JPG
02-03 22:21:59.988 D/PowerManagerService(  257): acquireWakeLock flags=0x1 tag=AlarmManager
02-03 22:22:00.018 I/MediaScanner(  519): doScanFile the temppath: /mnt/sdcard/DCIM/100SSMED/SSPX0037.JPG
02-03 22:22:00.058 D/Finsky  (  790): [1] SanityChecker.run: # LocalAssets corrected : 0
02-03 22:22:00.058 D/Finsky  (  790): Sanity check took : 93 ms
02-03 22:22:00.078 D/VoiceDialerReceiver(  782): onReceive Intent { act=android.intent.action.PACKAGE_CHANGED dat=package:com.google.android.apps.books flg=0x10000000 cmp=com.android.voicedialer/.VoiceDialerReceiver (has extras) }
02-03 22:22:00.088 I/MediaScanner(  519): doScanFile the temppath: /mnt/sdcard/DCIM/100SSMED/SSPX0038.JPG
02-03 22:22:00.088 I/MediaScanner(  519): doScanFile the temppath: /mnt/sdcard/DCIM/100SSMED/SSPX0039.JPG
02-03 22:22:00.098 D/PowerManagerService(  257): acquireWakeLock flags=0x1 tag=RILJ
02-03 22:22:00.098 D/PowerManagerService(  257): releaseWakeLock flags=0x1 tag=RILJ
02-03 22:22:00.308 I/MediaScanner(  519): doScanFile the temppath: /mnt/sdcard/DCIM/Camera/IMG_20111214_192853.jpg
02-03 22:22:00.308 I/MediaScanner(  519): doScanFile the temppath: /mnt/sdcard/DCIM/Camera/IMG_20111228_171620.jpg
02-03 22:22:00.318 I/MediaScanner(  519): doScanFile the temppath: /mnt/sdcard/DCIM/Camera/IMG_20111228_171634.jpg
02-03 22:22:00.318 I/MediaScanner(  519): doScanFile the temppath: /mnt/sdcard/DCIM/Camera/IMG_20111228_171816.jpg
02-03 22:22:00.318 D/Finsky  (  790): [23] DownloadRecords.initializeAndPrune: Pruned 0 old downloads from the cursor.
02-03 22:22:00.318 I/MediaScanner(  519): doScanFile the temppath: /mnt/sdcard/DCIM/Camera/IMG_20111228_171851.jpg
02-03 22:22:00.318 I/MediaScanner(  519): doScanFile the temppath: /mnt/sdcard/DCIM/Camera/IMG_20120202_164723.jpg
02-03 22:22:00.518 I/MediaUploader(  729): No need to wake up
02-03 22:22:00.528 D/PowerManagerService(  257): acquireWakeLock flags=0x1 tag=Checkin Handoff
02-03 22:22:00.528 D/PowerManagerService(  257): acquireWakeLock flags=0x1 tag=Checkin Service
02-03 22:22:00.528 D/PowerManagerService(  257): releaseWakeLock flags=0x1 tag=Checkin Handoff
02-03 22:22:00.739 I/hubo    (  257): Activity {com.google.android.apps.maps/com.google.googlenav.login.AndroidLoginActivitySdk5}
02-03 22:22:00.739 D/PowerManagerService(  257): acquireWakeLock flags=0x1 tag=ActivityManager-Sleep
02-03 22:22:00.909 D/GTalkService(  383): [RawStanzaProvidersMgr] ##### searchProvidersFromIntent
02-03 22:22:00.919 D/KeyguardViewMediator(  257): handleTimeout
02-03 22:22:00.919 D/PowerManagerService(  257): releaseWakeLock flags=0x1000001a tag=keyguard
02-03 22:22:00.939 D/GTalkService(  383): [RawStanzaProvidersMgr] no intent receivers found
02-03 22:22:01.079 D/GTalkService(  383): ##### Network broadcast (connected=true) type=mobile, state=CONNECTED
02-03 22:22:01.179 I/ActivityThread(  833): Pub com.facebook.katana.provider.LoggingProvider: com.facebook.katana.provider.LoggingProvider
02-03 22:22:01.199 I/ActivityThread(  833): Pub com.facebook.katana.provider.NotificationsProvider: com.facebook.katana.provider.NotificationsProvider
02-03 22:22:01.199 I/ActivityThread(  833): Pub com.facebook.katana.provider.KeyValueProvider: com.facebook.katana.provider.KeyValueProvider
02-03 22:22:01.199 I/ActivityThread(  833): Pub com.facebook.katana.provider.ChatHistoryProvider: com.facebook.katana.provider.ChatHistoryProvider
02-03 22:22:01.199 I/ActivityThread(  833): Pub com.facebook.katana.provider.CacheProvider: com.facebook.katana.provider.CacheProvider
02-03 22:22:01.199 I/ActivityThread(  833): Pub com.facebook.katana.provider.UserValuesProvider: com.facebook.katana.provider.UserValuesProvider
02-03 22:22:01.199 I/ActivityThread(  833): Pub com.facebook.katana.provider.PagesProvider: com.facebook.katana.provider.PagesProvider
02-03 22:22:01.199 I/ActivityThread(  833): Pub com.facebook.katana.provider.MailboxProvider: com.facebook.katana.provider.MailboxProvider
02-03 22:22:01.199 I/ActivityThread(  833): Pub com.facebook.katana.provider.UserStatusesProvider: com.facebook.katana.provider.UserStatusesProvider
02-03 22:22:01.219 I/ActivityThread(  822): Pub com.google.android.maps.LayerInfoProvider: com.google.googlenav.layer.LayerInfoProvider
02-03 22:22:01.229 I/ActivityThread(  833): Pub com.facebook.katana.provider.PhotosProvider: com.facebook.katana.provider.PhotosProvider
02-03 22:22:01.229 I/ActivityThread(  833): Pub com.facebook.katana.provider.EventsProvider: com.facebook.katana.provider.EventsProvider
02-03 22:22:01.229 I/ActivityThread(  833): Pub com.facebook.katana.provider.ConnectionsProvider: com.facebook.katana.provider.ConnectionsProvider
