02-03 22:21:56.598 D/MobileDataStateTracker(  257): [mms]  MobileDataStateReceiver onReceive(): Entry.
02-03 22:21:56.598 D/MobileDataStateTracker(  257): [mms]  intent.getAction()= android.intent.action.ANY_DATA_STATE
02-03 22:21:56.598 D/MobileDataStateTracker(  257): [mms]  mEnabled = false
02-03 22:21:56.618 D/MobileDataStateTracker(  257): [mms]  apnTypeList = supl
02-03 22:21:56.618 D/MobileDataStateTracker(  257): [mms]  unavailable = true
02-03 22:21:56.618 D/MobileDataStateTracker(  257): [mms] Do not process intents if disabled.
02-03 22:21:56.618 D/MobileDataStateTracker(  257): [default]  MobileDataStateReceiver onReceive(): Entry.
02-03 22:21:56.618 D/MobileDataStateTracker(  257): [default]  intent.getAction()= android.intent.action.ANY_DATA_STATE
02-03 22:21:56.618 D/MobileDataStateTracker(  257): [default]  mEnabled = true
02-03 22:21:56.618 D/MobileDataStateTracker(  257): [default]  apnTypeList = supl
02-03 22:21:56.618 D/MobileDataStateTracker(  257): [default]  unavailable = true
02-03 22:21:56.618 D/MobileDataStateTracker(  257): [default] not what we are looking for.
02-03 22:21:56.618 D/MobileDataStateTracker(  257): [hipri]  MobileDataStateReceiver onReceive(): Entry.
02-03 22:21:56.618 D/MobileDataStateTracker(  257): [hipri]  intent.getAction()= android.intent.action.ANY_DATA_STATE
02-03 22:21:56.618 D/MobileDataStateTracker(  257): [hipri]  mEnabled = false
02-03 22:21:56.628 D/DATA    (  343): [DSST(0)] pollstate() : reason = data network state changed
02-03 22:21:56.638 D/MobileDataStateTracker(  257): [hipri]  apnTypeList = dun
02-03 22:21:56.638 D/MobileDataStateTracker(  257): [hipri]  unavailable = true
02-03 22:21:56.638 D/MobileDataStateTracker(  257): [hipri] Do not process intents if disabled.
02-03 22:21:56.638 D/MobileDataStateTracker(  257): [dun]  MobileDataStateReceiver onReceive(): Entry.
02-03 22:21:56.638 D/MobileDataStateTracker(  257): [dun]  intent.getAction()= android.intent.action.ANY_DATA_STATE
02-03 22:21:56.638 I/DATA    (  343): [DCT(0) ] onUpdateDataConnections [ignored] : reason=apnChanged
02-03 22:21:56.638 I/DATA    (  343): [DCT(0) ] wait for the dc disconnect to complete
02-03 22:21:56.638 D/PhoneApp(  343): old phone type:2, New Phone type:2
02-03 22:21:56.638 D/NotificationMgr(  343): hideDataDisconnectedRoaming()...
02-03 22:21:56.638 D/PhoneApp(  343): old phone type:2, New Phone type:2
02-03 22:21:56.638 D/NotificationMgr(  343): hideDataDisconnectedRoaming()...
02-03 22:21:56.638 D/PhoneApp(  343): old phone type:2, New Phone type:2
02-03 22:21:56.648 D/MobileDataStateTracker(  257): [dun]  mEnabled = false
02-03 22:21:56.648 D/MobileDataStateTracker(  257): [dun]  apnTypeList = dun
02-03 22:21:56.648 D/MobileDataStateTracker(  257): [dun]  unavailable = true
02-03 22:21:56.648 D/MobileDataStateTracker(  257): [dun] Do not process intents if disabled.
02-03 22:21:56.648 D/MobileDataStateTracker(  257): [supl]  MobileDataStateReceiver onReceive(): Entry.
02-03 22:21:56.648 D/MobileDataStateTracker(  257): [supl]  intent.getAction()= android.intent.action.ANY_DATA_STATE
02-03 22:21:56.648 D/MobileDataStateTracker(  257): [supl]  mEnabled = false
02-03 22:21:56.648 D/MobileDataStateTracker(  257): [supl]  apnTypeList = dun
02-03 22:21:56.648 D/MobileDataStateTracker(  257): [supl]  unavailable = true
02-03 22:21:56.648 D/MobileDataStateTracker(  257): [supl] Do not process intents if disabled.
02-03 22:21:56.648 D/MobileDataStateTracker(  257): [mms]  MobileDataStateReceiver onReceive(): Entry.
02-03 22:21:56.648 D/NotificationMgr(  343): hideDataDisconnectedRoaming()...
02-03 22:21:56.658 D/PhoneApp(  343): old phone type:2, New Phone type:2
02-03 22:21:56.658 D/NotificationMgr(  343): hideDataDisconnectedRoaming()...
02-03 22:21:56.658 D/PhoneApp(  343): old phone type:2, New Phone type:2
02-03 22:21:56.658 D/NotificationMgr(  343): hideDataDisconnectedRoaming()...
02-03 22:21:56.658 D/PhoneApp(  343): old phone type:2, New Phone type:2
02-03 22:21:56.658 D/NotificationMgr(  343): hideDataDisconnectedRoaming()...
02-03 22:21:56.658 D/PhoneApp(  343): old phone type:2, New Phone type:2
02-03 22:21:56.658 D/NotificationMgr(  343): hideDataDisconnectedRoaming()...
02-03 22:21:56.658 D/PhoneApp(  343): old phone type:2, New Phone type:2
02-03 22:21:56.658 D/NotificationMgr(  343): hideDataDisconnectedRoaming()...
02-03 22:21:56.658 D/MobileDataStateTracker(  257): [mms]  intent.getAction()= android.intent.action.ANY_DATA_STATE
02-03 22:21:56.658 D/MobileDataStateTracker(  257): [mms]  mEnabled = false
02-03 22:21:56.668 D/MobileDataStateTracker(  257): [mms]  apnTypeList = dun
02-03 22:21:56.668 D/MobileDataStateTracker(  257): [mms]  unavailable = true
02-03 22:21:56.668 D/MobileDataStateTracker(  257): [mms] Do not process intents if disabled.
02-03 22:21:56.668 D/MobileDataStateTracker(  257): [default]  MobileDataStateReceiver onReceive(): Entry.
02-03 22:21:56.668 D/MobileDataStateTracker(  257): [default]  intent.getAction()= android.intent.action.ANY_DATA_STATE
02-03 22:21:56.668 D/MobileDataStateTracker(  257): [default]  mEnabled = true
02-03 22:21:56.668 D/MobileDataStateTracker(  257): [default]  apnTypeList = dun
02-03 22:21:56.668 D/MobileDataStateTracker(  257): [default]  unavailable = true
02-03 22:21:56.668 D/MobileDataStateTracker(  257): [default] not what we are looking for.
02-03 22:21:56.668 D/MobileDataStateTracker(  257): [hipri]  MobileDataStateReceiver onReceive(): Entry.
02-03 22:21:56.668 D/PhoneApp(  343): old phone type:2, New Phone type:2
02-03 22:21:56.668 D/NotificationMgr(  343): hideDataDisconnectedRoaming()...
02-03 22:21:56.668 D/PhoneApp(  343): old phone type:2, New Phone type:2
02-03 22:21:56.668 D/NotificationMgr(  343): hideDataDisconnectedRoaming()...
02-03 22:21:56.678 I/DATA    (  343): [DCT(0) ] onUpdateDataConnections [ignored] : reason=radioOn
02-03 22:21:56.678 D/MobileDataStateTracker(  257): [hipri]  intent.getAction()= android.intent.action.ANY_DATA_STATE
02-03 22:21:56.678 D/MobileDataStateTracker(  257): [hipri]  mEnabled = false
02-03 22:21:56.678 D/MobileDataStateTracker(  257): [hipri]  apnTypeList = dun
02-03 22:21:56.678 D/MobileDataStateTracker(  257): [hipri]  unavailable = true
02-03 22:21:56.678 D/MobileDataStateTracker(  257): [hipri] Do not process intents if disabled.
02-03 22:21:56.678 D/MobileDataStateTracker(  257): [dun]  MobileDataStateReceiver onReceive(): Entry.
02-03 22:21:56.678 D/MobileDataStateTracker(  257): [dun]  intent.getAction()= android.intent.action.ANY_DATA_STATE
02-03 22:21:56.678 D/MobileDataStateTracker(  257): [dun]  mEnabled = false
02-03 22:21:56.678 D/MobileDataStateTracker(  257): [dun]  apnTypeList = dun
02-03 22:21:56.678 D/MobileDataStateTracker(  257): [dun]  unavailable = true
02-03 22:21:56.688 D/MobileDataStateTracker(  257): [dun] Do not process intents if disabled.
02-03 22:21:56.688 D/MobileDataStateTracker(  257): [supl]  MobileDataStateReceiver onReceive(): Entry.
02-03 22:21:56.688 I/DATA    (  343): [DCT(0) ] wait for the dc disconnect to complete
02-03 22:21:56.688 D/MobileDataStateTracker(  257): [supl]  intent.getAction()= android.intent.action.ANY_DATA_STATE
02-03 22:21:56.688 D/MobileDataStateTracker(  257): [supl]  mEnabled = false
02-03 22:21:56.688 D/MobileDataStateTracker(  257): [supl]  apnTypeList = dun
02-03 22:21:56.688 D/MobileDataStateTracker(  257): [supl]  unavailable = true
02-03 22:21:56.688 D/MobileDataStateTracker(  257): [supl] Do not process intents if disabled.
02-03 22:21:56.688 D/MobileDataStateTracker(  257): [mms]  MobileDataStateReceiver onReceive(): Entry.
02-03 22:21:56.688 D/MobileDataStateTracker(  257): [mms]  intent.getAction()= android.intent.action.ANY_DATA_STATE
02-03 22:21:56.688 D/MobileDataStateTracker(  257): [mms]  mEnabled = false
02-03 22:21:56.708 D/MobileDataStateTracker(  257): [mms]  apnTypeList = dun
02-03 22:21:56.708 D/MobileDataStateTracker(  257): [mms]  unavailable = true
02-03 22:21:56.708 D/MobileDataStateTracker(  257): [mms] Do not process intents if disabled.
02-03 22:21:56.708 D/MobileDataStateTracker(  257): [default]  MobileDataStateReceiver onReceive(): Entry.
02-03 22:21:56.708 D/MobileDataStateTracker(  257): [default]  intent.getAction()= android.intent.action.ANY_DATA_STATE
02-03 22:21:56.708 D/MobileDataStateTracker(  257): [default]  mEnabled = true
02-03 22:21:56.728 D/MobileDataStateTracker(  257): [default]  apnTypeList = dun
02-03 22:21:56.728 D/MobileDataStateTracker(  257): [default]  unavailable = true
02-03 22:21:56.728 D/MobileDataStateTracker(  257): [default] not what we are looking for.
02-03 22:21:56.728 D/MobileDataStateTracker(  257): [hipri]  MobileDataStateReceiver onReceive(): Entry.
02-03 22:21:56.728 D/MobileDataStateTracker(  257): [hipri]  intent.getAction()= android.intent.action.ANY_DATA_STATE
02-03 22:21:56.728 D/MobileDataStateTracker(  257): [hipri]  mEnabled = false
02-03 22:21:56.738 D/MobileDataStateTracker(  257): [hipri]  apnTypeList = hipri
02-03 22:21:56.738 D/MobileDataStateTracker(  257): [hipri]  unavailable = true
02-03 22:21:56.738 D/MobileDataStateTracker(  257): [hipri] Do not process intents if disabled.
02-03 22:21:56.738 D/MobileDataStateTracker(  257): [dun]  MobileDataStateReceiver onReceive(): Entry.
02-03 22:21:56.738 D/MobileDataStateTracker(  257): [dun]  intent.getAction()= android.intent.action.ANY_DATA_STATE
02-03 22:21:56.738 D/MobileDataStateTracker(  257): [dun]  mEnabled = false
02-03 22:21:56.738 D/MobileDataStateTracker(  257): [dun]  apnTypeList = hipri
02-03 22:21:56.738 D/MobileDataStateTracker(  257): [dun]  unavailable = true
02-03 22:21:56.738 D/MobileDataStateTracker(  257): [dun] Do not process intents if disabled.
02-03 22:21:56.738 D/MobileDataStateTracker(  257): [supl]  MobileDataStateReceiver onReceive(): Entry.
02-03 22:21:56.738 D/MobileDataStateTracker(  257): [supl]  intent.getAction()= android.intent.action.ANY_DATA_STATE
02-03 22:21:56.738 D/MobileDataStateTracker(  257): [supl]  mEnabled = false
02-03 22:21:56.738 D/MobileDataStateTracker(  257): [supl]  apnTypeList = hipri
02-03 22:21:56.738 D/MobileDataStateTracker(  257): [supl]  unavailable = true
02-03 22:21:56.738 D/MobileDataStateTracker(  257): [supl] Do not process intents if disabled.
02-03 22:21:56.738 D/MobileDataStateTracker(  257): [mms]  MobileDataStateReceiver onReceive(): Entry.
02-03 22:21:56.738 D/MobileDataStateTracker(  257): [mms]  intent.getAction()= android.intent.action.ANY_DATA_STATE
02-03 22:21:56.738 D/MobileDataStateTracker(  257): [mms]  mEnabled = false
02-03 22:21:56.738 D/MobileDataStateTracker(  257): [mms]  apnTypeList = hipri
02-03 22:21:56.748 D/MobileDataStateTracker(  257): [mms]  unavailable = true
02-03 22:21:56.748 D/MobileDataStateTracker(  257): [mms] Do not process intents if disabled.
02-03 22:21:56.748 D/MobileDataStateTracker(  257): [default]  MobileDataStateReceiver onReceive(): Entry.
02-03 22:21:56.748 D/MobileDataStateTracker(  257): [default]  intent.getAction()= android.intent.action.ANY_DATA_STATE
02-03 22:21:56.748 D/MobileDataStateTracker(  257): [default]  mEnabled = true
02-03 22:21:56.748 D/MobileDataStateTracker(  257): [default]  apnTypeList = hipri
02-03 22:21:56.748 D/MobileDataStateTracker(  257): [default]  unavailable = true
02-03 22:21:56.748 D/MobileDataStateTracker(  257): [default] not what we are looking for.
02-03 22:21:56.748 D/MobileDataStateTracker(  257): [hipri]  MobileDataStateReceiver onReceive(): Entry.
02-03 22:21:56.748 D/MobileDataStateTracker(  257): [hipri]  intent.getAction()= android.intent.action.ANY_DATA_STATE
02-03 22:21:56.748 D/MobileDataStateTracker(  257): [hipri]  mEnabled = false
02-03 22:21:56.748 D/MobileDataStateTracker(  257): [hipri]  apnTypeList = hipri
02-03 22:21:56.748 D/MobileDataStateTracker(  257): [hipri]  unavailable = true
02-03 22:21:56.748 D/MobileDataStateTracker(  257): [hipri] Do not process intents if disabled.
02-03 22:21:56.748 D/MobileDataStateTracker(  257): [dun]  MobileDataStateReceiver onReceive(): Entry.
02-03 22:21:56.748 D/MobileDataStateTracker(  257): [dun]  intent.getAction()= android.intent.action.ANY_DATA_STATE
02-03 22:21:56.748 D/MobileDataStateTracker(  257): [dun]  mEnabled = false
02-03 22:21:56.758 D/MobileDataStateTracker(  257): [dun]  apnTypeList = hipri
02-03 22:21:56.758 D/MobileDataStateTracker(  257): [dun]  unavailable = true
02-03 22:21:56.758 D/MobileDataStateTracker(  257): [dun] Do not process intents if disabled.
02-03 22:21:56.758 D/MobileDataStateTracker(  257): [supl]  MobileDataStateReceiver onReceive(): Entry.
02-03 22:21:56.758 D/MobileDataStateTracker(  257): [supl]  intent.getAction()= android.intent.action.ANY_DATA_STATE
02-03 22:21:56.758 D/MobileDataStateTracker(  257): [supl]  mEnabled = false
02-03 22:21:56.758 D/MobileDataStateTracker(  257): [supl]  apnTypeList = hipri
02-03 22:21:56.758 D/MobileDataStateTracker(  257): [supl]  unavailable = true
02-03 22:21:56.758 D/MobileDataStateTracker(  257): [supl] Do not process intents if disabled.
02-03 22:21:56.758 D/MobileDataStateTracker(  257): [mms]  MobileDataStateReceiver onReceive(): Entry.
02-03 22:21:56.758 D/MobileDataStateTracker(  257): [mms]  intent.getAction()= android.intent.action.ANY_DATA_STATE
02-03 22:21:56.758 D/MobileDataStateTracker(  257): [mms]  mEnabled = false
02-03 22:21:56.768 D/MobileDataStateTracker(  257): [mms]  apnTypeList = hipri
02-03 22:21:56.768 D/MobileDataStateTracker(  257): [mms]  unavailable = true
02-03 22:21:56.768 D/MobileDataStateTracker(  257): [mms] Do not process intents if disabled.
02-03 22:21:56.768 D/MobileDataStateTracker(  257): [default]  MobileDataStateReceiver onReceive(): Entry.
02-03 22:21:56.768 D/MobileDataStateTracker(  257): [default]  intent.getAction()= android.intent.action.ANY_DATA_STATE
02-03 22:21:56.768 D/MobileDataStateTracker(  257): [default]  mEnabled = true
02-03 22:21:56.768 D/MobileDataStateTracker(  257): [default]  apnTypeList = hipri
02-03 22:21:56.768 D/MobileDataStateTracker(  257): [default]  unavailable = true
02-03 22:21:56.768 D/MobileDataStateTracker(  257): [default] not what we are looking for.
02-03 22:21:56.768 D/KeyguardUpdateMonitor(  257): received broadcast android.provider.Telephony.SPN_STRINGS_UPDATED
02-03 22:21:56.768 D/KeyguardUpdateMonitor(  257): Received SPN update on sub :0
02-03 22:21:56.768 D/KeyguardUpdateMonitor(  257): handleCarrierInfoUpdate: plmn = (No service), spn = null, subscription = 0
02-03 22:21:56.768 D/LockScreen(  257): onRefreshCarrierInfo((No service), null)
02-03 22:21:56.768 D/LockScreen(  257): updateLayout: status=Normalsubscription=0
02-03 22:21:56.768 D/LockScreen(  257): Updating Lock Screen text to Ruim
02-03 22:21:56.778 D/MobileDataStateTracker(  257): [hipri]  MobileDataStateReceiver onReceive(): Entry.
02-03 22:21:56.778 D/MobileDataStateTracker(  257): [hipri]  intent.getAction()= android.intent.action.SERVICE_STATE
02-03 22:21:56.778 D/MobileDataStateTracker(  257): [hipri]  mEnabled = false
02-03 22:21:56.778 D/MobileDataStateTracker(  257): [dun]  MobileDataStateReceiver onReceive(): Entry.
02-03 22:21:56.778 D/MobileDataStateTracker(  257): [dun]  intent.getAction()= android.intent.action.SERVICE_STATE
02-03 22:21:56.778 D/MobileDataStateTracker(  257): [dun]  mEnabled = false
02-03 22:21:56.788 D/MobileDataStateTracker(  257): [supl]  MobileDataStateReceiver onReceive(): Entry.
02-03 22:21:56.788 D/MobileDataStateTracker(  257): [supl]  intent.getAction()= android.intent.action.SERVICE_STATE
02-03 22:21:56.788 D/MobileDataStateTracker(  257): [supl]  mEnabled = false
02-03 22:21:56.788 D/MobileDataStateTracker(  257): [mms]  MobileDataStateReceiver onReceive(): Entry.
02-03 22:21:56.788 D/MobileDataStateTracker(  257): [mms]  intent.getAction()= android.intent.action.SERVICE_STATE
02-03 22:21:56.788 D/MobileDataStateTracker(  257): [mms]  mEnabled = false
02-03 22:21:56.798 D/MobileDataStateTracker(  257): [default]  MobileDataStateReceiver onReceive(): Entry.
02-03 22:21:56.798 D/MobileDataStateTracker(  257): [default]  intent.getAction()= android.intent.action.SERVICE_STATE
02-03 22:21:56.798 D/MobileDataStateTracker(  257): [default]  mEnabled = true
02-03 22:21:56.808 D/LocationProviderProxy(  257): LocationProviderProxy.onServiceConnected ComponentInfo{com.google.android.location/com.google.android.location.NetworkLocationService}
02-03 22:21:56.808 D/GeocoderProxy(  257): onServiceConnected ComponentInfo{com.google.android.location/com.google.android.location.NetworkLocationService}
02-03 22:21:56.818 I/BluetoothService(  257):  Received BOOT_COMPLETED message
02-03 22:21:56.848 E/Tethering(  257): attempting to remove unknown iface (usb0), ignoring
02-03 22:21:56.888 E/MediaPlayerService(  115): ident is:1399285583, buf is:OggS
02-03 22:21:56.888 E/MediaPlayerService(  115):  create VorbisPlayer
02-03 22:21:40.510 E/MediaPlayerService(  115): ident is:1399285583, buf is:OggS
02-03 22:21:40.510 E/MediaPlayerService(  115):  create VorbisPlayer
02-03 22:21:40.550 D/KeyguardUpdateMonitor(  257): received broadcast android.provider.Telephony.SPN_STRINGS_UPDATED
02-03 22:21:40.550 D/KeyguardUpdateMonitor(  257): Received SPN update on sub :0
02-03 22:21:40.560 D/DATA    (  343): [DSST(0)]  registrationState = 0  radioTechnology = 0 reasonForDenial = 0
02-03 22:21:40.560 D/MobileDataStateTracker(  257): [hipri]  MobileDataStateReceiver onReceive(): Entry.
02-03 22:21:40.560 D/MobileDataStateTracker(  257): [hipri]  intent.getAction()= android.intent.action.SERVICE_STATE
02-03 22:21:40.560 D/MobileDataStateTracker(  257): [hipri]  mEnabled = false
02-03 22:21:40.560 D/MobileDataStateTracker(  257): [dun]  MobileDataStateReceiver onReceive(): Entry.
02-03 22:21:40.560 D/MobileDataStateTracker(  257): [dun]  intent.getAction()= android.intent.action.SERVICE_STATE
02-03 22:21:40.560 D/MobileDataStateTracker(  257): [dun]  mEnabled = false
02-03 22:21:40.560 D/MobileDataStateTracker(  257): [supl]  MobileDataStateReceiver onReceive(): Entry.
02-03 22:21:40.560 D/DATA    (  343): [DSST(0)]  set mNewDataConnectionState = 1
02-03 22:21:40.570 E/MediaPlayerService(  115): ident is:1399285583, buf is:OggS
02-03 22:21:40.570 E/MediaPlayerService(  115):  create VorbisPlayer
02-03 22:21:40.570 D/DATA    (  343): [DSST(0)]  mNewDataConnectionState : 1  mDataConnectionState : 1
02-03 22:21:40.570 D/DATA    (  343): [DSST(0)] Poll ServiceState done: oldSS=[3 home null null null  Unknown CSS not supported -1 -1RoamInd: -1RoamStatus(sprint): -1DefRoamInd: -1EmergOnly: false] newSS=[1 home null null null  Unknown CSS not supported -1 -1RoamInd: -1RoamStatus(sprint): -1DefRoamInd: -1EmergOnly: false]
02-03 22:21:40.570 D/MobileDataStateTracker(  257): [supl]  intent.getAction()= android.intent.action.SERVICE_STATE
02-03 22:21:40.570 D/MobileDataStateTracker(  257): [supl]  mEnabled = false
02-03 22:21:40.580 D/MobileDataStateTracker(  257): [mms]  MobileDataStateReceiver onReceive(): Entry.
02-03 22:21:40.580 D/MobileDataStateTracker(  257): [mms]  intent.getAction()= android.intent.action.SERVICE_STATE
02-03 22:21:40.580 D/MobileDataStateTracker(  257): [mms]  mEnabled = false
02-03 22:21:40.580 D/MobileDataStateTracker(  257): [default]  MobileDataStateReceiver onReceive(): Entry.
02-03 22:21:40.580 D/MobileDataStateTracker(  257): [default]  intent.getAction()= android.intent.action.SERVICE_STATE
02-03 22:21:40.580 D/MobileDataStateTracker(  257): [default]  mEnabled = true
02-03 22:21:40.580 D/DATA    (  343): [DSST(0)]  mDataConnectionState = 1
02-03 22:21:40.600 I/DATA    (  343): [DCT(0) ] onUpdateDataConnections: reason=roamingOff
02-03 22:21:40.600 I/DATA    (  343): [DCT(0) ] ---dc list---
02-03 22:21:40.600 I/DATA    (  343): [DCT(0) ] ---ds list---
02-03 22:21:40.600 D/MobileDataStateTracker(  257): [hipri]  MobileDataStateReceiver onReceive(): Entry.
02-03 22:21:40.600 D/MobileDataStateTracker(  257): [hipri]  intent.getAction()= android.intent.action.SERVICE_STATE
02-03 22:21:40.600 D/MobileDataStateTracker(  257): [hipri]  mEnabled = false
02-03 22:21:40.600 E/MediaPlayerService(  115): ident is:1399285583, buf is:OggS
02-03 22:21:40.600 E/MediaPlayerService(  115):  create VorbisPlayer
02-03 22:21:40.610 D/MobileDataStateTracker(  257): [dun]  MobileDataStateReceiver onReceive(): Entry.
02-03 22:21:40.610 D/MobileDataStateTracker(  257): [dun]  intent.getAction()= android.intent.action.SERVICE_STATE
02-03 22:21:40.610 D/MobileDataStateTracker(  257): [dun]  mEnabled = false
02-03 22:21:40.610 I/DATA    (  343): [DCT(0) ] ds= SERVICE_TYPE_DEFAULT, enabled = true, active = v4:IDLE v6:IDLE
02-03 22:21:40.610 I/DATA    (  343): [DCT(0) ] ds= SERVICE_TYPE_MMS, enabled = false, active = v4:IDLE v6:IDLE
02-03 22:21:40.610 I/DATA    (  343): [DCT(0) ] ds= SERVICE_TYPE_SUPL, enabled = false, active = v4:IDLE v6:IDLE
02-03 22:21:40.610 I/DATA    (  343): [DCT(0) ] ds= SERVICE_TYPE_DUN, enabled = false, active = v4:IDLE v6:IDLE
02-03 22:21:40.610 I/DATA    (  343): [DCT(0) ] ds= SERVICE_TYPE_HIPRI, enabled = false, active = v4:IDLE v6:IDLE
02-03 22:21:40.610 I/DATA    (  343): [DCT(0) ] ***** NOT Ready for data :
02-03 22:21:40.610 I/DATA    (  343): [DCT(0) ]    getDesiredPowerState() = true
02-03 22:21:40.610 I/DATA    (  343): [DCT(0) ]    mCm.getRadioState() = RADIO_ON
02-03 22:21:40.610 I/DATA    (  343): [DCT(0) ]    [DataRadioTech = RADIO_TECH_UNKNOWN, data network state = 1, mMasterDataEnabled = true, is Roaming = false, dataOnRoamingEnable = false, isPsRestricted = false, desiredPowerState  = true, mSIMRecords = , cdmaSubSource = 1/310120, mRuimRecords = , checks = true/true]
02-03 22:21:40.610 D/MobileDataStateTracker(  257): [supl]  MobileDataStateReceiver onReceive(): Entry.
02-03 22:21:40.620 D/MobileDataStateTracker(  257): [supl]  intent.getAction()= android.intent.action.SERVICE_STATE
02-03 22:21:40.620 D/MobileDataStateTracker(  257): [supl]  mEnabled = false
02-03 22:21:40.620 D/MobileDataStateTracker(  257): [mms]  MobileDataStateReceiver onReceive(): Entry.
02-03 22:21:40.620 D/MobileDataStateTracker(  257): [mms]  intent.getAction()= android.intent.action.SERVICE_STATE
02-03 22:21:40.620 D/MobileDataStateTracker(  257): [mms]  mEnabled = false
02-03 22:21:40.620 D/MobileDataStateTracker(  257): [default]  MobileDataStateReceiver onReceive(): Entry.
02-03 22:21:40.620 D/MobileDataStateTracker(  257): [default]  intent.getAction()= android.intent.action.SERVICE_STATE
02-03 22:21:40.620 D/MobileDataStateTracker(  257): [default]  mEnabled = true
02-03 22:21:40.630 E/MediaPlayerService(  115): ident is:1399285583, buf is:OggS
02-03 22:21:40.630 E/MediaPlayerService(  115):  create VorbisPlayer
02-03 22:21:40.640 D/CallManager(  343):  handleMessage (EVENT_SUBSCRIPTION_INFO_READY)
02-03 22:21:40.680 D/DATA    (  343): [DSST(0)] pollstate() : reason = data network state changed
02-03 22:21:40.740 D/CallManager(  343):  handleMessage (EVENT_SERVICE_STATE_CHANGED)
02-03 22:21:40.740 E/BT HS/HF(  343): SERVICE_STATE_CHANGED called
02-03 22:21:40.740 E/BT HS/HF(  343): updateServiceState called, sendUpdate:false  ServiceState:1 home Searching for Service null null  Unknown CSS not supported 0 0RoamInd: 2RoamStatus(sprint): 0DefRoamInd: 0EmergOnly: false
02-03 22:21:40.740 E/BT HS/HF(  343): service:0 mService:0
02-03 22:21:40.740 D/CallManager(  343):  handleMessage (EVENT_SERVICE_STATE_CHANGED)
02-03 22:21:40.740 E/BT HS/HF(  343): SERVICE_STATE_CHANGED called
02-03 22:21:40.750 E/BT HS/HF(  343): updateServiceState called, sendUpdate:false  ServiceState:1 home Searching for Service null null  Unknown CSS not supported 0 0RoamInd: 2RoamStatus(sprint): 0DefRoamInd: 0EmergOnly: false
02-03 22:21:40.750 E/BT HS/HF(  343): service:0 mService:0
02-03 22:21:40.750 D/DATA    (  343): [DSST(0)] pollstate() : reason = icc status changed
02-03 22:21:40.780 D/PROXY   (  343): ProxyManager EVENT_ICC_CHANGED for non DSDS m3gppIndex::-1 m3gpp2Index::-1
02-03 22:21:40.790 D/MccTable(  343): updateMccMncConfiguration: mcc=310, mnc=120
02-03 22:21:40.790 D/MccTable(  343): locale set to en_us
02-03 22:21:40.790 D/MccTable(  343): WIFI_NUM_ALLOWED_CHANNELS set to 11
02-03 22:21:40.810 D/KeyguardViewMediator(  257): setHidden false
02-03 22:21:40.920 I/ActivityThread(  446): Pub com.google.android.partnersetup.rlzprovider: com.google.android.partnersetup.RlzProvider
02-03 22:21:40.930 I/ActivityThread(  446): Pub com.google.android.partnersetup.rlzappprovider: com.google.android.partnersetup.RlzAppProvider
02-03 22:21:40.980 I/SearchManagerService(  257): Building list of searchable activities
02-03 22:21:41.140 I/ContactsProvider(  400): query isCallerRegistered= false
02-03 22:21:41.150 I/ContactsProvider(  400): query forOnlyOneContactString= 0
02-03 22:21:41.170 D/KeyguardUpdateMonitor(  257): received broadcast android.provider.Telephony.SPN_STRINGS_UPDATED
02-03 22:21:41.170 D/KeyguardUpdateMonitor(  257): Received SPN update on sub :0
02-03 22:21:41.250 D/KeyguardViewMediator(  257): setHidden false
02-03 22:21:41.260 D/KeyguardViewMediator(  257): setHidden false
02-03 22:21:41.300 D/MobileDataStateTracker(  257): [hipri]  MobileDataStateReceiver onReceive(): Entry.
02-03 22:21:41.300 D/MobileDataStateTracker(  257): [hipri]  intent.getAction()= android.intent.action.SERVICE_STATE
02-03 22:21:41.300 D/MobileDataStateTracker(  257): [hipri]  mEnabled = false
02-03 22:21:41.440 D/PhoneApp(  343): old phone type:2, New Phone type:2
02-03 22:21:41.440 D/MobileDataStateTracker(  257): [hipri] subType changed, oldSubtype = 0new subtype = 4
02-03 22:21:41.440 D/DATA    (  343): [DSST(0)]  registrationState = 1  radioTechnology = 4 reasonForDenial = 0
02-03 22:21:41.440 D/DATA    (  343): [DSST(0)]  set mNewDataConnectionState = 0
02-03 22:21:41.440 D/DATA    (  343): [DSST(0)]  mNewDataConnectionState : 0  mDataConnectionState : 1
02-03 22:21:41.450 D/DATA    (  343): [DSST(0)]  cancel oos timer 
02-03 22:21:41.450 D/DATA    (  343): [DSST(0)] Poll ServiceState done: oldSS=[1 home null null null  Unknown CSS not supported -1 -1RoamInd: -1RoamStatus(sprint): -1DefRoamInd: -1EmergOnly: false] newSS=[0 home null null null  IS95A CSS not supported -1 -1RoamInd: -1RoamStatus(sprint): -1DefRoamInd: -1EmergOnly: false]
02-03 22:21:41.450 D/MobileDataStateTracker(  257): [dun]  MobileDataStateReceiver onReceive(): Entry.
02-03 22:21:41.450 D/MobileDataStateTracker(  257): [dun]  intent.getAction()= android.intent.action.SERVICE_STATE
02-03 22:21:41.450 D/MobileDataStateTracker(  257): [dun]  mEnabled = false
02-03 22:21:41.450 D/DATA    (  343): [DSST(0)]  mDataConnectionState = 0
02-03 22:21:41.460 D/androidNlpServiceThread(  383): updateState: shouldBeEnabled false shouldBeRunning false
02-03 22:21:41.460 D/ContactsProvider(  400):  query CONTACTS MODE_ID=PHONE_UNLOCK
02-03 22:21:41.470 D/KeyguardViewMediator(  257): setHidden false
02-03 22:21:41.480 D/KeyguardViewMediator(  257): setHidden false
02-03 22:21:41.480 D/KeyguardUpdateMonitor(  257): handleCarrierInfoUpdate: plmn = Sprint, spn = null, subscription = 0
02-03 22:21:41.480 D/LockScreen(  257): onRefreshCarrierInfo(Sprint, null)
02-03 22:21:41.480 D/LockScreen(  257): updateLayout: status=Normalsubscription=0
02-03 22:21:41.490 D/KeyguardViewMediator(  257): setHidden false
02-03 22:21:41.500 D/MobileDataStateTracker(  257): [dun] subType changed, oldSubtype = 0new subtype = 4
02-03 22:21:41.510 D/MobileDataStateTracker(  257): [supl]  MobileDataStateReceiver onReceive(): Entry.
02-03 22:21:41.510 D/MobileDataStateTracker(  257): [supl]  intent.getAction()= android.intent.action.SERVICE_STATE
02-03 22:21:41.510 D/MobileDataStateTracker(  257): [supl]  mEnabled = false
02-03 22:21:41.510 D/KeyguardViewMediator(  257): setHidden false
02-03 22:21:41.510 D/LockScreen(  257): Updating Lock Screen text to Ruim
02-03 22:21:41.520 D/KeyguardUpdateMonitor(  257): handleCarrierInfoUpdate: plmn = Sprint, spn = null, subscription = 0
02-03 22:21:41.520 D/LockScreen(  257): onRefreshCarrierInfo(Sprint, null)
02-03 22:21:41.520 D/LockScreen(  257): updateLayout: status=Normalsubscription=0
02-03 22:21:41.530 D/KeyguardViewMediator(  257): setHidden false
02-03 22:21:41.530 D/CallManager(  343):  handleMessage (EVENT_SERVICE_STATE_CHANGED)
02-03 22:21:41.530 E/BT HS/HF(  343): SERVICE_STATE_CHANGED called
02-03 22:21:41.530 E/BT HS/HF(  343): updateServiceState called, sendUpdate:false  ServiceState:0 home Sprint  310099  IS95A CSS not supported 41 4139RoamInd: 1RoamStatus(sprint): 1DefRoamInd: 160EmergOnly: false
02-03 22:21:41.530 E/BT HS/HF(  343): service:1 mService:0
02-03 22:21:41.540 D/DATA    (  343): [DSST(0)] pollstate() : reason = data network state changed
02-03 22:21:41.540 D/MobileDataStateTracker(  257): [supl] subType changed, oldSubtype = 0new subtype = 4
02-03 22:21:41.550 D/MobileDataStateTracker(  257): [mms]  MobileDataStateReceiver onReceive(): Entry.
02-03 22:21:41.550 D/MobileDataStateTracker(  257): [mms]  intent.getAction()= android.intent.action.SERVICE_STATE
02-03 22:21:41.550 D/MobileDataStateTracker(  257): [mms]  mEnabled = false
02-03 22:21:41.550 D/LockScreen(  257): Updating Lock Screen text to Ruim
02-03 22:21:41.560 D/KeyguardViewMediator(  257): setHidden false
02-03 22:21:41.580 D/MobileDataStateTracker(  257): [mms] subType changed, oldSubtype = 0new subtype = 4
02-03 22:21:41.580 D/PhoneApp(  343): old phone type:2, New Phone type:2
02-03 22:21:41.580 D/KeyguardViewMediator(  257): setHidden false
02-03 22:21:41.610 D/MobileDataStateTracker(  257): [default]  MobileDataStateReceiver onReceive(): Entry.
02-03 22:21:41.610 D/MobileDataStateTracker(  257): [default]  intent.getAction()= android.intent.action.SERVICE_STATE
02-03 22:21:41.610 D/MobileDataStateTracker(  257): [default]  mEnabled = true
02-03 22:21:41.610 D/KeyguardViewMediator(  257): setHidden false
02-03 22:21:41.610 D/KeyguardViewMediator(  257): setHidden false
02-03 22:21:41.620 D/CallManager(  343):  handleMessage (EVENT_SERVICE_STATE_CHANGED)
02-03 22:21:41.620 E/BT HS/HF(  343): SERVICE_STATE_CHANGED called
02-03 22:21:41.620 E/BT HS/HF(  343): updateServiceState called, sendUpdate:false  ServiceState:0 home Sprint  310099  IS95A CSS not supported 41 4139RoamInd: 1RoamStatus(sprint): 1DefRoamInd: 160EmergOnly: false
02-03 22:21:41.620 E/BT HS/HF(  343): service:1 mService:1
02-03 22:21:41.630 D/Phone   (  343): [PhoneNotifier] [DefaultPhoneNotifier] : default, INET, DISCONNECTED
02-03 22:21:41.630 D/androidNlpServiceThread(  383): updateState: shouldBeEnabled false shouldBeRunning false
02-03 22:21:41.630 D/MobileDataStateTracker(  257): [default] subType changed, oldSubtype = 0new subtype = 4
02-03 22:21:41.640 D/MobileDataStateTracker(  257): [hipri]  MobileDataStateReceiver onReceive(): Entry.
02-03 22:21:41.640 D/MobileDataStateTracker(  257): [hipri]  intent.getAction()= android.intent.action.SERVICE_STATE
02-03 22:21:41.640 D/MobileDataStateTracker(  257): [hipri]  mEnabled = false
02-03 22:21:41.640 D/MobileDataStateTracker(  257): [dun]  MobileDataStateReceiver onReceive(): Entry.
02-03 22:21:41.640 D/MobileDataStateTracker(  257): [dun]  intent.getAction()= android.intent.action.SERVICE_STATE
02-03 22:21:41.640 D/MobileDataStateTracker(  257): [dun]  mEnabled = false
02-03 22:21:41.640 D/MobileDataStateTracker(  257): [supl]  MobileDataStateReceiver onReceive(): Entry.
02-03 22:21:41.640 D/KeyguardViewMediator(  257): setHidden false
02-03 22:21:41.660 I/TelephonyRegistry(  257): notifyDataConnection: state=0 isDataConnectivityPossible=true reason=dataNetworkAttached interfaceName=null networkType=4 apnType=default apn=null
02-03 22:21:41.660 I/TelephonyRegistry(  257): +++broadcastDataConnectionStateChanged
02-03 22:21:41.660 I/TelephonyRegistry(  257): +++sendStickyBroadcast
02-03 22:21:41.660 D/MobileDataStateTracker(  257): [supl]  intent.getAction()= android.intent.action.SERVICE_STATE
02-03 22:21:41.660 D/MobileDataStateTracker(  257): [supl]  mEnabled = false
02-03 22:21:41.680 D/KeyguardViewMediator(  257): setHidden false
02-03 22:21:41.680 D/Phone   (  343): [PhoneNotifier] [DefaultPhoneNotifier] : default, INET6, DISCONNECTED
02-03 22:21:41.690 D/MobileDataStateTracker(  257): [mms]  MobileDataStateReceiver onReceive(): Entry.
02-03 22:21:41.690 D/MobileDataStateTracker(  257): [mms]  intent.getAction()= android.intent.action.SERVICE_STATE
02-03 22:21:41.690 D/MobileDataStateTracker(  257): [mms]  mEnabled = false
02-03 22:21:41.690 D/MobileDataStateTracker(  257): [default]  MobileDataStateReceiver onReceive(): Entry.
02-03 22:21:41.690 D/MobileDataStateTracker(  257): [default]  intent.getAction()= android.intent.action.SERVICE_STATE
02-03 22:21:41.690 D/MobileDataStateTracker(  257): [default]  mEnabled = true
02-03 22:21:41.690 I/TelephonyRegistry(  257): notifyDataConnection: state=0 isDataConnectivityPossible=true reason=dataNetworkAttached interfaceName=null networkType=4 apnType=default apn=null
02-03 22:21:41.690 I/TelephonyRegistry(  257): +++broadcastDataConnectionStateChanged
02-03 22:21:41.690 D/MobileDataStateTracker(  257): [hipri]  MobileDataStateReceiver onReceive(): Entry.
02-03 22:21:41.690 D/MobileDataStateTracker(  257): [hipri]  intent.getAction()= android.intent.action.SERVICE_STATE
02-03 22:21:41.690 D/MobileDataStateTracker(  257): [hipri]  mEnabled = false
02-03 22:21:41.700 I/TelephonyRegistry(  257): +++sendStickyBroadcast
02-03 22:21:41.700 D/Phone   (  343): [PhoneNotifier] [DefaultPhoneNotifier] : mms, INET, DISCONNECTED
02-03 22:21:41.700 I/TelephonyRegistry(  257): notifyDataConnection: state=0 isDataConnectivityPossible=true reason=dataNetworkAttached interfaceName=null networkType=4 apnType=mms apn=null
02-03 22:21:41.700 I/TelephonyRegistry(  257): +++broadcastDataConnectionStateChanged
02-03 22:21:41.710 D/KeyguardViewMediator(  257): setHidden false
02-03 22:21:41.710 I/TelephonyRegistry(  257): +++sendStickyBroadcast
02-03 22:21:41.720 D/MobileDataStateTracker(  257): [dun]  MobileDataStateReceiver onReceive(): Entry.
02-03 22:21:41.720 D/MobileDataStateTracker(  257): [dun]  intent.getAction()= android.intent.action.SERVICE_STATE
02-03 22:21:41.720 D/MobileDataStateTracker(  257): [dun]  mEnabled = false
02-03 22:21:41.720 D/MobileDataStateTracker(  257): [supl]  MobileDataStateReceiver onReceive(): Entry.
02-03 22:21:41.720 D/MobileDataStateTracker(  257): [supl]  intent.getAction()= android.intent.action.SERVICE_STATE
02-03 22:21:41.720 D/MobileDataStateTracker(  257): [supl]  mEnabled = false
02-03 22:21:41.720 D/KeyguardViewMediator(  257): setHidden false
02-03 22:21:41.720 D/Phone   (  343): [PhoneNotifier] [DefaultPhoneNotifier] : mms, INET6, DISCONNECTED
02-03 22:21:41.730 I/TelephonyRegistry(  257): notifyDataConnection: state=0 isDataConnectivityPossible=true reason=dataNetworkAttached interfaceName=null networkType=4 apnType=mms apn=null
02-03 22:21:41.730 I/TelephonyRegistry(  257): +++broadcastDataConnectionStateChanged
02-03 22:21:41.730 I/TelephonyRegistry(  257): +++sendStickyBroadcast
02-03 22:21:41.730 D/MobileDataStateTracker(  257): [mms]  MobileDataStateReceiver onReceive(): Entry.
02-03 22:21:41.730 D/MobileDataStateTracker(  257): [mms]  intent.getAction()= android.intent.action.SERVICE_STATE
02-03 22:21:41.730 D/MobileDataStateTracker(  257): [mms]  mEnabled = false
02-03 22:21:41.730 D/MobileDataStateTracker(  257): [default]  MobileDataStateReceiver onReceive(): Entry.
02-03 22:21:41.740 D/MobileDataStateTracker(  257): [default]  intent.getAction()= android.intent.action.SERVICE_STATE
02-03 22:21:41.740 D/MobileDataStateTracker(  257): [default]  mEnabled = true
02-03 22:21:41.740 D/MobileDataStateTracker(  257): [hipri]  MobileDataStateReceiver onReceive(): Entry.
02-03 22:21:41.740 D/MobileDataStateTracker(  257): [hipri]  intent.getAction()= android.intent.action.ANY_DATA_STATE
02-03 22:21:41.740 D/MobileDataStateTracker(  257): [hipri]  mEnabled = false
02-03 22:21:41.740 D/Phone   (  343): [PhoneNotifier] [DefaultPhoneNotifier] : supl, INET, DISCONNECTED
02-03 22:21:41.740 D/KeyguardViewMediator(  257): setHidden false
02-03 22:21:41.750 I/TelephonyRegistry(  257): notifyDataConnection: state=0 isDataConnectivityPossible=true reason=dataNetworkAttached interfaceName=null networkType=4 apnType=supl apn=null
02-03 22:21:41.750 I/TelephonyRegistry(  257): +++broadcastDataConnectionStateChanged
02-03 22:21:41.750 D/KeyguardViewMediator(  257): setHidden false
02-03 22:21:41.770 D/androidNlpServiceThread(  383): updateState: shouldBeEnabled false shouldBeRunning false
02-03 22:21:41.770 D/KeyguardViewMediator(  257): setHidden false
02-03 22:21:41.780 D/MobileDataStateTracker(  257): [hipri]  apnTypeList = default
02-03 22:21:41.780 D/MobileDataStateTracker(  257): [hipri]  unavailable = false
02-03 22:21:41.780 D/MobileDataStateTracker(  257): [hipri] Do not process intents if disabled.
02-03 22:21:41.780 D/MobileDataStateTracker(  257): [dun]  MobileDataStateReceiver onReceive(): Entry.
02-03 22:21:41.780 D/MobileDataStateTracker(  257): [dun]  intent.getAction()= android.intent.action.ANY_DATA_STATE
02-03 22:21:41.780 D/MobileDataStateTracker(  257): [dun]  mEnabled = false
02-03 22:21:41.780 D/KeyguardViewMediator(  257): setHidden false
02-03 22:21:41.790 I/TelephonyRegistry(  257): +++sendStickyBroadcast
02-03 22:21:41.790 D/Phone   (  343): [PhoneNotifier] [DefaultPhoneNotifier] : supl, INET6, DISCONNECTED
02-03 22:21:41.790 I/TelephonyRegistry(  257): notifyDataConnection: state=0 isDataConnectivityPossible=true reason=dataNetworkAttached interfaceName=null networkType=4 apnType=supl apn=null
02-03 22:21:41.790 I/TelephonyRegistry(  257): +++broadcastDataConnectionStateChanged
02-03 22:21:41.790 D/MobileDataStateTracker(  257): [dun]  apnTypeList = default
02-03 22:21:41.790 D/MobileDataStateTracker(  257): [dun]  unavailable = false
02-03 22:21:41.790 D/MobileDataStateTracker(  257): [dun] Do not process intents if disabled.
02-03 22:21:41.790 D/MobileDataStateTracker(  257): [supl]  MobileDataStateReceiver onReceive(): Entry.
02-03 22:21:41.790 D/MobileDataStateTracker(  257): [supl]  intent.getAction()= android.intent.action.ANY_DATA_STATE
02-03 22:21:41.790 D/MobileDataStateTracker(  257): [supl]  mEnabled = false
02-03 22:21:41.800 D/KeyguardViewMediator(  257): setHidden false
02-03 22:21:41.800 D/MobileDataStateTracker(  257): [supl]  apnTypeList = default
02-03 22:21:41.800 D/MobileDataStateTracker(  257): [supl]  unavailable = false
02-03 22:21:41.800 I/TelephonyRegistry(  257): +++sendStickyBroadcast
02-03 22:21:41.810 D/Phone   (  343): [PhoneNotifier] [DefaultPhoneNotifier] : dun, INET, DISCONNECTED
02-03 22:21:41.810 I/TelephonyRegistry(  257): notifyDataConnection: state=0 isDataConnectivityPossible=true reason=dataNetworkAttached interfaceName=null networkType=4 apnType=dun apn=null
02-03 22:21:41.810 I/TelephonyRegistry(  257): +++broadcastDataConnectionStateChanged
02-03 22:21:41.810 D/MobileDataStateTracker(  257): [supl] Do not process intents if disabled.
02-03 22:21:41.810 D/MobileDataStateTracker(  257): [mms]  MobileDataStateReceiver onReceive(): Entry.
02-03 22:21:41.810 D/MobileDataStateTracker(  257): [mms]  intent.getAction()= android.intent.action.ANY_DATA_STATE
02-03 22:21:41.810 D/MobileDataStateTracker(  257): [mms]  mEnabled = false
02-03 22:21:41.810 D/MobileDataStateTracker(  257): [mms]  apnTypeList = default
02-03 22:21:41.810 D/MobileDataStateTracker(  257): [mms]  unavailable = false
02-03 22:21:41.810 D/MobileDataStateTracker(  257): [mms] Do not process intents if disabled.
02-03 22:21:41.810 D/MobileDataStateTracker(  257): [default]  MobileDataStateReceiver onReceive(): Entry.
02-03 22:21:41.810 D/MobileDataStateTracker(  257): [default]  intent.getAction()= android.intent.action.ANY_DATA_STATE
02-03 22:21:41.810 D/MobileDataStateTracker(  257): [default]  mEnabled = true
02-03 22:21:41.820 D/KeyguardViewMediator(  257): setHidden false
02-03 22:21:41.820 I/TelephonyRegistry(  257): +++sendStickyBroadcast
02-03 22:21:41.830 D/Phone   (  343): [PhoneNotifier] [DefaultPhoneNotifier] : dun, INET6, DISCONNECTED
02-03 22:21:41.830 D/androidNlpServiceThread(  383): updateState: shouldBeEnabled false shouldBeRunning false
02-03 22:21:41.840 D/MobileDataStateTracker(  257): [default]  apnTypeList = default
02-03 22:21:41.840 D/MobileDataStateTracker(  257): [default]  unavailable = false
02-03 22:21:41.840 D/MobileDataStateTracker(  257): [default] CALL updateMobileInfoFromIntent
02-03 22:21:41.840 I/MobileDataStateTracker(  257): [default] dc state change intent received for default/INET with state  DISCONNECTED. enabled=true state change reason = dataNetworkAttached
02-03 22:21:41.840 I/MobileDataStateTracker(  257): [default] old state = DISCONNECTED
02-03 22:21:41.840 I/MobileDataStateTracker(  257): [default] no change,  just return
02-03 22:21:41.840 D/MobileDataStateTracker(  257): [default] No need to update detailed state
02-03 22:21:41.840 D/MobileDataStateTracker(  257): [hipri]  MobileDataStateReceiver onReceive(): Entry.
02-03 22:21:41.840 D/MobileDataStateTracker(  257): [hipri]  intent.getAction()= android.intent.action.ANY_DATA_STATE
02-03 22:21:41.840 D/MobileDataStateTracker(  257): [hipri]  mEnabled = false
02-03 22:21:41.850 D/KeyguardViewMediator(  257): setHidden false
02-03 22:21:41.850 I/TelephonyRegistry(  257): notifyDataConnection: state=0 isDataConnectivityPossible=true reason=dataNetworkAttached interfaceName=null networkType=4 apnType=dun apn=null
02-03 22:21:41.850 I/TelephonyRegistry(  257): +++broadcastDataConnectionStateChanged
02-03 22:21:41.850 I/TelephonyRegistry(  257): +++sendStickyBroadcast
02-03 22:21:41.860 D/MobileDataStateTracker(  257): [hipri]  apnTypeList = default
02-03 22:21:41.860 D/MobileDataStateTracker(  257): [hipri]  unavailable = false
02-03 22:21:41.860 D/MobileDataStateTracker(  257): [hipri] Do not process intents if disabled.
02-03 22:21:41.860 D/MobileDataStateTracker(  257): [dun]  MobileDataStateReceiver onReceive(): Entry.
02-03 22:21:41.860 D/MobileDataStateTracker(  257): [dun]  intent.getAction()= android.intent.action.ANY_DATA_STATE
02-03 22:21:41.860 D/MobileDataStateTracker(  257): [dun]  mEnabled = false
02-03 22:21:41.860 D/KeyguardViewMediator(  257): setHidden false
02-03 22:21:41.870 D/Phone   (  343): [PhoneNotifier] [DefaultPhoneNotifier] : hipri, INET, DISCONNECTED
02-03 22:21:41.880 D/androidNlpServiceThread(  383): updateState: shouldBeEnabled false shouldBeRunning false
02-03 22:21:41.890 D/MobileDataStateTracker(  257): [dun]  apnTypeList = default
02-03 22:21:41.890 D/MobileDataStateTracker(  257): [dun]  unavailable = false
02-03 22:21:41.890 D/MobileDataStateTracker(  257): [dun] Do not process intents if disabled.
02-03 22:21:41.890 D/MobileDataStateTracker(  257): [supl]  MobileDataStateReceiver onReceive(): Entry.
02-03 22:21:41.890 D/MobileDataStateTracker(  257): [supl]  intent.getAction()= android.intent.action.ANY_DATA_STATE
02-03 22:21:41.890 D/MobileDataStateTracker(  257): [supl]  mEnabled = false
02-03 22:21:41.900 I/TelephonyRegistry(  257): notifyDataConnection: state=0 isDataConnectivityPossible=true reason=dataNetworkAttached interfaceName=null networkType=4 apnType=hipri apn=null
02-03 22:21:41.900 I/TelephonyRegistry(  257): +++broadcastDataConnectionStateChanged
02-03 22:21:41.900 I/TelephonyRegistry(  257): +++sendStickyBroadcast
02-03 22:21:41.900 D/MobileDataStateTracker(  257): [supl]  apnTypeList = default
02-03 22:21:41.900 D/MobileDataStateTracker(  257): [supl]  unavailable = false
02-03 22:21:41.900 D/MobileDataStateTracker(  257): [supl] Do not process intents if disabled.
02-03 22:21:41.900 D/MobileDataStateTracker(  257): [mms]  MobileDataStateReceiver onReceive(): Entry.
02-03 22:21:41.900 D/MobileDataStateTracker(  257): [mms]  intent.getAction()= android.intent.action.ANY_DATA_STATE
02-03 22:21:41.900 D/MobileDataStateTracker(  257): [mms]  mEnabled = false
02-03 22:21:41.900 D/Phone   (  343): [PhoneNotifier] [DefaultPhoneNotifier] : hipri, INET6, DISCONNECTED
02-03 22:21:41.910 I/TelephonyRegistry(  257): notifyDataConnection: state=0 isDataConnectivityPossible=true reason=dataNetworkAttached interfaceName=null networkType=4 apnType=hipri apn=null
02-03 22:21:41.910 I/TelephonyRegistry(  257): +++broadcastDataConnectionStateChanged
02-03 22:21:41.910 D/KeyguardViewMediator(  257): setHidden false
02-03 22:21:41.910 D/MobileDataStateTracker(  257): [mms]  apnTypeList = default
02-03 22:21:41.910 D/MobileDataStateTracker(  257): [mms]  unavailable = false
02-03 22:21:41.910 D/MobileDataStateTracker(  257): [mms] Do not process intents if disabled.
02-03 22:21:41.910 D/MobileDataStateTracker(  257): [default]  MobileDataStateReceiver onReceive(): Entry.
02-03 22:21:41.910 D/MobileDataStateTracker(  257): [default]  intent.getAction()= android.intent.action.ANY_DATA_STATE
02-03 22:21:41.910 D/MobileDataStateTracker(  257): [default]  mEnabled = true
02-03 22:21:41.920 D/MobileDataStateTracker(  257): [default]  apnTypeList = default
02-03 22:21:41.920 D/MobileDataStateTracker(  257): [default]  unavailable = false
02-03 22:21:41.920 D/MobileDataStateTracker(  257): [default] CALL updateMobileInfoFromIntent
02-03 22:21:41.920 I/MobileDataStateTracker(  257): [default] dc state change intent received for default/INET6 with state  DISCONNECTED. enabled=true state change reason = dataNetworkAttached
02-03 22:21:41.920 I/TelephonyRegistry(  257): +++sendStickyBroadcast
02-03 22:21:41.920 D/Phone   (  343): [PhoneNotifier] [DefaultPhoneNotifier] : default, INET, DISCONNECTED
02-03 22:21:41.920 D/KeyguardViewMediator(  257): setHidden false
02-03 22:21:41.930 I/MobileDataStateTracker(  257): [default] old state = DISCONNECTED
02-03 22:21:41.930 I/MobileDataStateTracker(  257): [default] no change,  just return
02-03 22:21:41.930 D/MobileDataStateTracker(  257): [default] No need to update detailed state
02-03 22:21:41.930 D/MobileDataStateTracker(  257): [hipri]  MobileDataStateReceiver onReceive(): Entry.
02-03 22:21:41.930 D/MobileDataStateTracker(  257): [hipri]  intent.getAction()= android.intent.action.ANY_DATA_STATE
02-03 22:21:41.930 D/MobileDataStateTracker(  257): [hipri]  mEnabled = false
02-03 22:21:41.930 I/TelephonyRegistry(  257): notifyDataConnection: state=0 isDataConnectivityPossible=true reason=radioTechnologyChanged interfaceName=null networkType=4 apnType=default apn=null
02-03 22:21:41.930 I/TelephonyRegistry(  257): +++broadcastDataConnectionStateChanged
02-03 22:21:41.940 D/KeyguardViewMediator(  257): setHidden false
02-03 22:21:41.940 D/KeyguardViewMediator(  257): setHidden false
02-03 22:21:41.940 D/KeyguardViewMediator(  257): setHidden false
02-03 22:21:41.950 I/TelephonyRegistry(  257): +++sendStickyBroadcast
02-03 22:21:41.960 D/MobileDataStateTracker(  257): [hipri]  apnTypeList = mms
02-03 22:21:41.960 D/MobileDataStateTracker(  257): [hipri]  unavailable = false
02-03 22:21:41.960 D/MobileDataStateTracker(  257): [hipri] Do not process intents if disabled.
02-03 22:21:41.960 D/MobileDataStateTracker(  257): [dun]  MobileDataStateReceiver onReceive(): Entry.
02-03 22:21:41.960 D/MobileDataStateTracker(  257): [dun]  intent.getAction()= android.intent.action.ANY_DATA_STATE
02-03 22:21:41.960 D/MobileDataStateTracker(  257): [dun]  mEnabled = false
02-03 22:21:41.960 D/Phone   (  343): [PhoneNotifier] [DefaultPhoneNotifier] : default, INET6, DISCONNECTED
02-03 22:21:41.960 I/TelephonyRegistry(  257): notifyDataConnection: state=0 isDataConnectivityPossible=true reason=radioTechnologyChanged interfaceName=null networkType=4 apnType=default apn=null
02-03 22:21:41.960 I/TelephonyRegistry(  257): +++broadcastDataConnectionStateChanged
02-03 22:21:41.960 D/androidNlpServiceThread(  383): updateState: shouldBeEnabled false shouldBeRunning false
02-03 22:21:41.970 I/TelephonyRegistry(  257): +++sendStickyBroadcast
02-03 22:21:41.970 D/MobileDataStateTracker(  257): [dun]  apnTypeList = mms
02-03 22:21:41.970 D/MobileDataStateTracker(  257): [dun]  unavailable = false
02-03 22:21:41.970 D/MobileDataStateTracker(  257): [dun] Do not process intents if disabled.
02-03 22:21:41.970 D/MobileDataStateTracker(  257): [supl]  MobileDataStateReceiver onReceive(): Entry.
02-03 22:21:41.970 D/MobileDataStateTracker(  257): [supl]  intent.getAction()= android.intent.action.ANY_DATA_STATE
02-03 22:21:41.970 D/MobileDataStateTracker(  257): [supl]  mEnabled = false
02-03 22:21:41.970 D/MobileDataStateTracker(  257): [supl]  apnTypeList = mms
02-03 22:21:41.970 D/MobileDataStateTracker(  257): [supl]  unavailable = false
02-03 22:21:41.970 D/MobileDataStateTracker(  257): [supl] Do not process intents if disabled.
02-03 22:21:41.970 D/MobileDataStateTracker(  257): [mms]  MobileDataStateReceiver onReceive(): Entry.
02-03 22:21:41.970 D/MobileDataStateTracker(  257): [mms]  intent.getAction()= android.intent.action.ANY_DATA_STATE
02-03 22:21:41.970 D/MobileDataStateTracker(  257): [mms]  mEnabled = false
02-03 22:21:41.990 D/Phone   (  343): [PhoneNotifier] [DefaultPhoneNotifier] : mms, INET, DISCONNECTED
02-03 22:21:41.990 I/TelephonyRegistry(  257): notifyDataConnection: state=0 isDataConnectivityPossible=true reason=radioTechnologyChanged interfaceName=null networkType=4 apnType=mms apn=null
02-03 22:21:41.990 I/TelephonyRegistry(  257): +++broadcastDataConnectionStateChanged
02-03 22:21:41.990 I/TelephonyRegistry(  257): +++sendStickyBroadcast
02-03 22:21:41.990 D/Phone   (  343): [PhoneNotifier] [DefaultPhoneNotifier] : mms, INET6, DISCONNECTED
02-03 22:21:42.000 D/MobileDataStateTracker(  257): [mms]  apnTypeList = mms
02-03 22:21:42.000 D/MobileDataStateTracker(  257): [mms]  unavailable = false
02-03 22:21:42.000 D/MobileDataStateTracker(  257): [mms] Do not process intents if disabled.
02-03 22:21:42.000 D/MobileDataStateTracker(  257): [default]  MobileDataStateReceiver onReceive(): Entry.
02-03 22:21:42.000 D/MobileDataStateTracker(  257): [default]  intent.getAction()= android.intent.action.ANY_DATA_STATE
