02-03 22:21:30.132 I/DEBUG   (  112): debuggerd: Feb  2 2012 01:48:18
02-03 22:21:30.312 D/loc_api_app(  122): loc_api_app_msg Using INI file: /etc/loc_parameter.ini
02-03 22:21:30.343 D/loc_api_app(  122): loc_api_app_msg PARAM use_logcat = 1
02-03 22:21:30.343 D/loc_api_app(  122): loc_api_app_msg PARAM event_mask = 65535
02-03 22:21:30.343 D/loc_api_app(  122): loc_api_app_msg PARAM nmea_sentence_mask = 31
02-03 22:21:30.343 D/loc_api_app(  122): loc_api_app_msg PARAM engine_lock = 0
02-03 22:21:30.343 D/loc_api_app(  122): loc_api_app_msg PARAM operation_mode = 4
02-03 22:21:30.343 D/loc_api_app(  122): loc_api_app_msg PARAM fix_session_type = 0
02-03 22:21:30.343 D/loc_api_app(  122): loc_api_app_msg PARAM time_between_fixes = 60
02-03 22:21:30.343 D/loc_api_app(  122): loc_api_app_msg PARAM accuracy_threshold = 255
02-03 22:21:30.343 D/loc_api_app(  122): loc_api_app_msg PARAM fix_timeout = 60
02-03 22:21:30.343 D/loc_api_app(  122): loc_api_app_msg PARAM enable_auto_download = 1
02-03 22:21:30.343 D/loc_api_app(  122): loc_api_app_msg PARAM auto_download_period = 1
02-03 22:21:30.343 D/loc_api_app(  122): loc_api_app_msg PARAM xtra_server_addr = 216.187.118.37
02-03 22:21:30.343 D/loc_api_app(  122): loc_api_app_msg PARAM data_request_reply = 0
02-03 22:21:30.343 D/loc_api_app(  122): loc_api_app_msg PARAM umts_profile_number = 0
02-03 22:21:30.343 D/loc_api_app(  122): loc_api_app_msg PARAM apn_name = 
02-03 22:21:30.433 E/        (  128): 
02-03 22:21:30.433 E/        (  128): 		=========================
02-03 22:21:30.433 E/        (  128): 
02-03 22:21:30.433 E/        (  128): 		Starting SPRINT Test App
02-03 22:21:30.433 E/        (  128): 
02-03 22:21:30.433 E/        (  128): 		=========================
02-03 22:21:30.433 E/        (  128): 
02-03 22:21:30.433 E/        (  128):  Calling LSM init 
02-03 22:21:30.433 E/        (  128): SPRINT Test App: Diag_LSM_Init succeeded. 
02-03 22:21:30.433 E/        (  128): zhaobin: sprintdiag_qmi_vs_client_init entered 
02-03 22:21:30.433 E/        (  128): Trying qmi_init() for (0-referenced) try # 0 
02-03 22:21:30.503 I/dun_service(  123): The value returned from dun_getusbmodemstate_fromsys is 2 
02-03 22:21:30.503 I/dun_service(  123): modem is present in configuration
02-03 22:21:30.503 I/dun_service(  123): The value returned from dun_getusbstate_fromsys is 1 
02-03 22:21:30.503 I/dun_service(  123): Post event 1
02-03 22:21:30.503 I/dun_service(  123): received event: DUN_EVENT_USB_UNPLUG 
02-03 22:21:30.503 I/dun_service(  123): received event(DUN_EVENT_USB_UNPLUG) in state(DUN_STATE_USB_UNPLUG)
02-03 22:21:30.503 I/dun_service(  123): Ignoring the event DUN_EVENT_USB_UNPLUG in USB_UNPLUG_STATE
02-03 22:21:30.503 I/dun_service(  123): Moved to state(DUN_STATE_USB_UNPLUG)
02-03 22:21:30.503 I/dun_service(  123): Post event 3
02-03 22:21:30.503 I/dun_service(  123): received event: DUN_EVENT_RMNET_DOWN 
02-03 22:21:30.503 I/dun_service(  123): received event(DUN_EVENT_RMNET_DOWN) in state(DUN_STATE_USB_UNPLUG)
02-03 22:21:30.503 I/dun_service(  123): Ignoring the event DUN_EVENT_RMNET_DOWN in USB_UNPLUG_STATE
02-03 22:21:30.503 I/dun_service(  123): Moved to state(DUN_STATE_USB_UNPLUG)
02-03 22:21:30.583 I/dun_service(  123): The value returned from dun_getusbmodemstate_fromsys is 2 
02-03 22:21:30.593 I/dun_service(  123): The value returned from dun_getusbmodemstate_fromsys is 1 
02-03 22:21:30.593 I/dun_service(  123): Post event 1
02-03 22:21:30.593 I/dun_service(  123): received event: DUN_EVENT_USB_UNPLUG 
02-03 22:21:30.593 I/dun_service(  123): received event(DUN_EVENT_USB_UNPLUG) in state(DUN_STATE_USB_UNPLUG)
02-03 22:21:30.593 I/dun_service(  123): Ignoring the event DUN_EVENT_USB_UNPLUG in USB_UNPLUG_STATE
02-03 22:21:30.593 I/dun_service(  123): Moved to state(DUN_STATE_USB_UNPLUG)
02-03 22:21:30.593 I/dun_service(  123): The value returned from dun_getusbmodemstate_fromsys is 1 
02-03 22:21:30.593 I/dun_service(  123): Post event 1
02-03 22:21:30.593 I/dun_service(  123): received event: DUN_EVENT_USB_UNPLUG 
02-03 22:21:30.593 I/dun_service(  123): received event(DUN_EVENT_USB_UNPLUG) in state(DUN_STATE_USB_UNPLUG)
02-03 22:21:30.593 I/dun_service(  123): Ignoring the event DUN_EVENT_USB_UNPLUG in USB_UNPLUG_STATE
02-03 22:21:30.593 I/dun_service(  123): Moved to state(DUN_STATE_USB_UNPLUG)
02-03 22:21:30.593 I/dun_service(  123): The value returned from dun_getusbmodemstate_fromsys is 1 
02-03 22:21:30.593 I/dun_service(  123): Post event 1
02-03 22:21:30.593 I/dun_service(  123): received event: DUN_EVENT_USB_UNPLUG 
02-03 22:21:30.593 I/dun_service(  123): received event(DUN_EVENT_USB_UNPLUG) in state(DUN_STATE_USB_UNPLUG)
02-03 22:21:30.593 I/dun_service(  123): Ignoring the event DUN_EVENT_USB_UNPLUG in USB_UNPLUG_STATE
02-03 22:21:30.593 I/dun_service(  123): Moved to state(DUN_STATE_USB_UNPLUG)
02-03 22:21:30.593 I/dun_service(  123): The value returned from dun_getusbmodemstate_fromsys is 1 
02-03 22:21:30.593 I/dun_service(  123): Post event 1
02-03 22:21:30.593 I/dun_service(  123): received event: DUN_EVENT_USB_UNPLUG 
02-03 22:21:30.593 I/dun_service(  123): received event(DUN_EVENT_USB_UNPLUG) in state(DUN_STATE_USB_UNPLUG)
02-03 22:21:30.593 I/dun_service(  123): Ignoring the event DUN_EVENT_USB_UNPLUG in USB_UNPLUG_STATE
02-03 22:21:30.593 I/dun_service(  123): Moved to state(DUN_STATE_USB_UNPLUG)
02-03 22:21:30.593 I/dun_service(  123): The value returned from dun_getusbmodemstate_fromsys is 1 
02-03 22:21:30.593 I/dun_service(  123): Post event 1
02-03 22:21:30.593 I/dun_service(  123): received event: DUN_EVENT_USB_UNPLUG 
02-03 22:21:30.593 I/dun_service(  123): received event(DUN_EVENT_USB_UNPLUG) in state(DUN_STATE_USB_UNPLUG)
02-03 22:21:30.593 I/dun_service(  123): Ignoring the event DUN_EVENT_USB_UNPLUG in USB_UNPLUG_STATE
02-03 22:21:30.593 I/dun_service(  123): Moved to state(DUN_STATE_USB_UNPLUG)
02-03 22:21:30.593 I/dun_service(  123): The value returned from dun_getusbmodemstate_fromsys is 1 
02-03 22:21:30.593 I/dun_service(  123): Post event 1
02-03 22:21:30.593 I/dun_service(  123): received event: DUN_EVENT_USB_UNPLUG 
02-03 22:21:30.593 I/dun_service(  123): received event(DUN_EVENT_USB_UNPLUG) in state(DUN_STATE_USB_UNPLUG)
02-03 22:21:30.593 I/dun_service(  123): Ignoring the event DUN_EVENT_USB_UNPLUG in USB_UNPLUG_STATE
02-03 22:21:30.593 I/dun_service(  123): Moved to state(DUN_STATE_USB_UNPLUG)
02-03 22:21:30.593 I/dun_service(  123): The value returned from dun_getusbmodemstate_fromsys is 1 
02-03 22:21:30.593 I/dun_service(  123): Post event 1
02-03 22:21:30.593 I/dun_service(  123): received event: DUN_EVENT_USB_UNPLUG 
02-03 22:21:30.593 I/dun_service(  123): received event(DUN_EVENT_USB_UNPLUG) in state(DUN_STATE_USB_UNPLUG)
02-03 22:21:30.593 I/dun_service(  123): Ignoring the event DUN_EVENT_USB_UNPLUG in USB_UNPLUG_STATE
02-03 22:21:30.593 I/dun_service(  123): Moved to state(DUN_STATE_USB_UNPLUG)
02-03 22:21:30.593 I/dun_service(  123): The value returned from dun_getusbmodemstate_fromsys is 1 
02-03 22:21:30.593 I/dun_service(  123): Post event 1
02-03 22:21:30.593 I/dun_service(  123): received event: DUN_EVENT_USB_UNPLUG 
02-03 22:21:30.593 I/dun_service(  123): received event(DUN_EVENT_USB_UNPLUG) in state(DUN_STATE_USB_UNPLUG)
02-03 22:21:30.593 I/dun_service(  123): Ignoring the event DUN_EVENT_USB_UNPLUG in USB_UNPLUG_STATE
02-03 22:21:30.593 I/dun_service(  123): Moved to state(DUN_STATE_USB_UNPLUG)
02-03 22:21:30.593 I/dun_service(  123): The value returned from dun_getusbmodemstate_fromsys is 1 
02-03 22:21:30.593 I/dun_service(  123): Post event 1
02-03 22:21:30.593 I/dun_service(  123): received event: DUN_EVENT_USB_UNPLUG 
02-03 22:21:30.593 I/dun_service(  123): received event(DUN_EVENT_USB_UNPLUG) in state(DUN_STATE_USB_UNPLUG)
02-03 22:21:30.593 I/dun_service(  123): Ignoring the event DUN_EVENT_USB_UNPLUG in USB_UNPLUG_STATE
02-03 22:21:30.593 I/dun_service(  123): Moved to state(DUN_STATE_USB_UNPLUG)
02-03 22:21:30.593 I/dun_service(  123): The value returned from dun_getusbmodemstate_fromsys is 1 
02-03 22:21:30.593 I/dun_service(  123): Post event 1
02-03 22:21:30.593 I/dun_service(  123): received event: DUN_EVENT_USB_UNPLUG 
02-03 22:21:30.593 I/dun_service(  123): received event(DUN_EVENT_USB_UNPLUG) in state(DUN_STATE_USB_UNPLUG)
02-03 22:21:30.593 I/dun_service(  123): Ignoring the event DUN_EVENT_USB_UNPLUG in USB_UNPLUG_STATE
02-03 22:21:30.593 I/dun_service(  123): Moved to state(DUN_STATE_USB_UNPLUG)
02-03 22:21:30.593 I/dun_service(  123): The value returned from dun_getusbmodemstate_fromsys is 1 
02-03 22:21:30.593 I/dun_service(  123): Post event 1
02-03 22:21:30.593 I/dun_service(  123): received event: DUN_EVENT_USB_UNPLUG 
02-03 22:21:30.593 I/dun_service(  123): received event(DUN_EVENT_USB_UNPLUG) in state(DUN_STATE_USB_UNPLUG)
02-03 22:21:30.593 I/dun_service(  123): Ignoring the event DUN_EVENT_USB_UNPLUG in USB_UNPLUG_STATE
02-03 22:21:30.593 I/dun_service(  123): Moved to state(DUN_STATE_USB_UNPLUG)
02-03 22:21:30.593 I/dun_service(  123): The value returned from dun_getusbmodemstate_fromsys is 1 
02-03 22:21:30.593 I/dun_service(  123): Post event 1
02-03 22:21:30.593 I/dun_service(  123): received event: DUN_EVENT_USB_UNPLUG 
02-03 22:21:30.593 I/dun_service(  123): received event(DUN_EVENT_USB_UNPLUG) in state(DUN_STATE_USB_UNPLUG)
02-03 22:21:30.593 I/dun_service(  123): Ignoring the event DUN_EVENT_USB_UNPLUG in USB_UNPLUG_STATE
02-03 22:21:30.593 I/dun_service(  123): Moved to state(DUN_STATE_USB_UNPLUG)
02-03 22:21:30.593 I/dun_service(  123): The value returned from dun_getusbmodemstate_fromsys is 1 
02-03 22:21:30.593 I/dun_service(  123): Post event 1
02-03 22:21:30.593 I/dun_service(  123): received event: DUN_EVENT_USB_UNPLUG 
02-03 22:21:30.593 I/dun_service(  123): received event(DUN_EVENT_USB_UNPLUG) in state(DUN_STATE_USB_UNPLUG)
02-03 22:21:30.593 I/dun_service(  123): Ignoring the event DUN_EVENT_USB_UNPLUG in USB_UNPLUG_STATE
02-03 22:21:30.593 I/dun_service(  123): Moved to state(DUN_STATE_USB_UNPLUG)
02-03 22:21:30.613 I/dun_service(  123): The value returned from dun_getusbmodemstate_fromsys is 1 
02-03 22:21:30.613 I/dun_service(  123): Post event 1
02-03 22:21:30.613 I/dun_service(  123): received event: DUN_EVENT_USB_UNPLUG 
02-03 22:21:30.613 I/dun_service(  123): received event(DUN_EVENT_USB_UNPLUG) in state(DUN_STATE_USB_UNPLUG)
02-03 22:21:30.613 I/dun_service(  123): Ignoring the event DUN_EVENT_USB_UNPLUG in USB_UNPLUG_STATE
02-03 22:21:30.613 I/dun_service(  123): Moved to state(DUN_STATE_USB_UNPLUG)
02-03 22:21:30.663 I/dun_service(  123): The value returned from dun_getusbmodemstate_fromsys is 1 
02-03 22:21:30.663 I/dun_service(  123): Post event 1
02-03 22:21:30.663 I/dun_service(  123): received event: DUN_EVENT_USB_UNPLUG 
02-03 22:21:30.663 I/dun_service(  123): received event(DUN_EVENT_USB_UNPLUG) in state(DUN_STATE_USB_UNPLUG)
02-03 22:21:30.663 I/dun_service(  123): Ignoring the event DUN_EVENT_USB_UNPLUG in USB_UNPLUG_STATE
02-03 22:21:30.663 I/dun_service(  123): Moved to state(DUN_STATE_USB_UNPLUG)
02-03 22:21:30.673 I/dun_service(  123): The value returned from dun_getusbmodemstate_fromsys is 1 
02-03 22:21:30.673 I/dun_service(  123): Post event 1
02-03 22:21:30.673 I/dun_service(  123): received event: DUN_EVENT_USB_UNPLUG 
02-03 22:21:30.673 I/dun_service(  123): received event(DUN_EVENT_USB_UNPLUG) in state(DUN_STATE_USB_UNPLUG)
02-03 22:21:30.673 I/dun_service(  123): Ignoring the event DUN_EVENT_USB_UNPLUG in USB_UNPLUG_STATE
02-03 22:21:30.673 I/dun_service(  123): Moved to state(DUN_STATE_USB_UNPLUG)
02-03 22:21:30.703 I/dun_service(  123): The value returned from dun_getusbmodemstate_fromsys is 2 
02-03 22:21:30.723 I/dun_service(  123): The value returned from dun_getusbmodemstate_fromsys is 2 
02-03 22:21:30.723 I/dun_service(  123): The value returned from dun_getusbmodemstate_fromsys is 2 
02-03 22:21:30.723 I/dun_service(  123): The value returned from dun_getusbmodemstate_fromsys is 2 
02-03 22:21:30.723 I/dun_service(  123): The value returned from dun_getusbmodemstate_fromsys is 2 
02-03 22:21:30.753 E/rmt_storage(  159): rmt_storage force sync
02-03 22:21:30.753 E/rmt_storage(  159): [MyTag]open: fd=11
02-03 22:21:30.823 I/dun_service(  123): The value returned from dun_getusbmodemstate_fromsys is 2 
02-03 22:21:30.843 I/dun_service(  123): The value returned from dun_getusbmodemstate_fromsys is 2 
02-03 22:21:30.843 I/dun_service(  123): The value returned from dun_getusbmodemstate_fromsys is 2 
02-03 22:21:30.843 I/dun_service(  123): The value returned from dun_getusbmodemstate_fromsys is 2 
02-03 22:21:30.853 E/        (  113): cby, conn_id = 0, client_id = 1, service_id = 9
02-03 22:21:30.873 E/        (  113): cby, conn_id = 0, client_id = 1, service_id = 2
02-03 22:21:30.883 E/        (  113): cby, conn_id = 0, client_id = 1, service_id = 3
02-03 22:21:30.893 E/        (  113): cby, conn_id = 0, client_id = 1, service_id = 12
02-03 22:21:30.923 E/        (  113): cby, conn_id = 0, client_id = 1, service_id = 5
02-03 22:21:31.173 I/DMM     (  200): DMM Disabled. movable_start_bytes not set: 0 
02-03 22:21:31.263 I/DMM     (  204): Self-Refresh-Only Disabled. low_power_memory_start_bytes not set:0 
02-03 22:21:31.564 E/        (  128): sprintdiag_qmi_init_vs_client_handles entered
02-03 22:21:31.564 E/rmt_storage(  159): block rmt_storage client thread
02-03 22:21:31.574 E/        (  113): cby, conn_id = 1, client_id = 1, service_id = 11
02-03 22:21:31.574 E/        (  128): cby, conn_id = 0, client_id = 1, service_id = 228
02-03 22:21:31.574 E/        (  128): sprintdiag_qmi_init_vs_client_handles completed with 0
02-03 22:21:31.574 E/        (  128): zhaobin: sprintdiag_qmi_vs_client_init completed with 0
02-03 22:21:31.744 E/        (  113): cby, conn_id = 1, client_id = 1, service_id = 10
02-03 22:21:31.744 E/        (  113): cby, conn_id = 0, client_id = 1, service_id = 1
02-03 22:21:31.754 E/        (  113): cby, conn_id = 1, client_id = 1, service_id = 1
02-03 22:21:31.754 E/        (  113): cby, conn_id = 2, client_id = 1, service_id = 1
02-03 22:21:31.774 E/        (  113): cby, conn_id = 3, client_id = 1, service_id = 1
02-03 22:21:31.774 E/        (  113): cby, conn_id = 4, client_id = 1, service_id = 1
02-03 22:21:31.784 E/        (  113): cby, conn_id = 1, client_id = 2, service_id = 1
02-03 22:21:31.784 E/        (  113): cby, conn_id = 1, client_id = 3, service_id = 1
02-03 22:21:32.244 D/AudioHardwareMSM7X30(  115): msm_mixer_open: Opening the device
02-03 22:21:32.244 D/AudioHardwareMSM7X30(  115): msm_mixer_count:mixer_cnt =40
02-03 22:21:32.264 E/AudioHardwareMSM7X30(  115): index = 0
02-03 22:21:32.264 E/AudioHardwareMSM7X30(  115): Found device: handset_rx:index = 0,dev_id: 0
02-03 22:21:32.264 E/AudioHardwareMSM7X30(  115): class ID = 0,capablity = 5 for device 0
02-03 22:21:32.264 E/AudioHardwareMSM7X30(  115): index = 1
02-03 22:21:32.264 E/AudioHardwareMSM7X30(  115): Found device: handset_tx:index = 1,dev_id: 1
02-03 22:21:32.264 E/AudioHardwareMSM7X30(  115): class ID = 0,capablity = 6 for device 1
02-03 22:21:32.264 E/AudioHardwareMSM7X30(  115): index = 19
02-03 22:21:32.264 E/AudioHardwareMSM7X30(  115): Found device: hac_rx:index = 19,dev_id: 2
02-03 22:21:32.264 E/AudioHardwareMSM7X30(  115): class ID = 0,capablity = 5 for device 2
02-03 22:21:32.264 E/AudioHardwareMSM7X30(  115): index = 2
02-03 22:21:32.264 E/AudioHardwareMSM7X30(  115): Found device: speaker_stereo_rx:index = 2,dev_id: 3
02-03 22:21:32.264 E/AudioHardwareMSM7X30(  115): class ID = 0,capablity = 5 for device 3
02-03 22:21:32.264 E/AudioHardwareMSM7X30(  115): index = 5
02-03 22:21:32.264 E/AudioHardwareMSM7X30(  115): Found device: headset_mono_tx:index = 5,dev_id: 4
02-03 22:21:32.264 E/AudioHardwareMSM7X30(  115): class ID = 0,capablity = 6 for device 4
02-03 22:21:32.264 E/AudioHardwareMSM7X30(  115): index = 16
02-03 22:21:32.264 E/AudioHardwareMSM7X30(  115): Found device: fmradio_stereo_rx:index = 16,dev_id: 6
02-03 22:21:32.264 E/AudioHardwareMSM7X30(  115): class ID = 3,capablity = 1 for device 6
02-03 22:21:32.264 E/AudioHardwareMSM7X30(  115): index = 14
02-03 22:21:32.264 E/AudioHardwareMSM7X30(  115): Found device: fmradio_stereo_tx:index = 14,dev_id: 7
02-03 22:21:32.264 E/AudioHardwareMSM7X30(  115): class ID = 2,capablity = 2 for device 7
02-03 22:21:32.264 E/AudioHardwareMSM7X30(  115): index = 17
02-03 22:21:32.264 E/AudioHardwareMSM7X30(  115): Found device: bt_sco_rx:index = 17,dev_id: 8
02-03 22:21:32.264 E/AudioHardwareMSM7X30(  115): class ID = 1,capablity = 5 for device 8
02-03 22:21:32.264 E/AudioHardwareMSM7X30(  115): index = 18
02-03 22:21:32.264 E/AudioHardwareMSM7X30(  115): Found device: bt_sco_tx:index = 18,dev_id: 9
02-03 22:21:32.264 E/AudioHardwareMSM7X30(  115): class ID = 1,capablity = 6 for device 9
02-03 22:21:32.264 E/AudioHardwareMSM7X30(  115): index = 3
02-03 22:21:32.264 E/AudioHardwareMSM7X30(  115): Found device: speaker_mono_tx:index = 3,dev_id: 10
02-03 22:21:32.264 E/AudioHardwareMSM7X30(  115): class ID = 0,capablity = 6 for device 10
02-03 22:21:32.264 E/AudioHardwareMSM7X30(  115): index = 4
02-03 22:21:32.264 E/AudioHardwareMSM7X30(  115): Found device: headset_stereo_rx:index = 4,dev_id: 11
02-03 22:21:32.264 E/AudioHardwareMSM7X30(  115): class ID = 0,capablity = 5 for device 11
02-03 22:21:32.264 E/AudioHardwareMSM7X30(  115): index = 9
02-03 22:21:32.264 E/AudioHardwareMSM7X30(  115): Found device: handset_dual_mic_endfire_tx:index = 9,dev_id: 12
02-03 22:21:32.264 E/AudioHardwareMSM7X30(  115): class ID = 0,capablity = 6 for device 12
02-03 22:21:32.264 E/AudioHardwareMSM7X30(  115): index = 10
02-03 22:21:32.264 E/AudioHardwareMSM7X30(  115): Found device: speaker_dual_mic_endfire_tx:index = 10,dev_id: 13
02-03 22:21:32.264 E/AudioHardwareMSM7X30(  115): class ID = 0,capablity = 6 for device 13
02-03 22:21:32.264 E/AudioHardwareMSM7X30(  115): index = 12
02-03 22:21:32.264 E/AudioHardwareMSM7X30(  115): Found device: tty_headset_mono_tx:index = 12,dev_id: 14
02-03 22:21:32.264 E/AudioHardwareMSM7X30(  115): class ID = 0,capablity = 38 for device 14
02-03 22:21:32.264 E/AudioHardwareMSM7X30(  115): index = 11
02-03 22:21:32.264 E/AudioHardwareMSM7X30(  115): Found device: tty_headset_mono_rx:index = 11,dev_id: 15
02-03 22:21:32.264 E/AudioHardwareMSM7X30(  115): class ID = 0,capablity = 37 for device 15
02-03 22:21:32.264 E/AudioHardwareMSM7X30(  115): index = 13
02-03 22:21:32.264 E/AudioHardwareMSM7X30(  115): Found device: headset_stereo_speaker_stereo_rx:index = 13,dev_id: 20
02-03 22:21:32.264 E/AudioHardwareMSM7X30(  115): class ID = 0,capablity = 5 for device 20
02-03 22:21:32.264 E/AudioHardwareMSM7X30(  115): index = 15
02-03 22:21:32.264 E/AudioHardwareMSM7X30(  115): Found device: hdmi_stereo_rx:index = 15,dev_id: 23
02-03 22:21:32.264 E/AudioHardwareMSM7X30(  115): class ID = 3,capablity = 1 for device 23
02-03 22:21:32.264 E/AudioHardwareMSM7X30(  115): index = 7
02-03 22:21:32.264 E/AudioHardwareMSM7X30(  115): Found device: fmradio_headset_rx:index = 7,dev_id: 24
02-03 22:21:32.264 E/AudioHardwareMSM7X30(  115): class ID = 0,capablity = 1 for device 24
02-03 22:21:32.284 E/AudioHardwareMSM7X30(  115): index = 8
02-03 22:21:32.284 E/AudioHardwareMSM7X30(  115): Found device: fmradio_speaker_rx:index = 8,dev_id: 25
02-03 22:21:32.284 E/AudioHardwareMSM7X30(  115): class ID = 0,capablity = 1 for device 25
02-03 22:21:32.284 E/AudioHardwareMSM7X30(  115): index = 20
02-03 22:21:32.284 E/AudioHardwareMSM7X30(  115): Found device: auxmic_tx:index = 20,dev_id: 26
02-03 22:21:32.284 E/AudioHardwareMSM7X30(  115): class ID = 0,capablity = 6 for device 26
02-03 22:21:32.284 E/        (  115): libaudcal: acph_init() - Allocated memory for acph_main_buffer!!
02-03 22:21:32.284 E/        (  115): actp_diag_init: call diag init function with 80101479
02-03 22:21:32.284 D/AudioFlinger(  115): setMode(0)
02-03 22:21:32.284 I/QualcommCameraHardware(  115): getCameraInfo: IN
02-03 22:21:32.314 I/QualcommCameraHardware(  115): getCameraInfo: loading libqcamera at 0xb000e660
02-03 22:21:32.314 I/QualcommCameraHardware(  115): getCameraInfo: numOfCameras = 1
02-03 22:21:32.314 I/QualcommCameraHardware(  115): Camera sensor 0 info:
02-03 22:21:32.314 I/QualcommCameraHardware(  115): camera_id: 0
02-03 22:21:32.314 I/QualcommCameraHardware(  115): modes_supported: 5
02-03 22:21:32.314 I/QualcommCameraHardware(  115): position: 0
02-03 22:21:32.314 I/QualcommCameraHardware(  115): sensor_mount_angle: 0
02-03 22:21:32.314 I/QualcommCameraHardware(  115): getCameraInfo: OUT
02-03 22:21:32.334 E/AudioHardwareMSM7X30(  115): AudioStreamOutMSM72xx::setParameters() routing=2
02-03 22:21:32.334 E/AudioHardwareMSM7X30(  115): set output routing 2
02-03 22:21:32.334 E/AudioHardwareMSM7X30(  115): doAudioRouteOrMute() device 1, mMode 0, mMicMute 1
02-03 22:21:32.334 E/AudioHardwareMSM7X30(  115): do_route_audio_rpc(1, 1, 1)
02-03 22:21:32.334 D/AudioHardwareMSM7X30(  115): new_rx_device = 2, DEV_ID(new_rx_device)=3
02-03 22:21:32.334 D/AudioHardwareMSM7X30(  115): new_tx_device = 3, DEV_ID(new_tx_device)=10
02-03 22:21:32.334 D/AudioHardwareMSM7X30(  115): updateDeviceInfo: E rx_device 2 and tx_device 3
02-03 22:21:32.334 D/AudioHardwareMSM7X30(  115): No active voicecall/playback, disabling cur_rx 65535
02-03 22:21:32.334 D/AudioHardwareMSM7X30(  115): No active voicecall/recording, disabling cur_tx 65535
02-03 22:21:32.334 E/AudioHardwareMSM7X30(  115): There is no node in the routing table!
02-03 22:21:32.334 D/AudioHardwareMSM7X30(  115): updateDeviceInfo: X cur_rx 2 cur_tx 3
02-03 22:21:32.334 D/AudioHardwareMSM7X30(  115): AudioStreamOutMSM72xx::standby()
02-03 22:21:32.334 D/AudioHardwareMSM7X30(  115): setVoiceVolume(1.000000)
02-03 22:21:32.334 E/AudioHardwareMSM7X30(  115): msm_set_voice_rx_vol(100) failed errno = 1
02-03 22:21:33.235 I/SamplingProfilerIntegration(  114): Profiler is disabled.
02-03 22:21:33.245 E/rmt_storage(  159): [MyTag]open: fd=-1
02-03 22:21:33.245 E/rmt_storage(  159): block rmt_storage client thread
02-03 22:21:33.245 I/Zygote  (  114): Preloading classes...
02-03 22:21:33.245 E/Zygote  (  114): setreuid() failed. errno: 2
02-03 22:21:33.746 W/MediaProfiles(  114): could not find media config xml file
02-03 22:21:35.287 W/Zygote  (  114): Class not found for preloading: android.widget.TextView$SelectionModifierCursorController$1
02-03 22:21:36.058 E/        (  125): cby, conn_id = 0, client_id = 2, service_id = 1
02-03 22:21:36.058 E/        (  125): cby, conn_id = 1, client_id = 4, service_id = 1
02-03 22:21:36.058 E/        (  125): cby, conn_id = 2, client_id = 2, service_id = 1
02-03 22:21:36.068 E/        (  125): cby, conn_id = 3, client_id = 2, service_id = 1
02-03 22:21:36.068 E/        (  125): cby, conn_id = 4, client_id = 2, service_id = 1
02-03 22:21:39.942 I/Zygote  (  114): ...preloaded 1829 classes in 6694ms.
02-03 22:21:39.942 E/Zygote  (  114): setreuid() failed. errno: 17
02-03 22:21:40.022 I/Zygote  (  114): Preloading resources...
02-03 22:21:40.092 W/Zygote  (  114): Preloaded drawable resource #0x1080093 (res/drawable-mdpi/sym_def_app_icon.png) that varies with configuration!!
02-03 22:21:40.112 W/Zygote  (  114): Preloaded drawable resource #0x1080002 (res/drawable-mdpi/arrow_down_float.png) that varies with configuration!!
02-03 22:21:40.152 W/Zygote  (  114): Preloaded drawable resource #0x10800b6 (res/drawable/btn_check.xml) that varies with configuration!!
02-03 22:21:40.152 W/Zygote  (  114): Preloaded drawable resource #0x10800b9 (res/drawable-mdpi/btn_check_label_background.9.png) that varies with configuration!!
02-03 22:21:40.152 W/Zygote  (  114): Preloaded drawable resource #0x10800ba (res/drawable-mdpi/btn_check_off.png) that varies with configuration!!
02-03 22:21:40.152 W/Zygote  (  114): Preloaded drawable resource #0x10800bf (res/drawable-mdpi/btn_check_on.png) that varies with configuration!!
02-03 22:21:40.162 W/Zygote  (  114): Preloaded drawable resource #0x1080004 (res/drawable/btn_default.xml) that varies with configuration!!
02-03 22:21:40.192 W/Zygote  (  114): Preloaded drawable resource #0x1080005 (res/drawable/btn_default_small.xml) that varies with configuration!!
02-03 22:21:40.212 W/Zygote  (  114): Preloaded drawable resource #0x1080006 (res/drawable/btn_dropdown.xml) that varies with configuration!!
02-03 22:21:40.242 W/Zygote  (  114): Preloaded drawable resource #0x1080008 (res/drawable/btn_plus.xml) that varies with configuration!!
02-03 22:21:40.272 W/Zygote  (  114): Preloaded drawable resource #0x1080007 (res/drawable/btn_minus.xml) that varies with configuration!!
02-03 22:21:40.292 W/Zygote  (  114): Preloaded drawable resource #0x1080009 (res/drawable/btn_radio.xml) that varies with configuration!!
02-03 22:21:40.362 W/Zygote  (  114): Preloaded drawable resource #0x108000a (res/drawable/btn_star.xml) that varies with configuration!!
02-03 22:21:40.382 W/Zygote  (  114): Preloaded drawable resource #0x1080134 (res/drawable/btn_toggle.xml) that varies with configuration!!
02-03 22:21:40.392 W/Zygote  (  114): Preloaded drawable resource #0x1080198 (res/drawable-mdpi/ic_emergency.png) that varies with configuration!!
02-03 22:21:40.392 W/Zygote  (  114): Preloaded drawable resource #0x1080012 (res/drawable-mdpi/divider_horizontal_bright.9.png) that varies with configuration!!
02-03 22:21:40.392 W/Zygote  (  114): Preloaded drawable resource #0x1080014 (res/drawable-mdpi/divider_horizontal_dark.9.png) that varies with configuration!!
02-03 22:21:40.422 W/Zygote  (  114): Preloaded drawable resource #0x1080016 (res/drawable/edit_text.xml) that varies with configuration!!
02-03 22:21:40.432 W/Zygote  (  114): Preloaded drawable resource #0x1080172 (res/drawable/expander_group.xml) that varies with configuration!!
02-03 22:21:40.452 W/Zygote  (  114): Preloaded drawable resource #0x1080062 (res/drawable/list_selector_background.xml) that varies with configuration!!
02-03 22:21:40.452 W/Zygote  (  114): Preloaded drawable resource #0x1080231 (res/drawable-mdpi/menu_background.9.png) that varies with configuration!!
02-03 22:21:40.462 W/Zygote  (  114): Preloaded drawable resource #0x1080232 (res/drawable-mdpi/menu_background_fill_parent_width.9.png) that varies with configuration!!
02-03 22:21:40.472 W/Zygote  (  114): Preloaded drawable resource #0x1080233 (res/drawable/menu_selector.xml) that varies with configuration!!
02-03 22:21:40.532 W/Zygote  (  114): Preloaded drawable resource #0x1080241 (res/drawable-mdpi/panel_background.9.png) that varies with configuration!!
02-03 22:21:40.683 W/Zygote  (  114): Preloaded drawable resource #0x1080249 (res/drawable-mdpi/popup_bottom_bright.9.png) that varies with configuration!!
02-03 22:21:40.683 W/Zygote  (  114): Preloaded drawable resource #0x108024a (res/drawable-mdpi/popup_bottom_dark.9.png) that varies with configuration!!
02-03 22:21:40.693 W/Zygote  (  114): Preloaded drawable resource #0x108024b (res/drawable-mdpi/popup_bottom_medium.9.png) that varies with configuration!!
02-03 22:21:40.703 W/Zygote  (  114): Preloaded drawable resource #0x108024c (res/drawable-mdpi/popup_center_bright.9.png) that varies with configuration!!
02-03 22:21:40.723 W/Zygote  (  114): Preloaded drawable resource #0x108024d (res/drawable-mdpi/popup_center_dark.9.png) that varies with configuration!!
02-03 22:21:40.723 W/Zygote  (  114): Preloaded drawable resource #0x1080250 (res/drawable-mdpi/popup_full_dark.9.png) that varies with configuration!!
02-03 22:21:40.723 W/Zygote  (  114): Preloaded drawable resource #0x1080253 (res/drawable-mdpi/popup_top_bright.9.png) that varies with configuration!!
02-03 22:21:40.723 W/Zygote  (  114): Preloaded drawable resource #0x1080254 (res/drawable-mdpi/popup_top_dark.9.png) that varies with configuration!!
02-03 22:21:40.733 W/Zygote  (  114): Preloaded drawable resource #0x108006d (res/drawable/progress_indeterminate_horizontal.xml) that varies with configuration!!
02-03 22:21:40.733 W/Zygote  (  114): Preloaded drawable resource #0x108025a (res/drawable/progress_small.xml) that varies with configuration!!
02-03 22:21:40.743 W/Zygote  (  114): Preloaded drawable resource #0x108025b (res/drawable/progress_small_titlebar.xml) that varies with configuration!!
02-03 22:21:40.743 W/Zygote  (  114): Preloaded drawable resource #0x108027b (res/drawable-mdpi/scrollbar_handle_horizontal.9.png) that varies with configuration!!
02-03 22:21:40.743 W/Zygote  (  114): Preloaded drawable resource #0x108027c (res/drawable-mdpi/scrollbar_handle_vertical.9.png) that varies with configuration!!
02-03 22:21:40.743 W/Zygote  (  114): Preloaded drawable resource #0x1080071 (res/drawable/spinner_dropdown_background.xml) that varies with configuration!!
02-03 22:21:40.753 W/Zygote  (  114): Preloaded drawable resource #0x108031d (res/drawable-mdpi/text_select_handle_left.png) that varies with configuration!!
02-03 22:21:40.753 W/Zygote  (  114): Preloaded drawable resource #0x108031e (res/drawable-mdpi/text_select_handle_middle.png) that varies with configuration!!
02-03 22:21:40.753 W/Zygote  (  114): Preloaded drawable resource #0x108031f (res/drawable-mdpi/text_select_handle_right.png) that varies with configuration!!
02-03 22:21:40.763 W/Zygote  (  114): Preloaded drawable resource #0x1080340 (res/drawable-mdpi/title_bar_shadow.9.png) that varies with configuration!!
02-03 22:21:40.763 W/Zygote  (  114): Preloaded drawable resource #0x10801df (res/drawable-mdpi/indicator_code_lock_drag_direction_green_up.png) that varies with configuration!!
02-03 22:21:40.763 W/Zygote  (  114): Preloaded drawable resource #0x10801e0 (res/drawable-mdpi/indicator_code_lock_drag_direction_red_up.png) that varies with configuration!!
02-03 22:21:40.773 W/Zygote  (  114): Preloaded drawable resource #0x10801e1 (res/drawable-mdpi/indicator_code_lock_point_area_default.png) that varies with configuration!!
02-03 22:21:40.773 W/Zygote  (  114): Preloaded drawable resource #0x10801e2 (res/drawable-mdpi/indicator_code_lock_point_area_green.png) that varies with configuration!!
02-03 22:21:40.783 W/Zygote  (  114): Preloaded drawable resource #0x10801e3 (res/drawable-mdpi/indicator_code_lock_point_area_red.png) that varies with configuration!!
02-03 22:21:40.783 I/Zygote  (  114): ...preloaded 51 resources in 754ms.
02-03 22:21:40.783 I/Zygote  (  114): ...preloaded 15 resources in 9ms.
02-03 22:21:40.863 I/Zygote  (  114): Accepting command socket connections
02-03 22:21:41.133 I/dun_service(  123): The value returned from dun_getusbmodemstate_fromsys is 2 
02-03 22:21:41.193 I/dun_service(  123): The value returned from dun_getusbmodemstate_fromsys is 2 
02-03 22:21:41.193 I/dun_service(  123): The value returned from dun_getusbmodemstate_fromsys is 2 
02-03 22:21:41.193 I/dun_service(  123): The value returned from dun_getusbmodemstate_fromsys is 2 
02-03 22:21:41.223 E/OverlayLIB(  257): cannot open framebuffer(1)
02-03 22:21:41.223 E/SurfaceFlinger(  257): overlay::initOverlay() ERROR!!
02-03 22:21:41.283 E/libEGL  (  257): eglSetSwapRectangleANDROID:1848 error 3008 (EGL_BAD_DISPLAY)
02-03 22:21:41.283 E/Sensors (  257): [HAL]set aflag = 1 ,mEnabled = 1
02-03 22:21:41.283 E/Sensors (  257): [HAL]set mvflag = 1 ,mEnabled = 3
02-03 22:21:41.283 E/Sensors (  257): [HAL]set mflag = 1 ,mEnabled = 7
02-03 22:21:41.283 E/Sensors (  257): [HAL]ready to call enable(Accelerometer,0),AAAAAAAA
02-03 22:21:41.283 E/Sensors (  257): [HAL]ECS_IOCTL_APP_SET_AFLAG 	success,flags = 0
02-03 22:21:41.283 E/Sensors (  257): [HAL]After {mEnabled &= ~(1<<what)},mEnabled = 6
02-03 22:21:41.283 E/Sensors (  257): [HAL]After {(newState)<<what)},mEnabled = 6
02-03 22:21:41.283 E/Sensors (  257): [HAL]ready to call enable(MagneticField,0),MMMMMMMM
02-03 22:21:41.283 E/Sensors (  257): [HAL]ECS_IOCTL_APP_SET_MVFLAG success,flags = 0
02-03 22:21:41.283 E/Sensors (  257): [HAL]After {mEnabled &= ~(1<<what)},mEnabled = 4
02-03 22:21:41.283 E/Sensors (  257): [HAL]After {(newState)<<what)},mEnabled = 4
02-03 22:21:41.283 E/Sensors (  257): [HAL]ready to call enable(Orientation,0),OOOOOOOO
02-03 22:21:41.283 E/Sensors (  257): [HAL]ECS_IOCTL_APP_SET_MFLAG 	success,flags = 0
02-03 22:21:41.283 E/Sensors (  257): [HAL]After {mEnabled &= ~(1<<what)},mEnabled = 0
02-03 22:21:41.283 E/Sensors (  257): [HAL]After {(newState)<<what)},mEnabled = 0
02-03 22:21:41.283 E/Sensors (  257): [HAL]Closed /dev/akm8962_aot in enable(Orientation,0),mEnable = 0
02-03 22:21:41.473 E/AudioFlinger(  115): processConfigEvents() remaining events 1
02-03 22:21:41.473 D/MediaPlayer(  272): setDataSource(/system/media/audio/ui/Bootsound.mp3)
02-03 22:21:41.473 D/MediaPlayerService(  115): Create new client(1) from pid 272, url=/system/media/audio/ui/Bootsound.mp3, connId=1, audioSessionId=2
02-03 22:21:41.473 E/MediaPlayerService(  115): setDataSource(/system/media/audio/ui/Bootsound.mp3)
02-03 22:21:41.493 E/MediaPlayer(  272): Unable to to create media player
02-03 22:21:41.493 E/BootAnimation(  272): Failed to load Androidbootsound sounds.
02-03 22:21:41.553 E/SurfaceFlinger(  257): eglSwapBuffers: EGL error 0x3008 (EGL_BAD_DISPLAY)
02-03 22:21:41.593 W/zipro   (  272): Unable to open zip '/data/local/bootanimation.zip': No such file or directory
02-03 22:21:42.404 W/PackageParser(  257): <manifest> has more than one <application>
02-03 22:21:42.484 W/PackageParser(  257): Unknown element under <manifest>: assign-permission at /system/app/alarming.apk Binary XML file line #14
02-03 22:21:43.686 I/PackageManager(  257): Package com.google.android.apps.plus at /system/app/PlusOne.apk ignored: updated version 231242969 better than this 211219805
02-03 22:21:43.816 I/PackageManager(  257): Package com.android.vending at /system/app/Phonesky.apk ignored: updated version 8010004 better than this 8009012
02-03 22:21:44.236 I/PackageManager(  257): Package com.google.android.music at /system/app/Music2.apk ignored: updated version 512 better than this 509
02-03 22:21:44.717 I/PackageManager(  257): Package com.google.android.apps.maps at /system/app/Maps.apk ignored: updated version 602001401 better than this 600000100
02-03 22:21:45.077 I/PackageManager(  257): Package com.google.android.googlequicksearchbox at /system/app/GoogleQuickSearchBox.apk ignored: updated version 133247963 better than this 112064376
02-03 22:21:45.357 W/PackageParser(  257): Unknown element under <manifest>: uses-library at /system/app/Gallery3D.apk Binary XML file line #46
02-03 22:21:47.059 I/PackageManager(  257): Package com.google.android.apps.books at /system/app/BooksPhone.apk ignored: updated version 1502 better than this 1406
02-03 22:21:47.089 W/PackageParser(  257): No actions in intent filter at /system/app/Bluetooth.apk Binary XML file line #244
02-03 22:21:47.149 D/PackageManager(  257): No files in app dir /vendor/app
02-03 22:21:50.182 I/PackageParser(  257): com.sprint.widget.tutorial: compat added android.permission.WRITE_EXTERNAL_STORAGE android.permission.READ_PHONE_STATE
02-03 22:21:50.853 I/PackageParser(  257): com.sprint.voicemail: compat added android.permission.WRITE_EXTERNAL_STORAGE android.permission.READ_PHONE_STATE
02-03 22:21:51.353 I/ActivityThread(  257): Pub settings: com.android.providers.settings.SettingsProvider
02-03 22:21:51.403 D/SettingsProvider(  257): cache for settings table 'secure' rows=63; fullycached=true
02-03 22:21:51.423 D/SettingsProvider(  257): cache for settings table 'system' rows=168; fullycached=true
02-03 22:21:51.463 D/BrcmBtServiceLoader(  257): Initializing....
02-03 22:21:51.463 D/BrcmBtServiceLoader(  257): ********BT/Fm services configured to run as standalone process...
02-03 22:21:51.473 I/BluetoothProfileState(  257): Message:Entering Stable State
02-03 22:21:51.473 I/BluetoothProfileState(  257): Message:Entering Stable State
02-03 22:21:51.473 E/BluetoothService(  257): add eas pocicy change
02-03 22:21:51.483 W/DMM Service(  257): ro.dev.dmm.dpd.start_address = 0
02-03 22:21:51.483 W/DMM Service(  257): DynamicMemoryManager Service Disabled.
02-03 22:21:51.513 I/MobileDataStateTracker(  257): [hipri] instance created. netType=5, mApnType=hipri, mApnTypeToWatchFor=hipri
02-03 22:21:51.513 I/MobileDataStateTracker(  257): [hipri] initial state. v4=DISCONNECTED, v6=DISCONNECTED
02-03 22:21:51.513 I/MobileDataStateTracker(  257): [dun] instance created. netType=4, mApnType=dun, mApnTypeToWatchFor=dun
02-03 22:21:51.513 I/MobileDataStateTracker(  257): [dun] initial state. v4=DISCONNECTED, v6=DISCONNECTED
02-03 22:21:51.513 I/MobileDataStateTracker(  257): [supl] instance created. netType=3, mApnType=supl, mApnTypeToWatchFor=supl
02-03 22:21:51.513 I/MobileDataStateTracker(  257): [supl] initial state. v4=DISCONNECTED, v6=DISCONNECTED
02-03 22:21:51.513 I/MobileDataStateTracker(  257): [mms] instance created. netType=2, mApnType=mms, mApnTypeToWatchFor=mms
02-03 22:21:51.513 I/MobileDataStateTracker(  257): [mms] initial state. v4=DISCONNECTED, v6=DISCONNECTED
02-03 22:21:51.563 I/MobileDataStateTracker(  257): [default] instance created. netType=0, mApnType=default, mApnTypeToWatchFor=default
02-03 22:21:51.563 I/MobileDataStateTracker(  257): [default] initial state. v4=DISCONNECTED, v6=DISCONNECTED
02-03 22:21:51.593 I/PackageManager(  257): Updating external media status from unmounted to unmounted
02-03 22:21:51.603 D/AudioHardwareMSM7X30(  115): setVoiceVolume(0.800000)
02-03 22:21:51.603 E/AudioHardwareMSM7X30(  115): msm_set_voice_rx_vol(80) failed errno = 1
02-03 22:21:51.613 D/AudioFlinger(  115): setMode(0)
02-03 22:21:51.613 W/AudioPolicyManager(  115): setPhoneState() setting same state 0
02-03 22:21:51.613 E/AudioFlinger(  115): processConfigEvents() remaining events 1
02-03 22:21:51.643 W/UsbDeviceSettingsManager(  257): settings file not found
02-03 22:21:51.964 D/AlarmManager(  257): +++Alarm set:type=0 android  Trigger after:3843987ms
02-03 22:21:51.964 W/KeyCharacterMap(  257): No keyboard for id 0
02-03 22:21:51.964 W/KeyCharacterMap(  257): Using default keymap: /system/usr/keychars/qwerty.kcm.bin
02-03 22:21:51.964 D/AtCkpdCmdHandler(  257): De-queing command
02-03 22:21:51.964 W/dalvikvm(  257): No implementation found for native Lcom/broadcom/bt/service/framework/PowerManagementService;.classInitNative ()V
02-03 22:21:51.964 W/dalvikvm(  257): Exception Ljava/lang/UnsatisfiedLinkError; thrown while initializing Lcom/broadcom/bt/service/framework/PowerManagementService;
02-03 22:21:51.984 I/WindowManager(  257): SAFE MODE not enabled
02-03 22:21:51.984 D/KeyguardViewMediator(  257): onSystemReady
02-03 22:21:51.984 D/lisha   (  257): isLockedOrMissing ***state.isPinLocked()=false***requireSim = true***state=ABSENT
02-03 22:21:51.984 D/lisha   (  257): ***lockedOrMissing=true***provisioned=true
02-03 22:21:51.984 D/KeyguardViewMediator(  257): doKeyguard: showing the lock screen
02-03 22:21:51.984 D/KeyguardViewMediator(  257): showLocked
02-03 22:21:51.984 D/KeyguardViewMediator(  257): handleShow
02-03 22:21:51.994 D/PowerManagerService(  257): setPowerState: mPowerState=0x0 newState=0x3 noChangeLights=false reason=3
02-03 22:21:52.004 I/Zygote  (  257): Process: zygote socket opened
02-03 22:21:52.024 D/KeyguardViewMediator(  257): setHidden false
02-03 22:21:52.024 D/KeyguardViewMediator(  257): setHidden false
02-03 22:21:52.034 I/LockPatternKeyguardView(  257): updateLockscreenBackground
02-03 22:21:52.034 I/LockPatternKeyguardView(  257): setBackgroundDrawable
02-03 22:21:52.054 I/LockPatternKeyguardView(  257): file not found: etc/customize/default_lockscreen
02-03 22:21:52.304 D/SntpClient(  257): request time failed: java.net.UnknownHostException: xtra1.gpsonextra.net
02-03 22:21:52.304 D/SntpClient(  257): request time failed: java.net.UnknownHostException: xtra1.gpsonextra.net
02-03 22:21:52.334 D/KeyguardUpdateMonitor(  257): received broadcast android.intent.action.BATTERY_CHANGED
02-03 22:21:52.334 D/KeyguardUpdateMonitor(  257): received broadcast android.media.RINGER_MODE_CHANGED
02-03 22:21:52.654 D/LockScreen(  257): initCarrierVisibility - mResId.length=2, mCarrier.length=1
02-03 22:21:52.694 I/hubo    (  257): Activity {com.android.launcher/com.android.launcher2.Launcher}
02-03 22:21:52.814 D/SntpClient(  257): request time failed: java.net.UnknownHostException: xtra1.gpsonextra.net
02-03 22:21:52.814 D/SntpClient(  257): request time failed: java.net.UnknownHostException: xtra1.gpsonextra.net
02-03 22:21:52.844 D/BtFramework(  344): ****Constructor called*************
02-03 22:21:52.844 D/BtFramework(  344): Loading BrcmBluetoothServices package....
02-03 22:21:52.844 D/BtFramework(  344): IsStandaloneProcess = true....
02-03 22:21:52.844 D/LockScreen(  257): updateLayout: status=SimMissingsubscription=0
02-03 22:21:52.854 D/LockScreen(  257): Updating Lock Screen text to Ruim
02-03 22:21:52.874 D/OppEventLoop(  344): USE_STANDALONE_EVENT_LOOP=true
02-03 22:21:52.874 D/BluetoothServiceManager(  344): ****Registering Bluetooth Service bluetooth_opp_service: com.broadcom.bt.service.opp.OppEventLoop****
02-03 22:21:52.874 D/BluetoothServiceManager(  344): ****Bluetooth Service not supported bluetooth_flick: null...Skipping. ****
02-03 22:21:52.874 D/BluetoothServiceManager(  344): ****Registering Bluetooth Service bluetooth_flick: null****
02-03 22:21:52.874 D/BluetoothServiceManager(  344): ****Bluetooth Service not supported bluetooth_ftp: com.broadcom.bt.service.ftp.BluetoothFTPService...Skipping. ****
02-03 22:21:52.874 D/BluetoothServiceManager(  344): ****Registering Bluetooth Service bluetooth_ftp: com.broadcom.bt.service.ftp.BluetoothFTPService****
02-03 22:21:52.874 D/BluetoothServiceManager(  344): ****Registering Bluetooth Service bluetooth_pbap: com.broadcom.bt.service.pbap.BluetoothPBAPService****
02-03 22:21:52.884 D/BluetoothServiceManager(  344): ****Bluetooth Service not supported bluetooth_dun: com.broadcom.bt.service.dun.BluetoothDUNService...Skipping. ****
02-03 22:21:52.884 D/BluetoothServiceManager(  344): ****Registering Bluetooth Service bluetooth_dun: com.broadcom.bt.service.dun.BluetoothDUNService****
02-03 22:21:52.884 D/BluetoothServiceManager(  344): ****Bluetooth Service not supported bluetooth_sap: com.broadcom.bt.service.sap.BluetoothSAPService...Skipping. ****
02-03 22:21:52.884 D/BluetoothServiceManager(  344): ****Registering Bluetooth Service bluetooth_sap: com.broadcom.bt.service.sap.BluetoothSAPService****
02-03 22:21:52.884 D/BluetoothServiceManager(  344): ****Registering Bluetooth Service bluetooth_test: com.broadcom.bt.service.test.BluetoothTestModeService****
02-03 22:21:52.905 D/SmsDeletedFolder(  344): SmsDeletedFolder
02-03 22:21:52.905 D/LockPatternKeyguardView(  257): LockPatternKeyguardView ctor: about to createUnlockScreenFor; mEnableFallback=false
02-03 22:21:52.905 D/UnlockScreen(  257): *******mCreationOrientation = 0
02-03 22:21:52.915 D/MAP.MapEventLoop(  344): constructor()
02-03 22:21:52.915 E/MAP.MapService(  344): constructor(): REF_COUNT=1
02-03 22:21:52.915 D/BluetoothServiceManager(  344): ****Registering Bluetooth Service bluetooth_map: com.broadcom.bt.service.map.MapEventLoop****
02-03 22:21:52.915 D/BluetoothServiceManager(  344): ****Bluetooth Service not supported bluetooth_bpp_service: null...Skipping. ****
02-03 22:21:52.915 D/BluetoothServiceManager(  344): ****Registering Bluetooth Service bluetooth_bpp_service: null****
02-03 22:21:52.915 D/BluetoothServiceManager(  344): ****Bluetooth Service not supported bluetooth_avrcp: com.broadcom.bt.service.avrcp.BluetoothAVRCPService...Skipping. ****
02-03 22:21:52.945 D/BluetoothServiceManager(  344): ****Registering Bluetooth Service bluetooth_avrcp: com.broadcom.bt.service.avrcp.BluetoothAVRCPService****
02-03 22:21:53.035 I/ActivityThread(  350): Pub com.android.launcher2.settings: com.android.launcher2.LauncherProvider
02-03 22:21:53.115 D/LockPatternKeyguardView(  257): createUnlockScreenFor(Pattern): mEnableFallback=false
02-03 22:21:53.215 D/KeyguardViewMediator(  257): adjustUserActivityLocked mShowing: true mHidden: false
02-03 22:21:53.215 D/KeyguardViewMediator(  257): onScreenTurnedOn, seq = 1
02-03 22:21:53.215 D/KeyguardViewMediator(  257): notifyScreenOnLocked
02-03 22:21:53.215 E/Sensors (  257): [HAL]ready to call enable(Accelerometer,1),AAAAAAAA
02-03 22:21:53.215 E/Sensors (  257): [HAL]mEnabled = 0;ready to open /dev/akm8962_aot
02-03 22:21:53.215 E/Sensors (  257): [HAL]ECS_IOCTL_APP_SET_AFLAG 	success,flags = 1
02-03 22:21:53.215 E/Sensors (  257): [HAL]After {mEnabled &= ~(1<<what)},mEnabled = 0
02-03 22:21:53.215 E/Sensors (  257): [HAL]After {(newState)<<what)},mEnabled = 1
02-03 22:21:53.215 E/lights  (  257): write_int failed to open /sys/class/leds/keyboard-backlight/brightness
02-03 22:21:53.355 I/ActivityThread(  343): Pub telephony: com.android.providers.telephony.TelephonyProvider
02-03 22:21:53.405 I/ActivityThread(  343): Pub icc: com.android.phone.IccProvider
02-03 22:21:53.415 I/ActivityThread(  343): Pub mms: com.android.providers.telephony.MmsProvider
02-03 22:21:53.445 I/ActivityThread(  343): Pub sms: com.android.providers.telephony.SmsProvider
02-03 22:21:53.445 I/ActivityThread(  343): Pub mms-sms: com.android.providers.telephony.MmsSmsProvider
02-03 22:21:53.515 D/Warhol  (  350): Adding *PHONE* hotseat ...
02-03 22:21:53.525 D/Launcher(  350): loadHotseats: hotseat 0 final intent=[intent:#Intent;action=android.intent.action.MAIN;component=com.android.contacts/.DialtactsActivity;end] label=[Dialer]
02-03 22:21:53.555 D/Warhol  (  350): Adding *WARHOL* hotseat...
02-03 22:21:53.555 D/Warhol  (  350): Warhol uri = intent:#Intent;action=android.intent.action.MAIN;launchFlags=0x10200000;component=com.sprint.w.installer/.ServicePackSwitcher;end
02-03 22:21:53.705 D/Bitmap  (  257): Detect unrecycled bitmap.
02-03 22:21:53.705 D/Bitmap  (  257):       Size: 39744 Bytes, Width: 108 , Height: 92 , Hash code: 1081805640
02-03 22:21:53.705 D/Bitmap  (  257):  This bimap was created in:
02-03 22:21:53.705 D/Bitmap  (  257):       android.graphics.Bitmap.<init>(Bitmap.java:136)
02-03 22:21:53.705 D/Bitmap  (  257):       android.graphics.BitmapFactory.nativeDecodeAsset(Native Method)
02-03 22:21:53.705 D/Bitmap  (  257):       android.graphics.BitmapFactory.decodeStream(BitmapFactory.java:460)
02-03 22:21:53.705 D/Bitmap  (  257):       android.graphics.BitmapFactory.decodeResourceStream(BitmapFactory.java:336)
02-03 22:21:53.705 D/Launcher(  350): loadHotseats: hotseat 1 final intent=[intent:#Intent;action=android.intent.action.MAIN;component=com.sprint.w.installer/.ServicePackSwitcher;end] label=[Pick your ID]
02-03 22:21:53.705 I/ActivityThread(  383): Pub com.google.settings: com.google.android.gsf.settings.GoogleSettingsProvider
02-03 22:21:53.705 D/KeyguardViewMediator(  257): setHidden false
02-03 22:21:53.715 D/Bitmap  (  257):       android.graphics.drawable.Drawable.createFromResourceStream(Drawable.java:697)
02-03 22:21:53.715 D/Bitmap  (  257):       android.content.res.Resources.loadDrawable(Resources.java:1709)
02-03 22:21:53.715 D/Bitmap  (  257):       android.content.res.Resources.getDrawable(Resources.java:581)
02-03 22:21:53.715 D/Bitmap  (  257):       android.graphics.drawable.StateListDrawable.inflate(StateListDrawable.java:162)
02-03 22:21:53.715 D/Bitmap  (  257):       android.graphics.drawable.Drawable.createFromXmlInner(Drawable.java:787)
02-03 22:21:53.715 D/Bitmap  (  257):       android.graphics.drawable.Drawable.createFromXml(Drawable.java:728)
02-03 22:21:53.715 D/Bitmap  (  257):       android.content.res.Resources.loadDrawable(Resources.java:1694)
02-03 22:21:53.715 D/Bitmap  (  257):       android.content.res.Resources.getDrawable(Resources.java:581)
02-03 22:21:53.715 D/Bitmap  (  257):       android.view.View.setBackgroundResource(View.java:7533)
02-03 22:21:53.715 D/Bitmap  (  257):       com.android.internal.widget.SlidingTab$Slider.<init>(SlidingTab.java:192)
02-03 22:21:53.715 D/Bitmap  (  257):       com.android.internal.widget.SlidingTab.<init>(SlidingTab.java:458)
02-03 22:21:53.715 D/Bitmap  (  257):       java.lang.reflect.Constructor.constructNative(Native Method)
02-03 22:21:53.715 D/Bitmap  (  257):       java.lang.reflect.Constructor.newInstance(Constructor.java:415)
02-03 22:21:53.715 D/Bitmap  (  257):       android.view.LayoutInflater.createView(LayoutInflater.java:505)
02-03 22:21:53.715 D/Bitmap  (  257):       android.view.LayoutInflater.createViewFromTag(LayoutInflater.java:570)
02-03 22:21:53.715 D/Bitmap  (  257):       android.view.LayoutInflater.rInflate(LayoutInflater.java:623)
02-03 22:21:53.715 D/Bitmap  (  257):       android.view.LayoutInflater.inflate(LayoutInflater.java:408)
02-03 22:21:53.715 D/Bitmap  (  257):       android.view.LayoutInflater.inflate(LayoutInflater.java:320)
02-03 22:21:53.715 D/Bitmap  (  257):       com.android.internal.policy.impl.LockScreen.<init>(LockScreen.java:328)
02-03 22:21:53.715 D/Bitmap  (  257):       com.android.internal.policy.impl.LockPatternKeyguardView.createLockScreen(LockPatternKeyguardView.java:821)
02-03 22:21:53.715 D/Bitmap  (  257):       com.android.internal.policy.impl.LockPatternKeyguardView.<init>(LockPatternKeyguardView.java:429)
02-03 22:21:53.715 D/Bitmap  (  257):       com.android.internal.policy.impl.LockPatternKeyguardViewProperties.createKeyguardView(LockPatternKeyguardViewProperties.java:49)
02-03 22:21:53.715 D/Bitmap  (  257):       com.android.internal.policy.impl.KeyguardViewManager.show(KeyguardViewManager.java:125)
02-03 22:21:53.715 D/Bitmap  (  257):       com.android.internal.policy.impl.KeyguardViewMediator.handleShow(KeyguardViewMediator.java:1064)
02-03 22:21:53.715 D/Bitmap  (  257):       com.android.internal.policy.impl.KeyguardViewMediator.access$700(KeyguardViewMediator.java:103)
02-03 22:21:53.715 D/Bitmap  (  257):       com.android.internal.policy.impl.KeyguardViewMediator$2.handleMessage(KeyguardViewMediator.java:931)
