02-03 22:21:48.266 D/MobileDataStateTracker(  257): [supl] Do not process intents if disabled.
02-03 22:21:48.266 D/MobileDataStateTracker(  257): [mms]  MobileDataStateReceiver onReceive(): Entry.
02-03 22:21:48.266 D/MobileDataStateTracker(  257): [mms]  intent.getAction()= android.intent.action.ANY_DATA_STATE
02-03 22:21:48.266 D/MobileDataStateTracker(  257): [mms]  mEnabled = false
02-03 22:21:48.266 D/Phone   (  343): [PhoneNotifier] [DefaultPhoneNotifier] : mms, INET6, DISCONNECTED
02-03 22:21:48.266 I/TelephonyRegistry(  257): notifyDataConnection: state=0 isDataConnectivityPossible=true reason=radioTechnologyChanged interfaceName=null networkType=6 apnType=mms apn=null
02-03 22:21:48.266 I/TelephonyRegistry(  257): +++broadcastDataConnectionStateChanged
02-03 22:21:48.266 I/TelephonyRegistry(  257): +++sendStickyBroadcast
02-03 22:21:48.296 D/Phone   (  343): [PhoneNotifier] [DefaultPhoneNotifier] : supl, INET, DISCONNECTED
02-03 22:21:48.296 I/TelephonyRegistry(  257): notifyDataConnection: state=0 isDataConnectivityPossible=true reason=radioTechnologyChanged interfaceName=null networkType=6 apnType=supl apn=null
02-03 22:21:48.296 I/TelephonyRegistry(  257): +++broadcastDataConnectionStateChanged
02-03 22:21:48.296 I/TelephonyRegistry(  257): +++sendStickyBroadcast
02-03 22:21:48.296 D/Phone   (  343): [PhoneNotifier] [DefaultPhoneNotifier] : supl, INET6, DISCONNECTED
02-03 22:21:48.296 I/TelephonyRegistry(  257): notifyDataConnection: state=0 isDataConnectivityPossible=true reason=radioTechnologyChanged interfaceName=null networkType=6 apnType=supl apn=null
02-03 22:21:48.296 I/TelephonyRegistry(  257): +++broadcastDataConnectionStateChanged
02-03 22:21:48.296 I/TelephonyRegistry(  257): +++sendStickyBroadcast
02-03 22:21:48.307 D/Phone   (  343): [PhoneNotifier] [DefaultPhoneNotifier] : dun, INET, DISCONNECTED
02-03 22:21:48.307 I/TelephonyRegistry(  257): notifyDataConnection: state=0 isDataConnectivityPossible=true reason=radioTechnologyChanged interfaceName=null networkType=6 apnType=dun apn=null
02-03 22:21:48.307 I/TelephonyRegistry(  257): +++broadcastDataConnectionStateChanged
02-03 22:21:48.307 I/TelephonyRegistry(  257): +++sendStickyBroadcast
02-03 22:21:48.307 D/Phone   (  343): [PhoneNotifier] [DefaultPhoneNotifier] : dun, INET6, DISCONNECTED
02-03 22:21:48.317 I/TelephonyRegistry(  257): notifyDataConnection: state=0 isDataConnectivityPossible=true reason=radioTechnologyChanged interfaceName=null networkType=6 apnType=dun apn=null
02-03 22:21:48.317 I/TelephonyRegistry(  257): +++broadcastDataConnectionStateChanged
02-03 22:21:48.317 I/TelephonyRegistry(  257): +++sendStickyBroadcast
02-03 22:21:48.317 D/Phone   (  343): [PhoneNotifier] [DefaultPhoneNotifier] : hipri, INET, DISCONNECTED
02-03 22:21:48.327 I/TelephonyRegistry(  257): notifyDataConnection: state=0 isDataConnectivityPossible=true reason=radioTechnologyChanged interfaceName=null networkType=6 apnType=hipri apn=null
02-03 22:21:48.327 I/TelephonyRegistry(  257): +++broadcastDataConnectionStateChanged
02-03 22:21:48.327 I/TelephonyRegistry(  257): +++sendStickyBroadcast
02-03 22:21:48.367 D/MobileDataStateTracker(  257): [mms]  apnTypeList = default
02-03 22:21:48.367 D/MobileDataStateTracker(  257): [mms]  unavailable = false
02-03 22:21:48.367 D/MobileDataStateTracker(  257): [mms] Do not process intents if disabled.
02-03 22:21:48.367 D/MobileDataStateTracker(  257): [default]  MobileDataStateReceiver onReceive(): Entry.
02-03 22:21:48.367 D/MobileDataStateTracker(  257): [default]  intent.getAction()= android.intent.action.ANY_DATA_STATE
02-03 22:21:48.367 D/MobileDataStateTracker(  257): [default]  mEnabled = true
02-03 22:21:48.367 D/Phone   (  343): [PhoneNotifier] [DefaultPhoneNotifier] : hipri, INET6, DISCONNECTED
02-03 22:21:48.367 I/TelephonyRegistry(  257): notifyDataConnection: state=0 isDataConnectivityPossible=true reason=radioTechnologyChanged interfaceName=null networkType=6 apnType=hipri apn=null
02-03 22:21:48.367 I/TelephonyRegistry(  257): +++broadcastDataConnectionStateChanged
02-03 22:21:48.367 I/TelephonyRegistry(  257): +++sendStickyBroadcast
02-03 22:21:48.377 D/DATA    (  343): [DCT(0) ] Resetting all profiles and service states!
02-03 22:21:48.377 D/PhoneApp(  343): mReceiver: ACTION_ANY_DATA_CONNECTION_STATE_CHANGED
02-03 22:21:48.377 D/PhoneApp(  343): - state: DISCONNECTED
02-03 22:21:48.377 D/PhoneApp(  343): - reason: radioTechnologyChanged
02-03 22:21:48.377 D/PhoneApp(  343): mReceiver: ACTION_ANY_DATA_CONNECTION_STATE_CHANGED
02-03 22:21:48.377 D/PhoneApp(  343): - state: DISCONNECTED
02-03 22:21:48.377 D/PhoneApp(  343): - reason: radioTechnologyChanged
02-03 22:21:48.377 D/PhoneApp(  343): mReceiver: ACTION_ANY_DATA_CONNECTION_STATE_CHANGED
02-03 22:21:48.377 D/PhoneApp(  343): - state: DISCONNECTED
02-03 22:21:48.377 D/PhoneApp(  343): - reason: radioTechnologyChanged
02-03 22:21:48.377 D/PhoneApp(  343): mReceiver: ACTION_ANY_DATA_CONNECTION_STATE_CHANGED
02-03 22:21:48.377 D/PhoneApp(  343): - state: DISCONNECTED
02-03 22:21:48.377 D/PhoneApp(  343): - reason: radioTechnologyChanged
02-03 22:21:48.377 D/PhoneApp(  343): mReceiver: ACTION_ANY_DATA_CONNECTION_STATE_CHANGED
02-03 22:21:48.387 D/PhoneApp(  343): - state: DISCONNECTED
02-03 22:21:48.387 D/PhoneApp(  343): - reason: radioTechnologyChanged
02-03 22:21:48.387 D/PhoneApp(  343): mReceiver: ACTION_ANY_DATA_CONNECTION_STATE_CHANGED
02-03 22:21:48.387 D/PhoneApp(  343): - state: DISCONNECTED
02-03 22:21:48.387 D/PhoneApp(  343): - reason: radioTechnologyChanged
02-03 22:21:48.387 D/PhoneApp(  343): mReceiver: ACTION_ANY_DATA_CONNECTION_STATE_CHANGED
02-03 22:21:48.387 D/PhoneApp(  343): - state: DISCONNECTED
02-03 22:21:48.387 D/PhoneApp(  343): - reason: radioTechnologyChanged
02-03 22:21:48.387 D/PhoneApp(  343): mReceiver: ACTION_ANY_DATA_CONNECTION_STATE_CHANGED
02-03 22:21:48.387 D/PhoneApp(  343): - state: DISCONNECTED
02-03 22:21:48.397 D/PhoneApp(  343): - reason: radioTechnologyChanged
02-03 22:21:48.397 D/PhoneApp(  343): mReceiver: ACTION_ANY_DATA_CONNECTION_STATE_CHANGED
02-03 22:21:48.397 D/PhoneApp(  343): - state: DISCONNECTED
02-03 22:21:48.397 D/PhoneApp(  343): - reason: radioTechnologyChanged
02-03 22:21:48.397 I/DATA    (  343): [DCT(0) ] onUpdateDataConnections: reason=radioTechnologyChanged
02-03 22:21:48.397 I/DATA    (  343): [DCT(0) ] ---dc list---
02-03 22:21:48.397 I/DATA    (  343): [DCT(0) ] cid = -1, state = DcActivatingState, bearerType = null, ipaddress = null, gw=null, dns=[null, null]
02-03 22:21:48.407 I/DATA    (  343): [DCT(0) ] ---ds list---
02-03 22:21:48.407 I/DATA    (  343): [DCT(0) ] ds= SERVICE_TYPE_DEFAULT, enabled = true, active = v4:CONNECTING v6:IDLE
02-03 22:21:48.407 I/DATA    (  343): [DCT(0) ] ds= SERVICE_TYPE_MMS, enabled = false, active = v4:IDLE v6:IDLE
02-03 22:21:48.407 I/DATA    (  343): [DCT(0) ] ds= SERVICE_TYPE_SUPL, enabled = false, active = v4:IDLE v6:IDLE
02-03 22:21:48.407 I/DATA    (  343): [DCT(0) ] ds= SERVICE_TYPE_DUN, enabled = false, active = v4:IDLE v6:IDLE
02-03 22:21:48.407 I/DATA    (  343): [DCT(0) ] ds= SERVICE_TYPE_HIPRI, enabled = false, active = v4:IDLE v6:IDLE
02-03 22:21:48.407 I/DATA    (  343): [DCT(0) ] Ready for data : 
02-03 22:21:48.407 D/MobileDataStateTracker(  257): [default]  apnTypeList = default
02-03 22:21:48.407 D/MobileDataStateTracker(  257): [default]  unavailable = false
02-03 22:21:48.407 D/MobileDataStateTracker(  257): [default] CALL updateMobileInfoFromIntent
02-03 22:21:48.407 I/MobileDataStateTracker(  257): [default] dc state change intent received for default/INET with state  CONNECTING. enabled=true state change reason = radioTechnologyChanged
02-03 22:21:48.407 I/MobileDataStateTracker(  257): [default] old state = CONNECTING
02-03 22:21:48.407 I/MobileDataStateTracker(  257): [default] no change,  just return
02-03 22:21:48.407 D/MobileDataStateTracker(  257): [default] No need to update detailed state
02-03 22:21:48.407 D/MobileDataStateTracker(  257): [hipri]  MobileDataStateReceiver onReceive(): Entry.
02-03 22:21:48.407 D/MobileDataStateTracker(  257): [hipri]  intent.getAction()= android.intent.action.ANY_DATA_STATE
02-03 22:21:48.407 D/MobileDataStateTracker(  257): [hipri]  mEnabled = false
02-03 22:21:48.407 D/MobileDataStateTracker(  257): [hipri]  apnTypeList = default
02-03 22:21:48.407 D/MobileDataStateTracker(  257): [hipri]  unavailable = false
02-03 22:21:48.407 D/MobileDataStateTracker(  257): [hipri] Do not process intents if disabled.
02-03 22:21:48.407 D/MobileDataStateTracker(  257): [dun]  MobileDataStateReceiver onReceive(): Entry.
02-03 22:21:48.407 D/MobileDataStateTracker(  257): [dun]  intent.getAction()= android.intent.action.ANY_DATA_STATE
02-03 22:21:48.407 D/MobileDataStateTracker(  257): [dun]  mEnabled = false
02-03 22:21:48.407 I/DATA    (  343): [DCT(0) ]    getDesiredPowerState() = true
02-03 22:21:48.407 I/DATA    (  343): [DCT(0) ]    mCm.getRadioState() = RADIO_ON
02-03 22:21:48.417 I/DATA    (  343): [DCT(0) ]    [DataRadioTech = RADIO_TECH_EVDO_A, data network state = 0, mMasterDataEnabled = true, is Roaming = false, dataOnRoamingEnable = false, isPsRestricted = false, desiredPowerState  = true, mSIMRecords = , cdmaSubSource = 1/310120, mRuimRecords = , checks = true/true]
02-03 22:21:48.417 I/DATA    (  343): [DCT(0) ] Data Call setup pending. Not trying to bring up any new data connections.
02-03 22:21:48.417 D/PhoneApp(  343): old phone type:2, New Phone type:2
02-03 22:21:48.417 D/NotificationMgr(  343): hideDataDisconnectedRoaming()...
02-03 22:21:48.417 D/PhoneApp(  343): old phone type:2, New Phone type:2
02-03 22:21:48.417 D/NotificationMgr(  343): hideDataDisconnectedRoaming()...
02-03 22:21:48.417 D/MobileDataStateTracker(  257): [dun]  apnTypeList = default
02-03 22:21:48.417 D/MobileDataStateTracker(  257): [dun]  unavailable = false
02-03 22:21:48.417 D/MobileDataStateTracker(  257): [dun] Do not process intents if disabled.
02-03 22:21:48.417 D/MobileDataStateTracker(  257): [supl]  MobileDataStateReceiver onReceive(): Entry.
02-03 22:21:48.417 D/MobileDataStateTracker(  257): [supl]  intent.getAction()= android.intent.action.ANY_DATA_STATE
02-03 22:21:48.417 D/MobileDataStateTracker(  257): [supl]  mEnabled = false
02-03 22:21:48.417 D/PhoneApp(  343): old phone type:2, New Phone type:2
02-03 22:21:48.427 D/NotificationMgr(  343): hideDataDisconnectedRoaming()...
02-03 22:21:48.427 D/MobileDataStateTracker(  257): [supl]  apnTypeList = default
02-03 22:21:48.427 D/MobileDataStateTracker(  257): [supl]  unavailable = false
02-03 22:21:48.427 D/MobileDataStateTracker(  257): [supl] Do not process intents if disabled.
02-03 22:21:48.427 D/MobileDataStateTracker(  257): [mms]  MobileDataStateReceiver onReceive(): Entry.
02-03 22:21:48.427 D/MobileDataStateTracker(  257): [mms]  intent.getAction()= android.intent.action.ANY_DATA_STATE
02-03 22:21:48.427 D/MobileDataStateTracker(  257): [mms]  mEnabled = false
02-03 22:21:48.427 D/MobileDataStateTracker(  257): [mms]  apnTypeList = default
02-03 22:21:48.427 D/MobileDataStateTracker(  257): [mms]  unavailable = false
02-03 22:21:48.427 D/MobileDataStateTracker(  257): [mms] Do not process intents if disabled.
02-03 22:21:48.427 D/MobileDataStateTracker(  257): [default]  MobileDataStateReceiver onReceive(): Entry.
02-03 22:21:48.427 D/MobileDataStateTracker(  257): [default]  intent.getAction()= android.intent.action.ANY_DATA_STATE
02-03 22:21:48.427 D/MobileDataStateTracker(  257): [default]  mEnabled = true
02-03 22:21:48.427 D/MobileDataStateTracker(  257): [default]  apnTypeList = default
02-03 22:21:48.427 D/MobileDataStateTracker(  257): [default]  unavailable = false
02-03 22:21:48.427 D/MobileDataStateTracker(  257): [default] CALL updateMobileInfoFromIntent
02-03 22:21:48.427 I/MobileDataStateTracker(  257): [default] dc state change intent received for default/INET6 with state  DISCONNECTED. enabled=true state change reason = radioTechnologyChanged
02-03 22:21:48.427 I/MobileDataStateTracker(  257): [default] old state = DISCONNECTED
02-03 22:21:48.427 I/MobileDataStateTracker(  257): [default] no change,  just return
02-03 22:21:48.427 D/MobileDataStateTracker(  257): [default] No need to update detailed state
02-03 22:21:48.427 D/MobileDataStateTracker(  257): [hipri]  MobileDataStateReceiver onReceive(): Entry.
02-03 22:21:48.427 D/MobileDataStateTracker(  257): [hipri]  intent.getAction()= android.intent.action.ANY_DATA_STATE
02-03 22:21:48.427 D/MobileDataStateTracker(  257): [hipri]  mEnabled = false
02-03 22:21:48.437 D/PhoneApp(  343): old phone type:2, New Phone type:2
02-03 22:21:48.437 D/NotificationMgr(  343): hideDataDisconnectedRoaming()...
02-03 22:21:48.437 D/PhoneApp(  343): old phone type:2, New Phone type:2
02-03 22:21:48.437 D/NotificationMgr(  343): hideDataDisconnectedRoaming()...
02-03 22:21:48.437 D/PhoneApp(  343): old phone type:2, New Phone type:2
02-03 22:21:48.437 D/MobileDataStateTracker(  257): [hipri]  apnTypeList = mms
02-03 22:21:48.437 D/MobileDataStateTracker(  257): [hipri]  unavailable = false
02-03 22:21:48.437 D/MobileDataStateTracker(  257): [hipri] Do not process intents if disabled.
02-03 22:21:48.437 D/MobileDataStateTracker(  257): [dun]  MobileDataStateReceiver onReceive(): Entry.
02-03 22:21:48.437 D/MobileDataStateTracker(  257): [dun]  intent.getAction()= android.intent.action.ANY_DATA_STATE
02-03 22:21:48.437 D/MobileDataStateTracker(  257): [dun]  mEnabled = false
02-03 22:21:48.437 D/NotificationMgr(  343): hideDataDisconnectedRoaming()...
02-03 22:21:48.437 D/PhoneApp(  343): old phone type:2, New Phone type:2
02-03 22:21:48.437 D/NotificationMgr(  343): hideDataDisconnectedRoaming()...
02-03 22:21:48.437 D/PhoneApp(  343): old phone type:2, New Phone type:2
02-03 22:21:48.437 D/NotificationMgr(  343): hideDataDisconnectedRoaming()...
02-03 22:21:48.437 D/MobileDataStateTracker(  257): [dun]  apnTypeList = mms
02-03 22:21:48.437 D/MobileDataStateTracker(  257): [dun]  unavailable = false
02-03 22:21:48.437 D/MobileDataStateTracker(  257): [dun] Do not process intents if disabled.
02-03 22:21:48.437 D/MobileDataStateTracker(  257): [supl]  MobileDataStateReceiver onReceive(): Entry.
02-03 22:21:48.437 D/MobileDataStateTracker(  257): [supl]  intent.getAction()= android.intent.action.ANY_DATA_STATE
02-03 22:21:48.437 D/MobileDataStateTracker(  257): [supl]  mEnabled = false
02-03 22:21:48.447 D/PhoneApp(  343): old phone type:2, New Phone type:2
02-03 22:21:48.447 D/NotificationMgr(  343): hideDataDisconnectedRoaming()...
02-03 22:21:48.447 D/PhoneApp(  343): mReceiver: ACTION_ANY_DATA_CONNECTION_STATE_CHANGED
02-03 22:21:48.447 D/PhoneApp(  343): - state: DISCONNECTED
02-03 22:21:48.447 D/PhoneApp(  343): - reason: radioTechnologyChanged
02-03 22:21:48.447 D/PhoneApp(  343): old phone type:2, New Phone type:2
02-03 22:21:48.447 D/NotificationMgr(  343): hideDataDisconnectedRoaming()...
02-03 22:21:48.447 D/MobileDataStateTracker(  257): [supl]  apnTypeList = mms
02-03 22:21:48.447 D/MobileDataStateTracker(  257): [supl]  unavailable = false
02-03 22:21:48.447 D/MobileDataStateTracker(  257): [supl] Do not process intents if disabled.
02-03 22:21:48.447 D/MobileDataStateTracker(  257): [mms]  MobileDataStateReceiver onReceive(): Entry.
02-03 22:21:48.447 D/MobileDataStateTracker(  257): [mms]  intent.getAction()= android.intent.action.ANY_DATA_STATE
02-03 22:21:48.447 D/MobileDataStateTracker(  257): [mms]  mEnabled = false
02-03 22:21:48.457 D/MobileDataStateTracker(  257): [mms]  apnTypeList = mms
02-03 22:21:48.457 D/MobileDataStateTracker(  257): [mms]  unavailable = false
02-03 22:21:48.457 D/MobileDataStateTracker(  257): [mms] Do not process intents if disabled.
02-03 22:21:48.457 D/MobileDataStateTracker(  257): [default]  MobileDataStateReceiver onReceive(): Entry.
02-03 22:21:48.457 D/MobileDataStateTracker(  257): [default]  intent.getAction()= android.intent.action.ANY_DATA_STATE
02-03 22:21:48.457 D/MobileDataStateTracker(  257): [default]  mEnabled = true
02-03 22:21:48.467 D/MobileDataStateTracker(  257): [default]  apnTypeList = mms
02-03 22:21:48.467 D/MobileDataStateTracker(  257): [default]  unavailable = false
02-03 22:21:48.467 D/MobileDataStateTracker(  257): [default] not what we are looking for.
02-03 22:21:48.467 D/MobileDataStateTracker(  257): [hipri]  MobileDataStateReceiver onReceive(): Entry.
02-03 22:21:48.467 D/MobileDataStateTracker(  257): [hipri]  intent.getAction()= android.intent.action.ANY_DATA_STATE
02-03 22:21:48.467 D/MobileDataStateTracker(  257): [hipri]  mEnabled = false
02-03 22:21:48.467 D/MobileDataStateTracker(  257): [hipri]  apnTypeList = mms
02-03 22:21:48.467 D/MobileDataStateTracker(  257): [hipri]  unavailable = false
02-03 22:21:48.467 D/MobileDataStateTracker(  257): [hipri] Do not process intents if disabled.
02-03 22:21:48.467 D/MobileDataStateTracker(  257): [dun]  MobileDataStateReceiver onReceive(): Entry.
02-03 22:21:48.467 D/MobileDataStateTracker(  257): [dun]  intent.getAction()= android.intent.action.ANY_DATA_STATE
02-03 22:21:48.467 D/MobileDataStateTracker(  257): [dun]  mEnabled = false
02-03 22:21:48.477 D/MobileDataStateTracker(  257): [dun]  apnTypeList = mms
02-03 22:21:48.477 D/MobileDataStateTracker(  257): [dun]  unavailable = false
02-03 22:21:48.477 D/MobileDataStateTracker(  257): [dun] Do not process intents if disabled.
02-03 22:21:48.477 D/MobileDataStateTracker(  257): [supl]  MobileDataStateReceiver onReceive(): Entry.
02-03 22:21:48.477 D/MobileDataStateTracker(  257): [supl]  intent.getAction()= android.intent.action.ANY_DATA_STATE
02-03 22:21:48.477 D/MobileDataStateTracker(  257): [supl]  mEnabled = false
02-03 22:21:48.477 D/MobileDataStateTracker(  257): [supl]  apnTypeList = mms
02-03 22:21:48.477 D/MobileDataStateTracker(  257): [supl]  unavailable = false
02-03 22:21:48.477 D/MobileDataStateTracker(  257): [supl] Do not process intents if disabled.
02-03 22:21:48.477 D/MobileDataStateTracker(  257): [mms]  MobileDataStateReceiver onReceive(): Entry.
02-03 22:21:48.477 D/MobileDataStateTracker(  257): [mms]  intent.getAction()= android.intent.action.ANY_DATA_STATE
02-03 22:21:48.477 D/MobileDataStateTracker(  257): [mms]  mEnabled = false
02-03 22:21:48.477 D/MobileDataStateTracker(  257): [mms]  apnTypeList = mms
02-03 22:21:48.477 D/MobileDataStateTracker(  257): [mms]  unavailable = false
02-03 22:21:48.477 D/MobileDataStateTracker(  257): [mms] Do not process intents if disabled.
02-03 22:21:48.477 D/MobileDataStateTracker(  257): [default]  MobileDataStateReceiver onReceive(): Entry.
02-03 22:21:48.477 D/MobileDataStateTracker(  257): [default]  intent.getAction()= android.intent.action.ANY_DATA_STATE
02-03 22:21:48.477 D/MobileDataStateTracker(  257): [default]  mEnabled = true
02-03 22:21:48.477 D/MobileDataStateTracker(  257): [default]  apnTypeList = mms
02-03 22:21:48.477 D/MobileDataStateTracker(  257): [default]  unavailable = false
02-03 22:21:48.477 D/MobileDataStateTracker(  257): [default] not what we are looking for.
02-03 22:21:48.487 D/MobileDataStateTracker(  257): [hipri]  MobileDataStateReceiver onReceive(): Entry.
02-03 22:21:48.487 D/MobileDataStateTracker(  257): [hipri]  intent.getAction()= android.intent.action.ANY_DATA_STATE
02-03 22:21:48.487 D/MobileDataStateTracker(  257): [hipri]  mEnabled = false
02-03 22:21:48.487 D/MobileDataStateTracker(  257): [hipri]  apnTypeList = supl
02-03 22:21:48.487 D/MobileDataStateTracker(  257): [hipri]  unavailable = false
02-03 22:21:48.487 D/MobileDataStateTracker(  257): [hipri] Do not process intents if disabled.
02-03 22:21:48.487 D/MobileDataStateTracker(  257): [dun]  MobileDataStateReceiver onReceive(): Entry.
02-03 22:21:48.487 D/MobileDataStateTracker(  257): [dun]  intent.getAction()= android.intent.action.ANY_DATA_STATE
02-03 22:21:48.487 D/MobileDataStateTracker(  257): [dun]  mEnabled = false
02-03 22:21:48.487 D/MobileDataStateTracker(  257): [dun]  apnTypeList = supl
02-03 22:21:48.487 D/MobileDataStateTracker(  257): [dun]  unavailable = false
02-03 22:21:48.487 D/MobileDataStateTracker(  257): [dun] Do not process intents if disabled.
02-03 22:21:48.487 D/MobileDataStateTracker(  257): [supl]  MobileDataStateReceiver onReceive(): Entry.
02-03 22:21:48.487 D/MobileDataStateTracker(  257): [supl]  intent.getAction()= android.intent.action.ANY_DATA_STATE
02-03 22:21:48.487 D/MobileDataStateTracker(  257): [supl]  mEnabled = false
02-03 22:21:48.497 D/MobileDataStateTracker(  257): [supl]  apnTypeList = supl
02-03 22:21:48.497 D/MobileDataStateTracker(  257): [supl]  unavailable = false
02-03 22:21:48.497 D/MobileDataStateTracker(  257): [supl] Do not process intents if disabled.
02-03 22:21:48.497 D/MobileDataStateTracker(  257): [mms]  MobileDataStateReceiver onReceive(): Entry.
02-03 22:21:48.497 D/MobileDataStateTracker(  257): [mms]  intent.getAction()= android.intent.action.ANY_DATA_STATE
02-03 22:21:48.497 D/MobileDataStateTracker(  257): [mms]  mEnabled = false
02-03 22:21:48.497 D/MobileDataStateTracker(  257): [mms]  apnTypeList = supl
02-03 22:21:48.497 D/MobileDataStateTracker(  257): [mms]  unavailable = false
02-03 22:21:48.497 D/MobileDataStateTracker(  257): [mms] Do not process intents if disabled.
02-03 22:21:48.497 D/MobileDataStateTracker(  257): [default]  MobileDataStateReceiver onReceive(): Entry.
02-03 22:21:48.497 D/MobileDataStateTracker(  257): [default]  intent.getAction()= android.intent.action.ANY_DATA_STATE
02-03 22:21:48.497 D/MobileDataStateTracker(  257): [default]  mEnabled = true
02-03 22:21:48.497 D/MobileDataStateTracker(  257): [default]  apnTypeList = supl
02-03 22:21:48.497 D/MobileDataStateTracker(  257): [default]  unavailable = false
02-03 22:21:48.497 D/MobileDataStateTracker(  257): [default] not what we are looking for.
02-03 22:21:48.507 D/MobileDataStateTracker(  257): [hipri]  MobileDataStateReceiver onReceive(): Entry.
02-03 22:21:48.507 D/MobileDataStateTracker(  257): [hipri]  intent.getAction()= android.intent.action.ANY_DATA_STATE
02-03 22:21:48.507 D/MobileDataStateTracker(  257): [hipri]  mEnabled = false
02-03 22:21:48.507 D/MobileDataStateTracker(  257): [hipri]  apnTypeList = supl
02-03 22:21:48.507 D/MobileDataStateTracker(  257): [hipri]  unavailable = false
02-03 22:21:48.507 D/MobileDataStateTracker(  257): [hipri] Do not process intents if disabled.
02-03 22:21:48.507 D/MobileDataStateTracker(  257): [dun]  MobileDataStateReceiver onReceive(): Entry.
02-03 22:21:48.507 D/MobileDataStateTracker(  257): [dun]  intent.getAction()= android.intent.action.ANY_DATA_STATE
02-03 22:21:48.507 D/MobileDataStateTracker(  257): [dun]  mEnabled = false
02-03 22:21:48.507 D/MobileDataStateTracker(  257): [dun]  apnTypeList = supl
02-03 22:21:48.507 D/MobileDataStateTracker(  257): [dun]  unavailable = false
02-03 22:21:48.507 D/MobileDataStateTracker(  257): [dun] Do not process intents if disabled.
02-03 22:21:48.507 D/MobileDataStateTracker(  257): [supl]  MobileDataStateReceiver onReceive(): Entry.
02-03 22:21:48.507 D/MobileDataStateTracker(  257): [supl]  intent.getAction()= android.intent.action.ANY_DATA_STATE
02-03 22:21:48.507 D/MobileDataStateTracker(  257): [supl]  mEnabled = false
02-03 22:21:48.507 D/MobileDataStateTracker(  257): [supl]  apnTypeList = supl
02-03 22:21:48.507 D/MobileDataStateTracker(  257): [supl]  unavailable = false
02-03 22:21:48.507 D/MobileDataStateTracker(  257): [supl] Do not process intents if disabled.
02-03 22:21:48.507 D/MobileDataStateTracker(  257): [mms]  MobileDataStateReceiver onReceive(): Entry.
02-03 22:21:48.507 D/MobileDataStateTracker(  257): [mms]  intent.getAction()= android.intent.action.ANY_DATA_STATE
02-03 22:21:48.517 D/MobileDataStateTracker(  257): [mms]  mEnabled = false
02-03 22:21:48.517 D/MobileDataStateTracker(  257): [mms]  apnTypeList = supl
02-03 22:21:48.517 D/MobileDataStateTracker(  257): [mms]  unavailable = false
02-03 22:21:48.517 D/MobileDataStateTracker(  257): [mms] Do not process intents if disabled.
02-03 22:21:48.517 D/MobileDataStateTracker(  257): [default]  MobileDataStateReceiver onReceive(): Entry.
02-03 22:21:48.517 D/MobileDataStateTracker(  257): [default]  intent.getAction()= android.intent.action.ANY_DATA_STATE
02-03 22:21:48.517 D/MobileDataStateTracker(  257): [default]  mEnabled = true
02-03 22:21:48.517 D/MobileDataStateTracker(  257): [default]  apnTypeList = supl
02-03 22:21:48.517 D/MobileDataStateTracker(  257): [default]  unavailable = false
02-03 22:21:48.517 D/MobileDataStateTracker(  257): [default] not what we are looking for.
02-03 22:21:48.517 D/MobileDataStateTracker(  257): [hipri]  MobileDataStateReceiver onReceive(): Entry.
02-03 22:21:48.517 D/MobileDataStateTracker(  257): [hipri]  intent.getAction()= android.intent.action.ANY_DATA_STATE
02-03 22:21:48.517 D/MobileDataStateTracker(  257): [hipri]  mEnabled = false
02-03 22:21:48.517 D/MobileDataStateTracker(  257): [hipri]  apnTypeList = dun
02-03 22:21:48.517 D/MobileDataStateTracker(  257): [hipri]  unavailable = false
02-03 22:21:48.517 D/MobileDataStateTracker(  257): [hipri] Do not process intents if disabled.
02-03 22:21:48.517 D/MobileDataStateTracker(  257): [dun]  MobileDataStateReceiver onReceive(): Entry.
02-03 22:21:48.517 D/MobileDataStateTracker(  257): [dun]  intent.getAction()= android.intent.action.ANY_DATA_STATE
02-03 22:21:48.517 D/MobileDataStateTracker(  257): [dun]  mEnabled = false
02-03 22:21:48.527 D/MobileDataStateTracker(  257): [dun]  apnTypeList = dun
02-03 22:21:48.527 D/MobileDataStateTracker(  257): [dun]  unavailable = false
02-03 22:21:48.527 D/MobileDataStateTracker(  257): [dun] Do not process intents if disabled.
02-03 22:21:48.527 D/MobileDataStateTracker(  257): [supl]  MobileDataStateReceiver onReceive(): Entry.
02-03 22:21:48.527 D/MobileDataStateTracker(  257): [supl]  intent.getAction()= android.intent.action.ANY_DATA_STATE
02-03 22:21:48.527 D/MobileDataStateTracker(  257): [supl]  mEnabled = false
02-03 22:21:48.527 D/MobileDataStateTracker(  257): [supl]  apnTypeList = dun
02-03 22:21:48.527 D/MobileDataStateTracker(  257): [supl]  unavailable = false
02-03 22:21:48.527 D/MobileDataStateTracker(  257): [supl] Do not process intents if disabled.
02-03 22:21:48.527 D/MobileDataStateTracker(  257): [mms]  MobileDataStateReceiver onReceive(): Entry.
02-03 22:21:48.527 D/MobileDataStateTracker(  257): [mms]  intent.getAction()= android.intent.action.ANY_DATA_STATE
02-03 22:21:48.527 D/MobileDataStateTracker(  257): [mms]  mEnabled = false
02-03 22:21:48.527 D/MobileDataStateTracker(  257): [mms]  apnTypeList = dun
02-03 22:21:48.537 D/MobileDataStateTracker(  257): [mms]  unavailable = false
02-03 22:21:48.537 D/MobileDataStateTracker(  257): [mms] Do not process intents if disabled.
02-03 22:21:48.537 D/MobileDataStateTracker(  257): [default]  MobileDataStateReceiver onReceive(): Entry.
02-03 22:21:48.537 D/MobileDataStateTracker(  257): [default]  intent.getAction()= android.intent.action.ANY_DATA_STATE
02-03 22:21:48.537 D/MobileDataStateTracker(  257): [default]  mEnabled = true
02-03 22:21:48.547 D/MobileDataStateTracker(  257): [default]  apnTypeList = dun
02-03 22:21:48.547 D/MobileDataStateTracker(  257): [default]  unavailable = false
02-03 22:21:48.547 D/MobileDataStateTracker(  257): [default] not what we are looking for.
02-03 22:21:48.547 D/MobileDataStateTracker(  257): [hipri]  MobileDataStateReceiver onReceive(): Entry.
02-03 22:21:48.547 D/MobileDataStateTracker(  257): [hipri]  intent.getAction()= android.intent.action.ANY_DATA_STATE
02-03 22:21:48.547 D/MobileDataStateTracker(  257): [hipri]  mEnabled = false
02-03 22:21:48.547 D/MobileDataStateTracker(  257): [hipri]  apnTypeList = dun
02-03 22:21:48.547 D/MobileDataStateTracker(  257): [hipri]  unavailable = false
02-03 22:21:48.547 D/MobileDataStateTracker(  257): [hipri] Do not process intents if disabled.
02-03 22:21:48.547 D/MobileDataStateTracker(  257): [dun]  MobileDataStateReceiver onReceive(): Entry.
02-03 22:21:48.547 D/MobileDataStateTracker(  257): [dun]  intent.getAction()= android.intent.action.ANY_DATA_STATE
02-03 22:21:48.547 D/MobileDataStateTracker(  257): [dun]  mEnabled = false
02-03 22:21:48.557 D/MobileDataStateTracker(  257): [dun]  apnTypeList = dun
02-03 22:21:48.557 D/MobileDataStateTracker(  257): [dun]  unavailable = false
02-03 22:21:48.557 D/MobileDataStateTracker(  257): [dun] Do not process intents if disabled.
02-03 22:21:48.557 D/MobileDataStateTracker(  257): [supl]  MobileDataStateReceiver onReceive(): Entry.
02-03 22:21:48.557 D/MobileDataStateTracker(  257): [supl]  intent.getAction()= android.intent.action.ANY_DATA_STATE
02-03 22:21:48.557 D/MobileDataStateTracker(  257): [supl]  mEnabled = false
02-03 22:21:48.557 D/MobileDataStateTracker(  257): [supl]  apnTypeList = dun
02-03 22:21:48.557 D/MobileDataStateTracker(  257): [supl]  unavailable = false
02-03 22:21:48.557 D/MobileDataStateTracker(  257): [supl] Do not process intents if disabled.
02-03 22:21:48.557 D/MobileDataStateTracker(  257): [mms]  MobileDataStateReceiver onReceive(): Entry.
02-03 22:21:48.557 D/MobileDataStateTracker(  257): [mms]  intent.getAction()= android.intent.action.ANY_DATA_STATE
02-03 22:21:48.557 D/MobileDataStateTracker(  257): [mms]  mEnabled = false
02-03 22:21:48.557 D/MobileDataStateTracker(  257): [mms]  apnTypeList = dun
02-03 22:21:48.557 D/MobileDataStateTracker(  257): [mms]  unavailable = false
02-03 22:21:48.557 D/MobileDataStateTracker(  257): [mms] Do not process intents if disabled.
02-03 22:21:48.557 D/MobileDataStateTracker(  257): [default]  MobileDataStateReceiver onReceive(): Entry.
02-03 22:21:48.557 D/MobileDataStateTracker(  257): [default]  intent.getAction()= android.intent.action.ANY_DATA_STATE
02-03 22:21:48.557 D/MobileDataStateTracker(  257): [default]  mEnabled = true
02-03 22:21:48.567 D/MobileDataStateTracker(  257): [default]  apnTypeList = dun
02-03 22:21:48.567 D/MobileDataStateTracker(  257): [default]  unavailable = false
02-03 22:21:48.567 D/MobileDataStateTracker(  257): [default] not what we are looking for.
02-03 22:21:48.567 D/MobileDataStateTracker(  257): [hipri]  MobileDataStateReceiver onReceive(): Entry.
02-03 22:21:48.567 D/MobileDataStateTracker(  257): [hipri]  intent.getAction()= android.intent.action.ANY_DATA_STATE
02-03 22:21:48.567 D/MobileDataStateTracker(  257): [hipri]  mEnabled = false
02-03 22:21:48.567 D/MobileDataStateTracker(  257): [hipri]  apnTypeList = hipri
02-03 22:21:48.567 D/MobileDataStateTracker(  257): [hipri]  unavailable = false
02-03 22:21:48.567 D/MobileDataStateTracker(  257): [hipri] Do not process intents if disabled.
02-03 22:21:48.567 D/MobileDataStateTracker(  257): [dun]  MobileDataStateReceiver onReceive(): Entry.
02-03 22:21:48.567 D/MobileDataStateTracker(  257): [dun]  intent.getAction()= android.intent.action.ANY_DATA_STATE
02-03 22:21:48.567 D/MobileDataStateTracker(  257): [dun]  mEnabled = false
02-03 22:21:48.567 D/MobileDataStateTracker(  257): [dun]  apnTypeList = hipri
02-03 22:21:48.567 D/MobileDataStateTracker(  257): [dun]  unavailable = false
02-03 22:21:48.567 D/MobileDataStateTracker(  257): [dun] Do not process intents if disabled.
02-03 22:21:48.567 D/MobileDataStateTracker(  257): [supl]  MobileDataStateReceiver onReceive(): Entry.
02-03 22:21:48.567 D/MobileDataStateTracker(  257): [supl]  intent.getAction()= android.intent.action.ANY_DATA_STATE
02-03 22:21:48.567 D/MobileDataStateTracker(  257): [supl]  mEnabled = false
02-03 22:21:48.567 D/MobileDataStateTracker(  257): [supl]  apnTypeList = hipri
02-03 22:21:48.567 D/MobileDataStateTracker(  257): [supl]  unavailable = false
02-03 22:21:48.567 D/MobileDataStateTracker(  257): [supl] Do not process intents if disabled.
02-03 22:21:48.567 D/MobileDataStateTracker(  257): [mms]  MobileDataStateReceiver onReceive(): Entry.
02-03 22:21:48.567 D/MobileDataStateTracker(  257): [mms]  intent.getAction()= android.intent.action.ANY_DATA_STATE
02-03 22:21:48.567 D/MobileDataStateTracker(  257): [mms]  mEnabled = false
02-03 22:21:48.567 D/MobileDataStateTracker(  257): [mms]  apnTypeList = hipri
02-03 22:21:48.567 D/MobileDataStateTracker(  257): [mms]  unavailable = false
02-03 22:21:48.567 D/MobileDataStateTracker(  257): [mms] Do not process intents if disabled.
02-03 22:21:48.567 D/MobileDataStateTracker(  257): [default]  MobileDataStateReceiver onReceive(): Entry.
02-03 22:21:48.567 D/MobileDataStateTracker(  257): [default]  intent.getAction()= android.intent.action.ANY_DATA_STATE
02-03 22:21:48.567 D/MobileDataStateTracker(  257): [default]  mEnabled = true
02-03 22:21:48.577 D/MobileDataStateTracker(  257): [default]  apnTypeList = hipri
02-03 22:21:48.577 D/MobileDataStateTracker(  257): [default]  unavailable = false
02-03 22:21:48.577 D/MobileDataStateTracker(  257): [default] not what we are looking for.
02-03 22:21:48.577 D/MobileDataStateTracker(  257): [hipri]  MobileDataStateReceiver onReceive(): Entry.
02-03 22:21:48.577 D/MobileDataStateTracker(  257): [hipri]  intent.getAction()= android.intent.action.ANY_DATA_STATE
02-03 22:21:48.577 D/MobileDataStateTracker(  257): [hipri]  mEnabled = false
02-03 22:21:48.577 D/MobileDataStateTracker(  257): [hipri]  apnTypeList = hipri
02-03 22:21:48.577 D/MobileDataStateTracker(  257): [hipri]  unavailable = false
02-03 22:21:48.577 D/MobileDataStateTracker(  257): [hipri] Do not process intents if disabled.
02-03 22:21:48.577 D/MobileDataStateTracker(  257): [dun]  MobileDataStateReceiver onReceive(): Entry.
02-03 22:21:48.577 D/MobileDataStateTracker(  257): [dun]  intent.getAction()= android.intent.action.ANY_DATA_STATE
02-03 22:21:48.577 D/MobileDataStateTracker(  257): [dun]  mEnabled = false
02-03 22:21:48.577 D/MobileDataStateTracker(  257): [dun]  apnTypeList = hipri
02-03 22:21:48.577 D/MobileDataStateTracker(  257): [dun]  unavailable = false
02-03 22:21:48.577 D/MobileDataStateTracker(  257): [dun] Do not process intents if disabled.
02-03 22:21:48.577 D/MobileDataStateTracker(  257): [supl]  MobileDataStateReceiver onReceive(): Entry.
02-03 22:21:48.577 D/MobileDataStateTracker(  257): [supl]  intent.getAction()= android.intent.action.ANY_DATA_STATE
02-03 22:21:48.577 D/MobileDataStateTracker(  257): [supl]  mEnabled = false
02-03 22:21:48.577 D/MobileDataStateTracker(  257): [supl]  apnTypeList = hipri
02-03 22:21:48.577 D/MobileDataStateTracker(  257): [supl]  unavailable = false
02-03 22:21:48.577 D/MobileDataStateTracker(  257): [supl] Do not process intents if disabled.
02-03 22:21:48.577 D/MobileDataStateTracker(  257): [mms]  MobileDataStateReceiver onReceive(): Entry.
02-03 22:21:48.577 D/MobileDataStateTracker(  257): [mms]  intent.getAction()= android.intent.action.ANY_DATA_STATE
02-03 22:21:48.577 D/MobileDataStateTracker(  257): [mms]  mEnabled = false
02-03 22:21:48.587 D/MobileDataStateTracker(  257): [mms]  apnTypeList = hipri
02-03 22:21:48.587 D/MobileDataStateTracker(  257): [mms]  unavailable = false
02-03 22:21:48.587 D/MobileDataStateTracker(  257): [mms] Do not process intents if disabled.
02-03 22:21:48.587 D/MobileDataStateTracker(  257): [default]  MobileDataStateReceiver onReceive(): Entry.
02-03 22:21:48.587 D/MobileDataStateTracker(  257): [default]  intent.getAction()= android.intent.action.ANY_DATA_STATE
02-03 22:21:48.587 D/MobileDataStateTracker(  257): [default]  mEnabled = true
02-03 22:21:48.587 D/MobileDataStateTracker(  257): [default]  apnTypeList = hipri
02-03 22:21:48.587 D/MobileDataStateTracker(  257): [default]  unavailable = false
02-03 22:21:48.587 D/MobileDataStateTracker(  257): [default] not what we are looking for.
02-03 22:21:48.597 D/MmsSystemEventReceiver(  587): Intent received: Intent { act=android.intent.action.BOOT_COMPLETED cmp=com.android.mms/.transaction.MmsSystemEventReceiver }
02-03 22:21:48.597 E/MmsSystemEventReceiver(  587): ACTION_BOOT_COMPLETED wakeup at=132832930861030000
02-03 22:21:48.627 D/Mms     (  587): currentRoamingStatus:1
02-03 22:21:48.627 D/Mms     (  587): mAutoSendHandler sendEmptyMessageDelayed
02-03 22:21:48.627 E/HQB     (  587): onReceive  action received android.intent.action.BOOT_COMPLETED
02-03 22:21:48.627 E/HQB     (  587): onReceiveWithPrivilege  action received android.intent.action.BOOT_COMPLETED
02-03 22:21:48.717 W/dalvikvm(  605): Refusing to reopen boot DEX '/system/framework/qcrilhook.jar'
02-03 22:21:48.727 W/dalvikvm(  605): Refusing to reopen boot DEX '/system/framework/qcnvitems.jar'
02-03 22:21:48.787 D/QC_NV_ITEMS(  605): QcNvItems instance created.
02-03 22:21:48.787 I/QC_RIL_OEM_HOOK(  605): QcRilOemHook Service Created Successfully
02-03 22:21:48.787 E/HWY     (  605): into Hidden Menu
02-03 22:21:48.787 E/HWY     (  605): reboot now
02-03 22:21:48.957 I/EventLogService(  383): Aggregate from 1328318006857 (log), 1328318006857 (data)
02-03 22:21:48.997 D/MediaScannerService(  519): start scanning volume internal
02-03 22:21:48.997 D/Launcher(  350): onSaveInstanceState
02-03 22:21:49.007 D/Launcher(  350): Dissmis Preview for view :null ID:2131230735
02-03 22:21:49.007 D/Launcher(  350): Dissmis Preview for view :null ID:2131230736
02-03 22:21:49.007 D/Launcher(  350): Dissmis Preview for view :null ID:2131230739
02-03 22:21:49.007 D/Launcher(  350): Dissmis Preview for view :null ID:2131230741
02-03 22:21:49.017 D/KeyguardViewMediator(  257): setHidden false
02-03 22:21:49.017 I/hubo    (  257): Activity {com.google.android.gsf/com.google.android.gsf.update.SystemUpdateInstallDialog}
02-03 22:21:49.127 D/Warhol  (  350): A pack appears to be installed -- skipping Installer
02-03 22:21:49.127 D/KeyguardViewMediator(  257): setHidden false
02-03 22:21:49.137 D/KeyguardViewMediator(  257): setHidden false
02-03 22:21:49.137 D/KeyguardViewMediator(  257): setHidden false
02-03 22:21:49.147 I/hubo    (  257): Activity {com.android.launcher/com.android.launcher2.Launcher}
02-03 22:21:49.147 I/ActivityManager(  257): Displayed com.android.launcher/com.android.launcher2.Launcher: +13s227ms
02-03 22:21:49.237 D/androidNlpServiceThread(  383): updateState: shouldBeEnabled false shouldBeRunning false
02-03 22:21:49.247 D/SmsReceiverService(  587): unreadPresidentialCursor.getCount() =0
02-03 22:21:49.327 D/androidNlpServiceThread(  383): updateState: shouldBeEnabled false shouldBeRunning false
02-03 22:21:49.438 D/androidNlpServiceThread(  383): updateState: shouldBeEnabled false shouldBeRunning false
02-03 22:21:49.528 D/androidNlpServiceThread(  383): updateState: shouldBeEnabled false shouldBeRunning false
02-03 22:21:49.538 D/AlarmManager(  257): +++Alarm set:type=0 com.google.android.gsf  Trigger after:1799996ms
02-03 22:21:49.558 I/MediaScanner(  519): doScanFile the temppath: /system/media/audio/alarms/Alarm_Beep_01.ogg
02-03 22:21:49.568 I/MediaScanner(  519): doScanFile the temppath: /system/media/audio/alarms/Alarm_Beep_02.ogg
02-03 22:21:49.568 I/MediaScanner(  519): doScanFile the temppath: /system/media/audio/alarms/Alarm_Beep_03.ogg
02-03 22:21:49.568 I/MediaScanner(  519): doScanFile the temppath: /system/media/audio/alarms/Alarm_Buzzer.ogg
02-03 22:21:49.568 I/MediaScanner(  519): doScanFile the temppath: /system/media/audio/alarms/Alarm_Classic.ogg
02-03 22:21:49.568 I/MediaScanner(  519): doScanFile the temppath: /system/media/audio/alarms/Alarm_Rooster_02.ogg
02-03 22:21:49.568 I/MediaScanner(  519): doScanFile the temppath: /system/media/audio/notifications/Beat_Box_Android.ogg
02-03 22:21:49.568 I/MediaScanner(  519): doScanFile the temppath: /system/media/audio/notifications/CaffeineSnake.ogg
02-03 22:21:49.578 I/MediaScanner(  519): doScanFile the temppath: /system/media/audio/notifications/DearDeer.ogg
02-03 22:21:49.578 I/MediaScanner(  519): doScanFile the temppath: /system/media/audio/notifications/DontPanic.ogg
02-03 22:21:49.578 I/MediaScanner(  519): doScanFile the temppath: /system/media/audio/notifications/F1_MissedCall.ogg
02-03 22:21:49.578 I/MediaScanner(  519): doScanFile the temppath: /system/media/audio/notifications/F1_New_MMS.ogg
02-03 22:21:49.578 I/MediaScanner(  519): doScanFile the temppath: /system/media/audio/notifications/F1_New_SMS.ogg
02-03 22:21:49.588 D/androidNlpServiceThread(  383): updateState: shouldBeEnabled false shouldBeRunning false
02-03 22:21:49.598 I/MediaScanner(  519): doScanFile the temppath: /system/media/audio/notifications/Heaven.ogg
02-03 22:21:49.598 I/MediaScanner(  519): doScanFile the temppath: /system/media/audio/notifications/Highwire.ogg
02-03 22:21:49.598 I/MediaScanner(  519): doScanFile the temppath: /system/media/audio/notifications/KzurbSonar.ogg
02-03 22:21:49.598 I/MediaScanner(  519): doScanFile the temppath: /system/media/audio/notifications/OnTheHunt.ogg
02-03 22:21:49.598 I/MediaScanner(  519): doScanFile the temppath: /system/media/audio/notifications/TaDa.ogg
02-03 22:21:49.598 I/MediaScanner(  519): doScanFile the temppath: /system/media/audio/notifications/Tinkerbell.ogg
02-03 22:21:49.598 I/MediaScanner(  519): doScanFile the temppath: /system/media/audio/notifications/Voila.ogg
02-03 22:21:49.598 I/MediaScanner(  519): doScanFile the temppath: /system/media/audio/ringtones/BeatPlucker.ogg
02-03 22:21:49.598 I/MediaScanner(  519): doScanFile the temppath: /system/media/audio/ringtones/BentleyDubs.ogg
02-03 22:21:49.608 I/MediaScanner(  519): doScanFile the temppath: /system/media/audio/ringtones/BirdLoop.ogg
02-03 22:21:49.608 I/MediaScanner(  519): doScanFile the temppath: /system/media/audio/ringtones/CaribbeanIce.ogg
02-03 22:21:49.608 I/MediaScanner(  519): doScanFile the temppath: /system/media/audio/ringtones/CrazyDream.ogg
02-03 22:21:49.608 I/MediaScanner(  519): doScanFile the temppath: /system/media/audio/ringtones/CurveBall.ogg
02-03 22:21:49.608 I/MediaScanner(  519): doScanFile the temppath: /system/media/audio/ringtones/DreamTheme.ogg
02-03 22:21:49.608 I/MediaScanner(  519): doScanFile the temppath: /system/media/audio/ringtones/EtherShake.ogg
02-03 22:21:49.608 I/MediaScanner(  519): doScanFile the temppath: /system/media/audio/ringtones/FriendlyGhost.ogg
02-03 22:21:49.608 I/MediaScanner(  519): doScanFile the temppath: /system/media/audio/ringtones/GameOverGuitar.ogg
02-03 22:21:49.608 I/MediaScanner(  519): doScanFile the temppath: /system/media/audio/ringtones/Growl.ogg
02-03 22:21:49.608 I/MediaScanner(  519): doScanFile the temppath: /system/media/audio/ringtones/InsertCoin.ogg
02-03 22:21:49.608 I/MediaScanner(  519): doScanFile the temppath: /system/media/audio/ringtones/LoopyLounge.ogg
02-03 22:21:49.608 I/MediaScanner(  519): doScanFile the temppath: /system/media/audio/ringtones/LoveFlute.ogg
02-03 22:21:49.608 I/MediaScanner(  519): doScanFile the temppath: /system/media/audio/ringtones/MidEvilJaunt.ogg
02-03 22:21:49.608 I/MediaScanner(  519): doScanFile the temppath: /system/media/audio/ringtones/MildlyAlarming.ogg
02-03 22:21:49.608 I/MediaScanner(  519): doScanFile the temppath: /system/media/audio/ringtones/NewPlayer.ogg
02-03 22:21:49.608 I/MediaScanner(  519): doScanFile the temppath: /system/media/audio/ringtones/Noises1.ogg
02-03 22:21:49.608 I/MediaScanner(  519): doScanFile the temppath: /system/media/audio/ringtones/Noises2.ogg
02-03 22:21:49.618 I/MediaScanner(  519): doScanFile the temppath: /system/media/audio/ringtones/Noises3.ogg
02-03 22:21:49.618 I/MediaScanner(  519): doScanFile the temppath: /system/media/audio/ringtones/OrganDub.ogg
02-03 22:21:49.618 I/MediaScanner(  519): doScanFile the temppath: /system/media/audio/ringtones/Ring_Classic_02.ogg
02-03 22:21:49.618 I/MediaScanner(  519): doScanFile the temppath: /system/media/audio/ringtones/Ring_Digital_02.ogg
02-03 22:21:49.618 I/MediaScanner(  519): doScanFile the temppath: /system/media/audio/ringtones/Ring_Synth_02.ogg
02-03 22:21:49.618 I/MediaScanner(  519): doScanFile the temppath: /system/media/audio/ringtones/Ring_Synth_04.ogg
02-03 22:21:49.618 I/MediaScanner(  519): doScanFile the temppath: /system/media/audio/ringtones/RomancingTheTone.ogg
02-03 22:21:49.618 I/MediaScanner(  519): doScanFile the temppath: /system/media/audio/ringtones/SitarVsSitar.ogg
02-03 22:21:49.618 I/MediaScanner(  519): doScanFile the temppath: /system/media/audio/ringtones/SpringyJalopy.ogg
02-03 22:21:49.618 I/MediaScanner(  519): doScanFile the temppath: /system/media/audio/ringtones/Terminated.ogg
02-03 22:21:49.618 I/MediaScanner(  519): doScanFile the temppath: /system/media/audio/ringtones/TwirlAway.ogg
02-03 22:21:49.618 I/MediaScanner(  519): doScanFile the temppath: /system/media/audio/ringtones/VeryAlarmed.ogg
02-03 22:21:49.618 I/MediaScanner(  519): doScanFile the temppath: /system/media/audio/ringtones/World.ogg
02-03 22:21:49.618 I/MediaScanner(  519): doScanFile the temppath: /system/media/audio/ui/Dock.ogg
02-03 22:21:49.628 I/MediaScanner(  519): doScanFile the temppath: /system/media/audio/ui/Effect_Tick.ogg
02-03 22:21:49.628 I/MediaScanner(  519): doScanFile the temppath: /system/media/audio/ui/KeypressDelete.ogg
02-03 22:21:49.638 D/androidNlpServiceThread(  383): updateState: shouldBeEnabled false shouldBeRunning false
02-03 22:21:49.648 I/MediaScanner(  519): doScanFile the temppath: /system/media/audio/ui/KeypressReturn.ogg
02-03 22:21:49.688 I/MediaScanner(  519): doScanFile the temppath: /system/media/audio/ui/KeypressSpacebar.ogg
02-03 22:21:49.688 I/MediaScanner(  519): doScanFile the temppath: /system/media/audio/ui/KeypressStandard.ogg
02-03 22:21:49.688 I/MediaScanner(  519): doScanFile the temppath: /system/media/audio/ui/Lock.ogg
02-03 22:21:49.698 I/MediaScanner(  519): doScanFile the temppath: /system/media/audio/ui/LowBattery.ogg
02-03 22:21:49.698 I/MediaScanner(  519): doScanFile the temppath: /system/media/audio/ui/Undock.ogg
02-03 22:21:49.698 I/MediaScanner(  519): doScanFile the temppath: /system/media/audio/ui/Unlock.ogg
02-03 22:21:49.698 I/MediaScanner(  519): doScanFile the temppath: /system/media/audio/ui/VideoRecord.ogg
02-03 22:21:49.698 I/MediaScanner(  519): doScanFile the temppath: /system/media/audio/ui/camera_click.ogg
02-03 22:21:49.698 I/MediaScanner(  519): doScanFile the temppath: /system/media/audio/ui/camera_click_2.ogg
02-03 22:21:49.698 I/MediaScanner(  519): doScanFile the temppath: /system/media/audio/ui/camera_click_3.ogg
02-03 22:21:49.698 I/MediaScanner(  519): doScanFile the temppath: /system/media/audio/ui/playtone1.ogg
02-03 22:21:49.698 I/MediaScanner(  519): doScanFile the temppath: /system/media/audio/ui/playtone2.ogg
02-03 22:21:49.698 I/MediaScanner(  519): doScanFile the temppath: /system/media/audio/ui/playtone3.ogg
02-03 22:21:49.728 D/MediaScanner(  519):  prescan time: 304ms
02-03 22:21:49.728 D/MediaScanner(  519):     scan time: 146ms
02-03 22:21:49.728 D/MediaScanner(  519): postscan time: 26ms
02-03 22:21:49.728 D/MediaScanner(  519):    total time: 476ms
02-03 22:21:50.018 I/RlzPingService(  446): Setting next ping for 1328934109997
02-03 22:21:50.018 D/AlarmManager(  257): +++Alarm set:type=0 com.google.android.partnersetup  Trigger after:604799961ms
02-03 22:21:50.028 D/MediaScannerService(  519): done scanning volume internal
02-03 22:21:50.298 I/ActivityThread(  621): Pub gmail-ls: com.google.android.gm.provider.MailProvider
02-03 22:21:50.348 I/ActivityThread(  621): Pub com.google.android.gm.attachmentspreviews: com.google.android.gm.AttachmentPreviewProvider
02-03 22:21:50.348 I/ActivityThread(  621): Pub com.google.android.gmail.SuggestionProvider: com.google.android.gm.SuggestionsProvider
02-03 22:21:50.389 I/ActivityThread(  621): Pub gmail-downloads: com.google.android.gm.downloadprovider.DownloadProvider
02-03 22:21:50.579 W/MessageQueue(  621): Handler{4055ece0} sending message to a Handler on a dead thread
02-03 22:21:50.579 W/MessageQueue(  621): java.lang.RuntimeException: Handler{4055ece0} sending message to a Handler on a dead thread
02-03 22:21:50.579 W/MessageQueue(  621): 	at android.os.MessageQueue.enqueueMessage(MessageQueue.java:196)
02-03 22:21:50.579 W/MessageQueue(  621): 	at android.os.Handler.sendMessageAtTime(Handler.java:457)
02-03 22:21:50.579 W/MessageQueue(  621): 	at android.os.Handler.sendMessageDelayed(Handler.java:430)
02-03 22:21:50.579 W/MessageQueue(  621): 	at android.os.Handler.post(Handler.java:248)
02-03 22:21:50.579 W/MessageQueue(  621): 	at android.accounts.AccountManager$BaseFutureTask.postRunnableToHandler(AccountManager.java:1327)
02-03 22:21:50.579 W/MessageQueue(  621): 	at android.accounts.AccountManager$Future2Task.done(AccountManager.java:1375)
02-03 22:21:50.579 W/MessageQueue(  621): 	at java.util.concurrent.FutureTask$Sync.innerSet(FutureTask.java:253)
02-03 22:21:50.579 W/MessageQueue(  621): 	at java.util.concurrent.FutureTask.set(FutureTask.java:113)
02-03 22:21:50.579 W/MessageQueue(  621): 	at android.accounts.AccountManager$BaseFutureTask.access$700(AccountManager.java:1307)
02-03 22:21:50.579 W/MessageQueue(  621): 	at android.accounts.AccountManager$BaseFutureTask$Response.onResult(AccountManager.java:1345)
02-03 22:21:50.579 W/MessageQueue(  621): 	at android.accounts.IAccountManagerResponse$Stub.onTransact(IAccountManagerResponse.java:59)
02-03 22:21:50.579 W/MessageQueue(  621): 	at android.os.Binder.execTransact(Binder.java:320)
02-03 22:21:50.579 W/MessageQueue(  621): 	at dalvik.system.NativeStart.run(Native Method)
02-03 22:21:50.769 D/Email   (  496): BOOT_COMPLETED
02-03 22:21:50.799 D/Email   (  496): BOOT_COMPLETED Time Initialication
02-03 22:21:50.819 D/Email   (  496): BOOT_COMPLETED Time Initialication end
02-03 22:21:50.819 D/Email   (  496): BOOT_COMPLETED Begin Service
02-03 22:21:50.849 I/ActivityThread(  635): Pub com.dataviz.dxtg.documentprovider: com.dataviz.dxtg.common.android.DocumentContentProvider
02-03 22:21:50.859 I/ActivityThread(  635): Pub com.dataviz.docstogo.shregi: com.dataviz.dxtg.common.android.RegistrationInfoShare
02-03 22:21:50.899 D/Email   (  496): BOOT_COMPLETED End
02-03 22:21:50.919 D/EAS SyncManager(  496): !!! EAS SyncManager, onCreate
