02-03 22:21:53.715 D/Bitmap  (  257):       android.os.Handler.dispatchMessage(Handler.java:99)
02-03 22:21:53.715 D/Bitmap  (  257):       android.os.Looper.loop(Looper.java:130)
02-03 22:21:53.715 D/Bitmap  (  257):       com.android.server.WindowManagerService$PolicyThread.run(WindowManagerService.java:613)
02-03 22:21:53.715 D/Bitmap  (  257): _
02-03 22:21:53.765 I/ActivityThread(  383): Pub subscribedfeeds: com.google.android.gsf.subscribedfeeds.SubscribedFeedsProvider
02-03 22:21:53.885 I/ActivityThread(  383): Pub com.google.android.gsf.gservices: com.google.android.gsf.gservices.GservicesProvider
02-03 22:21:53.885 I/GservicesProvider(  383): Gservices pushing to system: true; secure: true
02-03 22:21:53.885 I/ActivityThread(  383): Pub com.google.android.providers.talk: com.google.android.gsf.talk.TalkProvider
02-03 22:21:53.905 D/LockScreen(  257): initCarrierVisibility - mResId.length=2, mCarrier.length=1
02-03 22:21:53.956 D/LockScreen(  257): updateLayout: status=SimMissingsubscription=0
02-03 22:21:53.986 D/LockScreen(  257): Updating Lock Screen text to Ruim
02-03 22:21:54.006 D/UnlockScreen(  257): *******mCreationOrientation = 1
02-03 22:21:54.086 I/ActivityThread(  400): Pub num_location: com.android.providers.contacts.NumberLocatorContentProvider
02-03 22:21:54.126 D/LockPatternKeyguardView(  257): createUnlockScreenFor(Pattern): mEnableFallback=false
02-03 22:21:54.146 D/KeyguardViewMediator(  257): setHidden false
02-03 22:21:54.206 D/KeyguardViewMediator(  257): setHidden false
02-03 22:21:54.206 D/KeyguardViewMediator(  257): setHidden false
02-03 22:21:54.226 E/NumberLocatorContentProvider(  400): db.query ex:no such table: location: , while compiling: SELECT location.uuid as phonenum, city_zone.city as cityname, card.card as cardtype, city_zone.zone as areacode FROM location,city_zone,card WHERE location.uuid='1300000' and location.city=city_zone.uuid and location.card = card.uuid
02-03 22:21:54.226 D/KeyguardViewMediator(  257): setHidden false
02-03 22:21:54.226 D/KeyguardViewMediator(  257): setHidden false
02-03 22:21:54.236 D/KeyguardViewMediator(  257): setHidden false
02-03 22:21:54.256 D/KeyguardUpdateMonitor(  257): handleBatteryUpdate
02-03 22:21:54.256 D/KeyguardViewMediator(  257): setHidden false
02-03 22:21:54.266 W/System.err(  400): java.io.FileNotFoundException: /system/etc/customize/location.db (No such file or directory)
02-03 22:21:54.266 D/LockScreen(  257): onRefreshBatteryInfo(false, false)
02-03 22:21:54.266 D/KeyguardViewMediator(  257): setHidden false
02-03 22:21:54.276 W/System.err(  400): 	at org.apache.harmony.luni.platform.OSFileSystem.open(Native Method)
02-03 22:21:54.276 W/System.err(  400): 	at dalvik.system.BlockGuard$WrappedFileSystem.open(BlockGuard.java:232)
02-03 22:21:54.276 W/System.err(  400): 	at java.io.FileInputStream.<init>(FileInputStream.java:80)
02-03 22:21:54.276 W/System.err(  400): 	at com.android.providers.contacts.NumberLocatorContentProvider.copyDatabaseToDataPath(NumberLocatorContentProvider.java:115)
02-03 22:21:54.276 W/System.err(  400): 	at com.android.providers.contacts.NumberLocatorContentProvider.onCreate(NumberLocatorContentProvider.java:160)
02-03 22:21:54.276 W/System.err(  400): 	at android.content.ContentProvider.attachInfo(ContentProvider.java:829)
02-03 22:21:54.276 W/System.err(  400): 	at android.app.ActivityThread.installProvider(ActivityThread.java:3575)
02-03 22:21:54.276 W/System.err(  400): 	at android.app.ActivityThread.installContentProviders(ActivityThread.java:3330)
02-03 22:21:54.276 W/System.err(  400): 	at android.app.ActivityThread.handleBindApplication(ActivityThread.java:3286)
02-03 22:21:54.276 D/SyncManager(  257): setSyncAutomatically: , provider subscribedfeeds -> true
02-03 22:21:54.276 D/SyncManager(  257): setSyncAutomatically: already set to true, doing nothing
02-03 22:21:54.286 D/KeyguardUpdateMonitor(  257): handleRingerModeChange(2)
02-03 22:21:54.286 D/KeyguardViewMediator(  257): handleNotifyScreenOn
02-03 22:21:54.286 I/LockPatternKeyguardView(  257): updateLockscreenBackground
02-03 22:21:54.286 I/LockPatternKeyguardView(  257): setBackgroundDrawable
02-03 22:21:54.286 I/LockPatternKeyguardView(  257): file not found: etc/customize/default_lockscreen
02-03 22:21:54.286 D/LockScreen(  257): updateLayout: status=SimMissingsubscription=0
02-03 22:21:54.286 D/LockScreen(  257): Updating Lock Screen text to Ruim
02-03 22:21:54.286 D/KeyguardViewMediator(  257): setHidden false
02-03 22:21:54.286 W/System.err(  400): 	at android.app.ActivityThread.access$2200(ActivityThread.java:123)
02-03 22:21:54.286 W/System.err(  400): 	at android.app.ActivityThread$H.handleMessage(ActivityThread.java:986)
02-03 22:21:54.286 W/System.err(  400): 	at android.os.Handler.dispatchMessage(Handler.java:99)
02-03 22:21:54.286 W/System.err(  400): 	at android.os.Looper.loop(Looper.java:130)
02-03 22:21:54.286 W/System.err(  400): 	at android.app.ActivityThread.main(ActivityThread.java:3704)
02-03 22:21:54.286 W/System.err(  400): 	at java.lang.reflect.Method.invokeNative(Native Method)
02-03 22:21:54.286 W/System.err(  400): 	at java.lang.reflect.Method.invoke(Method.java:507)
02-03 22:21:54.296 W/System.err(  400): 	at com.android.internal.os.ZygoteInit$MethodAndArgsCaller.run(ZygoteInit.java:875)
02-03 22:21:54.296 W/System.err(  400): 	at com.android.internal.os.ZygoteInit.main(ZygoteInit.java:633)
02-03 22:21:54.296 W/System.err(  400): 	at dalvik.system.NativeStart.main(Native Method)
02-03 22:21:54.296 E/NumberLocatorContentProvider(  400): copyDatabaseToDataPath ex:/system/etc/customize/location.db (No such file or directory)
02-03 22:21:54.296 I/ActivityThread(  400): Pub user_dictionary: com.android.providers.userdictionary.UserDictionaryProvider
02-03 22:21:54.306 D/KeyguardViewMediator(  257): setHidden false
02-03 22:21:54.316 D/KeyguardViewMediator(  257): setHidden false
02-03 22:21:54.336 D/KeyguardViewMediator(  257): setHidden false
02-03 22:21:54.346 D/KeyguardViewMediator(  257): setHidden false
02-03 22:21:54.356 I/ActivityThread(  400): Pub com.android.social: com.android.providers.contacts.SocialProvider
02-03 22:21:54.356 D/KeyguardViewMediator(  257): setHidden false
02-03 22:21:54.376 D/KeyguardViewMediator(  257): setHidden false
02-03 22:21:54.386 I/ActivityThread(  400): Pub applications: com.android.providers.applications.ApplicationsProvider
02-03 22:21:54.396 D/KeyguardViewMediator(  257): setHidden false
02-03 22:21:54.406 D/KeyguardViewMediator(  257): setHidden false
02-03 22:21:54.426 D/KeyguardViewMediator(  257): setHidden false
02-03 22:21:54.436 D/KeyguardViewMediator(  257): setHidden false
02-03 22:21:54.456 D/KeyguardViewMediator(  257): setHidden false
02-03 22:21:54.466 D/KeyguardViewMediator(  257): setHidden false
02-03 22:21:54.476 D/KeyguardViewMediator(  257): setHidden false
02-03 22:21:54.496 D/KeyguardViewMediator(  257): setHidden false
02-03 22:21:54.516 D/KeyguardViewMediator(  257): setHidden false
02-03 22:21:54.526 I/ActivityThread(  400): Pub contacts;com.android.contacts: com.android.providers.contacts.ContactsProvider2
02-03 22:21:54.536 D/KeyguardViewMediator(  257): setHidden false
02-03 22:21:54.536 D/KeyguardViewMediator(  257): setHidden false
02-03 22:21:54.546 D/KeyguardViewMediator(  257): setHidden false
02-03 22:21:54.566 D/KeyguardViewMediator(  257): setHidden false
02-03 22:21:54.576 D/KeyguardViewMediator(  257): setHidden false
02-03 22:21:54.596 D/KeyguardViewMediator(  257): setHidden false
02-03 22:21:54.616 D/KeyguardViewMediator(  257): setHidden false
02-03 22:21:54.626 D/KeyguardViewMediator(  257): setHidden false
02-03 22:21:54.646 D/KeyguardViewMediator(  257): setHidden false
02-03 22:21:54.656 D/KeyguardViewMediator(  257): setHidden false
02-03 22:21:54.666 D/CAT     (  343): CatService: CatService on 0Is running
02-03 22:21:54.666 E/DST     (  343): Error parsing service priority string, ignoring 
02-03 22:21:54.666 E/DST     (  343): Error parsing service priority string, ignoring 
02-03 22:21:54.666 E/DST     (  343): Error parsing service priority string, ignoring 
02-03 22:21:54.666 E/DST     (  343): Error parsing service priority string, ignoring 
02-03 22:21:54.666 E/DST     (  343): Error parsing service priority string, ignoring 
02-03 22:21:54.676 D/KeyguardViewMediator(  257): setHidden false
02-03 22:21:54.696 D/KeyguardViewMediator(  257): setHidden false
02-03 22:21:54.706 D/KeyguardViewMediator(  257): setHidden false
02-03 22:21:54.726 D/KeyguardViewMediator(  257): setHidden false
02-03 22:21:54.726 W/dalvikvm(  338): threadid=1: spin on suspend #1 threadid=11 (pcf=0)
02-03 22:21:54.736 W/dalvikvm(  338): threadid=1: spin on suspend resolved in 1011 msec
02-03 22:21:54.746 D/KeyguardViewMediator(  257): setHidden false
02-03 22:21:54.756 I/DATA    (  343): [SERVICE_TYPE_DEFAULT] set enabled = true
02-03 22:21:54.756 I/DATA    (  343): [DCT ] SUPPORT_IPV4 = true
02-03 22:21:54.756 I/DATA    (  343): [DCT ] SUPPORT_IPV6 = false
02-03 22:21:54.756 I/DATA    (  343): [DCT ] SUPPORT_MPDN = false
02-03 22:21:54.756 I/DATA    (  343): [DCT ] SUPPORT_MPDN_SERVICE_ARBITRATION = false
02-03 22:21:54.756 I/DATA    (  343): [DCT ] SUPPORT_OMH = false
02-03 22:21:54.756 I/DATA    (  343): [DCT ] PROPERTY_SUPPORT_EHRPD = false
02-03 22:21:54.756 I/DATA    (  343): [DCT ] PROPERTY_SUPPORT_SVLTE1X = false
02-03 22:21:54.756 I/DATA    (  343): [DCT ] SUPPORT_OOS_IS_DISCONNECT = true
02-03 22:21:54.756 D/KeyguardViewMediator(  257): setHidden false
02-03 22:21:54.776 D/KeyguardViewMediator(  257): setHidden false
02-03 22:21:54.796 D/KeyguardViewMediator(  257): setHidden false
02-03 22:21:54.836 D/MccTable(  343): updateMccMncConfiguration: mcc=310, mnc=120
02-03 22:21:54.836 D/MccTable(  343): locale set to en_us
02-03 22:21:54.836 D/MccTable(  343): WIFI_NUM_ALLOWED_CHANNELS set to 11
02-03 22:21:54.846 D/KeyguardViewMediator(  257): setHidden false
02-03 22:21:54.896 D/PROXY   (  343): In ProxyManager getInstance
02-03 22:21:54.906 D/PROXY   (  343): Creating ProxyManager
02-03 22:21:54.936 D/OtaUtils(  343): CdmaOtaConfigData constructor!
02-03 22:21:54.947 D/OtaUtils(  343): CdmaOtaInCallScreenState: constructor init to UNDEFINED
02-03 22:21:54.947 D/CallManager(  343): registerPhone(CDMA Handler{40534680})
02-03 22:21:54.947 D/NotificationMgr(  343): updateNotificationsAtStartup()...
02-03 22:21:55.037 D/NotificationMgr(  343): - start call log query...
02-03 22:21:55.037 D/NotificationMgr(  343): - updating in-call notification at startup...
02-03 22:21:55.047 D/NotificationMgr(  343): updateInCallNotification()...
02-03 22:21:55.047 D/NotificationMgr(  343): cancelInCall()...
02-03 22:21:55.057 D/PhoneInterfaceManager(  343):  Registering for UNSOL OEM HOOK Responses to deliver external apps
02-03 22:21:55.057 D/Warhol  (  350): A pack appears to be installed -- skipping Installer
02-03 22:21:55.077 D/Launcher(  350): onSaveInstanceState
02-03 22:21:55.077 D/Launcher(  350): Dissmis Preview for view :null ID:2131230735
02-03 22:21:55.077 E/AudioFlinger(  115): processConfigEvents() remaining events 1
02-03 22:21:55.077 D/AudioTrack(  343): Request AudioFlinger to create track
02-03 22:21:55.077 D/AudioFlinger(  115): createTrack() lSessionId: 3
02-03 22:21:55.077 D/AudioFlinger(  115): Track constructor name 4096, calling thread 343
02-03 22:21:55.077 E/BT HS/HF(  343): updateServiceState called, sendUpdate:false  ServiceState:1 home null null null  Unknown CSS not supported 0 0RoamInd: 0RoamStatus(sprint): 0DefRoamInd: 0EmergOnly: false
02-03 22:21:55.077 D/Launcher(  350): Dissmis Preview for view :null ID:2131230736
02-03 22:21:55.077 D/Launcher(  350): Dissmis Preview for view :null ID:2131230739
02-03 22:21:55.077 D/Launcher(  350): Dissmis Preview for view :null ID:2131230741
02-03 22:21:55.077 D/Launcher(  350): onRetainNonConfigurationInstance
02-03 22:21:55.077 D/Launcher(  350): onDestroy ()
02-03 22:21:55.087 D/Launcher(  350): Dissmis Preview for view :null ID:2131230735
02-03 22:21:55.087 D/Launcher(  350): Dissmis Preview for view :null ID:2131230736
02-03 22:21:55.087 D/Launcher(  350): Dissmis Preview for view :null ID:2131230739
02-03 22:21:55.087 D/Launcher(  350): Dissmis Preview for view :null ID:2131230741
02-03 22:21:55.087 D/KeyguardViewMediator(  257): setHidden false
02-03 22:21:55.107 E/BT HS/HF(  343): service:0 mService:0
02-03 22:21:55.107 D/BT HS/HF(  343): updatePhoneState()
02-03 22:21:55.107 D/BT HS/HF(  343): Foreground call state : IDLE
02-03 22:21:55.107 D/BT HS/HF(  343): Ringing call state : IDLE
02-03 22:21:55.107 D/BT HS/HF(  343): Background call state : IDLE
02-03 22:21:55.107 E/BT HS/HF(  343): prev mIsCdmaFirstConnectionHeld  is false
02-03 22:21:55.107 E/BT HS/HF(  343): current mIsCdmaFirstConnectionHeld is false
02-03 22:21:55.107 D/BT HS/HF(  343): CallSetup: 0
02-03 22:21:55.107 D/BT HS/HF(  343): Call: 0
02-03 22:21:55.107 D/BT HS/HF(  343): CallHeld: 0
02-03 22:21:55.127 D/BT HS/HF(  343): configureVirtualCallFromProperty: mVirtualCallEnabled:true
02-03 22:21:55.127 D/BT HS/HF(  343): cdmaSetSecondCallState: Setting mCdmaIsSecondCallActive to false
02-03 22:21:55.137 D/PhoneApp(  343): onCreate: mProximityWakeLock: WakeLock{40526480 held=false, refCount=0}
02-03 22:21:55.177 D/Warhol  (  350): Adding *PHONE* hotseat ...
02-03 22:21:55.177 D/Launcher(  350): loadHotseats: hotseat 0 final intent=[intent:#Intent;action=android.intent.action.MAIN;component=com.android.contacts/.DialtactsActivity;end] label=[Dialer]
02-03 22:21:55.177 D/Warhol  (  350): Adding *WARHOL* hotseat...
02-03 22:21:55.177 D/Warhol  (  350): Warhol uri = intent:#Intent;action=android.intent.action.MAIN;launchFlags=0x10200000;component=com.sprint.w.installer/.ServicePackSwitcher;end
02-03 22:21:55.177 D/Launcher(  350): loadHotseats: hotseat 1 final intent=[intent:#Intent;action=android.intent.action.MAIN;component=com.sprint.w.installer/.ServicePackSwitcher;end] label=[Pick your ID]
02-03 22:21:55.247 D/AudioTrack(  343): Request AudioFlinger to create track
02-03 22:21:55.247 D/AudioFlinger(  115): createTrack() lSessionId: 4
02-03 22:21:55.247 D/AudioFlinger(  115): Track constructor name 4097, calling thread 343
02-03 22:21:55.247 D/CallNotifier(  343): getPhoneStateListener: SUBSCRIPTION == 0
02-03 22:21:55.257 D/PhoneUtils(  343): Extended NW bindService IExtendedNetworkService
02-03 22:21:55.277 I/ActivityThread(  400): Pub call_log: com.android.providers.contacts.CallLogProvider
02-03 22:21:55.287 D/PhoneUtils(  343): setAudioMode()...IDLE
02-03 22:21:55.287 D/PhoneUtils(  343): setAudioMode() no change: MODE_NORMAL
02-03 22:21:55.297 W/CallLogProvider(  400): query: match = 1
02-03 22:21:55.307 D/PhoneApp(  343): +++getFirstBoot
02-03 22:21:55.307 D/PhoneApp(  343): getFirstBoot :  false
02-03 22:21:55.307 D/DATA    (  343): [DPT(0)] DataProfileTracker,handleMessage:{ what=1 when=-611ms }
02-03 22:21:55.307 D/DATA    (  343): [DPT(0)] add tethered data profile 
02-03 22:21:55.377 D/DATA    (  343): [DSST] pollstate() : reason = radio state changed
02-03 22:21:55.377 D/DATA    (  343): [DSST] Poll ServiceState done: oldSS=[1 home null null null  Unknown CSS not supported 0 0RoamInd: 0RoamStatus(sprint): 0DefRoamInd: 0EmergOnly: false] newSS=[3 home null null null  Unknown CSS not supported -1 -1RoamInd: -1RoamStatus(sprint): -1DefRoamInd: -1EmergOnly: false]
02-03 22:21:55.377 D/DATA    (  343): [DSST]  mDataConnectionState = 1
02-03 22:21:55.377 D/DATA    (  343): [DSST] pollstate() : reason = icc status changed
02-03 22:21:55.377 D/DATA    (  343): [DSST] Poll ServiceState done: oldSS=[3 home null null null  Unknown CSS not supported -1 -1RoamInd: -1RoamStatus(sprint): -1DefRoamInd: -1EmergOnly: false] newSS=[3 home null null null  Unknown CSS not supported -1 -1RoamInd: -1RoamStatus(sprint): -1DefRoamInd: -1EmergOnly: false]
02-03 22:21:55.387 D/DATA    (  343): [DSST]  mDataConnectionState = 1
02-03 22:21:55.387 D/DATA    (  343): [DCT ] onRadioOn : register for roaming on/off
02-03 22:21:55.387 D/Phone   (  343): [PhoneNotifier] [DefaultPhoneNotifier] : default, INET, DISCONNECTED
02-03 22:21:55.397 I/TelephonyRegistry(  257): notifyDataConnection: state=0 isDataConnectivityPossible=false reason=dataNetworkDetached interfaceName=null networkType=0 apnType=default apn=null
02-03 22:21:55.397 I/TelephonyRegistry(  257): +++broadcastDataConnectionStateChanged
02-03 22:21:55.397 I/TelephonyRegistry(  257): +++sendStickyBroadcast
02-03 22:21:55.517 D/Bitmap  (  257): Detect unrecycled bitmap.
02-03 22:21:55.517 D/Bitmap  (  257):       Size: 39744 Bytes, Width: 108 , Height: 92 , Hash code: 1082649480
02-03 22:21:55.517 D/Bitmap  (  257):  This bimap was created in:
02-03 22:21:55.517 D/Bitmap  (  257):       android.graphics.Bitmap.<init>(Bitmap.java:136)
02-03 22:21:55.517 D/Bitmap  (  257):       android.graphics.BitmapFactory.nativeDecodeAsset(Native Method)
02-03 22:21:55.517 D/Bitmap  (  257):       android.graphics.BitmapFactory.decodeStream(BitmapFactory.java:460)
02-03 22:21:55.517 D/Bitmap  (  257):       android.graphics.BitmapFactory.decodeResourceStream(BitmapFactory.java:336)
02-03 22:21:55.517 D/Bitmap  (  257):       android.graphics.drawable.Drawable.createFromResourceStream(Drawable.java:697)
02-03 22:21:55.517 D/Bitmap  (  257):       android.content.res.Resources.loadDrawable(Resources.java:1709)
02-03 22:21:55.517 D/Bitmap  (  257):       android.content.res.Resources.getDrawable(Resources.java:581)
02-03 22:21:55.517 D/Bitmap  (  257):       android.graphics.drawable.StateListDrawable.inflate(StateListDrawable.java:162)
02-03 22:21:55.517 D/Bitmap  (  257):       android.graphics.drawable.Drawable.createFromXmlInner(Drawable.java:787)
02-03 22:21:55.517 D/Bitmap  (  257):       android.graphics.drawable.Drawable.createFromXml(Drawable.java:728)
02-03 22:21:55.517 D/Bitmap  (  257):       android.content.res.Resources.loadDrawable(Resources.java:1694)
02-03 22:21:55.527 D/Bitmap  (  257):       android.content.res.Resources.getDrawable(Resources.java:581)
02-03 22:21:55.527 D/Bitmap  (  257):       android.view.View.setBackgroundResource(View.java:7533)
02-03 22:21:55.527 D/Bitmap  (  257):       com.android.internal.widget.SlidingTab$Slider.<init>(SlidingTab.java:192)
02-03 22:21:55.527 D/Bitmap  (  257):       com.android.internal.widget.SlidingTab.<init>(SlidingTab.java:458)
02-03 22:21:55.527 D/Bitmap  (  257):       java.lang.reflect.Constructor.constructNative(Native Method)
02-03 22:21:55.527 D/Bitmap  (  257):       java.lang.reflect.Constructor.newInstance(Constructor.java:415)
02-03 22:21:55.527 D/Bitmap  (  257):       android.view.LayoutInflater.createView(LayoutInflater.java:505)
02-03 22:21:55.527 D/Bitmap  (  257):       android.view.LayoutInflater.createViewFromTag(LayoutInflater.java:570)
02-03 22:21:55.527 D/Bitmap  (  257):       android.view.LayoutInflater.rInflate(LayoutInflater.java:623)
02-03 22:21:55.527 D/Bitmap  (  257):       android.view.LayoutInflater.inflate(LayoutInflater.java:408)
02-03 22:21:55.527 D/Bitmap  (  257):       android.view.LayoutInflater.inflate(LayoutInflater.java:320)
02-03 22:21:55.527 D/Bitmap  (  257):       com.android.internal.policy.impl.LockScreen.<init>(LockScreen.java:328)
02-03 22:21:55.527 D/Bitmap  (  257):       com.android.internal.policy.impl.LockPatternKeyguardView.createLockScreen(LockPatternKeyguardView.java:821)
02-03 22:21:55.527 D/Bitmap  (  257):       com.android.internal.policy.impl.LockPatternKeyguardView.recreateLockScreen(LockPatternKeyguardView.java:616)
02-03 22:21:55.527 D/Bitmap  (  257):       com.android.internal.policy.impl.LockPatternKeyguardView.recreateScreens(LockPatternKeyguardView.java:636)
02-03 22:21:55.527 D/Bitmap  (  257):       com.android.internal.policy.impl.LockPatternKeyguardView.access$800(LockPatternKeyguardView.java:97)
02-03 22:21:55.527 D/Bitmap  (  257):       com.android.internal.policy.impl.LockPatternKeyguardView$1.recreateMe(LockPatternKeyguardView.java:343)
02-03 22:21:55.527 D/Bitmap  (  257):       com.android.internal.policy.impl.PatternUnlockScreen.onAttachedToWindow(PatternUnlockScreen.java:453)
02-03 22:21:55.527 D/Bitmap  (  257):       android.view.View.dispatchAttachedToWindow(View.java:6156)
02-03 22:21:55.527 D/Bitmap  (  257):       android.view.ViewGroup.dispatchAttachedToWindow(ViewGroup.java:1125)
02-03 22:21:55.527 D/Bitmap  (  257):       android.view.ViewGroup.dispatchAttachedToWindow(ViewGroup.java:1130)
02-03 22:21:55.527 D/Bitmap  (  257):       android.view.ViewGroup.dispatchAttachedToWindow(ViewGroup.java:1130)
02-03 22:21:55.527 D/Bitmap  (  257):       android.view.ViewRoot.performTraversals(ViewRoot.java:769)
02-03 22:21:55.527 D/Bitmap  (  257):       android.view.ViewRoot.handleMessage(ViewRoot.java:1864)
02-03 22:21:55.527 D/Bitmap  (  257):       android.os.Handler.dispatchMessage(Handler.java:99)
02-03 22:21:55.527 D/Bitmap  (  257):       android.os.Looper.loop(Looper.java:130)
02-03 22:21:55.527 D/Bitmap  (  257):       com.android.server.WindowManagerService$PolicyThread.run(WindowManagerService.java:613)
02-03 22:21:55.527 D/Bitmap  (  257): _
02-03 22:21:55.537 D/Launcher.Model(  350): going to save icon bitmap for info=ShortcutInfo(title=Contacts)
02-03 22:21:55.547 I/ContactsProvider(  400): query: content://com.android.contacts/contacts
02-03 22:21:55.547 E/ContactsProvider(  400): 101123 isCallerRegisterNeedSIMProc callerPid:338, acorePid:400
02-03 22:21:55.587 D/Launcher.Model(  350): going to save icon bitmap for info=ShortcutInfo(title=Messaging)
02-03 22:21:55.627 D/Launcher.Model(  350): going to save icon bitmap for info=ShortcutInfo(title=Market)
02-03 22:21:55.707 D/Launcher(  350): onRestoreInstanceState
02-03 22:21:55.717 D/Warhol  (  350): A pack appears to be installed -- skipping Installer
02-03 22:21:55.727 D/Phone   (  343): [PhoneNotifier] [DefaultPhoneNotifier] : default, INET6, DISCONNECTED
02-03 22:21:55.727 I/TelephonyRegistry(  257): notifyDataConnection: state=0 isDataConnectivityPossible=false reason=dataNetworkDetached interfaceName=null networkType=0 apnType=default apn=null
02-03 22:21:55.727 I/TelephonyRegistry(  257): +++broadcastDataConnectionStateChanged
02-03 22:21:55.737 D/NetworkLocationService(  383): onCreate com.google.android.location.NetworkLocationService@4054f8c8
02-03 22:21:55.737 I/TelephonyRegistry(  257): +++sendStickyBroadcast
02-03 22:21:55.747 D/Phone   (  343): [PhoneNotifier] [DefaultPhoneNotifier] : mms, INET, DISCONNECTED
02-03 22:21:55.747 I/TelephonyRegistry(  257): notifyDataConnection: state=0 isDataConnectivityPossible=false reason=dataNetworkDetached interfaceName=null networkType=0 apnType=mms apn=null
02-03 22:21:55.747 I/TelephonyRegistry(  257): +++broadcastDataConnectionStateChanged
02-03 22:21:55.747 I/TelephonyRegistry(  257): +++sendStickyBroadcast
02-03 22:21:55.747 D/Phone   (  343): [PhoneNotifier] [DefaultPhoneNotifier] : mms, INET6, DISCONNECTED
02-03 22:21:55.747 I/TelephonyRegistry(  257): notifyDataConnection: state=0 isDataConnectivityPossible=false reason=dataNetworkDetached interfaceName=null networkType=0 apnType=mms apn=null
02-03 22:21:55.747 I/TelephonyRegistry(  257): +++broadcastDataConnectionStateChanged
02-03 22:21:55.747 I/TelephonyRegistry(  257): +++sendStickyBroadcast
02-03 22:21:55.767 D/Phone   (  343): [PhoneNotifier] [DefaultPhoneNotifier] : supl, INET, DISCONNECTED
02-03 22:21:55.777 D/NetworkLocationClient(  383): ANDROID minProtocolVersion 1 maxProtocolVersion 1 releaseVersion -1
02-03 22:21:55.777 D/NetworkLocationClient(  383): binding to Intent { act=com.google.android.location.internal.ANDROID_NLP }
02-03 22:21:55.777 I/TelephonyRegistry(  257): notifyDataConnection: state=0 isDataConnectivityPossible=false reason=dataNetworkDetached interfaceName=null networkType=0 apnType=supl apn=null
02-03 22:21:55.777 I/TelephonyRegistry(  257): +++broadcastDataConnectionStateChanged
02-03 22:21:55.777 I/TelephonyRegistry(  257): +++sendStickyBroadcast
02-03 22:21:55.797 D/Phone   (  343): [PhoneNotifier] [DefaultPhoneNotifier] : supl, INET6, DISCONNECTED
02-03 22:21:55.807 I/TelephonyRegistry(  257): notifyDataConnection: state=0 isDataConnectivityPossible=false reason=dataNetworkDetached interfaceName=null networkType=0 apnType=supl apn=null
02-03 22:21:55.807 I/TelephonyRegistry(  257): +++broadcastDataConnectionStateChanged
02-03 22:21:55.807 I/TelephonyRegistry(  257): +++sendStickyBroadcast
02-03 22:21:55.807 D/Phone   (  343): [PhoneNotifier] [DefaultPhoneNotifier] : dun, INET, DISCONNECTED
02-03 22:21:55.807 I/TelephonyRegistry(  257): notifyDataConnection: state=0 isDataConnectivityPossible=false reason=dataNetworkDetached interfaceName=null networkType=0 apnType=dun apn=null
02-03 22:21:55.807 I/TelephonyRegistry(  257): +++broadcastDataConnectionStateChanged
02-03 22:21:55.807 I/TelephonyRegistry(  257): +++sendStickyBroadcast
02-03 22:21:55.807 D/Phone   (  343): [PhoneNotifier] [DefaultPhoneNotifier] : dun, INET6, DISCONNECTED
02-03 22:21:55.817 I/TelephonyRegistry(  257): notifyDataConnection: state=0 isDataConnectivityPossible=false reason=dataNetworkDetached interfaceName=null networkType=0 apnType=dun apn=null
02-03 22:21:55.817 I/TelephonyRegistry(  257): +++broadcastDataConnectionStateChanged
02-03 22:21:55.827 I/TelephonyRegistry(  257): +++sendStickyBroadcast
02-03 22:21:55.827 D/Phone   (  343): [PhoneNotifier] [DefaultPhoneNotifier] : hipri, INET, DISCONNECTED
02-03 22:21:55.827 I/TelephonyRegistry(  257): notifyDataConnection: state=0 isDataConnectivityPossible=false reason=dataNetworkDetached interfaceName=null networkType=0 apnType=hipri apn=null
02-03 22:21:55.827 I/TelephonyRegistry(  257): +++broadcastDataConnectionStateChanged
02-03 22:21:55.827 I/TelephonyRegistry(  257): +++sendStickyBroadcast
02-03 22:21:55.837 D/Phone   (  343): [PhoneNotifier] [DefaultPhoneNotifier] : hipri, INET6, DISCONNECTED
02-03 22:21:55.837 I/TelephonyRegistry(  257): notifyDataConnection: state=0 isDataConnectivityPossible=false reason=dataNetworkDetached interfaceName=null networkType=0 apnType=hipri apn=null
02-03 22:21:55.837 I/TelephonyRegistry(  257): +++broadcastDataConnectionStateChanged
02-03 22:21:55.837 I/TelephonyRegistry(  257): +++sendStickyBroadcast
02-03 22:21:55.877 D/PhoneApp(  343): updateProximitySensorMode: state = IDLE
02-03 22:21:55.877 D/PhoneApp(  343): updateProximitySensorMode: lock already released.
02-03 22:21:55.887 D/PROXY   (  343): ProxyManager EVENT_ICC_CHANGED for non DSDS m3gppIndex::99999 m3gpp2Index::99999
02-03 22:21:55.897 D/MccTable(  343): updateMccMncConfiguration: mcc=310, mnc=120
02-03 22:21:55.897 D/MccTable(  343): locale set to en_us
02-03 22:21:55.897 D/MccTable(  343): WIFI_NUM_ALLOWED_CHANNELS set to 11
02-03 22:21:55.907 D/KeyguardViewMediator(  257): setHidden false
02-03 22:21:55.907 D/PhoneApp(  343): old phone type:2, New Phone type:2
02-03 22:21:55.927 D/BT HSHFP(  343): Starting BluetoothHeadsetService
02-03 22:21:55.937 D/CallNotifier(  343): onMwiChanged(): false
02-03 22:21:55.937 D/NotificationMgr(  343): updateMwi(): false
02-03 22:21:55.937 D/CallNotifier(  343): onCfiChanged(): false
02-03 22:21:55.937 D/NotificationMgr(  343): updateCfi(): falsesub = 0
02-03 22:21:55.947 D/NetworkLocationService(  383): onBind com.google.android.location.NetworkLocationProvidercom.google.android.location.NetworkLocationService@4054f8c8
02-03 22:21:55.947 D/NetworkLocationService(  383): onBind com.google.android.location.GeocodeProvidercom.google.android.location.NetworkLocationService@4054f8c8
02-03 22:21:55.947 D/NotificationMgr(  343): call log query complete.
02-03 22:21:55.947 D/NotificationMgr(  343): closing call log cursor.
02-03 22:21:55.947 D/KeyguardViewMediator(  257): setHidden false
02-03 22:21:55.998 D/KeyguardViewMediator(  257): setHidden false
02-03 22:21:56.008 D/androidInternalNlpService(  383): onCreate com.google.android.location.internal.server.NetworkLocationService@405305e0
02-03 22:21:56.008 D/androidNlpServiceThread(  383): start monitoring enabled
02-03 22:21:56.008 D/NetworkLocationRealOs(  383): ------------------------ reading cache.cell
02-03 22:21:56.008 D/NetworkLocationRealOs(  383): no cache.cell found; not migrating
02-03 22:21:56.008 D/NetworkLocationRealOs(  383): ------------------------ reading cache.wifi
02-03 22:21:56.008 D/NetworkLocationRealOs(  383): no cache.wifi found; not migrating
02-03 22:21:56.018 D/androidNlpServiceThread(  383): ANDROID minProtocolVersion 1 maxProtocolVersion 1 releaseVersion -1
02-03 22:21:56.018 D/androidNlpServiceThread(  383): This NLP should run continuously.
02-03 22:21:56.018 D/NetworkLocationClient(  383): onServiceConnected to ComponentInfo{com.google.android.location/com.google.android.location.internal.server.NetworkLocationService}
02-03 22:21:56.058 D/androidNlpServiceThread(  383): updateState: shouldBeEnabled false shouldBeRunning false
02-03 22:21:56.078 D/androidNlpServiceThread(  383): adding listener com.google.android.location.internal.client.NetworkLocationClient$1@4050bf40 with period 2147483647
02-03 22:21:56.078 D/androidNetworkLocationListeners(  383): Still have listener com.google.android.location.internal.client.NetworkLocationClient$1@4050bf40
02-03 22:21:56.138 D/KeyguardViewMediator(  257): setHidden false
02-03 22:21:56.138 D/KeyguardViewMediator(  257): setHidden false
02-03 22:21:56.338 I/DATA    (  343): [DCT(0) ] onDataProfileListChanged: call disconnectAllConnections reason = apnChanged
02-03 22:21:56.338 D/PhoneApp(  343): mReceiver: ACTION_ANY_DATA_CONNECTION_STATE_CHANGED
02-03 22:21:56.338 D/PhoneApp(  343): - state: DISCONNECTED
02-03 22:21:56.338 D/PhoneApp(  343): - reason: dataNetworkDetached
02-03 22:21:56.338 D/PhoneApp(  343): mReceiver: ACTION_ANY_DATA_CONNECTION_STATE_CHANGED
02-03 22:21:56.338 D/PhoneApp(  343): - state: DISCONNECTED
02-03 22:21:56.338 D/PhoneApp(  343): - reason: dataNetworkDetached
02-03 22:21:56.338 D/PhoneApp(  343): mReceiver: ACTION_ANY_DATA_CONNECTION_STATE_CHANGED
02-03 22:21:56.338 D/PhoneApp(  343): - state: DISCONNECTED
02-03 22:21:56.338 D/PhoneApp(  343): - reason: dataNetworkDetached
02-03 22:21:56.338 D/PhoneApp(  343): mReceiver: ACTION_ANY_DATA_CONNECTION_STATE_CHANGED
02-03 22:21:56.338 D/PhoneApp(  343): - state: DISCONNECTED
02-03 22:21:56.338 D/PhoneApp(  343): - reason: dataNetworkDetached
02-03 22:21:56.338 D/PhoneApp(  343): mReceiver: ACTION_ANY_DATA_CONNECTION_STATE_CHANGED
02-03 22:21:56.338 D/PhoneApp(  343): - state: DISCONNECTED
02-03 22:21:56.338 D/PhoneApp(  343): - reason: dataNetworkDetached
02-03 22:21:56.338 D/PhoneApp(  343): mReceiver: ACTION_ANY_DATA_CONNECTION_STATE_CHANGED
02-03 22:21:56.338 D/PhoneApp(  343): - state: DISCONNECTED
02-03 22:21:56.338 D/PhoneApp(  343): - reason: dataNetworkDetached
02-03 22:21:56.338 D/PhoneApp(  343): mReceiver: ACTION_ANY_DATA_CONNECTION_STATE_CHANGED
02-03 22:21:56.338 D/PhoneApp(  343): - state: DISCONNECTED
02-03 22:21:56.338 D/PhoneApp(  343): - reason: dataNetworkDetached
02-03 22:21:56.348 D/KeyguardUpdateMonitor(  257): received broadcast android.intent.action.SIM_STATE_CHANGED
02-03 22:21:56.348 D/KeyguardUpdateMonitor(  257): ACTION_SIM_STATE_CHANGED intent received on sub = 0
02-03 22:21:56.348 D/MobileDataStateTracker(  257): [hipri]  MobileDataStateReceiver onReceive(): Entry.
02-03 22:21:56.348 D/MobileDataStateTracker(  257): [hipri]  intent.getAction()= android.intent.action.ANY_DATA_STATE
02-03 22:21:56.348 D/MobileDataStateTracker(  257): [hipri]  mEnabled = false
02-03 22:21:56.348 D/KeyguardUpdateMonitor(  257): handleSimStateChange: intentValue = READY state resolved to READY subscription =0
02-03 22:21:56.348 D/KeyguardViewMediator(  257): onSimStateChanged: READY
02-03 22:21:56.348 D/KeyguardViewMediator(  257): resetStateLocked
02-03 22:21:56.348 D/LockScreen(  257): onSimStateChanged(READY)
02-03 22:21:56.348 D/LockScreen(  257): updateLayout: status=Normalsubscription=0
02-03 22:21:56.348 D/LockScreen(  257): Updating Lock Screen text to Ruim
02-03 22:21:56.358 D/KeyguardViewMediator(  257): handleReset
02-03 22:21:56.358 D/MobileDataStateTracker(  257): [hipri]  apnTypeList = default
02-03 22:21:56.358 D/MobileDataStateTracker(  257): [hipri]  unavailable = true
02-03 22:21:56.358 D/MobileDataStateTracker(  257): [hipri] Do not process intents if disabled.
02-03 22:21:56.358 D/MobileDataStateTracker(  257): [dun]  MobileDataStateReceiver onReceive(): Entry.
02-03 22:21:56.358 D/MobileDataStateTracker(  257): [dun]  intent.getAction()= android.intent.action.ANY_DATA_STATE
02-03 22:21:56.358 D/MobileDataStateTracker(  257): [dun]  mEnabled = false
02-03 22:21:56.358 D/MobileDataStateTracker(  257): [dun]  apnTypeList = default
02-03 22:21:56.358 D/MobileDataStateTracker(  257): [dun]  unavailable = true
02-03 22:21:56.358 D/MobileDataStateTracker(  257): [dun] Do not process intents if disabled.
02-03 22:21:56.358 D/MobileDataStateTracker(  257): [supl]  MobileDataStateReceiver onReceive(): Entry.
02-03 22:21:56.358 D/MobileDataStateTracker(  257): [supl]  intent.getAction()= android.intent.action.ANY_DATA_STATE
02-03 22:21:56.358 D/MobileDataStateTracker(  257): [supl]  mEnabled = false
02-03 22:21:56.368 D/MobileDataStateTracker(  257): [supl]  apnTypeList = default
02-03 22:21:56.368 D/MobileDataStateTracker(  257): [supl]  unavailable = true
02-03 22:21:56.368 D/MobileDataStateTracker(  257): [supl] Do not process intents if disabled.
02-03 22:21:56.368 D/MobileDataStateTracker(  257): [mms]  MobileDataStateReceiver onReceive(): Entry.
02-03 22:21:56.368 D/MobileDataStateTracker(  257): [mms]  intent.getAction()= android.intent.action.ANY_DATA_STATE
02-03 22:21:56.368 D/MobileDataStateTracker(  257): [mms]  mEnabled = false
02-03 22:21:56.368 D/MobileDataStateTracker(  257): [mms]  apnTypeList = default
02-03 22:21:56.368 D/MobileDataStateTracker(  257): [mms]  unavailable = true
02-03 22:21:56.368 D/MobileDataStateTracker(  257): [mms] Do not process intents if disabled.
02-03 22:21:56.368 D/MobileDataStateTracker(  257): [default]  MobileDataStateReceiver onReceive(): Entry.
02-03 22:21:56.368 D/MobileDataStateTracker(  257): [default]  intent.getAction()= android.intent.action.ANY_DATA_STATE
02-03 22:21:56.368 D/MobileDataStateTracker(  257): [default]  mEnabled = true
02-03 22:21:56.388 D/MobileDataStateTracker(  257): [default]  apnTypeList = default
02-03 22:21:56.388 D/MobileDataStateTracker(  257): [default]  unavailable = true
02-03 22:21:56.388 D/MobileDataStateTracker(  257): [default] CALL updateMobileInfoFromIntent
02-03 22:21:56.388 I/MobileDataStateTracker(  257): [default] dc state change intent received for default/INET with state  DISCONNECTED. enabled=true state change reason = dataNetworkDetached
02-03 22:21:56.388 I/MobileDataStateTracker(  257): [default] old state = DISCONNECTED
02-03 22:21:56.388 I/MobileDataStateTracker(  257): [default] no change,  just return
02-03 22:21:56.388 D/MobileDataStateTracker(  257): [default] No need to update detailed state
02-03 22:21:56.388 D/MobileDataStateTracker(  257): [hipri]  MobileDataStateReceiver onReceive(): Entry.
02-03 22:21:56.388 D/MobileDataStateTracker(  257): [hipri]  intent.getAction()= android.intent.action.ANY_DATA_STATE
02-03 22:21:56.388 D/MobileDataStateTracker(  257): [hipri]  mEnabled = false
02-03 22:21:56.388 D/PhoneApp(  343): mReceiver: ACTION_ANY_DATA_CONNECTION_STATE_CHANGED
02-03 22:21:56.388 D/PhoneApp(  343): - state: DISCONNECTED
02-03 22:21:56.388 D/PhoneApp(  343): - reason: dataNetworkDetached
02-03 22:21:56.398 D/PhoneApp(  343): mReceiver: ACTION_ANY_DATA_CONNECTION_STATE_CHANGED
02-03 22:21:56.398 D/PhoneApp(  343): - state: DISCONNECTED
02-03 22:21:56.398 D/PhoneApp(  343): - reason: dataNetworkDetached
02-03 22:21:56.398 D/KeyguardViewMediator(  257): setHidden false
02-03 22:21:56.398 D/MobileDataStateTracker(  257): [hipri]  apnTypeList = default
02-03 22:21:56.398 D/MobileDataStateTracker(  257): [hipri]  unavailable = true
02-03 22:21:56.398 D/MobileDataStateTracker(  257): [hipri] Do not process intents if disabled.
02-03 22:21:56.398 D/MobileDataStateTracker(  257): [dun]  MobileDataStateReceiver onReceive(): Entry.
02-03 22:21:56.398 D/MobileDataStateTracker(  257): [dun]  intent.getAction()= android.intent.action.ANY_DATA_STATE
02-03 22:21:56.398 D/MobileDataStateTracker(  257): [dun]  mEnabled = false
02-03 22:21:56.398 D/PhoneApp(  343): mReceiver: ACTION_ANY_DATA_CONNECTION_STATE_CHANGED
02-03 22:21:56.398 D/PhoneApp(  343): - state: DISCONNECTED
02-03 22:21:56.398 D/PhoneApp(  343): - reason: dataNetworkDetached
02-03 22:21:56.408 I/DATA    (  343): [DCT(0) ] onUpdateDataConnections [ignored] : reason=roamingOff
02-03 22:21:56.408 I/DATA    (  343): [DCT(0) ] wait for the dc disconnect to complete
02-03 22:21:56.408 D/CallManager(  343):  handleMessage (EVENT_SERVICE_STATE_CHANGED)
02-03 22:21:56.408 E/BT HS/HF(  343): SERVICE_STATE_CHANGED called
02-03 22:21:56.408 E/BT HS/HF(  343): updateServiceState called, sendUpdate:false  ServiceState:3 home null null null  Unknown CSS not supported -1 -1RoamInd: -1RoamStatus(sprint): -1DefRoamInd: -1EmergOnly: false
02-03 22:21:56.408 E/BT HS/HF(  343): service:0 mService:0
02-03 22:21:56.408 D/MobileDataStateTracker(  257): [dun]  apnTypeList = default
02-03 22:21:56.408 D/MobileDataStateTracker(  257): [dun]  unavailable = true
02-03 22:21:56.408 D/MobileDataStateTracker(  257): [dun] Do not process intents if disabled.
02-03 22:21:56.408 D/MobileDataStateTracker(  257): [supl]  MobileDataStateReceiver onReceive(): Entry.
02-03 22:21:56.408 D/MobileDataStateTracker(  257): [supl]  intent.getAction()= android.intent.action.ANY_DATA_STATE
02-03 22:21:56.408 D/MobileDataStateTracker(  257): [supl]  mEnabled = false
02-03 22:21:56.408 D/MobileDataStateTracker(  257): [supl]  apnTypeList = default
02-03 22:21:56.408 D/MobileDataStateTracker(  257): [supl]  unavailable = true
02-03 22:21:56.418 D/MobileDataStateTracker(  257): [supl] Do not process intents if disabled.
02-03 22:21:56.418 D/MobileDataStateTracker(  257): [mms]  MobileDataStateReceiver onReceive(): Entry.
02-03 22:21:56.418 D/MobileDataStateTracker(  257): [mms]  intent.getAction()= android.intent.action.ANY_DATA_STATE
02-03 22:21:56.418 D/MobileDataStateTracker(  257): [mms]  mEnabled = false
02-03 22:21:56.418 D/MobileDataStateTracker(  257): [mms]  apnTypeList = default
02-03 22:21:56.418 D/MobileDataStateTracker(  257): [mms]  unavailable = true
02-03 22:21:56.418 D/MobileDataStateTracker(  257): [mms] Do not process intents if disabled.
02-03 22:21:56.418 D/MobileDataStateTracker(  257): [default]  MobileDataStateReceiver onReceive(): Entry.
02-03 22:21:56.418 D/MobileDataStateTracker(  257): [default]  intent.getAction()= android.intent.action.ANY_DATA_STATE
02-03 22:21:56.418 D/MobileDataStateTracker(  257): [default]  mEnabled = true
02-03 22:21:56.428 D/MobileDataStateTracker(  257): [default]  apnTypeList = default
02-03 22:21:56.428 D/MobileDataStateTracker(  257): [default]  unavailable = true
02-03 22:21:56.428 D/MobileDataStateTracker(  257): [default] CALL updateMobileInfoFromIntent
02-03 22:21:56.428 I/MobileDataStateTracker(  257): [default] dc state change intent received for default/INET6 with state  DISCONNECTED. enabled=true state change reason = dataNetworkDetached
02-03 22:21:56.428 I/MobileDataStateTracker(  257): [default] old state = DISCONNECTED
02-03 22:21:56.428 I/MobileDataStateTracker(  257): [default] no change,  just return
02-03 22:21:56.428 D/MobileDataStateTracker(  257): [default] No need to update detailed state
02-03 22:21:56.428 D/MobileDataStateTracker(  257): [hipri]  MobileDataStateReceiver onReceive(): Entry.
02-03 22:21:56.428 D/MobileDataStateTracker(  257): [hipri]  intent.getAction()= android.intent.action.ANY_DATA_STATE
02-03 22:21:56.428 D/MobileDataStateTracker(  257): [hipri]  mEnabled = false
02-03 22:21:56.428 D/DATA    (  343): [DSST(0)] pollstate() : reason = radio state changed
02-03 22:21:56.448 D/MobileDataStateTracker(  257): [hipri]  apnTypeList = mms
02-03 22:21:56.448 D/MobileDataStateTracker(  257): [hipri]  unavailable = true
02-03 22:21:56.448 D/MobileDataStateTracker(  257): [hipri] Do not process intents if disabled.
02-03 22:21:56.448 D/MobileDataStateTracker(  257): [dun]  MobileDataStateReceiver onReceive(): Entry.
02-03 22:21:56.448 D/MobileDataStateTracker(  257): [dun]  intent.getAction()= android.intent.action.ANY_DATA_STATE
02-03 22:21:56.448 D/MobileDataStateTracker(  257): [dun]  mEnabled = false
02-03 22:21:56.448 D/MobileDataStateTracker(  257): [dun]  apnTypeList = mms
02-03 22:21:56.448 D/MobileDataStateTracker(  257): [dun]  unavailable = true
02-03 22:21:56.448 D/MobileDataStateTracker(  257): [dun] Do not process intents if disabled.
02-03 22:21:56.448 D/MobileDataStateTracker(  257): [supl]  MobileDataStateReceiver onReceive(): Entry.
02-03 22:21:56.448 D/MobileDataStateTracker(  257): [supl]  intent.getAction()= android.intent.action.ANY_DATA_STATE
02-03 22:21:56.448 D/MobileDataStateTracker(  257): [supl]  mEnabled = false
02-03 22:21:56.478 D/DATA    (  343): [DCT(0) ] onRadioOn : register for roaming on/off
02-03 22:21:56.498 D/MobileDataStateTracker(  257): [supl]  apnTypeList = mms
02-03 22:21:56.498 D/MobileDataStateTracker(  257): [supl]  unavailable = true
02-03 22:21:56.498 D/MobileDataStateTracker(  257): [supl] Do not process intents if disabled.
02-03 22:21:56.498 D/MobileDataStateTracker(  257): [mms]  MobileDataStateReceiver onReceive(): Entry.
02-03 22:21:56.498 D/MobileDataStateTracker(  257): [mms]  intent.getAction()= android.intent.action.ANY_DATA_STATE
02-03 22:21:56.498 D/MobileDataStateTracker(  257): [mms]  mEnabled = false
02-03 22:21:56.498 D/MobileDataStateTracker(  257): [mms]  apnTypeList = mms
02-03 22:21:56.498 D/MobileDataStateTracker(  257): [mms]  unavailable = true
02-03 22:21:56.498 D/MobileDataStateTracker(  257): [mms] Do not process intents if disabled.
02-03 22:21:56.498 D/MobileDataStateTracker(  257): [default]  MobileDataStateReceiver onReceive(): Entry.
02-03 22:21:56.498 D/MobileDataStateTracker(  257): [default]  intent.getAction()= android.intent.action.ANY_DATA_STATE
02-03 22:21:56.498 D/MobileDataStateTracker(  257): [default]  mEnabled = true
02-03 22:21:56.498 D/MobileDataStateTracker(  257): [default]  apnTypeList = mms
02-03 22:21:56.498 D/MobileDataStateTracker(  257): [default]  unavailable = true
02-03 22:21:56.498 D/MobileDataStateTracker(  257): [default] not what we are looking for.
02-03 22:21:56.508 D/MobileDataStateTracker(  257): [hipri]  MobileDataStateReceiver onReceive(): Entry.
02-03 22:21:56.508 D/MobileDataStateTracker(  257): [hipri]  intent.getAction()= android.intent.action.ANY_DATA_STATE
02-03 22:21:56.508 D/MobileDataStateTracker(  257): [hipri]  mEnabled = false
02-03 22:21:56.518 D/MobileDataStateTracker(  257): [hipri]  apnTypeList = mms
02-03 22:21:56.518 D/MobileDataStateTracker(  257): [hipri]  unavailable = true
02-03 22:21:56.518 D/MobileDataStateTracker(  257): [hipri] Do not process intents if disabled.
02-03 22:21:56.518 D/MobileDataStateTracker(  257): [dun]  MobileDataStateReceiver onReceive(): Entry.
02-03 22:21:56.518 D/MobileDataStateTracker(  257): [dun]  intent.getAction()= android.intent.action.ANY_DATA_STATE
02-03 22:21:56.518 D/MobileDataStateTracker(  257): [dun]  mEnabled = false
02-03 22:21:56.518 D/MobileDataStateTracker(  257): [dun]  apnTypeList = mms
02-03 22:21:56.518 D/MobileDataStateTracker(  257): [dun]  unavailable = true
02-03 22:21:56.518 D/MobileDataStateTracker(  257): [dun] Do not process intents if disabled.
02-03 22:21:56.518 D/MobileDataStateTracker(  257): [supl]  MobileDataStateReceiver onReceive(): Entry.
02-03 22:21:56.518 D/MobileDataStateTracker(  257): [supl]  intent.getAction()= android.intent.action.ANY_DATA_STATE
02-03 22:21:56.518 D/MobileDataStateTracker(  257): [supl]  mEnabled = false
02-03 22:21:56.528 D/MobileDataStateTracker(  257): [supl]  apnTypeList = mms
02-03 22:21:56.528 D/MobileDataStateTracker(  257): [supl]  unavailable = true
02-03 22:21:56.528 D/MobileDataStateTracker(  257): [supl] Do not process intents if disabled.
02-03 22:21:56.528 D/MobileDataStateTracker(  257): [mms]  MobileDataStateReceiver onReceive(): Entry.
02-03 22:21:56.528 D/MobileDataStateTracker(  257): [mms]  intent.getAction()= android.intent.action.ANY_DATA_STATE
02-03 22:21:56.528 D/MobileDataStateTracker(  257): [mms]  mEnabled = false
02-03 22:21:56.528 D/MobileDataStateTracker(  257): [mms]  apnTypeList = mms
02-03 22:21:56.528 D/MobileDataStateTracker(  257): [mms]  unavailable = true
02-03 22:21:56.528 D/MobileDataStateTracker(  257): [mms] Do not process intents if disabled.
02-03 22:21:56.528 D/MobileDataStateTracker(  257): [default]  MobileDataStateReceiver onReceive(): Entry.
02-03 22:21:56.528 D/MobileDataStateTracker(  257): [default]  intent.getAction()= android.intent.action.ANY_DATA_STATE
02-03 22:21:56.528 D/MobileDataStateTracker(  257): [default]  mEnabled = true
02-03 22:21:56.538 D/MobileDataStateTracker(  257): [default]  apnTypeList = mms
02-03 22:21:56.538 D/MobileDataStateTracker(  257): [default]  unavailable = true
02-03 22:21:56.538 D/MobileDataStateTracker(  257): [default] not what we are looking for.
02-03 22:21:56.538 D/MobileDataStateTracker(  257): [hipri]  MobileDataStateReceiver onReceive(): Entry.
02-03 22:21:56.538 D/MobileDataStateTracker(  257): [hipri]  intent.getAction()= android.intent.action.ANY_DATA_STATE
02-03 22:21:56.538 D/MobileDataStateTracker(  257): [hipri]  mEnabled = false
02-03 22:21:56.538 D/MobileDataStateTracker(  257): [hipri]  apnTypeList = supl
02-03 22:21:56.538 E/TelephonyProvider(  343): Failed setting numeric '310120' to the current operator
02-03 22:21:56.548 D/MobileDataStateTracker(  257): [hipri]  unavailable = true
02-03 22:21:56.548 D/MobileDataStateTracker(  257): [hipri] Do not process intents if disabled.
02-03 22:21:56.548 D/MobileDataStateTracker(  257): [dun]  MobileDataStateReceiver onReceive(): Entry.
02-03 22:21:56.548 D/MobileDataStateTracker(  257): [dun]  intent.getAction()= android.intent.action.ANY_DATA_STATE
02-03 22:21:56.548 D/MobileDataStateTracker(  257): [dun]  mEnabled = false
02-03 22:21:56.548 D/MobileDataStateTracker(  257): [dun]  apnTypeList = supl
02-03 22:21:56.548 D/MobileDataStateTracker(  257): [dun]  unavailable = true
02-03 22:21:56.548 D/MobileDataStateTracker(  257): [dun] Do not process intents if disabled.
02-03 22:21:56.548 D/MobileDataStateTracker(  257): [supl]  MobileDataStateReceiver onReceive(): Entry.
02-03 22:21:56.548 D/MobileDataStateTracker(  257): [supl]  intent.getAction()= android.intent.action.ANY_DATA_STATE
02-03 22:21:56.548 D/MobileDataStateTracker(  257): [supl]  mEnabled = false
02-03 22:21:56.568 D/MobileDataStateTracker(  257): [supl]  apnTypeList = supl
02-03 22:21:56.568 D/MobileDataStateTracker(  257): [supl]  unavailable = true
02-03 22:21:56.568 D/MobileDataStateTracker(  257): [supl] Do not process intents if disabled.
02-03 22:21:56.568 D/MobileDataStateTracker(  257): [mms]  MobileDataStateReceiver onReceive(): Entry.
02-03 22:21:56.568 D/MobileDataStateTracker(  257): [mms]  intent.getAction()= android.intent.action.ANY_DATA_STATE
02-03 22:21:56.568 D/MobileDataStateTracker(  257): [mms]  mEnabled = false
02-03 22:21:56.568 D/MobileDataStateTracker(  257): [mms]  apnTypeList = supl
02-03 22:21:56.568 D/MobileDataStateTracker(  257): [mms]  unavailable = true
02-03 22:21:56.578 D/MobileDataStateTracker(  257): [mms] Do not process intents if disabled.
02-03 22:21:56.578 D/MobileDataStateTracker(  257): [default]  MobileDataStateReceiver onReceive(): Entry.
02-03 22:21:56.578 D/MobileDataStateTracker(  257): [default]  intent.getAction()= android.intent.action.ANY_DATA_STATE
02-03 22:21:56.578 D/MobileDataStateTracker(  257): [default]  mEnabled = true
02-03 22:21:56.578 D/MobileDataStateTracker(  257): [default]  apnTypeList = supl
02-03 22:21:56.578 D/MobileDataStateTracker(  257): [default]  unavailable = true
02-03 22:21:56.578 D/MobileDataStateTracker(  257): [default] not what we are looking for.
02-03 22:21:56.578 D/MobileDataStateTracker(  257): [hipri]  MobileDataStateReceiver onReceive(): Entry.
02-03 22:21:56.578 D/MobileDataStateTracker(  257): [hipri]  intent.getAction()= android.intent.action.ANY_DATA_STATE
02-03 22:21:56.578 D/MobileDataStateTracker(  257): [hipri]  mEnabled = false
02-03 22:21:56.588 D/MobileDataStateTracker(  257): [hipri]  apnTypeList = supl
02-03 22:21:56.588 D/MobileDataStateTracker(  257): [hipri]  unavailable = true
02-03 22:21:56.588 D/MobileDataStateTracker(  257): [hipri] Do not process intents if disabled.
02-03 22:21:56.588 D/MobileDataStateTracker(  257): [dun]  MobileDataStateReceiver onReceive(): Entry.
02-03 22:21:56.588 D/MobileDataStateTracker(  257): [dun]  intent.getAction()= android.intent.action.ANY_DATA_STATE
02-03 22:21:56.588 D/MobileDataStateTracker(  257): [dun]  mEnabled = false
02-03 22:21:56.598 D/MobileDataStateTracker(  257): [dun]  apnTypeList = supl
02-03 22:21:56.598 D/MobileDataStateTracker(  257): [dun]  unavailable = true
02-03 22:21:56.598 D/MobileDataStateTracker(  257): [dun] Do not process intents if disabled.
02-03 22:21:56.598 D/MobileDataStateTracker(  257): [supl]  MobileDataStateReceiver onReceive(): Entry.
02-03 22:21:56.598 E/TelephonyProvider(  343): Failed setting numeric '310120' to the current operator
02-03 22:21:56.598 D/MobileDataStateTracker(  257): [supl]  intent.getAction()= android.intent.action.ANY_DATA_STATE
02-03 22:21:56.598 D/MobileDataStateTracker(  257): [supl]  mEnabled = false
02-03 22:21:56.598 D/MobileDataStateTracker(  257): [supl]  apnTypeList = supl
02-03 22:21:56.598 D/MobileDataStateTracker(  257): [supl]  unavailable = true
02-03 22:21:56.598 D/MobileDataStateTracker(  257): [supl] Do not process intents if disabled.
