02-03 22:22:37.997 I/ContactsProvider(  400): query forOnlyOneContactString= 0
02-03 22:22:38.007 I/ContactsProvider(  400): updateInTransaction: content://com.android.contacts/data/1691?account_name=decidel%40gmail.com&account_type=com.google&caller_is_syncadapter=true
02-03 22:22:38.007 E/ContactsProvider(  400): 20101020 isDataReadOnly, dataId:1691
02-03 22:22:38.007 E/ContactsProvider(  400): 20101020 isReadOnlyRawContact, rawContactId:260
02-03 22:22:38.007 E/ContactsProvider(  400): ContactsProvider2 isContactLocked:0
02-03 22:22:38.007 I/ContactsProvider(  400): query: content://com.android.contacts/data/1691?account_name=decidel%40gmail.com&account_type=com.google&caller_is_syncadapter=true
02-03 22:22:38.007 E/ContactsProvider(  400): 101123 isCallerRegisterNeedSIMProc callerPid:383, acorePid:400
02-03 22:22:38.017 I/ContactsProvider(  400): query isCallerRegistered= false
02-03 22:22:38.017 I/ContactsProvider(  400): query forOnlyOneContactString= 0
02-03 22:22:38.017 I/ContactsProvider(  400): DataRowHandler  update:  260
02-03 22:22:38.017 I/ContactsProvider(  400): updateInTransaction: content://com.android.contacts/data?account_name=decidel%40gmail.com&account_type=com.google&caller_is_syncadapter=true
02-03 22:22:38.017 E/ContactsProvider(  400): 20101020 isDataReadOnly, selection:_id=1688
02-03 22:22:38.017 I/ContactsProvider(  400): query: content://com.android.contacts/data?account_name=decidel%40gmail.com&account_type=com.google&caller_is_syncadapter=true
02-03 22:22:38.017 E/ContactsProvider(  400): 101123 isCallerRegisterNeedSIMProc callerPid:383, acorePid:400
02-03 22:22:38.027 I/ContactsProvider(  400): query isCallerRegistered= false
02-03 22:22:38.027 I/ContactsProvider(  400): query forOnlyOneContactString= 0
02-03 22:22:38.027 D/ContactsProvider(  400):  query CONTACTS MODE_ID=PHONE_UNLOCK
02-03 22:22:38.027 E/ContactsProvider(  400): isDataReadOnly  02, rawContactId = 260
02-03 22:22:38.027 E/ContactsProvider(  400): 20101020 isReadOnlyRawContact, rawContactId:260
02-03 22:22:38.027 E/ContactsProvider(  400): ContactsProvider2 isContactLocked:0
02-03 22:22:38.037 I/ContactsProvider(  400): query: content://com.android.contacts/data?account_name=decidel%40gmail.com&account_type=com.google&caller_is_syncadapter=true
02-03 22:22:38.037 E/ContactsProvider(  400): 101123 isCallerRegisterNeedSIMProc callerPid:383, acorePid:400
02-03 22:22:38.037 I/ContactsProvider(  400): query isCallerRegistered= false
02-03 22:22:38.037 I/ContactsProvider(  400): query forOnlyOneContactString= 0
02-03 22:22:38.037 D/ContactsProvider(  400):  query CONTACTS MODE_ID=PHONE_UNLOCK
02-03 22:22:38.037 I/ContactsProvider(  400): StructuredNameRowHandler update dataId = 1688
02-03 22:22:38.047 I/ContactsProvider(  400): query: content://com.android.contacts/groups/6
02-03 22:22:38.047 E/ContactsProvider(  400): 101123 isCallerRegisterNeedSIMProc callerPid:383, acorePid:400
02-03 22:22:38.047 I/ContactsProvider(  400): query isCallerRegistered= false
02-03 22:22:38.047 I/ContactsProvider(  400): query forOnlyOneContactString= 0
02-03 22:22:38.057 I/ContactsProvider(  400): updateInTransaction: content://com.android.contacts/syncstate/1?caller_is_syncadapter=true
02-03 22:22:38.147 I/ContactsProvider(  400): updateInTransaction: content://com.android.contacts/syncstate/1?caller_is_syncadapter=true
02-03 22:22:38.267 I/ContactsProvider(  400): query: content://com.android.contacts/data?account_name=decidel%40gmail.com&account_type=com.google&caller_is_syncadapter=true
02-03 22:22:38.287 E/ContactsProvider(  400): 101123 isCallerRegisterNeedSIMProc callerPid:383, acorePid:400
02-03 22:22:38.317 I/ContactsProvider(  400): query isCallerRegistered= false
02-03 22:22:38.317 I/ContactsProvider(  400): query forOnlyOneContactString= 0
02-03 22:22:38.317 D/ContactsProvider(  400):  query CONTACTS MODE_ID=PHONE_UNLOCK
02-03 22:22:38.668 I/ContactsProvider(  400): updateInTransaction: content://com.android.contacts/data/1687?caller_is_syncadapter=true
02-03 22:22:38.678 E/ContactsProvider(  400): 20101020 isDataReadOnly, dataId:1687
02-03 22:22:38.698 E/ContactsProvider(  400): 20101020 isReadOnlyRawContact, rawContactId:260
02-03 22:22:38.698 E/ContactsProvider(  400): ContactsProvider2 isContactLocked:0
02-03 22:22:38.698 I/ContactsProvider(  400): query: content://com.android.contacts/data/1687?caller_is_syncadapter=true
02-03 22:22:38.708 E/ContactsProvider(  400): 101123 isCallerRegisterNeedSIMProc callerPid:383, acorePid:400
02-03 22:22:38.718 I/ContactsProvider(  400): query isCallerRegistered= false
02-03 22:22:38.718 I/ContactsProvider(  400): query forOnlyOneContactString= 0
02-03 22:22:38.718 I/ContactsProvider(  400): DataRowHandler  update:  260
02-03 22:22:38.768 I/ContactsProvider(  400): query: content://com.android.contacts/raw_contact_entities?account_name=decidel%40gmail.com&account_type=com.google&caller_is_syncadapter=true
02-03 22:22:38.768 E/ContactsProvider(  400): 101123 isCallerRegisterNeedSIMProc callerPid:383, acorePid:400
02-03 22:22:38.778 I/ContactsProvider(  400): query isCallerRegistered= false
02-03 22:22:38.778 I/ContactsProvider(  400): query forOnlyOneContactString= 0
02-03 22:22:38.778 D/ContactsProvider(  400):  query CONTACTS MODE_ID=PHONE_UNLOCK
02-03 22:22:38.788 I/ContactsProvider(  400): query: content://com.android.contacts/raw_contacts?account_name=decidel%40gmail.com&account_type=com.google&caller_is_syncadapter=true
02-03 22:22:38.788 E/ContactsProvider(  400): 101123 isCallerRegisterNeedSIMProc callerPid:383, acorePid:400
02-03 22:22:38.798 I/ContactsProvider(  400): query isCallerRegistered= false
02-03 22:22:38.798 I/ContactsProvider(  400): query forOnlyOneContactString= 0
02-03 22:22:38.798 D/ContactsProvider(  400):  query CONTACTS MODE_ID=PHONE_UNLOCK
02-03 22:22:38.818 I/ContactsProvider(  400): query: content://com.android.contacts/groups?account_name=decidel%40gmail.com&account_type=com.google&caller_is_syncadapter=true
02-03 22:22:38.818 E/ContactsProvider(  400): 101123 isCallerRegisterNeedSIMProc callerPid:383, acorePid:400
02-03 22:22:38.818 I/ContactsProvider(  400): query isCallerRegistered= false
02-03 22:22:38.818 I/ContactsProvider(  400): query forOnlyOneContactString= 0
02-03 22:22:38.828 I/ContactsProvider(  400): query: content://com.android.contacts/groups?account_name=decidel%40gmail.com&account_type=com.google&caller_is_syncadapter=true
02-03 22:22:38.828 E/ContactsProvider(  400): 101123 isCallerRegisterNeedSIMProc callerPid:383, acorePid:400
02-03 22:22:38.828 I/ContactsProvider(  400): query isCallerRegistered= false
02-03 22:22:38.828 I/ContactsProvider(  400): query forOnlyOneContactString= 0
02-03 22:22:38.838 I/ContactsProvider(  400): query: content://com.android.contacts/data?account_name=decidel%40gmail.com&account_type=com.google&caller_is_syncadapter=true
02-03 22:22:38.838 E/ContactsProvider(  400): 101123 isCallerRegisterNeedSIMProc callerPid:383, acorePid:400
02-03 22:22:38.848 I/ContactsProvider(  400): query isCallerRegistered= false
02-03 22:22:38.848 I/ContactsProvider(  400): query forOnlyOneContactString= 0
02-03 22:22:38.848 D/ContactsProvider(  400):  query CONTACTS MODE_ID=PHONE_UNLOCK
02-03 22:22:38.878 D/PowerManagerService(  257): releaseWakeLock flags=0x1 tag=*sync*
02-03 22:22:38.878 D/PowerManagerService(  257):  ALL PARTIAL wakeLock Released ! 
02-03 22:23:03.500 I/dun_service(  123): The value returned from dun_getusbmodemstate_fromsys is 2 
02-03 22:23:03.500 D/PowerManagerService(  257): acquireWakeLock flags=0x1 tag=AlarmManager
02-03 22:23:03.520 D/KeyguardUpdateMonitor(  257): received broadcast android.intent.action.BATTERY_CHANGED
02-03 22:23:03.530 D/KeyguardUpdateMonitor(  257): handleBatteryUpdate
02-03 22:23:03.530 D/KeyguardUpdateMonitor(  257): received broadcast android.intent.action.TIME_TICK
02-03 22:23:03.530 D/KeyguardUpdateMonitor(  257): handleTimeUpdate
02-03 22:23:03.570 D/PowerManagerService(  257): releaseWakeLock flags=0x1 tag=AlarmManager
02-03 22:23:03.570 D/PowerManagerService(  257):  ALL PARTIAL wakeLock Released ! 
02-03 22:23:03.620 W/dalvikvm(  904): Refusing to reopen boot DEX '/system/framework/OmaDrmClient.jar'
02-03 22:23:03.650 I/ActivityThread(  904): Pub com.android.mms.SuggestionsProvider: com.android.mms.SuggestionsProvider
02-03 22:23:03.650 E/MmsCustom(  904): Mms,MmsCustom
02-03 22:23:03.650 E/MmsCustom(  904): Init before calling function of doPreSotred()
02-03 22:23:03.660 E/MmsCustom(  904): mms config have been prestored before
02-03 22:23:03.660 E/MmsConfig(  904): mUaProfUrl=http://device.sprintpcs.com/ZTE/ZTEN850KT/N850V1.0.0B10.rdf
02-03 22:23:03.770 E/TransactionService(  904): onStart: #1: Bundle[mParcelledData.dataSize=88] intent=Intent { act=android.intent.action.ACTION_ONALARM flg=0x4 cmp=com.android.mms/.transaction.TransactionService (has extras) }
02-03 22:23:03.770 E/TransactionService(  904):     networkAvailable=true
02-03 22:23:03.780 E/TransactionService(  904): onStart: cursor.count=0
02-03 22:23:03.780 E/TransactionService(  904): onStart: no pending messages. Stopping service.
02-03 22:23:03.800 D/MmsSystemEventReceiver(  904): unRegisterForConnectionStateChanges
02-03 22:23:03.810 D/Mms     (  904): currentRoamingStatus:1
02-03 22:23:03.810 D/Mms     (  904): mAutoSendHandler sendEmptyMessageDelayed
02-03 22:23:03.820 D/TransactionService(  904): Handle DATA_STATE_CHANGED event: NetworkInfo: type: mobile[CDMA - EvDo rev. A], state: CONNECTED/CONNECTED, reason: radioTechnologyChanged, extra: (none), roaming: false, failover: false, isAvailable: true, isIpv4Connected: true, isIpv6Connected: false, ipv4Name: rmnet0, ipv6Name: null
02-03 22:23:03.820 D/TransactionService(  904):    type is not TYPE_MOBILE_MMS, fail
02-03 22:23:03.820 D/TransactionService(  904): luowenping --------------------CALL_STATE_IDLE
02-03 22:23:03.820 E/TransactionService(  904): lwp enter releaseWakeLock
02-03 22:23:03.830 D/PowerManagerService(  257): acquireWakeLock flags=0x1 tag=ActivityManager-Sleep
02-03 22:23:03.830 I/hubo    (  257): Activity {com.android.launcher/com.android.launcher2.Launcher}
02-03 22:23:03.840 D/Warhol  (  350): A pack appears to be installed -- skipping Installer
02-03 22:23:03.840 D/Launcher(  350): onSaveInstanceState
02-03 22:23:03.840 D/Launcher(  350): Dissmis Preview for view :null ID:2131230735
02-03 22:23:03.850 D/Launcher.Model(  350): going to save icon bitmap for info=ShortcutInfo(title=Contacts)
02-03 22:23:03.860 D/Launcher(  350): Dissmis Preview for view :null ID:2131230736
02-03 22:23:03.860 D/Launcher(  350): Dissmis Preview for view :null ID:2131230739
02-03 22:23:03.860 D/Launcher(  350): Dissmis Preview for view :null ID:2131230741
02-03 22:23:03.860 D/PowerManagerService(  257): releaseWakeLock flags=0x1 tag=ActivityManager-Sleep
02-03 22:23:03.860 D/PowerManagerService(  257):  ALL PARTIAL wakeLock Released ! 
02-03 22:23:03.860 D/Launcher.Model(  350): going to save icon bitmap for info=ShortcutInfo(title=Messaging)
02-03 22:23:03.870 D/Launcher.Model(  350): going to save icon bitmap for info=ShortcutInfo(title=Market)
02-03 22:23:03.880 I/Launcher(  350): setLoadOnResume
02-03 22:23:03.890 I/Launcher(  350): setLoadOnResume
02-03 22:23:03.900 I/Launcher(  350): setLoadOnResume
02-03 22:23:03.900 I/Launcher(  350): setLoadOnResume
02-03 22:23:04.170 W/AlarmManager(  257): +++Alarm  wakeup phone ,pkg=android
02-03 22:23:04.170 D/PowerManagerService(  257): acquireWakeLock flags=0x1 tag=SyncManagerHandleSyncAlarm
02-03 22:23:04.170 W/AlarmManager(  257): +++alarm onSendFinished ,action=android.content.syncmanager.SYNC_ALARM
02-03 22:23:04.170 D/PowerManagerService(  257): releaseWakeLock flags=0x1 tag=AlarmManager
02-03 22:23:04.170 D/PowerManagerService(  257): acquireWakeLock flags=0x1 tag=AlarmManager
02-03 22:23:04.180 D/PowerManagerService(  257): releaseWakeLock flags=0x1 tag=SyncManagerHandleSyncAlarm
02-03 22:23:04.200 D/PowerManagerService(  257):  ALL PARTIAL wakeLock Released ! 
02-03 22:23:04.200 D/AlarmManager(  257): +++Alarm set:type=2 android  Trigger after:44871319ms
02-03 22:23:05.030 E/rmt_storage(  159): [MyTag]open: fd=-1
02-03 22:23:05.030 E/rmt_storage(  159): block rmt_storage client thread
02-03 22:23:44.500 I/dun_service(  123): The value returned from dun_getusbmodemstate_fromsys is 2 
02-03 22:23:44.500 D/KeyguardUpdateMonitor(  257): received broadcast android.intent.action.BATTERY_CHANGED
02-03 22:23:44.500 D/KeyguardUpdateMonitor(  257): handleBatteryUpdate
02-03 22:23:44.530 D/PowerManagerService(  257): acquireWakeLock flags=0x1 tag=ServiceStateTracker
02-03 22:23:44.540 D/PowerManagerService(  257): releaseWakeLock flags=0x1 tag=ServiceStateTracker
02-03 22:23:44.540 D/PowerManagerService(  257):  ALL PARTIAL wakeLock Released ! 
02-03 22:26:09.500 I/dun_service(  123): The value returned from dun_getusbmodemstate_fromsys is 2 
02-03 22:26:09.500 D/PowerManagerService(  257): acquireWakeLock flags=0x1 tag=AlarmManager
02-03 22:26:09.500 D/KeyguardUpdateMonitor(  257): received broadcast android.intent.action.TIME_TICK
02-03 22:26:09.500 D/KeyguardUpdateMonitor(  257): handleTimeUpdate
02-03 22:26:09.530 D/KeyguardUpdateMonitor(  257): received broadcast android.intent.action.BATTERY_CHANGED
02-03 22:26:09.530 D/PowerManagerService(  257): releaseWakeLock flags=0x1 tag=AlarmManager
02-03 22:26:09.530 D/PowerManagerService(  257):  ALL PARTIAL wakeLock Released ! 
02-03 22:26:09.540 D/KeyguardUpdateMonitor(  257): handleBatteryUpdate
02-03 22:29:50.500 D/PowerManagerService(  257): acquireWakeLock flags=0x1 tag=AlarmManager
02-03 22:29:50.500 D/KeyguardViewMediator(  257):  onWakeKeyWhenKeyguardShowing(26)
02-03 22:29:50.500 D/KeyguardViewMediator(  257): wakeWhenReadyLocked(26)
02-03 22:29:50.500 D/PowerManagerService(  257): acquireWakeLock flags=0x1 tag=keyguardWakeAndHandOff
02-03 22:29:50.500 D/LockPatternKeyguardView(  257): onWakeKey
02-03 22:29:50.500 D/LockPatternKeyguardView(  257): poking wake lock immediately
02-03 22:29:50.500 D/PowerManagerService(  257): acquireWakeLock flags=0x1000001a tag=keyguard
02-03 22:29:50.500 D/PowerManagerService(  257): UnPartial  wakeLock  reactivate ,flags=0x1000001a tag=keyguard
02-03 22:29:50.500 D/PowerManagerService(  257): setPowerState: mPowerState=0x0 newState=0x3 noChangeLights=false reason=3
02-03 22:29:50.500 D/KeyguardUpdateMonitor(  257): received broadcast android.intent.action.TIME_TICK
02-03 22:29:50.510 D/KeyguardViewMediator(  257): onScreenTurnedOn, seq = 2
02-03 22:29:50.510 D/KeyguardViewMediator(  257): notifyScreenOnLocked
02-03 22:29:50.510 E/Sensors (  257): [HAL]ready to call enable(Accelerometer,1),AAAAAAAA
02-03 22:29:50.510 E/Sensors (  257): [HAL]mEnabled = 0;ready to open /dev/akm8962_aot
02-03 22:29:50.510 E/Sensors (  257): [HAL]ECS_IOCTL_APP_SET_AFLAG 	success,flags = 1
02-03 22:29:50.510 E/Sensors (  257): [HAL]After {mEnabled &= ~(1<<what)},mEnabled = 0
02-03 22:29:50.510 E/Sensors (  257): [HAL]After {(newState)<<what)},mEnabled = 1
02-03 22:29:50.520 D/KeyguardUpdateMonitor(  257): handleTimeUpdate
02-03 22:29:50.520 D/KeyguardViewMediator(  257): handleNotifyScreenOn
02-03 22:29:50.520 I/LockPatternKeyguardView(  257): updateLockscreenBackground
02-03 22:29:50.520 I/LockPatternKeyguardView(  257): setBackgroundDrawable
02-03 22:29:50.520 I/LockPatternKeyguardView(  257): file not found: etc/customize/default_lockscreen
02-03 22:29:50.520 D/LockScreen(  257): updateLayout: status=Normalsubscription=0
02-03 22:29:50.520 D/Warhol  (  350): A pack appears to be installed -- skipping Installer
02-03 22:29:50.530 I/hubo    (  257): Activity {com.android.launcher/com.android.launcher2.Launcher}
02-03 22:29:50.530 D/LockScreen(  257): Updating Lock Screen text to Ruim
02-03 22:29:50.570 I/DATA    (  343): [DCT(0) ] intent received :android.intent.action.SCREEN_ON
02-03 22:29:50.580 D/DATA    (  343): [DSST(0)] pollstate() : reason = data network state changed
02-03 22:29:50.600 I/DATA    (  343): [DCT(0) ] onDataCallListChanged:
02-03 22:29:50.600 I/DATA    (  343): [DCT(0) ] ---dc state list---
02-03 22:29:50.600 I/DATA    (  343): [DCT(0) ] DataCallState: { cid: 0, active: 1, type: , apn: , address: 70.14.58.237 }
02-03 22:29:50.600 I/DATA    (  343): [DCT(0) ] ---dc list---
02-03 22:29:50.600 I/DATA    (  343): [DCT(0) ] cid = 0, state = DcActiveState, bearerType = IP, ipaddress = 70.14.58.237, gw=70.14.58.238, dns=[68.28.67.132, 68.28.68.132]
02-03 22:29:50.600 D/Launcher.Model(  350): going to save icon bitmap for info=ShortcutInfo(title=Contacts)
02-03 22:29:50.640 D/MobileDataStateTracker(  257): [hipri]  MobileDataStateReceiver onReceive(): Entry.
02-03 22:29:50.640 D/MobileDataStateTracker(  257): [hipri]  intent.getAction()= android.intent.action.SERVICE_STATE
02-03 22:29:50.640 D/MobileDataStateTracker(  257): [hipri]  mEnabled = false
02-03 22:29:50.640 D/MobileDataStateTracker(  257): [dun]  MobileDataStateReceiver onReceive(): Entry.
02-03 22:29:50.640 D/MobileDataStateTracker(  257): [dun]  intent.getAction()= android.intent.action.SERVICE_STATE
02-03 22:29:50.640 D/MobileDataStateTracker(  257): [dun]  mEnabled = false
02-03 22:29:50.640 D/MobileDataStateTracker(  257): [supl]  MobileDataStateReceiver onReceive(): Entry.
02-03 22:29:50.640 D/MobileDataStateTracker(  257): [supl]  intent.getAction()= android.intent.action.SERVICE_STATE
02-03 22:29:50.640 D/MobileDataStateTracker(  257): [supl]  mEnabled = false
02-03 22:29:50.650 D/MobileDataStateTracker(  257): [mms]  MobileDataStateReceiver onReceive(): Entry.
02-03 22:29:50.650 D/MobileDataStateTracker(  257): [mms]  intent.getAction()= android.intent.action.SERVICE_STATE
02-03 22:29:50.650 D/MobileDataStateTracker(  257): [mms]  mEnabled = false
02-03 22:29:50.650 D/MobileDataStateTracker(  257): [default]  MobileDataStateReceiver onReceive(): Entry.
02-03 22:29:50.650 D/MobileDataStateTracker(  257): [default]  intent.getAction()= android.intent.action.SERVICE_STATE
02-03 22:29:50.650 D/MobileDataStateTracker(  257): [default]  mEnabled = true
02-03 22:29:50.650 D/DATA    (  343): [DSST(0)]  registrationState = 1  radioTechnology = 8 reasonForDenial = 0
02-03 22:29:50.650 D/DATA    (  343): [DSST(0)]  set mNewDataConnectionState = 0
02-03 22:29:50.660 D/DATA    (  343): [DSST(0)]  mNewDataConnectionState : 0  mDataConnectionState : 0
02-03 22:29:50.660 D/DATA    (  343): [DSST(0)] Poll ServiceState done: oldSS=[0 home null null null  EvDo rev. A CSS not supported -1 -1RoamInd: -1RoamStatus(sprint): -1DefRoamInd: -1EmergOnly: false] newSS=[0 home null null null  EvDo rev. A CSS not supported -1 -1RoamInd: -1RoamStatus(sprint): -1DefRoamInd: -1EmergOnly: false]
02-03 22:29:50.660 D/DATA    (  343): [DSST(0)]  mDataConnectionState = 0
02-03 22:29:50.670 D/Launcher.Model(  350): going to save icon bitmap for info=ShortcutInfo(title=Messaging)
02-03 22:29:50.680 D/CallManager(  343):  handleMessage (EVENT_SERVICE_STATE_CHANGED)
02-03 22:29:50.680 E/BT HS/HF(  343): SERVICE_STATE_CHANGED called
02-03 22:29:50.680 E/BT HS/HF(  343): updateServiceState called, sendUpdate:false  ServiceState:0 home Sprint  310099  EvDo rev. A CSS not supported 41 4139RoamInd: 1RoamStatus(sprint): 1DefRoamInd: 160EmergOnly: false
02-03 22:29:50.680 E/BT HS/HF(  343): service:1 mService:1
02-03 22:29:50.690 I/vDM     (  462): KeyCode = 26
02-03 22:29:50.690 D/Launcher.Model(  350): going to save icon bitmap for info=ShortcutInfo(title=Market)
02-03 22:29:50.730 I/vDM     (  462): KeyCode = 26
02-03 22:29:50.740 D/Mms     (  904): currentRoamingStatus:1
02-03 22:29:51.210 D/Mms     (  904): doAutoSend
02-03 22:29:52.211 D/PowerManagerService(  257): acquireWakeLock flags=0x1000001a tag=keyguard
02-03 22:29:52.211 D/PowerManagerService(  257): UnPartial  wakeLock  reactivate ,flags=0x1000001a tag=keyguard
02-03 22:29:52.451 D/KeyguardViewMediator(  257): keyguardDone(true)
02-03 22:29:52.461 D/KeyguardViewMediator(  257): handleKeyguardDone
02-03 22:29:52.461 D/KeyguardViewMediator(  257): handleHide
02-03 22:29:52.471 D/KeyguardViewMediator(  257): adjustUserActivityLocked mShowing: false mHidden: false
02-03 22:29:52.471 D/PowerManagerService(  257): UnPartial  wakeLock  reactivate ,flags=0x1000001a tag=keyguard
02-03 22:29:52.471 D/PowerManagerService(  257): releaseWakeLock flags=0x1000001a tag=keyguard
02-03 22:29:52.481 D/KeyguardViewMediator(  257): setHidden false
02-03 22:29:52.491 D/KeyguardViewMediator(  257): setHidden false
02-03 22:29:52.501 D/KeyguardViewMediator(  257): setHidden false
02-03 22:29:52.511 D/KeyguardViewMediator(  257): setHidden false
02-03 22:29:52.531 D/KeyguardViewMediator(  257): setHidden false
02-03 22:29:52.551 D/KeyguardViewMediator(  257): setHidden false
02-03 22:29:52.561 D/KeyguardViewMediator(  257): setHidden false
02-03 22:29:52.581 D/KeyguardViewMediator(  257): setHidden false
02-03 22:29:52.591 D/KeyguardViewMediator(  257): setHidden false
02-03 22:29:52.611 D/KeyguardViewMediator(  257): setHidden false
02-03 22:29:52.631 D/KeyguardViewMediator(  257): setHidden false
02-03 22:29:52.641 D/KeyguardViewMediator(  257): setHidden false
02-03 22:29:52.661 D/KeyguardViewMediator(  257): setHidden false
02-03 22:29:52.671 D/KeyguardViewMediator(  257): setHidden false
02-03 22:29:52.691 D/KeyguardViewMediator(  257): setHidden false
02-03 22:29:52.711 D/KeyguardViewMediator(  257): setHidden false
02-03 22:29:52.721 D/KeyguardViewMediator(  257): setHidden false
02-03 22:29:52.741 D/KeyguardViewMediator(  257): setHidden false
02-03 22:29:52.751 D/KeyguardViewMediator(  257): setHidden false
02-03 22:29:52.771 D/KeyguardViewMediator(  257): setHidden false
02-03 22:29:52.791 D/KeyguardViewMediator(  257): setHidden false
02-03 22:29:52.801 D/KeyguardViewMediator(  257): setHidden false
02-03 22:29:52.821 D/KeyguardViewMediator(  257): setHidden false
02-03 22:29:52.831 D/KeyguardViewMediator(  257): setHidden false
02-03 22:29:52.851 D/KeyguardViewMediator(  257): setHidden false
02-03 22:29:52.871 D/KeyguardViewMediator(  257): setHidden false
02-03 22:29:52.881 D/KeyguardViewMediator(  257): setHidden false
02-03 22:29:52.901 D/KeyguardViewMediator(  257): setHidden false
02-03 22:29:52.911 D/KeyguardViewMediator(  257): setHidden false
02-03 22:29:52.981 E/rmt_storage(  159): [MyTag]open: fd=-1
02-03 22:29:52.981 E/rmt_storage(  159): block rmt_storage client thread
02-03 22:29:53.682 I/DATA    (  343): [DCT(0) ] onDataCallListChanged:
02-03 22:29:53.682 I/DATA    (  343): [DCT(0) ] ---dc state list---
02-03 22:29:53.682 I/DATA    (  343): [DCT(0) ] DataCallState: { cid: 0, active: 2, type: , apn: , address: 70.14.58.237 }
02-03 22:29:53.682 I/DATA    (  343): [DCT(0) ] ---dc list---
02-03 22:29:53.682 I/DATA    (  343): [DCT(0) ] cid = 0, state = DcActiveState, bearerType = IP, ipaddress = 70.14.58.237, gw=70.14.58.238, dns=[68.28.67.132, 68.28.68.132]
02-03 22:29:55.264 D/KeyguardViewMediator(  257): setHidden false
02-03 22:29:55.274 D/KeyguardViewMediator(  257): setHidden false
02-03 22:29:55.284 D/Launcher(  350): onSaveInstanceState
02-03 22:29:55.284 D/Launcher(  350): Dissmis Preview for view :null ID:2131230735
02-03 22:29:55.284 D/Launcher(  350): Dissmis Preview for view :null ID:2131230736
02-03 22:29:55.284 D/Launcher(  350): Dissmis Preview for view :null ID:2131230739
02-03 22:29:55.284 D/Launcher(  350): Dissmis Preview for view :null ID:2131230741
02-03 22:29:55.314 D/KeyguardViewMediator(  257): setHidden false
02-03 22:29:55.314 D/KeyguardViewMediator(  257): setHidden false
02-03 22:29:55.314 I/hubo    (  257): Activity {com.android.vending/com.android.vending.AssetBrowserActivity}
02-03 22:29:55.324 D/KeyguardViewMediator(  257): setHidden false
02-03 22:29:55.334 W/dalvikvm(  790): VFY: unable to resolve static method 6: Landroid/accounts/AccountManager;.newChooseAccountIntent (Landroid/accounts/Account;Ljava/util/ArrayList;[Ljava/lang/String;ZLjava/lang/String;Ljava/lang/String;[Ljava/lang/String;Landroid/os/Bundle;)Landroid/content/Intent;
02-03 22:29:55.334 W/dalvikvm(  790): VFY: unable to resolve virtual method 2747: Lcom/google/android/finsky/activities/AuthenticatedActivity;.recreate ()V
02-03 22:29:55.344 D/KeyguardViewMediator(  257): setHidden false
02-03 22:29:55.364 D/KeyguardViewMediator(  257): setHidden false
02-03 22:29:55.384 D/KeyguardViewMediator(  257): setHidden false
02-03 22:29:55.394 D/KeyguardViewMediator(  257): setHidden false
02-03 22:29:55.404 D/KeyguardViewMediator(  257): setHidden false
02-03 22:29:55.424 D/KeyguardViewMediator(  257): setHidden false
02-03 22:29:55.434 D/KeyguardViewMediator(  257): setHidden false
02-03 22:29:55.454 D/KeyguardViewMediator(  257): setHidden false
02-03 22:29:55.464 D/KeyguardViewMediator(  257): setHidden false
02-03 22:29:55.484 D/KeyguardViewMediator(  257): setHidden false
02-03 22:29:55.504 D/KeyguardViewMediator(  257): setHidden false
02-03 22:29:55.514 D/KeyguardViewMediator(  257): setHidden false
02-03 22:29:55.534 D/KeyguardViewMediator(  257): setHidden false
02-03 22:29:55.544 D/KeyguardViewMediator(  257): setHidden false
02-03 22:29:55.554 W/dalvikvm(  790): VFY: unable to resolve instance field 78
02-03 22:29:55.564 D/KeyguardViewMediator(  257): setHidden false
02-03 22:29:55.584 D/KeyguardViewMediator(  257): setHidden false
02-03 22:29:55.594 D/KeyguardViewMediator(  257): setHidden false
02-03 22:29:55.614 D/KeyguardViewMediator(  257): setHidden false
02-03 22:29:55.624 D/KeyguardViewMediator(  257): setHidden false
02-03 22:29:55.634 D/KeyguardViewMediator(  257): setHidden false
02-03 22:29:55.744 D/Finsky  (  790): [1] DfeApiContext.getSmallestScreenWidthDp: smallestScreenWidthDp does not exist, using pre-ics hack.
02-03 22:29:55.984 W/dalvikvm(  790): VFY: unable to resolve virtual method 104: Landroid/app/Activity;.getActionBar ()Landroid/app/ActionBar;
02-03 22:29:56.024 D/Finsky  (  790): [1] SelfUpdateScheduler.checkForSelfUpdate: Skipping self-update. Local Version [8010004] >= Server Version [0]
02-03 22:29:56.044 D/KeyguardViewMediator(  257): setHidden false
02-03 22:29:56.074 D/KeyguardViewMediator(  257): setHidden false
02-03 22:29:56.084 D/KeyguardViewMediator(  257): setHidden false
02-03 22:29:56.084 I/ActivityManager(  257): Displayed com.android.vending/.AssetBrowserActivity: +798ms (total +34s576ms)
02-03 22:29:56.084 D/KeyguardViewMediator(  257): setHidden false
02-03 22:29:56.094 D/Finsky  (  790): [1] MainActivity.initializeBilling: Optimistically initializing billing parameters.
02-03 22:29:56.104 D/KeyguardViewMediator(  257): setHidden false
02-03 22:29:56.114 D/KeyguardViewMediator(  257): setHidden false
02-03 22:29:56.134 D/KeyguardViewMediator(  257): setHidden false
02-03 22:29:56.154 D/KeyguardViewMediator(  257): setHidden false
02-03 22:29:56.164 D/KeyguardViewMediator(  257): setHidden false
02-03 22:29:56.184 D/KeyguardViewMediator(  257): setHidden false
02-03 22:29:56.194 D/KeyguardViewMediator(  257): setHidden false
02-03 22:29:56.214 D/KeyguardViewMediator(  257): setHidden false
02-03 22:29:56.234 D/KeyguardViewMediator(  257): setHidden false
02-03 22:29:56.254 D/KeyguardViewMediator(  257): setHidden false
02-03 22:29:56.265 D/KeyguardViewMediator(  257): setHidden false
02-03 22:29:56.285 D/KeyguardViewMediator(  257): setHidden false
02-03 22:29:56.295 D/KeyguardViewMediator(  257): setHidden false
02-03 22:29:56.315 D/KeyguardViewMediator(  257): setHidden false
02-03 22:29:56.335 D/KeyguardViewMediator(  257): setHidden false
02-03 22:29:56.345 D/KeyguardViewMediator(  257): setHidden false
02-03 22:29:56.365 D/KeyguardViewMediator(  257): setHidden false
02-03 22:29:56.385 D/KeyguardViewMediator(  257): setHidden false
02-03 22:29:56.395 D/KeyguardViewMediator(  257): setHidden false
02-03 22:29:56.415 D/KeyguardViewMediator(  257): setHidden false
02-03 22:29:56.415 D/KeyguardViewMediator(  257): setHidden false
02-03 22:29:57.215 D/KeyguardViewMediator(  257): handleTimeout
02-03 22:29:58.727 D/KeyguardViewMediator(  257): setHidden false
02-03 22:29:59.988 D/KeyguardUpdateMonitor(  257): received broadcast android.intent.action.TIME_TICK
02-03 22:29:59.988 D/KeyguardUpdateMonitor(  257): handleTimeUpdate
02-03 22:30:00.358 D/Bitmap  (  790): Detect unrecycled bitmap.
02-03 22:30:00.358 D/Bitmap  (  790):       Size: 98592 Bytes, Width: 158 , Height: 156 , Hash code: 1080185992
02-03 22:30:00.358 D/Bitmap  (  790):  This bimap was created in:
02-03 22:30:00.358 D/Bitmap  (  790):       android.graphics.Bitmap.<init>(Bitmap.java:136)
02-03 22:30:00.358 D/Bitmap  (  790):       android.graphics.Bitmap.nativeCreate(Native Method)
02-03 22:30:00.358 D/Bitmap  (  790):       android.graphics.Bitmap.createBitmap(Bitmap.java:547)
02-03 22:30:00.358 D/Bitmap  (  790):       android.view.View.buildDrawingCache(View.java:6577)
02-03 22:30:00.358 D/Bitmap  (  790):       android.view.ViewGroup.onAnimationStart(ViewGroup.java:1262)
02-03 22:30:00.358 D/Bitmap  (  790):       android.view.ViewGroup.drawChild(ViewGroup.java:1508)
02-03 22:30:00.358 D/Bitmap  (  790):       android.view.ViewGroup.dispatchDraw(ViewGroup.java:1376)
02-03 22:30:00.358 D/Bitmap  (  790):       android.view.ViewGroup.drawChild(ViewGroup.java:1647)
02-03 22:30:00.358 D/Bitmap  (  790):       android.view.ViewGroup.dispatchDraw(ViewGroup.java:1376)
02-03 22:30:00.358 D/Bitmap  (  790):       android.view.View.draw(View.java:6883)
02-03 22:30:00.358 D/Bitmap  (  790):       android.view.ViewGroup.drawChild(ViewGroup.java:1649)
02-03 22:30:00.358 D/Bitmap  (  790):       android.view.ViewGroup.dispatchDraw(ViewGroup.java:1376)
02-03 22:30:00.358 D/Bitmap  (  790):       android.view.View.draw(View.java:6883)
02-03 22:30:00.358 D/Bitmap  (  790):       android.view.ViewGroup.drawChild(ViewGroup.java:1649)
02-03 22:30:00.358 D/Bitmap  (  790):       android.view.ViewGroup.dispatchDraw(ViewGroup.java:1376)
02-03 22:30:00.358 D/Bitmap  (  790):       android.view.View.draw(View.java:6986)
02-03 22:30:00.358 D/Bitmap  (  790):       android.widget.FrameLayout.draw(FrameLayout.java:357)
02-03 22:30:00.358 D/Bitmap  (  790):       android.widget.ScrollView.draw(ScrollView.java:1417)
02-03 22:30:00.358 D/Bitmap  (  790):       android.view.ViewGroup.drawChild(ViewGroup.java:1649)
02-03 22:30:00.358 D/Bitmap  (  790):       android.view.ViewGroup.dispatchDraw(ViewGroup.java:1376)
02-03 22:30:00.358 D/Bitmap  (  790):       android.view.ViewGroup.drawChild(ViewGroup.java:1647)
02-03 22:30:00.369 D/Bitmap  (  790):       android.view.ViewGroup.dispatchDraw(ViewGroup.java:1376)
02-03 22:30:00.369 D/Bitmap  (  790):       android.view.ViewGroup.drawChild(ViewGroup.java:1647)
02-03 22:30:00.369 D/Bitmap  (  790):       android.view.ViewGroup.dispatchDraw(ViewGroup.java:1376)
02-03 22:30:00.369 D/Bitmap  (  790):       android.view.ViewGroup.drawChild(ViewGroup.java:1647)
02-03 22:30:00.369 D/Bitmap  (  790):       android.view.ViewGroup.dispatchDraw(ViewGroup.java:1376)
02-03 22:30:00.369 D/Bitmap  (  790):       android.view.ViewGroup.drawChild(ViewGroup.java:1647)
02-03 22:30:00.369 D/Bitmap  (  790):       android.view.ViewGroup.dispatchDraw(ViewGroup.java:1376)
02-03 22:30:00.369 D/Bitmap  (  790):       android.view.View.draw(View.java:6883)
02-03 22:30:00.369 D/Bitmap  (  790):       android.widget.FrameLayout.draw(FrameLayout.java:357)
02-03 22:30:00.369 D/Bitmap  (  790):       android.view.ViewGroup.drawChild(ViewGroup.java:1649)
02-03 22:30:00.369 D/Bitmap  (  790):       android.view.ViewGroup.dispatchDraw(ViewGroup.java:1376)
02-03 22:30:00.369 D/Bitmap  (  790):       android.view.View.draw(View.java:6883)
02-03 22:30:00.369 D/Bitmap  (  790):       android.widget.FrameLayout.draw(FrameLayout.java:357)
02-03 22:30:00.369 D/Bitmap  (  790):       com.android.internal.policy.impl.PhoneWindow$DecorView.draw(PhoneWindow.java:1866)
02-03 22:30:00.369 D/Bitmap  (  790):       android.view.ViewRoot.draw(ViewRoot.java:1526)
02-03 22:30:00.369 D/Bitmap  (  790):       android.view.ViewRoot.performTraversals(ViewRoot.java:1262)
02-03 22:30:00.369 D/Bitmap  (  790):       android.view.ViewRoot.handleMessage(ViewRoot.java:1864)
02-03 22:30:00.369 D/Bitmap  (  790):       android.os.Handler.dispatchMessage(Handler.java:99)
02-03 22:30:00.369 D/Bitmap  (  790):       android.os.Looper.loop(Looper.java:130)
02-03 22:30:00.369 D/Bitmap  (  790):       android.app.ActivityThread.main(ActivityThread.java:3704)
02-03 22:30:00.369 D/Bitmap  (  790):       java.lang.reflect.Method.invokeNative(Native Method)
02-03 22:30:00.369 D/Bitmap  (  790):       java.lang.reflect.Method.invoke(Method.java:507)
02-03 22:30:00.369 D/Bitmap  (  790):       com.android.internal.os.ZygoteInit$MethodAndArgsCaller.run(ZygoteInit.java:875)
02-03 22:30:00.369 D/Bitmap  (  790):       com.android.internal.os.ZygoteInit.main(ZygoteInit.java:633)
02-03 22:30:00.369 D/Bitmap  (  790):       dalvik.system.NativeStart.main(Native Method)
02-03 22:30:00.369 D/Bitmap  (  790): _
02-03 22:30:01.760 D/Volley  (  790): [1] Request.finish: 3148 ms: [ ] http://www.gstatic.com/android/market/merchandising/music/phone/2012_01_30/promotion_albums_2012_01_30_BreakoutDebuts.jpg LOW 12
02-03 22:30:02.140 D/Volley  (  790): [1] Request.finish: 3493 ms: [ ] http://lh5.ggpht.com/imhLTV4K-QaaDDE0u3VrmYoxKP47TE7OWj4RYNESn5NcpMAmKyl88FGIMmuXoej_xg=w38 LOW 15
02-03 22:30:02.170 D/Volley  (  790): [1] Request.finish: 3539 ms: [ ] http://i.ytimg.com/vi/rAl1OjoWNvY/movieposter.jpg LOW 13
02-03 22:30:02.330 D/Volley  (  790): [1] Request.finish: 3691 ms: [ ] http://bks1.books.google.com/books?id=7fDOLRUs1kQC&printsec=frontcover&img=1&zoom=1&source=ge-phone-market LOW 14
02-03 22:30:02.390 D/Volley  (  790): [1] Request.finish: 3730 ms: [ ] http://i.ytimg.com/vi/fe8RSoRr7uo/movieposter.jpg LOW 16
02-03 22:30:04.262 D/KeyguardViewMediator(  257): setHidden false
02-03 22:30:04.292 D/KeyguardViewMediator(  257): setHidden false
02-03 22:30:04.292 D/KeyguardViewMediator(  257): setHidden false
02-03 22:30:04.543 D/KeyguardViewMediator(  257): setHidden false
02-03 22:30:04.593 D/KeyguardViewMediator(  257): setHidden false
02-03 22:30:04.603 D/KeyguardViewMediator(  257): setHidden false
02-03 22:30:04.813 D/KeyguardViewMediator(  257): setHidden false
02-03 22:30:04.833 D/KeyguardViewMediator(  257): setHidden false
02-03 22:30:04.883 D/KeyguardViewMediator(  257): setHidden false
02-03 22:30:04.933 D/KeyguardViewMediator(  257): setHidden false
02-03 22:30:04.963 D/KeyguardViewMediator(  257): setHidden false
02-03 22:30:04.963 D/KeyguardViewMediator(  257): setHidden false
02-03 22:30:04.983 D/KeyguardViewMediator(  257): setHidden false
02-03 22:30:04.993 D/KeyguardViewMediator(  257): setHidden false
02-03 22:30:05.013 D/KeyguardViewMediator(  257): setHidden false
02-03 22:30:05.023 D/KeyguardViewMediator(  257): setHidden false
02-03 22:30:05.043 D/KeyguardViewMediator(  257): setHidden false
02-03 22:30:05.063 D/KeyguardViewMediator(  257): setHidden false
02-03 22:30:05.073 D/KeyguardViewMediator(  257): setHidden false
02-03 22:30:05.093 D/KeyguardViewMediator(  257): setHidden false
02-03 22:30:05.113 D/KeyguardViewMediator(  257): setHidden false
02-03 22:30:05.123 D/KeyguardViewMediator(  257): setHidden false
02-03 22:30:05.143 D/KeyguardViewMediator(  257): setHidden false
02-03 22:30:06.244 D/Finsky  (  790): [1] CarrierProvisioningAction.run: No need to fetch provisioning from carrier.
02-03 22:30:06.244 D/Finsky  (  790): [1] GetBillingCountriesAction.run: Skip getting fresh list of billing countries.
02-03 22:30:08.326 D/KeyguardViewMediator(  257): setHidden false
02-03 22:30:08.346 D/KeyguardViewMediator(  257): setHidden false
02-03 22:30:08.356 D/KeyguardViewMediator(  257): setHidden false
02-03 22:30:08.466 D/KeyguardViewMediator(  257): setHidden false
02-03 22:30:08.476 D/KeyguardViewMediator(  257): setHidden false
02-03 22:30:08.496 D/KeyguardViewMediator(  257): setHidden false
02-03 22:30:08.516 D/KeyguardViewMediator(  257): setHidden false
02-03 22:30:08.536 D/KeyguardViewMediator(  257): setHidden false
02-03 22:30:08.546 D/KeyguardViewMediator(  257): setHidden false
02-03 22:30:08.556 D/KeyguardViewMediator(  257): setHidden false
02-03 22:30:08.567 D/KeyguardViewMediator(  257): setHidden false
02-03 22:30:08.567 D/KeyguardViewMediator(  257): setHidden false
02-03 22:30:08.587 D/KeyguardViewMediator(  257): setHidden false
02-03 22:30:08.627 D/KeyguardViewMediator(  257): setHidden false
02-03 22:30:08.647 D/KeyguardViewMediator(  257): setHidden false
02-03 22:30:08.657 D/KeyguardViewMediator(  257): setHidden false
02-03 22:30:08.677 D/KeyguardViewMediator(  257): setHidden false
02-03 22:30:08.697 D/KeyguardViewMediator(  257): setHidden false
02-03 22:30:08.707 D/KeyguardViewMediator(  257): setHidden false
02-03 22:30:08.727 D/KeyguardViewMediator(  257): setHidden false
02-03 22:30:08.727 D/KeyguardViewMediator(  257): setHidden false
02-03 22:30:08.757 D/KeyguardViewMediator(  257): setHidden false
02-03 22:30:08.777 D/KeyguardViewMediator(  257): setHidden false
02-03 22:30:08.797 D/KeyguardViewMediator(  257): setHidden false
02-03 22:30:08.857 D/KeyguardViewMediator(  257): setHidden false
02-03 22:30:08.877 D/KeyguardViewMediator(  257): setHidden false
02-03 22:30:08.887 D/KeyguardViewMediator(  257): setHidden false
02-03 22:30:08.907 D/KeyguardViewMediator(  257): setHidden false
02-03 22:30:08.927 D/KeyguardViewMediator(  257): setHidden false
02-03 22:30:08.937 D/KeyguardViewMediator(  257): setHidden false
02-03 22:30:08.957 D/KeyguardViewMediator(  257): setHidden false
02-03 22:30:08.967 D/KeyguardViewMediator(  257): setHidden false
02-03 22:30:09.618 D/KeyguardViewMediator(  257): setHidden false
02-03 22:30:09.888 D/KeyguardViewMediator(  257): setHidden false
02-03 22:30:09.908 D/KeyguardViewMediator(  257): setHidden false
02-03 22:30:09.908 D/KeyguardViewMediator(  257): setHidden false
02-03 22:30:10.378 W/KeyCharacterMap(  790): No keyboard for id 0
02-03 22:30:10.378 W/KeyCharacterMap(  790): Using default keymap: /system/usr/keychars/qwerty.kcm.bin
02-03 22:30:10.398 D/KeyguardViewMediator(  257): setHidden false
02-03 22:30:10.418 D/KeyguardViewMediator(  257): setHidden false
02-03 22:30:10.428 D/KeyguardViewMediator(  257): setHidden false
02-03 22:30:10.508 D/KeyguardViewMediator(  257): setHidden false
02-03 22:30:10.528 D/KeyguardViewMediator(  257): setHidden false
02-03 22:30:10.538 D/KeyguardViewMediator(  257): setHidden false
02-03 22:30:10.568 D/KeyguardViewMediator(  257): setHidden false
02-03 22:30:10.578 D/KeyguardViewMediator(  257): setHidden false
02-03 22:30:10.588 D/KeyguardViewMediator(  257): setHidden false
02-03 22:30:10.619 D/KeyguardViewMediator(  257): setHidden false
02-03 22:30:10.619 D/KeyguardViewMediator(  257): setHidden false
02-03 22:30:21.029 I/dun_service(  123): The value returned from dun_getusbmodemstate_fromsys is 2 
02-03 22:30:21.049 D/KeyguardUpdateMonitor(  257): received broadcast android.intent.action.BATTERY_CHANGED
02-03 22:30:21.059 D/KeyguardUpdateMonitor(  257): handleBatteryUpdate
02-03 22:30:24.762 I/DATA    (  343): [DCT(0) ] onDataCallListChanged:
02-03 22:30:24.762 I/DATA    (  343): [DCT(0) ] ---dc state list---
02-03 22:30:24.762 I/DATA    (  343): [DCT(0) ] DataCallState: { cid: 0, active: 1, type: , apn: , address: 70.14.58.237 }
02-03 22:30:24.762 I/DATA    (  343): [DCT(0) ] ---dc list---
02-03 22:30:24.762 I/DATA    (  343): [DCT(0) ] cid = 0, state = DcActiveState, bearerType = IP, ipaddress = 70.14.58.237, gw=70.14.58.238, dns=[68.28.67.132, 68.28.68.132]
02-03 22:30:27.445 I/DATA    (  343): [DCT(0) ] onDataCallListChanged:
02-03 22:30:27.445 I/DATA    (  343): [DCT(0) ] ---dc state list---
02-03 22:30:27.445 I/DATA    (  343): [DCT(0) ] DataCallState: { cid: 0, active: 2, type: , apn: , address: 70.14.58.237 }
02-03 22:30:27.445 I/DATA    (  343): [DCT(0) ] ---dc list---
02-03 22:30:27.445 I/DATA    (  343): [DCT(0) ] cid = 0, state = DcActiveState, bearerType = IP, ipaddress = 70.14.58.237, gw=70.14.58.238, dns=[68.28.67.132, 68.28.68.132]
02-03 22:30:30.918 D/KeyguardViewMediator(  257): setHidden false
02-03 22:30:30.948 D/KeyguardViewMediator(  257): setHidden false
02-03 22:30:30.968 D/KeyguardViewMediator(  257): setHidden false
02-03 22:30:30.988 D/KeyguardViewMediator(  257): setHidden false
02-03 22:30:31.008 D/KeyguardViewMediator(  257): setHidden false
02-03 22:30:31.018 D/KeyguardViewMediator(  257): setHidden false
02-03 22:30:31.038 D/KeyguardViewMediator(  257): setHidden false
02-03 22:30:31.048 D/KeyguardViewMediator(  257): setHidden false
02-03 22:30:31.078 D/KeyguardViewMediator(  257): setHidden false
02-03 22:30:31.098 D/KeyguardViewMediator(  257): setHidden false
02-03 22:30:31.098 D/KeyguardViewMediator(  257): setHidden false
02-03 22:30:31.719 D/KeyguardViewMediator(  257): setHidden false
02-03 22:30:31.729 D/KeyguardViewMediator(  257): setHidden false
02-03 22:30:31.749 D/KeyguardViewMediator(  257): setHidden false
02-03 22:30:31.769 D/KeyguardViewMediator(  257): setHidden false
02-03 22:30:31.779 D/KeyguardViewMediator(  257): setHidden false
02-03 22:30:31.799 D/KeyguardViewMediator(  257): setHidden false
02-03 22:30:31.809 D/KeyguardViewMediator(  257): setHidden false
02-03 22:30:31.839 D/KeyguardViewMediator(  257): setHidden false
02-03 22:30:31.839 D/KeyguardViewMediator(  257): setHidden false
02-03 22:30:31.869 D/KeyguardViewMediator(  257): setHidden false
02-03 22:30:31.869 D/KeyguardViewMediator(  257): setHidden false
02-03 22:30:32.560 D/KeyguardViewMediator(  257): setHidden false
02-03 22:30:32.570 D/KeyguardViewMediator(  257): setHidden false
02-03 22:30:32.590 D/KeyguardViewMediator(  257): setHidden false
02-03 22:30:32.710 D/KeyguardViewMediator(  257): setHidden false
02-03 22:30:32.720 D/KeyguardViewMediator(  257): setHidden false
02-03 22:30:32.740 D/KeyguardViewMediator(  257): setHidden false
02-03 22:30:32.760 D/KeyguardViewMediator(  257): setHidden false
02-03 22:30:32.780 D/KeyguardViewMediator(  257): setHidden false
02-03 22:30:32.790 D/KeyguardViewMediator(  257): setHidden false
02-03 22:30:32.810 D/KeyguardViewMediator(  257): setHidden false
02-03 22:30:32.810 D/KeyguardViewMediator(  257): setHidden false
02-03 22:30:32.850 D/KeyguardViewMediator(  257): setHidden false
02-03 22:30:32.900 D/KeyguardViewMediator(  257): setHidden false
02-03 22:30:32.910 D/KeyguardViewMediator(  257): setHidden false
02-03 22:30:32.970 D/KeyguardViewMediator(  257): setHidden false
02-03 22:30:32.990 D/KeyguardViewMediator(  257): setHidden false
02-03 22:30:33.000 D/KeyguardViewMediator(  257): setHidden false
02-03 22:30:33.020 D/KeyguardViewMediator(  257): setHidden false
02-03 22:30:33.030 D/KeyguardViewMediator(  257): setHidden false
02-03 22:30:33.050 D/KeyguardViewMediator(  257): setHidden false
02-03 22:30:33.070 D/KeyguardViewMediator(  257): setHidden false
02-03 22:30:33.080 D/KeyguardViewMediator(  257): setHidden false
02-03 22:30:33.150 D/KeyguardViewMediator(  257): setHidden false
02-03 22:30:33.171 D/KeyguardViewMediator(  257): setHidden false
02-03 22:30:33.181 D/KeyguardViewMediator(  257): setHidden false
02-03 22:30:33.251 D/KeyguardViewMediator(  257): setHidden false
02-03 22:30:33.271 D/KeyguardViewMediator(  257): setHidden false
02-03 22:30:33.281 D/KeyguardViewMediator(  257): setHidden false
02-03 22:30:33.301 D/KeyguardViewMediator(  257): setHidden false
02-03 22:30:33.311 D/KeyguardViewMediator(  257): setHidden false
02-03 22:30:33.341 D/KeyguardViewMediator(  257): setHidden false
02-03 22:30:33.351 D/KeyguardViewMediator(  257): setHidden false
02-03 22:30:33.351 D/KeyguardViewMediator(  257): setHidden false
02-03 22:30:34.362 D/SearchDialog(  790): launching Intent { act=android.intent.action.SEARCH flg=0x10000000 cmp=com.android.vending/.AssetBrowserActivity (has extras) }
02-03 22:30:34.362 I/SearchDialog(  790): Starting (as ourselves) #Intent;action=android.intent.action.SEARCH;launchFlags=0x10000000;component=com.android.vending/.AssetBrowserActivity;S.query=qr%20code;S.user_query=qr%20code;end
02-03 22:30:34.452 D/KeyguardViewMediator(  257): setHidden false
02-03 22:30:34.462 D/WindowManager(  257): IME moved, Changing focus from Window{40975b90 com.android.vending/com.android.vending.AssetBrowserActivity paused=false} to Window{40975b90 com.android.vending/com.android.vending.AssetBrowserActivity paused=false}
02-03 22:30:34.472 D/KeyguardViewMediator(  257): setHidden false
02-03 22:30:34.542 D/Bitmap  (  790): Detect unrecycled bitmap.
02-03 22:30:34.542 D/Bitmap  (  790):       Size: 38048 Bytes, Width: 116 , Height: 82 , Hash code: 1080461136
02-03 22:30:34.542 D/Bitmap  (  790):  This bimap was created in:
02-03 22:30:34.542 D/Bitmap  (  790):       android.graphics.Bitmap.<init>(Bitmap.java:136)
02-03 22:30:34.542 D/Bitmap  (  790):       android.graphics.BitmapFactory.nativeDecodeAsset(Native Method)
02-03 22:30:34.542 D/Bitmap  (  790):       android.graphics.BitmapFactory.decodeStream(BitmapFactory.java:460)
02-03 22:30:34.542 D/Bitmap  (  790):       android.graphics.BitmapFactory.decodeResourceStream(BitmapFactory.java:336)
02-03 22:30:34.542 D/Bitmap  (  790):       android.graphics.BitmapFactory.decodeResource(BitmapFactory.java:359)
02-03 22:30:34.542 D/Bitmap  (  790):       android.graphics.BitmapFactory.decodeResource(BitmapFactory.java:385)
02-03 22:30:34.542 D/Bitmap  (  790):       com.google.android.finsky.layout.UnevenGrid.onDraw(UnevenGrid.java:85)
02-03 22:30:34.542 D/Bitmap  (  790):       android.view.View.draw(View.java:6880)
02-03 22:30:34.542 D/Bitmap  (  790):       android.view.ViewGroup.drawChild(ViewGroup.java:1649)
02-03 22:30:34.542 D/Bitmap  (  790):       android.view.ViewGroup.dispatchDraw(ViewGroup.java:1376)
02-03 22:30:34.542 D/Bitmap  (  790):       android.view.View.draw(View.java:6883)
02-03 22:30:34.542 D/Bitmap  (  790):       android.view.ViewGroup.drawChild(ViewGroup.java:1649)
02-03 22:30:34.542 D/Bitmap  (  790):       android.view.ViewGroup.dispatchDraw(ViewGroup.java:1376)
02-03 22:30:34.542 D/Bitmap  (  790):       android.view.View.draw(View.java:6986)
02-03 22:30:34.542 D/Bitmap  (  790):       android.widget.FrameLayout.draw(FrameLayout.java:357)
02-03 22:30:34.542 D/Bitmap  (  790):       android.widget.ScrollView.draw(ScrollView.java:1417)
02-03 22:30:34.542 D/Bitmap  (  790):       android.view.ViewGroup.drawChild(ViewGroup.java:1649)
02-03 22:30:34.542 D/Bitmap  (  790):       android.view.ViewGroup.dispatchDraw(ViewGroup.java:1376)
02-03 22:30:34.542 D/Bitmap  (  790):       android.view.ViewGroup.drawChild(ViewGroup.java:1647)
02-03 22:30:34.542 D/Bitmap  (  790):       android.view.ViewGroup.dispatchDraw(ViewGroup.java:1376)
02-03 22:30:34.542 D/Bitmap  (  790):       android.view.ViewGroup.drawChild(ViewGroup.java:1647)
02-03 22:30:34.542 D/Bitmap  (  790):       android.view.ViewGroup.dispatchDraw(ViewGroup.java:1376)
02-03 22:30:34.542 D/Bitmap  (  790):       android.view.ViewGroup.drawChild(ViewGroup.java:1647)
02-03 22:30:34.542 D/Bitmap  (  790):       android.view.ViewGroup.dispatchDraw(ViewGroup.java:1376)
02-03 22:30:34.542 D/Bitmap  (  790):       android.view.ViewGroup.drawChild(ViewGroup.java:1647)
02-03 22:30:34.542 D/Bitmap  (  790):       android.view.ViewGroup.dispatchDraw(ViewGroup.java:1376)
02-03 22:30:34.542 D/Bitmap  (  790):       android.view.View.draw(View.java:6883)
02-03 22:30:34.542 D/Bitmap  (  790):       android.widget.FrameLayout.draw(FrameLayout.java:357)
02-03 22:30:34.552 D/Bitmap  (  790):       android.view.ViewGroup.drawChild(ViewGroup.java:1649)
02-03 22:30:34.552 D/Bitmap  (  790):       android.view.ViewGroup.dispatchDraw(ViewGroup.java:1376)
02-03 22:30:34.552 D/Bitmap  (  790):       android.view.View.draw(View.java:6883)
02-03 22:30:34.552 D/Bitmap  (  790):       android.widget.FrameLayout.draw(FrameLayout.java:357)
02-03 22:30:34.552 D/Bitmap  (  790):       com.android.internal.policy.impl.PhoneWindow$DecorView.draw(PhoneWindow.java:1866)
02-03 22:30:34.552 D/Bitmap  (  790):       android.view.ViewRoot.draw(ViewRoot.java:1526)
02-03 22:30:34.552 D/Bitmap  (  790):       android.view.ViewRoot.performTraversals(ViewRoot.java:1262)
02-03 22:30:34.552 D/Bitmap  (  790):       android.view.ViewRoot.handleMessage(ViewRoot.java:1864)
02-03 22:30:34.552 D/Bitmap  (  790):       android.os.Handler.dispatchMessage(Handler.java:99)
02-03 22:30:34.552 D/Bitmap  (  790):       android.os.Looper.loop(Looper.java:130)
02-03 22:30:34.552 D/Bitmap  (  790):       android.app.ActivityThread.main(ActivityThread.java:3704)
02-03 22:30:34.552 D/Bitmap  (  790):       java.lang.reflect.Method.invokeNative(Native Method)
02-03 22:30:34.552 D/Bitmap  (  790):       java.lang.reflect.Method.invoke(Method.java:507)
02-03 22:30:34.552 D/Bitmap  (  790):       com.android.internal.os.ZygoteInit$MethodAndArgsCaller.run(ZygoteInit.java:875)
02-03 22:30:34.552 D/Bitmap  (  790):       com.android.internal.os.ZygoteInit.main(ZygoteInit.java:633)
02-03 22:30:34.552 D/Bitmap  (  790):       dalvik.system.NativeStart.main(Native Method)
02-03 22:30:34.552 D/Bitmap  (  790): _
02-03 22:30:34.562 D/KeyguardViewMediator(  257): setHidden false
02-03 22:30:34.582 W/IInputConnectionWrapper(  790): finishComposingText on inactive InputConnection
02-03 22:30:34.672 D/Bitmap  (  338): Detect unrecycled bitmap.
02-03 22:30:34.672 D/Bitmap  (  338):       Size: 270080 Bytes, Width: 320 , Height: 211 , Hash code: 1079508624
02-03 22:30:34.672 D/Bitmap  (  338):  This bimap was created in:
02-03 22:30:34.672 D/Bitmap  (  338):       android.graphics.Bitmap.<init>(Bitmap.java:136)
02-03 22:30:34.672 D/Bitmap  (  338):       android.graphics.Bitmap.nativeCreate(Native Method)
02-03 22:30:34.672 D/Bitmap  (  338):       android.graphics.Bitmap.createBitmap(Bitmap.java:547)
