02-03 22:32:54.969 D/PowerManagerService(  257): acquireWakeLock flags=0xa tag=KEEP_SCREEN_ON_FLAG
02-03 22:32:54.979 E/mm-camera(  115): discard frame preview,discard_frame_cnt=0
02-03 22:32:54.979 D/KeyguardViewMediator(  257): setHidden false
02-03 22:32:55.009 D/KeyguardViewMediator(  257): setHidden false
02-03 22:32:56.570 E/CAM_FD  (  115): config_proc_CAMERA_SET_PARM_AUTO_FOCUS: 1111 rc=1
02-03 22:32:56.570 E/CAM_FD  (  115): config_proc_CAMERA_SET_PARM_AUTO_FOCUS: 1111 ctrlCmd->status=1
02-03 22:32:56.570 I/QualcommCameraHardware(  115): updateFocusDistances: setting KEY_FOCUS_DISTANCES as 1.000000,2.000000,3.000000
02-03 22:32:58.082 E/CAM_FD  (  115): config_proc_CAMERA_SET_PARM_AUTO_FOCUS: supported by sensor module
02-03 22:32:59.693 E/CAM_FD  (  115): config_proc_CAMERA_SET_PARM_AUTO_FOCUS: 1111 rc=1
02-03 22:32:59.693 E/CAM_FD  (  115): config_proc_CAMERA_SET_PARM_AUTO_FOCUS: 1111 ctrlCmd->status=1
02-03 22:32:59.693 I/QualcommCameraHardware(  115): updateFocusDistances: setting KEY_FOCUS_DISTANCES as 1.000000,2.000000,3.000000
02-03 22:33:00.004 D/KeyguardUpdateMonitor(  257): received broadcast android.intent.action.TIME_TICK
02-03 22:33:00.004 D/KeyguardUpdateMonitor(  257): handleTimeUpdate
02-03 22:33:00.664 E/mm-camera(  115): post_processing(): pp_thread_status=1
02-03 22:33:01.195 E/CAM_FD  (  115): config_proc_CAMERA_SET_PARM_AUTO_FOCUS: supported by sensor module
02-03 22:33:02.776 E/CAM_FD  (  115): config_proc_CAMERA_SET_PARM_AUTO_FOCUS: 1111 rc=1
02-03 22:33:02.776 E/CAM_FD  (  115): config_proc_CAMERA_SET_PARM_AUTO_FOCUS: 1111 ctrlCmd->status=1
02-03 22:33:02.776 I/QualcommCameraHardware(  115): updateFocusDistances: setting KEY_FOCUS_DISTANCES as 1.000000,2.000000,3.000000
02-03 22:33:04.288 E/CAM_FD  (  115): config_proc_CAMERA_SET_PARM_AUTO_FOCUS: supported by sensor module
02-03 22:33:05.319 I/DATA    (  343): [DCT(0) ] onDataCallListChanged:
02-03 22:33:05.319 I/DATA    (  343): [DCT(0) ] ---dc state list---
02-03 22:33:05.319 I/DATA    (  343): [DCT(0) ] DataCallState: { cid: 0, active: 1, type: , apn: , address: 70.14.58.237 }
02-03 22:33:05.319 I/DATA    (  343): [DCT(0) ] ---dc list---
02-03 22:33:05.319 I/DATA    (  343): [DCT(0) ] cid = 0, state = DcActiveState, bearerType = IP, ipaddress = 70.14.58.237, gw=70.14.58.238, dns=[68.28.67.132, 68.28.68.132]
02-03 22:33:05.659 E/Sensors (  257): [HAL]ready to call enable(Orientation,0),OOOOOOOO
02-03 22:33:05.659 E/Sensors (  257): [HAL]ECS_IOCTL_APP_SET_MFLAG 	success,flags = 0
02-03 22:33:05.659 E/Sensors (  257): [HAL]After {mEnabled &= ~(1<<what)},mEnabled = 1
02-03 22:33:05.659 E/Sensors (  257): [HAL]After {(newState)<<what)},mEnabled = 1
02-03 22:33:05.659 I/QualcommCameraHardware(  115): stopPreviewInternal E: 1
02-03 22:33:05.809 E/CAM_FD  (  115): config_proc_CAMERA_SET_PARM_AUTO_FOCUS: 1111 rc=1
02-03 22:33:05.809 E/CAM_FD  (  115): config_proc_CAMERA_SET_PARM_AUTO_FOCUS: 1111 ctrlCmd->status=1
02-03 22:33:05.809 I/QualcommCameraHardware(  115): updateFocusDistances: setting KEY_FOCUS_DISTANCES as 1.000000,2.000000,3.000000
02-03 22:33:05.809 E/mm-camera(  115): IOCTL MSM_CAM_IOCTL_CTRL_CMD_DONE type 52 failed
02-03 22:33:05.809 I/QualcommCameraHardware(  115): deinitPreview E
02-03 22:33:05.809 I/QualcommCameraHardware(  115): deinitPreview X
02-03 22:33:05.809 I/QualcommCameraHardware(  115): stopPreviewInternal X: 0
02-03 22:33:05.809 I/QualcommCameraHardware(  115): preview_thread X
02-03 22:33:05.809 I/QualcommCameraHardware(  115): ~PmemPool: preview E
02-03 22:33:05.809 I/QualcommCameraHardware(  115): ~PmemPool: preview X
02-03 22:33:05.809 I/QualcommCameraHardware(  115): ~PmemPool: record E
02-03 22:33:05.809 I/QualcommCameraHardware(  115): ~PmemPool: record X
02-03 22:33:05.829 I/QualcommCameraHardware(  115): setRecordSize: preview dimensions: 480x320
02-03 22:33:05.829 I/QualcommCameraHardware(  115): setRecordSize: video dimensions: 480x320
02-03 22:33:05.829 I/QualcommCameraHardware(  115): Parameter Rolloff is not supported for this sensor
02-03 22:33:05.829 I/QualcommCameraHardware(  115): setMCEValue: setting MCE value of enable
02-03 22:33:05.829 I/QualcommCameraHardware(  115): setRedeyeReduction: setting Redeye Reduction value of disable
02-03 22:33:05.829 E/CAM_FD  (  115): config_proc_CAMERA_SET_REDEYE_REDUCTION: mode =0
02-03 22:33:05.829 E/CAM_FD  (  115): config_proc_CAMERA_SET_REDEYE_REDUCTION: FAILED
02-03 22:33:05.829 E/QualcommCameraHardware(  115): native_set_parms failed: type 50 length 1 error No such file or directory
02-03 22:33:05.829 E/QualcommCameraHardware(  115): Wavelet Denoise is not supported for this sensor
02-03 22:33:05.829 I/QualcommCameraHardware(  115): setSnapshotCount setting num-snaps-per-shutter to 1
02-03 22:33:05.829 I/QualcommCameraHardware(  115): Set fps is not supported for this sensor
02-03 22:33:05.829 I/QualcommCameraHardware(  115): set fps mode is not supported for this sensor
02-03 22:33:05.829 I/QualcommCameraHardware(  115): updateFocusDistances: setting KEY_FOCUS_DISTANCES as 1.000000,2.000000,3.000000
02-03 22:33:05.829 E/QualcommCameraHardware(  115): setShutterSound()::e
02-03 22:33:05.829 E/QualcommCameraHardware(  115): setShutterSoundselect()::e
02-03 22:33:05.829 E/QualcommCameraHardware(  115): cts max_fps: 5000--30000
02-03 22:33:05.829 I/QualcommCameraHardware(  115): Parameter HFR is not supported for this sensor
02-03 22:33:05.829 I/QualcommCameraHardware(  115): stopPreviewInternal E: 0
02-03 22:33:05.839 I/QualcommCameraHardware(  115): stopPreviewInternal X: 0
02-03 22:33:05.839 I/QualcommCameraHardware(  115): cancelPicture: E
02-03 22:33:05.839 I/QualcommCameraHardware(  115): cancelPicture: setting mSnapshotCancel to true
02-03 22:33:05.839 I/QualcommCameraHardware(  115): cancelPicture: X: 0
02-03 22:33:05.839 I/QualcommCameraHardware(  115): release E
02-03 22:33:05.839 I/QualcommCameraHardware(  115): release: mCameraRunning = 0
02-03 22:33:05.839 I/QualcommCameraHardware(  115): release: clearing resources done.
02-03 22:33:05.839 E/CAM_FD  (  115): cam_conf: CAMERA_EXIT
02-03 22:33:05.839 E/mm-camera(  115): postproc_exit(): pp_thread_status=1
02-03 22:33:05.839 I/QualcommCameraHardware(  115): release X: mCameraRunning = 0, mFrameThreadRunning = 0
02-03 22:33:05.839 I/QualcommCameraHardware(  115): mVideoThreadRunning = 0, mSnapshotThreadRunning = 0, mJpegThreadRunning = 0
02-03 22:33:05.839 I/QualcommCameraHardware(  115): camframe_timeout_flag = 0, mAutoFocusThreadRunning = 0
02-03 22:33:05.839 I/QualcommCameraHardware(  115): ~QualcommCameraHardware E
02-03 22:33:05.849 E/mm-camera stacktrace(  115): +++ DELETING LEAKED MEMORY AT 0x7c9f8 (2 REMAINING)
02-03 22:33:05.849 E/mm-camera stacktrace(  115):     15 0xa7730a32
02-03 22:33:05.849 E/mm-camera stacktrace(  115):     14 0xa770b35c
02-03 22:33:05.849 E/mm-camera stacktrace(  115):     13 0xa770d8d6
02-03 22:33:05.849 E/mm-camera stacktrace(  115):     12 0xa79182a4
02-03 22:33:05.849 E/mm-camera stacktrace(  115):     11 0xa791848c
02-03 22:33:05.849 E/mm-camera stacktrace(  115):     10 0xa800a482
02-03 22:33:05.849 E/mm-camera stacktrace(  115):      9 0xa800a55a
02-03 22:33:05.849 E/mm-camera stacktrace(  115):      8 0xa800a5b6
02-03 22:33:05.849 E/mm-camera stacktrace(  115):      7 0xaba8f872
02-03 22:33:05.849 E/mm-camera stacktrace(  115):      6 0xa8213566
02-03 22:33:05.849 E/mm-camera stacktrace(  115):      5 0xa821672c
02-03 22:33:05.849 E/mm-camera stacktrace(  115):      4 0xa821690e
02-03 22:33:05.849 E/mm-camera stacktrace(  115):      3 0xa821be88
02-03 22:33:05.849 E/mm-camera stacktrace(  115):      2 0xa811c6ae
02-03 22:33:05.849 E/mm-camera stacktrace(  115):      1 0xa811cc0c
02-03 22:33:05.849 E/mm-camera stacktrace(  115): +++ DELETING LEAKED MEMORY AT 0x83a88 (1 REMAINING)
02-03 22:33:05.849 E/mm-camera stacktrace(  115):     12 0xa7730a32
02-03 22:33:05.849 E/mm-camera stacktrace(  115):     11 0xa770b35c
02-03 22:33:05.849 E/mm-camera stacktrace(  115):     10 0xa770d8d6
02-03 22:33:05.849 E/mm-camera stacktrace(  115):      9 0xa790f8b4
02-03 22:33:05.849 E/mm-camera stacktrace(  115):      8 0xa791109c
02-03 22:33:05.849 E/mm-camera stacktrace(  115):      7 0xa800aa00
02-03 22:33:05.849 E/mm-camera stacktrace(  115):      6 0xaba8f7a8
02-03 22:33:05.849 E/mm-camera stacktrace(  115):      5 0xa8213566
02-03 22:33:05.849 E/mm-camera stacktrace(  115):      4 0xa821672c
02-03 22:33:05.849 E/mm-camera stacktrace(  115):      3 0xa821690e
02-03 22:33:05.849 E/mm-camera stacktrace(  115):      2 0x8bda
02-03 22:33:05.849 E/mm-camera stacktrace(  115):      1 0xafd14b64
02-03 22:33:05.849 I/QualcommCameraHardware(  115): ~QualcommCameraHardware X
02-03 22:33:05.869 D/PhoneApp(  343): updateProximitySensorMode: state = IDLE
02-03 22:33:05.879 D/PhoneApp(  343): updateProximitySensorMode: lock already released.
02-03 22:33:05.890 D/KeyguardViewMediator(  257): setHidden false
02-03 22:33:05.930 D/KeyguardViewMediator(  257): setHidden false
02-03 22:33:05.950 D/KeyguardViewMediator(  257): setHidden false
02-03 22:33:05.960 D/KeyguardViewMediator(  257): setHidden false
02-03 22:33:05.970 D/KeyguardViewMediator(  257): setHidden false
02-03 22:33:05.980 I/hubo    (  257): Activity {la.droid.qr/la.droid.qr.LeerQr}
02-03 22:33:05.990 D/KeyguardViewMediator(  257): setHidden false
02-03 22:33:06.020 D/KeyguardViewMediator(  257): setHidden false
02-03 22:33:06.030 D/KeyguardViewMediator(  257): setHidden false
02-03 22:33:06.050 D/KeyguardViewMediator(  257): setHidden false
02-03 22:33:06.120 D/KeyguardViewMediator(  257): setHidden false
02-03 22:33:06.180 D/OmaDrmReceiver(  578): android.intent.action.CONFIGURATION_CHANGED
02-03 22:33:06.180 I/OmaDrmService(  578): Language changed!!!!!!
02-03 22:33:06.540 D/ADDRESS_CACHE_MONITOR( 1039): Address cache monitor created and armed
02-03 22:33:07.671 D/Bitmap  ( 1039): Detect unrecycled bitmap.
02-03 22:33:07.671 D/Bitmap  ( 1039):       Size: 181476 Bytes, Width: 213 , Height: 213 , Hash code: 1079335616
02-03 22:33:07.671 D/Bitmap  ( 1039):  This bimap was created in:
02-03 22:33:07.671 D/Bitmap  ( 1039):       android.graphics.Bitmap.<init>(Bitmap.java:136)
02-03 22:33:07.671 D/Bitmap  ( 1039):       android.graphics.Bitmap.nativeCreate(Native Method)
02-03 22:33:07.671 D/Bitmap  ( 1039):       android.graphics.Bitmap.createBitmap(Bitmap.java:547)
02-03 22:33:07.671 D/Bitmap  ( 1039):       la.droid.zxing.h.b(Unknown Source)
02-03 22:33:07.671 D/Bitmap  ( 1039):       la.droid.zxing.b.handleMessage(Unknown Source)
02-03 22:33:07.671 D/Bitmap  ( 1039):       android.os.Handler.dispatchMessage(Handler.java:99)
02-03 22:33:07.671 D/Bitmap  ( 1039):       android.os.Looper.loop(Looper.java:130)
02-03 22:33:07.671 D/Bitmap  ( 1039):       la.droid.zxing.d.run(Unknown Source)
02-03 22:33:07.671 D/Bitmap  ( 1039): _
02-03 22:33:08.702 I/Ads     ( 1039): To get test ads on this device, call adRequest.addTestDevice("4AC4B14AE033023AEF573890DD86006E");
02-03 22:33:08.762 E/AudioFlinger(  115): processConfigEvents() remaining events 1
02-03 22:33:08.772 I/Ads     ( 1039): adRequestUrlHtml: <html><head><script src="http://www.gstatic.com/afma/sdk-core-v40.js"></script><script>AFMA_buildAdURL({"preqs":0,"u_sd":1,"slotname":"a14f08741e4468a","u_h":480,"u_w":320,"msid":"la.droid.qr","js":"afma-sdk-a-v4.1.1","isu":"4AC4B14AE033023AEF573890DD86006E","format":"320x50_mb","net":"ed","app_name":"412.android.la.droid.qr","u_audio":1,"hl":"en"});</script></head><body></body></html>
02-03 22:33:08.782 D/KeyguardViewMediator(  257): setHidden false
02-03 22:33:08.792 D/KeyguardViewMediator(  257): setHidden false
02-03 22:33:08.792 D/KeyguardViewMediator(  257): setHidden false
02-03 22:33:08.802 D/ADDRESS_CACHE_MONITOR( 1039): network (mobile) is connected
02-03 22:33:08.802 D/ADDRESS_CACHE_MONITOR( 1039): clearing address cache
02-03 22:33:08.822 D/KeyguardViewMediator(  257): setHidden false
02-03 22:33:08.832 I/ActivityManager(  257): Displayed la.droid.qr/.LeerQr: +2s971ms
02-03 22:33:08.892 D/KeyguardViewMediator(  257): setHidden false
02-03 22:33:08.892 D/KeyguardViewMediator(  257): setHidden false
02-03 22:33:08.892 D/KeyguardViewMediator(  257): setHidden false
02-03 22:33:08.902 E/CallbackProxy( 1039): mLatestProgress 10 newProgress 10
02-03 22:33:08.902 E/CallbackProxy( 1039): 2! mLatestProgress 10 newProgress 10
02-03 22:33:08.912 D/KeyguardViewMediator(  257): setHidden false
02-03 22:33:08.912 D/KeyguardViewMediator(  257): setHidden false
02-03 22:33:08.922 E/CallbackProxy( 1039): mLatestProgress 10 newProgress 10
02-03 22:33:08.922 E/CallbackProxy( 1039): 2! mLatestProgress 10 newProgress 10
02-03 22:33:08.922 E/FrameLoader( 1039): the m_inputAC is :null
02-03 22:33:08.922 E/FrameLoader( 1039): the m_inputUA is :null
02-03 22:33:08.922 E/FrameLoader( 1039): the m_inputPROF is :null
02-03 22:33:08.942 D/KeyguardViewMediator(  257): setHidden false
02-03 22:33:08.963 D/KeyguardViewMediator(  257): setHidden false
02-03 22:33:08.963 D/PowerManagerService(  257): UnPartial  wakeLock  reactivate ,flags=0xa tag=KEEP_SCREEN_ON_FLAG
02-03 22:33:08.963 D/PowerManagerService(  257): releaseWakeLock flags=0xa tag=KEEP_SCREEN_ON_FLAG
02-03 22:33:09.363 I/DATA    (  343): [DCT(0) ] onDataCallListChanged:
02-03 22:33:09.363 I/DATA    (  343): [DCT(0) ] ---dc state list---
02-03 22:33:09.373 I/DATA    (  343): [DCT(0) ] DataCallState: { cid: 0, active: 2, type: , apn: , address: 70.14.58.237 }
02-03 22:33:09.373 I/DATA    (  343): [DCT(0) ] ---dc list---
02-03 22:33:09.373 I/DATA    (  343): [DCT(0) ] cid = 0, state = DcActiveState, bearerType = IP, ipaddress = 70.14.58.237, gw=70.14.58.238, dns=[68.28.67.132, 68.28.68.132]
02-03 22:33:10.184 E/CallbackProxy( 1039): mLatestProgress 19 newProgress 19
02-03 22:33:10.184 E/CallbackProxy( 1039): 2! mLatestProgress 19 newProgress 19
02-03 22:33:10.214 E/CallbackProxy( 1039): mLatestProgress 24 newProgress 24
02-03 22:33:10.214 E/CallbackProxy( 1039): 2! mLatestProgress 24 newProgress 24
02-03 22:33:10.264 E/CallbackProxy( 1039): mLatestProgress 28 newProgress 28
02-03 22:33:10.264 E/CallbackProxy( 1039): 2! mLatestProgress 28 newProgress 28
02-03 22:33:10.274 E/CallbackProxy( 1039): mLatestProgress 32 newProgress 32
02-03 22:33:10.274 E/CallbackProxy( 1039): 2! mLatestProgress 32 newProgress 32
02-03 22:33:11.125 D/KeyguardViewMediator(  257): setHidden false
02-03 22:33:11.145 D/PhoneApp(  343): updateProximitySensorMode: state = IDLE
02-03 22:33:11.145 D/PhoneApp(  343): updateProximitySensorMode: lock already released.
02-03 22:33:11.165 D/KeyguardViewMediator(  257): setHidden false
02-03 22:33:11.165 D/KeyguardViewMediator(  257): setHidden false
02-03 22:33:11.185 D/KeyguardViewMediator(  257): setHidden false
02-03 22:33:11.205 D/KeyguardViewMediator(  257): setHidden false
02-03 22:33:11.215 D/KeyguardViewMediator(  257): setHidden false
02-03 22:33:11.215 D/KeyguardViewMediator(  257): setHidden false
02-03 22:33:11.225 D/KeyguardViewMediator(  257): setHidden false
02-03 22:33:11.235 D/KeyguardViewMediator(  257): setHidden false
02-03 22:33:11.325 D/KeyguardViewMediator(  257): setHidden false
02-03 22:33:11.465 D/KeyguardViewMediator(  257): setHidden false
02-03 22:33:11.465 D/KeyguardViewMediator(  257): setHidden false
02-03 22:33:11.575 W/webcore ( 1039): Can't get the viewWidth after the first layout
02-03 22:33:11.575 E/CallbackProxy( 1039): mLatestProgress 100 newProgress 100
02-03 22:33:11.575 E/CallbackProxy( 1039): 2! mLatestProgress 100 newProgress 100
02-03 22:33:11.685 E/CallbackProxy( 1039): mLatestProgress 10 newProgress 10
02-03 22:33:11.685 E/CallbackProxy( 1039): 2! mLatestProgress 10 newProgress 10
02-03 22:33:11.685 E/CallbackProxy( 1039): mLatestProgress 100 newProgress 100
02-03 22:33:11.685 E/CallbackProxy( 1039): 2! mLatestProgress 100 newProgress 100
02-03 22:33:11.745 I/Ads     ( 1039): Received ad url: <"url": "http://googleads.g.doubleclick.net:80/mads/gma?preqs=0&u_sd=1&slotname=a14f08741e4468a&u_h=480&u_w=320&msid=la.droid.qr&js=afma-sdk-a-v4.1.1&isu=4AC4B14AE033023AEF573890DD86006E&format=320x50_mb&net=ed&app_name=412.android.la.droid.qr&u_audio=1&hl=en&u_so=p&output=html&region=mobile_app&u_tz=360&ex=1&client_sdk=1&caps=SdkAdmobApiForAds&jsv=3", "afmaNotifyDt": "null">
02-03 22:33:11.785 D/OmaDrmReceiver(  578): android.intent.action.CONFIGURATION_CHANGED
02-03 22:33:11.855 I/OmaDrmService(  578): Language changed!!!!!!
02-03 22:33:12.446 D/PhoneApp(  343): updateProximitySensorMode: state = IDLE
02-03 22:33:12.446 D/PhoneApp(  343): updateProximitySensorMode: lock already released.
02-03 22:33:12.466 D/KeyguardViewMediator(  257): setHidden false
02-03 22:33:12.496 D/KeyguardViewMediator(  257): setHidden false
02-03 22:33:12.496 D/KeyguardViewMediator(  257): setHidden false
02-03 22:33:12.526 D/KeyguardViewMediator(  257): setHidden false
02-03 22:33:12.536 D/KeyguardViewMediator(  257): setHidden false
02-03 22:33:12.546 D/KeyguardViewMediator(  257): setHidden false
02-03 22:33:12.566 D/KeyguardViewMediator(  257): setHidden false
02-03 22:33:12.576 D/KeyguardViewMediator(  257): setHidden false
02-03 22:33:12.576 D/KeyguardViewMediator(  257): setHidden false
02-03 22:33:12.596 D/KeyguardViewMediator(  257): setHidden false
02-03 22:33:12.686 D/KeyguardViewMediator(  257): setHidden false
02-03 22:33:12.696 D/KeyguardViewMediator(  257): setHidden false
02-03 22:33:12.726 D/OmaDrmReceiver(  578): android.intent.action.CONFIGURATION_CHANGED
02-03 22:33:12.726 I/OmaDrmService(  578): Language changed!!!!!!
02-03 22:33:12.936 E/CallbackProxy( 1039): mLatestProgress 10 newProgress 10
02-03 22:33:12.936 E/CallbackProxy( 1039): 2! mLatestProgress 10 newProgress 10
02-03 22:33:12.966 E/FrameLoader( 1039): the m_inputAC is :null
02-03 22:33:12.966 E/FrameLoader( 1039): the m_inputUA is :null
02-03 22:33:12.966 E/FrameLoader( 1039): the m_inputPROF is :null
02-03 22:33:12.976 E/CallbackProxy( 1039): mLatestProgress 20 newProgress 20
02-03 22:33:12.976 E/CallbackProxy( 1039): 2! mLatestProgress 20 newProgress 20
02-03 22:33:13.187 W/webcore ( 1039): Can't get the viewWidth after the first layout
02-03 22:33:14.818 E/CallbackProxy( 1039): mLatestProgress 22 newProgress 22
02-03 22:33:14.818 E/CallbackProxy( 1039): 2! mLatestProgress 22 newProgress 22
02-03 22:33:14.818 E/CallbackProxy( 1039): mLatestProgress 100 newProgress 100
02-03 22:33:14.818 E/CallbackProxy( 1039): 2! mLatestProgress 100 newProgress 100
02-03 22:33:14.818 I/Ads     ( 1039): onReceiveAd()
02-03 22:33:19.132 D/KeyguardViewMediator(  257): setHidden false
02-03 22:33:19.142 D/KeyguardViewMediator(  257): setHidden false
02-03 22:33:19.192 D/KeyguardViewMediator(  257): setHidden false
02-03 22:33:19.202 D/KeyguardViewMediator(  257): setHidden false
02-03 22:33:19.213 I/hubo    (  257): Activity {com.android.browser/com.android.browser.BrowserActivity}
02-03 22:33:19.213 D/KeyguardViewMediator(  257): setHidden false
02-03 22:33:19.233 D/KeyguardViewMediator(  257): setHidden false
02-03 22:33:19.243 D/KeyguardViewMediator(  257): setHidden false
02-03 22:33:19.263 D/KeyguardViewMediator(  257): setHidden false
02-03 22:33:19.293 I/ActivityThread( 1133): Pub browser: com.android.browser.BrowserProvider
02-03 22:33:19.293 D/KeyguardViewMediator(  257): setHidden false
02-03 22:33:19.303 D/KeyguardViewMediator(  257): setHidden false
02-03 22:33:19.323 D/KeyguardViewMediator(  257): setHidden false
02-03 22:33:19.333 D/KeyguardViewMediator(  257): setHidden false
02-03 22:33:19.353 D/KeyguardViewMediator(  257): setHidden false
02-03 22:33:19.373 D/KeyguardViewMediator(  257): setHidden false
02-03 22:33:19.463 E/setMaxRedirectCount( 1133): the MAX_REDIRECT_COUNT had been set to :20
02-03 22:33:19.473 I/BrowserSettings( 1133): Selected search engine: ActivitySearchEngine{android.app.SearchableInfo@4059cdd0}
02-03 22:33:19.483 E/syncSharedPreferences( 1133): The accept_cache is false
02-03 22:33:19.483 E/setmCacheDisabled( 1133): 1
02-03 22:33:19.733 D/ADDRESS_CACHE_MONITOR( 1133): Address cache monitor created and armed
02-03 22:33:19.783 D/ADDRESS_CACHE_MONITOR( 1133): network (mobile) is connected
02-03 22:33:19.783 D/ADDRESS_CACHE_MONITOR( 1133): clearing address cache
02-03 22:33:19.783 E/browser ( 1133): onPageStarted,mIsNetworkUp=true
02-03 22:33:19.783 E/browser ( 1133): onNetworkToggle,up=true
02-03 22:33:19.803 D/KeyguardViewMediator(  257): setHidden false
02-03 22:33:19.803 E/FrameLoader( 1133): the m_inputAC is :null
02-03 22:33:19.803 E/FrameLoader( 1133): the m_inputUA is :null
02-03 22:33:19.803 E/FrameLoader( 1133): the m_inputPROF is :null
02-03 22:33:19.843 D/KeyguardViewMediator(  257): setHidden false
02-03 22:33:19.853 D/InputManagerService(  257): windowGainedFocus, call client.setActive(false)
02-03 22:33:19.863 D/KeyguardViewMediator(  257): setHidden false
02-03 22:33:19.883 D/KeyguardViewMediator(  257): setHidden false
02-03 22:33:19.883 D/KeyguardViewMediator(  257): setHidden false
02-03 22:33:19.893 I/ActivityManager(  257): Displayed com.android.browser/.BrowserActivity: +745ms
02-03 22:33:19.893 D/KeyguardViewMediator(  257): setHidden false
02-03 22:33:19.903 D/KeyguardViewMediator(  257): setHidden false
02-03 22:33:19.903 D/KeyguardViewMediator(  257): setHidden false
02-03 22:33:19.923 D/KeyguardViewMediator(  257): setHidden false
02-03 22:33:19.933 D/KeyguardViewMediator(  257): setHidden false
02-03 22:33:19.943 D/FlurryAgent( 1039): Ending session
02-03 22:33:19.953 D/KeyguardViewMediator(  257): setHidden false
02-03 22:33:19.953 D/KeyguardViewMediator(  257): setHidden false
02-03 22:33:19.963 D/KeyguardViewMediator(  257): setHidden false
02-03 22:33:19.983 D/KeyguardViewMediator(  257): setHidden false
02-03 22:33:20.003 D/KeyguardViewMediator(  257): setHidden false
02-03 22:33:20.013 D/KeyguardViewMediator(  257): setHidden false
02-03 22:33:20.033 D/KeyguardViewMediator(  257): setHidden false
02-03 22:33:20.053 D/KeyguardViewMediator(  257): setHidden false
02-03 22:33:20.063 D/KeyguardViewMediator(  257): setHidden false
02-03 22:33:20.083 D/KeyguardViewMediator(  257): setHidden false
02-03 22:33:20.093 D/KeyguardViewMediator(  257): setHidden false
02-03 22:33:20.113 D/KeyguardViewMediator(  257): setHidden false
02-03 22:33:20.133 D/KeyguardViewMediator(  257): setHidden false
02-03 22:33:20.153 D/KeyguardViewMediator(  257): setHidden false
02-03 22:33:20.163 D/KeyguardViewMediator(  257): setHidden false
02-03 22:33:20.183 D/KeyguardViewMediator(  257): setHidden false
02-03 22:33:20.193 D/KeyguardViewMediator(  257): setHidden false
02-03 22:33:20.213 D/KeyguardViewMediator(  257): setHidden false
02-03 22:33:20.223 D/KeyguardViewMediator(  257): setHidden false
02-03 22:33:20.233 D/KeyguardViewMediator(  257): setHidden false
02-03 22:33:20.244 D/KeyguardViewMediator(  257): setHidden false
02-03 22:33:20.264 D/KeyguardViewMediator(  257): setHidden false
02-03 22:33:20.284 D/KeyguardViewMediator(  257): setHidden false
02-03 22:33:20.304 D/KeyguardViewMediator(  257): setHidden false
02-03 22:33:20.314 D/KeyguardViewMediator(  257): setHidden false
02-03 22:33:20.654 E/browser ( 1133): onPageStarted,mIsNetworkUp=true
02-03 22:33:21.034 I/dun_service(  123): The value returned from dun_getusbmodemstate_fromsys is 2 
02-03 22:33:21.034 D/KeyguardUpdateMonitor(  257): received broadcast android.intent.action.BATTERY_CHANGED
02-03 22:33:21.034 D/KeyguardUpdateMonitor(  257): handleBatteryUpdate
02-03 22:33:21.305 E/FrameLoader( 1133): the m_inputAC is :null
02-03 22:33:21.305 E/FrameLoader( 1133): the m_inputUA is :null
02-03 22:33:21.305 E/FrameLoader( 1133): the m_inputPROF is :null
02-03 22:33:22.055 E/FrameLoader( 1133): the m_inputAC is :null
02-03 22:33:22.055 E/FrameLoader( 1133): the m_inputUA is :null
02-03 22:33:22.055 E/FrameLoader( 1133): the m_inputPROF is :null
02-03 22:33:22.656 E/FrameLoader( 1133): the m_inputAC is :null
02-03 22:33:22.656 E/FrameLoader( 1133): the m_inputUA is :null
02-03 22:33:22.656 E/FrameLoader( 1133): the m_inputPROF is :null
02-03 22:33:22.806 E/FrameLoader( 1133): the m_inputAC is :null
02-03 22:33:22.806 E/FrameLoader( 1133): the m_inputUA is :null
02-03 22:33:22.806 E/FrameLoader( 1133): the m_inputPROF is :null
02-03 22:33:23.186 E/CallbackProxy( 1133): 2! mLatestProgress 78 newProgress 78
02-03 22:33:23.236 D/KeyguardViewMediator(  257): setHidden false
02-03 22:33:23.246 D/KeyguardViewMediator(  257): setHidden false
02-03 22:33:23.337 E/browser ( 1133): onPageStarted,mIsNetworkUp=true
02-03 22:33:23.367 D/KeyguardViewMediator(  257): setHidden false
02-03 22:33:23.387 E/FrameLoader( 1133): the m_inputAC is :null
02-03 22:33:23.397 E/FrameLoader( 1133): the m_inputUA is :null
02-03 22:33:23.397 E/FrameLoader( 1133): the m_inputPROF is :null
02-03 22:33:23.407 D/KeyguardViewMediator(  257): setHidden false
02-03 22:33:23.407 D/KeyguardViewMediator(  257): setHidden false
02-03 22:33:24.057 E/browser ( 1133): onPageStarted,mIsNetworkUp=true
02-03 22:33:27.220 E/FrameLoader( 1133): the m_inputAC is :null
02-03 22:33:27.220 E/FrameLoader( 1133): the m_inputUA is :null
02-03 22:33:27.220 E/FrameLoader( 1133): the m_inputPROF is :null
02-03 22:33:27.230 E/FrameLoader( 1133): the m_inputAC is :null
02-03 22:33:27.230 E/FrameLoader( 1133): the m_inputUA is :null
02-03 22:33:27.230 E/FrameLoader( 1133): the m_inputPROF is :null
02-03 22:33:27.240 E/FrameLoader( 1133): the m_inputAC is :null
02-03 22:33:27.240 E/FrameLoader( 1133): the m_inputUA is :null
02-03 22:33:27.240 E/FrameLoader( 1133): the m_inputPROF is :null
02-03 22:33:27.541 E/FrameLoader( 1133): the m_inputAC is :null
02-03 22:33:27.541 E/FrameLoader( 1133): the m_inputUA is :null
02-03 22:33:27.541 E/FrameLoader( 1133): the m_inputPROF is :null
02-03 22:33:27.551 E/FrameLoader( 1133): the m_inputAC is :null
02-03 22:33:27.551 E/FrameLoader( 1133): the m_inputUA is :null
02-03 22:33:27.551 E/FrameLoader( 1133): the m_inputPROF is :null
02-03 22:33:27.561 E/FrameLoader( 1133): the m_inputAC is :null
02-03 22:33:27.561 E/FrameLoader( 1133): the m_inputUA is :null
02-03 22:33:27.561 E/FrameLoader( 1133): the m_inputPROF is :null
02-03 22:33:27.561 E/FrameLoader( 1133): the m_inputAC is :null
02-03 22:33:27.561 E/FrameLoader( 1133): the m_inputUA is :null
02-03 22:33:27.571 E/FrameLoader( 1133): the m_inputPROF is :null
02-03 22:33:27.571 E/FrameLoader( 1133): the m_inputAC is :null
02-03 22:33:27.571 E/FrameLoader( 1133): the m_inputUA is :null
02-03 22:33:27.571 E/FrameLoader( 1133): the m_inputPROF is :null
02-03 22:33:27.571 E/FrameLoader( 1133): the m_inputAC is :null
02-03 22:33:27.571 E/FrameLoader( 1133): the m_inputUA is :null
02-03 22:33:27.571 E/FrameLoader( 1133): the m_inputPROF is :null
02-03 22:33:27.581 E/FrameLoader( 1133): the m_inputAC is :null
02-03 22:33:27.581 E/FrameLoader( 1133): the m_inputUA is :null
02-03 22:33:27.581 E/FrameLoader( 1133): the m_inputPROF is :null
02-03 22:33:27.591 E/FrameLoader( 1133): the m_inputAC is :null
02-03 22:33:27.591 E/FrameLoader( 1133): the m_inputUA is :null
02-03 22:33:27.591 E/FrameLoader( 1133): the m_inputPROF is :null
02-03 22:33:27.591 E/FrameLoader( 1133): the m_inputAC is :null
02-03 22:33:27.591 E/FrameLoader( 1133): the m_inputUA is :null
02-03 22:33:27.601 E/FrameLoader( 1133): the m_inputPROF is :null
02-03 22:33:27.611 E/FrameLoader( 1133): the m_inputAC is :null
02-03 22:33:27.611 E/FrameLoader( 1133): the m_inputUA is :null
02-03 22:33:27.611 E/FrameLoader( 1133): the m_inputPROF is :null
02-03 22:33:27.611 E/FrameLoader( 1133): the m_inputAC is :null
02-03 22:33:27.611 E/FrameLoader( 1133): the m_inputUA is :null
02-03 22:33:27.611 E/FrameLoader( 1133): the m_inputPROF is :null
02-03 22:33:27.621 E/FrameLoader( 1133): the m_inputAC is :null
02-03 22:33:27.621 E/FrameLoader( 1133): the m_inputUA is :null
02-03 22:33:27.621 E/FrameLoader( 1133): the m_inputPROF is :null
02-03 22:33:27.621 E/FrameLoader( 1133): the m_inputAC is :null
02-03 22:33:27.631 E/FrameLoader( 1133): the m_inputUA is :null
02-03 22:33:27.631 E/FrameLoader( 1133): the m_inputPROF is :null
02-03 22:33:27.631 E/FrameLoader( 1133): the m_inputAC is :null
02-03 22:33:27.631 E/FrameLoader( 1133): the m_inputUA is :null
02-03 22:33:27.631 E/FrameLoader( 1133): the m_inputPROF is :null
02-03 22:33:27.641 E/FrameLoader( 1133): the m_inputAC is :null
02-03 22:33:27.641 E/FrameLoader( 1133): the m_inputUA is :null
02-03 22:33:27.641 E/FrameLoader( 1133): the m_inputPROF is :null
02-03 22:33:27.641 E/FrameLoader( 1133): the m_inputAC is :null
02-03 22:33:27.641 E/FrameLoader( 1133): the m_inputUA is :null
02-03 22:33:27.641 E/FrameLoader( 1133): the m_inputPROF is :null
02-03 22:33:27.671 E/FrameLoader( 1133): the m_inputAC is :null
02-03 22:33:27.671 E/FrameLoader( 1133): the m_inputUA is :null
02-03 22:33:27.671 E/FrameLoader( 1133): the m_inputPROF is :null
02-03 22:33:27.671 E/FrameLoader( 1133): the m_inputAC is :null
02-03 22:33:27.671 E/FrameLoader( 1133): the m_inputUA is :null
02-03 22:33:27.671 E/FrameLoader( 1133): the m_inputPROF is :null
02-03 22:33:27.671 E/FrameLoader( 1133): the m_inputAC is :null
02-03 22:33:27.671 E/FrameLoader( 1133): the m_inputUA is :null
02-03 22:33:27.671 E/FrameLoader( 1133): the m_inputPROF is :null
02-03 22:33:27.691 E/FrameLoader( 1133): the m_inputAC is :null
02-03 22:33:27.691 E/FrameLoader( 1133): the m_inputUA is :null
02-03 22:33:27.691 E/FrameLoader( 1133): the m_inputPROF is :null
02-03 22:33:27.701 E/FrameLoader( 1133): the m_inputAC is :null
02-03 22:33:27.701 E/FrameLoader( 1133): the m_inputUA is :null
02-03 22:33:27.701 E/FrameLoader( 1133): the m_inputPROF is :null
02-03 22:33:27.711 E/FrameLoader( 1133): the m_inputAC is :null
02-03 22:33:27.711 E/FrameLoader( 1133): the m_inputUA is :null
02-03 22:33:27.711 E/FrameLoader( 1133): the m_inputPROF is :null
02-03 22:33:27.711 E/FrameLoader( 1133): the m_inputAC is :null
02-03 22:33:27.731 E/FrameLoader( 1133): the m_inputUA is :null
02-03 22:33:27.731 E/FrameLoader( 1133): the m_inputPROF is :null
02-03 22:33:27.731 E/FrameLoader( 1133): the m_inputAC is :null
02-03 22:33:27.731 E/FrameLoader( 1133): the m_inputUA is :null
02-03 22:33:27.731 E/FrameLoader( 1133): the m_inputPROF is :null
02-03 22:33:27.731 E/FrameLoader( 1133): the m_inputAC is :null
02-03 22:33:27.731 E/FrameLoader( 1133): the m_inputUA is :null
02-03 22:33:27.731 E/FrameLoader( 1133): the m_inputPROF is :null
02-03 22:33:27.751 E/FrameLoader( 1133): the m_inputAC is :null
02-03 22:33:27.751 E/FrameLoader( 1133): the m_inputUA is :null
02-03 22:33:27.751 E/FrameLoader( 1133): the m_inputPROF is :null
02-03 22:33:27.891 E/FrameLoader( 1133): the m_inputAC is :null
02-03 22:33:27.891 E/FrameLoader( 1133): the m_inputUA is :null
02-03 22:33:27.891 E/FrameLoader( 1133): the m_inputPROF is :null
02-03 22:33:27.911 E/FrameLoader( 1133): the m_inputAC is :null
02-03 22:33:27.911 E/FrameLoader( 1133): the m_inputUA is :null
02-03 22:33:27.911 E/FrameLoader( 1133): the m_inputPROF is :null
02-03 22:33:27.941 E/FrameLoader( 1133): the m_inputAC is :null
02-03 22:33:27.941 E/FrameLoader( 1133): the m_inputUA is :null
02-03 22:33:27.941 E/FrameLoader( 1133): the m_inputPROF is :null
02-03 22:33:28.021 E/CallbackProxy( 1133): 2! mLatestProgress 50 newProgress 50
02-03 22:33:28.281 E/FrameLoader( 1133): the m_inputAC is :null
02-03 22:33:28.281 E/FrameLoader( 1133): the m_inputUA is :null
02-03 22:33:28.281 E/FrameLoader( 1133): the m_inputPROF is :null
02-03 22:33:28.361 E/FrameLoader( 1133): the m_inputAC is :null
02-03 22:33:28.361 E/FrameLoader( 1133): the m_inputUA is :null
02-03 22:33:28.361 E/FrameLoader( 1133): the m_inputPROF is :null
02-03 22:33:29.022 E/FrameLoader( 1133): the m_inputAC is :null
02-03 22:33:29.022 E/FrameLoader( 1133): the m_inputUA is :null
02-03 22:33:29.022 E/FrameLoader( 1133): the m_inputPROF is :null
02-03 22:33:29.422 E/FrameLoader( 1133): the m_inputAC is :null
02-03 22:33:29.422 E/FrameLoader( 1133): the m_inputUA is :null
02-03 22:33:29.422 E/FrameLoader( 1133): the m_inputPROF is :null
02-03 22:33:29.633 E/CallbackProxy( 1133): 2! mLatestProgress 88 newProgress 88
02-03 22:33:29.663 E/FrameLoader( 1133): the m_inputAC is :null
02-03 22:33:29.663 E/FrameLoader( 1133): the m_inputUA is :null
02-03 22:33:29.663 E/FrameLoader( 1133): the m_inputPROF is :null
02-03 22:33:29.673 E/FrameLoader( 1133): the m_inputAC is :null
02-03 22:33:29.673 E/FrameLoader( 1133): the m_inputUA is :null
02-03 22:33:29.673 E/FrameLoader( 1133): the m_inputPROF is :null
02-03 22:33:29.673 E/FrameLoader( 1133): the m_inputAC is :null
02-03 22:33:29.673 E/FrameLoader( 1133): the m_inputUA is :null
02-03 22:33:29.673 E/FrameLoader( 1133): the m_inputPROF is :null
02-03 22:33:29.673 E/FrameLoader( 1133): the m_inputAC is :null
02-03 22:33:29.683 E/FrameLoader( 1133): the m_inputUA is :null
02-03 22:33:29.683 E/FrameLoader( 1133): the m_inputPROF is :null
02-03 22:33:29.683 E/FrameLoader( 1133): the m_inputAC is :null
02-03 22:33:29.683 E/FrameLoader( 1133): the m_inputUA is :null
02-03 22:33:29.683 E/FrameLoader( 1133): the m_inputPROF is :null
02-03 22:33:29.683 E/FrameLoader( 1133): the m_inputAC is :null
02-03 22:33:29.683 E/FrameLoader( 1133): the m_inputUA is :null
02-03 22:33:29.683 E/FrameLoader( 1133): the m_inputPROF is :null
02-03 22:33:29.683 E/FrameLoader( 1133): the m_inputAC is :null
02-03 22:33:29.683 E/FrameLoader( 1133): the m_inputUA is :null
02-03 22:33:29.683 E/FrameLoader( 1133): the m_inputPROF is :null
02-03 22:33:29.713 E/FrameLoader( 1133): the m_inputAC is :null
02-03 22:33:29.713 E/FrameLoader( 1133): the m_inputUA is :null
02-03 22:33:29.713 E/FrameLoader( 1133): the m_inputPROF is :null
02-03 22:33:29.713 E/FrameLoader( 1133): the m_inputAC is :null
02-03 22:33:29.713 E/FrameLoader( 1133): the m_inputUA is :null
02-03 22:33:29.713 E/FrameLoader( 1133): the m_inputPROF is :null
02-03 22:33:29.723 E/FrameLoader( 1133): the m_inputAC is :null
02-03 22:33:29.723 E/FrameLoader( 1133): the m_inputUA is :null
02-03 22:33:29.723 E/FrameLoader( 1133): the m_inputPROF is :null
02-03 22:33:29.743 E/FrameLoader( 1133): the m_inputAC is :null
02-03 22:33:29.743 E/FrameLoader( 1133): the m_inputUA is :null
02-03 22:33:29.743 E/FrameLoader( 1133): the m_inputPROF is :null
02-03 22:33:29.743 E/FrameLoader( 1133): the m_inputAC is :null
02-03 22:33:29.743 E/FrameLoader( 1133): the m_inputUA is :null
02-03 22:33:29.743 E/FrameLoader( 1133): the m_inputPROF is :null
02-03 22:33:29.743 E/FrameLoader( 1133): the m_inputAC is :null
02-03 22:33:29.743 E/FrameLoader( 1133): the m_inputUA is :null
02-03 22:33:29.743 E/FrameLoader( 1133): the m_inputPROF is :null
02-03 22:33:29.753 E/FrameLoader( 1133): the m_inputAC is :null
02-03 22:33:29.753 E/FrameLoader( 1133): the m_inputUA is :null
02-03 22:33:29.753 E/FrameLoader( 1133): the m_inputPROF is :null
02-03 22:33:29.773 E/FrameLoader( 1133): the m_inputAC is :null
02-03 22:33:29.773 E/FrameLoader( 1133): the m_inputUA is :null
02-03 22:33:29.773 E/FrameLoader( 1133): the m_inputPROF is :null
02-03 22:33:29.803 E/CallbackProxy( 1133): 2! mLatestProgress 88 newProgress 88
02-03 22:33:29.813 E/FrameLoader( 1133): the m_inputAC is :null
02-03 22:33:29.813 E/FrameLoader( 1133): the m_inputUA is :null
02-03 22:33:29.813 E/FrameLoader( 1133): the m_inputPROF is :null
02-03 22:33:29.823 E/FrameLoader( 1133): the m_inputAC is :null
02-03 22:33:29.823 E/FrameLoader( 1133): the m_inputUA is :null
02-03 22:33:29.823 E/FrameLoader( 1133): the m_inputPROF is :null
02-03 22:33:29.963 D/FlurryAgent( 1039): generating report
02-03 22:33:29.963 D/FlurryAgent( 1039): Sending report to: http://data.flurry.com/aap.do
02-03 22:33:30.293 D/FlurryAgent( 1039): Report successful
02-03 22:33:30.293 D/FlurryAgent( 1039): Processing report response
02-03 22:33:30.303 D/FlurryAgent( 1039): Done sending agent report
02-03 22:33:31.334 E/FrameLoader( 1133): the m_inputAC is :null
02-03 22:33:31.334 E/FrameLoader( 1133): the m_inputUA is :null
02-03 22:33:31.334 E/FrameLoader( 1133): the m_inputPROF is :null
02-03 22:33:31.555 E/CallbackProxy( 1133): 2! mLatestProgress 89 newProgress 89
02-03 22:33:34.868 D/KeyguardViewMediator(  257): setHidden false
02-03 22:33:34.908 D/KeyguardViewMediator(  257): setHidden false
02-03 22:33:34.918 D/KeyguardViewMediator(  257): setHidden false
02-03 22:33:34.918 D/KeyguardViewMediator(  257): setHidden false
02-03 22:33:34.928 D/KeyguardViewMediator(  257): setHidden false
02-03 22:33:34.948 D/KeyguardViewMediator(  257): setHidden false
02-03 22:33:34.978 D/KeyguardViewMediator(  257): setHidden false
02-03 22:33:34.988 D/KeyguardViewMediator(  257): setHidden false
02-03 22:33:35.008 D/KeyguardViewMediator(  257): setHidden false
02-03 22:33:35.018 D/KeyguardViewMediator(  257): setHidden false
02-03 22:33:35.028 D/KeyguardViewMediator(  257): setHidden false
02-03 22:33:35.058 D/KeyguardViewMediator(  257): setHidden false
02-03 22:33:35.068 D/KeyguardViewMediator(  257): setHidden false
02-03 22:33:35.088 D/KeyguardViewMediator(  257): setHidden false
02-03 22:33:35.098 D/KeyguardViewMediator(  257): setHidden false
02-03 22:33:35.118 D/KeyguardViewMediator(  257): setHidden false
02-03 22:33:35.138 D/KeyguardViewMediator(  257): setHidden false
02-03 22:33:35.148 D/KeyguardViewMediator(  257): setHidden false
02-03 22:33:35.168 D/KeyguardViewMediator(  257): setHidden false
02-03 22:33:35.188 D/KeyguardViewMediator(  257): setHidden false
02-03 22:33:35.198 D/KeyguardViewMediator(  257): setHidden false
02-03 22:33:35.218 D/KeyguardViewMediator(  257): setHidden false
02-03 22:33:35.238 D/KeyguardViewMediator(  257): setHidden false
02-03 22:33:35.248 D/KeyguardViewMediator(  257): setHidden false
02-03 22:33:35.268 D/KeyguardViewMediator(  257): setHidden false
02-03 22:33:35.288 D/KeyguardViewMediator(  257): setHidden false
02-03 22:33:35.298 D/KeyguardViewMediator(  257): setHidden false
02-03 22:33:35.318 D/KeyguardViewMediator(  257): setHidden false
02-03 22:33:35.338 D/KeyguardViewMediator(  257): setHidden false
02-03 22:33:38.101 I/vDM     (  462): KeyCode = 3
02-03 22:33:38.101 I/vDM     (  462): Vdmc getInstance
02-03 22:33:38.111 I/vDM     (  462): Vdmc getInstance
02-03 22:33:38.111 D/DMC     (  462): MyCIMMI getInstance
02-03 22:33:38.111 I/vDM     (  462): Vdmc getInstance
02-03 22:33:38.291 D/Launcher(  350): Closing system Dialogs 
02-03 22:33:38.291 D/KeyguardViewMediator(  257): setHidden false
02-03 22:33:38.301 D/KeyguardViewMediator(  257): setHidden false
02-03 22:33:38.301 D/Launcher(  350): onNewIntent()android.intent.action.MAIN
02-03 22:33:38.301 D/Launcher(  350): Closing system Dialogs 
02-03 22:33:38.311 I/hubo    (  257): Activity {com.android.launcher/com.android.launcher2.Launcher}
02-03 22:33:38.321 D/Warhol  (  350): A pack appears to be installed -- skipping Installer
02-03 22:33:38.331 D/KeyguardViewMediator(  257): setHidden false
02-03 22:33:38.341 D/KeyguardViewMediator(  257): setHidden false
02-03 22:33:38.361 D/Launcher.Model(  350): going to save icon bitmap for info=ShortcutInfo(title=Contacts)
02-03 22:33:38.371 D/Launcher.Model(  350): going to save icon bitmap for info=ShortcutInfo(title=Messaging)
02-03 22:33:38.391 I/vDM     (  462): KeyCode = 3
02-03 22:33:38.391 D/KeyguardViewMediator(  257): setHidden false
02-03 22:33:38.391 I/vDM     (  462): Vdmc getInstance
02-03 22:33:38.401 I/vDM     (  462): Vdmc getInstance
02-03 22:33:38.401 D/KeyguardViewMediator(  257): setHidden false
02-03 22:33:38.411 D/KeyguardViewMediator(  257): setHidden false
02-03 22:33:38.421 D/DMC     (  462): MyCIMMI getInstance
02-03 22:33:38.421 D/KeyguardViewMediator(  257): setHidden false
02-03 22:33:38.441 D/KeyguardViewMediator(  257): setHidden false
02-03 22:33:38.451 D/Launcher.Model(  350): going to save icon bitmap for info=ShortcutInfo(title=Market)
02-03 22:33:38.451 D/KeyguardViewMediator(  257): setHidden false
02-03 22:33:38.471 D/KeyguardViewMediator(  257): setHidden false
02-03 22:33:38.491 D/KeyguardViewMediator(  257): setHidden false
02-03 22:33:38.491 W/IInputConnectionWrapper( 1039): showStatusIcon on inactive InputConnection
02-03 22:33:38.501 I/vDM     (  462): Vdmc getInstance
02-03 22:33:38.501 D/KeyguardViewMediator(  257): setHidden false
02-03 22:33:38.521 D/KeyguardViewMediator(  257): setHidden false
02-03 22:33:38.541 D/KeyguardViewMediator(  257): setHidden false
02-03 22:33:38.551 D/KeyguardViewMediator(  257): setHidden false
02-03 22:33:38.571 D/KeyguardViewMediator(  257): setHidden false
02-03 22:33:38.581 D/KeyguardViewMediator(  257): setHidden false
02-03 22:33:38.581 D/KeyguardViewMediator(  257): setHidden false
02-03 22:33:38.601 D/KeyguardViewMediator(  257): setHidden false
02-03 22:33:38.621 D/KeyguardViewMediator(  257): setHidden false
02-03 22:33:38.641 D/KeyguardViewMediator(  257): setHidden false
02-03 22:33:38.651 D/KeyguardViewMediator(  257): setHidden false
02-03 22:33:38.671 D/KeyguardViewMediator(  257): setHidden false
02-03 22:33:38.681 D/KeyguardViewMediator(  257): setHidden false
02-03 22:33:38.702 D/KeyguardViewMediator(  257): setHidden false
02-03 22:33:38.712 D/KeyguardViewMediator(  257): setHidden false
02-03 22:33:38.742 D/KeyguardViewMediator(  257): setHidden false
02-03 22:33:38.762 D/KeyguardViewMediator(  257): setHidden false
02-03 22:33:38.782 D/KeyguardViewMediator(  257): setHidden false
02-03 22:33:38.792 D/KeyguardViewMediator(  257): setHidden false
02-03 22:33:38.812 D/KeyguardViewMediator(  257): setHidden false
02-03 22:33:38.832 D/KeyguardViewMediator(  257): setHidden false
02-03 22:33:38.842 D/KeyguardViewMediator(  257): setHidden false
02-03 22:33:38.872 D/KeyguardViewMediator(  257): setHidden false
02-03 22:33:38.892 D/KeyguardViewMediator(  257): setHidden false
02-03 22:33:38.902 D/KeyguardViewMediator(  257): setHidden false
02-03 22:33:38.922 D/KeyguardViewMediator(  257): setHidden false
02-03 22:33:39.382 D/KeyguardViewMediator(  257): setHidden false
02-03 22:33:39.432 D/KeyguardViewMediator(  257): setHidden false
02-03 22:33:39.572 I/vDM     (  462): KeyCode = 26
02-03 22:33:39.733 D/PowerManagerService(  257): Go to sleep-->
02-03 22:33:39.733 D/PowerManagerService(  257): setPowerState: mPowerState=0x3 newState=0x0 noChangeLights=false reason=2
02-03 22:33:39.773 I/vDM     (  462): KeyCode = 26
02-03 22:33:39.973 D/PowerManagerService(  257): acquireWakeLock flags=0x1 tag=sleep_broadcast
02-03 22:33:39.973 D/PowerManagerService(  257): Go to standby ,PARTIAL_WAKE_LOCK tag = Browser
02-03 22:33:39.973 D/PowerManagerService(  257): Go to standby ,PARTIAL_WAKE_LOCK tag = sleep_broadcast
02-03 22:33:39.973 D/KeyguardViewMediator(  257): onScreenTurnedOff(2)
02-03 22:33:39.973 D/lisha   (  257): isLockedOrMissing ***state.isPinLocked()=false***requireSim = true***state=READY
02-03 22:33:39.973 D/lisha   (  257): ***lockedOrMissing=false***provisioned=true
02-03 22:33:39.973 D/KeyguardViewMediator(  257): doKeyguard: showing the lock screen
02-03 22:33:39.973 D/KeyguardViewMediator(  257): showLocked
02-03 22:33:39.973 D/PowerManagerService(  257): acquireWakeLock flags=0x1 tag=show keyguard
02-03 22:33:39.973 D/KeyguardViewMediator(  257): handleShow
02-03 22:33:39.983 I/LockPatternKeyguardView(  257): updateLockscreenBackground
02-03 22:33:39.983 I/LockPatternKeyguardView(  257): setBackgroundDrawable
02-03 22:33:39.983 I/LockPatternKeyguardView(  257): file not found: etc/customize/default_lockscreen
02-03 22:33:39.983 E/Sensors (  257): [HAL]ready to call enable(Accelerometer,0),AAAAAAAA
02-03 22:33:39.983 E/Sensors (  257): [HAL]ECS_IOCTL_APP_SET_AFLAG 	success,flags = 0
02-03 22:33:39.983 E/Sensors (  257): [HAL]After {mEnabled &= ~(1<<what)},mEnabled = 0
02-03 22:33:39.983 E/Sensors (  257): [HAL]After {(newState)<<what)},mEnabled = 0
02-03 22:33:39.983 E/Sensors (  257): [HAL]Closed /dev/akm8962_aot in enable(Accelerometer,0),mEnable = 0
02-03 22:33:39.983 D/PowerManagerService(  257): acquireWakeLock flags=0x1 tag=ActivityManager-Sleep
02-03 22:33:40.003 D/Launcher(  350): onSaveInstanceState
02-03 22:33:40.003 D/Launcher(  350): Dissmis Preview for view :null ID:2131230735
02-03 22:33:40.003 D/Launcher(  350): Dissmis Preview for view :null ID:2131230736
02-03 22:33:40.003 D/Launcher(  350): Dissmis Preview for view :null ID:2131230739
02-03 22:33:40.003 D/Launcher(  350): Dissmis Preview for view :null ID:2131230741
02-03 22:33:40.073 D/PowerManagerService(  257): releaseWakeLock flags=0x1 tag=ActivityManager-Sleep
02-03 22:33:40.083 D/PowerManagerService(  257): acquireWakeLock flags=0x1 tag=RILJ
02-03 22:33:40.093 I/DATA    (  343): [DCT(0) ] intent received :android.intent.action.SCREEN_OFF
02-03 22:33:40.093 D/PowerManagerService(  257): releaseWakeLock flags=0x1 tag=RILJ
02-03 22:33:40.123 D/PowerManagerService(  257): releaseWakeLock flags=0x1 tag=sleep_broadcast
02-03 22:33:40.143 D/LockScreen(  257): initCarrierVisibility - mResId.length=2, mCarrier.length=1
02-03 22:33:40.163 D/LockScreen(  257): updateLayout: status=Normalsubscription=0
02-03 22:33:40.163 D/LockScreen(  257): Updating Lock Screen text to Ruim
02-03 22:33:40.173 D/LockPatternKeyguardView(  257): LockPatternKeyguardView ctor: about to createUnlockScreenFor; mEnableFallback=false
02-03 22:33:40.173 D/UnlockScreen(  257): *******mCreationOrientation = 1
02-03 22:33:40.253 D/Bitmap  (  257): Detect unrecycled bitmap.
02-03 22:33:40.253 D/Bitmap  (  257):       Size: 39744 Bytes, Width: 108 , Height: 92 , Hash code: 1082953688
02-03 22:33:40.253 D/Bitmap  (  257):  This bimap was created in:
02-03 22:33:40.253 D/Bitmap  (  257):       android.graphics.Bitmap.<init>(Bitmap.java:136)
02-03 22:33:40.253 D/Bitmap  (  257):       android.graphics.BitmapFactory.nativeDecodeAsset(Native Method)
02-03 22:33:40.253 D/Bitmap  (  257):       android.graphics.BitmapFactory.decodeStream(BitmapFactory.java:460)
02-03 22:33:40.253 D/Bitmap  (  257):       android.graphics.BitmapFactory.decodeResourceStream(BitmapFactory.java:336)
02-03 22:33:40.253 D/Bitmap  (  257):       android.graphics.drawable.Drawable.createFromResourceStream(Drawable.java:697)
02-03 22:33:40.253 D/Bitmap  (  257):       android.content.res.Resources.loadDrawable(Resources.java:1709)
02-03 22:33:40.253 D/Bitmap  (  257):       android.content.res.Resources.getDrawable(Resources.java:581)
02-03 22:33:40.253 D/Bitmap  (  257):       android.graphics.drawable.StateListDrawable.inflate(StateListDrawable.java:162)
02-03 22:33:40.253 D/Bitmap  (  257):       android.graphics.drawable.Drawable.createFromXmlInner(Drawable.java:787)
02-03 22:33:40.253 D/Bitmap  (  257):       android.graphics.drawable.Drawable.createFromXml(Drawable.java:728)
02-03 22:33:40.253 D/Bitmap  (  257):       android.content.res.Resources.loadDrawable(Resources.java:1694)
02-03 22:33:40.253 D/Bitmap  (  257):       android.content.res.Resources.getDrawable(Resources.java:581)
02-03 22:33:40.253 D/Bitmap  (  257):       android.view.View.setBackgroundResource(View.java:7533)
02-03 22:33:40.253 D/Bitmap  (  257):       com.android.internal.widget.SlidingTab$Slider.<init>(SlidingTab.java:192)
02-03 22:33:40.253 D/Bitmap  (  257):       com.android.internal.widget.SlidingTab.<init>(SlidingTab.java:458)
02-03 22:33:40.253 D/Bitmap  (  257):       java.lang.reflect.Constructor.constructNative(Native Method)
02-03 22:33:40.253 D/Bitmap  (  257):       java.lang.reflect.Constructor.newInstance(Constructor.java:415)
02-03 22:33:40.253 D/Bitmap  (  257):       android.view.LayoutInflater.createView(LayoutInflater.java:505)
02-03 22:33:40.253 D/Bitmap  (  257):       android.view.LayoutInflater.createViewFromTag(LayoutInflater.java:570)
02-03 22:33:40.253 D/Bitmap  (  257):       android.view.LayoutInflater.rInflate(LayoutInflater.java:623)
02-03 22:33:40.253 D/Bitmap  (  257):       android.view.LayoutInflater.inflate(LayoutInflater.java:408)
02-03 22:33:40.253 D/Bitmap  (  257):       android.view.LayoutInflater.inflate(LayoutInflater.java:320)
02-03 22:33:40.253 D/Bitmap  (  257):       com.android.internal.policy.impl.LockScreen.<init>(LockScreen.java:328)
02-03 22:33:40.253 D/Bitmap  (  257):       com.android.internal.policy.impl.LockPatternKeyguardView.createLockScreen(LockPatternKeyguardView.java:821)
02-03 22:33:40.253 D/Bitmap  (  257):       com.android.internal.policy.impl.LockPatternKeyguardView.<init>(LockPatternKeyguardView.java:429)
02-03 22:33:40.253 D/Bitmap  (  257):       com.android.internal.policy.impl.LockPatternKeyguardViewProperties.createKeyguardView(LockPatternKeyguardViewProperties.java:49)
02-03 22:33:40.253 D/Bitmap  (  257):       com.android.internal.policy.impl.KeyguardViewManager.show(KeyguardViewManager.java:125)
02-03 22:33:40.253 D/Bitmap  (  257):       com.android.internal.policy.impl.KeyguardViewMediator.handleShow(KeyguardViewMediator.java:1064)
02-03 22:33:40.253 D/Bitmap  (  257):       com.android.internal.policy.impl.KeyguardViewMediator.access$700(KeyguardViewMediator.java:103)
02-03 22:33:40.253 D/Bitmap  (  257):       com.android.internal.policy.impl.KeyguardViewMediator$2.handleMessage(KeyguardViewMediator.java:931)
02-03 22:33:40.253 D/Bitmap  (  257):       android.os.Handler.dispatchMessage(Handler.java:99)
02-03 22:33:40.253 D/Bitmap  (  257):       android.os.Looper.loop(Looper.java:130)
02-03 22:33:40.253 D/Bitmap  (  257):       com.android.server.WindowManagerService$PolicyThread.run(WindowManagerService.java:613)
02-03 22:33:40.253 D/Bitmap  (  257): _
02-03 22:33:40.273 D/LockPatternKeyguardView(  257): createUnlockScreenFor(Pattern): mEnableFallback=false
02-03 22:33:40.293 I/LockPatternKeyguardView(  257): updateLockscreenBackground
02-03 22:33:40.293 I/LockPatternKeyguardView(  257): setBackgroundDrawable
02-03 22:33:40.293 I/LockPatternKeyguardView(  257): file not found: etc/customize/default_lockscreen
02-03 22:33:40.293 D/LockScreen(  257): updateLayout: status=Normalsubscription=0
02-03 22:33:40.293 D/LockScreen(  257): Updating Lock Screen text to Ruim
