02-03 22:30:34.672 D/Bitmap  (  338):       com.android.inputmethod.latin.LatinKeyboardBaseView.onBufferDraw(LatinKeyboardBaseView.java:775)
02-03 22:30:34.672 D/Bitmap  (  338):       com.android.inputmethod.latin.LatinKeyboardBaseView.onDraw(LatinKeyboardBaseView.java:763)
02-03 22:30:34.672 D/Bitmap  (  338):       android.view.View.draw(View.java:6880)
02-03 22:30:34.672 D/Bitmap  (  338):       com.android.inputmethod.latin.LatinKeyboardView.draw(LatinKeyboardView.java:353)
02-03 22:30:34.672 D/Bitmap  (  338):       android.view.ViewGroup.drawChild(ViewGroup.java:1649)
02-03 22:30:34.672 D/Bitmap  (  338):       android.view.ViewGroup.dispatchDraw(ViewGroup.java:1376)
02-03 22:30:34.672 D/Bitmap  (  338):       android.view.ViewGroup.drawChild(ViewGroup.java:1647)
02-03 22:30:34.672 D/Bitmap  (  338):       android.view.ViewGroup.dispatchDraw(ViewGroup.java:1376)
02-03 22:30:34.672 D/Bitmap  (  338):       android.view.ViewGroup.drawChild(ViewGroup.java:1647)
02-03 22:30:34.672 D/Bitmap  (  338):       android.view.ViewGroup.dispatchDraw(ViewGroup.java:1376)
02-03 22:30:34.672 D/Bitmap  (  338):       android.view.ViewGroup.drawChild(ViewGroup.java:1647)
02-03 22:30:34.672 D/Bitmap  (  338):       android.view.ViewGroup.dispatchDraw(ViewGroup.java:1376)
02-03 22:30:34.672 D/Bitmap  (  338):       android.view.View.draw(View.java:6883)
02-03 22:30:34.672 D/Bitmap  (  338):       android.widget.FrameLayout.draw(FrameLayout.java:357)
02-03 22:30:34.672 D/Bitmap  (  338):       com.android.internal.policy.impl.PhoneWindow$DecorView.draw(PhoneWindow.java:1866)
02-03 22:30:34.672 D/Bitmap  (  338):       android.view.ViewRoot.draw(ViewRoot.java:1526)
02-03 22:30:34.672 D/Bitmap  (  338):       android.view.ViewRoot.performTraversals(ViewRoot.java:1262)
02-03 22:30:34.672 D/Bitmap  (  338):       android.view.ViewRoot.handleMessage(ViewRoot.java:1864)
02-03 22:30:34.672 D/Bitmap  (  338):       android.os.Handler.dispatchMessage(Handler.java:99)
02-03 22:30:34.672 D/Bitmap  (  338):       android.os.Looper.loop(Looper.java:130)
02-03 22:30:34.672 D/Bitmap  (  338):       android.app.ActivityThread.main(ActivityThread.java:3704)
02-03 22:30:34.672 D/Bitmap  (  338):       java.lang.reflect.Method.invokeNative(Native Method)
02-03 22:30:34.672 D/Bitmap  (  338):       java.lang.reflect.Method.invoke(Method.java:507)
02-03 22:30:34.672 D/Bitmap  (  338):       com.android.internal.os.ZygoteInit$MethodAndArgsCaller.run(ZygoteInit.java:875)
02-03 22:30:34.672 D/Bitmap  (  338):       com.android.internal.os.ZygoteInit.main(ZygoteInit.java:633)
02-03 22:30:34.672 D/Bitmap  (  338):       dalvik.system.NativeStart.main(Native Method)
02-03 22:30:34.672 D/Bitmap  (  338): _
02-03 22:30:34.812 D/KeyguardViewMediator(  257): setHidden false
02-03 22:30:34.832 D/KeyguardViewMediator(  257): setHidden false
02-03 22:30:34.842 D/KeyguardViewMediator(  257): setHidden false
02-03 22:30:34.872 D/KeyguardViewMediator(  257): setHidden false
02-03 22:30:34.882 D/KeyguardViewMediator(  257): setHidden false
02-03 22:30:34.892 D/KeyguardViewMediator(  257): setHidden false
02-03 22:30:34.912 D/KeyguardViewMediator(  257): setHidden false
02-03 22:30:34.932 D/KeyguardViewMediator(  257): setHidden false
02-03 22:30:34.942 D/KeyguardViewMediator(  257): setHidden false
02-03 22:30:34.962 D/KeyguardViewMediator(  257): setHidden false
02-03 22:30:34.982 D/KeyguardViewMediator(  257): setHidden false
02-03 22:30:34.992 D/KeyguardViewMediator(  257): setHidden false
02-03 22:30:35.313 D/KeyguardViewMediator(  257): setHidden false
02-03 22:30:44.812 W/dalvikvm(  790): Link of class 'Lcom/google/android/finsky/utils/Nfc$IcsNfcHandler;' failed
02-03 22:30:44.812 E/dalvikvm(  790): Could not find class 'com.google.android.finsky.utils.Nfc$IcsNfcHandler', referenced from method com.google.android.finsky.utils.Nfc.getHandler
02-03 22:30:44.812 W/dalvikvm(  790): VFY: unable to resolve new-instance 1662 (Lcom/google/android/finsky/utils/Nfc$IcsNfcHandler;) in Lcom/google/android/finsky/utils/Nfc;
02-03 22:30:45.102 D/Finsky  (  790): [1] DetailsDataBasedFragment.rebindViews: Page [class=DetailsFragment] loaded in [317 ms] (partial? false)
02-03 22:30:45.713 D/Finsky  (  790): [1] DetailsDataBasedFragment.rebindViews: Page [class=DetailsFragment] loaded in [927 ms] (partial? true)
02-03 22:30:46.614 E/AudioFlinger(  115): processConfigEvents() remaining events 1
02-03 22:30:46.674 D/KeyguardViewMediator(  257): setHidden false
02-03 22:30:46.684 I/hubo    (  257): Activity {com.android.vending/com.google.android.finsky.activities.PurchaseDialog}
02-03 22:30:46.874 D/Finsky  (  790): [1] SelfUpdateScheduler.checkForSelfUpdate: Skipping self-update. Local Version [8010004] >= Server Version [0]
02-03 22:30:46.884 D/KeyguardViewMediator(  257): setHidden false
02-03 22:30:46.904 D/KeyguardViewMediator(  257): setHidden false
02-03 22:30:46.904 I/ActivityManager(  257): Displayed com.android.vending/com.google.android.finsky.activities.PurchaseDialog: +244ms
02-03 22:30:46.914 D/KeyguardViewMediator(  257): setHidden false
02-03 22:30:46.954 D/KeyguardViewMediator(  257): setHidden false
02-03 22:30:47.264 D/KeyguardViewMediator(  257): setHidden false
02-03 22:30:47.344 D/MediaPlayer(  790): reset state 1
02-03 22:30:47.344 D/KeyguardViewMediator(  257): setHidden false
02-03 22:30:48.225 D/KeyguardViewMediator(  257): setHidden false
02-03 22:30:48.235 I/hubo    (  257): Activity {com.android.vending/com.android.vending.AssetBrowserActivity}
02-03 22:30:48.515 D/Finsky  (  790): [1] DetailsDataBasedFragment.rebindViews: Page [class=DetailsFragment] loaded in [3731 ms] (partial? false)
02-03 22:30:48.546 D/KeyguardViewMediator(  257): setHidden false
02-03 22:30:48.886 D/Finsky  (  790): [1] DetailsDataBasedFragment.rebindViews: Page [class=DetailsFragment] loaded in [4057 ms] (partial? true)
02-03 22:30:48.996 D/Finsky  (  790): [1] Installer.downloadAndInstallAsset: Downloading and installing la.droid.qr
02-03 22:30:48.996 D/Finsky  (  790): [1] DownloadImpl.setState: la.droid.qr from null to UNQUEUED.
02-03 22:30:48.996 D/Finsky  (  790): [1] DownloadQueueImpl.add: Download la.droid.qr added to DownloadQueue
02-03 22:30:49.006 D/Finsky  (  790): [1] DownloadImpl.setState: la.droid.qr from UNQUEUED to QUEUED.
02-03 22:30:49.206 D/KeyguardViewMediator(  257): setHidden false
02-03 22:30:49.206 D/KeyguardViewMediator(  257): setHidden false
02-03 22:30:49.216 D/KeyguardViewMediator(  257): setHidden false
02-03 22:30:49.236 D/KeyguardViewMediator(  257): setHidden false
02-03 22:30:49.246 D/Finsky  (  790): [1] DownloadQueueImpl.startDownload: Download la.droid.qr starting
02-03 22:30:49.256 D/KeyguardViewMediator(  257): setHidden false
02-03 22:30:49.266 D/KeyguardViewMediator(  257): setHidden false
02-03 22:30:49.286 D/KeyguardViewMediator(  257): setHidden false
02-03 22:30:49.296 D/KeyguardViewMediator(  257): setHidden false
02-03 22:30:49.316 D/KeyguardViewMediator(  257): setHidden false
02-03 22:30:49.336 D/KeyguardViewMediator(  257): setHidden false
02-03 22:30:49.346 D/Finsky  (  790): [1] DownloadImpl.setState: la.droid.qr from QUEUED to DOWNLOADING.
02-03 22:30:49.346 D/Finsky  (  790): [1] DownloadQueueImpl.notifyProgress: la.droid.qr: onProgress 0/-1 Status: 190.
02-03 22:30:49.346 D/KeyguardViewMediator(  257): setHidden false
02-03 22:30:49.366 D/KeyguardViewMediator(  257): setHidden false
02-03 22:30:49.376 D/KeyguardViewMediator(  257): setHidden false
02-03 22:30:49.376 D/KeyguardViewMediator(  257): setHidden false
02-03 22:30:49.386 D/Finsky  (  790): [1] DownloadQueueImpl.onStart: la.droid.qr: onStart
02-03 22:30:49.727 D/Finsky  (  790): [1] DownloadQueueImpl.notifyProgress: la.droid.qr: onProgress 0/-1 Status: 192.
02-03 22:30:49.837 D/KeyguardViewMediator(  257): setHidden false
02-03 22:30:49.857 D/KeyguardViewMediator(  257): setHidden false
02-03 22:30:49.987 D/KeyguardViewMediator(  257): setHidden false
02-03 22:30:50.007 D/KeyguardViewMediator(  257): setHidden false
02-03 22:30:50.037 I/DownloadManager(  519): Initiating request for download 11
02-03 22:30:50.317 D/KeyguardViewMediator(  257): setHidden false
02-03 22:30:50.327 D/KeyguardViewMediator(  257): setHidden false
02-03 22:30:50.828 I/DownloadManager(  519): Initiating request for download 11
02-03 22:30:50.948 D/Finsky  (  790): [1] DetailsDataBasedFragment.rebindViews: Page [class=DetailsFragment] loaded in [6166 ms] (partial? true)
02-03 22:30:51.308 E/DownloadThread(  519): the  state.mMimeType1 is :application/vnd.android.package-archive
02-03 22:30:52.499 D/KeyguardViewMediator(  257): setHidden false
02-03 22:30:52.509 D/KeyguardViewMediator(  257): setHidden false
02-03 22:30:52.559 D/KeyguardViewMediator(  257): setHidden false
02-03 22:30:52.569 D/KeyguardViewMediator(  257): setHidden false
02-03 22:30:54.071 D/KeyguardViewMediator(  257): setHidden false
02-03 22:30:54.071 D/KeyguardViewMediator(  257): setHidden false
02-03 22:30:55.582 D/KeyguardViewMediator(  257): setHidden false
02-03 22:30:55.582 D/KeyguardViewMediator(  257): setHidden false
02-03 22:30:57.184 D/KeyguardViewMediator(  257): setHidden false
02-03 22:30:57.184 D/KeyguardViewMediator(  257): setHidden false
02-03 22:30:58.715 D/KeyguardViewMediator(  257): setHidden false
02-03 22:30:58.725 D/KeyguardViewMediator(  257): setHidden false
02-03 22:31:00.017 D/KeyguardUpdateMonitor(  257): received broadcast android.intent.action.TIME_TICK
02-03 22:31:00.017 D/KeyguardUpdateMonitor(  257): handleTimeUpdate
02-03 22:31:00.227 D/KeyguardViewMediator(  257): setHidden false
02-03 22:31:00.227 D/KeyguardViewMediator(  257): setHidden false
02-03 22:31:01.688 D/KeyguardViewMediator(  257): setHidden false
02-03 22:31:01.698 D/KeyguardViewMediator(  257): setHidden false
02-03 22:31:03.190 D/Finsky  (  790): [1] ContentSyncService.getAccountsToSync: Checking account to sync; Syncing 13 packages (18 versions) and skipped 92 system packages.
02-03 22:31:03.400 D/Finsky  (  790): [1] ContentSyncService.attemptContentSync: Syncing account to sync; Syncing 13 packages (18 versions) and skipped 92 system packages.
02-03 22:31:03.540 D/KeyguardViewMediator(  257): setHidden false
02-03 22:31:03.540 D/KeyguardViewMediator(  257): setHidden false
02-03 22:31:05.402 D/KeyguardViewMediator(  257): setHidden false
02-03 22:31:05.402 D/KeyguardViewMediator(  257): setHidden false
02-03 22:31:05.852 D/Finsky  (  790): [1] 1.onResponse: Phonesky checkin succeeded for account
02-03 22:31:05.872 D/Finsky  (  790): [1] 1.attemptNextSync: Done checking in.
02-03 22:31:07.074 D/KeyguardViewMediator(  257): setHidden false
02-03 22:31:07.084 D/KeyguardViewMediator(  257): setHidden false
02-03 22:31:08.645 D/KeyguardViewMediator(  257): setHidden false
02-03 22:31:08.655 D/KeyguardViewMediator(  257): setHidden false
02-03 22:31:10.087 D/KeyguardViewMediator(  257): setHidden false
02-03 22:31:10.097 D/KeyguardViewMediator(  257): setHidden false
02-03 22:31:11.598 D/KeyguardViewMediator(  257): setHidden false
02-03 22:31:11.598 D/KeyguardViewMediator(  257): setHidden false
02-03 22:31:13.630 D/KeyguardViewMediator(  257): setHidden false
02-03 22:31:13.630 D/KeyguardViewMediator(  257): setHidden false
02-03 22:31:15.181 D/KeyguardViewMediator(  257): setHidden false
02-03 22:31:15.192 D/KeyguardViewMediator(  257): setHidden false
02-03 22:31:16.723 D/KeyguardViewMediator(  257): setHidden false
02-03 22:31:16.723 D/KeyguardViewMediator(  257): setHidden false
02-03 22:31:18.275 D/KeyguardViewMediator(  257): setHidden false
02-03 22:31:18.285 D/KeyguardViewMediator(  257): setHidden false
02-03 22:31:19.706 D/KeyguardViewMediator(  257): setHidden false
02-03 22:31:19.716 D/KeyguardViewMediator(  257): setHidden false
02-03 22:31:21.027 I/dun_service(  123): The value returned from dun_getusbmodemstate_fromsys is 2 
02-03 22:31:21.057 D/KeyguardUpdateMonitor(  257): received broadcast android.intent.action.BATTERY_CHANGED
02-03 22:31:21.067 D/KeyguardUpdateMonitor(  257): handleBatteryUpdate
02-03 22:31:21.157 D/KeyguardViewMediator(  257): setHidden false
02-03 22:31:21.167 D/KeyguardViewMediator(  257): setHidden false
02-03 22:31:22.729 D/KeyguardViewMediator(  257): setHidden false
02-03 22:31:22.739 D/KeyguardViewMediator(  257): setHidden false
02-03 22:31:23.520 D/KeyguardViewMediator(  257): setHidden false
02-03 22:31:23.530 D/KeyguardViewMediator(  257): setHidden false
02-03 22:31:23.600 D/Finsky  (  790): [1] DownloadQueueImpl.notifyProgress: la.droid.qr: onProgress 3484639/3484639 Status: 200.
02-03 22:31:23.630 D/Finsky  (  790): [1] DownloadBroadcastReceiver.onReceive: Intent received at DownloadBroadcastReceiver
02-03 22:31:23.650 D/Finsky  (  790): [1] DownloadImpl.setState: la.droid.qr from DOWNLOADING to SUCCESS.
02-03 22:31:23.650 D/Finsky  (  790): [1] DownloadQueueImpl.onComplete: la.droid.qr: onComplete
02-03 22:31:23.650 D/Finsky  (  790): [1] DownloadQueueImpl.remove: Download la.droid.qr removed from DownloadQueue
02-03 22:31:23.810 D/KeyguardViewMediator(  257): setHidden false
02-03 22:31:23.820 D/KeyguardViewMediator(  257): setHidden false
02-03 22:31:24.631 D/KeyguardViewMediator(  257): setHidden false
02-03 22:31:24.641 D/KeyguardViewMediator(  257): setHidden false
02-03 22:31:24.771 D/PackageParser(  257): Scanning package: /data/app/vmdl-340807266.tmp
02-03 22:31:26.372 D/PackageManager(  257): Scanning package la.droid.qr
02-03 22:31:27.073 D/PackageManager(  257):   Activities: la.droid.qr.Tabs la.droid.zxing.result.book.SearchBookContentsActivity la.droid.qr.Menu la.droid.qr.MenuScan la.droid.qr.MenuCreate la.droid.qr.MenuMore la.droid.qr.Preferencias la.droid.qr.PreferenciasAcciones la.droid.qr.Favoritos la.droid.qr.Contactos la.droid.qr.Historial la.droid.qr.EstadisticasShort la.droid.qr.EstadisticasDetalle la.droid.qr.Ayuda la.droid.qr.AyudaDetalle la.droid.qr.EstadisticasAyuda la.droid.qr.HistorialAyuda la.droid.qr.DeContacto la.droid.qr.Aplicaciones la.droid.qr.RemoverAds la.droid.qr.Calendario la.droid.qr.ManualKeyIn la.droid.qr.Sms la.droid.qr.Correo la.droid.qr.DeImagen la.droid.qr.Geo la.droid.qr.TextoLibre la.droid.qr.MostrarQr la.droid.qr.Mapa la.droid.qr.GradosMinSegundos la.droid.qr.InfoQr la.droid.qr.Acerca la.droid.qr.LeerImagenUrl la.droid.qr.LeerQr la.droid.qr.DeCamara com.radiumone.Publisher com.google.ads.AdActivity
02-03 22:31:27.133 D/PackageManager(  257): New package installed in /data/app/la.droid.qr-1.apk
02-03 22:31:27.243 I/VoiceActionsFactory(  857): Applications list changed, recalculating supported actions
02-03 22:31:27.684 D/Finsky  (  790): [8] 1.packageInstalled: Package install status for "la.droid.qr" is 1
02-03 22:31:27.764 D/KeyguardViewMediator(  257): setHidden false
02-03 22:31:27.764 D/KeyguardViewMediator(  257): setHidden false
02-03 22:31:27.834 I/Launcher(  350): setLoadOnResume
02-03 22:31:30.426 D/VoiceDialerReceiver(  782): onReceive Intent { act=android.intent.action.PACKAGE_ADDED dat=package:la.droid.qr flg=0x10000000 cmp=com.android.voicedialer/.VoiceDialerReceiver (has extras) }
02-03 22:31:30.516 I/ActivityThread( 1012): Pub com.svox.pico.providers.SettingsProvider: com.svox.pico.providers.SettingsProvider
02-03 22:31:30.526 D/GTalkService(  383): handlePackageInstalled: re-initialize providers
02-03 22:31:30.526 D/GTalkService(  383): [RawStanzaProvidersMgr] ##### searchProvidersFromIntent
02-03 22:31:30.526 D/GTalkService(  383): [RawStanzaProvidersMgr] no intent receivers found
02-03 22:31:30.597 I/ActivityThread( 1020): Pub com.google.android.partnersetup.rlzprovider: com.google.android.partnersetup.RlzProvider
02-03 22:31:30.597 I/ActivityThread( 1020): Pub com.google.android.partnersetup.rlzappprovider: com.google.android.partnersetup.RlzAppProvider
02-03 22:31:30.817 D/Finsky  (  790): [1] DetailsDataBasedFragment.rebindViews: Page [class=DetailsFragment] loaded in [46030 ms] (partial? false)
02-03 22:31:30.827 D/PicasaSyncManager(  750): reject MetadataSyncTask (decidel@gmail.com) for wifi connection
02-03 22:31:30.827 D/PicasaSyncManager(  750): reject MetadataSyncTask (decidel@gmail.com) for wifi connection
02-03 22:31:31.187 I/ActivityThread( 1028): Pub com.google.android.googlequicksearchbox.shortcuts: com.google.android.googlequicksearchbox.WebHistoryProvider
02-03 22:31:31.197 I/ActivityThread( 1028): Pub com.google.android.googlequicksearchbox.google: com.google.android.googlequicksearchbox.google.GoogleSuggestionProvider
02-03 22:31:31.527 D/Finsky  (  790): [1] DetailsDataBasedFragment.rebindViews: Page [class=DetailsFragment] loaded in [46748 ms] (partial? true)
02-03 22:31:33.990 I/DATA    (  343): [DCT(0) ] onDataCallListChanged:
02-03 22:31:33.990 I/DATA    (  343): [DCT(0) ] ---dc state list---
02-03 22:31:34.000 I/DATA    (  343): [DCT(0) ] DataCallState: { cid: 0, active: 1, type: , apn: , address: 70.14.58.237 }
02-03 22:31:34.000 I/DATA    (  343): [DCT(0) ] ---dc list---
02-03 22:31:34.000 I/DATA    (  343): [DCT(0) ] cid = 0, state = DcActiveState, bearerType = IP, ipaddress = 70.14.58.237, gw=70.14.58.238, dns=[68.28.67.132, 68.28.68.132]
02-03 22:31:43.319 I/DATA    (  343): [DCT(0) ] onDataCallListChanged:
02-03 22:31:43.319 I/DATA    (  343): [DCT(0) ] ---dc state list---
02-03 22:31:43.319 I/DATA    (  343): [DCT(0) ] DataCallState: { cid: 0, active: 2, type: , apn: , address: 70.14.58.237 }
02-03 22:31:43.319 I/DATA    (  343): [DCT(0) ] ---dc list---
02-03 22:31:43.319 I/DATA    (  343): [DCT(0) ] cid = 0, state = DcActiveState, bearerType = IP, ipaddress = 70.14.58.237, gw=70.14.58.238, dns=[68.28.67.132, 68.28.68.132]
02-03 22:31:46.032 D/Finsky  (  790): [1] ContentSyncService.getAccountsToSync: Checking account to sync; Syncing 13 packages (18 versions) and skipped 92 system packages.
02-03 22:31:46.232 D/Finsky  (  790): [1] ContentSyncService.attemptContentSync: Syncing account to sync; Syncing 13 packages (18 versions) and skipped 92 system packages.
02-03 22:31:47.183 D/Finsky  (  790): [1] 1.onResponse: Phonesky checkin succeeded for account
02-03 22:31:47.203 D/Finsky  (  790): [1] 1.attemptNextSync: Done checking in.
02-03 22:31:58.053 I/DATA    (  343): [DCT(0) ] onDataCallListChanged:
02-03 22:31:58.053 I/DATA    (  343): [DCT(0) ] ---dc state list---
02-03 22:31:58.053 I/DATA    (  343): [DCT(0) ] DataCallState: { cid: 0, active: 1, type: , apn: , address: 70.14.58.237 }
02-03 22:31:58.053 I/DATA    (  343): [DCT(0) ] ---dc list---
02-03 22:31:58.053 I/DATA    (  343): [DCT(0) ] cid = 0, state = DcActiveState, bearerType = IP, ipaddress = 70.14.58.237, gw=70.14.58.238, dns=[68.28.67.132, 68.28.68.132]
02-03 22:32:00.005 D/KeyguardUpdateMonitor(  257): received broadcast android.intent.action.TIME_TICK
02-03 22:32:00.005 D/KeyguardUpdateMonitor(  257): handleTimeUpdate
02-03 22:32:04.139 D/KeyguardViewMediator(  257): setHidden false
02-03 22:32:04.149 D/KeyguardViewMediator(  257): setHidden false
02-03 22:32:04.169 D/KeyguardViewMediator(  257): setHidden false
02-03 22:32:04.179 D/KeyguardViewMediator(  257): setHidden false
02-03 22:32:04.229 D/KeyguardViewMediator(  257): setHidden false
02-03 22:32:04.239 D/KeyguardViewMediator(  257): setHidden false
02-03 22:32:04.239 I/hubo    (  257): Activity {la.droid.qr/la.droid.qr.Tabs}
02-03 22:32:04.249 D/KeyguardViewMediator(  257): setHidden false
02-03 22:32:04.279 D/KeyguardViewMediator(  257): setHidden false
02-03 22:32:04.279 D/KeyguardViewMediator(  257): setHidden false
02-03 22:32:04.299 D/KeyguardViewMediator(  257): setHidden false
02-03 22:32:04.319 D/KeyguardViewMediator(  257): setHidden false
02-03 22:32:04.329 D/KeyguardViewMediator(  257): setHidden false
02-03 22:32:04.349 D/KeyguardViewMediator(  257): setHidden false
02-03 22:32:04.359 D/KeyguardViewMediator(  257): setHidden false
02-03 22:32:04.379 D/KeyguardViewMediator(  257): setHidden false
02-03 22:32:04.400 D/KeyguardViewMediator(  257): setHidden false
02-03 22:32:04.410 D/KeyguardViewMediator(  257): setHidden false
02-03 22:32:04.470 D/FlurryAgent( 1039): Initializing Flurry session
02-03 22:32:04.470 D/FlurryAgent( 1039): New session
02-03 22:32:04.480 W/Settings( 1039): Setting android_id has moved from android.provider.Settings.System to android.provider.Settings.Secure, returning read-only value.
02-03 22:32:04.480 I/FlurryAgent( 1039): Agent cache file doesn't exist.
02-03 22:32:04.480 D/FlurryAgent( 1039): generating report
02-03 22:32:04.480 D/FlurryAgent( 1039): Sending report to: http://data.flurry.com/aap.do
02-03 22:32:04.520 D/KeyguardViewMediator(  257): setHidden false
02-03 22:32:04.530 D/KeyguardViewMediator(  257): setHidden false
02-03 22:32:04.530 D/KeyguardViewMediator(  257): setHidden false
02-03 22:32:04.540 I/hubo    (  257): Activity {la.droid.qr/la.droid.qr.Ayuda}
02-03 22:32:04.560 D/KeyguardViewMediator(  257): setHidden false
02-03 22:32:04.900 D/KeyguardViewMediator(  257): setHidden false
02-03 22:32:04.900 I/ActivityManager(  257): Displayed la.droid.qr/.Tabs: +706ms
02-03 22:32:04.900 D/KeyguardViewMediator(  257): setHidden false
02-03 22:32:04.920 D/KeyguardViewMediator(  257): setHidden false
02-03 22:32:04.930 I/DATA    (  343): [DCT(0) ] onDataCallListChanged:
02-03 22:32:04.930 I/DATA    (  343): [DCT(0) ] ---dc state list---
02-03 22:32:04.930 I/DATA    (  343): [DCT(0) ] DataCallState: { cid: 0, active: 2, type: , apn: , address: 70.14.58.237 }
02-03 22:32:04.930 I/DATA    (  343): [DCT(0) ] ---dc list---
02-03 22:32:04.930 I/DATA    (  343): [DCT(0) ] cid = 0, state = DcActiveState, bearerType = IP, ipaddress = 70.14.58.237, gw=70.14.58.238, dns=[68.28.67.132, 68.28.68.132]
02-03 22:32:05.000 D/KeyguardViewMediator(  257): setHidden false
02-03 22:32:05.050 D/KeyguardViewMediator(  257): setHidden false
02-03 22:32:05.060 D/KeyguardViewMediator(  257): setHidden false
02-03 22:32:05.060 I/ActivityManager(  257): Displayed la.droid.qr/.Ayuda: +534ms
02-03 22:32:05.070 D/KeyguardViewMediator(  257): setHidden false
02-03 22:32:05.070 D/KeyguardViewMediator(  257): setHidden false
02-03 22:32:05.080 D/MediaPlayer(  790): reset state 1
02-03 22:32:05.080 D/KeyguardViewMediator(  257): setHidden false
02-03 22:32:05.090 D/KeyguardViewMediator(  257): setHidden false
02-03 22:32:05.100 D/KeyguardViewMediator(  257): setHidden false
02-03 22:32:05.130 D/KeyguardViewMediator(  257): setHidden false
02-03 22:32:05.140 D/KeyguardViewMediator(  257): setHidden false
02-03 22:32:05.160 D/KeyguardViewMediator(  257): setHidden false
02-03 22:32:05.170 D/KeyguardViewMediator(  257): setHidden false
02-03 22:32:05.190 D/KeyguardViewMediator(  257): setHidden false
02-03 22:32:05.210 D/KeyguardViewMediator(  257): setHidden false
02-03 22:32:05.220 D/KeyguardViewMediator(  257): setHidden false
02-03 22:32:05.240 D/KeyguardViewMediator(  257): setHidden false
02-03 22:32:05.260 D/KeyguardViewMediator(  257): setHidden false
02-03 22:32:05.270 D/KeyguardViewMediator(  257): setHidden false
02-03 22:32:05.290 D/KeyguardViewMediator(  257): setHidden false
02-03 22:32:05.310 D/KeyguardViewMediator(  257): setHidden false
02-03 22:32:05.320 D/KeyguardViewMediator(  257): setHidden false
02-03 22:32:05.340 D/KeyguardViewMediator(  257): setHidden false
02-03 22:32:05.360 D/KeyguardViewMediator(  257): setHidden false
02-03 22:32:05.360 D/FlurryAgent( 1039): Report successful
02-03 22:32:05.360 D/FlurryAgent( 1039): Processing report response
02-03 22:32:05.360 D/FlurryAgent( 1039): Done sending initial agent report
02-03 22:32:05.370 D/KeyguardViewMediator(  257): setHidden false
02-03 22:32:05.390 D/KeyguardViewMediator(  257): setHidden false
02-03 22:32:05.400 D/KeyguardViewMediator(  257): setHidden false
02-03 22:32:05.400 D/KeyguardViewMediator(  257): setHidden false
02-03 22:32:05.421 D/KeyguardViewMediator(  257): setHidden false
02-03 22:32:05.441 D/KeyguardViewMediator(  257): setHidden false
02-03 22:32:05.451 D/KeyguardViewMediator(  257): setHidden false
02-03 22:32:05.471 D/KeyguardViewMediator(  257): setHidden false
02-03 22:32:05.481 D/KeyguardViewMediator(  257): setHidden false
02-03 22:32:05.501 D/KeyguardViewMediator(  257): setHidden false
02-03 22:32:05.521 D/KeyguardViewMediator(  257): setHidden false
02-03 22:32:05.531 D/KeyguardViewMediator(  257): setHidden false
02-03 22:32:05.551 D/KeyguardViewMediator(  257): setHidden false
02-03 22:32:05.561 D/KeyguardViewMediator(  257): setHidden false
02-03 22:32:05.581 D/KeyguardViewMediator(  257): setHidden false
02-03 22:32:05.601 D/KeyguardViewMediator(  257): setHidden false
02-03 22:32:05.611 D/KeyguardViewMediator(  257): setHidden false
02-03 22:32:05.631 D/KeyguardViewMediator(  257): setHidden false
02-03 22:32:05.651 D/KeyguardViewMediator(  257): setHidden false
02-03 22:32:05.661 D/KeyguardViewMediator(  257): setHidden false
02-03 22:32:05.681 D/KeyguardViewMediator(  257): setHidden false
02-03 22:32:05.701 D/KeyguardViewMediator(  257): setHidden false
02-03 22:32:05.711 D/KeyguardViewMediator(  257): setHidden false
02-03 22:32:05.731 D/KeyguardViewMediator(  257): setHidden false
02-03 22:32:05.741 D/KeyguardViewMediator(  257): setHidden false
02-03 22:32:05.761 D/KeyguardViewMediator(  257): setHidden false
02-03 22:32:05.781 D/KeyguardViewMediator(  257): setHidden false
02-03 22:32:05.791 D/KeyguardViewMediator(  257): setHidden false
02-03 22:32:05.811 D/KeyguardViewMediator(  257): setHidden false
02-03 22:32:05.821 D/KeyguardViewMediator(  257): setHidden false
02-03 22:32:05.841 D/KeyguardViewMediator(  257): setHidden false
02-03 22:32:05.861 D/KeyguardViewMediator(  257): setHidden false
02-03 22:32:05.871 D/KeyguardViewMediator(  257): setHidden false
02-03 22:32:05.891 D/KeyguardViewMediator(  257): setHidden false
02-03 22:32:05.911 D/KeyguardViewMediator(  257): setHidden false
02-03 22:32:05.921 D/KeyguardViewMediator(  257): setHidden false
02-03 22:32:05.941 D/KeyguardViewMediator(  257): setHidden false
02-03 22:32:05.951 D/KeyguardViewMediator(  257): setHidden false
02-03 22:32:05.971 D/KeyguardViewMediator(  257): setHidden false
02-03 22:32:05.991 D/KeyguardViewMediator(  257): setHidden false
02-03 22:32:06.001 D/KeyguardViewMediator(  257): setHidden false
02-03 22:32:06.021 D/KeyguardViewMediator(  257): setHidden false
02-03 22:32:06.031 D/KeyguardViewMediator(  257): setHidden false
02-03 22:32:06.061 D/KeyguardViewMediator(  257): setHidden false
02-03 22:32:06.071 D/KeyguardViewMediator(  257): setHidden false
02-03 22:32:06.081 D/KeyguardViewMediator(  257): setHidden false
02-03 22:32:06.111 D/KeyguardViewMediator(  257): setHidden false
02-03 22:32:06.121 D/KeyguardViewMediator(  257): setHidden false
02-03 22:32:06.131 D/KeyguardViewMediator(  257): setHidden false
02-03 22:32:06.151 D/KeyguardViewMediator(  257): setHidden false
02-03 22:32:06.171 D/KeyguardViewMediator(  257): setHidden false
02-03 22:32:06.181 D/KeyguardViewMediator(  257): setHidden false
02-03 22:32:06.201 D/KeyguardViewMediator(  257): setHidden false
02-03 22:32:06.221 D/KeyguardViewMediator(  257): setHidden false
02-03 22:32:06.231 D/KeyguardViewMediator(  257): setHidden false
02-03 22:32:06.251 D/KeyguardViewMediator(  257): setHidden false
02-03 22:32:06.261 D/KeyguardViewMediator(  257): setHidden false
02-03 22:32:17.202 I/DATA    (  343): [DCT(0) ] onDataCallListChanged:
02-03 22:32:17.202 I/DATA    (  343): [DCT(0) ] ---dc state list---
02-03 22:32:17.202 I/DATA    (  343): [DCT(0) ] DataCallState: { cid: 0, active: 1, type: , apn: , address: 70.14.58.237 }
02-03 22:32:17.202 I/DATA    (  343): [DCT(0) ] ---dc list---
02-03 22:32:17.212 I/DATA    (  343): [DCT(0) ] cid = 0, state = DcActiveState, bearerType = IP, ipaddress = 70.14.58.237, gw=70.14.58.238, dns=[68.28.67.132, 68.28.68.132]
02-03 22:32:35.039 I/dun_service(  123): The value returned from dun_getusbmodemstate_fromsys is 2 
02-03 22:32:35.059 D/KeyguardUpdateMonitor(  257): received broadcast android.intent.action.BATTERY_CHANGED
02-03 22:32:35.059 D/KeyguardUpdateMonitor(  257): handleBatteryUpdate
02-03 22:32:51.966 I/vDM     (  462): KeyCode = 4
02-03 22:32:51.976 W/KeyCharacterMap( 1039): Can't open keycharmap file
02-03 22:32:51.976 W/KeyCharacterMap( 1039): Error loading keycharmap file '/system/usr/keychars/synaptics-rmi4-ts.kcm.bin'. hw.keyboards.262146.devname='synaptics-rmi4-ts'
02-03 22:32:51.976 W/KeyCharacterMap( 1039): Using default keymap: /system/usr/keychars/qwerty.kcm.bin
02-03 22:32:51.976 I/vDM     (  462): Vdmc getInstance
02-03 22:32:51.976 I/vDM     (  462): Vdmc getInstance
02-03 22:32:51.976 D/DMC     (  462): MyCIMMI getInstance
02-03 22:32:51.976 I/vDM     (  462): Vdmc getInstance
02-03 22:32:52.096 I/vDM     (  462): KeyCode = 4
02-03 22:32:52.106 D/KeyguardViewMediator(  257): setHidden false
02-03 22:32:52.116 D/KeyguardViewMediator(  257): setHidden false
02-03 22:32:52.116 I/hubo    (  257): Activity {la.droid.qr/la.droid.qr.Tabs}
02-03 22:32:52.126 D/KeyguardViewMediator(  257): setHidden false
02-03 22:32:52.136 D/KeyguardViewMediator(  257): setHidden false
02-03 22:32:52.136 D/KeyguardViewMediator(  257): setHidden false
02-03 22:32:52.146 D/KeyguardViewMediator(  257): setHidden false
02-03 22:32:52.156 D/KeyguardViewMediator(  257): setHidden false
02-03 22:32:52.166 D/KeyguardViewMediator(  257): setHidden false
02-03 22:32:52.166 D/KeyguardViewMediator(  257): setHidden false
02-03 22:32:52.166 I/vDM     (  462): Vdmc getInstance
02-03 22:32:52.166 I/vDM     (  462): Vdmc getInstance
02-03 22:32:52.166 D/DMC     (  462): MyCIMMI getInstance
02-03 22:32:52.166 I/vDM     (  462): Vdmc getInstance
02-03 22:32:52.176 D/KeyguardViewMediator(  257): setHidden false
02-03 22:32:52.196 D/KeyguardViewMediator(  257): setHidden false
02-03 22:32:52.216 D/KeyguardViewMediator(  257): setHidden false
02-03 22:32:52.226 D/KeyguardViewMediator(  257): setHidden false
02-03 22:32:52.246 D/KeyguardViewMediator(  257): setHidden false
02-03 22:32:52.266 D/KeyguardViewMediator(  257): setHidden false
02-03 22:32:52.286 D/KeyguardViewMediator(  257): setHidden false
02-03 22:32:52.296 D/KeyguardViewMediator(  257): setHidden false
02-03 22:32:52.306 D/KeyguardViewMediator(  257): setHidden false
02-03 22:32:53.818 D/PhoneApp(  343): updateProximitySensorMode: state = IDLE
02-03 22:32:53.818 D/PhoneApp(  343): updateProximitySensorMode: lock already released.
02-03 22:32:53.838 D/KeyguardViewMediator(  257): setHidden false
02-03 22:32:53.838 D/KeyguardViewMediator(  257): setHidden false
02-03 22:32:53.868 D/KeyguardViewMediator(  257): setHidden false
02-03 22:32:53.878 D/KeyguardViewMediator(  257): setHidden false
02-03 22:32:53.878 D/KeyguardViewMediator(  257): setHidden false
02-03 22:32:53.898 D/KeyguardViewMediator(  257): setHidden false
02-03 22:32:53.898 I/hubo    (  257): Activity {la.droid.qr/la.droid.qr.DeCamara}
02-03 22:32:53.908 D/KeyguardViewMediator(  257): setHidden false
02-03 22:32:53.918 D/KeyguardViewMediator(  257): setHidden false
02-03 22:32:54.008 D/Bitmap  ( 1039): Detect unrecycled bitmap.
02-03 22:32:54.008 D/Bitmap  ( 1039):       Size: 157440 Bytes, Width: 320 , Height: 123 , Hash code: 1079666208
02-03 22:32:54.008 D/Bitmap  ( 1039):  This bimap was created in:
02-03 22:32:54.008 D/Bitmap  ( 1039):       android.graphics.Bitmap.<init>(Bitmap.java:136)
02-03 22:32:54.008 D/Bitmap  ( 1039):       android.graphics.BitmapFactory.nativeDecodeAsset(Native Method)
02-03 22:32:54.008 D/Bitmap  ( 1039):       android.graphics.BitmapFactory.decodeStream(BitmapFactory.java:460)
02-03 22:32:54.008 D/Bitmap  ( 1039):       android.graphics.BitmapFactory.decodeResourceStream(BitmapFactory.java:336)
02-03 22:32:54.008 D/Bitmap  ( 1039):       android.graphics.drawable.Drawable.createFromResourceStream(Drawable.java:697)
02-03 22:32:54.008 D/Bitmap  ( 1039):       android.content.res.Resources.loadDrawable(Resources.java:1709)
02-03 22:32:54.008 D/Bitmap  ( 1039):       android.content.res.Resources.getDrawable(Resources.java:581)
02-03 22:32:54.008 D/Bitmap  ( 1039):       android.widget.ScrollView.setOverScrollMode(ScrollView.java:1404)
02-03 22:32:54.008 D/Bitmap  ( 1039):       android.view.View.<init>(View.java:1879)
02-03 22:32:54.008 D/Bitmap  ( 1039):       android.view.View.<init>(View.java:1921)
02-03 22:32:54.008 D/Bitmap  ( 1039):       android.view.ViewGroup.<init>(ViewGroup.java:292)
02-03 22:32:54.008 D/Bitmap  ( 1039):       android.widget.FrameLayout.<init>(FrameLayout.java:88)
02-03 22:32:54.008 D/Bitmap  ( 1039):       android.widget.ScrollView.<init>(ScrollView.java:145)
02-03 22:32:54.008 D/Bitmap  ( 1039):       android.widget.ScrollView.<init>(ScrollView.java:141)
02-03 22:32:54.008 D/Bitmap  ( 1039):       java.lang.reflect.Constructor.constructNative(Native Method)
02-03 22:32:54.008 D/Bitmap  ( 1039):       java.lang.reflect.Constructor.newInstance(Constructor.java:415)
02-03 22:32:54.008 D/Bitmap  ( 1039):       android.view.LayoutInflater.createView(LayoutInflater.java:505)
02-03 22:32:54.008 D/Bitmap  ( 1039):       com.android.internal.policy.impl.PhoneLayoutInflater.onCreateView(PhoneLayoutInflater.java:56)
02-03 22:32:54.008 D/Bitmap  ( 1039):       android.view.LayoutInflater.createViewFromTag(LayoutInflater.java:568)
02-03 22:32:54.008 D/Bitmap  ( 1039):       android.view.LayoutInflater.inflate(LayoutInflater.java:386)
02-03 22:32:54.008 D/Bitmap  ( 1039):       android.view.LayoutInflater.inflate(LayoutInflater.java:320)
02-03 22:32:54.008 D/Bitmap  ( 1039):       android.view.LayoutInflater.inflate(LayoutInflater.java:276)
02-03 22:32:54.008 D/Bitmap  ( 1039):       com.android.internal.policy.impl.PhoneWindow.setContentView(PhoneWindow.java:207)
02-03 22:32:54.008 D/Bitmap  ( 1039):       android.app.Activity.setContentView(Activity.java:1657)
02-03 22:32:54.018 D/Bitmap  ( 1039):       la.droid.qr.Ayuda.onCreate(Unknown Source)
02-03 22:32:54.018 D/Bitmap  ( 1039):       android.app.Instrumentation.callActivityOnCreate(Instrumentation.java:1047)
02-03 22:32:54.018 D/Bitmap  ( 1039):       android.app.ActivityThread.performLaunchActivity(ActivityThread.java:1632)
02-03 22:32:54.018 D/Bitmap  ( 1039):       android.app.ActivityThread.handleLaunchActivity(ActivityThread.java:1684)
02-03 22:32:54.018 D/Bitmap  ( 1039):       android.app.ActivityThread.access$1500(ActivityThread.java:123)
02-03 22:32:54.018 D/Bitmap  ( 1039):       android.app.ActivityThread$H.handleMessage(ActivityThread.java:948)
02-03 22:32:54.018 D/Bitmap  ( 1039):       android.os.Handler.dispatchMessage(Handler.java:99)
02-03 22:32:54.018 D/Bitmap  ( 1039):       android.os.Looper.loop(Looper.java:130)
02-03 22:32:54.018 D/Bitmap  ( 1039):       android.app.ActivityThread.main(ActivityThread.java:3704)
02-03 22:32:54.018 D/Bitmap  ( 1039):       java.lang.reflect.Method.invokeNative(Native Method)
02-03 22:32:54.018 D/Bitmap  ( 1039):       java.lang.reflect.Method.invoke(Method.java:507)
02-03 22:32:54.018 D/Bitmap  ( 1039):       com.android.internal.os.ZygoteInit$MethodAndArgsCaller.run(ZygoteInit.java:875)
02-03 22:32:54.018 D/Bitmap  ( 1039):       com.android.internal.os.ZygoteInit.main(ZygoteInit.java:633)
02-03 22:32:54.018 D/Bitmap  ( 1039):       dalvik.system.NativeStart.main(Native Method)
02-03 22:32:54.018 D/Bitmap  ( 1039): _
02-03 22:32:54.018 D/KeyguardViewMediator(  257): setHidden false
02-03 22:32:54.028 D/KeyguardViewMediator(  257): setHidden false
02-03 22:32:54.058 D/KeyguardViewMediator(  257): setHidden false
02-03 22:32:54.068 E/Sensors (  257): [HAL]ready to call enable(Orientation,1),OOOOOOOO
02-03 22:32:54.068 E/Sensors (  257): [HAL]ECS_IOCTL_APP_SET_MFLAG 	success,flags = 1
02-03 22:32:54.068 E/Sensors (  257): [HAL]After {mEnabled &= ~(1<<what)},mEnabled = 1
02-03 22:32:54.068 E/Sensors (  257): [HAL]After {(newState)<<what)},mEnabled = 5
02-03 22:32:54.068 D/KeyguardViewMediator(  257): setHidden false
02-03 22:32:54.078 D/OmaDrmReceiver(  578): android.intent.action.CONFIGURATION_CHANGED
02-03 22:32:54.078 D/KeyguardViewMediator(  257): setHidden false
02-03 22:32:54.078 I/ActivityManager(  257): Displayed la.droid.qr/.DeCamara: +291ms
02-03 22:32:54.088 D/KeyguardViewMediator(  257): setHidden false
02-03 22:32:54.088 D/KeyguardViewMediator(  257): setHidden false
02-03 22:32:54.088 D/KeyguardViewMediator(  257): setHidden false
02-03 22:32:54.098 D/KeyguardViewMediator(  257): setHidden false
02-03 22:32:54.098 D/KeyguardViewMediator(  257): setHidden false
02-03 22:32:54.108 I/OmaDrmService(  578): Language changed!!!!!!
02-03 22:32:54.108 D/KeyguardViewMediator(  257): setHidden false
02-03 22:32:54.118 E/CameraService(  115): getNumberOfCameras IN
02-03 22:32:54.118 E/CameraService(  115): mNumberOfCameras=1
02-03 22:32:54.118 I/QualcommCameraHardware(  115): getCameraInfo: IN
02-03 22:32:54.118 I/QualcommCameraHardware(  115): getCameraInfo: loading libqcamera at 0xb000ebd8
02-03 22:32:54.118 I/QualcommCameraHardware(  115): getCameraInfo: numOfCameras = 1
02-03 22:32:54.118 I/QualcommCameraHardware(  115): Camera sensor 0 info:
02-03 22:32:54.118 I/QualcommCameraHardware(  115): camera_id: 0
02-03 22:32:54.118 I/QualcommCameraHardware(  115): modes_supported: 5
02-03 22:32:54.118 I/QualcommCameraHardware(  115): position: 0
02-03 22:32:54.118 I/QualcommCameraHardware(  115): sensor_mount_angle: 0
02-03 22:32:54.118 I/QualcommCameraHardware(  115): getCameraInfo: OUT
02-03 22:32:54.118 E/CameraService(  115): getNumberOfCameras OUT
02-03 22:32:54.118 I/QualcommCameraHardware(  115): Found a matching camera info for ID 0
02-03 22:32:54.118 I/QualcommCameraHardware(  115): HAL_getCameraInfo: orientation = 90
02-03 22:32:54.118 I/QualcommCameraHardware(  115): HAL_getCameraInfo: modes supported = 5
02-03 22:32:54.118 I/QualcommCameraHardware(  115): openCameraHardware: call createInstance
02-03 22:32:54.118 I/QualcommCameraHardware(  115): openCameraHardware:Valid camera ID 0
02-03 22:32:54.118 I/QualcommCameraHardware(  115): openCameraHardware:camera mode 1
02-03 22:32:54.118 I/QualcommCameraHardware(  115): HAL_openCameraHardware: HAL_currentSnapshotMode = 4
02-03 22:32:54.118 I/QualcommCameraHardware(  115): createInstance: E
02-03 22:32:54.118 I/QualcommCameraHardware(  115): QualcommCameraHardware constructor E
02-03 22:32:54.118 I/QualcommCameraHardware(  115): createInstance: created hardware=0x5d038
02-03 22:32:54.358 I/DATA    (  343): [DCT(0) ] onDataCallListChanged:
02-03 22:32:54.358 I/DATA    (  343): [DCT(0) ] ---dc state list---
02-03 22:32:54.358 I/DATA    (  343): [DCT(0) ] DataCallState: { cid: 0, active: 2, type: , apn: , address: 70.14.58.237 }
02-03 22:32:54.358 I/DATA    (  343): [DCT(0) ] ---dc list---
02-03 22:32:54.358 I/DATA    (  343): [DCT(0) ] cid = 0, state = DcActiveState, bearerType = IP, ipaddress = 70.14.58.237, gw=70.14.58.238, dns=[68.28.67.132, 68.28.68.132]
02-03 22:32:54.659 E/CAM_FD  (  115): sensor_load_chromatix: Sensor name: ov5640 cnt=6
02-03 22:32:54.659 E/QualcommCameraHardware(  115): open devicename ok
02-03 22:32:54.659 E/QualcommCameraHardware(  115): deviceid =0x5640
02-03 22:32:54.659 E/QualcommCameraHardware(  115): discard_frame_flag=1 
02-03 22:32:54.659 I/QualcommCameraHardware(  115): initDefaultParameters E
02-03 22:32:54.659 I/QualcommCameraHardware(  115): cts mHasAutoFocusSupport=1 mZslEnable=0 
02-03 22:32:54.659 E/mm-camera(  115): post_processing(): pp_thread_status=1
02-03 22:32:54.699 E/QualcommCameraHardware(  115): set max zoom 20
02-03 22:32:54.709 I/QualcommCameraHardware(  115): initDefaultParameters: setting num-snaps-per-shutter to 1
02-03 22:32:54.709 I/QualcommCameraHardware(  115): initDefaultParameters X
02-03 22:32:54.709 I/QualcommCameraHardware(  115): createInstance: X
02-03 22:32:54.709 I/QualcommCameraHardware(  115): Found a matching camera info for ID 0
02-03 22:32:54.709 I/QualcommCameraHardware(  115): HAL_getCameraInfo: orientation = 90
02-03 22:32:54.709 I/QualcommCameraHardware(  115): HAL_getCameraInfo: modes supported = 5
02-03 22:32:54.709 W/Overlay (  257): createOverlay: creating overlay with format3D: 0x0, curState: 1
02-03 22:32:54.709 E/CameraService(  115): CameraService::loadSound ref=0
02-03 22:32:54.709 D/MediaPlayer(  115): setDataSource(/system/media/audio/ui/camera_click.ogg)
02-03 22:32:54.709 D/MediaPlayerService(  115): Create new client(9) from pid 115, url=/system/media/audio/ui/camera_click.ogg, connId=9, audioSessionId=13
02-03 22:32:54.709 E/MediaPlayerService(  115): setDataSource(/system/media/audio/ui/camera_click.ogg)
02-03 22:32:54.709 D/MediaPlayerService(  115): get player type from url: /system/media/audio/ui/camera_click.ogg
02-03 22:32:54.709 D/MediaPlayerService(  115): drm EAS_Shutdown url: /system/media/audio/ui/camera_click.ogg
02-03 22:32:54.709 D/MediaPlayerService(  115): extension = .sp-midi
02-03 22:32:54.709 D/MediaPlayerService(  115): extension = .spmid
02-03 22:32:54.709 D/MediaPlayerService(  115): extension = .mid
02-03 22:32:54.709 D/MediaPlayerService(  115): extension = .midi
02-03 22:32:54.709 D/MediaPlayerService(  115): extension = .smf
02-03 22:32:54.709 D/MediaPlayerService(  115): extension = .xmf
02-03 22:32:54.709 D/MediaPlayerService(  115): extension = .imy
02-03 22:32:54.709 D/MediaPlayerService(  115): extension = .imelody
02-03 22:32:54.709 D/MediaPlayerService(  115): extension = .rtttl
02-03 22:32:54.709 D/MediaPlayerService(  115): extension = .rtx
02-03 22:32:54.709 D/MediaPlayerService(  115): extension = .ota
02-03 22:32:54.709 D/MediaPlayerService(  115): extension = .ogg
02-03 22:32:54.709 E/MediaPlayerService(  115): else player type = 3
02-03 22:32:54.709 E/MediaPlayerService(  115):  create VorbisPlayer
02-03 22:32:54.729 D/MediaPlayer(  115): setDataSource(/system/media/audio/ui/camera_click_2.ogg)
02-03 22:32:54.729 D/MediaPlayerService(  115): Create new client(10) from pid 115, url=/system/media/audio/ui/camera_click_2.ogg, connId=10, audioSessionId=14
02-03 22:32:54.729 E/MediaPlayerService(  115): setDataSource(/system/media/audio/ui/camera_click_2.ogg)
02-03 22:32:54.729 D/MediaPlayerService(  115): get player type from url: /system/media/audio/ui/camera_click_2.ogg
02-03 22:32:54.739 D/MediaPlayerService(  115): drm EAS_Shutdown url: /system/media/audio/ui/camera_click_2.ogg
02-03 22:32:54.739 D/MediaPlayerService(  115): extension = .sp-midi
02-03 22:32:54.739 D/MediaPlayerService(  115): extension = .spmid
02-03 22:32:54.739 D/MediaPlayerService(  115): extension = .mid
02-03 22:32:54.739 D/MediaPlayerService(  115): extension = .midi
02-03 22:32:54.739 D/MediaPlayerService(  115): extension = .smf
02-03 22:32:54.739 D/MediaPlayerService(  115): extension = .xmf
02-03 22:32:54.739 D/MediaPlayerService(  115): extension = .imy
02-03 22:32:54.739 D/MediaPlayerService(  115): extension = .imelody
02-03 22:32:54.739 D/MediaPlayerService(  115): extension = .rtttl
02-03 22:32:54.739 D/MediaPlayerService(  115): extension = .rtx
02-03 22:32:54.739 D/MediaPlayerService(  115): extension = .ota
02-03 22:32:54.739 D/MediaPlayerService(  115): extension = .ogg
02-03 22:32:54.739 E/MediaPlayerService(  115): else player type = 3
02-03 22:32:54.739 E/MediaPlayerService(  115):  create VorbisPlayer
02-03 22:32:54.749 D/MediaPlayer(  115): setDataSource(/system/media/audio/ui/camera_click_3.ogg)
02-03 22:32:54.749 D/MediaPlayerService(  115): Create new client(11) from pid 115, url=/system/media/audio/ui/camera_click_3.ogg, connId=11, audioSessionId=15
02-03 22:32:54.749 E/MediaPlayerService(  115): setDataSource(/system/media/audio/ui/camera_click_3.ogg)
02-03 22:32:54.769 D/MediaPlayerService(  115): get player type from url: /system/media/audio/ui/camera_click_3.ogg
02-03 22:32:54.769 D/MediaPlayerService(  115): drm EAS_Shutdown url: /system/media/audio/ui/camera_click_3.ogg
02-03 22:32:54.769 D/MediaPlayerService(  115): extension = .sp-midi
02-03 22:32:54.769 D/MediaPlayerService(  115): extension = .spmid
02-03 22:32:54.769 D/MediaPlayerService(  115): extension = .mid
02-03 22:32:54.769 D/MediaPlayerService(  115): extension = .midi
02-03 22:32:54.769 D/MediaPlayerService(  115): extension = .smf
02-03 22:32:54.769 D/MediaPlayerService(  115): extension = .xmf
02-03 22:32:54.769 D/MediaPlayerService(  115): extension = .imy
02-03 22:32:54.769 D/MediaPlayerService(  115): extension = .imelody
02-03 22:32:54.769 D/MediaPlayerService(  115): extension = .rtttl
02-03 22:32:54.769 D/MediaPlayerService(  115): extension = .rtx
02-03 22:32:54.769 D/MediaPlayerService(  115): extension = .ota
02-03 22:32:54.769 D/MediaPlayerService(  115): extension = .ogg
02-03 22:32:54.769 E/MediaPlayerService(  115): else player type = 3
02-03 22:32:54.769 E/MediaPlayerService(  115):  create VorbisPlayer
02-03 22:32:54.779 I/QualcommCameraHardware(  115): setRecordSize: preview dimensions: 480x320
02-03 22:32:54.779 I/QualcommCameraHardware(  115): setRecordSize: video dimensions: 480x320
02-03 22:32:54.779 D/MediaPlayer(  115): setDataSource(/system/media/audio/ui/VideoRecord.ogg)
02-03 22:32:54.779 D/MediaPlayerService(  115): Create new client(12) from pid 115, url=/system/media/audio/ui/VideoRecord.ogg, connId=12, audioSessionId=16
02-03 22:32:54.779 E/MediaPlayerService(  115): setDataSource(/system/media/audio/ui/VideoRecord.ogg)
02-03 22:32:54.779 D/MediaPlayerService(  115): get player type from url: /system/media/audio/ui/VideoRecord.ogg
02-03 22:32:54.779 E/mm-camera(  115): call qualcomm: discard_frame_flag =1 , discard_frame_cnt=2
02-03 22:32:54.779 I/QualcommCameraHardware(  115): Parameter Rolloff is not supported for this sensor
02-03 22:32:54.779 I/QualcommCameraHardware(  115): setMCEValue: setting MCE value of enable
02-03 22:32:54.779 D/MediaPlayerService(  115): drm EAS_Shutdown url: /system/media/audio/ui/VideoRecord.ogg
02-03 22:32:54.779 D/MediaPlayerService(  115): extension = .sp-midi
02-03 22:32:54.779 D/MediaPlayerService(  115): extension = .spmid
02-03 22:32:54.779 D/MediaPlayerService(  115): extension = .mid
02-03 22:32:54.779 D/MediaPlayerService(  115): extension = .midi
02-03 22:32:54.779 D/MediaPlayerService(  115): extension = .smf
02-03 22:32:54.779 D/MediaPlayerService(  115): extension = .xmf
02-03 22:32:54.779 D/MediaPlayerService(  115): extension = .imy
02-03 22:32:54.779 D/MediaPlayerService(  115): extension = .imelody
02-03 22:32:54.779 D/MediaPlayerService(  115): extension = .rtttl
02-03 22:32:54.779 D/MediaPlayerService(  115): extension = .rtx
02-03 22:32:54.789 D/MediaPlayerService(  115): extension = .ota
02-03 22:32:54.789 D/MediaPlayerService(  115): extension = .ogg
02-03 22:32:54.789 E/MediaPlayerService(  115): else player type = 3
02-03 22:32:54.789 E/MediaPlayerService(  115):  create VorbisPlayer
02-03 22:32:54.789 E/CAM_FD  (  115): lijing:set_contrast
02-03 22:32:54.799 E/mm-camera(  115): call qualcomm: discard_frame_flag =1 , discard_frame_cnt=2
02-03 22:32:54.799 I/QualcommCameraHardware(  115): setRedeyeReduction: setting Redeye Reduction value of disable
02-03 22:32:54.799 E/CAM_FD  (  115): config_proc_CAMERA_SET_REDEYE_REDUCTION: mode =0
02-03 22:32:54.799 E/CAM_FD  (  115): config_proc_CAMERA_SET_REDEYE_REDUCTION: FAILED
02-03 22:32:54.799 E/QualcommCameraHardware(  115): native_set_parms failed: type 50 length 1 error Unknown error: 0
02-03 22:32:54.799 E/QualcommCameraHardware(  115): Wavelet Denoise is not supported for this sensor
02-03 22:32:54.799 I/QualcommCameraHardware(  115): setSnapshotCount setting num-snaps-per-shutter to 1
02-03 22:32:54.799 I/QualcommCameraHardware(  115): Set fps is not supported for this sensor
02-03 22:32:54.799 I/QualcommCameraHardware(  115): set fps mode is not supported for this sensor
02-03 22:32:54.799 I/QualcommCameraHardware(  115): updateFocusDistances: setting KEY_FOCUS_DISTANCES as 1.000000,2.000000,3.000000
02-03 22:32:54.799 E/mm-camera(  115): call qualcomm: discard_frame_flag =1 , discard_frame_cnt=1
02-03 22:32:54.799 E/QualcommCameraHardware(  115): setShutterSound()::e
02-03 22:32:54.799 E/QualcommCameraHardware(  115): setShutterSoundselect()::e
02-03 22:32:54.799 E/QualcommCameraHardware(  115): cts max_fps: 5000--30000
02-03 22:32:54.799 I/QualcommCameraHardware(  115): Parameter HFR is not supported for this sensor
02-03 22:32:54.819 W/Overlay (  257): createOverlay: creating overlay with format3D: 0x0, curState: 1
02-03 22:32:54.829 I/QualcommCameraHardware(  115): No Record Size requested, use the preview dimensions
02-03 22:32:54.829 I/QualcommCameraHardware(  115): initPreview E: preview size=480x320 videosize = 480 x 320
02-03 22:32:54.829 I/QualcommCameraHardware(  115): initPreview : preview size=480x320 videosize = 480 x 320
02-03 22:32:54.829 I/QualcommCameraHardware(  115): constructing MemPool preview backed by pmem pool /dev/pmem_adsp: 4 frames @ 230400 bytes, buffer size 230400
02-03 22:32:54.829 I/QualcommCameraHardware(  115): PmemPool: (preview) X 
02-03 22:32:54.829 I/QualcommCameraHardware(  115): initRecord: mDimension.video_width = 480 mDimension.video_height = 320
02-03 22:32:54.829 I/QualcommCameraHardware(  115): constructing MemPool record backed by pmem pool /dev/pmem_adsp: 9 frames @ 230400 bytes, buffer size 230400
02-03 22:32:54.829 I/QualcommCameraHardware(  115): PmemPool: (record) X 
02-03 22:32:54.829 E/QualcommCameraHardware(  115): Calling CAMERA_OPS_STREAMING_VIDEO
02-03 22:32:54.829 E/mm-camera(  115): postproc_set_key: Sending IOCTL_PICT_PP: PP_KEY = 0 4
02-03 22:32:54.829 E/CAM_FD  (  115): Sensor Mode HFR off
02-03 22:32:54.829 I/QualcommCameraHardware(  115): preview_thread E
02-03 22:32:54.909 E/QualcommCameraHardware(  115): ljing1111:Maximum zoom value is 21
02-03 22:32:54.909 E/QualcommCameraHardware(  115): set zoom mMaxZoom
02-03 22:32:54.909 E/CAM_FD  (  115): config_proc_CAMERA_SET_PARM_AUTO_FOCUS: supported by sensor module
02-03 22:32:54.919 D/KeyguardViewMediator(  257): setHidden false
02-03 22:32:54.939 D/KeyguardViewMediator(  257): setHidden false
02-03 22:32:54.969 D/KeyguardViewMediator(  257): setHidden false
