02-03 22:21:43.412 D/MobileDataStateTracker(  257): [supl] Do not process intents if disabled.
02-03 22:21:43.412 D/MobileDataStateTracker(  257): [mms]  MobileDataStateReceiver onReceive(): Entry.
02-03 22:21:43.412 D/MobileDataStateTracker(  257): [mms]  intent.getAction()= android.intent.action.ANY_DATA_STATE
02-03 22:21:43.412 D/MobileDataStateTracker(  257): [mms]  mEnabled = false
02-03 22:21:43.412 D/MobileDataStateTracker(  257): [mms]  apnTypeList = supl
02-03 22:21:43.412 D/MobileDataStateTracker(  257): [mms]  unavailable = false
02-03 22:21:43.412 D/MobileDataStateTracker(  257): [mms] Do not process intents if disabled.
02-03 22:21:43.412 D/MobileDataStateTracker(  257): [default]  MobileDataStateReceiver onReceive(): Entry.
02-03 22:21:43.412 D/MobileDataStateTracker(  257): [default]  intent.getAction()= android.intent.action.ANY_DATA_STATE
02-03 22:21:43.412 D/MobileDataStateTracker(  257): [default]  mEnabled = true
02-03 22:21:43.412 D/MobileDataStateTracker(  257): [default]  apnTypeList = supl
02-03 22:21:43.412 D/MobileDataStateTracker(  257): [default]  unavailable = false
02-03 22:21:43.412 D/MobileDataStateTracker(  257): [default] not what we are looking for.
02-03 22:21:43.412 D/MobileDataStateTracker(  257): [hipri]  MobileDataStateReceiver onReceive(): Entry.
02-03 22:21:43.412 D/MobileDataStateTracker(  257): [hipri]  intent.getAction()= android.intent.action.ANY_DATA_STATE
02-03 22:21:43.412 D/MobileDataStateTracker(  257): [hipri]  mEnabled = false
02-03 22:21:43.422 D/MobileDataStateTracker(  257): [hipri]  apnTypeList = dun
02-03 22:21:43.422 D/MobileDataStateTracker(  257): [hipri]  unavailable = false
02-03 22:21:43.422 D/MobileDataStateTracker(  257): [hipri] Do not process intents if disabled.
02-03 22:21:43.422 D/MobileDataStateTracker(  257): [dun]  MobileDataStateReceiver onReceive(): Entry.
02-03 22:21:43.422 D/MobileDataStateTracker(  257): [dun]  intent.getAction()= android.intent.action.ANY_DATA_STATE
02-03 22:21:43.422 D/MobileDataStateTracker(  257): [dun]  mEnabled = false
02-03 22:21:43.422 D/MobileDataStateTracker(  257): [dun]  apnTypeList = dun
02-03 22:21:43.422 D/MobileDataStateTracker(  257): [dun]  unavailable = false
02-03 22:21:43.422 D/MobileDataStateTracker(  257): [dun] Do not process intents if disabled.
02-03 22:21:43.422 D/MobileDataStateTracker(  257): [supl]  MobileDataStateReceiver onReceive(): Entry.
02-03 22:21:43.422 D/MobileDataStateTracker(  257): [supl]  intent.getAction()= android.intent.action.ANY_DATA_STATE
02-03 22:21:43.422 D/MobileDataStateTracker(  257): [supl]  mEnabled = false
02-03 22:21:43.422 D/MobileDataStateTracker(  257): [supl]  apnTypeList = dun
02-03 22:21:43.422 D/MobileDataStateTracker(  257): [supl]  unavailable = false
02-03 22:21:43.432 D/MobileDataStateTracker(  257): [supl] Do not process intents if disabled.
02-03 22:21:43.432 D/MobileDataStateTracker(  257): [mms]  MobileDataStateReceiver onReceive(): Entry.
02-03 22:21:43.432 D/MobileDataStateTracker(  257): [mms]  intent.getAction()= android.intent.action.ANY_DATA_STATE
02-03 22:21:43.432 D/MobileDataStateTracker(  257): [mms]  mEnabled = false
02-03 22:21:43.442 D/MobileDataStateTracker(  257): [mms]  apnTypeList = dun
02-03 22:21:43.442 D/MobileDataStateTracker(  257): [mms]  unavailable = false
02-03 22:21:43.442 D/MobileDataStateTracker(  257): [mms] Do not process intents if disabled.
02-03 22:21:43.442 D/MobileDataStateTracker(  257): [default]  MobileDataStateReceiver onReceive(): Entry.
02-03 22:21:43.442 D/MobileDataStateTracker(  257): [default]  intent.getAction()= android.intent.action.ANY_DATA_STATE
02-03 22:21:43.442 D/MobileDataStateTracker(  257): [default]  mEnabled = true
02-03 22:21:43.442 D/MobileDataStateTracker(  257): [default]  apnTypeList = dun
02-03 22:21:43.442 D/MobileDataStateTracker(  257): [default]  unavailable = false
02-03 22:21:43.442 D/MobileDataStateTracker(  257): [default] not what we are looking for.
02-03 22:21:43.442 D/MobileDataStateTracker(  257): [hipri]  MobileDataStateReceiver onReceive(): Entry.
02-03 22:21:43.442 D/MobileDataStateTracker(  257): [hipri]  intent.getAction()= android.intent.action.ANY_DATA_STATE
02-03 22:21:43.442 D/MobileDataStateTracker(  257): [hipri]  mEnabled = false
02-03 22:21:43.442 D/MobileDataStateTracker(  257): [hipri]  apnTypeList = dun
02-03 22:21:43.442 D/MobileDataStateTracker(  257): [hipri]  unavailable = false
02-03 22:21:43.442 D/MobileDataStateTracker(  257): [hipri] Do not process intents if disabled.
02-03 22:21:43.442 D/MobileDataStateTracker(  257): [dun]  MobileDataStateReceiver onReceive(): Entry.
02-03 22:21:43.442 D/MobileDataStateTracker(  257): [dun]  intent.getAction()= android.intent.action.ANY_DATA_STATE
02-03 22:21:43.442 D/MobileDataStateTracker(  257): [dun]  mEnabled = false
02-03 22:21:43.452 D/MobileDataStateTracker(  257): [dun]  apnTypeList = dun
02-03 22:21:43.452 D/MobileDataStateTracker(  257): [dun]  unavailable = false
02-03 22:21:43.452 D/MobileDataStateTracker(  257): [dun] Do not process intents if disabled.
02-03 22:21:43.452 D/MobileDataStateTracker(  257): [supl]  MobileDataStateReceiver onReceive(): Entry.
02-03 22:21:43.452 D/MobileDataStateTracker(  257): [supl]  intent.getAction()= android.intent.action.ANY_DATA_STATE
02-03 22:21:43.452 D/MobileDataStateTracker(  257): [supl]  mEnabled = false
02-03 22:21:43.482 D/MobileDataStateTracker(  257): [supl]  apnTypeList = dun
02-03 22:21:43.482 D/MobileDataStateTracker(  257): [supl]  unavailable = false
02-03 22:21:43.482 D/MobileDataStateTracker(  257): [supl] Do not process intents if disabled.
02-03 22:21:43.482 D/MobileDataStateTracker(  257): [mms]  MobileDataStateReceiver onReceive(): Entry.
02-03 22:21:43.482 D/MobileDataStateTracker(  257): [mms]  intent.getAction()= android.intent.action.ANY_DATA_STATE
02-03 22:21:43.482 D/MobileDataStateTracker(  257): [mms]  mEnabled = false
02-03 22:21:43.482 D/MobileDataStateTracker(  257): [mms]  apnTypeList = dun
02-03 22:21:43.482 D/MobileDataStateTracker(  257): [mms]  unavailable = false
02-03 22:21:43.482 D/MobileDataStateTracker(  257): [mms] Do not process intents if disabled.
02-03 22:21:43.482 D/MobileDataStateTracker(  257): [default]  MobileDataStateReceiver onReceive(): Entry.
02-03 22:21:43.482 D/MobileDataStateTracker(  257): [default]  intent.getAction()= android.intent.action.ANY_DATA_STATE
02-03 22:21:43.482 D/MobileDataStateTracker(  257): [default]  mEnabled = true
02-03 22:21:43.482 D/MobileDataStateTracker(  257): [default]  apnTypeList = dun
02-03 22:21:43.482 D/MobileDataStateTracker(  257): [default]  unavailable = false
02-03 22:21:43.482 D/MobileDataStateTracker(  257): [default] not what we are looking for.
02-03 22:21:43.482 D/MobileDataStateTracker(  257): [hipri]  MobileDataStateReceiver onReceive(): Entry.
02-03 22:21:43.482 D/MobileDataStateTracker(  257): [hipri]  intent.getAction()= android.intent.action.ANY_DATA_STATE
02-03 22:21:43.482 D/MobileDataStateTracker(  257): [hipri]  mEnabled = false
02-03 22:21:43.492 D/qcom_priv_settings(  480): setprop(net.http.threads) = [10]
02-03 22:21:43.492 D/MobileDataStateTracker(  257): [hipri]  apnTypeList = hipri
02-03 22:21:43.492 D/MobileDataStateTracker(  257): [hipri]  unavailable = false
02-03 22:21:43.492 D/MobileDataStateTracker(  257): [hipri] Do not process intents if disabled.
02-03 22:21:43.492 D/MobileDataStateTracker(  257): [dun]  MobileDataStateReceiver onReceive(): Entry.
02-03 22:21:43.492 D/MobileDataStateTracker(  257): [dun]  intent.getAction()= android.intent.action.ANY_DATA_STATE
02-03 22:21:43.492 D/MobileDataStateTracker(  257): [dun]  mEnabled = false
02-03 22:21:43.492 D/MobileDataStateTracker(  257): [dun]  apnTypeList = hipri
02-03 22:21:43.492 D/MobileDataStateTracker(  257): [dun]  unavailable = false
02-03 22:21:43.492 D/MobileDataStateTracker(  257): [dun] Do not process intents if disabled.
02-03 22:21:43.492 D/MobileDataStateTracker(  257): [supl]  MobileDataStateReceiver onReceive(): Entry.
02-03 22:21:43.492 D/MobileDataStateTracker(  257): [supl]  intent.getAction()= android.intent.action.ANY_DATA_STATE
02-03 22:21:43.492 D/MobileDataStateTracker(  257): [supl]  mEnabled = false
02-03 22:21:43.492 D/MobileDataStateTracker(  257): [supl]  apnTypeList = hipri
02-03 22:21:43.492 D/MobileDataStateTracker(  257): [supl]  unavailable = false
02-03 22:21:43.492 D/MobileDataStateTracker(  257): [supl] Do not process intents if disabled.
02-03 22:21:43.502 D/MobileDataStateTracker(  257): [mms]  MobileDataStateReceiver onReceive(): Entry.
02-03 22:21:43.502 D/qcom_priv_settings(  480): setprop(net.http.idle_cache.size) = [40]
02-03 22:21:43.502 D/qcom_priv_settings(  480): setprop(net.http.idle_cache.shutdown) = [true]
02-03 22:21:43.502 D/qcom_priv_settings(  480): setprop(net.webkit.cache.size) = [12582912]
02-03 22:21:43.502 D/qcom_priv_settings(  480): setprop(net.webkit.cache.mindeadsize) = [4194304]
02-03 22:21:43.502 D/qcom_priv_settings(  480): setprop(net.webkit.cache.maxdeadsize) = [4194304]
02-03 22:21:43.502 D/qcom_priv_settings(  480): setprop(net.nw.cache.prioadvstep) = [86400000]
02-03 22:21:43.502 D/qcom_priv_settings(  480): setprop(net.nw.cache.weightadvstep) = [3600000]
02-03 22:21:43.502 D/qcom_priv_settings(  480): setprop(net.nw.cache.orderby) = [weight]
02-03 22:21:43.502 D/MobileDataStateTracker(  257): [mms]  intent.getAction()= android.intent.action.ANY_DATA_STATE
02-03 22:21:43.502 D/MobileDataStateTracker(  257): [mms]  mEnabled = false
02-03 22:21:43.532 D/MobileDataStateTracker(  257): [mms]  apnTypeList = hipri
02-03 22:21:43.532 D/MobileDataStateTracker(  257): [mms]  unavailable = false
02-03 22:21:43.532 D/MobileDataStateTracker(  257): [mms] Do not process intents if disabled.
02-03 22:21:43.532 D/MobileDataStateTracker(  257): [default]  MobileDataStateReceiver onReceive(): Entry.
02-03 22:21:43.532 D/MobileDataStateTracker(  257): [default]  intent.getAction()= android.intent.action.ANY_DATA_STATE
02-03 22:21:43.532 D/MobileDataStateTracker(  257): [default]  mEnabled = true
02-03 22:21:43.532 D/MobileDataStateTracker(  257): [default]  apnTypeList = hipri
02-03 22:21:43.532 D/MobileDataStateTracker(  257): [default]  unavailable = false
02-03 22:21:43.532 D/MobileDataStateTracker(  257): [default] not what we are looking for.
02-03 22:21:43.532 D/MobileDataStateTracker(  257): [hipri]  MobileDataStateReceiver onReceive(): Entry.
02-03 22:21:43.532 D/MobileDataStateTracker(  257): [hipri]  intent.getAction()= android.intent.action.ANY_DATA_STATE
02-03 22:21:43.532 D/MobileDataStateTracker(  257): [hipri]  mEnabled = false
02-03 22:21:43.542 D/MobileDataStateTracker(  257): [hipri]  apnTypeList = hipri
02-03 22:21:43.542 D/MobileDataStateTracker(  257): [hipri]  unavailable = false
02-03 22:21:43.542 D/MobileDataStateTracker(  257): [hipri] Do not process intents if disabled.
02-03 22:21:43.542 D/MobileDataStateTracker(  257): [dun]  MobileDataStateReceiver onReceive(): Entry.
02-03 22:21:43.542 D/MobileDataStateTracker(  257): [dun]  intent.getAction()= android.intent.action.ANY_DATA_STATE
02-03 22:21:43.542 D/MobileDataStateTracker(  257): [dun]  mEnabled = false
02-03 22:21:43.562 D/MobileDataStateTracker(  257): [dun]  apnTypeList = hipri
02-03 22:21:43.562 D/MobileDataStateTracker(  257): [dun]  unavailable = false
02-03 22:21:43.562 D/MobileDataStateTracker(  257): [dun] Do not process intents if disabled.
02-03 22:21:43.562 D/MobileDataStateTracker(  257): [supl]  MobileDataStateReceiver onReceive(): Entry.
02-03 22:21:43.562 D/MobileDataStateTracker(  257): [supl]  intent.getAction()= android.intent.action.ANY_DATA_STATE
02-03 22:21:43.562 D/MobileDataStateTracker(  257): [supl]  mEnabled = false
02-03 22:21:43.562 D/MobileDataStateTracker(  257): [supl]  apnTypeList = hipri
02-03 22:21:43.562 D/MobileDataStateTracker(  257): [supl]  unavailable = false
02-03 22:21:43.562 D/MobileDataStateTracker(  257): [supl] Do not process intents if disabled.
02-03 22:21:43.562 D/MobileDataStateTracker(  257): [mms]  MobileDataStateReceiver onReceive(): Entry.
02-03 22:21:43.562 D/MobileDataStateTracker(  257): [mms]  intent.getAction()= android.intent.action.ANY_DATA_STATE
02-03 22:21:43.562 D/MobileDataStateTracker(  257): [mms]  mEnabled = false
02-03 22:21:43.562 D/MobileDataStateTracker(  257): [mms]  apnTypeList = hipri
02-03 22:21:43.562 D/MobileDataStateTracker(  257): [mms]  unavailable = false
02-03 22:21:43.562 D/MobileDataStateTracker(  257): [mms] Do not process intents if disabled.
02-03 22:21:43.562 D/MobileDataStateTracker(  257): [default]  MobileDataStateReceiver onReceive(): Entry.
02-03 22:21:43.562 D/MobileDataStateTracker(  257): [default]  intent.getAction()= android.intent.action.ANY_DATA_STATE
02-03 22:21:43.562 D/MobileDataStateTracker(  257): [default]  mEnabled = true
02-03 22:21:43.562 D/MobileDataStateTracker(  257): [default]  apnTypeList = hipri
02-03 22:21:43.562 D/MobileDataStateTracker(  257): [default]  unavailable = false
02-03 22:21:43.562 D/MobileDataStateTracker(  257): [default] not what we are looking for.
02-03 22:21:43.562 D/MobileDataStateTracker(  257): [hipri]  MobileDataStateReceiver onReceive(): Entry.
02-03 22:21:43.562 D/MobileDataStateTracker(  257): [hipri]  intent.getAction()= android.intent.action.SERVICE_STATE
02-03 22:21:43.562 D/MobileDataStateTracker(  257): [hipri]  mEnabled = false
02-03 22:21:43.572 D/MobileDataStateTracker(  257): [dun]  MobileDataStateReceiver onReceive(): Entry.
02-03 22:21:43.572 D/MobileDataStateTracker(  257): [dun]  intent.getAction()= android.intent.action.SERVICE_STATE
02-03 22:21:43.572 D/MobileDataStateTracker(  257): [dun]  mEnabled = false
02-03 22:21:43.572 D/MobileDataStateTracker(  257): [supl]  MobileDataStateReceiver onReceive(): Entry.
02-03 22:21:43.572 D/MobileDataStateTracker(  257): [supl]  intent.getAction()= android.intent.action.SERVICE_STATE
02-03 22:21:43.572 D/MobileDataStateTracker(  257): [supl]  mEnabled = false
02-03 22:21:43.592 D/MobileDataStateTracker(  257): [mms]  MobileDataStateReceiver onReceive(): Entry.
02-03 22:21:43.592 D/MobileDataStateTracker(  257): [mms]  intent.getAction()= android.intent.action.SERVICE_STATE
02-03 22:21:43.592 D/MobileDataStateTracker(  257): [mms]  mEnabled = false
02-03 22:21:43.592 D/MobileDataStateTracker(  257): [default]  MobileDataStateReceiver onReceive(): Entry.
02-03 22:21:43.592 D/MobileDataStateTracker(  257): [default]  intent.getAction()= android.intent.action.SERVICE_STATE
02-03 22:21:43.592 D/MobileDataStateTracker(  257): [default]  mEnabled = true
02-03 22:21:43.592 I/BluetoothService(  257): Received BT_BOOTUP message
02-03 22:21:43.752 I/ActivityThread(  488): Pub com.cooliris.picasa.contentprovider: com.cooliris.picasa.PicasaContentProvider
02-03 22:21:43.782 I/PackageManager(  257): Updating external media status from unmounted to mounted
02-03 22:21:43.802 D/DATA    (  343): [DSST(0)] pollstate() : reason = data network state changed
02-03 22:21:43.842 W/dalvikvm(  496): Refusing to reopen boot DEX '/system/framework/OmaDrmClient.jar'
02-03 22:21:44.062 I/ActivityThread(  496): Pub com.zte.zmail.security.provider: com.zte.zmail.security.provider.SecurityProvider
02-03 22:21:44.082 I/ActivityThread(  496): Pub com.android.email.provider: com.android.email.provider.EmailProvider
02-03 22:21:44.092 I/ActivityThread(  496): Pub com.android.email.searchsuggestionprovider: com.android.email.provider.SearchSuggestionProvider
02-03 22:21:44.102 I/ActivityThread(  496): Pub com.android.email.attachmentprovider: com.android.email.provider.AttachmentProvider
02-03 22:21:44.182 D/Gallery3D(  488): [BootReceiver]: Got intent with action android.intent.action.BOOT_COMPLETED
02-03 22:21:44.203 D/KeyguardViewMediator(  257): setHidden false
02-03 22:21:44.213 D/KeyguardViewMediator(  257): setHidden false
02-03 22:21:44.243 D/DATA    (  343): [DSST(0)]  registrationState = 1  radioTechnology = 6 reasonForDenial = 0
02-03 22:21:44.243 D/DATA    (  343): [DSST(0)]  set mNewDataConnectionState = 0
02-03 22:21:44.243 D/DATA    (  343): [DSST(0)]  mNewDataConnectionState : 0  mDataConnectionState : 0
02-03 22:21:44.243 D/DATA    (  343): [DSST(0)] Poll ServiceState done: oldSS=[0 home null null null  1xRTT CSS not supported -1 -1RoamInd: -1RoamStatus(sprint): -1DefRoamInd: -1EmergOnly: false] newSS=[0 home null null null  1xRTT CSS not supported -1 -1RoamInd: -1RoamStatus(sprint): -1DefRoamInd: -1EmergOnly: false]
02-03 22:21:44.243 D/DATA    (  343): [DSST(0)]  mDataConnectionState = 0
02-03 22:21:44.243 D/CallManager(  343):  handleMessage (EVENT_SERVICE_STATE_CHANGED)
02-03 22:21:44.243 E/BT HS/HF(  343): SERVICE_STATE_CHANGED called
02-03 22:21:44.243 E/BT HS/HF(  343): updateServiceState called, sendUpdate:false  ServiceState:0 home Sprint  310099  1xRTT CSS not supported 41 4139RoamInd: 1RoamStatus(sprint): 1DefRoamInd: 160EmergOnly: false
02-03 22:21:44.243 E/BT HS/HF(  343): service:1 mService:1
02-03 22:21:44.283 I/PackageManager(  257): No secure containers on sdcard
02-03 22:21:44.823 I/ActivityThread(  496): Pub com.android.exchange.provider: com.android.exchange.provider.ExchangeProvider
02-03 22:21:44.993 D/Bitmap  (  350): Detect unrecycled bitmap.
02-03 22:21:44.993 D/Bitmap  (  350):       Size: 157440 Bytes, Width: 320 , Height: 123 , Hash code: 1079097816
02-03 22:21:44.993 D/Bitmap  (  350):  This bimap was created in:
02-03 22:21:44.993 D/Bitmap  (  350):       android.graphics.Bitmap.<init>(Bitmap.java:136)
02-03 22:21:44.993 D/Bitmap  (  350):       android.graphics.BitmapFactory.nativeDecodeAsset(Native Method)
02-03 22:21:44.993 D/Bitmap  (  350):       android.graphics.BitmapFactory.decodeStream(BitmapFactory.java:460)
02-03 22:21:44.993 D/Bitmap  (  350):       android.graphics.BitmapFactory.decodeResourceStream(BitmapFactory.java:336)
02-03 22:21:44.993 D/Bitmap  (  350):       android.graphics.drawable.Drawable.createFromResourceStream(Drawable.java:697)
02-03 22:21:44.993 D/Bitmap  (  350):       android.content.res.Resources.loadDrawable(Resources.java:1709)
02-03 22:21:44.993 D/Bitmap  (  350):       android.content.res.Resources.getDrawable(Resources.java:581)
02-03 22:21:44.993 D/Bitmap  (  350):       android.widget.AbsListView.setOverScrollMode(AbsListView.java:655)
02-03 22:21:44.993 D/Bitmap  (  350):       android.view.View.<init>(View.java:1879)
02-03 22:21:44.993 D/Bitmap  (  350):       android.view.View.<init>(View.java:1921)
02-03 22:21:44.993 D/Bitmap  (  350):       android.view.ViewGroup.<init>(ViewGroup.java:292)
02-03 22:21:44.993 D/Bitmap  (  350):       android.widget.AdapterView.<init>(AdapterView.java:228)
02-03 22:21:44.993 D/Bitmap  (  350):       android.widget.AbsListView.<init>(AbsListView.java:592)
02-03 22:21:44.993 D/Bitmap  (  350):       android.widget.GridView.<init>(GridView.java:72)
02-03 22:21:45.003 D/Bitmap  (  350):       android.widget.GridView.<init>(GridView.java:68)
02-03 22:21:45.003 D/Bitmap  (  350):       java.lang.reflect.Constructor.constructNative(Native Method)
02-03 22:21:45.003 D/Bitmap  (  350):       java.lang.reflect.Constructor.newInstance(Constructor.java:415)
02-03 22:21:45.003 D/Bitmap  (  350):       android.view.LayoutInflater.createView(LayoutInflater.java:505)
02-03 22:21:45.003 D/Bitmap  (  350):       com.android.internal.policy.impl.PhoneLayoutInflater.onCreateView(PhoneLayoutInflater.java:56)
02-03 22:21:45.003 D/Bitmap  (  350):       android.view.LayoutInflater.createViewFromTag(LayoutInflater.java:568)
02-03 22:21:45.003 D/Bitmap  (  350):       android.view.LayoutInflater.rInflate(LayoutInflater.java:623)
02-03 22:21:45.003 D/Bitmap  (  350):       android.view.LayoutInflater.parseInclude(LayoutInflater.java:707)
02-03 22:21:45.003 D/Bitmap  (  350):       android.view.LayoutInflater.rInflate(LayoutInflater.java:619)
02-03 22:21:45.003 D/Bitmap  (  350):       android.view.LayoutInflater.parseInclude(LayoutInflater.java:682)
02-03 22:21:45.003 D/Bitmap  (  350):       android.view.LayoutInflater.rInflate(LayoutInflater.java:619)
02-03 22:21:45.003 D/Bitmap  (  350):       android.view.LayoutInflater.inflate(LayoutInflater.java:408)
02-03 22:21:45.003 D/Bitmap  (  350):       android.view.LayoutInflater.inflate(LayoutInflater.java:320)
02-03 22:21:45.003 D/Bitmap  (  350):       android.view.LayoutInflater.inflate(LayoutInflater.java:276)
02-03 22:21:45.003 D/Bitmap  (  350):       com.android.internal.policy.impl.PhoneWindow.setContentView(PhoneWindow.java:207)
02-03 22:21:45.003 D/Bitmap  (  350):       android.app.Activity.setContentView(Activity.java:1657)
02-03 22:21:45.003 D/Bitmap  (  350):       com.android.launcher2.Launcher.onCreate(Launcher.java:257)
02-03 22:21:45.003 D/Bitmap  (  350):       android.app.Instrumentation.callActivityOnCreate(Instrumentation.java:1047)
02-03 22:21:45.003 D/Bitmap  (  350):       android.app.ActivityThread.performLaunchActivity(ActivityThread.java:1632)
02-03 22:21:45.003 D/Bitmap  (  350):       android.app.ActivityThread.handleLaunchActivity(ActivityThread.java:1684)
02-03 22:21:45.003 D/Bitmap  (  350):       android.app.ActivityThread.access$1500(ActivityThread.java:123)
02-03 22:21:45.003 D/Bitmap  (  350):       android.app.ActivityThread$H.handleMessage(ActivityThread.java:948)
02-03 22:21:45.003 D/Bitmap  (  350):       android.os.Handler.dispatchMessage(Handler.java:99)
02-03 22:21:45.003 D/Bitmap  (  350):       android.os.Looper.loop(Looper.java:130)
02-03 22:21:45.003 D/Bitmap  (  350):       android.app.ActivityThread.main(ActivityThread.java:3704)
02-03 22:21:45.003 D/Bitmap  (  350):       java.lang.reflect.Method.invokeNative(Native Method)
02-03 22:21:45.003 D/Bitmap  (  350):       java.lang.reflect.Method.invoke(Method.java:507)
02-03 22:21:45.003 D/Bitmap  (  350):       com.android.internal.os.ZygoteInit$MethodAndArgsCaller.run(ZygoteInit.java:875)
02-03 22:21:45.003 D/Bitmap  (  350):       com.android.internal.os.ZygoteInit.main(ZygoteInit.java:633)
02-03 22:21:45.003 D/Bitmap  (  350):       dalvik.system.NativeStart.main(Native Method)
02-03 22:21:45.003 D/Bitmap  (  350): _
02-03 22:21:45.574 E/BluetoothEasPolicy.java(  257): bluetooth EAS key=AllowBluetooth
02-03 22:21:45.574 E/BluetoothEasPolicy.java(  257): bluetooth EAS value=2
02-03 22:21:45.584 I/VdmcBroadcastReceiver(  462): ACTION=android.intent.action.BOOT_COMPLETED
02-03 22:21:45.584 I/DMC     (  462): VdmcBroadcastReceiver start vdmc service
02-03 22:21:45.594 D/MobileDataStateTracker(  257): [hipri]  MobileDataStateReceiver onReceive(): Entry.
02-03 22:21:45.594 D/MobileDataStateTracker(  257): [hipri]  intent.getAction()= android.intent.action.SERVICE_STATE
02-03 22:21:45.594 D/MobileDataStateTracker(  257): [hipri]  mEnabled = false
02-03 22:21:45.594 D/MobileDataStateTracker(  257): [dun]  MobileDataStateReceiver onReceive(): Entry.
02-03 22:21:45.594 D/MobileDataStateTracker(  257): [dun]  intent.getAction()= android.intent.action.SERVICE_STATE
02-03 22:21:45.604 D/MobileDataStateTracker(  257): [dun]  mEnabled = false
02-03 22:21:45.604 D/MobileDataStateTracker(  257): [supl]  MobileDataStateReceiver onReceive(): Entry.
02-03 22:21:45.604 D/MobileDataStateTracker(  257): [supl]  intent.getAction()= android.intent.action.SERVICE_STATE
02-03 22:21:45.604 D/MobileDataStateTracker(  257): [supl]  mEnabled = false
02-03 22:21:45.604 D/MobileDataStateTracker(  257): [mms]  MobileDataStateReceiver onReceive(): Entry.
02-03 22:21:45.604 D/MobileDataStateTracker(  257): [mms]  intent.getAction()= android.intent.action.SERVICE_STATE
02-03 22:21:45.604 D/MobileDataStateTracker(  257): [mms]  mEnabled = false
02-03 22:21:45.614 D/MobileDataStateTracker(  257): [default]  MobileDataStateReceiver onReceive(): Entry.
02-03 22:21:45.614 I/RecoverySystem(  257): No recovery log file
02-03 22:21:45.614 D/MobileDataStateTracker(  257): [default]  intent.getAction()= android.intent.action.SERVICE_STATE
02-03 22:21:45.614 D/MobileDataStateTracker(  257): [default]  mEnabled = true
02-03 22:21:45.624 I/vDM     (  462): onCreate
02-03 22:21:45.634 I/vDM     (  462): onStart
02-03 22:21:45.664 I/DMC     (  462): Vdmc onStart sleep 8s
02-03 22:21:45.754 I/ActivityThread(  511): Pub zte.com.cn.alarmclock: zte.com.cn.alarmclock.AlarmProvider
02-03 22:21:45.804 I/ActivityThread(  519): Pub media: com.android.providers.media.MediaProvider
02-03 22:21:45.824 D/KeyguardUpdateMonitor(  257): received broadcast android.intent.action.ALARM_CHANGED
02-03 22:21:45.824 D/KeyguardUpdateMonitor(  257): onReceive ACTION_ALARM_CHANGED -  alarmSet:false
02-03 22:21:45.824 D/KeyguardUpdateMonitor(  257): handleAlarmStateChanged(false)
02-03 22:21:45.944 I/ActivityThread(  519): Pub downloads: com.android.providers.downloads.DownloadProvider
02-03 22:21:45.974 I/ActivityThread(  519): Pub drm: com.android.providers.drm.DrmProvider
02-03 22:21:46.114 D/QC_NV_ITEMS(  527): QcNvItems instance created.
02-03 22:21:46.114 I/QC_RIL_OEM_HOOK(  527): QcRilOemHook Service Created Successfully
02-03 22:21:46.114 E/QC_NV_ITEMS(  527): ### getMipDataProfile, slot = 1
02-03 22:21:46.114 D/QC_NV_ITEMS(  527): ### doNvRead(465, 1)
02-03 22:21:46.114 D/QC_RIL_OEM_HOOK(  527): sendRilOemHookMsg: itemIdTemp-47
02-03 22:21:46.124 D/QC_NV_ITEMS(  527): Received(465,1): 011f7a7465746573746163636f756e7432323140737072696e747063732e636f6d000000000000000000000000000000000000000000000000000000000000000000000000000000000001d204000001d20400000100000000ffffffff4c591c44
02-03 22:21:46.124 D/QC_NV_ITEMS(  527): 011f7a7465746573746163636f756e7432323140737072696e747063732e636f6d000000000000000000000000000000000000000000000000000000000000000000000000000000000001d204000001d20400000100000000ffffffff4c591c44
02-03 22:21:46.124 E/QmiItemTypes(  527):  index= 1
02-03 22:21:46.124 E/QmiItemTypes(  527):  nai len= 31
02-03 22:21:46.124 E/QmiItemTypes(  527):  nai str= ztetestaccount221@sprintpcs.com
02-03 22:21:46.124 E/QmiItemTypes(  527):  mMnHaSpiSet= true
02-03 22:21:46.124 E/QmiItemTypes(  527):  mMnHaSpi= 1234
02-03 22:21:46.124 E/QmiItemTypes(  527):  mMnAaaSpiSet= true
02-03 22:21:46.124 E/QmiItemTypes(  527):  mMnAaaSpi= 1234
02-03 22:21:46.124 E/QmiItemTypes(  527):  mRvsTnl= true
02-03 22:21:46.124 E/QmiItemTypes(  527):  home_addr= 0.0.0.0
02-03 22:21:46.124 E/QmiItemTypes(  527):  primary_ha_addr= 255.255.255.255
02-03 22:21:46.124 E/QmiItemTypes(  527):  secondary_ha_addr= 68.28.89.76
02-03 22:21:46.124 D/QC_NV_ITEMS(  527): ### getMobDirNumber()
02-03 22:21:46.124 D/QC_RIL_OEM_HOOK(  527): sendRilOemHookMsg: itemIdTemp-41
02-03 22:21:46.134 D/QC_NV_ITEMS(  527): Received: 000a090103020a0a050902080a0a0a0a0a
02-03 22:21:46.134 E/QC_NV_ITEMS(  527): ### getMipDataProfile, slot = 1
02-03 22:21:46.134 D/QC_NV_ITEMS(  527): ### doNvRead(465, 1)
02-03 22:21:46.134 D/QC_RIL_OEM_HOOK(  527): sendRilOemHookMsg: itemIdTemp-47
02-03 22:21:46.144 D/QC_NV_ITEMS(  527): Received(465,1): 011f7a7465746573746163636f756e7432323140737072696e747063732e636f6d000000000000000000000000000000000000000000000000000000000000000000000000000000000001d204000001d20400000100000000ffffffff4c591c44
02-03 22:21:46.144 D/QC_NV_ITEMS(  527): 011f7a7465746573746163636f756e7432323140737072696e747063732e636f6d000000000000000000000000000000000000000000000000000000000000000000000000000000000001d204000001d20400000100000000ffffffff4c591c44
02-03 22:21:46.144 E/QmiItemTypes(  527):  index= 1
02-03 22:21:46.144 E/QmiItemTypes(  527):  nai len= 31
02-03 22:21:46.154 E/QmiItemTypes(  527):  nai str= ztetestaccount221@sprintpcs.com
02-03 22:21:46.154 E/QmiItemTypes(  527):  mMnHaSpiSet= true
02-03 22:21:46.154 E/QmiItemTypes(  527):  mMnHaSpi= 1234
02-03 22:21:46.154 E/QmiItemTypes(  527):  mMnAaaSpiSet= true
02-03 22:21:46.154 E/QmiItemTypes(  527):  mMnAaaSpi= 1234
02-03 22:21:46.154 E/QmiItemTypes(  527):  mRvsTnl= true
02-03 22:21:46.154 E/QmiItemTypes(  527):  home_addr= 0.0.0.0
02-03 22:21:46.154 E/QmiItemTypes(  527):  primary_ha_addr= 255.255.255.255
02-03 22:21:46.154 E/QmiItemTypes(  527):  secondary_ha_addr= 68.28.89.76
02-03 22:21:46.154 D/QC_NV_ITEMS(  527): ###getMinImsiNumber()
02-03 22:21:46.154 D/QC_RIL_OEM_HOOK(  527): sendRilOemHookMsg: itemIdTemp32
02-03 22:21:46.174 D/QC_NV_ITEMS(  527): Received: ff1f7a74656cda6b00
02-03 22:21:46.174 D/QC_RIL_OEM_HOOK(  527): sendRilOemHookMsg: itemIdTemp33
02-03 22:21:46.184 D/QC_NV_ITEMS(  527): Received: ff1f7a9103
02-03 22:21:46.184 D/QC_NV_ITEMS(  527): getMinImsiNumber() msid = 9137068268
02-03 22:21:46.184 E/QC_NV_ITEMS(  527): ### getMipDataProfile, slot = 1
02-03 22:21:46.184 D/QC_NV_ITEMS(  527): ### doNvRead(465, 1)
02-03 22:21:46.184 D/QC_RIL_OEM_HOOK(  527): sendRilOemHookMsg: itemIdTemp-47
02-03 22:21:46.194 D/QC_NV_ITEMS(  527): Received(465,1): 011f7a7465746573746163636f756e7432323140737072696e747063732e636f6d000000000000000000000000000000000000000000000000000000000000000000000000000000000001d204000001d20400000100000000ffffffff4c591c44
02-03 22:21:46.194 D/QC_NV_ITEMS(  527): 011f7a7465746573746163636f756e7432323140737072696e747063732e636f6d000000000000000000000000000000000000000000000000000000000000000000000000000000000001d204000001d20400000100000000ffffffff4c591c44
02-03 22:21:46.194 E/QmiItemTypes(  527):  index= 1
02-03 22:21:46.194 E/QmiItemTypes(  527):  nai len= 31
02-03 22:21:46.204 E/QmiItemTypes(  527):  nai str= ztetestaccount221@sprintpcs.com
02-03 22:21:46.204 E/QmiItemTypes(  527):  mMnHaSpiSet= true
02-03 22:21:46.204 E/QmiItemTypes(  527):  mMnHaSpi= 1234
02-03 22:21:46.204 E/QmiItemTypes(  527):  mMnAaaSpiSet= true
02-03 22:21:46.204 E/QmiItemTypes(  527):  mMnAaaSpi= 1234
02-03 22:21:46.204 E/QmiItemTypes(  527):  mRvsTnl= true
02-03 22:21:46.204 E/QmiItemTypes(  527):  home_addr= 0.0.0.0
02-03 22:21:46.204 E/QmiItemTypes(  527):  primary_ha_addr= 255.255.255.255
02-03 22:21:46.204 E/QmiItemTypes(  527):  secondary_ha_addr= 68.28.89.76
02-03 22:21:46.224 E/QC_NV_ITEMS(  527): ### getMipDataProfile, slot = 1
02-03 22:21:46.224 D/QC_NV_ITEMS(  527): ### doNvRead(465, 1)
02-03 22:21:46.224 D/QC_RIL_OEM_HOOK(  527): sendRilOemHookMsg: itemIdTemp-47
02-03 22:21:46.255 D/QC_NV_ITEMS(  527): Received(465,1): 011f7a7465746573746163636f756e7432323140737072696e747063732e636f6d000000000000000000000000000000000000000000000000000000000000000000000000000000000001d204000001d20400000100000000ffffffff4c591c44
02-03 22:21:46.255 D/QC_NV_ITEMS(  527): 011f7a7465746573746163636f756e7432323140737072696e747063732e636f6d000000000000000000000000000000000000000000000000000000000000000000000000000000000001d204000001d20400000100000000ffffffff4c591c44
02-03 22:21:46.255 E/QmiItemTypes(  527):  index= 1
02-03 22:21:46.255 E/QmiItemTypes(  527):  nai len= 31
02-03 22:21:46.255 E/QmiItemTypes(  527):  nai str= ztetestaccount221@sprintpcs.com
02-03 22:21:46.255 E/QmiItemTypes(  527):  mMnHaSpiSet= true
02-03 22:21:46.255 E/QmiItemTypes(  527):  mMnHaSpi= 1234
02-03 22:21:46.255 E/QmiItemTypes(  527):  mMnAaaSpiSet= true
02-03 22:21:46.255 E/QmiItemTypes(  527):  mMnAaaSpi= 1234
02-03 22:21:46.255 E/QmiItemTypes(  527):  mRvsTnl= true
02-03 22:21:46.255 E/QmiItemTypes(  527):  home_addr= 0.0.0.0
02-03 22:21:46.255 E/QmiItemTypes(  527):  primary_ha_addr= 255.255.255.255
02-03 22:21:46.255 E/QmiItemTypes(  527):  secondary_ha_addr= 68.28.89.76
02-03 22:21:46.255 D/QC_NV_ITEMS(  527): ### getMeid()
02-03 22:21:46.255 D/QC_RIL_OEM_HOOK(  527): sendRilOemHookMsg: itemIdTemp-105
02-03 22:21:46.265 D/QC_NV_ITEMS(  527): Received: bb947d200000a100
02-03 22:21:46.265 D/QC_NV_ITEMS(  527): ***zhoujing***NvMeidType::mMeid=0x0
02-03 22:21:46.265 D/QC_NV_ITEMS(  527): QcNvItems instance created.
02-03 22:21:46.265 I/QC_RIL_OEM_HOOK(  527): QcRilOemHook Service Created Successfully
02-03 22:21:46.265 D/QC_NV_ITEMS(  527): ### getPrlVersion()
02-03 22:21:46.265 D/QC_NV_ITEMS(  527): ### getRoamingList()
02-03 22:21:46.265 D/QC_RIL_OEM_HOOK(  527): sendRilOemHookMsg: itemIdTemp257
02-03 22:21:46.345 D/QC_NV_ITEMS(  527): Received: 0006ed00400000010000000000000000000000000000000000000000000000000000000000000000000000000000000000000000000000000000000000000000000000000000000000000000000000000000000000000000000000000000000000000000000000000000000000000000000000000000000000000000000000000000000000000000000000000000000000000000000000000000000000000000000000000000000000000000000000000000000000000000000000000000000000000000000000000000000000000000000000000000000000000000000000000000000000000000000000000000000000000000000000000000000000000000000000000000000000000000000000000000000000000000000000000000000000000000000000000000000000000000000000000000000000000000000000000000000000000000000000000000000000000000000000000000000000000000000000000000000000000000000000000000000000000000000000000000000000000000000000000000000000000000000000000000000000000000000000000000000000000000000000000000000000000000000000000000000000000000000000000000000000000000000000000000000000000000000000000000000000000000000000000000000000000000000000000000000000000000000000000000000000000000000000000000000000000000000000000000000000000000000000000000000000000000000000000000000000000000000000000000000000000000000000000000000000000000000000000000000000000000000000000000000000000000000000000000000000000000000000000000000000000000000000000000000000000000000000000000000000000000000000000000000000000000000000000000000000000000000000000000000000000000000000000000000000000000000000000000000000000000000000000000000000000000000000000000000000000000000000000000000000000000000000000000000000000000000000000000000000000000000000000000000000000000000000000000000000000000000000000000000000000000000000000000000000000000000000000000000000000000000000000000000000000000000000000000000000000000000000000000000000000000000000000000000000000000000000000000000000000000000000000000000000000000000000000000000000000000000000000000000000000000000000000000000000000000000000000000000000000000000000000000000000000000000000000000000000000000000000000000000000000000000000000000000000000000000000000000000000000000000000000000000000000000000000000000000000000000000000000000000000000000000000000000000000000000000000000000000000000000000000000000000000000000000000000000000000000000000000000000000000000000000000000000000000000000000000000000000000000000000000000000000000000000000000000000000000000000000000000000000000000000000000000000000000000000000000000000000000000000000000000000000000000000000000000000000000000000000000000000000000000000000000000000000000000000000000000000000000000000000000000000000000000000000000000000000000000000000000000000000000000000000000000000000000000000000000000000000000000000000000000000000000000000000000000000000000000000000000000000000000000000000000000000000000000000000000000000000000000000000000000000000000000000000000000000000000000000000000000000000000000000000000000000000000000000000000000000000000000000000000000000000000000000000000000000000000000000000000000000000000000000000000000000000000000000000000000000000000000000000000000000000000000000000000000000000000000000000000000000000000000000000000000000000000000000000000000000000000000000000000000000000000000000000000000000000000000000000000000000000000000000000000000000000000000000000000000000000000000000000000000000000000000000000000000000000000000000000000000000000000000000000000000000000000000000000000000000000000000000000000000000000000000000000000000000000000000000000000000000000000000000000000000000000000000000000000000000000000000000000000000000000000000000000000000000000000000000000000000000000000000000000000000000000000000000000000000000000000000000000000000000000000000000000000000000000000000000000000000000000000000000000000000000000000000000000000000000000000000000000000000000000000000000000000000000000000000000000000000000000000000000000000000000000000000000000000000000000000000000000000000000000000000000000000000000000000000000000000000000000000000000000000000000000000000000000000000000000000000000000000000000000000000000000000000000000000000000000000000000000000000000000000000000
02-03 22:21:46.345 D/QcNvItemTypes(  527): NvRoamingListType ilength is: 16392
02-03 22:21:46.355 D/QcNvItemTypes(  527): NvRoamingListType nam: 0 prl_version: -4858 size: 16384 valid: true
02-03 22:21:46.355 D/QC_NV_ITEMS(  527): roaming_list size = 16384 
02-03 22:21:46.355 D/QC_NV_ITEMS(  527): prlVersion: 60678
02-03 22:21:46.365 D/QC_NV_ITEMS(  527): QcNvItems instance created.
02-03 22:21:46.365 I/QC_RIL_OEM_HOOK(  527): QcRilOemHook Service Created Successfully
02-03 22:21:46.365 E/QC_NV_ITEMS(  527): ### getMipDataProfile, slot = 1
02-03 22:21:46.365 D/QC_NV_ITEMS(  527): ### doNvRead(465, 1)
02-03 22:21:46.365 D/QC_RIL_OEM_HOOK(  527): sendRilOemHookMsg: itemIdTemp-47
02-03 22:21:46.375 D/QC_NV_ITEMS(  527): Received(465,1): 011f7a7465746573746163636f756e7432323140737072696e747063732e636f6d000000000000000000000000000000000000000000000000000000000000000000000000000000000001d204000001d20400000100000000ffffffff4c591c44
02-03 22:21:46.375 D/QC_NV_ITEMS(  527): 011f7a7465746573746163636f756e7432323140737072696e747063732e636f6d000000000000000000000000000000000000000000000000000000000000000000000000000000000001d204000001d20400000100000000ffffffff4c591c44
02-03 22:21:46.375 E/QmiItemTypes(  527):  index= 1
02-03 22:21:46.375 E/QmiItemTypes(  527):  nai len= 31
02-03 22:21:46.375 E/QmiItemTypes(  527):  nai str= ztetestaccount221@sprintpcs.com
02-03 22:21:46.375 E/QmiItemTypes(  527):  mMnHaSpiSet= true
02-03 22:21:46.375 E/QmiItemTypes(  527):  mMnHaSpi= 1234
02-03 22:21:46.375 E/QmiItemTypes(  527):  mMnAaaSpiSet= true
02-03 22:21:46.375 E/QmiItemTypes(  527):  mMnAaaSpi= 1234
02-03 22:21:46.375 E/QmiItemTypes(  527):  mRvsTnl= true
02-03 22:21:46.375 E/QmiItemTypes(  527):  home_addr= 0.0.0.0
02-03 22:21:46.375 E/QmiItemTypes(  527):  primary_ha_addr= 255.255.255.255
02-03 22:21:46.375 E/QmiItemTypes(  527):  secondary_ha_addr= 68.28.89.76
02-03 22:21:46.395 I/MobileZone_Updater(  527): schedule: interval=86400000, now=1328329306395, last_update_ms=1328287504563, next_run=1328373904563
02-03 22:21:46.395 I/MobileZone_Updater(  527): scheduled the updater for every 1440 mins.
02-03 22:21:46.465 D/VoiceDialerReceiver(  536): onReceive Intent { act=android.intent.action.BOOT_COMPLETED cmp=com.android.voicedialer/.VoiceDialerReceiver }
02-03 22:21:46.645 D/Swype   (  544): SwypeDataInitializer.onReceive
02-03 22:21:47.005 I/ActivityThread(  561): Pub com.sprint.installer: com.sprint.w.installer.ContentProvider
02-03 22:21:47.005 I/ActivityThread(  561): Pub com.sprint.w.installer.SuggestProvider: com.sprint.w.installer.SearchSuggestProvider
02-03 22:21:47.065 D/QC_NV_ITEMS(  561): QcNvItems instance created.
02-03 22:21:47.065 I/QC_RIL_OEM_HOOK(  561): QcRilOemHook Service Created Successfully
02-03 22:21:47.075 E/QC_NV_ITEMS(  561): ### getMipDataProfile, slot = 1
02-03 22:21:47.075 D/QC_NV_ITEMS(  561): ### doNvRead(465, 1)
02-03 22:21:47.075 D/QC_RIL_OEM_HOOK(  561): sendRilOemHookMsg: itemIdTemp-47
02-03 22:21:47.075 D/QC_NV_ITEMS(  561): Received(465,1): 011f7a7465746573746163636f756e7432323140737072696e747063732e636f6d000000000000000000000000000000000000000000000000000000000000000000000000000000000001d204000001d20400000100000000ffffffff4c591c44
02-03 22:21:47.085 D/QC_NV_ITEMS(  561): 011f7a7465746573746163636f756e7432323140737072696e747063732e636f6d000000000000000000000000000000000000000000000000000000000000000000000000000000000001d204000001d20400000100000000ffffffff4c591c44
02-03 22:21:47.085 E/QmiItemTypes(  561):  index= 1
02-03 22:21:47.085 E/QmiItemTypes(  561):  nai len= 31
02-03 22:21:47.095 E/QmiItemTypes(  561):  nai str= ztetestaccount221@sprintpcs.com
02-03 22:21:47.095 E/QmiItemTypes(  561):  mMnHaSpiSet= true
02-03 22:21:47.095 E/QmiItemTypes(  561):  mMnHaSpi= 1234
02-03 22:21:47.095 E/QmiItemTypes(  561):  mMnAaaSpiSet= true
02-03 22:21:47.095 E/QmiItemTypes(  561):  mMnAaaSpi= 1234
02-03 22:21:47.095 E/QmiItemTypes(  561):  mRvsTnl= true
02-03 22:21:47.095 E/QmiItemTypes(  561):  home_addr= 0.0.0.0
02-03 22:21:47.095 E/QmiItemTypes(  561):  primary_ha_addr= 255.255.255.255
02-03 22:21:47.095 E/QmiItemTypes(  561):  secondary_ha_addr= 68.28.89.76
02-03 22:21:47.125 I/SprintID.Util(  561): skipping the update check since it already ran recently
02-03 22:21:47.326 I/V3Client(  570): com.locationlabs.v3client onCreate() version: 301/3.0.1 3.0.1:2011.11.12-08.08(r159470) prod sparkle build@l64build1
02-03 22:21:47.436 I/V3Client(  570): doStartup(20000)
02-03 22:21:47.556 D/AlarmManager(  257): +++Alarm set:type=2 com.locationlabs.v3client  Trigger after:19998ms
02-03 22:21:47.566 I/V3Client(  570): Boot intent received
02-03 22:21:47.646 W/dalvikvm(  470): Refusing to reopen boot DEX '/system/framework/qcrilhook.jar'
02-03 22:21:47.656 W/dalvikvm(  470): Refusing to reopen boot DEX '/system/framework/qcnvitems.jar'
02-03 22:21:47.706 E/Dun Auto Boot(  470): Dun Auto Boot Started Successfully
02-03 22:21:47.716 I/Dun Service(  470): Dun Service Created Successfully
02-03 22:21:47.716 I/Dun Service(  470): Background Service Started Successfully ...
02-03 22:21:47.786 W/dalvikvm(  578): Refusing to reopen boot DEX '/system/framework/OmaDrmClient.jar'
02-03 22:21:47.796 I/ActivityThread(  578): Pub drm.oma: com.irdeto.providers.drm.OmaDrmProvider
02-03 22:21:47.796 D/OmaDrmReceiver(  578): android.intent.action.BOOT_COMPLETED
02-03 22:21:47.866 W/dalvikvm(  587): Refusing to reopen boot DEX '/system/framework/OmaDrmClient.jar'
02-03 22:21:47.946 I/ActivityThread(  587): Pub com.android.mms.SuggestionsProvider: com.android.mms.SuggestionsProvider
02-03 22:21:48.096 D/DATA    (  343): [DSST(0)] pollstate() : reason = data network state changed
02-03 22:21:48.116 E/MmsCustom(  587): Mms,MmsCustom
02-03 22:21:48.116 E/MmsCustom(  587): Init before calling function of doPreSotred()
02-03 22:21:48.126 E/MmsCustom(  587): mms config have been prestored before
02-03 22:21:48.136 E/MmsConfig(  587): mUaProfUrl=http://device.sprintpcs.com/ZTE/ZTEN850KT/N850V1.0.0B10.rdf
02-03 22:21:48.146 D/MobileDataStateTracker(  257): [hipri]  MobileDataStateReceiver onReceive(): Entry.
02-03 22:21:48.146 D/MobileDataStateTracker(  257): [hipri]  intent.getAction()= android.intent.action.SERVICE_STATE
02-03 22:21:48.146 D/MobileDataStateTracker(  257): [hipri]  mEnabled = false
02-03 22:21:48.146 D/MobileDataStateTracker(  257): [dun]  MobileDataStateReceiver onReceive(): Entry.
02-03 22:21:48.146 D/MobileDataStateTracker(  257): [dun]  intent.getAction()= android.intent.action.SERVICE_STATE
02-03 22:21:48.146 D/MobileDataStateTracker(  257): [dun]  mEnabled = false
02-03 22:21:48.156 D/MobileDataStateTracker(  257): [supl]  MobileDataStateReceiver onReceive(): Entry.
02-03 22:21:48.156 D/MobileDataStateTracker(  257): [supl]  intent.getAction()= android.intent.action.SERVICE_STATE
02-03 22:21:48.156 D/MobileDataStateTracker(  257): [supl]  mEnabled = false
02-03 22:21:48.156 D/MobileDataStateTracker(  257): [mms]  MobileDataStateReceiver onReceive(): Entry.
02-03 22:21:48.156 D/MobileDataStateTracker(  257): [mms]  intent.getAction()= android.intent.action.SERVICE_STATE
02-03 22:21:48.156 D/MobileDataStateTracker(  257): [mms]  mEnabled = false
02-03 22:21:48.156 D/MobileDataStateTracker(  257): [default]  MobileDataStateReceiver onReceive(): Entry.
02-03 22:21:48.156 D/MobileDataStateTracker(  257): [default]  intent.getAction()= android.intent.action.SERVICE_STATE
02-03 22:21:48.156 D/MobileDataStateTracker(  257): [default]  mEnabled = true
02-03 22:21:48.166 D/CallManager(  343):  handleMessage (EVENT_SERVICE_STATE_CHANGED)
02-03 22:21:48.166 E/BT HS/HF(  343): SERVICE_STATE_CHANGED called
02-03 22:21:48.166 E/BT HS/HF(  343): updateServiceState called, sendUpdate:false  ServiceState:0 home Sprint  310099  1xRTT CSS not supported 41 4139RoamInd: 1RoamStatus(sprint): 1DefRoamInd: 160EmergOnly: false
02-03 22:21:48.166 E/BT HS/HF(  343): service:1 mService:1
02-03 22:21:48.166 D/DATA    (  343): [DSST(0)]  registrationState = 1  radioTechnology = 8 reasonForDenial = 0
02-03 22:21:48.166 D/DATA    (  343): [DSST(0)]  set mNewDataConnectionState = 0
02-03 22:21:48.166 D/DATA    (  343): [DSST(0)]  mNewDataConnectionState : 0  mDataConnectionState : 0
02-03 22:21:48.166 D/DATA    (  343): [DSST(0)] Poll ServiceState done: oldSS=[0 home null null null  1xRTT CSS not supported -1 -1RoamInd: -1RoamStatus(sprint): -1DefRoamInd: -1EmergOnly: false] newSS=[0 home null null null  EvDo rev. A CSS not supported -1 -1RoamInd: -1RoamStatus(sprint): -1DefRoamInd: -1EmergOnly: false]
02-03 22:21:48.166 D/DATA    (  343): [DSST(0)]  mDataConnectionState = 0
02-03 22:21:48.176 D/MobileDataStateTracker(  257): [hipri]  MobileDataStateReceiver onReceive(): Entry.
02-03 22:21:48.176 D/MobileDataStateTracker(  257): [hipri]  intent.getAction()= android.intent.action.SERVICE_STATE
02-03 22:21:48.176 D/MobileDataStateTracker(  257): [hipri]  mEnabled = false
02-03 22:21:48.186 D/MobileDataStateTracker(  257): [hipri] subType changed, oldSubtype = 7new subtype = 6
02-03 22:21:48.186 D/MobileDataStateTracker(  257): [dun]  MobileDataStateReceiver onReceive(): Entry.
02-03 22:21:48.186 D/MobileDataStateTracker(  257): [dun]  intent.getAction()= android.intent.action.SERVICE_STATE
02-03 22:21:48.186 D/MobileDataStateTracker(  257): [dun]  mEnabled = false
02-03 22:21:48.186 D/CallManager(  343):  handleMessage (EVENT_SERVICE_STATE_CHANGED)
02-03 22:21:48.196 D/MobileDataStateTracker(  257): [dun] subType changed, oldSubtype = 7new subtype = 6
02-03 22:21:48.196 D/MobileDataStateTracker(  257): [supl]  MobileDataStateReceiver onReceive(): Entry.
02-03 22:21:48.196 D/MobileDataStateTracker(  257): [supl]  intent.getAction()= android.intent.action.SERVICE_STATE
02-03 22:21:48.196 D/MobileDataStateTracker(  257): [supl]  mEnabled = false
02-03 22:21:48.196 D/MobileDataStateTracker(  257): [supl] subType changed, oldSubtype = 7new subtype = 6
02-03 22:21:48.206 E/BT HS/HF(  343): SERVICE_STATE_CHANGED called
02-03 22:21:48.206 E/BT HS/HF(  343): updateServiceState called, sendUpdate:false  ServiceState:0 home Sprint  310099  EvDo rev. A CSS not supported 41 4139RoamInd: 1RoamStatus(sprint): 1DefRoamInd: 160EmergOnly: false
02-03 22:21:48.206 E/BT HS/HF(  343): service:1 mService:1
02-03 22:21:48.206 D/MobileDataStateTracker(  257): [mms]  MobileDataStateReceiver onReceive(): Entry.
02-03 22:21:48.206 D/MobileDataStateTracker(  257): [mms]  intent.getAction()= android.intent.action.SERVICE_STATE
02-03 22:21:48.216 D/Phone   (  343): [PhoneNotifier] [DefaultPhoneNotifier] : default, INET, CONNECTING
02-03 22:21:48.216 D/MobileDataStateTracker(  257): [mms]  mEnabled = false
02-03 22:21:48.216 D/MobileDataStateTracker(  257): [mms] subType changed, oldSubtype = 7new subtype = 6
02-03 22:21:48.216 D/MobileDataStateTracker(  257): [default]  MobileDataStateReceiver onReceive(): Entry.
02-03 22:21:48.216 D/MobileDataStateTracker(  257): [default]  intent.getAction()= android.intent.action.SERVICE_STATE
02-03 22:21:48.216 D/MobileDataStateTracker(  257): [default]  mEnabled = true
02-03 22:21:48.236 I/TelephonyRegistry(  257): notifyDataConnection: state=1 isDataConnectivityPossible=true reason=radioTechnologyChanged interfaceName=null networkType=6 apnType=default apn=null
02-03 22:21:48.236 I/TelephonyRegistry(  257): +++broadcastDataConnectionStateChanged
02-03 22:21:48.236 D/MobileDataStateTracker(  257): [default] subType changed, oldSubtype = 7new subtype = 6
02-03 22:21:48.236 I/TelephonyRegistry(  257): +++sendStickyBroadcast
02-03 22:21:48.246 D/Phone   (  343): [PhoneNotifier] [DefaultPhoneNotifier] : default, INET6, DISCONNECTED
02-03 22:21:48.246 I/TelephonyRegistry(  257): notifyDataConnection: state=0 isDataConnectivityPossible=true reason=radioTechnologyChanged interfaceName=null networkType=6 apnType=default apn=null
02-03 22:21:48.246 I/TelephonyRegistry(  257): +++broadcastDataConnectionStateChanged
02-03 22:21:48.246 D/MobileDataStateTracker(  257): [hipri]  MobileDataStateReceiver onReceive(): Entry.
02-03 22:21:48.246 D/MobileDataStateTracker(  257): [hipri]  intent.getAction()= android.intent.action.ANY_DATA_STATE
02-03 22:21:48.246 D/MobileDataStateTracker(  257): [hipri]  mEnabled = false
02-03 22:21:48.246 I/TelephonyRegistry(  257): +++sendStickyBroadcast
02-03 22:21:48.246 D/MobileDataStateTracker(  257): [hipri]  apnTypeList = default
02-03 22:21:48.246 D/MobileDataStateTracker(  257): [hipri]  unavailable = false
02-03 22:21:48.246 D/MobileDataStateTracker(  257): [hipri] Do not process intents if disabled.
02-03 22:21:48.246 D/MobileDataStateTracker(  257): [dun]  MobileDataStateReceiver onReceive(): Entry.
02-03 22:21:48.246 D/MobileDataStateTracker(  257): [dun]  intent.getAction()= android.intent.action.ANY_DATA_STATE
02-03 22:21:48.246 D/MobileDataStateTracker(  257): [dun]  mEnabled = false
02-03 22:21:48.256 D/MobileDataStateTracker(  257): [dun]  apnTypeList = default
02-03 22:21:48.256 D/MobileDataStateTracker(  257): [dun]  unavailable = false
02-03 22:21:48.256 D/MobileDataStateTracker(  257): [dun] Do not process intents if disabled.
02-03 22:21:48.256 D/MobileDataStateTracker(  257): [supl]  MobileDataStateReceiver onReceive(): Entry.
02-03 22:21:48.256 D/Phone   (  343): [PhoneNotifier] [DefaultPhoneNotifier] : mms, INET, DISCONNECTED
02-03 22:21:48.256 I/TelephonyRegistry(  257): notifyDataConnection: state=0 isDataConnectivityPossible=true reason=radioTechnologyChanged interfaceName=null networkType=6 apnType=mms apn=null
02-03 22:21:48.256 I/TelephonyRegistry(  257): +++broadcastDataConnectionStateChanged
02-03 22:21:48.256 I/TelephonyRegistry(  257): +++sendStickyBroadcast
02-03 22:21:48.256 D/MobileDataStateTracker(  257): [supl]  intent.getAction()= android.intent.action.ANY_DATA_STATE
02-03 22:21:48.256 D/MobileDataStateTracker(  257): [supl]  mEnabled = false
02-03 22:21:48.256 D/MobileDataStateTracker(  257): [supl]  apnTypeList = default
02-03 22:21:48.266 D/MobileDataStateTracker(  257): [supl]  unavailable = false
