02-03 22:21:42.000 D/MobileDataStateTracker(  257): [default]  mEnabled = true
02-03 22:21:42.000 D/MobileDataStateTracker(  257): [default]  apnTypeList = mms
02-03 22:21:42.000 I/TelephonyRegistry(  257): notifyDataConnection: state=0 isDataConnectivityPossible=true reason=radioTechnologyChanged interfaceName=null networkType=4 apnType=mms apn=null
02-03 22:21:42.000 I/TelephonyRegistry(  257): +++broadcastDataConnectionStateChanged
02-03 22:21:42.000 I/TelephonyRegistry(  257): +++sendStickyBroadcast
02-03 22:21:42.010 D/KeyguardViewMediator(  257): setHidden false
02-03 22:21:42.010 D/Phone   (  343): [PhoneNotifier] [DefaultPhoneNotifier] : supl, INET, DISCONNECTED
02-03 22:21:42.010 D/MobileDataStateTracker(  257): [default]  unavailable = false
02-03 22:21:42.010 D/MobileDataStateTracker(  257): [default] not what we are looking for.
02-03 22:21:42.010 D/MobileDataStateTracker(  257): [hipri]  MobileDataStateReceiver onReceive(): Entry.
02-03 22:21:42.010 D/MobileDataStateTracker(  257): [hipri]  intent.getAction()= android.intent.action.ANY_DATA_STATE
02-03 22:21:42.010 D/MobileDataStateTracker(  257): [hipri]  mEnabled = false
02-03 22:21:42.010 I/TelephonyRegistry(  257): notifyDataConnection: state=0 isDataConnectivityPossible=true reason=radioTechnologyChanged interfaceName=null networkType=4 apnType=supl apn=null
02-03 22:21:42.010 I/TelephonyRegistry(  257): +++broadcastDataConnectionStateChanged
02-03 22:21:42.010 I/TelephonyRegistry(  257): +++sendStickyBroadcast
02-03 22:21:42.020 D/MobileDataStateTracker(  257): [hipri]  apnTypeList = mms
02-03 22:21:42.020 D/MobileDataStateTracker(  257): [hipri]  unavailable = false
02-03 22:21:42.020 D/MobileDataStateTracker(  257): [hipri] Do not process intents if disabled.
02-03 22:21:42.020 D/MobileDataStateTracker(  257): [dun]  MobileDataStateReceiver onReceive(): Entry.
02-03 22:21:42.020 D/MobileDataStateTracker(  257): [dun]  intent.getAction()= android.intent.action.ANY_DATA_STATE
02-03 22:21:42.020 D/MobileDataStateTracker(  257): [dun]  mEnabled = false
02-03 22:21:42.020 D/MobileDataStateTracker(  257): [dun]  apnTypeList = mms
02-03 22:21:42.020 D/MobileDataStateTracker(  257): [dun]  unavailable = false
02-03 22:21:42.020 D/MobileDataStateTracker(  257): [dun] Do not process intents if disabled.
02-03 22:21:42.020 D/MobileDataStateTracker(  257): [supl]  MobileDataStateReceiver onReceive(): Entry.
02-03 22:21:42.020 D/MobileDataStateTracker(  257): [supl]  intent.getAction()= android.intent.action.ANY_DATA_STATE
02-03 22:21:42.020 D/MobileDataStateTracker(  257): [supl]  mEnabled = false
02-03 22:21:42.020 D/MobileDataStateTracker(  257): [supl]  apnTypeList = mms
02-03 22:21:42.020 D/MobileDataStateTracker(  257): [supl]  unavailable = false
02-03 22:21:42.020 D/MobileDataStateTracker(  257): [supl] Do not process intents if disabled.
02-03 22:21:42.020 D/MobileDataStateTracker(  257): [mms]  MobileDataStateReceiver onReceive(): Entry.
02-03 22:21:42.020 D/MobileDataStateTracker(  257): [mms]  intent.getAction()= android.intent.action.ANY_DATA_STATE
02-03 22:21:42.020 D/MobileDataStateTracker(  257): [mms]  mEnabled = false
02-03 22:21:42.020 D/MobileDataStateTracker(  257): [mms]  apnTypeList = mms
02-03 22:21:42.020 D/MobileDataStateTracker(  257): [mms]  unavailable = false
02-03 22:21:42.020 D/MobileDataStateTracker(  257): [mms] Do not process intents if disabled.
02-03 22:21:42.020 D/MobileDataStateTracker(  257): [default]  MobileDataStateReceiver onReceive(): Entry.
02-03 22:21:42.020 D/MobileDataStateTracker(  257): [default]  intent.getAction()= android.intent.action.ANY_DATA_STATE
02-03 22:21:42.020 D/MobileDataStateTracker(  257): [default]  mEnabled = true
02-03 22:21:42.030 D/MobileDataStateTracker(  257): [default]  apnTypeList = mms
02-03 22:21:42.030 D/MobileDataStateTracker(  257): [default]  unavailable = false
02-03 22:21:42.030 D/MobileDataStateTracker(  257): [default] not what we are looking for.
02-03 22:21:42.030 D/MobileDataStateTracker(  257): [hipri]  MobileDataStateReceiver onReceive(): Entry.
02-03 22:21:42.030 D/MobileDataStateTracker(  257): [hipri]  intent.getAction()= android.intent.action.ANY_DATA_STATE
02-03 22:21:42.030 D/MobileDataStateTracker(  257): [hipri]  mEnabled = false
02-03 22:21:42.030 D/MobileDataStateTracker(  257): [hipri]  apnTypeList = supl
02-03 22:21:42.030 D/MobileDataStateTracker(  257): [hipri]  unavailable = false
02-03 22:21:42.030 D/MobileDataStateTracker(  257): [hipri] Do not process intents if disabled.
02-03 22:21:42.030 D/MobileDataStateTracker(  257): [dun]  MobileDataStateReceiver onReceive(): Entry.
02-03 22:21:42.030 D/MobileDataStateTracker(  257): [dun]  intent.getAction()= android.intent.action.ANY_DATA_STATE
02-03 22:21:42.030 D/MobileDataStateTracker(  257): [dun]  mEnabled = false
02-03 22:21:42.030 D/MobileDataStateTracker(  257): [dun]  apnTypeList = supl
02-03 22:21:42.030 D/MobileDataStateTracker(  257): [dun]  unavailable = false
02-03 22:21:42.030 D/MobileDataStateTracker(  257): [dun] Do not process intents if disabled.
02-03 22:21:42.030 D/MobileDataStateTracker(  257): [supl]  MobileDataStateReceiver onReceive(): Entry.
02-03 22:21:42.030 D/MobileDataStateTracker(  257): [supl]  intent.getAction()= android.intent.action.ANY_DATA_STATE
02-03 22:21:42.030 D/MobileDataStateTracker(  257): [supl]  mEnabled = false
02-03 22:21:42.030 D/MobileDataStateTracker(  257): [supl]  apnTypeList = supl
02-03 22:21:42.030 D/MobileDataStateTracker(  257): [supl]  unavailable = false
02-03 22:21:42.030 D/MobileDataStateTracker(  257): [supl] Do not process intents if disabled.
02-03 22:21:42.030 D/MobileDataStateTracker(  257): [mms]  MobileDataStateReceiver onReceive(): Entry.
02-03 22:21:42.030 D/MobileDataStateTracker(  257): [mms]  intent.getAction()= android.intent.action.ANY_DATA_STATE
02-03 22:21:42.030 D/MobileDataStateTracker(  257): [mms]  mEnabled = false
02-03 22:21:42.050 D/KeyguardViewMediator(  257): setHidden false
02-03 22:21:42.071 D/KeyguardViewMediator(  257): setHidden false
02-03 22:21:42.071 D/KeyguardViewMediator(  257): setHidden false
02-03 22:21:42.101 D/KeyguardViewMediator(  257): setHidden false
02-03 22:21:42.111 D/KeyguardViewMediator(  257): setHidden false
02-03 22:21:42.121 D/KeyguardViewMediator(  257): setHidden false
02-03 22:21:42.141 D/KeyguardViewMediator(  257): setHidden false
02-03 22:21:42.141 D/KeyguardViewMediator(  257): setHidden false
02-03 22:21:42.171 D/KeyguardViewMediator(  257): setHidden false
02-03 22:21:42.171 D/KeyguardViewMediator(  257): setHidden false
02-03 22:21:42.181 D/KeyguardViewMediator(  257): setHidden false
02-03 22:21:42.191 D/Phone   (  343): [PhoneNotifier] [DefaultPhoneNotifier] : supl, INET6, DISCONNECTED
02-03 22:21:42.191 D/MobileDataStateTracker(  257): [mms]  apnTypeList = supl
02-03 22:21:42.191 D/MobileDataStateTracker(  257): [mms]  unavailable = false
02-03 22:21:42.191 D/MobileDataStateTracker(  257): [mms] Do not process intents if disabled.
02-03 22:21:42.191 D/MobileDataStateTracker(  257): [default]  MobileDataStateReceiver onReceive(): Entry.
02-03 22:21:42.191 D/MobileDataStateTracker(  257): [default]  intent.getAction()= android.intent.action.ANY_DATA_STATE
02-03 22:21:42.191 D/MobileDataStateTracker(  257): [default]  mEnabled = true
02-03 22:21:42.211 D/KeyguardViewMediator(  257): setHidden false
02-03 22:21:42.221 D/KeyguardViewMediator(  257): setHidden false
02-03 22:21:42.231 I/TelephonyRegistry(  257): notifyDataConnection: state=0 isDataConnectivityPossible=true reason=radioTechnologyChanged interfaceName=null networkType=4 apnType=supl apn=null
02-03 22:21:42.231 I/TelephonyRegistry(  257): +++broadcastDataConnectionStateChanged
02-03 22:21:42.231 D/MobileDataStateTracker(  257): [default]  apnTypeList = supl
02-03 22:21:42.231 D/MobileDataStateTracker(  257): [default]  unavailable = false
02-03 22:21:42.231 D/MobileDataStateTracker(  257): [default] not what we are looking for.
02-03 22:21:42.231 D/MobileDataStateTracker(  257): [hipri]  MobileDataStateReceiver onReceive(): Entry.
02-03 22:21:42.231 D/MobileDataStateTracker(  257): [hipri]  intent.getAction()= android.intent.action.ANY_DATA_STATE
02-03 22:21:42.231 D/MobileDataStateTracker(  257): [hipri]  mEnabled = false
02-03 22:21:42.231 I/TelephonyRegistry(  257): +++sendStickyBroadcast
02-03 22:21:42.241 D/MobileDataStateTracker(  257): [hipri]  apnTypeList = supl
02-03 22:21:42.241 D/MobileDataStateTracker(  257): [hipri]  unavailable = false
02-03 22:21:42.241 D/MobileDataStateTracker(  257): [hipri] Do not process intents if disabled.
02-03 22:21:42.241 D/MobileDataStateTracker(  257): [dun]  MobileDataStateReceiver onReceive(): Entry.
02-03 22:21:42.241 D/MobileDataStateTracker(  257): [dun]  intent.getAction()= android.intent.action.ANY_DATA_STATE
02-03 22:21:42.241 D/MobileDataStateTracker(  257): [dun]  mEnabled = false
02-03 22:21:42.241 D/Phone   (  343): [PhoneNotifier] [DefaultPhoneNotifier] : dun, INET, DISCONNECTED
02-03 22:21:42.241 I/TelephonyRegistry(  257): notifyDataConnection: state=0 isDataConnectivityPossible=true reason=radioTechnologyChanged interfaceName=null networkType=4 apnType=dun apn=null
02-03 22:21:42.241 I/TelephonyRegistry(  257): +++broadcastDataConnectionStateChanged
02-03 22:21:42.241 I/TelephonyRegistry(  257): +++sendStickyBroadcast
02-03 22:21:42.251 D/MobileDataStateTracker(  257): [dun]  apnTypeList = supl
02-03 22:21:42.251 D/MobileDataStateTracker(  257): [dun]  unavailable = false
02-03 22:21:42.251 D/MobileDataStateTracker(  257): [dun] Do not process intents if disabled.
02-03 22:21:42.251 D/MobileDataStateTracker(  257): [supl]  MobileDataStateReceiver onReceive(): Entry.
02-03 22:21:42.251 D/MobileDataStateTracker(  257): [supl]  intent.getAction()= android.intent.action.ANY_DATA_STATE
02-03 22:21:42.251 D/MobileDataStateTracker(  257): [supl]  mEnabled = false
02-03 22:21:42.251 D/Phone   (  343): [PhoneNotifier] [DefaultPhoneNotifier] : dun, INET6, DISCONNECTED
02-03 22:21:42.251 I/TelephonyRegistry(  257): notifyDataConnection: state=0 isDataConnectivityPossible=true reason=radioTechnologyChanged interfaceName=null networkType=4 apnType=dun apn=null
02-03 22:21:42.251 I/TelephonyRegistry(  257): +++broadcastDataConnectionStateChanged
02-03 22:21:42.251 I/TelephonyRegistry(  257): +++sendStickyBroadcast
02-03 22:21:42.261 D/MobileDataStateTracker(  257): [supl]  apnTypeList = supl
02-03 22:21:42.261 D/MobileDataStateTracker(  257): [supl]  unavailable = false
02-03 22:21:42.261 D/MobileDataStateTracker(  257): [supl] Do not process intents if disabled.
02-03 22:21:42.261 D/MobileDataStateTracker(  257): [mms]  MobileDataStateReceiver onReceive(): Entry.
02-03 22:21:42.261 D/MobileDataStateTracker(  257): [mms]  intent.getAction()= android.intent.action.ANY_DATA_STATE
02-03 22:21:42.261 D/MobileDataStateTracker(  257): [mms]  mEnabled = false
02-03 22:21:42.261 D/MobileDataStateTracker(  257): [mms]  apnTypeList = supl
02-03 22:21:42.261 D/MobileDataStateTracker(  257): [mms]  unavailable = false
02-03 22:21:42.261 D/MobileDataStateTracker(  257): [mms] Do not process intents if disabled.
02-03 22:21:42.261 D/Phone   (  343): [PhoneNotifier] [DefaultPhoneNotifier] : hipri, INET, DISCONNECTED
02-03 22:21:42.261 I/TelephonyRegistry(  257): notifyDataConnection: state=0 isDataConnectivityPossible=true reason=radioTechnologyChanged interfaceName=null networkType=4 apnType=hipri apn=null
02-03 22:21:42.261 I/TelephonyRegistry(  257): +++broadcastDataConnectionStateChanged
02-03 22:21:42.271 D/MobileDataStateTracker(  257): [default]  MobileDataStateReceiver onReceive(): Entry.
02-03 22:21:42.271 D/MobileDataStateTracker(  257): [default]  intent.getAction()= android.intent.action.ANY_DATA_STATE
02-03 22:21:42.271 D/MobileDataStateTracker(  257): [default]  mEnabled = true
02-03 22:21:42.271 D/MobileDataStateTracker(  257): [default]  apnTypeList = supl
02-03 22:21:42.271 D/MobileDataStateTracker(  257): [default]  unavailable = false
02-03 22:21:42.271 D/MobileDataStateTracker(  257): [default] not what we are looking for.
02-03 22:21:42.271 D/MobileDataStateTracker(  257): [hipri]  MobileDataStateReceiver onReceive(): Entry.
02-03 22:21:42.271 D/MobileDataStateTracker(  257): [hipri]  intent.getAction()= android.intent.action.ANY_DATA_STATE
02-03 22:21:42.271 D/MobileDataStateTracker(  257): [hipri]  mEnabled = false
02-03 22:21:42.281 I/TelephonyRegistry(  257): +++sendStickyBroadcast
02-03 22:21:42.291 D/Phone   (  343): [PhoneNotifier] [DefaultPhoneNotifier] : hipri, INET6, DISCONNECTED
02-03 22:21:42.291 I/TelephonyRegistry(  257): notifyDataConnection: state=0 isDataConnectivityPossible=true reason=radioTechnologyChanged interfaceName=null networkType=4 apnType=hipri apn=null
02-03 22:21:42.291 I/TelephonyRegistry(  257): +++broadcastDataConnectionStateChanged
02-03 22:21:42.291 I/TelephonyRegistry(  257): +++sendStickyBroadcast
02-03 22:21:42.291 D/MobileDataStateTracker(  257): [hipri]  apnTypeList = dun
02-03 22:21:42.291 D/MobileDataStateTracker(  257): [hipri]  unavailable = false
02-03 22:21:42.291 D/MobileDataStateTracker(  257): [hipri] Do not process intents if disabled.
02-03 22:21:42.291 D/MobileDataStateTracker(  257): [dun]  MobileDataStateReceiver onReceive(): Entry.
02-03 22:21:42.291 D/MobileDataStateTracker(  257): [dun]  intent.getAction()= android.intent.action.ANY_DATA_STATE
02-03 22:21:42.291 D/MobileDataStateTracker(  257): [dun]  mEnabled = false
02-03 22:21:42.301 D/MobileDataStateTracker(  257): [dun]  apnTypeList = dun
02-03 22:21:42.301 D/MobileDataStateTracker(  257): [dun]  unavailable = false
02-03 22:21:42.301 D/MobileDataStateTracker(  257): [dun] Do not process intents if disabled.
02-03 22:21:42.301 D/MobileDataStateTracker(  257): [supl]  MobileDataStateReceiver onReceive(): Entry.
02-03 22:21:42.301 D/MobileDataStateTracker(  257): [supl]  intent.getAction()= android.intent.action.ANY_DATA_STATE
02-03 22:21:42.301 D/DATA    (  343): [DCT(0) ] Resetting all profiles and service states!
02-03 22:21:42.311 D/MobileDataStateTracker(  257): [supl]  mEnabled = false
02-03 22:21:42.311 D/MobileDataStateTracker(  257): [supl]  apnTypeList = dun
02-03 22:21:42.311 D/MobileDataStateTracker(  257): [supl]  unavailable = false
02-03 22:21:42.311 D/MobileDataStateTracker(  257): [supl] Do not process intents if disabled.
02-03 22:21:42.311 D/MobileDataStateTracker(  257): [mms]  MobileDataStateReceiver onReceive(): Entry.
02-03 22:21:42.311 D/MobileDataStateTracker(  257): [mms]  intent.getAction()= android.intent.action.ANY_DATA_STATE
02-03 22:21:42.311 D/MobileDataStateTracker(  257): [mms]  mEnabled = false
02-03 22:21:42.311 D/MobileDataStateTracker(  257): [mms]  apnTypeList = dun
02-03 22:21:42.311 D/MobileDataStateTracker(  257): [mms]  unavailable = false
02-03 22:21:42.311 D/MobileDataStateTracker(  257): [mms] Do not process intents if disabled.
02-03 22:21:42.321 D/MobileDataStateTracker(  257): [default]  MobileDataStateReceiver onReceive(): Entry.
02-03 22:21:42.321 D/MobileDataStateTracker(  257): [default]  intent.getAction()= android.intent.action.ANY_DATA_STATE
02-03 22:21:42.321 D/MobileDataStateTracker(  257): [default]  mEnabled = true
02-03 22:21:42.321 D/MobileDataStateTracker(  257): [default]  apnTypeList = dun
02-03 22:21:42.321 D/MobileDataStateTracker(  257): [default]  unavailable = false
02-03 22:21:42.321 D/MobileDataStateTracker(  257): [default] not what we are looking for.
02-03 22:21:42.321 D/MobileDataStateTracker(  257): [hipri]  MobileDataStateReceiver onReceive(): Entry.
02-03 22:21:42.321 D/MobileDataStateTracker(  257): [hipri]  intent.getAction()= android.intent.action.ANY_DATA_STATE
02-03 22:21:42.321 D/MobileDataStateTracker(  257): [hipri]  mEnabled = false
02-03 22:21:42.331 D/MobileDataStateTracker(  257): [hipri]  apnTypeList = dun
02-03 22:21:42.341 D/MobileDataStateTracker(  257): [hipri]  unavailable = false
02-03 22:21:42.341 D/MobileDataStateTracker(  257): [hipri] Do not process intents if disabled.
02-03 22:21:42.341 D/MobileDataStateTracker(  257): [dun]  MobileDataStateReceiver onReceive(): Entry.
02-03 22:21:42.341 D/MobileDataStateTracker(  257): [dun]  intent.getAction()= android.intent.action.ANY_DATA_STATE
02-03 22:21:42.341 D/MobileDataStateTracker(  257): [dun]  mEnabled = false
02-03 22:21:42.341 D/MobileDataStateTracker(  257): [dun]  apnTypeList = dun
02-03 22:21:42.341 D/MobileDataStateTracker(  257): [dun]  unavailable = false
02-03 22:21:42.341 D/MobileDataStateTracker(  257): [dun] Do not process intents if disabled.
02-03 22:21:42.341 D/MobileDataStateTracker(  257): [supl]  MobileDataStateReceiver onReceive(): Entry.
02-03 22:21:42.341 D/MobileDataStateTracker(  257): [supl]  intent.getAction()= android.intent.action.ANY_DATA_STATE
02-03 22:21:42.341 D/MobileDataStateTracker(  257): [supl]  mEnabled = false
02-03 22:21:42.351 D/DATA    (  343): [DSST(0)]  registrationState = 1  radioTechnology = 6 reasonForDenial = 0
02-03 22:21:42.351 D/DATA    (  343): [DSST(0)]  set mNewDataConnectionState = 0
02-03 22:21:42.351 D/DATA    (  343): [DSST(0)]  mNewDataConnectionState : 0  mDataConnectionState : 0
02-03 22:21:42.351 D/DATA    (  343): [DSST(0)] Poll ServiceState done: oldSS=[0 home null null null  IS95A CSS not supported -1 -1RoamInd: -1RoamStatus(sprint): -1DefRoamInd: -1EmergOnly: false] newSS=[0 home null null null  1xRTT CSS not supported -1 -1RoamInd: -1RoamStatus(sprint): -1DefRoamInd: -1EmergOnly: false]
02-03 22:21:42.351 D/DATA    (  343): [DSST(0)]  mDataConnectionState = 0
02-03 22:21:42.351 D/MobileDataStateTracker(  257): [supl] subType changed, oldSubtype = 4new subtype = 7
02-03 22:21:42.361 D/MobileDataStateTracker(  257): [supl]  apnTypeList = dun
02-03 22:21:42.361 D/MobileDataStateTracker(  257): [supl]  unavailable = false
02-03 22:21:42.361 D/MobileDataStateTracker(  257): [supl] Do not process intents if disabled.
02-03 22:21:42.361 D/MobileDataStateTracker(  257): [mms]  MobileDataStateReceiver onReceive(): Entry.
02-03 22:21:42.361 D/MobileDataStateTracker(  257): [mms]  intent.getAction()= android.intent.action.ANY_DATA_STATE
02-03 22:21:42.361 D/MobileDataStateTracker(  257): [mms]  mEnabled = false
02-03 22:21:42.361 D/MobileDataStateTracker(  257): [mms] subType changed, oldSubtype = 4new subtype = 7
02-03 22:21:42.371 D/PhoneApp(  343): old phone type:2, New Phone type:2
02-03 22:21:42.371 D/PhoneApp(  343): handleQueryTTYModeResponse: TTY enable state successfully queried.
02-03 22:21:42.371 D/PhoneApp(  343): handleQueryTTYModeResponse:ttymode=0
02-03 22:21:42.381 D/MobileDataStateTracker(  257): [mms]  apnTypeList = dun
02-03 22:21:42.381 D/MobileDataStateTracker(  257): [mms]  unavailable = false
02-03 22:21:42.381 D/MobileDataStateTracker(  257): [mms] Do not process intents if disabled.
02-03 22:21:42.381 D/MobileDataStateTracker(  257): [default]  MobileDataStateReceiver onReceive(): Entry.
02-03 22:21:42.381 D/MobileDataStateTracker(  257): [default]  intent.getAction()= android.intent.action.ANY_DATA_STATE
02-03 22:21:42.381 D/MobileDataStateTracker(  257): [default]  mEnabled = true
02-03 22:21:42.381 D/MobileDataStateTracker(  257): [default] subType changed, oldSubtype = 4new subtype = 7
02-03 22:21:42.381 D/PhoneApp(  343): mReceiver: ACTION_ANY_DATA_CONNECTION_STATE_CHANGED
02-03 22:21:42.381 D/PhoneApp(  343): - state: DISCONNECTED
02-03 22:21:42.381 D/PhoneApp(  343): - reason: dataNetworkAttached
02-03 22:21:42.381 D/PhoneApp(  343): mReceiver: ACTION_ANY_DATA_CONNECTION_STATE_CHANGED
02-03 22:21:42.381 D/PhoneApp(  343): - state: DISCONNECTED
02-03 22:21:42.381 D/PhoneApp(  343): - reason: dataNetworkAttached
02-03 22:21:42.391 D/PhoneApp(  343): mReceiver: ACTION_ANY_DATA_CONNECTION_STATE_CHANGED
02-03 22:21:42.391 D/MobileDataStateTracker(  257): [default]  apnTypeList = dun
02-03 22:21:42.391 D/MobileDataStateTracker(  257): [default]  unavailable = false
02-03 22:21:42.391 D/MobileDataStateTracker(  257): [default] not what we are looking for.
02-03 22:21:42.391 D/MobileDataStateTracker(  257): [hipri]  MobileDataStateReceiver onReceive(): Entry.
02-03 22:21:42.391 D/MobileDataStateTracker(  257): [hipri]  intent.getAction()= android.intent.action.ANY_DATA_STATE
02-03 22:21:42.391 D/MobileDataStateTracker(  257): [hipri]  mEnabled = false
02-03 22:21:42.401 D/MobileDataStateTracker(  257): [hipri] subType changed, oldSubtype = 4new subtype = 7
02-03 22:21:42.401 D/MobileDataStateTracker(  257): [hipri]  apnTypeList = hipri
02-03 22:21:42.401 D/MobileDataStateTracker(  257): [hipri]  unavailable = false
02-03 22:21:42.401 D/MobileDataStateTracker(  257): [hipri] Do not process intents if disabled.
02-03 22:21:42.401 D/MobileDataStateTracker(  257): [dun]  MobileDataStateReceiver onReceive(): Entry.
02-03 22:21:42.401 D/MobileDataStateTracker(  257): [dun]  intent.getAction()= android.intent.action.ANY_DATA_STATE
02-03 22:21:42.401 D/MobileDataStateTracker(  257): [dun]  mEnabled = false
02-03 22:21:42.401 D/PhoneApp(  343): - state: DISCONNECTED
02-03 22:21:42.401 D/PhoneApp(  343): - reason: dataNetworkAttached
02-03 22:21:42.401 D/PhoneApp(  343): mReceiver: ACTION_ANY_DATA_CONNECTION_STATE_CHANGED
02-03 22:21:42.401 D/PhoneApp(  343): - state: DISCONNECTED
02-03 22:21:42.401 D/PhoneApp(  343): - reason: dataNetworkAttached
02-03 22:21:42.401 D/PhoneApp(  343): mReceiver: ACTION_ANY_DATA_CONNECTION_STATE_CHANGED
02-03 22:21:42.401 D/PhoneApp(  343): - state: DISCONNECTED
02-03 22:21:42.401 D/PhoneApp(  343): - reason: dataNetworkAttached
02-03 22:21:42.401 D/PhoneApp(  343): mReceiver: ACTION_ANY_DATA_CONNECTION_STATE_CHANGED
02-03 22:21:42.401 D/MobileDataStateTracker(  257): [dun] subType changed, oldSubtype = 4new subtype = 7
02-03 22:21:42.411 D/MobileDataStateTracker(  257): [dun]  apnTypeList = hipri
02-03 22:21:42.411 D/MobileDataStateTracker(  257): [dun]  unavailable = false
02-03 22:21:42.411 D/MobileDataStateTracker(  257): [dun] Do not process intents if disabled.
02-03 22:21:42.411 D/MobileDataStateTracker(  257): [supl]  MobileDataStateReceiver onReceive(): Entry.
02-03 22:21:42.411 D/MobileDataStateTracker(  257): [supl]  intent.getAction()= android.intent.action.ANY_DATA_STATE
02-03 22:21:42.411 D/MobileDataStateTracker(  257): [supl]  mEnabled = false
02-03 22:21:42.411 D/PhoneApp(  343): - state: DISCONNECTED
02-03 22:21:42.411 D/PhoneApp(  343): - reason: dataNetworkAttached
02-03 22:21:42.411 D/PhoneApp(  343): mReceiver: ACTION_ANY_DATA_CONNECTION_STATE_CHANGED
02-03 22:21:42.411 D/PhoneApp(  343): - state: DISCONNECTED
02-03 22:21:42.411 D/PhoneApp(  343): - reason: dataNetworkAttached
02-03 22:21:42.411 D/MobileDataStateTracker(  257): [supl]  apnTypeList = hipri
02-03 22:21:42.411 D/MobileDataStateTracker(  257): [supl]  unavailable = false
02-03 22:21:42.421 D/MobileDataStateTracker(  257): [supl] Do not process intents if disabled.
02-03 22:21:42.421 D/MobileDataStateTracker(  257): [mms]  MobileDataStateReceiver onReceive(): Entry.
02-03 22:21:42.421 D/MobileDataStateTracker(  257): [mms]  intent.getAction()= android.intent.action.ANY_DATA_STATE
02-03 22:21:42.421 D/MobileDataStateTracker(  257): [mms]  mEnabled = false
02-03 22:21:42.421 D/MobileDataStateTracker(  257): [mms]  apnTypeList = hipri
02-03 22:21:42.421 D/MobileDataStateTracker(  257): [mms]  unavailable = false
02-03 22:21:42.421 D/MobileDataStateTracker(  257): [mms] Do not process intents if disabled.
02-03 22:21:42.421 D/MobileDataStateTracker(  257): [default]  MobileDataStateReceiver onReceive(): Entry.
02-03 22:21:42.421 D/MobileDataStateTracker(  257): [default]  intent.getAction()= android.intent.action.ANY_DATA_STATE
02-03 22:21:42.421 D/MobileDataStateTracker(  257): [default]  mEnabled = true
02-03 22:21:42.421 D/PhoneApp(  343): mReceiver: ACTION_ANY_DATA_CONNECTION_STATE_CHANGED
02-03 22:21:42.421 D/PhoneApp(  343): - state: DISCONNECTED
02-03 22:21:42.421 D/PhoneApp(  343): - reason: dataNetworkAttached
02-03 22:21:42.421 D/PhoneApp(  343): mReceiver: ACTION_ANY_DATA_CONNECTION_STATE_CHANGED
02-03 22:21:42.421 D/PhoneApp(  343): - state: DISCONNECTED
02-03 22:21:42.421 D/PhoneApp(  343): - reason: dataNetworkAttached
02-03 22:21:42.421 D/PhoneApp(  343): mReceiver: ACTION_ANY_DATA_CONNECTION_STATE_CHANGED
02-03 22:21:42.421 W/dalvikvm(  462): Refusing to reopen boot DEX '/system/framework/qcrilhook.jar'
02-03 22:21:42.431 D/MobileDataStateTracker(  257): [default]  apnTypeList = hipri
02-03 22:21:42.431 D/MobileDataStateTracker(  257): [default]  unavailable = false
02-03 22:21:42.431 D/MobileDataStateTracker(  257): [default] not what we are looking for.
02-03 22:21:42.431 D/MobileDataStateTracker(  257): [hipri]  MobileDataStateReceiver onReceive(): Entry.
02-03 22:21:42.431 D/MobileDataStateTracker(  257): [hipri]  intent.getAction()= android.intent.action.ANY_DATA_STATE
02-03 22:21:42.431 D/MobileDataStateTracker(  257): [hipri]  mEnabled = false
02-03 22:21:42.431 D/MobileDataStateTracker(  257): [hipri]  apnTypeList = hipri
02-03 22:21:42.431 D/MobileDataStateTracker(  257): [hipri]  unavailable = false
02-03 22:21:42.431 D/MobileDataStateTracker(  257): [hipri] Do not process intents if disabled.
02-03 22:21:42.431 D/MobileDataStateTracker(  257): [dun]  MobileDataStateReceiver onReceive(): Entry.
02-03 22:21:42.431 D/MobileDataStateTracker(  257): [dun]  intent.getAction()= android.intent.action.ANY_DATA_STATE
02-03 22:21:42.431 D/MobileDataStateTracker(  257): [dun]  mEnabled = false
02-03 22:21:42.431 D/PhoneApp(  343): - state: DISCONNECTED
02-03 22:21:42.431 D/PhoneApp(  343): - reason: dataNetworkAttached
02-03 22:21:42.431 I/DATA    (  343): [DCT(0) ] onUpdateDataConnections [ignored] : reason=dataNetworkAttached
02-03 22:21:42.431 I/DATA    (  343): [DCT(0) ] wait for the dc disconnect to complete
02-03 22:21:42.431 D/PhoneApp(  343): mReceiver: ACTION_ANY_DATA_CONNECTION_STATE_CHANGED
02-03 22:21:42.431 D/PhoneApp(  343): - state: DISCONNECTED
02-03 22:21:42.431 D/PhoneApp(  343): - reason: radioTechnologyChanged
02-03 22:21:42.431 D/PhoneApp(  343): mReceiver: ACTION_ANY_DATA_CONNECTION_STATE_CHANGED
02-03 22:21:42.431 D/PhoneApp(  343): - state: DISCONNECTED
02-03 22:21:42.431 D/PhoneApp(  343): - reason: radioTechnologyChanged
02-03 22:21:42.441 D/PhoneApp(  343): mReceiver: ACTION_ANY_DATA_CONNECTION_STATE_CHANGED
02-03 22:21:42.441 D/PhoneApp(  343): - state: DISCONNECTED
02-03 22:21:42.441 D/PhoneApp(  343): - reason: radioTechnologyChanged
02-03 22:21:42.441 D/PhoneApp(  343): mReceiver: ACTION_ANY_DATA_CONNECTION_STATE_CHANGED
02-03 22:21:42.441 D/PhoneApp(  343): - state: DISCONNECTED
02-03 22:21:42.441 D/PhoneApp(  343): - reason: radioTechnologyChanged
02-03 22:21:42.441 D/PhoneApp(  343): mReceiver: ACTION_ANY_DATA_CONNECTION_STATE_CHANGED
02-03 22:21:42.441 D/PhoneApp(  343): - state: DISCONNECTED
02-03 22:21:42.441 D/PhoneApp(  343): - reason: radioTechnologyChanged
02-03 22:21:42.441 D/PhoneApp(  343): mReceiver: ACTION_ANY_DATA_CONNECTION_STATE_CHANGED
02-03 22:21:42.441 D/PhoneApp(  343): - state: DISCONNECTED
02-03 22:21:42.441 D/PhoneApp(  343): - reason: radioTechnologyChanged
02-03 22:21:42.441 D/PhoneApp(  343): mReceiver: ACTION_ANY_DATA_CONNECTION_STATE_CHANGED
02-03 22:21:42.441 D/PhoneApp(  343): - state: DISCONNECTED
02-03 22:21:42.441 D/PhoneApp(  343): - reason: radioTechnologyChanged
02-03 22:21:42.441 D/PhoneApp(  343): mReceiver: ACTION_ANY_DATA_CONNECTION_STATE_CHANGED
02-03 22:21:42.441 D/PhoneApp(  343): - state: DISCONNECTED
02-03 22:21:42.441 D/PhoneApp(  343): - reason: radioTechnologyChanged
02-03 22:21:42.441 D/PhoneApp(  343): mReceiver: ACTION_ANY_DATA_CONNECTION_STATE_CHANGED
02-03 22:21:42.441 D/PhoneApp(  343): - state: DISCONNECTED
02-03 22:21:42.441 D/PhoneApp(  343): - reason: radioTechnologyChanged
02-03 22:21:42.441 D/PhoneApp(  343): mReceiver: ACTION_ANY_DATA_CONNECTION_STATE_CHANGED
02-03 22:21:42.441 D/PhoneApp(  343): - state: DISCONNECTED
02-03 22:21:42.441 D/PhoneApp(  343): - reason: radioTechnologyChanged
02-03 22:21:42.441 I/DATA    (  343): [DCT(0) ] onUpdateDataConnections: reason=radioTechnologyChanged
02-03 22:21:42.441 I/DATA    (  343): [DCT(0) ] ---dc list---
02-03 22:21:42.441 I/DATA    (  343): [DCT(0) ] ---ds list---
02-03 22:21:42.441 I/DATA    (  343): [DCT(0) ] ds= SERVICE_TYPE_DEFAULT, enabled = true, active = v4:IDLE v6:IDLE
02-03 22:21:42.441 I/DATA    (  343): [DCT(0) ] ds= SERVICE_TYPE_MMS, enabled = false, active = v4:IDLE v6:IDLE
02-03 22:21:42.441 I/DATA    (  343): [DCT(0) ] ds= SERVICE_TYPE_SUPL, enabled = false, active = v4:IDLE v6:IDLE
02-03 22:21:42.441 I/DATA    (  343): [DCT(0) ] ds= SERVICE_TYPE_DUN, enabled = false, active = v4:IDLE v6:IDLE
02-03 22:21:42.441 I/DATA    (  343): [DCT(0) ] ds= SERVICE_TYPE_HIPRI, enabled = false, active = v4:IDLE v6:IDLE
02-03 22:21:42.441 I/DATA    (  343): [DCT(0) ] Ready for data : 
02-03 22:21:42.441 I/DATA    (  343): [DCT(0) ]    getDesiredPowerState() = true
02-03 22:21:42.441 I/DATA    (  343): [DCT(0) ]    mCm.getRadioState() = RADIO_ON
02-03 22:21:42.441 I/DATA    (  343): [DCT(0) ]    [DataRadioTech = RADIO_TECH_1xRTT, data network state = 0, mMasterDataEnabled = true, is Roaming = false, dataOnRoamingEnable = false, isPsRestricted = false, desiredPowerState  = true, mSIMRecords = , cdmaSubSource = 1/310120, mRuimRecords = , checks = true/true]
02-03 22:21:42.441 I/DATA    (  343): [DCT(0) ] trySetupDataCall : ds=SERVICE_TYPE_DEFAULT, ipv=INET, reason=radioTechnologyChanged
02-03 22:21:42.441 I/DATA    (  343): [SERVICE_TYPE_DEFAULT] Data Profile Chosen:PROFILE_TYPE_3GPP2_NAI
02-03 22:21:42.441 I/DATA    (  343): [DCT(0) ] **choose data profile : [dpt=PROFILE_TYPE_3GPP2_NAI, active=false, 
02-03 22:21:42.441 I/DATA    (  343): [DCT(0) ] disconnectOneLowPriorityDataCall
02-03 22:21:42.441 E/DST     (  343): Error parsing service priority string, ignoring 
02-03 22:21:42.441 E/DST     (  343): Error parsing service priority string, ignoring 
02-03 22:21:42.451 E/DST     (  343): Error parsing service priority string, ignoring 
02-03 22:21:42.451 E/DST     (  343): Error parsing service priority string, ignoring 
02-03 22:21:42.451 I/DATA    (  343): [SERVICE_TYPE_DEFAULT] set newState =  CONNECTINGoldState =  IDLE
02-03 22:21:42.451 D/Phone   (  343): [PhoneNotifier] [DefaultPhoneNotifier] : default, INET, CONNECTING
02-03 22:21:42.471 W/dalvikvm(  462): Refusing to reopen boot DEX '/system/framework/qcnvitems.jar'
02-03 22:21:42.471 D/MobileDataStateTracker(  257): [dun]  apnTypeList = hipri
02-03 22:21:42.471 D/MobileDataStateTracker(  257): [dun]  unavailable = false
02-03 22:21:42.471 D/MobileDataStateTracker(  257): [dun] Do not process intents if disabled.
02-03 22:21:42.471 D/MobileDataStateTracker(  257): [supl]  MobileDataStateReceiver onReceive(): Entry.
02-03 22:21:42.471 D/MobileDataStateTracker(  257): [supl]  intent.getAction()= android.intent.action.ANY_DATA_STATE
02-03 22:21:42.471 D/MobileDataStateTracker(  257): [supl]  mEnabled = false
02-03 22:21:42.481 D/MobileDataStateTracker(  257): [supl]  apnTypeList = hipri
02-03 22:21:42.481 D/MobileDataStateTracker(  257): [supl]  unavailable = false
02-03 22:21:42.481 D/MobileDataStateTracker(  257): [supl] Do not process intents if disabled.
02-03 22:21:42.481 D/MobileDataStateTracker(  257): [mms]  MobileDataStateReceiver onReceive(): Entry.
02-03 22:21:42.481 D/MobileDataStateTracker(  257): [mms]  intent.getAction()= android.intent.action.ANY_DATA_STATE
02-03 22:21:42.481 D/MobileDataStateTracker(  257): [mms]  mEnabled = false
02-03 22:21:42.481 D/MobileDataStateTracker(  257): [mms]  apnTypeList = hipri
02-03 22:21:42.481 D/MobileDataStateTracker(  257): [mms]  unavailable = false
02-03 22:21:42.481 D/MobileDataStateTracker(  257): [mms] Do not process intents if disabled.
02-03 22:21:42.481 D/MobileDataStateTracker(  257): [default]  MobileDataStateReceiver onReceive(): Entry.
02-03 22:21:42.481 D/MobileDataStateTracker(  257): [default]  intent.getAction()= android.intent.action.ANY_DATA_STATE
02-03 22:21:42.481 D/MobileDataStateTracker(  257): [default]  mEnabled = true
02-03 22:21:42.491 D/MobileDataStateTracker(  257): [default]  apnTypeList = hipri
02-03 22:21:42.491 D/MobileDataStateTracker(  257): [default]  unavailable = false
02-03 22:21:42.491 D/MobileDataStateTracker(  257): [default] not what we are looking for.
02-03 22:21:42.491 D/MobileDataStateTracker(  257): [hipri]  MobileDataStateReceiver onReceive(): Entry.
02-03 22:21:42.491 D/MobileDataStateTracker(  257): [hipri]  intent.getAction()= android.intent.action.ANY_DATA_STATE
02-03 22:21:42.491 D/MobileDataStateTracker(  257): [hipri]  mEnabled = false
02-03 22:21:42.491 I/TelephonyRegistry(  257): notifyDataConnection: state=1 isDataConnectivityPossible=true reason=radioTechnologyChanged interfaceName=null networkType=7 apnType=default apn=null
02-03 22:21:42.491 I/TelephonyRegistry(  257): +++broadcastDataConnectionStateChanged
02-03 22:21:42.511 I/TelephonyRegistry(  257): +++sendStickyBroadcast
02-03 22:21:42.511 D/CallManager(  343):  handleMessage (EVENT_SERVICE_STATE_CHANGED)
02-03 22:21:42.511 E/BT HS/HF(  343): SERVICE_STATE_CHANGED called
02-03 22:21:42.511 E/BT HS/HF(  343): updateServiceState called, sendUpdate:false  ServiceState:0 home Sprint  310099  IS95A CSS not supported 41 4139RoamInd: 1RoamStatus(sprint): 1DefRoamInd: 160EmergOnly: false
02-03 22:21:42.511 E/BT HS/HF(  343): service:1 mService:1
02-03 22:21:42.511 D/MobileDataStateTracker(  257): [hipri]  apnTypeList = default
02-03 22:21:42.511 D/MobileDataStateTracker(  257): [hipri]  unavailable = false
02-03 22:21:42.511 D/MobileDataStateTracker(  257): [hipri] Do not process intents if disabled.
02-03 22:21:42.511 D/MobileDataStateTracker(  257): [dun]  MobileDataStateReceiver onReceive(): Entry.
02-03 22:21:42.511 D/MobileDataStateTracker(  257): [dun]  intent.getAction()= android.intent.action.ANY_DATA_STATE
02-03 22:21:42.511 D/MobileDataStateTracker(  257): [dun]  mEnabled = false
02-03 22:21:42.511 D/MobileDataStateTracker(  257): [dun]  apnTypeList = default
02-03 22:21:42.511 D/MobileDataStateTracker(  257): [dun]  unavailable = false
02-03 22:21:42.511 D/MobileDataStateTracker(  257): [dun] Do not process intents if disabled.
02-03 22:21:42.511 D/MobileDataStateTracker(  257): [supl]  MobileDataStateReceiver onReceive(): Entry.
02-03 22:21:42.511 D/MobileDataStateTracker(  257): [supl]  intent.getAction()= android.intent.action.ANY_DATA_STATE
02-03 22:21:42.511 D/MobileDataStateTracker(  257): [supl]  mEnabled = false
02-03 22:21:42.531 D/MobileDataStateTracker(  257): [supl]  apnTypeList = default
02-03 22:21:42.531 D/MobileDataStateTracker(  257): [supl]  unavailable = false
02-03 22:21:42.531 D/MobileDataStateTracker(  257): [supl] Do not process intents if disabled.
02-03 22:21:42.531 D/MobileDataStateTracker(  257): [mms]  MobileDataStateReceiver onReceive(): Entry.
02-03 22:21:42.531 D/MobileDataStateTracker(  257): [mms]  intent.getAction()= android.intent.action.ANY_DATA_STATE
02-03 22:21:42.531 D/MobileDataStateTracker(  257): [mms]  mEnabled = false
02-03 22:21:42.531 D/CallManager(  343):  handleMessage (EVENT_SERVICE_STATE_CHANGED)
02-03 22:21:42.531 E/BT HS/HF(  343): SERVICE_STATE_CHANGED called
02-03 22:21:42.531 E/BT HS/HF(  343): updateServiceState called, sendUpdate:false  ServiceState:0 home Sprint  310099  1xRTT CSS not supported 41 4139RoamInd: 1RoamStatus(sprint): 1DefRoamInd: 160EmergOnly: false
02-03 22:21:42.531 E/BT HS/HF(  343): service:1 mService:1
02-03 22:21:42.531 D/Phone   (  343): [PhoneNotifier] [DefaultPhoneNotifier] : default, INET, CONNECTING
02-03 22:21:42.551 D/MobileDataStateTracker(  257): [mms]  apnTypeList = default
02-03 22:21:42.551 D/MobileDataStateTracker(  257): [mms]  unavailable = false
02-03 22:21:42.551 D/MobileDataStateTracker(  257): [mms] Do not process intents if disabled.
02-03 22:21:42.551 D/MobileDataStateTracker(  257): [default]  MobileDataStateReceiver onReceive(): Entry.
02-03 22:21:42.551 D/MobileDataStateTracker(  257): [default]  intent.getAction()= android.intent.action.ANY_DATA_STATE
02-03 22:21:42.551 D/MobileDataStateTracker(  257): [default]  mEnabled = true
02-03 22:21:42.561 D/MobileDataStateTracker(  257): [default]  apnTypeList = default
02-03 22:21:42.561 D/MobileDataStateTracker(  257): [default]  unavailable = false
02-03 22:21:42.561 D/MobileDataStateTracker(  257): [default] CALL updateMobileInfoFromIntent
02-03 22:21:42.561 I/MobileDataStateTracker(  257): [default] dc state change intent received for default/INET with state  DISCONNECTED. enabled=true state change reason = radioTechnologyChanged
02-03 22:21:42.561 I/MobileDataStateTracker(  257): [default] old state = DISCONNECTED
02-03 22:21:42.561 I/MobileDataStateTracker(  257): [default] no change,  just return
02-03 22:21:42.561 D/MobileDataStateTracker(  257): [default] No need to update detailed state
02-03 22:21:42.561 D/MobileDataStateTracker(  257): [hipri]  MobileDataStateReceiver onReceive(): Entry.
02-03 22:21:42.561 D/MobileDataStateTracker(  257): [hipri]  intent.getAction()= android.intent.action.ANY_DATA_STATE
02-03 22:21:42.561 D/MobileDataStateTracker(  257): [hipri]  mEnabled = false
02-03 22:21:42.561 D/MobileDataStateTracker(  257): [hipri]  apnTypeList = default
02-03 22:21:42.561 D/MobileDataStateTracker(  257): [hipri]  unavailable = false
02-03 22:21:42.561 D/MobileDataStateTracker(  257): [hipri] Do not process intents if disabled.
02-03 22:21:42.561 D/MobileDataStateTracker(  257): [dun]  MobileDataStateReceiver onReceive(): Entry.
02-03 22:21:42.561 D/MobileDataStateTracker(  257): [dun]  intent.getAction()= android.intent.action.ANY_DATA_STATE
02-03 22:21:42.561 D/MobileDataStateTracker(  257): [dun]  mEnabled = false
02-03 22:21:42.561 D/MobileDataStateTracker(  257): [dun]  apnTypeList = default
02-03 22:21:42.561 D/MobileDataStateTracker(  257): [dun]  unavailable = false
02-03 22:21:42.561 D/MobileDataStateTracker(  257): [dun] Do not process intents if disabled.
02-03 22:21:42.561 D/MobileDataStateTracker(  257): [supl]  MobileDataStateReceiver onReceive(): Entry.
02-03 22:21:42.561 D/MobileDataStateTracker(  257): [supl]  intent.getAction()= android.intent.action.ANY_DATA_STATE
02-03 22:21:42.561 D/MobileDataStateTracker(  257): [supl]  mEnabled = false
02-03 22:21:42.571 I/TelephonyRegistry(  257): notifyDataConnection: state=1 isDataConnectivityPossible=true reason=radioTechnologyChanged interfaceName=null networkType=7 apnType=default apn=null
02-03 22:21:42.571 I/TelephonyRegistry(  257): +++broadcastDataConnectionStateChanged
02-03 22:21:42.571 I/TelephonyRegistry(  257): +++sendStickyBroadcast
02-03 22:21:42.571 D/MobileDataStateTracker(  257): [supl]  apnTypeList = default
02-03 22:21:42.581 D/MobileDataStateTracker(  257): [supl]  unavailable = false
02-03 22:21:42.581 D/MobileDataStateTracker(  257): [supl] Do not process intents if disabled.
02-03 22:21:42.581 D/MobileDataStateTracker(  257): [mms]  MobileDataStateReceiver onReceive(): Entry.
02-03 22:21:42.581 D/MobileDataStateTracker(  257): [mms]  intent.getAction()= android.intent.action.ANY_DATA_STATE
02-03 22:21:42.581 D/MobileDataStateTracker(  257): [mms]  mEnabled = false
02-03 22:21:42.581 D/Phone   (  343): [PhoneNotifier] [DefaultPhoneNotifier] : default, INET6, DISCONNECTED
02-03 22:21:42.601 I/TelephonyRegistry(  257): notifyDataConnection: state=0 isDataConnectivityPossible=true reason=radioTechnologyChanged interfaceName=null networkType=7 apnType=default apn=null
02-03 22:21:42.601 I/TelephonyRegistry(  257): +++broadcastDataConnectionStateChanged
02-03 22:21:42.601 D/MobileDataStateTracker(  257): [mms]  apnTypeList = default
02-03 22:21:42.601 D/MobileDataStateTracker(  257): [mms]  unavailable = false
02-03 22:21:42.601 D/MobileDataStateTracker(  257): [mms] Do not process intents if disabled.
02-03 22:21:42.601 D/MobileDataStateTracker(  257): [default]  MobileDataStateReceiver onReceive(): Entry.
02-03 22:21:42.601 D/MobileDataStateTracker(  257): [default]  intent.getAction()= android.intent.action.ANY_DATA_STATE
02-03 22:21:42.601 D/MobileDataStateTracker(  257): [default]  mEnabled = true
02-03 22:21:42.601 D/MobileDataStateTracker(  257): [default]  apnTypeList = default
02-03 22:21:42.601 I/TelephonyRegistry(  257): +++sendStickyBroadcast
02-03 22:21:42.601 D/MobileDataStateTracker(  257): [default]  unavailable = false
02-03 22:21:42.601 D/MobileDataStateTracker(  257): [default] CALL updateMobileInfoFromIntent
02-03 22:21:42.601 I/MobileDataStateTracker(  257): [default] dc state change intent received for default/INET6 with state  DISCONNECTED. enabled=true state change reason = radioTechnologyChanged
02-03 22:21:42.601 I/MobileDataStateTracker(  257): [default] old state = DISCONNECTED
02-03 22:21:42.601 I/MobileDataStateTracker(  257): [default] no change,  just return
02-03 22:21:42.601 D/MobileDataStateTracker(  257): [default] No need to update detailed state
02-03 22:21:42.601 D/MobileDataStateTracker(  257): [hipri]  MobileDataStateReceiver onReceive(): Entry.
02-03 22:21:42.601 D/MobileDataStateTracker(  257): [hipri]  intent.getAction()= android.intent.action.ANY_DATA_STATE
02-03 22:21:42.611 D/MobileDataStateTracker(  257): [hipri]  mEnabled = false
02-03 22:21:42.611 D/MobileDataStateTracker(  257): [hipri]  apnTypeList = mms
02-03 22:21:42.611 D/MobileDataStateTracker(  257): [hipri]  unavailable = false
02-03 22:21:42.611 D/MobileDataStateTracker(  257): [hipri] Do not process intents if disabled.
02-03 22:21:42.611 D/MobileDataStateTracker(  257): [dun]  MobileDataStateReceiver onReceive(): Entry.
02-03 22:21:42.611 D/MobileDataStateTracker(  257): [dun]  intent.getAction()= android.intent.action.ANY_DATA_STATE
02-03 22:21:42.611 D/MobileDataStateTracker(  257): [dun]  mEnabled = false
02-03 22:21:42.611 D/MobileDataStateTracker(  257): [dun]  apnTypeList = mms
02-03 22:21:42.611 D/MobileDataStateTracker(  257): [dun]  unavailable = false
02-03 22:21:42.611 D/MobileDataStateTracker(  257): [dun] Do not process intents if disabled.
02-03 22:21:42.611 D/MobileDataStateTracker(  257): [supl]  MobileDataStateReceiver onReceive(): Entry.
02-03 22:21:42.611 D/MobileDataStateTracker(  257): [supl]  intent.getAction()= android.intent.action.ANY_DATA_STATE
02-03 22:21:42.611 D/MobileDataStateTracker(  257): [supl]  mEnabled = false
02-03 22:21:42.611 D/MobileDataStateTracker(  257): [supl]  apnTypeList = mms
02-03 22:21:42.611 D/MobileDataStateTracker(  257): [supl]  unavailable = false
02-03 22:21:42.611 D/MobileDataStateTracker(  257): [supl] Do not process intents if disabled.
02-03 22:21:42.621 D/MobileDataStateTracker(  257): [mms]  MobileDataStateReceiver onReceive(): Entry.
02-03 22:21:42.621 D/MobileDataStateTracker(  257): [mms]  intent.getAction()= android.intent.action.ANY_DATA_STATE
02-03 22:21:42.621 D/MobileDataStateTracker(  257): [mms]  mEnabled = false
02-03 22:21:42.621 D/MobileDataStateTracker(  257): [mms]  apnTypeList = mms
02-03 22:21:42.621 D/MobileDataStateTracker(  257): [mms]  unavailable = false
02-03 22:21:42.621 D/MobileDataStateTracker(  257): [mms] Do not process intents if disabled.
02-03 22:21:42.621 D/MobileDataStateTracker(  257): [default]  MobileDataStateReceiver onReceive(): Entry.
02-03 22:21:42.621 D/MobileDataStateTracker(  257): [default]  intent.getAction()= android.intent.action.ANY_DATA_STATE
02-03 22:21:42.621 D/MobileDataStateTracker(  257): [default]  mEnabled = true
02-03 22:21:42.631 D/MobileDataStateTracker(  257): [default]  apnTypeList = mms
02-03 22:21:42.631 D/MobileDataStateTracker(  257): [default]  unavailable = false
02-03 22:21:42.631 D/MobileDataStateTracker(  257): [default] not what we are looking for.
02-03 22:21:42.631 D/MobileDataStateTracker(  257): [hipri]  MobileDataStateReceiver onReceive(): Entry.
02-03 22:21:42.631 D/MobileDataStateTracker(  257): [hipri]  intent.getAction()= android.intent.action.ANY_DATA_STATE
02-03 22:21:42.631 D/MobileDataStateTracker(  257): [hipri]  mEnabled = false
02-03 22:21:42.631 D/MobileDataStateTracker(  257): [hipri]  apnTypeList = mms
02-03 22:21:42.631 D/MobileDataStateTracker(  257): [hipri]  unavailable = false
02-03 22:21:42.631 D/MobileDataStateTracker(  257): [hipri] Do not process intents if disabled.
02-03 22:21:42.631 D/MobileDataStateTracker(  257): [dun]  MobileDataStateReceiver onReceive(): Entry.
02-03 22:21:42.631 D/MobileDataStateTracker(  257): [dun]  intent.getAction()= android.intent.action.ANY_DATA_STATE
02-03 22:21:42.631 D/MobileDataStateTracker(  257): [dun]  mEnabled = false
02-03 22:21:42.641 D/MobileDataStateTracker(  257): [dun]  apnTypeList = mms
02-03 22:21:42.641 D/MobileDataStateTracker(  257): [dun]  unavailable = false
02-03 22:21:42.641 D/MobileDataStateTracker(  257): [dun] Do not process intents if disabled.
02-03 22:21:42.641 D/MobileDataStateTracker(  257): [supl]  MobileDataStateReceiver onReceive(): Entry.
02-03 22:21:42.641 D/MobileDataStateTracker(  257): [supl]  intent.getAction()= android.intent.action.ANY_DATA_STATE
02-03 22:21:42.641 D/MobileDataStateTracker(  257): [supl]  mEnabled = false
02-03 22:21:42.641 D/MobileDataStateTracker(  257): [supl]  apnTypeList = mms
02-03 22:21:42.641 D/MobileDataStateTracker(  257): [supl]  unavailable = false
02-03 22:21:42.641 D/MobileDataStateTracker(  257): [supl] Do not process intents if disabled.
02-03 22:21:42.641 D/MobileDataStateTracker(  257): [mms]  MobileDataStateReceiver onReceive(): Entry.
02-03 22:21:42.641 D/MobileDataStateTracker(  257): [mms]  intent.getAction()= android.intent.action.ANY_DATA_STATE
02-03 22:21:42.641 D/MobileDataStateTracker(  257): [mms]  mEnabled = false
02-03 22:21:42.641 D/MobileDataStateTracker(  257): [mms]  apnTypeList = mms
02-03 22:21:42.641 D/MobileDataStateTracker(  257): [mms]  unavailable = false
02-03 22:21:42.641 D/MobileDataStateTracker(  257): [mms] Do not process intents if disabled.
02-03 22:21:42.641 D/MobileDataStateTracker(  257): [default]  MobileDataStateReceiver onReceive(): Entry.
02-03 22:21:42.641 D/MobileDataStateTracker(  257): [default]  intent.getAction()= android.intent.action.ANY_DATA_STATE
02-03 22:21:42.641 D/MobileDataStateTracker(  257): [default]  mEnabled = true
02-03 22:21:42.641 D/MobileDataStateTracker(  257): [default]  apnTypeList = mms
02-03 22:21:42.641 D/MobileDataStateTracker(  257): [default]  unavailable = false
02-03 22:21:42.641 D/MobileDataStateTracker(  257): [default] not what we are looking for.
02-03 22:21:42.641 D/MobileDataStateTracker(  257): [hipri]  MobileDataStateReceiver onReceive(): Entry.
02-03 22:21:42.651 D/MobileDataStateTracker(  257): [hipri]  intent.getAction()= android.intent.action.ANY_DATA_STATE
02-03 22:21:42.651 D/MobileDataStateTracker(  257): [hipri]  mEnabled = false
02-03 22:21:42.651 D/MobileDataStateTracker(  257): [hipri]  apnTypeList = supl
02-03 22:21:42.651 D/MobileDataStateTracker(  257): [hipri]  unavailable = false
02-03 22:21:42.651 D/MobileDataStateTracker(  257): [hipri] Do not process intents if disabled.
02-03 22:21:42.651 D/MobileDataStateTracker(  257): [dun]  MobileDataStateReceiver onReceive(): Entry.
02-03 22:21:42.651 D/MobileDataStateTracker(  257): [dun]  intent.getAction()= android.intent.action.ANY_DATA_STATE
02-03 22:21:42.651 D/MobileDataStateTracker(  257): [dun]  mEnabled = false
02-03 22:21:42.651 D/MobileDataStateTracker(  257): [dun]  apnTypeList = supl
02-03 22:21:42.651 D/MobileDataStateTracker(  257): [dun]  unavailable = false
02-03 22:21:42.651 D/MobileDataStateTracker(  257): [dun] Do not process intents if disabled.
02-03 22:21:42.651 D/MobileDataStateTracker(  257): [supl]  MobileDataStateReceiver onReceive(): Entry.
02-03 22:21:42.651 D/MobileDataStateTracker(  257): [supl]  intent.getAction()= android.intent.action.ANY_DATA_STATE
02-03 22:21:42.651 D/MobileDataStateTracker(  257): [supl]  mEnabled = false
02-03 22:21:42.651 D/MobileDataStateTracker(  257): [supl]  apnTypeList = supl
02-03 22:21:42.651 D/MobileDataStateTracker(  257): [supl]  unavailable = false
02-03 22:21:42.651 D/MobileDataStateTracker(  257): [supl] Do not process intents if disabled.
02-03 22:21:42.651 D/MobileDataStateTracker(  257): [mms]  MobileDataStateReceiver onReceive(): Entry.
02-03 22:21:42.651 D/MobileDataStateTracker(  257): [mms]  intent.getAction()= android.intent.action.ANY_DATA_STATE
02-03 22:21:42.651 D/MobileDataStateTracker(  257): [mms]  mEnabled = false
02-03 22:21:42.651 D/MobileDataStateTracker(  257): [mms]  apnTypeList = supl
02-03 22:21:42.651 D/MobileDataStateTracker(  257): [mms]  unavailable = false
02-03 22:21:42.651 D/MobileDataStateTracker(  257): [mms] Do not process intents if disabled.
02-03 22:21:42.651 D/MobileDataStateTracker(  257): [default]  MobileDataStateReceiver onReceive(): Entry.
02-03 22:21:42.651 D/MobileDataStateTracker(  257): [default]  intent.getAction()= android.intent.action.ANY_DATA_STATE
02-03 22:21:42.651 D/MobileDataStateTracker(  257): [default]  mEnabled = true
02-03 22:21:42.661 D/MobileDataStateTracker(  257): [default]  apnTypeList = supl
02-03 22:21:42.661 D/MobileDataStateTracker(  257): [default]  unavailable = false
02-03 22:21:42.661 D/MobileDataStateTracker(  257): [default] not what we are looking for.
02-03 22:21:42.661 D/MobileDataStateTracker(  257): [hipri]  MobileDataStateReceiver onReceive(): Entry.
02-03 22:21:42.661 D/MobileDataStateTracker(  257): [hipri]  intent.getAction()= android.intent.action.ANY_DATA_STATE
02-03 22:21:42.661 D/MobileDataStateTracker(  257): [hipri]  mEnabled = false
02-03 22:21:42.661 D/MobileDataStateTracker(  257): [hipri]  apnTypeList = supl
02-03 22:21:42.661 D/MobileDataStateTracker(  257): [hipri]  unavailable = false
02-03 22:21:42.661 D/MobileDataStateTracker(  257): [hipri] Do not process intents if disabled.
02-03 22:21:42.661 D/MobileDataStateTracker(  257): [dun]  MobileDataStateReceiver onReceive(): Entry.
