02-03 22:22:01.249 I/ActivityThread(  822): Pub com.google.android.maps.TrafficAppWidgetProvider: com.google.googlenav.appwidget.traffic.TrafficAppWidgetProvider
02-03 22:22:01.249 D/PowerManagerService(  257): releaseWakeLock flags=0x1 tag=ActivityManager-Sleep
02-03 22:22:01.259 I/ActivityThread(  822): Pub com.google.android.maps.SuggestionProvider: com.google.googlenav.suggest.android.SuggestProvider
02-03 22:22:01.259 I/MediaScanner(  519): doScanFile the temppath: /mnt/sdcard/DCIM/Camera/IMG_20111228_171947.jpg
02-03 22:22:01.289 I/ActivityThread(  822): Pub com.google.android.maps.LocalActivePlacesProvider: com.google.googlenav.provider.LocalActivePlacesProvider
02-03 22:22:01.289 I/ActivityThread(  822): Pub com.google.android.maps.StarredItemProvider: com.google.googlenav.provider.StarredItemProvider
02-03 22:22:01.309 D/ACRA    (  833): Retrieve application default SharedPreferences.
02-03 22:22:01.329 D/ACRA    (  833): Set OnSharedPreferenceChangeListener.
02-03 22:22:01.329 D/ACRA    (  833): ACRA is enabled for com.facebook.katana, intializing...
02-03 22:22:01.529 D/ACRA    (  833): Looking for error files in /data/data/com.facebook.katana/app_acra-reports
02-03 22:22:01.609 I/GTalkService(  383): [GTalkConnection.29] init: initialized presence to UNAVAILABLE
02-03 22:22:01.650 I/GTalkService(  383): [GTalkConnection.28] init: initialized presence to UNAVAILABLE
02-03 22:22:01.810 I/ActivityThread(  822): Pub com.google.android.maps.LocalSuggestionProvider: com.google.googlenav.provider.LocalSuggestionProvider
02-03 22:22:01.820 I/ActivityThread(  822): Pub com.google.android.maps.SearchHistoryProvider: com.google.googlenav.provider.SearchHistoryProvider
02-03 22:22:01.820 I/ActivityThread(  822): Pub com.google.android.maps.NavigationAvailabilityProvider: com.google.googlenav.provider.NavigationAvailabilityProvider
02-03 22:22:01.840 D/Warhol  (  350): A pack appears to be installed -- skipping Installer
02-03 22:22:01.850 D/KeyguardViewMediator(  257): setHidden false
02-03 22:22:01.850 D/PowerManagerService(  257): acquireWakeLock flags=0x1 tag=ActivityManager-Sleep
02-03 22:22:01.860 I/hubo    (  257): Activity {com.android.launcher/com.android.launcher2.Launcher}
02-03 22:22:01.860 D/Launcher(  350): onSaveInstanceState
02-03 22:22:01.870 D/Launcher(  350): Dissmis Preview for view :null ID:2131230735
02-03 22:22:01.870 D/Launcher(  350): Dissmis Preview for view :null ID:2131230736
02-03 22:22:01.870 D/Launcher(  350): Dissmis Preview for view :null ID:2131230739
02-03 22:22:01.870 D/Launcher(  350): Dissmis Preview for view :null ID:2131230741
02-03 22:22:01.870 D/PowerManagerService(  257): releaseWakeLock flags=0x1 tag=ActivityManager-Sleep
02-03 22:22:01.890 D/PowerManagerService(  257): acquireWakeLock flags=0x1 tag=ActivityManager-Sleep
02-03 22:22:01.890 D/Warhol  (  350): A pack appears to be installed -- skipping Installer
02-03 22:22:01.890 I/hubo    (  257): Activity {com.android.launcher/com.android.launcher2.Launcher}
02-03 22:22:01.900 D/Launcher(  350): onSaveInstanceState
02-03 22:22:01.900 D/Launcher(  350): Dissmis Preview for view :null ID:2131230735
02-03 22:22:01.900 D/Launcher(  350): Dissmis Preview for view :null ID:2131230736
02-03 22:22:01.900 D/Launcher(  350): Dissmis Preview for view :null ID:2131230739
02-03 22:22:01.900 D/Launcher(  350): Dissmis Preview for view :null ID:2131230741
02-03 22:22:01.900 D/PowerManagerService(  257): releaseWakeLock flags=0x1 tag=ActivityManager-Sleep
02-03 22:22:01.960 I/GTalkService(  383): [GTalkConnection.29] setInternalNetworkState: type=0, state=CONNECTED
02-03 22:22:01.960 D/AlarmManager(  257): +++Alarm set:type=2 com.google.android.gsf  Trigger after:28614ms
02-03 22:22:01.970 I/GTalkService(  383): [GTalkConnection.27] (WORKER THREAD) update account status
02-03 22:22:01.990 I/MediaScanner(  519): doScanFile the temppath: /mnt/sdcard/download/RecordedMessage1.amr
02-03 22:22:01.990 I/CheckinService(  383): Preparing to send checkin request
02-03 22:22:01.990 I/EventLogService(  383): Accumulating logs since 1328329309469
02-03 22:22:02.000 I/MediaScanner(  519): doScanFile the temppath: /mnt/sdcard/download/RecordedMessage2.amr
02-03 22:22:02.000 I/MediaScanner(  519): doScanFile the temppath: /mnt/sdcard/download/RecordedMessage1-1.amr
02-03 22:22:02.000 I/MediaScanner(  519): doScanFile the temppath: /mnt/sdcard/download/RecordedMessage1-2.amr
02-03 22:22:02.060 I/MediaScanner(  519): doScanFile the temppath: /mnt/sdcard/download/378964_2629079119276_1024278583_32259313_1827078327_n.jpg
02-03 22:22:02.080 I/MediaScanner(  519): doScanFile the temppath: /mnt/sdcard/download/387203_2496428683098_1024278583_32210847_1187735892_n.jpg
02-03 22:22:02.100 D/AlarmManager(  257): +++Alarm set:type=0 com.facebook.katana  Trigger after:999ms
02-03 22:22:02.110 D/GTalkService(  383): createConnection(check #2): connection exists, drop newly created connection
02-03 22:22:02.110 D/AlarmManager(  257): +++Alarm set:type=0 com.facebook.katana  Trigger after:9999ms
02-03 22:22:02.210 I/MediaScanner(  519): doScanFile the temppath: /mnt/sdcard/download/390966_10150448324446855_653361854_8441084_1378165890_n.jpg
02-03 22:22:02.230 I/MediaScanner(  519): doScanFile the temppath: /mnt/sdcard/recordings/20111216201543.amr
02-03 22:22:02.230 I/ContactsProvider(  400): updateInTransaction: content://com.android.contacts/status_updates
02-03 22:22:02.230 I/MediaScanner(  519): doScanFile the temppath: /mnt/sdcard/Notifications/hangout_ringtone.m4a
02-03 22:22:02.230 E/PVMediaScanner(  519): processFile /mnt/sdcard/Notifications/hangout_ringtone.m4a mimeType: (null)
02-03 22:22:02.230 E/PVMediaScanner(  519): Start to test wheater the file is drm file = /mnt/sdcard/Notifications/hangout_ringtone.m4a
02-03 22:22:02.230 E/PVMediaScanner(  519): Start pfnDrmAPI_IsProtectedFile is good result =0
02-03 22:22:02.230 E/PVMediaScanner(  519): File is not a drm file.
02-03 22:22:02.230 E/PVMediaScanner(  519): parseMP4::parseMP4 returned
02-03 22:22:02.260 E/PVMediaScanner(  519): mp4 error code is (95).
02-03 22:22:02.260 E/PVMediaScanner(  519): mp4 drm brand is (1295270176).
02-03 22:22:02.260 E/PVMediaScanner(  519): mp4 drm count is (1).
02-03 22:22:02.260 E/PVMediaScanner(  519): mp4 MEDIA_TYPE_AUDIO  hasAudio.
02-03 22:22:02.260 E/PVMediaScanner(  519): mp4 error hasAudio is (1),hasVideo is 0
02-03 22:22:02.260 E/PVMediaScanner(  519): mp4 MEDIA_TYPE_VISUAL  brand = 0
02-03 22:22:02.260 E/PVMediaScanner(  519): mp4 audio/mp4 
02-03 22:22:02.260 E/MediaScanner(  519): mp4 drm  setMimeType mimeType is (audio/mp4).
02-03 22:22:02.260 E/MediaScanner(  519): mp4 drm  setMimeType ret is (1).
02-03 22:22:02.260 E/PVMediaScanner(  519): mp4 result is 1 
02-03 22:22:02.290 D/MusicStore(  760): Database opened
02-03 22:22:02.460 D/PicasaSync(  750): sync account database
02-03 22:22:02.520 D/PowerManagerService(  257): acquireWakeLock flags=0x1 tag=RILJ
02-03 22:22:02.520 I/DATA    (  343): [DCT(0) ] intent received :android.intent.action.SCREEN_OFF
02-03 22:22:02.530 D/PowerManagerService(  257): releaseWakeLock flags=0x1 tag=RILJ
02-03 22:22:02.530 D/PowerManagerService(  257): releaseWakeLock flags=0x1 tag=sleep_broadcast
02-03 22:22:02.570 D/KeyguardUpdateMonitor(  257): received broadcast android.intent.action.TIME_TICK
02-03 22:22:02.570 D/KeyguardUpdateMonitor(  257): handleTimeUpdate
02-03 22:22:02.600 D/PowerManagerService(  257): releaseWakeLock flags=0x1 tag=AlarmManager
02-03 22:22:02.610 I/GTalkService(  383): [GTalkConnection.27] (WORKER THREAD) update account status - done, took 642 ms
02-03 22:22:02.640 D/VoiceDialerReceiver(  782): onReceive Intent { act=android.intent.action.PACKAGE_CHANGED dat=package:com.google.android.apps.googlevoice flg=0x10000000 cmp=com.android.voicedialer/.VoiceDialerReceiver (has extras) }
02-03 22:22:02.671 I/MediaScanner(  519): doScanFile the temppath: /mnt/sdcard/bluetooth/04 10,000 Reasons (Bless the Lord).mp3
02-03 22:22:02.671 D/MediaStoreImportService(  760): Handle action: MediaStoreImportService.import_pending
02-03 22:22:02.681 I/Launcher(  350): setLoadOnResume
02-03 22:22:02.681 I/MediaScanner(  519): doScanFile the temppath: /mnt/sdcard/bluetooth/01 FOSS.mp3
02-03 22:22:02.681 I/MediaScanner(  519): doScanFile the temppath: /mnt/sdcard/bluetooth/02 1000 miles.mp3
02-03 22:22:02.681 I/MediaScanner(  519): doScanFile the temppath: /mnt/sdcard/bluetooth/03 pink rolex.mp3
02-03 22:22:02.691 D/MediaStoreImportService(  760): onDestroy
02-03 22:22:02.691 I/MediaScanner(  519): doScanFile the temppath: /mnt/sdcard/bluetooth/04 melt.mp3
02-03 22:22:02.701 I/MediaScanner(  519): doScanFile the temppath: /mnt/sdcard/bluetooth/05 tonight.mp3
02-03 22:22:02.701 I/MediaScanner(  519): doScanFile the temppath: /mnt/sdcard/bluetooth/06 polyrhythm winter.mp3
02-03 22:22:02.701 I/MediaScanner(  519): doScanFile the temppath: /mnt/sdcard/bluetooth/07 狂.mp3
02-03 22:22:02.701 I/MediaScanner(  519): doScanFile the temppath: /mnt/sdcard/bluetooth/08 eighty six.mp3
02-03 22:22:02.701 I/MediaScanner(  519): doScanFile the temppath: /mnt/sdcard/bluetooth/09 crying.mp3
02-03 22:22:02.711 I/MediaScanner(  519): doScanFile the temppath: /mnt/sdcard/bluetooth/10 mimic.mp3
02-03 22:22:02.711 I/MediaScanner(  519): doScanFile the temppath: /mnt/sdcard/bluetooth/11 1-4.mp3
02-03 22:22:02.711 I/MediaScanner(  519): doScanFile the temppath: /mnt/sdcard/bluetooth/12 GSMD.mp3
02-03 22:22:02.711 I/MediaScanner(  519): doScanFile the temppath: /mnt/sdcard/bluetooth/13 temptation.mp3
02-03 22:22:02.721 I/MediaScanner(  519): doScanFile the temppath: /mnt/sdcard/bluetooth/14 give up - 日本盤 Bonus Track -.mp3
02-03 22:22:02.721 I/MediaScanner(  519): doScanFile the temppath: /mnt/sdcard/bluetooth/15 empty mind - 日本盤 Bonus Track -.mp3
02-03 22:22:02.741 I/MediaScanner(  519): doScanFile the temppath: /mnt/sdcard/media/audio/notifications/facebook_ringtone_pop.m4a
02-03 22:22:02.751 I/MediaScanner(  519): doScanFile the temppath: /mnt/sdcard/Nicholas Seron/Audio Files/Project 3.wav
02-03 22:22:02.751 I/MediaScanner(  519): doScanFile the temppath: /mnt/sdcard/Nicholas Seron/Audio Files/._Project 3.wav
02-03 22:22:02.841 D/PicasaSync(  750): accounts in DB=1
02-03 22:22:02.851 D/PicasaSyncManager(  750): active network: NetworkInfo: type: mobile[CDMA - EvDo rev. A], state: CONNECTED/CONNECTED, reason: radioTechnologyChanged, extra: (none), roaming: false, failover: false, isAvailable: true, isIpv4Connected: true, isIpv6Connected: false, ipv4Name: rmnet0, ipv6Name: null
02-03 22:22:02.861 D/PicasaSyncManager(  750): background data: true
02-03 22:22:02.931 I/MediaScanner(  519): doScanFile the temppath: /mnt/sdcard/JCCC Music Composition/._BlaBlaBlaHuaa.mp3
02-03 22:22:02.931 I/MediaScanner(  519): doScanFile the temppath: /mnt/sdcard/JCCC Music Composition/._Brandon Smith Project II 1.mp3
02-03 22:22:02.931 I/MediaScanner(  519): doScanFile the temppath: /mnt/sdcard/JCCC Music Composition/._Swamps of Light.mp3
02-03 22:22:02.931 I/MediaScanner(  519): doScanFile the temppath: /mnt/sdcard/JCCC Music Composition/BlaBlaBlaHuaa.mp3
02-03 22:22:02.941 I/MediaScanner(  519): doScanFile the temppath: /mnt/sdcard/JCCC Music Composition/Brandon Smith Project II 1.mp3
02-03 22:22:02.941 I/MediaScanner(  519): doScanFile the temppath: /mnt/sdcard/JCCC Music Composition/Swamps of Light.mp3
02-03 22:22:02.941 I/MediaScanner(  519): doScanFile the temppath: /mnt/sdcard/05 If you don't know what to do just -by- C418.mp3
02-03 22:22:02.941 I/MediaScanner(  519): doScanFile the temppath: /mnt/sdcard/01 Too Soon -by- Benjamin Briggs.mp3
02-03 22:22:02.941 I/MediaScanner(  519): doScanFile the temppath: /mnt/sdcard/02 Shine -by- Mint Julep.mp3
02-03 22:22:02.941 D/PicasaSyncManager(  750): reject MetadataSyncTask (decidel@gmail.com) for wifi connection
02-03 22:22:02.951 I/MediaScanner(  519): doScanFile the temppath: /mnt/sdcard/03 Seagulls Screaming Kiss Her, Kiss -by- Dead Child Star.mp3
02-03 22:22:02.951 I/MediaScanner(  519): doScanFile the temppath: /mnt/sdcard/04 A lot of People Cutting Grass on -by- Lullatone.mp3
02-03 22:22:02.951 D/PicasaSyncManager(  750): reject MetadataSyncTask (decidel@gmail.com) for wifi connection
02-03 22:22:02.951 I/MediaScanner(  519): doScanFile the temppath: /mnt/sdcard/06 Miss It So Much -by- Röyksopp.mp3
02-03 22:22:02.951 I/MediaScanner(  519): doScanFile the temppath: /mnt/sdcard/07 Invisible Waves -by- Mint Julep.mp3
02-03 22:22:02.961 I/MediaScanner(  519): doScanFile the temppath: /mnt/sdcard/08 No but Yes -by- C418.mp3
02-03 22:22:02.961 I/MediaScanner(  519): doScanFile the temppath: /mnt/sdcard/09 Ah, It Was in the Garage After Al -by- Lullatone.mp3
02-03 22:22:02.961 I/MediaScanner(  519): doScanFile the temppath: /mnt/sdcard/10 depado -by- C418.mp3
02-03 22:22:02.971 D/MediaScanner(  519):  prescan time: 517ms
02-03 22:22:02.971 D/MediaScanner(  519):     scan time: 3725ms
02-03 22:22:02.971 D/MediaScanner(  519): postscan time: 1ms
02-03 22:22:02.971 D/MediaScanner(  519):    total time: 4243ms
02-03 22:22:02.981 D/Gallery3D(  741): [BootReceiver]: Got intent with action android.intent.action.MEDIA_SCANNER_FINISHED
02-03 22:22:03.011 D/MediaStoreImportService(  760): Scanner finished. Starting media store import
02-03 22:22:03.041 D/PowerManagerService(  257): releaseWakeLock flags=0x1 tag=MediaScannerService
02-03 22:22:03.041 D/MediaScannerService(  519): done scanning volume external
02-03 22:22:03.051 D/PicasaSyncManager(  750): battery info: false
02-03 22:22:03.061 D/MediaStoreImportService(  760): Handle action: MediaStoreImportService.import_pending
02-03 22:22:03.061 D/MediaStoreImportService(  760): Handle action: MediaStoreImportService.import
02-03 22:22:03.101 W/AlarmManager(  257): +++Alarm  wakeup phone ,pkg=com.facebook.katana
02-03 22:22:03.111 D/PowerManagerService(  257): acquireWakeLock flags=0x1 tag=AlarmManager
02-03 22:22:03.111 W/AlarmManager(  257): +++alarm onSendFinished ,action=com.facebook.katana.service.4
02-03 22:22:03.111 D/PowerManagerService(  257): releaseWakeLock flags=0x1 tag=AlarmManager
02-03 22:22:03.151 I/CheckinTask(  383): Sending checkin request (1294 bytes)
02-03 22:22:03.161 D/PowerManagerService(  257): acquireWakeLock flags=0x1 tag=FacebookService
02-03 22:22:03.181 I/MediaScanner(  519): doScanFile the temppath: /mnt/sdcard/Notifications/hangout_ringtone.m4a
02-03 22:22:03.191 E/PVMediaScanner(  519): processFile /mnt/sdcard/Notifications/hangout_ringtone.m4a mimeType: (null)
02-03 22:22:03.191 E/PVMediaScanner(  519): Start to test wheater the file is drm file = /mnt/sdcard/Notifications/hangout_ringtone.m4a
02-03 22:22:03.191 E/PVMediaScanner(  519): Start pfnDrmAPI_IsProtectedFile is good result =0
02-03 22:22:03.191 E/PVMediaScanner(  519): File is not a drm file.
02-03 22:22:03.191 E/PVMediaScanner(  519): parseMP4::parseMP4 returned
02-03 22:22:03.191 E/PVMediaScanner(  519): mp4 error code is (95).
02-03 22:22:03.191 E/PVMediaScanner(  519): mp4 drm brand is (1295270176).
02-03 22:22:03.191 E/PVMediaScanner(  519): mp4 drm count is (1).
02-03 22:22:03.191 E/PVMediaScanner(  519): mp4 MEDIA_TYPE_AUDIO  hasAudio.
02-03 22:22:03.191 E/PVMediaScanner(  519): mp4 error hasAudio is (1),hasVideo is 0
02-03 22:22:03.191 E/PVMediaScanner(  519): mp4 MEDIA_TYPE_VISUAL  brand = 0
02-03 22:22:03.191 E/PVMediaScanner(  519): mp4 audio/mp4 
02-03 22:22:03.191 E/MediaScanner(  519): mp4 drm  setMimeType mimeType is (audio/mp4).
02-03 22:22:03.191 E/MediaScanner(  519): mp4 drm  setMimeType ret is (1).
02-03 22:22:03.191 E/PVMediaScanner(  519): mp4 result is 1 
02-03 22:22:03.371 I/MediaStoreImporter(  760): Update: incremental Added music: 0 Updated music: 0 Deleted music: 0 Created playlists: 0 Updated playlists: 0 Deleted playlists: 0 Inserted playlist items: 0 Deleted playlist items: 0 Removed orphaned playlist items: 0
02-03 22:22:03.381 D/MediaStoreImportService(  760): onDestroy
02-03 22:22:03.391 D/PowerManagerService(  257): acquireWakeLock flags=0x1 tag=ActivityManager-Sleep
02-03 22:22:03.391 I/hubo    (  257): Activity {com.android.launcher/com.android.launcher2.Launcher}
02-03 22:22:03.391 D/Warhol  (  350): A pack appears to be installed -- skipping Installer
02-03 22:22:03.401 D/Launcher.Model(  350): going to save icon bitmap for info=ShortcutInfo(title=Contacts)
02-03 22:22:03.401 D/Launcher(  350): onSaveInstanceState
02-03 22:22:03.401 D/Launcher(  350): Dissmis Preview for view :null ID:2131230735
02-03 22:22:03.401 D/Launcher(  350): Dissmis Preview for view :null ID:2131230736
02-03 22:22:03.401 D/Launcher(  350): Dissmis Preview for view :null ID:2131230739
02-03 22:22:03.401 D/Launcher(  350): Dissmis Preview for view :null ID:2131230741
02-03 22:22:03.401 D/PowerManagerService(  257): releaseWakeLock flags=0x1 tag=ActivityManager-Sleep
02-03 22:22:03.411 D/Launcher.Model(  350): going to save icon bitmap for info=ShortcutInfo(title=Messaging)
02-03 22:22:03.421 D/Launcher.Model(  350): going to save icon bitmap for info=ShortcutInfo(title=Market)
02-03 22:22:03.451 I/Launcher(  350): setLoadOnResume
02-03 22:22:03.461 I/Launcher(  350): setLoadOnResume
02-03 22:22:03.461 I/Launcher(  350): setLoadOnResume
02-03 22:22:03.481 I/Launcher(  350): setLoadOnResume
02-03 22:22:04.943 I/CheckinTask(  383): From server: 157 gservices
02-03 22:22:05.093 I/GservicesProvider(  383): main update completed
02-03 22:22:05.283 I/ActivityThread(  857): Pub com.google.android.voicesearch: com.google.android.voicesearch.AudioProvider
02-03 22:22:05.383 E/AudioFlinger(  115): processConfigEvents() remaining events 1
02-03 22:22:05.383 D/MediaPlayer(  857): setDataSource(39, 1247664, 4560)
02-03 22:22:05.383 D/MediaPlayerService(  115): Create new client(2) from pid 857, fd=24, offset=1247664, length=4560, audioSessionId=5
02-03 22:22:05.383 E/MediaPlayerService(  115): ident is:1179011410, buf is:RIFF
02-03 22:22:05.413 D/MediaPlayerService(  115): get Default Player Type from fd: 24, offset: 1247664, length: 4560
02-03 22:22:05.413 D/PowerManagerService(  257): acquireWakeLock flags=0x1 tag=Checkin Handoff
02-03 22:22:05.423 D/PowerManagerService(  257): releaseWakeLock flags=0x1 tag=Checkin Handoff
02-03 22:22:05.433 D/AlarmManager(  257): +++Alarm set:type=0 com.google.android.gsf  Trigger after:1784106ms
02-03 22:22:05.453 D/PowerManagerService(  257): acquireWakeLock flags=0x1 tag=ActivityManager-Sleep
02-03 22:22:05.453 D/Warhol  (  350): A pack appears to be installed -- skipping Installer
02-03 22:22:05.463 I/hubo    (  257): Activity {com.android.launcher/com.android.launcher2.Launcher}
02-03 22:22:05.473 D/Launcher(  350): onSaveInstanceState
02-03 22:22:05.473 D/Launcher(  350): Dissmis Preview for view :null ID:2131230735
02-03 22:22:05.473 D/Launcher(  350): Dissmis Preview for view :null ID:2131230736
02-03 22:22:05.473 D/Launcher(  350): Dissmis Preview for view :null ID:2131230739
02-03 22:22:05.473 D/Launcher(  350): Dissmis Preview for view :null ID:2131230741
02-03 22:22:05.473 D/PowerManagerService(  257): releaseWakeLock flags=0x1 tag=ActivityManager-Sleep
02-03 22:22:05.523 I/hubo    (  257): Activity {com.google.android.gsf/com.google.android.gsf.update.SystemUpdateInstallDialog}
02-03 22:22:05.523 D/PowerManagerService(  257): acquireWakeLock flags=0x1 tag=ActivityManager-Sleep
02-03 22:22:05.553 D/PowerManagerService(  257): releaseWakeLock flags=0x1 tag=ActivityManager-Sleep
02-03 22:22:05.623 D/Launcher.Model(  350): going to save icon bitmap for info=ShortcutInfo(title=Contacts)
02-03 22:22:05.643 D/Launcher.Model(  350): going to save icon bitmap for info=ShortcutInfo(title=Messaging)
02-03 22:22:05.653 D/Launcher.Model(  350): going to save icon bitmap for info=ShortcutInfo(title=Market)
02-03 22:22:05.663 I/Launcher(  350): setLoadOnResume
02-03 22:22:05.683 I/Launcher(  350): setLoadOnResume
02-03 22:22:05.683 I/Launcher(  350): setLoadOnResume
02-03 22:22:05.693 I/Launcher(  350): setLoadOnResume
02-03 22:22:05.744 E/MediaPlayerService(  115):  create StagefrightPlayer
02-03 22:22:05.794 I/CheckinTask(  383): Checkin success: https://android.clients.google.com/checkin (1 requests sent)
02-03 22:22:05.794 I/CheckinService(  383): From server: Intent { act=android.server.checkin.FOTA_CANCEL }
02-03 22:22:05.814 E/        (  115): OmaSource(int fd, int64_t offset, int64_t length) failed
02-03 22:22:05.834 D/MediaPlayer(  857): setDataSource(39, 1224184, 7002)
02-03 22:22:05.834 D/MediaPlayerService(  115): Create new client(3) from pid 857, fd=24, offset=1224184, length=7002, audioSessionId=6
02-03 22:22:05.834 E/MediaPlayerService(  115): ident is:1179011410, buf is:RIFFR
02-03 22:22:05.834 D/MediaPlayerService(  115): get Default Player Type from fd: 24, offset: 1224184, length: 7002
02-03 22:22:05.834 E/MediaPlayerService(  115):  create StagefrightPlayer
02-03 22:22:05.844 D/AlarmManager(  257): +++Alarm set:type=0 com.google.android.gsf  Trigger after:580454951ms
02-03 22:22:05.854 E/        (  115): OmaSource(int fd, int64_t offset, int64_t length) failed
02-03 22:22:05.864 D/AlarmManager(  257): +++Alarm set:type=0 com.google.android.gsf  Trigger after:580454929ms
02-03 22:22:05.864 D/PowerManagerService(  257): releaseWakeLock flags=0x1 tag=Checkin Service
02-03 22:22:05.874 D/MediaPlayer(  857): setDataSource(39, 1214376, 9758)
02-03 22:22:05.874 D/MediaPlayerService(  115): Create new client(4) from pid 857, fd=24, offset=1214376, length=9758, audioSessionId=7
02-03 22:22:05.874 E/MediaPlayerService(  115): ident is:1179011410, buf is:RIFF&
02-03 22:22:05.874 D/MediaPlayerService(  115): get Default Player Type from fd: 24, offset: 1214376, length: 9758
02-03 22:22:05.874 E/MediaPlayerService(  115):  create StagefrightPlayer
02-03 22:22:05.874 E/        (  115): OmaSource(int fd, int64_t offset, int64_t length) failed
02-03 22:22:05.884 D/MediaPlayer(  857): setDataSource(39, 1235284, 4198)
02-03 22:22:05.884 D/MediaPlayerService(  115): Create new client(5) from pid 857, fd=24, offset=1235284, length=4198, audioSessionId=8
02-03 22:22:05.884 E/MediaPlayerService(  115): ident is:1179011410, buf is:RIFF^
02-03 22:22:05.884 D/MediaPlayerService(  115): get Default Player Type from fd: 24, offset: 1235284, length: 4198
02-03 22:22:05.894 E/MediaPlayerService(  115):  create StagefrightPlayer
02-03 22:22:05.894 E/        (  115): OmaSource(int fd, int64_t offset, int64_t length) failed
02-03 22:22:05.894 D/MediaPlayer(  857): setDataSource(39, 1239532, 8076)
02-03 22:22:05.894 D/MediaPlayerService(  115): Create new client(6) from pid 857, fd=24, offset=1239532, length=8076, audioSessionId=9
02-03 22:22:05.894 E/MediaPlayerService(  115): ident is:1179011410, buf is:RIFF
02-03 22:22:05.894 D/MediaPlayerService(  115): get Default Player Type from fd: 24, offset: 1239532, length: 8076
02-03 22:22:05.904 E/MediaPlayerService(  115):  create StagefrightPlayer
02-03 22:22:05.904 E/        (  115): OmaSource(int fd, int64_t offset, int64_t length) failed
02-03 22:22:05.904 D/MediaPlayer(  857): setDataSource(39, 1208944, 5380)
02-03 22:22:05.904 D/MediaPlayerService(  115): Create new client(7) from pid 857, fd=24, offset=1208944, length=5380, audioSessionId=10
02-03 22:22:05.904 E/MediaPlayerService(  115): ident is:1179011410, buf is:RIFF
02-03 22:22:05.904 D/MediaPlayerService(  115): get Default Player Type from fd: 24, offset: 1208944, length: 5380
02-03 22:22:05.904 E/MediaPlayerService(  115):  create StagefrightPlayer
02-03 22:22:05.904 E/        (  115): OmaSource(int fd, int64_t offset, int64_t length) failed
02-03 22:22:06.755 D/PowerManagerService(  257): acquireWakeLock flags=0x1 tag=AlarmManager
02-03 22:22:06.755 D/PowerManagerService(  257): releaseWakeLock flags=0x1 tag=AlarmManager
02-03 22:22:06.785 I/SprintUpdater(  553): Scheduling retry in 141 min
02-03 22:22:06.785 D/AlarmManager(  257): +++Alarm set:type=0 com.sprint.ce.updater  Trigger after:8481798ms
02-03 22:22:06.805 D/PowerManagerService(  257): acquireWakeLock flags=0x1 tag=ActivityManager-Sleep
02-03 22:22:06.805 D/Warhol  (  350): A pack appears to be installed -- skipping Installer
02-03 22:22:06.805 I/hubo    (  257): Activity {com.android.launcher/com.android.launcher2.Launcher}
02-03 22:22:06.815 D/Launcher.Model(  350): going to save icon bitmap for info=ShortcutInfo(title=Contacts)
02-03 22:22:06.825 D/Launcher.Model(  350): going to save icon bitmap for info=ShortcutInfo(title=Messaging)
02-03 22:22:06.825 D/Launcher.Model(  350): going to save icon bitmap for info=ShortcutInfo(title=Market)
02-03 22:22:06.835 D/Launcher(  350): onSaveInstanceState
02-03 22:22:06.835 D/Launcher(  350): Dissmis Preview for view :null ID:2131230735
02-03 22:22:06.835 D/Launcher(  350): Dissmis Preview for view :null ID:2131230736
02-03 22:22:06.835 D/Launcher(  350): Dissmis Preview for view :null ID:2131230739
02-03 22:22:06.835 D/Launcher(  350): Dissmis Preview for view :null ID:2131230741
02-03 22:22:06.835 D/PowerManagerService(  257): releaseWakeLock flags=0x1 tag=ActivityManager-Sleep
02-03 22:22:06.845 I/Launcher(  350): setLoadOnResume
02-03 22:22:06.855 I/Launcher(  350): setLoadOnResume
02-03 22:22:06.865 I/Launcher(  350): setLoadOnResume
02-03 22:22:06.865 I/Launcher(  350): setLoadOnResume
02-03 22:22:07.295 D/PowerManagerService(  257): acquireWakeLock flags=0x1 tag=RILJ
02-03 22:22:07.295 D/CallNotifier(  343): onMwiChanged(): true
02-03 22:22:07.295 D/NotificationMgr(  343): updateMwi(): true
02-03 22:22:07.295 D/NotificationMgr(  343): - got vm number: '9132005928' on Subscription: 0
02-03 22:22:07.295 D/PowerManagerService(  257): releaseWakeLock flags=0x1 tag=RILJ
02-03 22:22:07.305 D/NotificationMgr(  343): shouldVibrate = false
02-03 22:22:07.305 D/NotificationMgr(  343): isVoiceMailBlink
02-03 22:22:07.305 D/PowerManagerService(  257): acquireWakeLock flags=0x1 tag=NotificationService
02-03 22:22:07.325 E/wlg     (  257): MediaPlayer.IsSdpFile  path = /system/notification_sound
02-03 22:22:07.325 E/wlg     (  257): MediaPlayer.IsSdpFile  path = /system/notification_sound
02-03 22:22:07.325 D/MediaPlayer(  257): DRM scheme =content
02-03 22:22:07.325 D/MediaPlayer(  257): DRM uri.toString() =content://settings/system/notification_sound
02-03 22:22:07.325 I/RingtoneManager(  257): getActualDefaultRingtoneUri().setting=notification_sound uriString=content://media/internal/audio/media/17
02-03 22:22:07.325 I/RingtoneManager(  257): TYPE_NOTIFICATION getActualDefaultRingtoneUri().volume = internal
02-03 22:22:07.325 D/DrmContent(  257): Uri=content://media/internal/audio/media/17
02-03 22:22:07.345 D/DrmContent(  257): ret=983062
02-03 22:22:07.355 D/MediaPlayer(  257): setDataSource(225, 0, 576460752303423487)
02-03 22:22:07.355 D/MediaPlayerService(  115): Create new client(8) from pid 257, fd=24, offset=0, length=576460752303423487, audioSessionId=11
02-03 22:22:07.355 E/MediaPlayerService(  115): ident is:1399285583, buf is:OggS
02-03 22:22:07.355 E/MediaPlayerService(  115):  create VorbisPlayer
02-03 22:22:07.365 I/AudioService(  257):  AudioFocus  requestAudioFocus() from android.media.AudioManager@40688158
02-03 22:22:07.365 E/wlg     (  257): MediaPlayer.start()  mIsStream = false
02-03 22:22:07.365 D/MediaPlayer(  257): start state 8
02-03 22:22:07.365 D/PowerManagerService(  257): releaseWakeLock flags=0x1 tag=NotificationService
02-03 22:22:07.365 D/AudioTrack(  115): Request AudioFlinger to create track
02-03 22:22:07.365 D/AudioFlinger(  115): createTrack() lSessionId: 11
02-03 22:22:07.365 D/AudioFlinger(  115): Track constructor name 4098, calling thread 115
02-03 22:22:07.365 D/AudioTrack(  115): start 0x5c8e8
02-03 22:22:07.365 D/AudioFlinger(  115): start(4098), calling thread 115 session 11
02-03 22:22:07.375 D/AudioHardwareMSM7X30(  115): value of device and enable is 2 1 ALSA dev id:3
02-03 22:22:07.385 D/KeyguardViewMediator(  257): setHidden false
02-03 22:22:07.385 D/KeyguardViewMediator(  257): setHidden false
02-03 22:22:07.445 D/AudioHardwareMSM7X30(  115): msm_route_stream(PCM_PLAY,5,3,1)
02-03 22:22:07.555 W/AlarmManager(  257): +++Alarm  wakeup phone ,pkg=com.locationlabs.v3client
02-03 22:22:07.555 D/PowerManagerService(  257): acquireWakeLock flags=0x1 tag=AlarmManager
02-03 22:22:07.715 I/V3Client(  876): com.locationlabs.v3client onCreate() version: 301/3.0.1 3.0.1:2011.11.12-08.08(r159470) prod sparkle build@l64build1
02-03 22:22:07.846 I/V3Client(  876): AccountService.onStartup
02-03 22:22:07.856 I/V3Client(  876): Re-registering for push services. email:v3client@location-labs.com
02-03 22:22:07.896 D/PowerManagerService(  257): acquireWakeLock flags=0x1 tag=GTALK_AUTH_TOKEN
02-03 22:22:07.896 D/PowerManagerService(  257): releaseWakeLock flags=0x1 tag=GTALK_AUTH_TOKEN
02-03 22:22:07.906 D/PowerManagerService(  257): acquireWakeLock flags=0x1 tag=GOOGLE_C2DM
02-03 22:22:07.996 I/V3Client(  876): stopping scheduling feed now
02-03 22:22:08.016 W/AlarmManager(  257): +++alarm onSendFinished ,action=com.locationlabs.action.DO_STARTUP
02-03 22:22:08.016 D/PowerManagerService(  257): releaseWakeLock flags=0x1 tag=AlarmManager
02-03 22:22:08.076 I/V3Client(  876): FeatureService initial state thread
02-03 22:22:08.096 I/V3Client(  876): FeatureService NOT_STICKY
02-03 22:22:08.176 D/AlarmManager(  257): +++Alarm set:type=2 com.locationlabs.v3client  Trigger after:523077770ms
02-03 22:22:08.176 I/V3Client(  876): next heartbeat scheduled for Thu Feb 09 23:40:05 CST 2012
02-03 22:22:08.386 I/V3Client(  876): HTTP req: POST https://sparkle.locationlabs.com/client/v3/notifications
02-03 22:22:08.937 I/V3Client(  876): Handling push registration
02-03 22:22:08.937 I/V3Client(  876): setting push registration id
02-03 22:22:08.947 D/PowerManagerService(  257): releaseWakeLock flags=0x1 tag=GOOGLE_C2DM
02-03 22:22:08.967 I/V3Client(  876): sending push id to server
02-03 22:22:09.177 D/AudioTrack(  115): stop 0x5c8e8
02-03 22:22:09.177 D/AudioFlinger(  115): stop(4098), calling thread 115
02-03 22:22:09.177 I/AudioService(  257):  AudioFocus  abandonAudioFocus() from android.media.AudioManager@40688158
02-03 22:22:10.118 I/V3Client(  876): HTTP resp: 200 OK
02-03 22:22:10.208 D/AlarmManager(  257): +++Alarm set:type=2 com.locationlabs.v3client  Trigger after:523075711ms
02-03 22:22:10.218 I/V3Client(  876): next heartbeat scheduled for Thu Feb 09 23:40:05 CST 2012
02-03 22:22:10.238 I/V3Client(  876): HTTP req: POST https://sparkle.locationlabs.com/client/v3/notifications
02-03 22:22:10.278 D/AlarmManager(  257): +++Alarm set:type=0 com.facebook.katana  Trigger after:1000ms
02-03 22:22:10.278 D/PowerManagerService(  257): releaseWakeLock flags=0x1 tag=FacebookService
02-03 22:22:10.278 D/PowerManagerService(  257):  ALL PARTIAL wakeLock Released ! 
02-03 22:22:11.279 W/AlarmManager(  257): +++Alarm  wakeup phone ,pkg=com.facebook.katana
02-03 22:22:11.329 D/PowerManagerService(  257): acquireWakeLock flags=0x1 tag=AlarmManager
02-03 22:22:11.329 W/AlarmManager(  257): +++alarm onSendFinished ,action=com.facebook.katana.service.10
02-03 22:22:11.329 D/PowerManagerService(  257): releaseWakeLock flags=0x1 tag=AlarmManager
02-03 22:22:11.329 D/PowerManagerService(  257):  ALL PARTIAL wakeLock Released ! 
02-03 22:22:11.609 I/V3Client(  876): HTTP resp: 200 OK
02-03 22:22:11.719 I/V3Client(  876): HTTP req: POST https://sparkle.locationlabs.com/client/v2/push
02-03 22:22:12.110 W/AlarmManager(  257): +++Alarm  wakeup phone ,pkg=com.facebook.katana
02-03 22:22:12.160 D/PowerManagerService(  257): acquireWakeLock flags=0x1 tag=FacebookService
02-03 22:22:12.170 D/PowerManagerService(  257): acquireWakeLock flags=0x1 tag=AlarmManager
02-03 22:22:12.170 W/AlarmManager(  257): +++alarm onSendFinished ,action=com.facebook.katana.service.6
02-03 22:22:12.170 D/PowerManagerService(  257): releaseWakeLock flags=0x1 tag=AlarmManager
02-03 22:22:12.300 D/AudioHardwareMSM7X30(  115): AudioStreamOutMSM72xx::standby()
02-03 22:22:12.300 D/AudioHardwareMSM7X30(  115): Deroute pcm out stream
02-03 22:22:12.300 D/AudioHardwareMSM7X30(  115): updateDeviceInfo: E rx_device 2 and tx_device 3
02-03 22:22:12.300 D/AudioHardwareMSM7X30(  115): No active voicecall/playback, disabling cur_rx 2
02-03 22:22:12.300 D/AudioHardwareMSM7X30(  115): value of device and enable is 2 0 ALSA dev id:3
02-03 22:22:12.300 D/AudioHardwareMSM7X30(  115): No active voicecall/recording, disabling cur_tx 3
02-03 22:22:12.300 D/AudioHardwareMSM7X30(  115): value of device and enable is 3 0 ALSA dev id:10
02-03 22:22:12.300 E/AudioHardwareMSM7X30(  115): There is no node in the routing table!
02-03 22:22:12.300 D/AudioHardwareMSM7X30(  115): updateDeviceInfo: X cur_rx 2 cur_tx 3
02-03 22:22:12.880 I/V3Client(  876): HTTP resp: 200 OK
02-03 22:22:13.861 D/AlarmManager(  257): +++Alarm set:type=0 com.facebook.katana  Trigger after:3599997ms
02-03 22:22:13.861 D/PowerManagerService(  257): releaseWakeLock flags=0x1 tag=FacebookService
02-03 22:22:13.861 D/PowerManagerService(  257):  ALL PARTIAL wakeLock Released ! 
02-03 22:22:14.512 I/dun_service(  123): The value returned from dun_getusbmodemstate_fromsys is 2 
02-03 22:22:14.512 I/dun_service(  123): The value returned from dun_getusbmodemstate_fromsys is 2 
02-03 22:22:30.580 W/AlarmManager(  257): +++Alarm  wakeup phone ,pkg=com.google.android.gsf
02-03 22:22:30.580 D/PowerManagerService(  257): acquireWakeLock flags=0x1 tag=AlarmManager
02-03 22:22:30.580 D/PowerManagerService(  257): acquireWakeLock flags=0x1 tag=GTALK_CONN
02-03 22:22:30.590 I/GTalkService(  383): [GTalkConnection.1] setInternalNetworkState: type=0, state=CONNECTED
02-03 22:22:30.590 D/GTalkService/c(  383): [GTalkConnection.1] connect: acquire wakelock, async connect...
02-03 22:22:30.590 D/PowerManagerService(  257): acquireWakeLock flags=0x1 tag=GTALK_ASYNC_CONN
02-03 22:22:30.590 I/GTalkService(  383): [GTalkConnection.1] acquireAsyncWakeLock: WakeLock{405b4410 held=true, refCount=0}
02-03 22:22:30.590 D/PowerManagerService(  257): releaseWakeLock flags=0x1 tag=GTALK_CONN
02-03 22:22:30.590 W/AlarmManager(  257): +++alarm onSendFinished ,action=com.google.android.intent.action.GTALK_RECONNECT
02-03 22:22:30.590 D/PowerManagerService(  257): releaseWakeLock flags=0x1 tag=AlarmManager
02-03 22:22:30.590 I/GTalkService(  383): [GTalkConnection.27] (WORKER THREAD) update account status
02-03 22:22:30.740 I/ContactsProvider(  400): updateInTransaction: content://com.android.contacts/status_updates
02-03 22:22:30.810 I/GTalkService(  383): [GTalkConnection.27] (WORKER THREAD) update account status - done, took 220 ms
02-03 22:22:30.810 I/GTalkService(  383): doConnect: start...
02-03 22:22:32.121 D/PowerManagerService(  257): acquireWakeLock flags=0x1 tag=GTALK_CONN
02-03 22:22:32.131 D/PowerManagerService(  257): releaseWakeLock flags=0x1 tag=GTALK_CONN
02-03 22:22:32.222 D/PowerManagerService(  257): acquireWakeLock flags=0x1 tag=GTALK_CONN
02-03 22:22:32.222 D/PowerManagerService(  257): releaseWakeLock flags=0x1 tag=GTALK_CONN
02-03 22:22:32.702 D/PowerManagerService(  257): acquireWakeLock flags=0x1 tag=GTALK_CONN
02-03 22:22:32.712 D/PowerManagerService(  257): releaseWakeLock flags=0x1 tag=GTALK_CONN
02-03 22:22:32.722 I/GTalkService(  383): connectionEstablished
02-03 22:22:32.732 D/PowerManagerService(  257): acquireWakeLock flags=0x1 tag=GTALK_CONN
02-03 22:22:32.762 D/AlarmManager(  257): +++Alarm set:type=2 com.google.android.gsf  Trigger after:1679999ms
02-03 22:22:32.762 I/GTalkService(  383): [GTalkConnection.27] connectionEstablished: release wakelock
02-03 22:22:32.762 D/PowerManagerService(  257): releaseWakeLock flags=0x1 tag=GTALK_ASYNC_CONN
02-03 22:22:32.762 I/GTalkService(  383): [GTalkConnection.27] releaseAsyncWakeLock: clear timer: WakeLock{405b4410 held=false, refCount=0}
02-03 22:22:32.762 I/GTalkService(  383): [GTalkConnection.27] (WORKER THREAD) update account status
02-03 22:22:32.822 D/PowerManagerService(  257): acquireWakeLock flags=0x1 tag=GOOGLE_C2DM
02-03 22:22:32.842 D/PowerManagerService(  257): releaseWakeLock flags=0x1 tag=GTALK_CONN
02-03 22:22:32.852 D/PowerManagerService(  257): releaseWakeLock flags=0x1 tag=GOOGLE_C2DM
02-03 22:22:32.852 D/PowerManagerService(  257):  ALL PARTIAL wakeLock Released ! 
02-03 22:22:32.862 D/AlarmManager(  257): +++Alarm set:type=2 android  Trigger after:-12ms
02-03 22:22:32.872 W/AlarmManager(  257): +++Alarm  wakeup phone ,pkg=android
02-03 22:22:32.872 D/PowerManagerService(  257): acquireWakeLock flags=0x1 tag=AlarmManager
02-03 22:22:32.872 D/PowerManagerService(  257): acquireWakeLock flags=0x1 tag=SyncManagerHandleSyncAlarm
02-03 22:22:32.872 W/AlarmManager(  257): +++alarm onSendFinished ,action=android.content.syncmanager.SYNC_ALARM
02-03 22:22:32.872 D/PowerManagerService(  257): releaseWakeLock flags=0x1 tag=AlarmManager
02-03 22:22:32.882 I/ContactsProvider(  400): updateInTransaction: content://com.android.contacts/status_updates
02-03 22:22:34.113 D/PowerManagerService(  257): acquireWakeLock flags=0x1 tag=*sync*
02-03 22:22:34.173 D/PowerManagerService(  257): releaseWakeLock flags=0x1 tag=SyncManagerHandleSyncAlarm
02-03 22:22:34.173 D/AlarmManager(  257): +++Alarm set:type=2 android  Trigger after:29999ms
02-03 22:22:34.844 I/GTalkService(  383): [GTalkConnection.27] (WORKER THREAD) update account status - done, took 2080 ms
02-03 22:22:34.874 I/ContactsProvider(  400): query: content://com.android.contacts/settings?account_name=decidel%40gmail.com&account_type=com.google&caller_is_syncadapter=true
02-03 22:22:34.874 E/ContactsProvider(  400): 101123 isCallerRegisterNeedSIMProc callerPid:383, acorePid:400
02-03 22:22:34.874 I/ContactsProvider(  400): query isCallerRegistered= false
02-03 22:22:34.874 I/ContactsProvider(  400): query forOnlyOneContactString= 0
02-03 22:22:34.884 I/ContactsProvider(  400): query: content://com.android.contacts/syncstate
02-03 22:22:34.884 E/ContactsProvider(  400): 101123 isCallerRegisterNeedSIMProc callerPid:383, acorePid:400
02-03 22:22:34.894 I/ContactsProvider(  400): query isCallerRegistered= false
02-03 22:22:34.894 I/ContactsProvider(  400): query forOnlyOneContactString= 0
02-03 22:22:34.904 I/ContactsProvider(  400): query: content://com.android.contacts/groups?account_name=decidel%40gmail.com&account_type=com.google&caller_is_syncadapter=true
02-03 22:22:34.904 E/ContactsProvider(  400): 101123 isCallerRegisterNeedSIMProc callerPid:383, acorePid:400
02-03 22:22:34.914 I/ContactsProvider(  400): query isCallerRegistered= false
02-03 22:22:34.914 I/ContactsProvider(  400): query forOnlyOneContactString= 0
02-03 22:22:35.064 D/PowerManagerService(  257): acquireWakeLock flags=0x1 tag=ActivityManager-Sleep
02-03 22:22:35.064 I/hubo    (  257): Activity {com.android.launcher/com.android.launcher2.Launcher}
02-03 22:22:35.074 D/Warhol  (  350): A pack appears to be installed -- skipping Installer
02-03 22:22:35.084 D/Launcher.Model(  350): going to save icon bitmap for info=ShortcutInfo(title=Contacts)
02-03 22:22:35.094 D/Launcher(  350): onSaveInstanceState
02-03 22:22:35.094 D/Launcher(  350): Dissmis Preview for view :null ID:2131230735
02-03 22:22:35.094 D/Launcher.Model(  350): going to save icon bitmap for info=ShortcutInfo(title=Messaging)
02-03 22:22:35.094 D/Launcher(  350): Dissmis Preview for view :null ID:2131230736
02-03 22:22:35.094 D/Launcher(  350): Dissmis Preview for view :null ID:2131230739
02-03 22:22:35.094 D/Launcher(  350): Dissmis Preview for view :null ID:2131230741
02-03 22:22:35.104 D/PowerManagerService(  257): releaseWakeLock flags=0x1 tag=ActivityManager-Sleep
02-03 22:22:35.104 D/Launcher.Model(  350): going to save icon bitmap for info=ShortcutInfo(title=Market)
02-03 22:22:35.114 I/Launcher(  350): setLoadOnResume
02-03 22:22:35.124 I/Launcher(  350): setLoadOnResume
02-03 22:22:35.134 I/Launcher(  350): setLoadOnResume
02-03 22:22:35.134 I/Launcher(  350): setLoadOnResume
02-03 22:22:37.697 I/ContactsProvider(  400): query: content://com.android.contacts/raw_contact_entities?account_name=decidel%40gmail.com&account_type=com.google&caller_is_syncadapter=true
02-03 22:22:37.697 E/ContactsProvider(  400): 101123 isCallerRegisterNeedSIMProc callerPid:383, acorePid:400
02-03 22:22:37.707 I/ContactsProvider(  400): query isCallerRegistered= false
02-03 22:22:37.707 I/ContactsProvider(  400): query forOnlyOneContactString= 0
02-03 22:22:37.707 D/ContactsProvider(  400):  query CONTACTS MODE_ID=PHONE_UNLOCK
02-03 22:22:37.767 I/ContactsProvider(  400): query: content://com.android.contacts/raw_contacts/260?account_name=decidel%40gmail.com&account_type=com.google&caller_is_syncadapter=true
02-03 22:22:37.767 E/ContactsProvider(  400): 101123 isCallerRegisterNeedSIMProc callerPid:383, acorePid:400
02-03 22:22:37.777 I/ContactsProvider(  400): query isCallerRegistered= false
02-03 22:22:37.777 I/ContactsProvider(  400): query forOnlyOneContactString= 0
02-03 22:22:37.807 I/ContactsProvider(  400): updateInTransaction: content://com.android.contacts/raw_contacts?account_name=decidel%40gmail.com&account_type=com.google&caller_is_syncadapter=true
02-03 22:22:37.817 E/ContactsProvider(  400): 20101020 isReadOnlyRawContact, rawContactId:260
02-03 22:22:37.827 E/ContactsProvider(  400): ContactsProvider2 isContactLocked:0
02-03 22:22:37.837 I/ContactsProvider(  400): updateInTransaction: content://com.android.contacts/data?account_name=decidel%40gmail.com&account_type=com.google&caller_is_syncadapter=true
02-03 22:22:37.837 E/ContactsProvider(  400): 20101020 isDataReadOnly, selection:_id=1687
02-03 22:22:37.837 I/ContactsProvider(  400): query: content://com.android.contacts/data?account_name=decidel%40gmail.com&account_type=com.google&caller_is_syncadapter=true
02-03 22:22:37.837 E/ContactsProvider(  400): 101123 isCallerRegisterNeedSIMProc callerPid:383, acorePid:400
02-03 22:22:37.837 I/ContactsProvider(  400): query isCallerRegistered= false
02-03 22:22:37.837 I/ContactsProvider(  400): query forOnlyOneContactString= 0
02-03 22:22:37.837 D/ContactsProvider(  400):  query CONTACTS MODE_ID=PHONE_UNLOCK
02-03 22:22:37.847 E/ContactsProvider(  400): isDataReadOnly  02, rawContactId = 260
02-03 22:22:37.847 E/ContactsProvider(  400): 20101020 isReadOnlyRawContact, rawContactId:260
02-03 22:22:37.847 E/ContactsProvider(  400): ContactsProvider2 isContactLocked:0
02-03 22:22:37.847 I/ContactsProvider(  400): query: content://com.android.contacts/data?account_name=decidel%40gmail.com&account_type=com.google&caller_is_syncadapter=true
02-03 22:22:37.847 E/ContactsProvider(  400): 101123 isCallerRegisterNeedSIMProc callerPid:383, acorePid:400
02-03 22:22:37.857 I/ContactsProvider(  400): query isCallerRegistered= false
02-03 22:22:37.857 I/ContactsProvider(  400): query forOnlyOneContactString= 0
02-03 22:22:37.857 D/ContactsProvider(  400):  query CONTACTS MODE_ID=PHONE_UNLOCK
02-03 22:22:37.857 I/ContactsProvider(  400): DataRowHandler  update:  260
02-03 22:22:37.877 I/ContactsProvider(  400): updateInTransaction: content://com.android.contacts/data/1692?account_name=decidel%40gmail.com&account_type=com.google&caller_is_syncadapter=true
02-03 22:22:37.877 E/ContactsProvider(  400): 20101020 isDataReadOnly, dataId:1692
02-03 22:22:37.877 E/ContactsProvider(  400): 20101020 isReadOnlyRawContact, rawContactId:260
02-03 22:22:37.877 E/ContactsProvider(  400): ContactsProvider2 isContactLocked:0
02-03 22:22:37.877 I/ContactsProvider(  400): query: content://com.android.contacts/data/1692?account_name=decidel%40gmail.com&account_type=com.google&caller_is_syncadapter=true
02-03 22:22:37.877 E/ContactsProvider(  400): 101123 isCallerRegisterNeedSIMProc callerPid:383, acorePid:400
02-03 22:22:37.887 I/ContactsProvider(  400): query isCallerRegistered= false
02-03 22:22:37.887 I/ContactsProvider(  400): query forOnlyOneContactString= 0
02-03 22:22:37.897 I/ContactsProvider(  400): updateInTransaction: content://com.android.contacts/data/1696?account_name=decidel%40gmail.com&account_type=com.google&caller_is_syncadapter=true
02-03 22:22:37.897 E/ContactsProvider(  400): 20101020 isDataReadOnly, dataId:1696
02-03 22:22:37.897 I/ContactsProvider(  400): query: content://com.android.contacts/data/1696?account_name=decidel%40gmail.com&account_type=com.google&caller_is_syncadapter=true
02-03 22:22:37.897 E/ContactsProvider(  400): 101123 isCallerRegisterNeedSIMProc callerPid:383, acorePid:400
02-03 22:22:37.907 I/ContactsProvider(  400): query isCallerRegistered= false
02-03 22:22:37.907 I/ContactsProvider(  400): query forOnlyOneContactString= 0
02-03 22:22:37.907 I/ContactsProvider(  400): DataRowHandler  update:  260
02-03 22:22:37.907 I/ContactsProvider(  400): updateInTransaction: content://com.android.contacts/data/1694?account_name=decidel%40gmail.com&account_type=com.google&caller_is_syncadapter=true
02-03 22:22:37.907 E/ContactsProvider(  400): 20101020 isDataReadOnly, dataId:1694
02-03 22:22:37.917 E/ContactsProvider(  400): 20101020 isReadOnlyRawContact, rawContactId:260
02-03 22:22:37.917 E/ContactsProvider(  400): ContactsProvider2 isContactLocked:0
02-03 22:22:37.917 I/ContactsProvider(  400): query: content://com.android.contacts/data/1694?account_name=decidel%40gmail.com&account_type=com.google&caller_is_syncadapter=true
02-03 22:22:37.917 E/ContactsProvider(  400): 101123 isCallerRegisterNeedSIMProc callerPid:383, acorePid:400
02-03 22:22:37.927 I/ContactsProvider(  400): query isCallerRegistered= false
02-03 22:22:37.927 I/ContactsProvider(  400): query forOnlyOneContactString= 0
02-03 22:22:37.927 I/ContactsProvider(  400): updateInTransaction: content://com.android.contacts/data/1695?account_name=decidel%40gmail.com&account_type=com.google&caller_is_syncadapter=true
02-03 22:22:37.927 E/ContactsProvider(  400): 20101020 isDataReadOnly, dataId:1695
02-03 22:22:37.937 E/ContactsProvider(  400): 20101020 isReadOnlyRawContact, rawContactId:260
02-03 22:22:37.937 E/ContactsProvider(  400): ContactsProvider2 isContactLocked:0
02-03 22:22:37.937 I/ContactsProvider(  400): query: content://com.android.contacts/data/1695?account_name=decidel%40gmail.com&account_type=com.google&caller_is_syncadapter=true
02-03 22:22:37.937 E/ContactsProvider(  400): 101123 isCallerRegisterNeedSIMProc callerPid:383, acorePid:400
02-03 22:22:37.937 I/ContactsProvider(  400): query isCallerRegistered= false
02-03 22:22:37.937 I/ContactsProvider(  400): query forOnlyOneContactString= 0
02-03 22:22:37.947 I/ContactsProvider(  400): updateInTransaction: content://com.android.contacts/data/1693?account_name=decidel%40gmail.com&account_type=com.google&caller_is_syncadapter=true
02-03 22:22:37.947 E/ContactsProvider(  400): 20101020 isDataReadOnly, dataId:1693
02-03 22:22:37.947 E/ContactsProvider(  400): 20101020 isReadOnlyRawContact, rawContactId:260
02-03 22:22:37.947 E/ContactsProvider(  400): ContactsProvider2 isContactLocked:0
02-03 22:22:37.947 I/ContactsProvider(  400): query: content://com.android.contacts/data/1693?account_name=decidel%40gmail.com&account_type=com.google&caller_is_syncadapter=true
02-03 22:22:37.947 E/ContactsProvider(  400): 101123 isCallerRegisterNeedSIMProc callerPid:383, acorePid:400
02-03 22:22:37.957 I/ContactsProvider(  400): query isCallerRegistered= false
02-03 22:22:37.957 I/ContactsProvider(  400): query forOnlyOneContactString= 0
02-03 22:22:37.957 I/ContactsProvider(  400): updateInTransaction: content://com.android.contacts/data/1690?account_name=decidel%40gmail.com&account_type=com.google&caller_is_syncadapter=true
02-03 22:22:37.957 E/ContactsProvider(  400): 20101020 isDataReadOnly, dataId:1690
02-03 22:22:37.967 E/ContactsProvider(  400): 20101020 isReadOnlyRawContact, rawContactId:260
02-03 22:22:37.967 E/ContactsProvider(  400): ContactsProvider2 isContactLocked:0
02-03 22:22:37.967 I/ContactsProvider(  400): query: content://com.android.contacts/data/1690?account_name=decidel%40gmail.com&account_type=com.google&caller_is_syncadapter=true
02-03 22:22:37.967 E/ContactsProvider(  400): 101123 isCallerRegisterNeedSIMProc callerPid:383, acorePid:400
02-03 22:22:37.967 I/ContactsProvider(  400): query isCallerRegistered= false
02-03 22:22:37.967 I/ContactsProvider(  400): query forOnlyOneContactString= 0
02-03 22:22:37.977 I/ContactsProvider(  400): updateInTransaction: content://com.android.contacts/data/1689?account_name=decidel%40gmail.com&account_type=com.google&caller_is_syncadapter=true
02-03 22:22:37.977 E/ContactsProvider(  400): 20101020 isDataReadOnly, dataId:1689
02-03 22:22:37.977 E/ContactsProvider(  400): 20101020 isReadOnlyRawContact, rawContactId:260
02-03 22:22:37.977 E/ContactsProvider(  400): ContactsProvider2 isContactLocked:0
02-03 22:22:37.977 I/ContactsProvider(  400): query: content://com.android.contacts/data/1689?account_name=decidel%40gmail.com&account_type=com.google&caller_is_syncadapter=true
02-03 22:22:37.977 E/ContactsProvider(  400): 101123 isCallerRegisterNeedSIMProc callerPid:383, acorePid:400
02-03 22:22:37.987 I/ContactsProvider(  400): query isCallerRegistered= false
02-03 22:22:37.987 I/ContactsProvider(  400): query forOnlyOneContactString= 0
02-03 22:22:37.987 I/ContactsProvider(  400): DataRowHandler  update:  260
02-03 22:22:37.987 I/ContactsProvider(  400): updateInTransaction: content://com.android.contacts/data/1697?account_name=decidel%40gmail.com&account_type=com.google&caller_is_syncadapter=true
02-03 22:22:37.987 E/ContactsProvider(  400): 20101020 isDataReadOnly, dataId:1697
02-03 22:22:37.997 E/ContactsProvider(  400): 20101020 isReadOnlyRawContact, rawContactId:260
02-03 22:22:37.997 E/ContactsProvider(  400): ContactsProvider2 isContactLocked:0
02-03 22:22:37.997 I/ContactsProvider(  400): query: content://com.android.contacts/data/1697?account_name=decidel%40gmail.com&account_type=com.google&caller_is_syncadapter=true
02-03 22:22:37.997 E/ContactsProvider(  400): 101123 isCallerRegisterNeedSIMProc callerPid:383, acorePid:400
02-03 22:22:37.997 I/ContactsProvider(  400): query isCallerRegistered= false
