02-08 07:21:53.582 I/Vold    (  110): Vold 2.1 (the revenge) firing up
02-08 07:21:53.582 D/Vold    (  110): Volume sdcard state changing -1 (Initializing) -> 0 (No-Media)
02-08 07:21:53.742 W/DirectVolume(  110): Kernel block uevent 'PARTN' 1 pendingparts 0
02-08 07:21:53.742 D/Vold    (  110): Volume sdcard state changing 0 (No-Media) -> 2 (Pending)
02-08 07:21:53.752 W/DirectVolume(  110): Kernel block uevent 'PARTN' 1, 1 minor 33
02-08 07:21:53.752 D/Vold    (  110): Volume sdcard state changing 2 (Pending) -> 1 (Idle-Unmounted)
02-08 07:21:53.932 E/NetlinkEvent(  110): NetlinkEvent::FindParam(): Parameter 'SWITCH_NAME' not found
02-08 07:21:53.932 E/NetlinkEvent(  110): NetlinkEvent::FindParam(): Parameter 'SWITCH_STATE' not found
02-08 07:21:53.932 W/Vold    (  110): Switch /devices/virtual/switch/usb_mass_storage event missing name/state info
02-08 07:21:53.932 D/Vold    (  110): usb_mass_storage function disabled
02-08 07:21:53.932 E/NetlinkEvent(  110): NetlinkEvent::FindParam(): Parameter 'SWITCH_NAME' not found
02-08 07:21:53.932 E/NetlinkEvent(  110): NetlinkEvent::FindParam(): Parameter 'SWITCH_STATE' not found
02-08 07:21:53.932 W/Vold    (  110): Switch /devices/virtual/switch/usb_connected event missing name/state info
02-08 07:21:53.932 E/NetlinkEvent(  110): NetlinkEvent::FindParam(): Parameter 'SWITCH_NAME' not found
02-08 07:21:53.932 E/NetlinkEvent(  110): NetlinkEvent::FindParam(): Parameter 'SWITCH_STATE' not found
02-08 07:21:53.932 W/Vold    (  110): Switch /devices/virtual/switch/usb_configuration event missing name/state info
02-08 07:21:53.932 E/NetlinkEvent(  110): NetlinkEvent::FindParam(): Parameter 'SWITCH_NAME' not found
02-08 07:21:53.932 E/NetlinkEvent(  110): NetlinkEvent::FindParam(): Parameter 'SWITCH_STATE' not found
02-08 07:21:53.942 W/Vold    (  110): Switch /devices/virtual/switch/usb_connected event missing name/state info
02-08 07:21:53.942 E/NetlinkEvent(  110): NetlinkEvent::FindParam(): Parameter 'SWITCH_NAME' not found
02-08 07:21:53.942 E/NetlinkEvent(  110): NetlinkEvent::FindParam(): Parameter 'SWITCH_STATE' not found
02-08 07:21:53.942 W/Vold    (  110): Switch /devices/virtual/switch/usb_configuration event missing name/state info
02-08 07:21:53.992 E/NetlinkEvent(  110): NetlinkEvent::FindParam(): Parameter 'SWITCH_NAME' not found
02-08 07:21:53.992 E/NetlinkEvent(  110): NetlinkEvent::FindParam(): Parameter 'SWITCH_STATE' not found
02-08 07:21:53.992 W/Vold    (  110): Switch /devices/virtual/switch/usb_mass_storage event missing name/state info
02-08 07:21:53.992 D/Vold    (  110): usb_mass_storage function enabled
02-08 07:22:06.574 I/SystemServer(  231): Entered the Android system server!
02-08 07:22:06.594 I/SystemServer(  231): Entropy Service
02-08 07:22:06.634 I/SystemServer(  231): Power Manager
02-08 07:22:06.634 I/SystemServer(  231): Activity Manager
02-08 07:22:06.665 I/ActivityManager(  231): Memory class: 32
02-08 07:22:06.845 I/SystemServer(  231): Telephony Registry
02-08 07:22:06.905 I/SystemServer(  231): Package Manager
02-08 07:22:06.945 I/Installer(  231): connecting...
02-08 07:22:07.816 W/PackageManager(  231): Running ENG build: no pre-dexopt!
02-08 07:22:11.780 I/PackageManager(  231): Unpacking native libraries for /data/app/com.facebook.orca-1.apk
02-08 07:22:12.851 I/PackageManager(  231): Unpacking native libraries for /data/app/com.google.android.apps.books-1.apk
02-08 07:22:13.001 I/PackageManager(  231): Unpacking native libraries for /data/app/com.google.android.apps.googlevoice-1.apk
02-08 07:22:13.121 I/PackageManager(  231): Unpacking native libraries for /data/app/uk.co.senab.blueNotifyFree-1.apk
02-08 07:22:13.241 I/PackageManager(  231): Unpacking native libraries for /data/app/com.facebook.katana-1.apk
02-08 07:22:13.331 I/PackageManager(  231): Unpacking native libraries for /data/app/com.wildtangent.android-1.apk
02-08 07:22:13.381 I/PackageManager(  231): Unpacking native libraries for /data/app/com.handmark.apps-1.apk
02-08 07:22:13.421 I/PackageManager(  231): Unpacking native libraries for /data/app/com.google.android.googlequicksearchbox-1.apk
02-08 07:22:13.481 I/PackageManager(  231): Unpacking native libraries for /data/app/com.realarcade.DOJ.wildtangent-1.apk
02-08 07:22:13.621 I/PackageManager(  231): Unpacking native libraries for /data/app/la.droid.qr-1.apk
02-08 07:22:13.701 I/PackageManager(  231): Unpacking native libraries for /data/app/com.handmark.tweetcaster-1.apk
02-08 07:22:13.912 I/PackageManager(  231): Unpacking native libraries for /data/app/com.google.android.apps.plus-1.apk
02-08 07:22:16.174 I/PackageManager(  231): Unpacking native libraries for /data/app/com.handmark.ringtone.launcher-1.apk
02-08 07:22:16.284 I/PackageManager(  231): Unpacking native libraries for /data/app/com.android.vending-1.apk
02-08 07:22:16.334 I/PackageManager(  231): Unpacking native libraries for /data/app/nl.jsource.retroclock.android-1.apk
02-08 07:22:16.344 I/PackageManager(  231): Unpacking native libraries for /data/app/com.sprint.widget.tutorial-1.apk
02-08 07:22:16.404 I/PackageManager(  231): Unpacking native libraries for /data/app/com.spartancoders.gtok-1.apk
02-08 07:22:16.604 I/PackageManager(  231): Unpacking native libraries for /data/app/com.twitter.android-1.apk
02-08 07:22:16.684 I/PackageManager(  231): Unpacking native libraries for /data/app/com.tumblr-1.apk
02-08 07:22:16.814 W/PackageManager(  231): Unable to update from com.android.music to com.google.android.music: old package still exists
02-08 07:22:16.814 I/PackageManager(  231): Unpacking native libraries for /data/app/com.google.android.music-1.apk
02-08 07:22:17.165 I/PackageManager(  231): Unpacking native libraries for /data/app/com.google.android.apps.maps-1.apk
02-08 07:22:17.345 I/PackageManager(  231): Unpacking native libraries for /data/app/com.sprint.voicemail-1.apk
02-08 07:22:17.375 I/PackageManager(  231): Unpacking native libraries for /data/app/com.cid.bandroid-1.apk
02-08 07:22:17.395 I/PackageManager(  231): Time to scan packages: 9.578 seconds
02-08 07:22:17.405 W/PackageManager(  231): Unknown permission android.permission.ADD_SYSTEM_SERVICE in package com.android.phone
02-08 07:22:17.405 W/PackageManager(  231): Not granting permission android.permission.SEND_DOWNLOAD_COMPLETED_INTENTS to package com.android.browser (protectionLevel=2 flags=0x9be45)
02-08 07:22:17.405 W/PackageManager(  231): Unknown permission com.android.email.provider.AttachmentProvider in package com.android.music
02-08 07:22:17.405 W/PackageManager(  231): Not granting permission android.permission.SEND_DOWNLOAD_COMPLETED_INTENTS to package com.android.music (protectionLevel=2 flags=0x8be65)
02-08 07:22:17.405 W/PackageManager(  231): Not granting permission android.permission.ACCESS_DRM to package com.android.mms (protectionLevel=2 flags=0x8be65)
02-08 07:22:17.405 W/PackageManager(  231): Unknown permission android.permission.RECEIVE_EMERGENCY_BROADCAST in package com.android.mms
02-08 07:22:17.405 W/PackageManager(  231): Unknown permission android.intent.action.REBOOT in package com.redbend.vdmc
02-08 07:22:17.415 W/PackageManager(  231): Not granting permission android.permission.ACCOUNT_MANAGER to package com.google.android.music (protectionLevel=2 flags=0x8bee5)
02-08 07:22:17.415 W/PackageManager(  231): Unknown permission android.permission.READ_OWNER_DATA in package com.android.email
02-08 07:22:17.415 W/PackageManager(  231): Unknown permission android.intent.action.REBOOT in package com.android.email
02-08 07:22:17.415 W/PackageManager(  231): Not granting permission android.permission.BROADCAST_WAP_PUSH to package com.android.email (protectionLevel=2 flags=0x8be45)
02-08 07:22:17.415 W/PackageManager(  231): Unknown permission com.android.providers.im.permission.READ_ONLY in package com.google.android.apps.maps
02-08 07:22:17.415 W/PackageManager(  231): Unknown permission com.google.android.providers.gmail.permission.READ_GMAIL in package com.dataviz.docstogo
02-08 07:22:17.415 W/PackageManager(  231): Not granting permission android.permission.ACCESS_CHECKIN_PROPERTIES to package com.google.android.apps.googlevoice (protectionLevel=3 flags=0x8be44)
02-08 07:22:17.415 W/PackageManager(  231): Unknown permission android.permission.READ_PROFILE in package com.google.android.apps.googlevoice
02-08 07:22:17.425 W/PackageManager(  231): Unknown permission com.google.android.apps.googlevoice.REMOTE_INTENT in package com.google.android.apps.googlevoice
02-08 07:22:17.425 W/PackageManager(  231): Unknown permission com.google.android.permission.RECEIVE_DATA_MESSAGE in package com.google.android.apps.googlevoice
02-08 07:22:17.425 W/PackageManager(  231): Unknown permission com.google.android.permission.SEND_DATA_MESSAGE in package com.google.android.apps.googlevoice
02-08 07:22:17.425 W/PackageManager(  231): Unknown permission com.android.vending.permission.UPDATE_MARKET_FAILURE in package com.android.vending.updater
02-08 07:22:17.425 W/PackageManager(  231): Not granting permission android.permission.INSTALL_PACKAGES to package com.wildtangent.android (protectionLevel=3 flags=0xbe04)
02-08 07:22:17.425 W/PackageManager(  231): Not granting permission android.permission.DELETE_PACKAGES to package com.wildtangent.android (protectionLevel=3 flags=0xbe04)
02-08 07:22:17.425 W/PackageManager(  231): Unknown permission android.permission.READ_OWNER_DATA in package com.android.setupwizard
02-08 07:22:17.425 W/PackageManager(  231): Unknown permission android.permission.WRITE_OWNER_DATA in package com.android.setupwizard
02-08 07:22:17.425 W/PackageManager(  231): Not granting permission com.google.android.gm.permission.READ_GMAIL to package uk.co.senab.blueNotifyFree (protectionLevel=2 flags=0xbe44)
02-08 07:22:17.425 W/PackageManager(  231): Not granting permission com.google.android.gm.permission.WRITE_GMAIL to package uk.co.senab.blueNotifyFree (protectionLevel=2 flags=0xbe44)
02-08 07:22:17.425 W/PackageManager(  231): Unknown permission com.google.android.providers.gmail.permission.READ_GMAIL in package uk.co.senab.blueNotifyFree
02-08 07:22:17.425 W/PackageManager(  231): Unknown permission com.google.android.providers.gmail.permission.WRITE_GMAIL in package uk.co.senab.blueNotifyFree
02-08 07:22:17.435 W/PackageManager(  231): Not granting permission android.permission.SET_PREFERRED_APPLICATIONS to package com.sprint.w.installer (protectionLevel=2 flags=0x8be45)
02-08 07:22:17.435 W/PackageManager(  231): Not granting permission com.google.android.gm.permission.READ_GMAIL to package com.google.android.apps.uploader (protectionLevel=2 flags=0xbe45)
02-08 07:22:17.435 W/PackageManager(  231): Unknown permission android.permission.READ_PROFILE in package com.google.android.apps.plus
02-08 07:22:17.435 W/PackageManager(  231): Unknown permission android.permission.WRITE_PROFILE in package com.google.android.apps.plus
02-08 07:22:17.435 W/PackageManager(  231): Unknown permission android.permission.READ_SOCIAL_STREAM in package com.google.android.apps.plus
02-08 07:22:17.435 W/PackageManager(  231): Unknown permission android.permission.WRITE_SOCIAL_STREAM in package com.google.android.apps.plus
02-08 07:22:17.435 W/PackageManager(  231): Unknown permission android.permission.READ_EXTERNAL_STORAGE in package com.android.vending
02-08 07:22:17.435 W/PackageManager(  231): Not granting permission android.permission.SEND_DOWNLOAD_COMPLETED_INTENTS to package com.android.vending (protectionLevel=2 flags=0xabec5)
02-08 07:22:17.435 W/PackageManager(  231): Not granting permission android.permission.ACCESS_DRM to package com.cid.bandroid (protectionLevel=2 flags=0xbe44)
02-08 07:22:17.865 I/SystemServer(  231): Account Manager
02-08 07:22:17.936 I/SystemServer(  231): Content Manager
02-08 07:22:18.036 I/SystemServer(  231): System Content Providers
02-08 07:22:18.066 I/SystemServer(  231): Battery Service
02-08 07:22:18.076 I/SystemServer(  231): Lights Service
02-08 07:22:18.076 I/SystemServer(  231): Vibrator Service
02-08 07:22:18.096 I/SystemServer(  231): Alarm Manager
02-08 07:22:18.106 D/AlarmManager(  231): scheduleTimeTickEvent calendar=Wed Feb 08 07:23:00 CST 2012
02-08 07:22:18.106 D/AlarmManager(  231): calendar.getTimeInMillis()1328707380000
02-08 07:22:18.126 I/SystemServer(  231): Init Watchdog
02-08 07:22:18.126 I/SystemServer(  231): Window Manager
02-08 07:22:18.126 E/AlarmManager(  231): system is not ready, just wait!
02-08 07:22:18.136 I/InputManager(  231): Initializing input manager
02-08 07:22:18.166 I/InputManager(  231): Starting input manager
02-08 07:22:18.166 I/SystemServer(  231): Bluetooth Service
02-08 07:22:18.186 I/InputManager-Callbacks(  231): No input device calibration properties found for device synaptics-rmi4-ts.
02-08 07:22:18.186 I/InputManager-Callbacks(  231): No input device calibration properties found for device 7k_handset.
02-08 07:22:18.186 I/InputManager-Callbacks(  231): No input device calibration properties found for device sean_keypad.
02-08 07:22:18.186 I/SystemServer(  231): DynamicMemoryManager Service
02-08 07:22:18.186 I/SystemServer(  231): Device Policy
02-08 07:22:18.186 I/SystemServer(  231): Status Bar
02-08 07:22:18.186 I/SystemServer(  231): Clipboard Service
02-08 07:22:18.186 I/SystemServer(  231): Input Method Service
02-08 07:22:18.206 I/InputManagerService(  231): Enabled input methods: com.swype.android.inputmethod/.SwypeInputMethod:com.android.inputmethod.latin/.LatinIME
02-08 07:22:18.206 I/SystemServer(  231): NetStat Service
02-08 07:22:18.206 I/SystemServer(  231): NetworkManagement Service
02-08 07:22:18.206 D/NetworkManagementService(  231): Creating NetworkManagementService
02-08 07:22:18.206 D/NetworkManagementService(  231): Awaiting socket connection
02-08 07:22:18.206 D/NetworkManagementService(  231): onConnected
02-08 07:22:18.206 D/NetworkManagementService(  231): Connected
02-08 07:22:18.206 I/SystemServer(  231): Connectivity Service
02-08 07:22:18.206 D/ConnectivityService(  231): ConnectivityService starting up
02-08 07:22:18.216 D/ConnectivityService(  231): getMobileDataEnabled returning true
02-08 07:22:18.256 D/WifiService(  231): isAirplaneModeOn(): false
02-08 07:22:18.256 D/WifiService(  231): testAndClearWifiSavedState(), wifiSavedState: 0
02-08 07:22:18.256 I/WifiService(  231): WifiService starting up with Wi-Fi disabled
02-08 07:22:18.266 D/NetworkManagementService(  231): Registering observer
02-08 07:22:18.266 D/WifiService(  231): WifiHandler, MESSAGE_DISABLE_WIFI, msg.arg1: 1, msg.arg2: 1000
02-08 07:22:18.266 I/SystemServer(  231): Throttle Service
02-08 07:22:18.266 I/SystemServer(  231): Accessibility Manager
02-08 07:22:18.266 I/SystemServer(  231): Mount Service
02-08 07:22:18.266 I/SystemServer(  231): Notification Manager
02-08 07:22:18.276 I/SystemServer(  231): HDMI Service
02-08 07:22:18.276 I/SystemServer(  231): Device Storage Monitor
02-08 07:22:18.276 I/SystemServer(  231): Location Manager
02-08 07:22:18.276 I/SystemServer(  231): Search Service
02-08 07:22:18.276 I/SystemServer(  231): DropBox Service
02-08 07:22:18.276 I/SystemServer(  231): Wallpaper Service
02-08 07:22:18.286 D/VoldConnector(  231): SND -> {volume list} {null}
02-08 07:22:18.286 D/VoldCmdListener(  110): volume list
02-08 07:22:18.286 D/VoldConnector(  231): RCV <- {110 sdcard /mnt/sdcard 1}
02-08 07:22:18.286 D/VoldConnector(  231): RCV <- {200 Volumes listed.}
02-08 07:22:18.286 D/VoldConnector(  231): RSP <- {110 sdcard /mnt/sdcard 1}
02-08 07:22:18.286 D/VoldConnector(  231): RSP <- {200 Volumes listed.}
02-08 07:22:18.286 D/VoldConnector(  231): List terminated with {200 Volumes listed.}
02-08 07:22:18.286 D/MountService(  231): mount list sdcard /mnt/sdcard 1
02-08 07:22:18.286 D/VoldConnector(  231): SND -> {share status ums} {null}
02-08 07:22:18.286 D/VoldCmdListener(  110): share status ums
02-08 07:22:18.296 D/VoldConnector(  231): RCV <- {210 Share unavailable}
02-08 07:22:18.296 I/SystemServer(  231): Audio Service
02-08 07:22:18.296 D/VoldConnector(  231): RSP <- {210 Share unavailable}
02-08 07:22:18.346 I/SystemServer(  231): Headset Observer
02-08 07:22:18.346 I/SystemServer(  231): Dock Observer
02-08 07:22:18.346 W/DockObserver(  231): This kernel does not have dock station support
02-08 07:22:18.346 I/SystemServer(  231): USB Service
02-08 07:22:18.396 I/SystemServer(  231): UI Mode Manager Service
02-08 07:22:18.396 I/SystemServer(  231): Backup Service
02-08 07:22:18.776 I/BackupManagerService(  231): Backup enabled => true
02-08 07:22:18.776 I/SystemServer(  231): AppWidget Service
02-08 07:22:18.776 I/SystemServer(  231): Recognition Service
02-08 07:22:18.776 I/SystemServer(  231): DiskStats Service
02-08 07:22:18.776 I/SystemServer(  231): AtCmdFwd Service
02-08 07:22:18.776 I/SystemServer(  231): BT FM Power Management Service
02-08 07:22:18.796 E/SystemServer(  231): Failure starting BT FM Power Management Service
02-08 07:22:18.796 E/SystemServer(  231): java.lang.ExceptionInInitializerError
02-08 07:22:18.796 E/SystemServer(  231): 	at com.android.server.ServerThread.run(SystemServer.java:489)
02-08 07:22:18.796 E/SystemServer(  231): Caused by: java.lang.UnsatisfiedLinkError: classInitNative
02-08 07:22:18.796 E/SystemServer(  231): 	at com.broadcom.bt.service.framework.PowerManagementService.classInitNative(Native Method)
02-08 07:22:18.796 E/SystemServer(  231): 	at com.broadcom.bt.service.framework.PowerManagementService.<clinit>(PowerManagementService.java:58)
02-08 07:22:18.796 E/SystemServer(  231): 	... 1 more
02-08 07:22:18.806 D/PowerManagerService(  231): system ready!
02-08 07:22:18.816 W/WindowManager(  231): updateFocusedWindowLocked newFocus=Window{407562a8 Keyguard paused=false} mode=1 mCurrentFocus = null
02-08 07:22:18.816 I/ActivityManager(  231): System now ready
02-08 07:22:18.816 I/SystemServer(  231): Making services ready
02-08 07:22:18.816 I/StatusBarManagerService(  231): Starting service: ComponentInfo{com.android.systemui/com.android.systemui.statusbar.StatusBarService}
02-08 07:22:18.826 I/ActivityManager(  231): Start proc com.android.systemui for service com.android.systemui/.statusbar.StatusBarService: pid=328 uid=1000 gids={3002, 3001, 3003, 1015}
02-08 07:22:18.826 I/ActivityManager(  231): Config changed: { scale=1.0 imsi=0/0 loc=en_US touch=0 keys=0/0/0 nav=0/0 orien=0 layout=0 uiMode=17 seq=2}
02-08 07:22:18.836 I/ActivityManager(  231): Config changed: { scale=1.0 imsi=0/0 loc=en_US touch=3 keys=1/1/2 nav=1/1 orien=1 layout=18 uiMode=17 seq=3}
02-08 07:22:19.067 I/ActivityManager(  231): Start proc com.android.inputmethod.latin for service com.android.inputmethod.latin/.LatinIME: pid=337 uid=10041 gids={}
02-08 07:22:19.097 D/NetworkManagementService(  231): Registering observer
02-08 07:22:19.637 I/ActivityManager(  231): Start proc com.android.phone for added application com.android.phone: pid=347 uid=1001 gids={3002, 3001, 3003, 1015}
02-08 07:22:19.657 I/StatusBarManagerService(  231): registerStatusBar bar=com.android.internal.statusbar.IStatusBar$Stub$Proxy@406b5a90
02-08 07:22:19.657 D/NetdConnector(  231): SND -> {interface readrxcounter rmnet0} {null}
02-08 07:22:19.657 D/NetdConnector(  231): RCV <- {216 0}
02-08 07:22:19.657 D/NetdConnector(  231): RSP <- {216 0}
02-08 07:22:19.657 D/NetdConnector(  231): SND -> {interface readtxcounter rmnet0} {null}
02-08 07:22:19.657 D/NetdConnector(  231): RCV <- {217 0}
02-08 07:22:19.677 D/NetdConnector(  231): RSP <- {217 0}
02-08 07:22:19.687 I/ActivityManager(  231): Start proc com.broadcom.bt.app.system for added application com.broadcom.bt.app.system: pid=350 uid=1002 gids={3001, 3002}
02-08 07:22:19.697 D/NetdConnector(  231): SND -> {interface setthrottle rmnet0 -1 -1} {null}
02-08 07:22:19.717 I/ActivityManager(  231): Starting: Intent { act=android.intent.action.MAIN cat=[android.intent.category.HOME] flg=0x10000000 cmp=com.android.launcher/com.android.launcher2.Launcher } from pid 0
02-08 07:22:19.737 I/ActivityManager(  231): Start proc com.android.launcher for activity com.android.launcher/com.android.launcher2.Launcher: pid=353 uid=10040 gids={}
02-08 07:22:19.747 I/SystemServer(  231): Enabled StrictMode for system server main thread.
02-08 07:22:19.777 D/VoldConnector(  231): SND -> {share status ums} {null}
02-08 07:22:19.777 D/VoldCmdListener(  110): share status ums
02-08 07:22:19.777 D/VoldConnector(  231): RCV <- {210 Share unavailable}
02-08 07:22:19.777 D/VoldConnector(  231): RSP <- {210 Share unavailable}
02-08 07:22:19.787 D/StorageNotification(  328): Startup with UMS connection false (media state unmounted)
02-08 07:22:19.827 I/StorageNotification(  328): UMS connection changed to false (media state unmounted)
02-08 07:22:19.837 D/NetdConnector(  231): RCV <- {200 Interface throttling set}
02-08 07:22:19.837 D/NetdConnector(  231): RSP <- {200 Interface throttling set}
02-08 07:22:19.877 I/ActivityManager(  231): Start proc android.process.acore for content provider com.android.providers.userdictionary/.UserDictionaryProvider: pid=368 uid=10007 gids={3003, 1015}
02-08 07:22:19.907 I/ActivityManager(  231): Start proc com.google.process.gapps for service com.google.android.gsf/.loginservice.GoogleLoginService: pid=377 uid=10029 gids={3003, 1015, 2001, 1007}
02-08 07:22:20.048 W/WindowManager(  231): updateFocusedWindowLocked newFocus=Window{407562a8 Keyguard paused=false} mode=3 mCurrentFocus = Window{407562a8 Keyguard paused=false}
02-08 07:22:20.098 W/WindowManager(  231): updateFocusedWindowLocked newFocus=Window{407562a8 Keyguard paused=false} mode=3 mCurrentFocus = Window{407562a8 Keyguard paused=false}
02-08 07:22:20.498 W/WindowManager(  231): updateFocusedWindowLocked newFocus=Window{407562a8 Keyguard paused=false} mode=3 mCurrentFocus = Window{407562a8 Keyguard paused=false}
02-08 07:22:20.528 W/WindowManager(  231): updateFocusedWindowLocked newFocus=Window{407562a8 Keyguard paused=false} mode=0 mCurrentFocus = Window{407562a8 Keyguard paused=false}
02-08 07:22:20.588 W/WindowManager(  231): updateFocusedWindowLocked newFocus=Window{407562a8 Keyguard paused=false} mode=2 mCurrentFocus = Window{407562a8 Keyguard paused=false}
02-08 07:22:21.119 W/WindowManager(  231): updateFocusedWindowLocked newFocus=Window{407562a8 Keyguard paused=false} mode=3 mCurrentFocus = Window{407562a8 Keyguard paused=false}
02-08 07:22:21.769 D/ConnectivityService(  231): getMobileDataEnabled returning true
02-08 07:22:21.839 I/WifiService(  231): WifiService trying to setNumAllowed to 11 with persist set to true
02-08 07:22:21.839 D/WifiService(  231): WifiHandler, MESSAGE_SET_CHANNELS, msg.arg1: 11, msg.arg2: 1
02-08 07:22:21.839 I/ActivityManager(  231): Config changed: { scale=1.0 imsi=310/120 loc=en_US touch=3 keys=1/1/2 nav=1/1 orien=1 layout=18 uiMode=17 seq=4}
02-08 07:22:21.859 I/TelephonyRegistry(  231): notifyMessageWaitingChanged: false
02-08 07:22:22.040 D/StatusBarPolicy(  328): updateSimState for subscription :0
02-08 07:22:22.040 D/StatusBarPolicy(  328): updateDataIcon subscription =0
02-08 07:22:22.400 W/ActivityManager(  231): Unable to start service Intent { act=com.android.ussd.IExtendedNetworkService }: not found
02-08 07:22:22.490 I/TelephonyRegistry(  231): notifyDataConnection: anyState=0,default/INET,apnTypeState=0,iface=null,ip=null,gw=null,isDataConnectivityPossible=false,networkType=0,reason=dataNetworkDetached
02-08 07:22:22.500 I/TelephonyRegistry(  231): notifyDataConnection: anyState=0,default/INET6,apnTypeState=0,iface=null,ip=null,gw=null,isDataConnectivityPossible=false,networkType=0,reason=dataNetworkDetached
02-08 07:22:22.500 I/TelephonyRegistry(  231): notifyDataConnection: anyState=0,mms/INET,apnTypeState=0,iface=null,ip=null,gw=null,isDataConnectivityPossible=false,networkType=0,reason=dataNetworkDetached
02-08 07:22:22.510 I/TelephonyRegistry(  231): notifyDataConnection: anyState=0,mms/INET6,apnTypeState=0,iface=null,ip=null,gw=null,isDataConnectivityPossible=false,networkType=0,reason=dataNetworkDetached
02-08 07:22:22.510 I/TelephonyRegistry(  231): notifyDataConnection: anyState=0,supl/INET,apnTypeState=0,iface=null,ip=null,gw=null,isDataConnectivityPossible=false,networkType=0,reason=dataNetworkDetached
02-08 07:22:22.520 I/TelephonyRegistry(  231): notifyDataConnection: anyState=0,supl/INET6,apnTypeState=0,iface=null,ip=null,gw=null,isDataConnectivityPossible=false,networkType=0,reason=dataNetworkDetached
02-08 07:22:22.520 I/TelephonyRegistry(  231): notifyDataConnection: anyState=0,dun/INET,apnTypeState=0,iface=null,ip=null,gw=null,isDataConnectivityPossible=false,networkType=0,reason=dataNetworkDetached
02-08 07:22:22.530 I/TelephonyRegistry(  231): notifyDataConnection: anyState=0,dun/INET6,apnTypeState=0,iface=null,ip=null,gw=null,isDataConnectivityPossible=false,networkType=0,reason=dataNetworkDetached
02-08 07:22:22.530 I/TelephonyRegistry(  231): notifyDataConnection: anyState=0,hipri/INET,apnTypeState=0,iface=null,ip=null,gw=null,isDataConnectivityPossible=false,networkType=0,reason=dataNetworkDetached
02-08 07:22:22.570 I/TelephonyRegistry(  231): notifyDataConnection: anyState=0,hipri/INET6,apnTypeState=0,iface=null,ip=null,gw=null,isDataConnectivityPossible=false,networkType=0,reason=dataNetworkDetached
02-08 07:22:22.570 I/TelephonyRegistry(  231): notifyServiceState: 3 home null null null  Unknown CSS not supported -1 -1RoamInd: -1RoamStatus(sprint): -1DefRoamInd: -1EmergOnly: false
02-08 07:22:22.570 D/StatusBarPolicy(  328): onServiceStateChanged:3 home null null null  Unknown CSS not supported -1 -1RoamInd: -1RoamStatus(sprint): -1DefRoamInd: -1EmergOnly: falsefor subscription :0
02-08 07:22:22.570 D/StatusBarPolicy(  328): updateSignalStrength on subscription :0
02-08 07:22:22.570 D/StatusBarPolicy(  328): updateDataIcon subscription =0
02-08 07:22:22.670 W/WindowManager(  231): updateFocusedWindowLocked newFocus=Window{407562a8 Keyguard paused=false} mode=0 mCurrentFocus = Window{407562a8 Keyguard paused=false}
02-08 07:22:22.710 I/WifiService(  231): WifiService trying to setNumAllowed to 11 with persist set to true
02-08 07:22:22.710 D/WifiService(  231): WifiHandler, MESSAGE_SET_CHANNELS, msg.arg1: 11, msg.arg2: 1
02-08 07:22:22.940 W/WindowManager(  231): updateFocusedWindowLocked newFocus=Window{407562a8 Keyguard paused=false} mode=3 mCurrentFocus = Window{407562a8 Keyguard paused=false}
02-08 07:22:23.271 I/ActivityManager(  231): Start proc com.google.android.partnersetup for broadcast com.google.android.partnersetup/.PhoneStateReceiver: pid=435 uid=10044 gids={3003}
02-08 07:22:18.580 W/WindowManager(  231): updateFocusedWindowLocked newFocus=Window{407562a8 Keyguard paused=false} mode=3 mCurrentFocus = Window{407562a8 Keyguard paused=false}
02-08 07:22:18.650 D/PowerManagerService(  231): bootCompleted
02-08 07:22:18.650 D/PowerManagerService(  231): setTimeoutLocked now=35028 timeoutOverride=-1 nextState=3 when=41028
02-08 07:22:18.650 D/NetdConnector(  231): SND -> {interface list} {null}
02-08 07:22:18.660 D/NetdConnector(  231): RCV <- {110 lo}
02-08 07:22:18.660 D/NetdConnector(  231): RCV <- {110 dummy0}
02-08 07:22:18.660 D/NetdConnector(  231): RCV <- {110 rmnet0}
02-08 07:22:18.660 D/NetdConnector(  231): RCV <- {110 rmnet1}
02-08 07:22:18.660 D/NetdConnector(  231): RCV <- {110 rmnet2}
02-08 07:22:18.660 D/NetdConnector(  231): RCV <- {110 rmnet3}
02-08 07:22:18.660 D/NetdConnector(  231): RCV <- {110 rmnet4}
02-08 07:22:18.660 D/NetdConnector(  231): RCV <- {110 rmnet5}
02-08 07:22:18.660 D/NetdConnector(  231): RSP <- {110 lo}
02-08 07:22:18.660 D/NetdConnector(  231): RSP <- {110 dummy0}
02-08 07:22:18.660 D/NetdConnector(  231): RSP <- {110 rmnet0}
02-08 07:22:18.660 D/NetdConnector(  231): RSP <- {110 rmnet1}
02-08 07:22:18.660 D/NetdConnector(  231): RSP <- {110 rmnet2}
02-08 07:22:18.660 D/NetdConnector(  231): RSP <- {110 rmnet3}
02-08 07:22:18.660 D/NetdConnector(  231): RSP <- {110 rmnet4}
02-08 07:22:18.660 D/NetdConnector(  231): RSP <- {110 rmnet5}
02-08 07:22:18.670 D/NetdConnector(  231): RCV <- {110 rmnet6}
02-08 07:22:18.670 D/NetdConnector(  231): RCV <- {110 rmnet7}
02-08 07:22:18.670 D/NetdConnector(  231): RSP <- {110 rmnet6}
02-08 07:22:18.670 D/NetdConnector(  231): RSP <- {110 rmnet7}
02-08 07:22:18.680 D/NetdConnector(  231): RCV <- {110 tunl0}
02-08 07:22:18.680 D/NetdConnector(  231): RSP <- {110 tunl0}
02-08 07:22:18.680 D/NetdConnector(  231): RCV <- {110 gre0}
02-08 07:22:18.680 D/NetdConnector(  231): RSP <- {110 gre0}
02-08 07:22:18.680 D/NetdConnector(  231): RCV <- {110 sit0}
02-08 07:22:18.680 D/NetdConnector(  231): RSP <- {110 sit0}
02-08 07:22:18.680 D/NetdConnector(  231): RCV <- {110 ip6tnl0}
02-08 07:22:18.710 I/TelephonyRegistry(  231): notifyServiceState: 1 home Searching for Service null null  Unknown CSS not supported 0 0RoamInd: 2RoamStatus(sprint): 0DefRoamInd: 0EmergOnly: false
02-08 07:22:18.710 D/StatusBarPolicy(  328): onServiceStateChanged:1 home Searching for Service null null  Unknown CSS not supported 0 0RoamInd: 2RoamStatus(sprint): 0DefRoamInd: 0EmergOnly: falsefor subscription :0
02-08 07:22:18.710 D/StatusBarPolicy(  328): updateSignalStrength on subscription :0
02-08 07:22:18.720 D/StatusBarPolicy(  328): updateDataIcon subscription =0
02-08 07:22:18.740 D/NetdConnector(  231): RSP <- {110 ip6tnl0}
02-08 07:22:18.740 D/NetdConnector(  231): RCV <- {110 usb0}
02-08 07:22:18.740 D/NetdConnector(  231): RSP <- {110 usb0}
02-08 07:22:18.740 D/NetdConnector(  231): RCV <- {200 Interface list completed}
02-08 07:22:18.740 D/NetdConnector(  231): RSP <- {200 Interface list completed}
02-08 07:22:18.740 D/NetdConnector(  231): List terminated with {200 Interface list completed}
02-08 07:22:18.750 I/ActivityManager(  231): Start proc nl.jsource.retroclock.android for broadcast nl.jsource.retroclock.android/.RetroClock: pid=445 uid=10077 gids={}
02-08 07:22:18.760 I/TelephonyRegistry(  231): notifyServiceState: 1 home Searching for Service null null  Unknown CSS not supported 0 0RoamInd: 2RoamStatus(sprint): 0DefRoamInd: 0EmergOnly: false
02-08 07:22:18.760 D/StatusBarPolicy(  328): onServiceStateChanged:1 home Searching for Service null null  Unknown CSS not supported 0 0RoamInd: 2RoamStatus(sprint): 0DefRoamInd: 0EmergOnly: falsefor subscription :0
02-08 07:22:18.760 D/StatusBarPolicy(  328): updateSignalStrength on subscription :0
02-08 07:22:18.760 D/StatusBarPolicy(  328): updateDataIcon subscription =0
02-08 07:22:18.780 D/VoldConnector(  231): SND -> {volume mount /mnt/sdcard} {null}
02-08 07:22:18.780 D/VoldCmdListener(  110): volume mount /mnt/sdcard
02-08 07:22:18.780 E/DirectVolume(  110): getDeviceNodes i 0 j 0 33
02-08 07:22:18.780 I/Vold    (  110): /dev/block/vold/179:33 being considered for volume sdcard
02-08 07:22:18.780 D/Vold    (  110): Volume sdcard state changing 1 (Idle-Unmounted) -> 3 (Checking)
02-08 07:22:18.780 D/VoldConnector(  231): RCV <- {605 Volume sdcard /mnt/sdcard state changed from 1 (Idle-Unmounted) to 3 (Checking)}
02-08 07:22:18.780 I/StorageNotification(  328): Media {/mnt/sdcard} state changed from {unmounted} -> {checking}
02-08 07:22:19.100 I/WifiService(  231): WifiService trying to setNumAllowed to 11 with persist set to true
02-08 07:22:19.100 D/WifiService(  231): WifiHandler, MESSAGE_SET_CHANNELS, msg.arg1: 11, msg.arg2: 1
02-08 07:22:19.440 D/StatusBarPolicy(  328): onSignalStrengthsChanged:SignalStrength: 99 0 -59 -70 -125 -25 8 99 2147483647 2147483647 2147483647 2147483647 cdma for subscription0
02-08 07:22:19.440 D/StatusBarPolicy(  328): updateSignalStrength on subscription :0
02-08 07:22:19.480 I/TelephonyRegistry(  231): notifyServiceState: 0 home Sprint  310099  1xRTT CSS not supported 41 4139RoamInd: 1RoamStatus(sprint): 1DefRoamInd: 160EmergOnly: false
02-08 07:22:19.520 I/ActivityManager(  231): Start proc com.handmark.tweetcaster for broadcast com.handmark.tweetcaster/.TweetCasterLargeWidget: pid=471 uid=10079 gids={3003, 1015, 1007}
02-08 07:22:19.540 I/TelephonyRegistry(  231): notifyServiceState: 0 home Sprint  310099  1xRTT CSS not supported 41 4139RoamInd: 1RoamStatus(sprint): 1DefRoamInd: 160EmergOnly: false
02-08 07:22:19.570 I/TelephonyRegistry(  231): notifyServiceState: 0 home Sprint  310099  1xRTT CSS not supported 41 4139RoamInd: 1RoamStatus(sprint): 1DefRoamInd: 160EmergOnly: false
02-08 07:22:19.590 W/WindowManager(  231): updateFocusedWindowLocked newFocus=Window{407562a8 Keyguard paused=false} mode=3 mCurrentFocus = Window{407562a8 Keyguard paused=false}
02-08 07:22:19.590 D/StatusBarPolicy(  328): onServiceStateChanged:0 home Sprint  310099  1xRTT CSS not supported 41 4139RoamInd: 1RoamStatus(sprint): 1DefRoamInd: 160EmergOnly: falsefor subscription :0
02-08 07:22:19.590 D/StatusBarPolicy(  328): updateSignalStrength on subscription :0
02-08 07:22:19.600 D/StatusBarPolicy(  328): StatusBarPolocy::getIconLevel -CDMA
02-08 07:22:19.600 D/StatusBarPolicy(  328): getCdmaLevel_band_six -cdmaDbm:-59
02-08 07:22:19.600 D/StatusBarPolicy(  328): getCdmaLevel_band_six -cdmaEcio:-70
02-08 07:22:19.600 D/StatusBarPolicy(  328): updateDataIcon subscription =0
02-08 07:22:19.600 D/StatusBarPolicy(  328): onServiceStateChanged:0 home Sprint  310099  1xRTT CSS not supported 41 4139RoamInd: 1RoamStatus(sprint): 1DefRoamInd: 160EmergOnly: falsefor subscription :0
02-08 07:22:19.610 D/StatusBarPolicy(  328): updateSignalStrength on subscription :0
02-08 07:22:19.630 D/StatusBarPolicy(  328): StatusBarPolocy::getIconLevel -CDMA
02-08 07:22:19.630 D/StatusBarPolicy(  328): getCdmaLevel_band_six -cdmaDbm:-59
02-08 07:22:19.630 D/StatusBarPolicy(  328): getCdmaLevel_band_six -cdmaEcio:-70
02-08 07:22:19.630 D/StatusBarPolicy(  328): updateDataIcon subscription =0
02-08 07:22:19.630 D/StatusBarPolicy(  328): onServiceStateChanged:0 home Sprint  310099  1xRTT CSS not supported 41 4139RoamInd: 1RoamStatus(sprint): 1DefRoamInd: 160EmergOnly: falsefor subscription :0
02-08 07:22:19.640 D/StatusBarPolicy(  328): updateSignalStrength on subscription :0
02-08 07:22:19.640 D/StatusBarPolicy(  328): StatusBarPolocy::getIconLevel -CDMA
02-08 07:22:19.640 D/StatusBarPolicy(  328): getCdmaLevel_band_six -cdmaDbm:-59
02-08 07:22:19.640 D/StatusBarPolicy(  328): getCdmaLevel_band_six -cdmaEcio:-70
02-08 07:22:19.650 I/TelephonyRegistry(  231): notifyDataConnection: anyState=0,default/INET,apnTypeState=0,iface=null,ip=null,gw=null,isDataConnectivityPossible=true,networkType=7,reason=dataNetworkAttached
02-08 07:22:19.650 D/StatusBarPolicy(  328): updateDataIcon subscription =0
02-08 07:22:19.850 D/StatusBarPolicy(  328): StatusBarPolicy onDataConnectionStateChanged to 0for nw : 7on subscription : 0
02-08 07:22:19.860 D/StatusBarPolicy(  328): Data network type changed to:7
02-08 07:22:19.860 D/StatusBarPolicy(  328): updateDataIcon subscription =0
02-08 07:22:19.910 I/TelephonyRegistry(  231): notifyDataConnection: anyState=0,default/INET6,apnTypeState=0,iface=null,ip=null,gw=null,isDataConnectivityPossible=true,networkType=7,reason=dataNetworkAttached
02-08 07:22:19.920 I/TelephonyRegistry(  231): notifyDataConnection: anyState=0,mms/INET,apnTypeState=0,iface=null,ip=null,gw=null,isDataConnectivityPossible=true,networkType=7,reason=dataNetworkAttached
02-08 07:22:19.920 I/TelephonyRegistry(  231): notifyDataConnection: anyState=0,mms/INET6,apnTypeState=0,iface=null,ip=null,gw=null,isDataConnectivityPossible=true,networkType=7,reason=dataNetworkAttached
02-08 07:22:19.950 I/TelephonyRegistry(  231): notifyDataConnection: anyState=0,supl/INET,apnTypeState=0,iface=null,ip=null,gw=null,isDataConnectivityPossible=true,networkType=7,reason=dataNetworkAttached
02-08 07:22:19.950 I/TelephonyRegistry(  231): notifyDataConnection: anyState=0,supl/INET6,apnTypeState=0,iface=null,ip=null,gw=null,isDataConnectivityPossible=true,networkType=7,reason=dataNetworkAttached
02-08 07:22:19.960 I/TelephonyRegistry(  231): notifyDataConnection: anyState=0,dun/INET,apnTypeState=0,iface=null,ip=null,gw=null,isDataConnectivityPossible=true,networkType=7,reason=dataNetworkAttached
02-08 07:22:19.960 I/TelephonyRegistry(  231): notifyDataConnection: anyState=0,dun/INET6,apnTypeState=0,iface=null,ip=null,gw=null,isDataConnectivityPossible=true,networkType=7,reason=dataNetworkAttached
02-08 07:22:19.970 I/TelephonyRegistry(  231): notifyDataConnection: anyState=0,hipri/INET,apnTypeState=0,iface=null,ip=null,gw=null,isDataConnectivityPossible=true,networkType=7,reason=dataNetworkAttached
02-08 07:22:19.980 I/TelephonyRegistry(  231): notifyDataConnection: anyState=0,hipri/INET6,apnTypeState=0,iface=null,ip=null,gw=null,isDataConnectivityPossible=true,networkType=7,reason=dataNetworkAttached
02-08 07:22:20.010 I/TelephonyRegistry(  231): notifyDataConnection: anyState=0,default/INET,apnTypeState=0,iface=null,ip=null,gw=null,isDataConnectivityPossible=true,networkType=7,reason=radioTechnologyChanged
02-08 07:22:20.030 I/TelephonyRegistry(  231): notifyDataConnection: anyState=0,default/INET6,apnTypeState=0,iface=null,ip=null,gw=null,isDataConnectivityPossible=true,networkType=7,reason=radioTechnologyChanged
02-08 07:22:20.050 I/TelephonyRegistry(  231): notifyDataConnection: anyState=0,mms/INET,apnTypeState=0,iface=null,ip=null,gw=null,isDataConnectivityPossible=true,networkType=7,reason=radioTechnologyChanged
02-08 07:22:20.060 I/TelephonyRegistry(  231): notifyDataConnection: anyState=0,mms/INET6,apnTypeState=0,iface=null,ip=null,gw=null,isDataConnectivityPossible=true,networkType=7,reason=radioTechnologyChanged
02-08 07:22:20.201 I/TelephonyRegistry(  231): notifyDataConnection: anyState=0,supl/INET,apnTypeState=0,iface=null,ip=null,gw=null,isDataConnectivityPossible=true,networkType=7,reason=radioTechnologyChanged
02-08 07:22:20.351 I/TelephonyRegistry(  231): notifyDataConnection: anyState=0,supl/INET6,apnTypeState=0,iface=null,ip=null,gw=null,isDataConnectivityPossible=true,networkType=7,reason=radioTechnologyChanged
02-08 07:22:20.361 I/TelephonyRegistry(  231): notifyDataConnection: anyState=0,dun/INET,apnTypeState=0,iface=null,ip=null,gw=null,isDataConnectivityPossible=true,networkType=7,reason=radioTechnologyChanged
02-08 07:22:20.361 I/TelephonyRegistry(  231): notifyDataConnection: anyState=0,dun/INET6,apnTypeState=0,iface=null,ip=null,gw=null,isDataConnectivityPossible=true,networkType=7,reason=radioTechnologyChanged
02-08 07:22:20.381 I/TelephonyRegistry(  231): notifyDataConnection: anyState=0,hipri/INET,apnTypeState=0,iface=null,ip=null,gw=null,isDataConnectivityPossible=true,networkType=7,reason=radioTechnologyChanged
02-08 07:22:20.381 I/TelephonyRegistry(  231): notifyDataConnection: anyState=0,hipri/INET6,apnTypeState=0,iface=null,ip=null,gw=null,isDataConnectivityPossible=true,networkType=7,reason=radioTechnologyChanged
02-08 07:22:20.431 D/StatusBarPolicy(  328): onSignalStrengthsChanged:SignalStrength: 99 0 -59 -70 -128 -5 8 99 2147483647 2147483647 2147483647 2147483647 cdma for subscription0
02-08 07:22:20.431 D/StatusBarPolicy(  328): updateSignalStrength on subscription :0
02-08 07:22:20.431 D/StatusBarPolicy(  328): StatusBarPolocy::getIconLevel -CDMA
02-08 07:22:20.431 D/StatusBarPolicy(  328): getCdmaLevel_band_six -cdmaDbm:-59
02-08 07:22:20.431 D/StatusBarPolicy(  328): getCdmaLevel_band_six -cdmaEcio:-70
02-08 07:22:20.531 I/TelephonyRegistry(  231): notifyDataConnection: anyState=0,default/INET,apnTypeState=1,iface=null,ip=null,gw=null,isDataConnectivityPossible=true,networkType=7,reason=radioTechnologyChanged
02-08 07:22:20.591 I/ActivityManager(  231): Start proc com.google.android.googlequicksearchbox for broadcast com.google.android.googlequicksearchbox/.SearchWidgetProvider: pid=483 uid=10043 gids={3003}
02-08 07:22:20.591 I/TelephonyRegistry(  231): notifyServiceState: 0 home Sprint  310099  1xRTT CSS not supported 41 4139RoamInd: 1RoamStatus(sprint): 1DefRoamInd: 160EmergOnly: false
02-08 07:22:20.591 D/StatusBarPolicy(  328): onServiceStateChanged:0 home Sprint  310099  1xRTT CSS not supported 41 4139RoamInd: 1RoamStatus(sprint): 1DefRoamInd: 160EmergOnly: falsefor subscription :0
02-08 07:22:20.591 D/StatusBarPolicy(  328): updateSignalStrength on subscription :0
02-08 07:22:20.591 D/StatusBarPolicy(  328): StatusBarPolocy::getIconLevel -CDMA
02-08 07:22:20.591 D/StatusBarPolicy(  328): getCdmaLevel_band_six -cdmaDbm:-59
02-08 07:22:20.591 D/StatusBarPolicy(  328): getCdmaLevel_band_six -cdmaEcio:-70
02-08 07:22:20.591 D/StatusBarPolicy(  328): updateDataIcon subscription =0
02-08 07:22:20.811 D/ConnectivityService(  231): ConnectivityChange for mobile: CONNECTING/CONNECTING
02-08 07:22:21.041 I/ActivityManager(  231): Start proc uk.co.senab.blueNotifyFree for broadcast uk.co.senab.blueNotifyFree/.receivers.WidgetReceiver: pid=495 uid=10075 gids={3003, 1015}
02-08 07:22:21.342 I/ActivityManager(  231): Start proc com.redbend.vdmc for broadcast com.redbend.vdmc/.MyConnectionChangeReceiver: pid=503 uid=1000 gids={3002, 3001, 3003, 1015}
02-08 07:22:21.432 I/ActivityManager(  231): Start proc com.android.settings for broadcast com.android.settings/.widget.SettingsAppWidgetProvider: pid=511 uid=1000 gids={3002, 3001, 3003, 1015}
02-08 07:22:21.582 I/ActivityManager(  231): Start proc com.qualcomm.privinit for broadcast com.qualcomm.privinit/.BootReciever: pid=520 uid=1000 gids={3002, 3001, 3003, 1015}
02-08 07:22:21.642 I/ActivityManager(  231): Start proc com.cooliris.media for broadcast com.cooliris.media/com.cooliris.cache.BootReceiver: pid=528 uid=10049 gids={1015, 3003}
02-08 07:22:21.652 I/ActivityManager(  231): Start proc com.android.email for content provider com.android.email/com.android.exchange.provider.ExchangeProvider: pid=534 uid=10051 gids={3003, 1015}
02-08 07:22:22.052 I/Vold    (  110): Filesystem check completed OK
02-08 07:22:22.082 I/Vold    (  110): Device /dev/block/vold/179:33, target /mnt/sdcard mounted @ /mnt/secure/staging
02-08 07:22:22.082 D/Vold    (  110): Volume sdcard state changing 3 (Checking) -> 4 (Mounted)
02-08 07:22:22.082 D/VoldConnector(  231): RCV <- {605 Volume sdcard /mnt/sdcard state changed from 3 (Checking) to 4 (Mounted)}
02-08 07:22:22.082 I/StorageNotification(  328): Media {/mnt/sdcard} state changed from {checking} -> {mounted}
02-08 07:22:22.092 D/VoldConnector(  231): RCV <- {200 volume operation succeeded}
02-08 07:22:22.102 D/VoldConnector(  231): RSP <- {200 volume operation succeeded}
02-08 07:22:22.112 W/WindowManager(  231): updateFocusedWindowLocked newFocus=Window{407562a8 Keyguard paused=false} mode=3 mCurrentFocus = Window{407562a8 Keyguard paused=false}
02-08 07:22:22.142 D/StatusBarPolicy(  328): onSignalStrengthsChanged:SignalStrength: 99 0 -59 -70 -115 -5 8 99 2147483647 2147483647 2147483647 2147483647 cdma for subscription0
02-08 07:22:22.142 D/StatusBarPolicy(  328): updateSignalStrength on subscription :0
02-08 07:22:22.142 D/StatusBarPolicy(  328): StatusBarPolocy::getIconLevel -CDMA
02-08 07:22:22.142 D/StatusBarPolicy(  328): getCdmaLevel_band_six -cdmaDbm:-59
02-08 07:22:22.142 D/StatusBarPolicy(  328): getCdmaLevel_band_six -cdmaEcio:-70
02-08 07:22:22.353 D/VoldConnector(  231): SND -> {asec list} {null}
02-08 07:22:22.383 I/BootReceiver(  231): Copying /proc/last_kmsg to DropBox (SYSTEM_LAST_KMSG)
02-08 07:22:22.513 I/ActivityManager(  231): Start proc zte.com.cn.alarmclock for broadcast zte.com.cn.alarmclock/.AlarmInitReceiver: pid=550 uid=10001 gids={}
02-08 07:22:22.613 D/VoldCmdListener(  110): asec list
02-08 07:22:22.613 D/VoldConnector(  231): RCV <- {200 asec operation succeeded}
02-08 07:22:22.613 D/VoldConnector(  231): RSP <- {200 asec operation succeeded}
02-08 07:22:22.643 I/ActivityManager(  231): Start proc android.process.media for content provider com.android.providers.downloads/.DownloadProvider: pid=558 uid=10026 gids={1015, 2001, 3003}
02-08 07:22:22.723 D/VoldConnector(  231): List terminated with {200 asec operation succeeded}
02-08 07:22:22.843 I/ActivityManager(  231): Start proc com.sprint.zone for broadcast com.sprint.zone/.BootCompleteReceiver: pid=566 uid=10002 gids={3003, 3002, 3001}
02-08 07:22:23.213 W/PackageManager(  231): Unknown permission android.permission.ADD_SYSTEM_SERVICE in package com.android.phone
02-08 07:22:23.244 W/PackageManager(  231): Not granting permission android.permission.SEND_DOWNLOAD_COMPLETED_INTENTS to package com.android.browser (protectionLevel=2 flags=0x9be45)
02-08 07:22:23.244 W/PackageManager(  231): Unknown permission com.android.email.provider.AttachmentProvider in package com.android.music
02-08 07:22:23.244 W/PackageManager(  231): Not granting permission android.permission.SEND_DOWNLOAD_COMPLETED_INTENTS to package com.android.music (protectionLevel=2 flags=0x8be65)
02-08 07:22:23.254 W/PackageManager(  231): Not granting permission android.permission.ACCESS_DRM to package com.android.mms (protectionLevel=2 flags=0x8be65)
02-08 07:22:23.254 W/PackageManager(  231): Unknown permission android.permission.RECEIVE_EMERGENCY_BROADCAST in package com.android.mms
02-08 07:22:23.274 W/PackageManager(  231): Unknown permission android.intent.action.REBOOT in package com.redbend.vdmc
02-08 07:22:23.284 W/PackageManager(  231): Not granting permission android.permission.ACCOUNT_MANAGER to package com.google.android.music (protectionLevel=2 flags=0x8bee5)
02-08 07:22:23.294 W/PackageManager(  231): Unknown permission android.permission.READ_OWNER_DATA in package com.android.email
02-08 07:22:23.304 W/PackageManager(  231): Unknown permission android.intent.action.REBOOT in package com.android.email
02-08 07:22:23.304 W/PackageManager(  231): Not granting permission android.permission.BROADCAST_WAP_PUSH to package com.android.email (protectionLevel=2 flags=0x8be45)
02-08 07:22:23.304 W/PackageManager(  231): Unknown permission com.android.providers.im.permission.READ_ONLY in package com.google.android.apps.maps
02-08 07:22:23.304 W/PackageManager(  231): Unknown permission com.google.android.providers.gmail.permission.READ_GMAIL in package com.dataviz.docstogo
02-08 07:22:23.324 W/PackageManager(  231): Not granting permission android.permission.ACCESS_CHECKIN_PROPERTIES to package com.google.android.apps.googlevoice (protectionLevel=3 flags=0x8be44)
02-08 07:22:23.324 W/PackageManager(  231): Unknown permission android.permission.READ_PROFILE in package com.google.android.apps.googlevoice
02-08 07:22:23.324 W/PackageManager(  231): Unknown permission com.google.android.apps.googlevoice.REMOTE_INTENT in package com.google.android.apps.googlevoice
02-08 07:22:23.324 W/PackageManager(  231): Unknown permission com.google.android.permission.RECEIVE_DATA_MESSAGE in package com.google.android.apps.googlevoice
02-08 07:22:23.324 W/PackageManager(  231): Unknown permission com.google.android.permission.SEND_DATA_MESSAGE in package com.google.android.apps.googlevoice
02-08 07:22:23.324 W/PackageManager(  231): Unknown permission com.android.vending.permission.UPDATE_MARKET_FAILURE in package com.android.vending.updater
02-08 07:22:23.344 W/PackageManager(  231): Not granting permission android.permission.INSTALL_PACKAGES to package com.wildtangent.android (protectionLevel=3 flags=0xbe04)
02-08 07:22:23.344 W/PackageManager(  231): Not granting permission android.permission.DELETE_PACKAGES to package com.wildtangent.android (protectionLevel=3 flags=0xbe04)
02-08 07:22:23.354 W/PackageManager(  231): Unknown permission android.permission.READ_OWNER_DATA in package com.android.setupwizard
02-08 07:22:23.354 W/PackageManager(  231): Unknown permission android.permission.WRITE_OWNER_DATA in package com.android.setupwizard
02-08 07:22:23.364 W/PackageManager(  231): Not granting permission com.google.android.gm.permission.READ_GMAIL to package uk.co.senab.blueNotifyFree (protectionLevel=2 flags=0xbe44)
02-08 07:22:23.374 W/PackageManager(  231): Not granting permission com.google.android.gm.permission.WRITE_GMAIL to package uk.co.senab.blueNotifyFree (protectionLevel=2 flags=0xbe44)
02-08 07:22:23.374 W/PackageManager(  231): Unknown permission com.google.android.providers.gmail.permission.READ_GMAIL in package uk.co.senab.blueNotifyFree
02-08 07:22:23.374 W/PackageManager(  231): Unknown permission com.google.android.providers.gmail.permission.WRITE_GMAIL in package uk.co.senab.blueNotifyFree
02-08 07:22:23.374 W/PackageManager(  231): Not granting permission android.permission.SET_PREFERRED_APPLICATIONS to package com.sprint.w.installer (protectionLevel=2 flags=0x8be45)
02-08 07:22:23.384 W/PackageManager(  231): Not granting permission com.google.android.gm.permission.READ_GMAIL to package com.google.android.apps.uploader (protectionLevel=2 flags=0xbe45)
02-08 07:22:23.394 W/PackageManager(  231): Unknown permission android.permission.READ_PROFILE in package com.google.android.apps.plus
02-08 07:22:23.394 W/PackageManager(  231): Unknown permission android.permission.WRITE_PROFILE in package com.google.android.apps.plus
02-08 07:22:23.394 W/PackageManager(  231): Unknown permission android.permission.READ_SOCIAL_STREAM in package com.google.android.apps.plus
02-08 07:22:23.394 W/PackageManager(  231): Unknown permission android.permission.WRITE_SOCIAL_STREAM in package com.google.android.apps.plus
02-08 07:22:23.394 W/PackageManager(  231): Unknown permission android.permission.READ_EXTERNAL_STORAGE in package com.android.vending
02-08 07:22:23.394 W/PackageManager(  231): Not granting permission android.permission.SEND_DOWNLOAD_COMPLETED_INTENTS to package com.android.vending (protectionLevel=2 flags=0xabec5)
02-08 07:22:23.414 W/PackageManager(  231): Not granting permission android.permission.ACCESS_DRM to package com.cid.bandroid (protectionLevel=2 flags=0xbe44)
02-08 07:22:24.204 I/ActivityManager(  231): Start proc com.android.voicedialer for broadcast com.android.voicedialer/.VoiceDialerReceiver: pid=576 uid=10005 gids={3002}
02-08 07:22:24.265 I/ActivityManager(  231): Start proc com.swype.android.inputmethod for broadcast com.swype.android.inputmethod/.SwypeDataInitializer: pid=584 uid=10011 gids={1015}
