02-08 07:22:24.485 I/TelephonyRegistry(  231): notifyServiceState: 0 home Sprint  310099  1xRTT CSS not supported 41 4139RoamInd: 1RoamStatus(sprint): 1DefRoamInd: 160EmergOnly: false
02-08 07:22:24.505 I/ActivityManager(  231): Start proc com.sprint.ce.updater for broadcast com.sprint.ce.updater/.BootCompletedReceiver: pid=593 uid=10013 gids={3003}
02-08 07:22:24.515 D/StatusBarPolicy(  328): onSignalStrengthsChanged:SignalStrength: 99 0 -64 -70 -125 -25 8 99 2147483647 2147483647 2147483647 2147483647 cdma for subscription0
02-08 07:22:24.515 D/StatusBarPolicy(  328): updateSignalStrength on subscription :0
02-08 07:22:24.525 D/StatusBarPolicy(  328): StatusBarPolocy::getIconLevel -CDMA
02-08 07:22:24.525 D/StatusBarPolicy(  328): getCdmaLevel_band_six -cdmaDbm:-64
02-08 07:22:24.525 D/StatusBarPolicy(  328): getCdmaLevel_band_six -cdmaEcio:-70
02-08 07:22:24.525 D/StatusBarPolicy(  328): onServiceStateChanged:0 home Sprint  310099  1xRTT CSS not supported 41 4139RoamInd: 1RoamStatus(sprint): 1DefRoamInd: 160EmergOnly: falsefor subscription :0
02-08 07:22:24.525 D/StatusBarPolicy(  328): updateSignalStrength on subscription :0
02-08 07:22:24.525 D/StatusBarPolicy(  328): StatusBarPolocy::getIconLevel -CDMA
02-08 07:22:24.525 D/StatusBarPolicy(  328): getCdmaLevel_band_six -cdmaDbm:-64
02-08 07:22:24.525 D/StatusBarPolicy(  328): getCdmaLevel_band_six -cdmaEcio:-70
02-08 07:22:24.525 D/StatusBarPolicy(  328): updateDataIcon subscription =0
02-08 07:22:24.615 I/ActivityManager(  231): Start proc com.sprint.w.installer for broadcast com.sprint.w.installer/.BootListener: pid=601 uid=10015 gids={3003, 1015}
02-08 07:22:24.655 D/PowerManagerService(  231): setTimeoutLocked now=41033 timeoutOverride=-1 nextState=1 when=148033
02-08 07:22:24.875 I/ActivityManager(  231): Start proc com.locationlabs.v3client for broadcast com.locationlabs.v3client/.BootCompletedReceiver: pid=610 uid=10017 gids={3003}
02-08 07:22:25.556 I/ActivityManager(  231): Start proc com.irdeto.providers.drm for broadcast com.irdeto.providers.drm/.OmaDrmReceiver: pid=618 uid=10026 gids={1015, 2001, 3003}
02-08 07:22:25.626 I/ActivityManager(  231): Start proc com.android.mms for broadcast com.android.mms/.transaction.MmsSystemEventReceiver: pid=627 uid=10033 gids={3003, 1015}
02-08 07:22:25.976 I/ActivityManager(  231): Start proc com.android.zte.HiddenMenu for broadcast com.android.zte.HiddenMenu/.CommandReceiver: pid=645 uid=1000 gids={3002, 3001, 3003, 1015}
02-08 07:22:26.637 D/StatusBarPolicy(  328): onSignalStrengthsChanged:SignalStrength: 99 0 -64 -70 -60 -10 8 99 2147483647 2147483647 2147483647 2147483647 cdma for subscription0
02-08 07:22:26.637 D/StatusBarPolicy(  328): updateSignalStrength on subscription :0
02-08 07:22:26.647 D/StatusBarPolicy(  328): StatusBarPolocy::getIconLevel -CDMA
02-08 07:22:26.647 D/StatusBarPolicy(  328): getCdmaLevel_band_six -cdmaDbm:-64
02-08 07:22:26.647 D/StatusBarPolicy(  328): getCdmaLevel_band_six -cdmaEcio:-70
02-08 07:22:26.667 I/TelephonyRegistry(  231): notifyServiceState: 0 home Sprint  310099  1xRTT CSS not supported 41 4139RoamInd: 1RoamStatus(sprint): 1DefRoamInd: 160EmergOnly: false
02-08 07:22:26.667 D/StatusBarPolicy(  328): onServiceStateChanged:0 home Sprint  310099  1xRTT CSS not supported 41 4139RoamInd: 1RoamStatus(sprint): 1DefRoamInd: 160EmergOnly: falsefor subscription :0
02-08 07:22:26.667 D/StatusBarPolicy(  328): updateSignalStrength on subscription :0
02-08 07:22:26.667 D/StatusBarPolicy(  328): StatusBarPolocy::getIconLevel -CDMA
02-08 07:22:26.667 D/StatusBarPolicy(  328): getCdmaLevel_band_six -cdmaDbm:-64
02-08 07:22:26.667 D/StatusBarPolicy(  328): getCdmaLevel_band_six -cdmaEcio:-70
02-08 07:22:26.667 D/StatusBarPolicy(  328): updateDataIcon subscription =0
02-08 07:22:26.787 I/ActivityManager(  231): Starting: Intent { flg=0x10000000 cmp=com.google.android.gsf/.update.SystemUpdateInstallDialog } from pid 377
02-08 07:22:26.807 W/WindowManager(  231): updateFocusedWindowLocked newFocus=Window{407562a8 Keyguard paused=false} mode=0 mCurrentFocus = Window{407562a8 Keyguard paused=false}
02-08 07:22:26.917 W/WindowManager(  231): updateFocusedWindowLocked newFocus=Window{407562a8 Keyguard paused=false} mode=0 mCurrentFocus = Window{407562a8 Keyguard paused=false}
02-08 07:22:26.937 W/WindowManager(  231): updateFocusedWindowLocked newFocus=Window{407562a8 Keyguard paused=false} mode=2 mCurrentFocus = Window{407562a8 Keyguard paused=false}
02-08 07:22:26.937 W/WindowManager(  231): updateFocusedWindowLocked newFocus=Window{407562a8 Keyguard paused=false} mode=2 mCurrentFocus = Window{407562a8 Keyguard paused=false}
02-08 07:22:26.947 W/WindowManager(  231): updateFocusedWindowLocked newFocus=Window{407562a8 Keyguard paused=false} mode=3 mCurrentFocus = Window{407562a8 Keyguard paused=false}
02-08 07:22:27.388 D/PowerManagerService(  231): setTimeoutLocked now=43768 timeoutOverride=-1 nextState=3 when=49768
02-08 07:22:27.398 W/WindowManager(  231): updateFocusedWindowLocked newFocus=null mode=3 mCurrentFocus = Window{407562a8 Keyguard paused=false}
02-08 07:22:27.408 W/WindowManager(  231): updateFocusedWindowLocked newFocus=Window{40706508 com.android.launcher/com.android.launcher2.Launcher paused=false} mode=2 mCurrentFocus = null
02-08 07:22:27.468 D/PowerManagerService(  231): setTimeoutLocked now=43840 timeoutOverride=-1 nextState=3 when=49840
02-08 07:22:27.758 I/ActivityManager(  231): Start proc com.google.android.gm for broadcast com.google.android.gm/.MailIntentReceiver: pid=660 uid=10046 gids={3003, 1015}
02-08 07:22:28.108 I/ActivityManager(  231): Start proc com.dataviz.docstogo for broadcast com.dataviz.docstogo/com.dataviz.dxtg.common.android.DTGPhoneBootReceiver: pid=675 uid=10052 gids={3003, 1015}
02-08 07:22:28.439 I/ActivityManager(  231): Process com.dataviz.docstogo (pid 675) has died.
02-08 07:22:28.669 I/ActivityManager(  231): Start proc com.android.camera for broadcast com.android.camera/.BootCamera: pid=683 uid=10055 gids={1006, 1015}
02-08 07:22:28.829 I/ActivityManager(  231): Start proc com.android.providers.calendar for broadcast com.android.providers.calendar/.CalendarReceiver: pid=692 uid=10056 gids={3003}
02-08 07:22:28.889 D/StatusBarPolicy(  328): onSignalStrengthsChanged:SignalStrength: 99 0 -64 -70 -59 -10 8 99 2147483647 2147483647 2147483647 2147483647 cdma for subscription0
02-08 07:22:28.889 D/StatusBarPolicy(  328): updateSignalStrength on subscription :0
02-08 07:22:28.889 D/StatusBarPolicy(  328): StatusBarPolocy::getIconLevel -CDMA
02-08 07:22:28.889 D/StatusBarPolicy(  328): getCdmaLevel_band_six -cdmaDbm:-64
02-08 07:22:28.889 D/StatusBarPolicy(  328): getCdmaLevel_band_six -cdmaEcio:-70
02-08 07:22:29.019 I/ActivityManager(  231): Start proc com.android.calendar for broadcast com.android.calendar/.AlertReceiver: pid=702 uid=10057 gids={3003}
02-08 07:22:29.119 I/ActivityManager(  231): Start proc com.qualcomm.cabl for broadcast com.qualcomm.cabl/.CABLReceiver: pid=710 uid=1000 gids={3002, 3001, 3003, 1015}
02-08 07:22:29.179 I/ActivityManager(  231): Start proc com.google.android.apps.googlevoice for broadcast com.google.android.apps.googlevoice/.BootUpReceiver: pid=719 uid=10067 gids={3003, 1015}
02-08 07:22:29.430 I/TelephonyRegistry(  231): notifyServiceState: 0 home Sprint  310099  1xRTT CSS not supported 41 4139RoamInd: 1RoamStatus(sprint): 1DefRoamInd: 160EmergOnly: false
02-08 07:22:29.430 D/StatusBarPolicy(  328): onServiceStateChanged:0 home Sprint  310099  1xRTT CSS not supported 41 4139RoamInd: 1RoamStatus(sprint): 1DefRoamInd: 160EmergOnly: falsefor subscription :0
02-08 07:22:29.430 D/StatusBarPolicy(  328): updateSignalStrength on subscription :0
02-08 07:22:29.430 D/StatusBarPolicy(  328): StatusBarPolocy::getIconLevel -CDMA
02-08 07:22:29.430 D/StatusBarPolicy(  328): getCdmaLevel_band_six -cdmaDbm:-64
02-08 07:22:29.430 D/StatusBarPolicy(  328): getCdmaLevel_band_six -cdmaEcio:-70
02-08 07:22:29.430 D/StatusBarPolicy(  328): updateDataIcon subscription =0
02-08 07:22:29.460 I/TelephonyRegistry(  231): notifyServiceState: 0 home Sprint  310099  EvDo rev. A CSS not supported 41 4139RoamInd: 1RoamStatus(sprint): 1DefRoamInd: 160EmergOnly: false
02-08 07:22:29.460 D/StatusBarPolicy(  328): onServiceStateChanged:0 home Sprint  310099  EvDo rev. A CSS not supported 41 4139RoamInd: 1RoamStatus(sprint): 1DefRoamInd: 160EmergOnly: falsefor subscription :0
02-08 07:22:29.460 D/StatusBarPolicy(  328): updateSignalStrength on subscription :0
02-08 07:22:29.460 D/StatusBarPolicy(  328): StatusBarPolocy::getIconLevel -EVDO
02-08 07:22:29.460 D/StatusBarPolicy(  328): getEvdoLevel_band_six -evdoDbm:-59
02-08 07:22:29.460 D/StatusBarPolicy(  328): getEvdoLevel_band_six -evdoEcio:-10
02-08 07:22:29.460 D/StatusBarPolicy(  328): updateDataIcon subscription =0
02-08 07:22:29.500 I/TelephonyRegistry(  231): notifyDataConnection: anyState=0,default/INET,apnTypeState=1,iface=null,ip=null,gw=null,isDataConnectivityPossible=true,networkType=6,reason=radioTechnologyChanged
02-08 07:22:29.500 D/StatusBarPolicy(  328): StatusBarPolicy onDataConnectionStateChanged to 0for nw : 6on subscription : 0
02-08 07:22:29.500 D/StatusBarPolicy(  328): Data network type changed to:6
02-08 07:22:29.500 D/StatusBarPolicy(  328): updateDataIcon subscription =0
02-08 07:22:29.520 I/TelephonyRegistry(  231): notifyDataConnection: anyState=0,default/INET6,apnTypeState=0,iface=null,ip=null,gw=null,isDataConnectivityPossible=true,networkType=6,reason=radioTechnologyChanged
02-08 07:22:29.530 I/TelephonyRegistry(  231): notifyDataConnection: anyState=0,mms/INET,apnTypeState=0,iface=null,ip=null,gw=null,isDataConnectivityPossible=true,networkType=6,reason=radioTechnologyChanged
02-08 07:22:29.540 I/TelephonyRegistry(  231): notifyDataConnection: anyState=0,mms/INET6,apnTypeState=0,iface=null,ip=null,gw=null,isDataConnectivityPossible=true,networkType=6,reason=radioTechnologyChanged
02-08 07:22:29.550 I/TelephonyRegistry(  231): notifyDataConnection: anyState=0,supl/INET,apnTypeState=0,iface=null,ip=null,gw=null,isDataConnectivityPossible=true,networkType=6,reason=radioTechnologyChanged
02-08 07:22:29.560 I/TelephonyRegistry(  231): notifyDataConnection: anyState=0,supl/INET6,apnTypeState=0,iface=null,ip=null,gw=null,isDataConnectivityPossible=true,networkType=6,reason=radioTechnologyChanged
02-08 07:22:29.570 I/TelephonyRegistry(  231): notifyDataConnection: anyState=0,dun/INET,apnTypeState=0,iface=null,ip=null,gw=null,isDataConnectivityPossible=true,networkType=6,reason=radioTechnologyChanged
02-08 07:22:29.590 I/TelephonyRegistry(  231): notifyDataConnection: anyState=0,dun/INET6,apnTypeState=0,iface=null,ip=null,gw=null,isDataConnectivityPossible=true,networkType=6,reason=radioTechnologyChanged
02-08 07:22:29.590 I/TelephonyRegistry(  231): notifyDataConnection: anyState=0,hipri/INET,apnTypeState=0,iface=null,ip=null,gw=null,isDataConnectivityPossible=true,networkType=6,reason=radioTechnologyChanged
02-08 07:22:29.600 I/TelephonyRegistry(  231): notifyDataConnection: anyState=0,hipri/INET6,apnTypeState=0,iface=null,ip=null,gw=null,isDataConnectivityPossible=true,networkType=6,reason=radioTechnologyChanged
02-08 07:22:29.960 I/ActivityManager(  231): Start proc com.spartancoders.gtok for broadcast com.spartancoders.gtok/com.spartanbits.gochat.GtokBroadcastReceiver: pid=727 uid=10072 gids={3003, 1015}
02-08 07:22:30.551 I/ActivityManager(  231): Start proc com.google.android.apps.maps:FriendService for broadcast com.google.android.apps.maps/com.google.googlenav.friend.android.ServiceReceiver: pid=737 uid=10036 gids={3003, 1015}
02-08 07:22:31.121 D/StatusBarPolicy(  328): onSignalStrengthsChanged:SignalStrength: 99 0 -64 -70 -58 -10 8 99 2147483647 2147483647 2147483647 2147483647 cdma for subscription0
02-08 07:22:31.121 D/StatusBarPolicy(  328): updateSignalStrength on subscription :0
02-08 07:22:31.121 D/StatusBarPolicy(  328): StatusBarPolocy::getIconLevel -EVDO
02-08 07:22:31.121 D/StatusBarPolicy(  328): getEvdoLevel_band_six -evdoDbm:-58
02-08 07:22:31.121 D/StatusBarPolicy(  328): getEvdoLevel_band_six -evdoEcio:-10
02-08 07:22:31.351 I/ActivityManager(  231): No longer want com.google.android.googlequicksearchbox (pid 483): hidden #16
02-08 07:22:31.702 I/ActivityManager(  231): Start proc com.google.android.googlequicksearchbox for broadcast com.google.android.googlequicksearchbox/.SearchWidgetProvider: pid=759 uid=10043 gids={3003}
02-08 07:22:31.712 I/ActivityManager(  231): No longer want com.qualcomm.privinit (pid 520): hidden #16
02-08 07:22:33.473 D/PowerManagerService(  231): setTimeoutLocked now=49847 timeoutOverride=-1 nextState=1 when=156847
02-08 07:22:35.305 I/ActivityManager(  231): No longer want com.cooliris.media (pid 528): hidden #16
02-08 07:22:35.315 D/StatusBarPolicy(  328): onSignalStrengthsChanged:SignalStrength: 99 0 -64 -70 -57 -10 8 99 2147483647 2147483647 2147483647 2147483647 cdma for subscription0
02-08 07:22:35.315 D/StatusBarPolicy(  328): updateSignalStrength on subscription :0
02-08 07:22:35.315 D/StatusBarPolicy(  328): StatusBarPolocy::getIconLevel -EVDO
02-08 07:22:35.315 D/StatusBarPolicy(  328): getEvdoLevel_band_six -evdoDbm:-57
02-08 07:22:35.315 D/StatusBarPolicy(  328): getEvdoLevel_band_six -evdoEcio:-10
02-08 07:22:35.365 I/ActivityManager(  231): No longer want zte.com.cn.alarmclock (pid 550): hidden #16
02-08 07:22:35.515 I/ActivityManager(  231): No longer want com.sprint.zone (pid 566): hidden #16
02-08 07:22:35.556 I/ActivityManager(  231): Start proc com.google.android.apps.uploader for broadcast com.google.android.apps.uploader/.ConnectivityBroadcastReceiver: pid=774 uid=10034 gids={3003}
02-08 07:22:35.576 I/ActivityManager(  231): No longer want com.android.voicedialer (pid 576): hidden #16
02-08 07:22:35.696 I/ActivityManager(  231): Start proc com.cooliris.media for broadcast com.cooliris.media/com.cooliris.cache.BootReceiver: pid=785 uid=10049 gids={1015, 3003}
02-08 07:22:35.756 I/TelephonyRegistry(  231): notifyDataConnection: anyState=2,default/INET,apnTypeState=2,iface=rmnet0,ip=107.34.33.146,gw=107.34.33.145,isDataConnectivityPossible=true,networkType=6,reason=radioTechnologyChanged
02-08 07:22:35.756 D/StatusBarPolicy(  328): StatusBarPolicy onDataConnectionStateChanged to 2for nw : 6on subscription : 0
02-08 07:22:35.756 D/StatusBarPolicy(  328): Data network type changed to:6
02-08 07:22:35.756 D/StatusBarPolicy(  328): updateDataIcon subscription =0
02-08 07:22:35.786 I/TelephonyRegistry(  231): notifyDataConnection: anyState=2,mms/INET,apnTypeState=2,iface=rmnet0,ip=107.34.33.146,gw=107.34.33.145,isDataConnectivityPossible=true,networkType=6,reason=radioTechnologyChanged
02-08 07:22:35.796 D/ConnectivityService(  231): ConnectivityChange for mobile: CONNECTED/CONNECTED
02-08 07:22:35.796 D/ConnectivityService(  231): Got Network Connection Succ from Driver nwtype=0
02-08 07:22:35.806 D/ConnectivityService(  231): adding dns 68.28.67.132 for mobile
02-08 07:22:35.816 D/ConnectivityService(  231): adding dns 68.28.68.132 for mobile
02-08 07:22:35.816 I/TelephonyRegistry(  231): notifyDataConnection: anyState=2,supl/INET,apnTypeState=2,iface=rmnet0,ip=107.34.33.146,gw=107.34.33.145,isDataConnectivityPossible=true,networkType=6,reason=radioTechnologyChanged
02-08 07:22:35.826 D/NetdConnector(  231): SND -> {route replace def v4 rmnet0 107.34.33.145} {null}
02-08 07:22:35.836 I/TelephonyRegistry(  231): notifyDataConnection: anyState=2,hipri/INET,apnTypeState=2,iface=rmnet0,ip=107.34.33.146,gw=107.34.33.145,isDataConnectivityPossible=true,networkType=6,reason=radioTechnologyChanged
02-08 07:22:35.876 D/StatusBarPolicy(  328): updateDataIcon subscription =0
02-08 07:22:35.926 D/NetdConnector(  231): RCV <- {200 default route replace succeeded for [rmnet0 -4]}
02-08 07:22:35.936 D/NetdConnector(  231): RSP <- {200 default route replace succeeded for [rmnet0 -4]}
02-08 07:22:35.936 D/NetworkManagementService(  231): 200 default route replace succeeded for [rmnet0 -4]
02-08 07:22:35.936 D/StatusBarPolicy(  328): Data network type changed to:6
02-08 07:22:35.946 D/StatusBarPolicy(  328): updateDataIcon subscription =0
02-08 07:22:35.946 D/StatusBarPolicy(  328): updateSignalStrength on subscription :0
02-08 07:22:35.946 D/StatusBarPolicy(  328): StatusBarPolocy::getIconLevel -EVDO
02-08 07:22:35.946 D/StatusBarPolicy(  328): getEvdoLevel_band_six -evdoDbm:-57
02-08 07:22:35.956 D/StatusBarPolicy(  328): getEvdoLevel_band_six -evdoEcio:-10
02-08 07:22:36.076 I/ActivityManager(  231): Start proc com.google.android.apps.plus for broadcast com.google.android.apps.plus/.service.PackagesMediaMonitor: pid=798 uid=10021 gids={3003, 1015, 1006}
02-08 07:22:36.076 I/ActivityManager(  231): No longer want com.swype.android.inputmethod (pid 584): hidden #16
02-08 07:22:36.086 I/ActivityManager(  231): No longer want com.locationlabs.v3client (pid 610): hidden #16
02-08 07:22:36.506 D/RPC     (  231): 3000008c:00050000 sending call (XID 1).
02-08 07:22:36.516 D/RPC     (  231): 3000008c:00050000 received REPLY (XID 1), grabbing mutex to wake up client.
02-08 07:22:36.516 D/RPC     (  231): 3000008c:00050000 call success.
02-08 07:22:36.516 D/RPC     (  231): 3000008c:00050000 sending call (XID 2).
02-08 07:22:36.516 D/RPC     (  231): 3000008c:00050000 received REPLY (XID 2), grabbing mutex to wake up client.
02-08 07:22:36.516 D/RPC     (  231): 3000008c:00050000 call success.
02-08 07:22:36.526 I/ActivityManager(  231): No longer want com.android.mms (pid 627): hidden #16
02-08 07:22:36.536 D/RPC     (  231): 3000008c:00050000 received CALL.
02-08 07:22:36.617 D/RPC     (  231): 3000008c:00050000 dispatching RPC call (XID 15, xdr 0x366f90) for callback client 3100008c:00050001.
02-08 07:22:36.617 D/RPC     (  231): 3100008c:327681 sending RPC reply (XID 15)
02-08 07:22:36.617 D/RPC     (  231): 3000008c:00050000 sending call (XID 3).
02-08 07:22:36.617 D/RPC     (  231): 3000008c:00050000 received REPLY (XID 3), grabbing mutex to wake up client.
02-08 07:22:36.617 D/RPC     (  231): 3000008c:00050000 call success.
02-08 07:22:36.617 D/RPC     (  231): 3000008c:00050000 received CALL.
02-08 07:22:36.617 D/RPC     (  231): 3000008c:00050000 dispatching RPC call (XID 16, xdr 0x366f90) for callback client 3100008c:00050001.
02-08 07:22:36.617 D/RPC     (  231): 3100008c:327681 sending RPC reply (XID 16)
02-08 07:22:36.617 D/RPC     (  231): 3000008c:00050000 sending call (XID 4).
02-08 07:22:36.617 D/RPC     (  231): 3000008c:00050000 received REPLY (XID 4), grabbing mutex to wake up client.
02-08 07:22:36.617 D/RPC     (  231): 3000008c:00050000 call success.
02-08 07:22:36.637 D/RPC     (  231): 3000008c:00050000 received CALL.
02-08 07:22:36.637 D/RPC     (  231): 3000008c:00050000 dispatching RPC call (XID 17, xdr 0x366f90) for callback client 3100008c:00050001.
02-08 07:22:36.637 D/RPC     (  231): 3100008c:327681 sending RPC reply (XID 17)
02-08 07:22:36.717 I/ActivityManager(  231): No longer want com.android.zte.HiddenMenu (pid 645): hidden #16
02-08 07:22:36.737 I/ActivityManager(  231): Start proc com.google.android.music:main for broadcast com.google.android.music/.store.MediaStoreImportService$Receiver: pid=812 uid=10030 gids={3003, 1015}
02-08 07:22:36.877 D/StatusBarPolicy(  328): updateDataIcon subscription =0
02-08 07:22:37.237 D/RPC     (  231): 3000008c:00050000 sending call (XID 5).
02-08 07:22:37.237 D/RPC     (  231): 3000008c:00050000 received REPLY (XID 5), grabbing mutex to wake up client.
02-08 07:22:37.237 D/RPC     (  231): 3000008c:00050000 call success.
02-08 07:22:37.237 D/RPC     (  231): 3000008c:00050000 received CALL.
02-08 07:22:37.237 D/RPC     (  231): 3000008c:00050000 dispatching RPC call (XID 18, xdr 0x366f90) for callback client 3100008c:00050001.
02-08 07:22:37.237 D/RPC     (  231): 3100008c:327681 sending RPC reply (XID 18)
02-08 07:22:37.257 I/ActivityManager(  231): No longer want com.android.camera (pid 683): hidden #16
02-08 07:22:37.267 I/ActivityManager(  231): Start proc com.google.android.apps.maps:LocationFriendService for broadcast com.google.android.apps.maps/com.google.googlenav.friend.reporting.LocationReportingIntentReceiver: pid=825 uid=10036 gids={3003, 1015}
02-08 07:22:37.638 I/ActivityManager(  231): Starting: Intent { flg=0x10000000 cmp=com.google.android.apps.maps/com.google.googlenav.login.AndroidLoginActivitySdk5 (has extras) } from pid 825
02-08 07:22:37.648 I/ActivityManager(  231): Start proc com.google.android.apps.maps for activity com.google.android.apps.maps/com.google.googlenav.login.AndroidLoginActivitySdk5: pid=835 uid=10036 gids={3003, 1015}
02-08 07:22:37.658 I/ActivityManager(  231): No longer want com.android.calendar (pid 702): hidden #16
02-08 07:22:37.728 W/WindowManager(  231): updateFocusedWindowLocked newFocus=null mode=0 mCurrentFocus = Window{40706508 com.android.launcher/com.android.launcher2.Launcher paused=false}
02-08 07:22:37.868 D/ConnectivityService(  231): reportNetworkCondition(0, 0)
02-08 07:22:37.868 D/ConnectivityService(  231): Inet connectivity change, net=0, condition=0,mActiveDefaultNetwork=0
02-08 07:22:37.868 D/ConnectivityService(  231): starting a change hold
02-08 07:22:37.888 D/StatusBarPolicy(  328): updateDataIcon subscription =0
02-08 07:22:37.898 I/ActivityManager(  231): Start proc com.facebook.katana for broadcast com.facebook.katana/.binding.UploadManagerConnectivity: pid=846 uid=10065 gids={3003, 1015}
02-08 07:22:38.999 D/StatusBarPolicy(  328): updateDataIcon subscription =0
02-08 07:22:39.129 W/WindowManager(  231): updateFocusedWindowLocked newFocus=Window{40706508 com.android.launcher/com.android.launcher2.Launcher paused=false} mode=0 mCurrentFocus = null
02-08 07:22:39.149 W/WindowManager(  231): updateFocusedWindowLocked newFocus=Window{40706508 com.android.launcher/com.android.launcher2.Launcher paused=false} mode=2 mCurrentFocus = Window{40706508 com.android.launcher/com.android.launcher2.Launcher paused=false}
02-08 07:22:39.159 W/WindowManager(  231): updateFocusedWindowLocked newFocus=Window{40706508 com.android.launcher/com.android.launcher2.Launcher paused=false} mode=2 mCurrentFocus = Window{40706508 com.android.launcher/com.android.launcher2.Launcher paused=false}
02-08 07:22:39.169 W/InputManagerService(  231): Window already focused, ignoring focus gain of: com.android.internal.view.IInputMethodClient$Stub$Proxy@407cfd48
02-08 07:22:40.000 D/StatusBarPolicy(  328): updateDataIcon subscription =0
02-08 07:22:40.220 I/ActivityManager(  231): Start proc com.sprint.zone for broadcast com.sprint.zone/.PackageUpdateReceiver: pid=869 uid=10002 gids={3003, 3002, 3001}
02-08 07:22:40.360 I/ActivityManager(  231): Start proc com.android.voicedialer for broadcast com.android.voicedialer/.VoiceDialerReceiver: pid=877 uid=10005 gids={3002}
02-08 07:22:40.410 I/ActivityManager(  231): Start proc com.android.vending for broadcast com.android.vending/com.google.android.finsky.receivers.PersistentPackageMonitorReceiver: pid=885 uid=10023 gids={3003, 1015}
02-08 07:22:40.410 I/ActivityManager(  231): No longer want com.qualcomm.cabl (pid 710): hidden #16
02-08 07:22:40.881 D/ConnectivityService(  231): Inet hold end, net=0, condition =0, published condition =0
02-08 07:22:40.881 D/ConnectivityService(  231): no change in condition - aborting
02-08 07:22:41.041 I/ActivityManager(  231): No longer want com.spartancoders.gtok (pid 727): hidden #16
02-08 07:22:41.141 I/ActivityManager(  231): No longer want com.google.android.apps.maps:FriendService (pid 737): hidden #16
02-08 07:22:42.202 I/ActivityManager(  231): No longer want com.google.android.partnersetup (pid 435): hidden #16
02-08 07:22:42.302 D/StatusBarPolicy(  328): onSignalStrengthsChanged:SignalStrength: 99 0 -64 -70 -70 -10 8 99 2147483647 2147483647 2147483647 2147483647 cdma for subscription0
02-08 07:22:42.302 D/StatusBarPolicy(  328): updateSignalStrength on subscription :0
02-08 07:22:42.302 D/StatusBarPolicy(  328): StatusBarPolocy::getIconLevel -EVDO
02-08 07:22:42.302 D/StatusBarPolicy(  328): getEvdoLevel_band_six -evdoDbm:-70
02-08 07:22:42.302 D/StatusBarPolicy(  328): getEvdoLevel_band_six -evdoEcio:-10
02-08 07:22:43.663 I/ActivityManager(  231): Start proc com.facebook.orca for broadcast com.facebook.orca/.push.c2dm.C2DMBroadcastReceiver: pid=920 uid=10066 gids={3003, 1015, 1006}
02-08 07:22:43.764 D/ConnectivityService(  231): reportNetworkCondition(0, 100)
02-08 07:22:43.774 D/ConnectivityService(  231): Inet connectivity change, net=0, condition=100,mActiveDefaultNetwork=0
02-08 07:22:43.774 D/ConnectivityService(  231): starting a change hold
02-08 07:22:44.274 D/ConnectivityService(  231): Inet hold end, net=0, condition =100, published condition =0
02-08 07:22:44.274 D/StatusBarPolicy(  328): Data network type changed to:6
02-08 07:22:44.274 D/StatusBarPolicy(  328): updateDataIcon subscription =0
02-08 07:22:44.274 D/StatusBarPolicy(  328): updateSignalStrength on subscription :0
02-08 07:22:44.274 D/StatusBarPolicy(  328): StatusBarPolocy::getIconLevel -EVDO
02-08 07:22:44.274 D/StatusBarPolicy(  328): getEvdoLevel_band_six -evdoDbm:-70
02-08 07:22:44.274 D/StatusBarPolicy(  328): getEvdoLevel_band_six -evdoEcio:-10
02-08 07:22:44.554 D/StatusBarPolicy(  328): onSignalStrengthsChanged:SignalStrength: 99 0 -64 -70 -67 -10 8 99 2147483647 2147483647 2147483647 2147483647 cdma for subscription0
02-08 07:22:44.554 D/StatusBarPolicy(  328): updateSignalStrength on subscription :0
02-08 07:22:44.554 D/StatusBarPolicy(  328): StatusBarPolocy::getIconLevel -EVDO
02-08 07:22:44.554 D/StatusBarPolicy(  328): getEvdoLevel_band_six -evdoDbm:-67
02-08 07:22:44.554 D/StatusBarPolicy(  328): getEvdoLevel_band_six -evdoEcio:-10
02-08 07:22:45.445 I/ActivityManager(  231): Start proc com.locationlabs.v3client for broadcast com.locationlabs.v3client/.BootCompletedReceiver: pid=929 uid=10017 gids={3003}
02-08 07:22:46.206 I/ActivityManager(  231): No longer want com.sprint.ce.updater (pid 593): hidden #16
02-08 07:22:47.267 I/TelephonyRegistry(  231): notifyMessageWaitingChanged: true
02-08 07:22:48.048 D/StatusBarPolicy(  328): updateDataIcon subscription =0
02-08 07:22:49.029 D/StatusBarPolicy(  328): onSignalStrengthsChanged:SignalStrength: 99 0 -64 -70 -62 -10 8 99 2147483647 2147483647 2147483647 2147483647 cdma for subscription0
02-08 07:22:49.029 D/StatusBarPolicy(  328): updateSignalStrength on subscription :0
02-08 07:22:49.029 D/StatusBarPolicy(  328): StatusBarPolocy::getIconLevel -EVDO
02-08 07:22:49.029 D/StatusBarPolicy(  328): getEvdoLevel_band_six -evdoDbm:-62
02-08 07:22:49.029 D/StatusBarPolicy(  328): getEvdoLevel_band_six -evdoEcio:-10
02-08 07:22:49.059 D/StatusBarPolicy(  328): updateDataIcon subscription =0
02-08 07:22:57.987 D/StatusBarPolicy(  328): onSignalStrengthsChanged:SignalStrength: 99 0 -64 -70 -57 -10 8 99 2147483647 2147483647 2147483647 2147483647 cdma for subscription0
02-08 07:22:57.987 D/StatusBarPolicy(  328): updateSignalStrength on subscription :0
02-08 07:22:57.987 D/StatusBarPolicy(  328): StatusBarPolocy::getIconLevel -EVDO
02-08 07:22:57.987 D/StatusBarPolicy(  328): getEvdoLevel_band_six -evdoDbm:-57
02-08 07:22:57.987 D/StatusBarPolicy(  328): getEvdoLevel_band_six -evdoEcio:-10
02-08 07:22:59.139 D/StatusBarPolicy(  328): updateDataIcon subscription =0
02-08 07:22:59.999 D/AlarmManager(  231): scheduleTimeTickEvent calendar=Wed Feb 08 07:24:00 CST 2012
02-08 07:22:59.999 D/AlarmManager(  231): calendar.getTimeInMillis()1328707440000
02-08 07:23:00.140 D/StatusBarPolicy(  328): updateDataIcon subscription =0
02-08 07:23:02.472 D/StatusBarPolicy(  328): onSignalStrengthsChanged:SignalStrength: 99 0 -64 -70 -49 -10 8 99 2147483647 2147483647 2147483647 2147483647 cdma for subscription0
02-08 07:23:02.472 D/StatusBarPolicy(  328): updateSignalStrength on subscription :0
02-08 07:23:02.472 D/StatusBarPolicy(  328): StatusBarPolocy::getIconLevel -EVDO
02-08 07:23:02.472 D/StatusBarPolicy(  328): getEvdoLevel_band_six -evdoDbm:-49
02-08 07:23:02.472 D/StatusBarPolicy(  328): getEvdoLevel_band_six -evdoEcio:-10
02-08 07:23:03.142 D/StatusBarPolicy(  328): updateDataIcon subscription =0
02-08 07:23:04.724 D/StatusBarPolicy(  328): onSignalStrengthsChanged:SignalStrength: 99 0 -64 -70 -50 -10 8 99 2147483647 2147483647 2147483647 2147483647 cdma for subscription0
02-08 07:23:04.724 D/StatusBarPolicy(  328): updateSignalStrength on subscription :0
02-08 07:23:04.734 D/StatusBarPolicy(  328): StatusBarPolocy::getIconLevel -EVDO
02-08 07:23:04.734 D/StatusBarPolicy(  328): getEvdoLevel_band_six -evdoDbm:-50
02-08 07:23:04.734 D/StatusBarPolicy(  328): getEvdoLevel_band_six -evdoEcio:-10
02-08 07:23:06.135 D/PowerManagerService(  231): setTimeoutLocked now=82515 timeoutOverride=-1 nextState=3 when=88515
02-08 07:23:06.155 W/WindowManager(  231): updateFocusedWindowLocked newFocus=Window{406a6118 TrackingView paused=false} mode=3 mCurrentFocus = Window{40706508 com.android.launcher/com.android.launcher2.Launcher paused=false}
02-08 07:23:06.516 D/PowerManagerService(  231): setTimeoutLocked now=82890 timeoutOverride=-1 nextState=3 when=88890
02-08 07:23:07.697 W/WindowManager(  231): updateFocusedWindowLocked newFocus=Window{40625758 StatusBarExpanded paused=false} mode=3 mCurrentFocus = Window{406a6118 TrackingView paused=false}
02-08 07:23:09.529 D/PowerManagerService(  231): setTimeoutLocked now=85903 timeoutOverride=-1 nextState=3 when=91903
02-08 07:23:09.699 D/PowerManagerService(  231): setTimeoutLocked now=86079 timeoutOverride=-1 nextState=3 when=92079
02-08 07:23:09.709 I/ActivityManager(  231): Starting: Intent { act=android.intent.action.VIEW dat=fb-messenger://thread/t_eCYB6euHM2MVwUBLyVYRTA flg=0x4000000 cmp=com.facebook.orca/.intents.IntentHandler bnds=[0,159][320,223] (has extras) } from pid -1
02-08 07:23:09.709 W/ActivityManager(  231): startActivity called from non-Activity context; forcing Intent.FLAG_ACTIVITY_NEW_TASK for: Intent { act=android.intent.action.VIEW dat=fb-messenger://thread/t_eCYB6euHM2MVwUBLyVYRTA flg=0x4000000 cmp=com.facebook.orca/.intents.IntentHandler bnds=[0,159][320,223] (has extras) }
02-08 07:23:09.719 W/WindowManager(  231): updateFocusedWindowLocked newFocus=Window{40625758 StatusBarExpanded paused=false} mode=3 mCurrentFocus = Window{40625758 StatusBarExpanded paused=false}
02-08 07:23:09.799 W/WindowManager(  231): updateFocusedWindowLocked newFocus=Window{40625758 StatusBarExpanded paused=false} mode=0 mCurrentFocus = Window{40625758 StatusBarExpanded paused=false}
02-08 07:23:09.799 W/WindowManager(  231): updateFocusedWindowLocked newFocus=Window{40625758 StatusBarExpanded paused=false} mode=2 mCurrentFocus = Window{40625758 StatusBarExpanded paused=false}
02-08 07:23:09.799 W/WindowManager(  231): updateFocusedWindowLocked newFocus=Window{40625758 StatusBarExpanded paused=false} mode=2 mCurrentFocus = Window{40625758 StatusBarExpanded paused=false}
02-08 07:23:09.819 I/ActivityManager(  231): Starting: Intent { cmp=com.facebook.orca/.threadview.ThreadViewActivity (has extras) } from pid 920
02-08 07:23:09.819 W/WindowManager(  231): updateFocusedWindowLocked newFocus=Window{40625758 StatusBarExpanded paused=false} mode=3 mCurrentFocus = Window{40625758 StatusBarExpanded paused=false}
02-08 07:23:09.839 W/WindowManager(  231): updateFocusedWindowLocked newFocus=Window{40625758 StatusBarExpanded paused=false} mode=0 mCurrentFocus = Window{40625758 StatusBarExpanded paused=false}
02-08 07:23:09.879 W/WindowManager(  231): updateFocusedWindowLocked newFocus=Window{40625758 StatusBarExpanded paused=false} mode=2 mCurrentFocus = Window{40625758 StatusBarExpanded paused=false}
02-08 07:23:09.879 W/WindowManager(  231): updateFocusedWindowLocked newFocus=Window{40625758 StatusBarExpanded paused=false} mode=2 mCurrentFocus = Window{40625758 StatusBarExpanded paused=false}
02-08 07:23:09.899 W/WindowManager(  231): updateFocusedWindowLocked newFocus=Window{40625758 StatusBarExpanded paused=false} mode=3 mCurrentFocus = Window{40625758 StatusBarExpanded paused=false}
02-08 07:23:09.979 W/WindowManager(  231): updateFocusedWindowLocked newFocus=Window{40625758 StatusBarExpanded paused=false} mode=3 mCurrentFocus = Window{40625758 StatusBarExpanded paused=false}
02-08 07:23:09.979 W/WindowManager(  231): updateFocusedWindowLocked newFocus=null mode=3 mCurrentFocus = Window{40625758 StatusBarExpanded paused=false}
02-08 07:23:10.209 D/StatusBarPolicy(  328): updateDataIcon subscription =0
02-08 07:23:10.390 W/WindowManager(  231): updateFocusedWindowLocked newFocus=Window{409b1428 com.facebook.orca/com.facebook.orca.threadview.ThreadViewActivity paused=false} mode=3 mCurrentFocus = null
02-08 07:23:10.740 I/ActivityManager(  231): No longer want com.android.providers.calendar (pid 692): hidden #16
02-08 07:23:10.790 W/WindowManager(  231): updateFocusedWindowLocked newFocus=Window{409b1428 com.facebook.orca/com.facebook.orca.threadview.ThreadViewActivity paused=false} mode=3 mCurrentFocus = Window{409b1428 com.facebook.orca/com.facebook.orca.threadview.ThreadViewActivity paused=false}
02-08 07:23:12.752 I/WindowManager(  231): Setting rotation to 1, animFlags=0
02-08 07:23:12.752 I/ActivityManager(  231): Config changed: { scale=1.0 imsi=310/120 loc=en_US touch=3 keys=1/1/2 nav=1/1 orien=2 layout=18 uiMode=17 seq=5}
02-08 07:23:12.882 I/WindowManager(  231): Setting rotation to 0, animFlags=0
02-08 07:23:12.882 I/ActivityManager(  231): Config changed: { scale=1.0 imsi=310/120 loc=en_US touch=3 keys=1/1/2 nav=1/1 orien=1 layout=18 uiMode=17 seq=6}
02-08 07:23:13.673 D/StatusBarPolicy(  328): onSignalStrengthsChanged:SignalStrength: 99 0 -64 -70 -52 -10 8 99 2147483647 2147483647 2147483647 2147483647 cdma for subscription0
02-08 07:23:13.673 D/StatusBarPolicy(  328): updateSignalStrength on subscription :0
02-08 07:23:13.673 D/StatusBarPolicy(  328): StatusBarPolocy::getIconLevel -EVDO
02-08 07:23:13.673 D/StatusBarPolicy(  328): getEvdoLevel_band_six -evdoDbm:-52
02-08 07:23:13.673 D/StatusBarPolicy(  328): getEvdoLevel_band_six -evdoEcio:-10
02-08 07:23:15.214 I/ActivityManager(  231): No longer want com.android.email (pid 534): hidden #16
02-08 07:23:15.705 D/PowerManagerService(  231): setTimeoutLocked now=92083 timeoutOverride=-1 nextState=1 when=199083
