02-07 23:11:18.525 W/WindowManager(30833): updateFocusedWindowLocked newFocus=Window{406dd440 com.android.launcher/com.android.launcher2.Launcher paused=false} mode=3 mCurrentFocus = Window{406dd440 com.android.launcher/com.android.launcher2.Launcher paused=false}
02-07 23:11:21.198 D/PowerManagerService(30833): setTimeoutLocked now=198213852 timeoutOverride=-1 nextState=3 when=198219852
02-07 23:11:21.258 D/PowerManagerService(30833): setTimeoutLocked now=198213923 timeoutOverride=-1 nextState=3 when=198219923
02-07 23:11:22.299 D/PowerManagerService(30833): setTimeoutLocked now=198214963 timeoutOverride=-1 nextState=3 when=198220963
02-07 23:11:22.419 W/WindowManager(30833): updateFocusedWindowLocked newFocus=Window{409d49e8 AtchDlg:com.android.launcher/com.android.launcher2.Launcher paused=false} mode=1 mCurrentFocus = Window{406dd440 com.android.launcher/com.android.launcher2.Launcher paused=false}
02-07 23:11:22.429 W/WindowManager(30833): updateFocusedWindowLocked newFocus=Window{409d49e8 AtchDlg:com.android.launcher/com.android.launcher2.Launcher paused=false} mode=3 mCurrentFocus = Window{409d49e8 AtchDlg:com.android.launcher/com.android.launcher2.Launcher paused=false}
02-07 23:11:23.700 D/PowerManagerService(30833): setTimeoutLocked now=198216366 timeoutOverride=-1 nextState=3 when=198222366
02-07 23:11:23.780 D/PowerManagerService(30833): setTimeoutLocked now=198216448 timeoutOverride=-1 nextState=3 when=198222448
02-07 23:11:23.790 I/ActivityManager(30833): Starting: Intent { act=android.settings.MANAGE_ALL_APPLICATIONS_SETTINGS cmp=com.android.settings/.applications.ManageApplications } from pid 30911
02-07 23:11:23.820 W/WindowManager(30833): updateFocusedWindowLocked newFocus=null mode=0 mCurrentFocus = Window{409d49e8 AtchDlg:com.android.launcher/com.android.launcher2.Launcher paused=false}
02-07 23:11:23.850 W/WindowManager(30833): updateFocusedWindowLocked newFocus=null mode=3 mCurrentFocus = null
02-07 23:11:25.041 W/WindowManager(30833): updateFocusedWindowLocked newFocus=Window{40b34b78 com.android.settings/com.android.settings.applications.ManageApplications paused=false} mode=3 mCurrentFocus = null
02-07 23:11:25.222 W/WindowManager(30833): updateFocusedWindowLocked newFocus=Window{40b34b78 com.android.settings/com.android.settings.applications.ManageApplications paused=false} mode=2 mCurrentFocus = Window{40b34b78 com.android.settings/com.android.settings.applications.ManageApplications paused=false}
02-07 23:11:25.222 W/WindowManager(30833): updateFocusedWindowLocked newFocus=Window{40b34b78 com.android.settings/com.android.settings.applications.ManageApplications paused=false} mode=2 mCurrentFocus = Window{40b34b78 com.android.settings/com.android.settings.applications.ManageApplications paused=false}
02-07 23:11:25.302 W/WindowManager(30833): updateFocusedWindowLocked newFocus=Window{40b34b78 com.android.settings/com.android.settings.applications.ManageApplications paused=false} mode=3 mCurrentFocus = Window{40b34b78 com.android.settings/com.android.settings.applications.ManageApplications paused=false}
02-07 23:11:26.383 D/PowerManagerService(30833): setTimeoutLocked now=198219047 timeoutOverride=-1 nextState=3 when=198225047
02-07 23:11:26.463 D/PowerManagerService(30833): setTimeoutLocked now=198219125 timeoutOverride=-1 nextState=3 when=198225125
02-07 23:11:29.736 D/PowerManagerService(30833): setTimeoutLocked now=198222393 timeoutOverride=-1 nextState=3 when=198228393
02-07 23:11:29.756 D/PowerManagerService(30833): setTimeoutLocked now=198222419 timeoutOverride=-1 nextState=3 when=198228419
02-07 23:11:29.896 I/ActivityManager(30833): Starting: Intent { cmp=com.android.settings/.applications.RunningServiceDetails (has extras) } from pid 2887
02-07 23:11:29.906 W/WindowManager(30833): updateFocusedWindowLocked newFocus=null mode=0 mCurrentFocus = Window{40b34b78 com.android.settings/com.android.settings.applications.ManageApplications paused=true}
02-07 23:11:30.126 W/WindowManager(30833): updateFocusedWindowLocked newFocus=Window{40a852b8 com.android.settings/com.android.settings.applications.RunningServiceDetails paused=false} mode=3 mCurrentFocus = null
02-07 23:11:30.226 W/WindowManager(30833): updateFocusedWindowLocked newFocus=Window{40a852b8 com.android.settings/com.android.settings.applications.RunningServiceDetails paused=false} mode=2 mCurrentFocus = Window{40a852b8 com.android.settings/com.android.settings.applications.RunningServiceDetails paused=false}
02-07 23:11:30.226 W/WindowManager(30833): updateFocusedWindowLocked newFocus=Window{40a852b8 com.android.settings/com.android.settings.applications.RunningServiceDetails paused=false} mode=2 mCurrentFocus = Window{40a852b8 com.android.settings/com.android.settings.applications.RunningServiceDetails paused=false}
02-07 23:11:30.266 W/WindowManager(30833): updateFocusedWindowLocked newFocus=Window{40a852b8 com.android.settings/com.android.settings.applications.RunningServiceDetails paused=false} mode=3 mCurrentFocus = Window{40a852b8 com.android.settings/com.android.settings.applications.RunningServiceDetails paused=false}
02-07 23:11:31.177 D/PowerManagerService(30833): setTimeoutLocked now=198223846 timeoutOverride=-1 nextState=3 when=198229846
02-07 23:11:31.287 D/PowerManagerService(30833): setTimeoutLocked now=198223950 timeoutOverride=-1 nextState=3 when=198229950
02-07 23:11:34.360 D/PowerManagerService(30833): setTimeoutLocked now=198227020 timeoutOverride=-1 nextState=3 when=198233020
02-07 23:11:34.661 D/PowerManagerService(30833): setTimeoutLocked now=198227322 timeoutOverride=-1 nextState=3 when=198233322
02-07 23:11:35.161 D/PowerManagerService(30833): setTimeoutLocked now=198227824 timeoutOverride=-1 nextState=3 when=198233824
02-07 23:11:35.522 D/PowerManagerService(30833): setTimeoutLocked now=198228188 timeoutOverride=-1 nextState=3 when=198234188
02-07 23:11:36.523 D/PowerManagerService(30833): setTimeoutLocked now=198229186 timeoutOverride=-1 nextState=3 when=198235186
02-07 23:11:36.843 D/PowerManagerService(30833): setTimeoutLocked now=198229500 timeoutOverride=-1 nextState=3 when=198235500
02-07 23:11:37.123 D/PowerManagerService(30833): setTimeoutLocked now=198229789 timeoutOverride=-1 nextState=3 when=198235789
02-07 23:11:38.254 D/PowerManagerService(30833): setTimeoutLocked now=198230911 timeoutOverride=-1 nextState=3 when=198236911
02-07 23:11:38.344 D/PowerManagerService(30833): setTimeoutLocked now=198231008 timeoutOverride=-1 nextState=3 when=198237008
02-07 23:11:40.597 D/PowerManagerService(30833): setTimeoutLocked now=198233251 timeoutOverride=-1 nextState=3 when=198239251
02-07 23:11:40.667 D/PowerManagerService(30833): setTimeoutLocked now=198233326 timeoutOverride=-1 nextState=3 when=198239326
02-07 23:11:40.707 W/WindowManager(30833): updateFocusedWindowLocked newFocus=Window{40a852b8 com.android.settings/com.android.settings.applications.RunningServiceDetails paused=true} mode=0 mCurrentFocus = Window{40a852b8 com.android.settings/com.android.settings.applications.RunningServiceDetails paused=true}
02-07 23:11:40.707 I/ActivityManager(30833): No longer want com.redbend.vdmc (pid 32515): hidden #16
02-07 23:11:40.717 I/ActivityManager(30833): No longer want com.google.android.googlequicksearchbox (pid 32077): hidden #17
02-07 23:11:40.767 W/WindowManager(30833): updateFocusedWindowLocked newFocus=Window{40b34b78 com.android.settings/com.android.settings.applications.ManageApplications paused=false} mode=3 mCurrentFocus = Window{40a852b8 com.android.settings/com.android.settings.applications.RunningServiceDetails paused=false}
02-07 23:11:41.037 W/ActivityManager(30833): Scheduling restart of crashed service com.redbend.vdmc/.Vdmc in 5000ms
02-07 23:11:41.097 W/WindowManager(30833): updateFocusedWindowLocked newFocus=Window{40b34b78 com.android.settings/com.android.settings.applications.ManageApplications paused=false} mode=2 mCurrentFocus = Window{40b34b78 com.android.settings/com.android.settings.applications.ManageApplications paused=false}
02-07 23:11:41.097 W/WindowManager(30833): updateFocusedWindowLocked newFocus=Window{40b34b78 com.android.settings/com.android.settings.applications.ManageApplications paused=false} mode=2 mCurrentFocus = Window{40b34b78 com.android.settings/com.android.settings.applications.ManageApplications paused=false}
02-07 23:11:41.147 W/WindowManager(30833): updateFocusedWindowLocked newFocus=Window{40b34b78 com.android.settings/com.android.settings.applications.ManageApplications paused=false} mode=3 mCurrentFocus = Window{40b34b78 com.android.settings/com.android.settings.applications.ManageApplications paused=false}
02-07 23:11:41.267 W/WindowManager(30833): updateFocusedWindowLocked newFocus=Window{40b34b78 com.android.settings/com.android.settings.applications.ManageApplications paused=false} mode=3 mCurrentFocus = Window{40b34b78 com.android.settings/com.android.settings.applications.ManageApplications paused=false}
02-07 23:11:41.287 W/WindowManager(30833): updateFocusedWindowLocked newFocus=Window{40b34b78 com.android.settings/com.android.settings.applications.ManageApplications paused=false} mode=0 mCurrentFocus = Window{40b34b78 com.android.settings/com.android.settings.applications.ManageApplications paused=false}
02-07 23:11:41.988 D/StatusBarPolicy(30891): updateDataIcon subscription =0
02-07 23:11:42.999 D/StatusBarPolicy(30891): updateDataIcon subscription =0
02-07 23:11:43.209 D/StatusBarPolicy(30891): onSignalStrengthsChanged:SignalStrength: 99 0 -58 -70 -56 -5 8 99 2147483647 2147483647 2147483647 2147483647 cdma for subscription0
02-07 23:11:43.209 D/StatusBarPolicy(30891): updateSignalStrength on subscription :0
02-07 23:11:43.209 D/StatusBarPolicy(30891): StatusBarPolocy::getIconLevel -EVDO
02-07 23:11:43.209 D/StatusBarPolicy(30891): getEvdoLevel_band_six -evdoDbm:-56
02-07 23:11:43.219 D/StatusBarPolicy(30891): getEvdoLevel_band_six -evdoEcio:-5
02-07 23:11:44.000 D/StatusBarPolicy(30891): updateDataIcon subscription =0
02-07 23:11:46.072 I/ActivityManager(30833): Start proc com.redbend.vdmc for service com.redbend.vdmc/.Vdmc: pid=3102 uid=1000 gids={3002, 3001, 3003, 1015}
02-07 23:11:46.372 D/PowerManagerService(30833): setTimeoutLocked now=198239029 timeoutOverride=-1 nextState=3 when=198245029
02-07 23:11:46.733 D/PowerManagerService(30833): setTimeoutLocked now=198239393 timeoutOverride=-1 nextState=3 when=198245393
02-07 23:11:46.983 D/PowerManagerService(30833): setTimeoutLocked now=198239644 timeoutOverride=-1 nextState=3 when=198245644
02-07 23:11:47.403 D/PowerManagerService(30833): setTimeoutLocked now=198240062 timeoutOverride=-1 nextState=3 when=198246062
02-07 23:11:47.713 D/PowerManagerService(30833): setTimeoutLocked now=198240371 timeoutOverride=-1 nextState=3 when=198246371
02-07 23:11:47.814 D/PowerManagerService(30833): setTimeoutLocked now=198240472 timeoutOverride=-1 nextState=3 when=198246472
02-07 23:11:48.184 D/PowerManagerService(30833): setTimeoutLocked now=198240848 timeoutOverride=-1 nextState=3 when=198246848
02-07 23:11:48.504 D/PowerManagerService(30833): setTimeoutLocked now=198241149 timeoutOverride=-1 nextState=3 when=198247149
02-07 23:11:48.564 D/PowerManagerService(30833): setTimeoutLocked now=198241225 timeoutOverride=-1 nextState=3 when=198247225
02-07 23:11:48.935 D/PowerManagerService(30833): setTimeoutLocked now=198241590 timeoutOverride=-1 nextState=3 when=198247590
02-07 23:11:49.105 D/PowerManagerService(30833): setTimeoutLocked now=198241769 timeoutOverride=-1 nextState=3 when=198247769
02-07 23:11:53.289 D/StatusBarPolicy(30891): updateDataIcon subscription =0
02-07 23:11:54.410 D/StatusBarPolicy(30891): onSignalStrengthsChanged:SignalStrength: 99 0 -58 -70 -56 -15 8 99 2147483647 2147483647 2147483647 2147483647 cdma for subscription0
02-07 23:11:54.410 D/StatusBarPolicy(30891): updateSignalStrength on subscription :0
02-07 23:11:54.410 D/StatusBarPolicy(30891): StatusBarPolocy::getIconLevel -EVDO
02-07 23:11:54.410 D/StatusBarPolicy(30891): getEvdoLevel_band_six -evdoDbm:-56
02-07 23:11:54.430 D/StatusBarPolicy(30891): getEvdoLevel_band_six -evdoEcio:-15
02-07 23:11:55.111 D/PowerManagerService(30833): setTimeoutLocked now=198247770 timeoutOverride=-1 nextState=1 when=198354770
02-07 23:11:55.431 D/PowerManagerService(30833): setTimeoutLocked now=198248082 timeoutOverride=-1 nextState=3 when=198254082
02-07 23:11:55.611 I/ActivityManager(30833): Starting: Intent { act=android.intent.action.MAIN cat=[android.intent.category.HOME] flg=0x10200000 cmp=com.android.launcher/com.android.launcher2.Launcher } from pid 30833
02-07 23:11:55.611 W/WindowManager(30833): updateFocusedWindowLocked newFocus=Window{40b34b78 com.android.settings/com.android.settings.applications.ManageApplications paused=true} mode=0 mCurrentFocus = Window{40b34b78 com.android.settings/com.android.settings.applications.ManageApplications paused=true}
02-07 23:11:55.651 W/WindowManager(30833): updateFocusedWindowLocked newFocus=null mode=3 mCurrentFocus = Window{40b34b78 com.android.settings/com.android.settings.applications.ManageApplications paused=true}
02-07 23:11:55.681 W/WindowManager(30833): updateFocusedWindowLocked newFocus=Window{406dd440 com.android.launcher/com.android.launcher2.Launcher paused=false} mode=3 mCurrentFocus = null
02-07 23:11:55.731 W/WindowManager(30833): updateFocusedWindowLocked newFocus=Window{406dd440 com.android.launcher/com.android.launcher2.Launcher paused=false} mode=2 mCurrentFocus = Window{406dd440 com.android.launcher/com.android.launcher2.Launcher paused=false}
02-07 23:11:55.731 W/WindowManager(30833): updateFocusedWindowLocked newFocus=Window{406dd440 com.android.launcher/com.android.launcher2.Launcher paused=false} mode=2 mCurrentFocus = Window{406dd440 com.android.launcher/com.android.launcher2.Launcher paused=false}
02-07 23:11:55.741 W/WindowManager(30833): updateFocusedWindowLocked newFocus=Window{406dd440 com.android.launcher/com.android.launcher2.Launcher paused=false} mode=3 mCurrentFocus = Window{406dd440 com.android.launcher/com.android.launcher2.Launcher paused=false}
02-07 23:11:56.442 W/WindowManager(30833): updateFocusedWindowLocked newFocus=Window{406dd440 com.android.launcher/com.android.launcher2.Launcher paused=false} mode=3 mCurrentFocus = Window{406dd440 com.android.launcher/com.android.launcher2.Launcher paused=false}
02-07 23:11:56.462 W/WindowManager(30833): updateFocusedWindowLocked newFocus=Window{406dd440 com.android.launcher/com.android.launcher2.Launcher paused=false} mode=0 mCurrentFocus = Window{406dd440 com.android.launcher/com.android.launcher2.Launcher paused=false}
02-07 23:11:56.682 D/StatusBarPolicy(30891): onSignalStrengthsChanged:SignalStrength: 99 0 -58 -315 -56 -15 8 99 2147483647 2147483647 2147483647 2147483647 cdma for subscription0
02-07 23:11:56.682 D/StatusBarPolicy(30891): updateSignalStrength on subscription :0
02-07 23:11:56.682 D/StatusBarPolicy(30891): StatusBarPolocy::getIconLevel -EVDO
02-07 23:11:56.702 D/StatusBarPolicy(30891): getEvdoLevel_band_six -evdoDbm:-56
02-07 23:11:56.702 D/StatusBarPolicy(30891): getEvdoLevel_band_six -evdoEcio:-15
02-07 23:11:57.943 D/PowerManagerService(30833): setTimeoutLocked now=198250605 timeoutOverride=-1 nextState=3 when=198256605
02-07 23:11:58.084 D/PowerManagerService(30833): setTimeoutLocked now=198250743 timeoutOverride=-1 nextState=3 when=198256743
02-07 23:11:58.884 D/StatusBarPolicy(30891): onSignalStrengthsChanged:SignalStrength: 99 0 -120 -70 -120 -5 8 99 2147483647 2147483647 2147483647 2147483647 cdma for subscription0
02-07 23:11:58.884 D/StatusBarPolicy(30891): updateSignalStrength on subscription :0
02-07 23:11:58.884 D/StatusBarPolicy(30891): StatusBarPolocy::getIconLevel -EVDO
02-07 23:11:58.884 D/StatusBarPolicy(30891): getEvdoLevel_band_six -evdoDbm:-120
02-07 23:11:58.884 D/StatusBarPolicy(30891): getEvdoLevel_band_six -evdoEcio:-5
02-07 23:11:58.904 D/StatusBarPolicy(30891): onSignalStrengthsChanged:SignalStrength: 99 0 -58 -70 -57 -5 8 99 2147483647 2147483647 2147483647 2147483647 cdma for subscription0
02-07 23:11:58.904 D/StatusBarPolicy(30891): updateSignalStrength on subscription :0
02-07 23:11:58.904 D/StatusBarPolicy(30891): StatusBarPolocy::getIconLevel -EVDO
02-07 23:11:58.904 D/StatusBarPolicy(30891): getEvdoLevel_band_six -evdoDbm:-57
02-07 23:11:58.904 D/StatusBarPolicy(30891): getEvdoLevel_band_six -evdoEcio:-5
02-07 23:11:59.835 D/PowerManagerService(30833): setTimeoutLocked now=198252490 timeoutOverride=-1 nextState=3 when=198258490
02-07 23:11:59.965 D/PowerManagerService(30833): setTimeoutLocked now=198252625 timeoutOverride=-1 nextState=3 when=198258625
02-07 23:11:59.995 D/AlarmManager(30833): scheduleTimeTickEvent calendar=Tue Feb 07 23:13:00 CST 2012
02-07 23:11:59.995 D/AlarmManager(30833): calendar.getTimeInMillis()1328677980000
02-07 23:12:03.809 D/PowerManagerService(30833): setTimeoutLocked now=198256477 timeoutOverride=-1 nextState=3 when=198262477
02-07 23:12:03.879 D/PowerManagerService(30833): setTimeoutLocked now=198256548 timeoutOverride=-1 nextState=3 when=198262548
02-07 23:12:04.069 I/ActivityManager(30833): Starting: Intent { act=android.intent.action.MAIN cat=[android.intent.category.LAUNCHER] flg=0x10200000 cmp=com.google.android.apps.googlevoice/.SplashActivity } from pid 30911
02-07 23:12:04.089 W/WindowManager(30833): updateFocusedWindowLocked newFocus=null mode=0 mCurrentFocus = Window{406dd440 com.android.launcher/com.android.launcher2.Launcher paused=true}
02-07 23:12:04.099 W/WindowManager(30833): updateFocusedWindowLocked newFocus=null mode=3 mCurrentFocus = null
02-07 23:12:04.129 W/WindowManager(30833): updateFocusedWindowLocked newFocus=null mode=3 mCurrentFocus = null
02-07 23:12:04.170 W/WindowManager(30833): updateFocusedWindowLocked newFocus=Window{40aa3548 com.google.android.apps.googlevoice/com.google.android.apps.googlevoice.PhoneCallListActivity paused=false} mode=2 mCurrentFocus = null
02-07 23:12:04.170 W/WindowManager(30833): updateFocusedWindowLocked newFocus=Window{40aa3548 com.google.android.apps.googlevoice/com.google.android.apps.googlevoice.PhoneCallListActivity paused=false} mode=2 mCurrentFocus = Window{40aa3548 com.google.android.apps.googlevoice/com.google.android.apps.googlevoice.PhoneCallListActivity paused=false}
02-07 23:12:04.290 W/WindowManager(30833): updateFocusedWindowLocked newFocus=Window{40aa3548 com.google.android.apps.googlevoice/com.google.android.apps.googlevoice.PhoneCallListActivity paused=false} mode=3 mCurrentFocus = Window{40aa3548 com.google.android.apps.googlevoice/com.google.android.apps.googlevoice.PhoneCallListActivity paused=false}
02-07 23:12:05.611 D/StatusBarPolicy(30891): onSignalStrengthsChanged:SignalStrength: 99 0 -58 -70 -58 -5 8 99 2147483647 2147483647 2147483647 2147483647 cdma for subscription0
02-07 23:12:05.611 D/StatusBarPolicy(30891): updateSignalStrength on subscription :0
02-07 23:12:05.611 D/StatusBarPolicy(30891): StatusBarPolocy::getIconLevel -EVDO
02-07 23:12:05.611 D/StatusBarPolicy(30891): getEvdoLevel_band_six -evdoDbm:-58
02-07 23:12:05.611 D/StatusBarPolicy(30891): getEvdoLevel_band_six -evdoEcio:-5
02-07 23:12:06.352 D/PowerManagerService(30833): setTimeoutLocked now=198259013 timeoutOverride=-1 nextState=3 when=198265013
02-07 23:12:06.602 D/PowerManagerService(30833): setTimeoutLocked now=198259261 timeoutOverride=-1 nextState=3 when=198265261
02-07 23:12:07.293 D/PowerManagerService(30833): setTimeoutLocked now=198259948 timeoutOverride=-1 nextState=3 when=198265948
02-07 23:12:07.433 W/WindowManager(30833): updateFocusedWindowLocked newFocus=Window{40605260 AtchDlg:com.google.android.apps.googlevoice/com.google.android.apps.googlevoice.PhoneCallListActivity paused=false} mode=1 mCurrentFocus = Window{40aa3548 com.google.android.apps.googlevoice/com.google.android.apps.googlevoice.PhoneCallListActivity paused=false}
02-07 23:12:07.453 W/WindowManager(30833): updateFocusedWindowLocked newFocus=Window{40605260 AtchDlg:com.google.android.apps.googlevoice/com.google.android.apps.googlevoice.PhoneCallListActivity paused=false} mode=3 mCurrentFocus = Window{40605260 AtchDlg:com.google.android.apps.googlevoice/com.google.android.apps.googlevoice.PhoneCallListActivity paused=false}
02-07 23:12:09.064 D/PowerManagerService(30833): setTimeoutLocked now=198261724 timeoutOverride=-1 nextState=3 when=198267724
02-07 23:12:09.164 D/PowerManagerService(30833): setTimeoutLocked now=198261822 timeoutOverride=-1 nextState=3 when=198267822
02-07 23:12:09.174 W/WindowManager(30833): updateFocusedWindowLocked newFocus=Window{40759380 AtchDlg:com.google.android.apps.googlevoice/com.google.android.apps.googlevoice.PhoneCallListActivity paused=false} mode=1 mCurrentFocus = Window{40605260 AtchDlg:com.google.android.apps.googlevoice/com.google.android.apps.googlevoice.PhoneCallListActivity paused=false}
02-07 23:12:09.194 W/WindowManager(30833): updateFocusedWindowLocked newFocus=Window{40759380 AtchDlg:com.google.android.apps.googlevoice/com.google.android.apps.googlevoice.PhoneCallListActivity paused=false} mode=3 mCurrentFocus = Window{40759380 AtchDlg:com.google.android.apps.googlevoice/com.google.android.apps.googlevoice.PhoneCallListActivity paused=false}
02-07 23:12:09.265 W/WindowManager(30833): updateFocusedWindowLocked newFocus=Window{40759380 AtchDlg:com.google.android.apps.googlevoice/com.google.android.apps.googlevoice.PhoneCallListActivity paused=false} mode=3 mCurrentFocus = Window{40759380 AtchDlg:com.google.android.apps.googlevoice/com.google.android.apps.googlevoice.PhoneCallListActivity paused=false}
02-07 23:12:10.015 D/PowerManagerService(30833): setTimeoutLocked now=198262673 timeoutOverride=-1 nextState=3 when=198268673
02-07 23:12:10.095 D/PowerManagerService(30833): setTimeoutLocked now=198262757 timeoutOverride=-1 nextState=3 when=198268757
02-07 23:12:10.926 W/WindowManager(30833): updateFocusedWindowLocked newFocus=Window{40aa3548 com.google.android.apps.googlevoice/com.google.android.apps.googlevoice.PhoneCallListActivity paused=false} mode=3 mCurrentFocus = Window{40759380 AtchDlg:com.google.android.apps.googlevoice/com.google.android.apps.googlevoice.PhoneCallListActivity paused=false}
02-07 23:12:11.667 W/InputManagerService(30833): Window already focused, ignoring focus gain of: com.android.internal.view.IInputMethodClient$Stub$Proxy@40686448
02-07 23:12:16.101 D/PowerManagerService(30833): setTimeoutLocked now=198268764 timeoutOverride=-1 nextState=1 when=198375764
02-07 23:12:17.222 D/PowerManagerService(30833): setTimeoutLocked now=198269885 timeoutOverride=-1 nextState=3 when=198275885
02-07 23:12:17.312 W/WindowManager(30833): updateFocusedWindowLocked newFocus=Window{40aa3548 com.google.android.apps.googlevoice/com.google.android.apps.googlevoice.PhoneCallListActivity paused=true} mode=0 mCurrentFocus = Window{40aa3548 com.google.android.apps.googlevoice/com.google.android.apps.googlevoice.PhoneCallListActivity paused=true}
02-07 23:12:18.033 W/WindowManager(30833): updateFocusedWindowLocked newFocus=Window{409c9db0 com.google.android.apps.googlevoice/com.google.android.apps.googlevoice.activity.conversationlist.ConversationListActivity paused=false} mode=3 mCurrentFocus = Window{40aa3548 com.google.android.apps.googlevoice/com.google.android.apps.googlevoice.PhoneCallListActivity paused=false}
02-07 23:12:18.173 W/WindowManager(30833): updateFocusedWindowLocked newFocus=Window{409c9db0 com.google.android.apps.googlevoice/com.google.android.apps.googlevoice.activity.conversationlist.ConversationListActivity paused=false} mode=2 mCurrentFocus = Window{409c9db0 com.google.android.apps.googlevoice/com.google.android.apps.googlevoice.activity.conversationlist.ConversationListActivity paused=false}
02-07 23:12:18.173 W/WindowManager(30833): updateFocusedWindowLocked newFocus=Window{409c9db0 com.google.android.apps.googlevoice/com.google.android.apps.googlevoice.activity.conversationlist.ConversationListActivity paused=false} mode=2 mCurrentFocus = Window{409c9db0 com.google.android.apps.googlevoice/com.google.android.apps.googlevoice.activity.conversationlist.ConversationListActivity paused=false}
02-07 23:12:18.193 W/WindowManager(30833): updateFocusedWindowLocked newFocus=Window{409c9db0 com.google.android.apps.googlevoice/com.google.android.apps.googlevoice.activity.conversationlist.ConversationListActivity paused=false} mode=3 mCurrentFocus = Window{409c9db0 com.google.android.apps.googlevoice/com.google.android.apps.googlevoice.activity.conversationlist.ConversationListActivity paused=false}
02-07 23:12:18.213 W/WindowManager(30833): updateFocusedWindowLocked newFocus=Window{409c9db0 com.google.android.apps.googlevoice/com.google.android.apps.googlevoice.activity.conversationlist.ConversationListActivity paused=false} mode=3 mCurrentFocus = Window{409c9db0 com.google.android.apps.googlevoice/com.google.android.apps.googlevoice.activity.conversationlist.ConversationListActivity paused=false}
02-07 23:12:18.233 W/WindowManager(30833): updateFocusedWindowLocked newFocus=Window{409c9db0 com.google.android.apps.googlevoice/com.google.android.apps.googlevoice.activity.conversationlist.ConversationListActivity paused=false} mode=3 mCurrentFocus = Window{409c9db0 com.google.android.apps.googlevoice/com.google.android.apps.googlevoice.activity.conversationlist.ConversationListActivity paused=false}
02-07 23:12:21.386 D/PowerManagerService(30833): setTimeoutLocked now=198274044 timeoutOverride=-1 nextState=3 when=198280044
02-07 23:12:21.436 D/PowerManagerService(30833): setTimeoutLocked now=198274093 timeoutOverride=-1 nextState=3 when=198280093
02-07 23:12:21.597 I/ActivityManager(30833): Starting: Intent { dat=googlevoice://conversations/63156e3c51b0428222537306c859856ce4bc120e cmp=com.google.android.apps.googlevoice/.PhoneCallListActivity } from pid 31602
02-07 23:12:21.637 W/WindowManager(30833): updateFocusedWindowLocked newFocus=null mode=0 mCurrentFocus = Window{409c9db0 com.google.android.apps.googlevoice/com.google.android.apps.googlevoice.activity.conversationlist.ConversationListActivity paused=true}
02-07 23:12:21.737 W/WindowManager(30833): updateFocusedWindowLocked newFocus=Window{407cf260 com.google.android.apps.googlevoice/com.google.android.apps.googlevoice.PhoneCallListActivity paused=false} mode=3 mCurrentFocus = null
02-07 23:12:21.817 W/WindowManager(30833): updateFocusedWindowLocked newFocus=Window{407cf260 com.google.android.apps.googlevoice/com.google.android.apps.googlevoice.PhoneCallListActivity paused=false} mode=2 mCurrentFocus = Window{407cf260 com.google.android.apps.googlevoice/com.google.android.apps.googlevoice.PhoneCallListActivity paused=false}
02-07 23:12:21.817 W/WindowManager(30833): updateFocusedWindowLocked newFocus=Window{407cf260 com.google.android.apps.googlevoice/com.google.android.apps.googlevoice.PhoneCallListActivity paused=false} mode=2 mCurrentFocus = Window{407cf260 com.google.android.apps.googlevoice/com.google.android.apps.googlevoice.PhoneCallListActivity paused=false}
02-07 23:12:21.837 W/WindowManager(30833): updateFocusedWindowLocked newFocus=Window{407cf260 com.google.android.apps.googlevoice/com.google.android.apps.googlevoice.PhoneCallListActivity paused=false} mode=3 mCurrentFocus = Window{407cf260 com.google.android.apps.googlevoice/com.google.android.apps.googlevoice.PhoneCallListActivity paused=false}
02-07 23:12:25.440 D/PowerManagerService(30833): setTimeoutLocked now=198278098 timeoutOverride=-1 nextState=3 when=198284098
02-07 23:12:25.691 I/ActivityManager(30833): Starting: Intent { act=android.intent.action.MAIN cat=[android.intent.category.HOME] flg=0x10200000 cmp=com.android.launcher/com.android.launcher2.Launcher } from pid 30833
02-07 23:12:25.711 W/WindowManager(30833): updateFocusedWindowLocked newFocus=null mode=3 mCurrentFocus = Window{407cf260 com.google.android.apps.googlevoice/com.google.android.apps.googlevoice.PhoneCallListActivity paused=true}
02-07 23:12:25.721 W/WindowManager(30833): updateFocusedWindowLocked newFocus=null mode=0 mCurrentFocus = null
02-07 23:12:25.731 W/WindowManager(30833): updateFocusedWindowLocked newFocus=null mode=3 mCurrentFocus = null
02-07 23:12:25.761 D/StatusBarPolicy(30891): onSignalStrengthsChanged:SignalStrength: 99 0 -58 -70 -59 -5 8 99 2147483647 2147483647 2147483647 2147483647 cdma for subscription0
02-07 23:12:25.761 D/StatusBarPolicy(30891): updateSignalStrength on subscription :0
02-07 23:12:25.761 D/StatusBarPolicy(30891): StatusBarPolocy::getIconLevel -EVDO
02-07 23:12:25.761 D/StatusBarPolicy(30891): getEvdoLevel_band_six -evdoDbm:-59
02-07 23:12:25.761 D/StatusBarPolicy(30891): getEvdoLevel_band_six -evdoEcio:-5
02-07 23:12:25.781 W/WindowManager(30833): updateFocusedWindowLocked newFocus=Window{406dd440 com.android.launcher/com.android.launcher2.Launcher paused=false} mode=2 mCurrentFocus = null
02-07 23:12:25.781 W/WindowManager(30833): updateFocusedWindowLocked newFocus=Window{406dd440 com.android.launcher/com.android.launcher2.Launcher paused=false} mode=2 mCurrentFocus = Window{406dd440 com.android.launcher/com.android.launcher2.Launcher paused=false}
02-07 23:12:25.791 W/WindowManager(30833): updateFocusedWindowLocked newFocus=Window{406dd440 com.android.launcher/com.android.launcher2.Launcher paused=false} mode=3 mCurrentFocus = Window{406dd440 com.android.launcher/com.android.launcher2.Launcher paused=false}
02-07 23:12:27.042 D/PowerManagerService(30833): setTimeoutLocked now=198279703 timeoutOverride=-1 nextState=3 when=198285703
02-07 23:12:27.122 D/PowerManagerService(30833): setTimeoutLocked now=198279787 timeoutOverride=-1 nextState=3 when=198285787
02-07 23:12:28.603 D/PowerManagerService(30833): setTimeoutLocked now=198281265 timeoutOverride=-1 nextState=3 when=198287265
02-07 23:12:28.764 D/PowerManagerService(30833): setTimeoutLocked now=198281425 timeoutOverride=-1 nextState=3 when=198287425
02-07 23:12:30.245 D/StatusBarPolicy(30891): onSignalStrengthsChanged:SignalStrength: 99 0 -58 -70 -62 -20 8 99 2147483647 2147483647 2147483647 2147483647 cdma for subscription0
02-07 23:12:30.245 D/StatusBarPolicy(30891): updateSignalStrength on subscription :0
02-07 23:12:30.245 D/StatusBarPolicy(30891): StatusBarPolocy::getIconLevel -EVDO
02-07 23:12:30.245 D/StatusBarPolicy(30891): getEvdoLevel_band_six -evdoDbm:-62
02-07 23:12:30.245 D/StatusBarPolicy(30891): getEvdoLevel_band_six -evdoEcio:-20
02-07 23:12:31.416 D/PowerManagerService(30833): setTimeoutLocked now=198284070 timeoutOverride=-1 nextState=3 when=198290070
02-07 23:12:31.536 W/WindowManager(30833): updateFocusedWindowLocked newFocus=Window{40824ad0 AtchDlg:com.android.launcher/com.android.launcher2.Launcher paused=false} mode=1 mCurrentFocus = Window{406dd440 com.android.launcher/com.android.launcher2.Launcher paused=false}
02-07 23:12:31.546 W/WindowManager(30833): updateFocusedWindowLocked newFocus=Window{40824ad0 AtchDlg:com.android.launcher/com.android.launcher2.Launcher paused=false} mode=3 mCurrentFocus = Window{40824ad0 AtchDlg:com.android.launcher/com.android.launcher2.Launcher paused=false}
02-07 23:12:32.497 D/StatusBarPolicy(30891): onSignalStrengthsChanged:SignalStrength: 99 0 -61 -315 -62 -20 8 99 2147483647 2147483647 2147483647 2147483647 cdma for subscription0
02-07 23:12:32.497 D/StatusBarPolicy(30891): updateSignalStrength on subscription :0
02-07 23:12:32.497 D/StatusBarPolicy(30891): StatusBarPolocy::getIconLevel -EVDO
02-07 23:12:32.497 D/StatusBarPolicy(30891): getEvdoLevel_band_six -evdoDbm:-62
02-07 23:12:32.497 D/StatusBarPolicy(30891): getEvdoLevel_band_six -evdoEcio:-20
02-07 23:12:32.607 D/PowerManagerService(30833): setTimeoutLocked now=198285267 timeoutOverride=-1 nextState=3 when=198291267
02-07 23:12:32.637 D/PowerManagerService(30833): setTimeoutLocked now=198285305 timeoutOverride=-1 nextState=3 when=198291305
02-07 23:12:32.637 I/ActivityManager(30833): Starting: Intent { act=android.settings.MANAGE_ALL_APPLICATIONS_SETTINGS cmp=com.android.settings/.applications.ManageApplications } from pid 30911
02-07 23:12:32.667 W/WindowManager(30833): updateFocusedWindowLocked newFocus=null mode=0 mCurrentFocus = Window{40824ad0 AtchDlg:com.android.launcher/com.android.launcher2.Launcher paused=false}
02-07 23:12:32.757 W/WindowManager(30833): updateFocusedWindowLocked newFocus=null mode=3 mCurrentFocus = null
02-07 23:12:32.978 W/WindowManager(30833): updateFocusedWindowLocked newFocus=Window{40863e68 com.android.settings/com.android.settings.applications.ManageApplications paused=false} mode=3 mCurrentFocus = null
02-07 23:12:33.128 W/WindowManager(30833): updateFocusedWindowLocked newFocus=Window{40863e68 com.android.settings/com.android.settings.applications.ManageApplications paused=false} mode=2 mCurrentFocus = Window{40863e68 com.android.settings/com.android.settings.applications.ManageApplications paused=false}
02-07 23:12:33.138 W/WindowManager(30833): updateFocusedWindowLocked newFocus=Window{40863e68 com.android.settings/com.android.settings.applications.ManageApplications paused=false} mode=2 mCurrentFocus = Window{40863e68 com.android.settings/com.android.settings.applications.ManageApplications paused=false}
02-07 23:12:33.148 W/WindowManager(30833): updateFocusedWindowLocked newFocus=Window{40863e68 com.android.settings/com.android.settings.applications.ManageApplications paused=false} mode=3 mCurrentFocus = Window{40863e68 com.android.settings/com.android.settings.applications.ManageApplications paused=false}
02-07 23:12:34.739 D/StatusBarPolicy(30891): onSignalStrengthsChanged:SignalStrength: 99 0 -60 -70 -63 -10 8 99 2147483647 2147483647 2147483647 2147483647 cdma for subscription0
02-07 23:12:34.739 D/StatusBarPolicy(30891): updateSignalStrength on subscription :0
02-07 23:12:34.749 D/StatusBarPolicy(30891): StatusBarPolocy::getIconLevel -EVDO
02-07 23:12:34.749 D/StatusBarPolicy(30891): getEvdoLevel_band_six -evdoDbm:-63
02-07 23:12:34.749 D/StatusBarPolicy(30891): getEvdoLevel_band_six -evdoEcio:-10
02-07 23:12:36.301 D/PowerManagerService(30833): setTimeoutLocked now=198288965 timeoutOverride=-1 nextState=3 when=198294965
02-07 23:12:36.351 D/PowerManagerService(30833): setTimeoutLocked now=198289014 timeoutOverride=-1 nextState=3 when=198295014
02-07 23:12:39.384 D/PowerManagerService(30833): setTimeoutLocked now=198292046 timeoutOverride=-1 nextState=3 when=198298046
02-07 23:12:39.514 D/PowerManagerService(30833): setTimeoutLocked now=198292172 timeoutOverride=-1 nextState=3 when=198298172
02-07 23:12:39.574 I/ActivityManager(30833): Starting: Intent { cmp=com.android.settings/.applications.RunningServiceDetails (has extras) } from pid 2887
02-07 23:12:39.584 W/WindowManager(30833): updateFocusedWindowLocked newFocus=null mode=0 mCurrentFocus = Window{40863e68 com.android.settings/com.android.settings.applications.ManageApplications paused=true}
02-07 23:12:39.734 W/WindowManager(30833): updateFocusedWindowLocked newFocus=Window{4089ded0 com.android.settings/com.android.settings.applications.RunningServiceDetails paused=false} mode=3 mCurrentFocus = null
02-07 23:12:39.824 W/WindowManager(30833): updateFocusedWindowLocked newFocus=Window{4089ded0 com.android.settings/com.android.settings.applications.RunningServiceDetails paused=false} mode=2 mCurrentFocus = Window{4089ded0 com.android.settings/com.android.settings.applications.RunningServiceDetails paused=false}
02-07 23:12:39.824 W/WindowManager(30833): updateFocusedWindowLocked newFocus=Window{4089ded0 com.android.settings/com.android.settings.applications.RunningServiceDetails paused=false} mode=2 mCurrentFocus = Window{4089ded0 com.android.settings/com.android.settings.applications.RunningServiceDetails paused=false}
02-07 23:12:39.854 W/WindowManager(30833): updateFocusedWindowLocked newFocus=Window{4089ded0 com.android.settings/com.android.settings.applications.RunningServiceDetails paused=false} mode=3 mCurrentFocus = Window{4089ded0 com.android.settings/com.android.settings.applications.RunningServiceDetails paused=false}
02-07 23:12:40.945 D/PowerManagerService(30833): setTimeoutLocked now=198293599 timeoutOverride=-1 nextState=3 when=198299599
02-07 23:12:41.256 D/PowerManagerService(30833): setTimeoutLocked now=198293913 timeoutOverride=-1 nextState=3 when=198299913
02-07 23:12:41.476 D/PowerManagerService(30833): setTimeoutLocked now=198294139 timeoutOverride=-1 nextState=3 when=198300139
02-07 23:12:42.507 D/PowerManagerService(30833): setTimeoutLocked now=198295175 timeoutOverride=-1 nextState=3 when=198301175
02-07 23:12:42.587 D/PowerManagerService(30833): setTimeoutLocked now=198295241 timeoutOverride=-1 nextState=3 when=198301241
02-07 23:12:42.587 W/WindowManager(30833): updateFocusedWindowLocked newFocus=Window{4089ded0 com.android.settings/com.android.settings.applications.RunningServiceDetails paused=true} mode=0 mCurrentFocus = Window{4089ded0 com.android.settings/com.android.settings.applications.RunningServiceDetails paused=true}
02-07 23:12:42.647 W/WindowManager(30833): updateFocusedWindowLocked newFocus=Window{40863e68 com.android.settings/com.android.settings.applications.ManageApplications paused=false} mode=3 mCurrentFocus = Window{4089ded0 com.android.settings/com.android.settings.applications.RunningServiceDetails paused=false}
02-07 23:12:42.777 W/WindowManager(30833): updateFocusedWindowLocked newFocus=Window{40863e68 com.android.settings/com.android.settings.applications.ManageApplications paused=false} mode=2 mCurrentFocus = Window{40863e68 com.android.settings/com.android.settings.applications.ManageApplications paused=false}
02-07 23:12:42.777 W/WindowManager(30833): updateFocusedWindowLocked newFocus=Window{40863e68 com.android.settings/com.android.settings.applications.ManageApplications paused=false} mode=2 mCurrentFocus = Window{40863e68 com.android.settings/com.android.settings.applications.ManageApplications paused=false}
02-07 23:12:42.797 W/WindowManager(30833): updateFocusedWindowLocked newFocus=Window{40863e68 com.android.settings/com.android.settings.applications.ManageApplications paused=false} mode=3 mCurrentFocus = Window{40863e68 com.android.settings/com.android.settings.applications.ManageApplications paused=false}
02-07 23:12:42.957 W/WindowManager(30833): updateFocusedWindowLocked newFocus=Window{40863e68 com.android.settings/com.android.settings.applications.ManageApplications paused=false} mode=3 mCurrentFocus = Window{40863e68 com.android.settings/com.android.settings.applications.ManageApplications paused=false}
02-07 23:12:42.987 W/WindowManager(30833): updateFocusedWindowLocked newFocus=Window{40863e68 com.android.settings/com.android.settings.applications.ManageApplications paused=false} mode=0 mCurrentFocus = Window{40863e68 com.android.settings/com.android.settings.applications.ManageApplications paused=false}
02-07 23:12:45.300 D/PowerManagerService(30833): setTimeoutLocked now=198297965 timeoutOverride=-1 nextState=3 when=198303965
02-07 23:12:45.620 D/PowerManagerService(30833): setTimeoutLocked now=198298275 timeoutOverride=-1 nextState=3 when=198304275
02-07 23:12:45.750 D/PowerManagerService(30833): setTimeoutLocked now=198298413 timeoutOverride=-1 nextState=3 when=198304413
02-07 23:12:45.940 D/StatusBarPolicy(30891): onSignalStrengthsChanged:SignalStrength: 99 0 -60 -70 -62 -10 8 99 2147483647 2147483647 2147483647 2147483647 cdma for subscription0
02-07 23:12:45.940 D/StatusBarPolicy(30891): updateSignalStrength on subscription :0
02-07 23:12:45.940 D/StatusBarPolicy(30891): StatusBarPolocy::getIconLevel -EVDO
02-07 23:12:45.940 D/StatusBarPolicy(30891): getEvdoLevel_band_six -evdoDbm:-62
02-07 23:12:45.940 D/StatusBarPolicy(30891): getEvdoLevel_band_six -evdoEcio:-10
02-07 23:12:46.201 D/PowerManagerService(30833): setTimeoutLocked now=198298864 timeoutOverride=-1 nextState=3 when=198304864
02-07 23:12:46.511 D/PowerManagerService(30833): setTimeoutLocked now=198299165 timeoutOverride=-1 nextState=3 when=198305165
02-07 23:12:46.561 D/PowerManagerService(30833): setTimeoutLocked now=198299228 timeoutOverride=-1 nextState=3 when=198305228
02-07 23:12:47.021 D/PowerManagerService(30833): setTimeoutLocked now=198299680 timeoutOverride=-1 nextState=3 when=198305680
02-07 23:12:47.322 D/PowerManagerService(30833): setTimeoutLocked now=198299981 timeoutOverride=-1 nextState=3 when=198305981
02-07 23:12:47.372 D/PowerManagerService(30833): setTimeoutLocked now=198300031 timeoutOverride=-1 nextState=3 when=198306031
02-07 23:12:49.744 D/PowerManagerService(30833): setTimeoutLocked now=198302403 timeoutOverride=-1 nextState=3 when=198308403
02-07 23:12:50.054 D/PowerManagerService(30833): setTimeoutLocked now=198302713 timeoutOverride=-1 nextState=3 when=198308713
02-07 23:12:50.405 D/StatusBarPolicy(30891): onSignalStrengthsChanged:SignalStrength: 99 0 -60 -70 -63 -10 8 99 2147483647 2147483647 2147483647 2147483647 cdma for subscription0
02-07 23:12:50.405 D/StatusBarPolicy(30891): updateSignalStrength on subscription :0
02-07 23:12:50.405 D/StatusBarPolicy(30891): StatusBarPolocy::getIconLevel -EVDO
02-07 23:12:50.405 D/StatusBarPolicy(30891): getEvdoLevel_band_six -evdoDbm:-63
02-07 23:12:50.405 D/StatusBarPolicy(30891): getEvdoLevel_band_six -evdoEcio:-10
02-07 23:12:50.565 D/PowerManagerService(30833): setTimeoutLocked now=198303215 timeoutOverride=-1 nextState=3 when=198309215
02-07 23:12:50.955 D/PowerManagerService(30833): setTimeoutLocked now=198303616 timeoutOverride=-1 nextState=3 when=198309616
02-07 23:12:53.217 D/PowerManagerService(30833): setTimeoutLocked now=198305870 timeoutOverride=-1 nextState=3 when=198311870
02-07 23:12:53.327 I/ActivityManager(30833): Starting: Intent { act=android.intent.action.MAIN cat=[android.intent.category.HOME] flg=0x10200000 cmp=com.android.launcher/com.android.launcher2.Launcher } from pid 30833
02-07 23:12:53.327 W/WindowManager(30833): updateFocusedWindowLocked newFocus=Window{40863e68 com.android.settings/com.android.settings.applications.ManageApplications paused=true} mode=0 mCurrentFocus = Window{40863e68 com.android.settings/com.android.settings.applications.ManageApplications paused=true}
02-07 23:12:53.348 W/WindowManager(30833): updateFocusedWindowLocked newFocus=null mode=3 mCurrentFocus = Window{40863e68 com.android.settings/com.android.settings.applications.ManageApplications paused=true}
02-07 23:12:53.388 W/WindowManager(30833): updateFocusedWindowLocked newFocus=Window{406dd440 com.android.launcher/com.android.launcher2.Launcher paused=false} mode=3 mCurrentFocus = null
02-07 23:12:53.438 W/WindowManager(30833): updateFocusedWindowLocked newFocus=Window{406dd440 com.android.launcher/com.android.launcher2.Launcher paused=false} mode=2 mCurrentFocus = Window{406dd440 com.android.launcher/com.android.launcher2.Launcher paused=false}
02-07 23:12:53.438 W/WindowManager(30833): updateFocusedWindowLocked newFocus=Window{406dd440 com.android.launcher/com.android.launcher2.Launcher paused=false} mode=2 mCurrentFocus = Window{406dd440 com.android.launcher/com.android.launcher2.Launcher paused=false}
02-07 23:12:53.448 W/WindowManager(30833): updateFocusedWindowLocked newFocus=Window{406dd440 com.android.launcher/com.android.launcher2.Launcher paused=false} mode=3 mCurrentFocus = Window{406dd440 com.android.launcher/com.android.launcher2.Launcher paused=false}
02-07 23:12:54.138 D/PowerManagerService(30833): setTimeoutLocked now=198306795 timeoutOverride=-1 nextState=3 when=198312795
02-07 23:12:54.178 W/WindowManager(30833): updateFocusedWindowLocked newFocus=Window{406dd440 com.android.launcher/com.android.launcher2.Launcher paused=false} mode=3 mCurrentFocus = Window{406dd440 com.android.launcher/com.android.launcher2.Launcher paused=false}
02-07 23:12:54.198 W/WindowManager(30833): updateFocusedWindowLocked newFocus=Window{406dd440 com.android.launcher/com.android.launcher2.Launcher paused=false} mode=0 mCurrentFocus = Window{406dd440 com.android.launcher/com.android.launcher2.Launcher paused=false}
02-07 23:12:54.629 D/PowerManagerService(30833): setTimeoutLocked now=198307295 timeoutOverride=-1 nextState=3 when=198313295
02-07 23:12:55.139 D/PowerManagerService(30833): setTimeoutLocked now=198307803 timeoutOverride=-1 nextState=3 when=198313803
02-07 23:12:55.650 D/PowerManagerService(30833): setTimeoutLocked now=198308310 timeoutOverride=-1 nextState=3 when=198314310
02-07 23:12:56.150 D/PowerManagerService(30833): setTimeoutLocked now=198308817 timeoutOverride=-1 nextState=3 when=198314817
02-07 23:12:56.661 D/PowerManagerService(30833): setTimeoutLocked now=198309324 timeoutOverride=-1 nextState=3 when=198315324
02-07 23:12:57.131 W/WindowManager(30833): updateFocusedWindowLocked newFocus=Window{40aef840 AtchDlg:com.android.launcher/com.android.launcher2.Launcher paused=false} mode=1 mCurrentFocus = Window{406dd440 com.android.launcher/com.android.launcher2.Launcher paused=false}
02-07 23:12:57.141 W/WindowManager(30833): updateFocusedWindowLocked newFocus=Window{40aef840 AtchDlg:com.android.launcher/com.android.launcher2.Launcher paused=false} mode=3 mCurrentFocus = Window{40aef840 AtchDlg:com.android.launcher/com.android.launcher2.Launcher paused=false}
02-07 23:12:57.632 D/PowerManagerService(30833): setTimeoutLocked now=198310295 timeoutOverride=-1 nextState=3 when=198316295
02-07 23:12:58.132 D/PowerManagerService(30833): setTimeoutLocked now=198310796 timeoutOverride=-1 nextState=3 when=198316796
02-07 23:12:58.643 D/PowerManagerService(30833): setTimeoutLocked now=198311304 timeoutOverride=-1 nextState=3 when=198317304
02-07 23:12:59.153 D/PowerManagerService(30833): setTimeoutLocked now=198311811 timeoutOverride=-1 nextState=3 when=198317811
02-07 23:12:59.664 D/PowerManagerService(30833): setTimeoutLocked now=198312320 timeoutOverride=-1 nextState=3 when=198318320
02-07 23:12:59.994 D/AlarmManager(30833): scheduleTimeTickEvent calendar=Tue Feb 07 23:14:00 CST 2012
02-07 23:12:59.994 D/AlarmManager(30833): calendar.getTimeInMillis()1328678040000
02-07 23:13:01.375 D/PowerManagerService(30833): setTimeoutLocked now=198314036 timeoutOverride=-1 nextState=3 when=198320036
02-07 23:13:01.525 W/WindowManager(30833): updateFocusedWindowLocked newFocus=Window{406dd440 com.android.launcher/com.android.launcher2.Launcher paused=false} mode=3 mCurrentFocus = Window{40aef840 AtchDlg:com.android.launcher/com.android.launcher2.Launcher paused=false}
02-07 23:13:01.535 W/InputManagerService(30833): Window already focused, ignoring focus gain of: com.android.internal.view.IInputMethodClient$Stub$Proxy@40735888
02-07 23:13:06.100 D/StatusBarPolicy(30891): onSignalStrengthsChanged:SignalStrength: 99 0 -60 -70 -61 -10 8 99 2147483647 2147483647 2147483647 2147483647 cdma for subscription0
02-07 23:13:06.100 D/StatusBarPolicy(30891): updateSignalStrength on subscription :0
02-07 23:13:06.100 D/StatusBarPolicy(30891): StatusBarPolocy::getIconLevel -EVDO
02-07 23:13:06.110 D/StatusBarPolicy(30891): getEvdoLevel_band_six -evdoDbm:-61
02-07 23:13:06.110 D/StatusBarPolicy(30891): getEvdoLevel_band_six -evdoEcio:-10
02-07 23:13:07.381 D/PowerManagerService(30833): setTimeoutLocked now=198320042 timeoutOverride=-1 nextState=1 when=198427042
02-07 23:13:10.404 D/StatusBarPolicy(30891): updateDataIcon subscription =0
02-07 23:13:10.564 D/StatusBarPolicy(30891): onSignalStrengthsChanged:SignalStrength: 99 0 -60 -70 -58 -10 8 99 2147483647 2147483647 2147483647 2147483647 cdma for subscription0
02-07 23:13:10.564 D/StatusBarPolicy(30891): updateSignalStrength on subscription :0
02-07 23:13:10.574 D/StatusBarPolicy(30891): StatusBarPolocy::getIconLevel -EVDO
02-07 23:13:10.574 D/StatusBarPolicy(30891): getEvdoLevel_band_six -evdoDbm:-58
02-07 23:13:10.574 D/StatusBarPolicy(30891): getEvdoLevel_band_six -evdoEcio:-10
02-07 23:13:15.059 D/StatusBarPolicy(30891): onSignalStrengthsChanged:SignalStrength: 99 0 -60 -70 -55 -10 8 99 2147483647 2147483647 2147483647 2147483647 cdma for subscription0
02-07 23:13:15.059 D/StatusBarPolicy(30891): updateSignalStrength on subscription :0
02-07 23:13:15.059 D/StatusBarPolicy(30891): StatusBarPolocy::getIconLevel -EVDO
02-07 23:13:15.059 D/StatusBarPolicy(30891): getEvdoLevel_band_six -evdoDbm:-55
02-07 23:13:15.069 D/StatusBarPolicy(30891): getEvdoLevel_band_six -evdoEcio:-10
02-07 23:13:19.543 D/StatusBarPolicy(30891): onSignalStrengthsChanged:SignalStrength: 99 0 -55 -70 -55 -10 8 99 2147483647 2147483647 2147483647 2147483647 cdma for subscription0
02-07 23:13:19.543 D/StatusBarPolicy(30891): updateSignalStrength on subscription :0
02-07 23:13:19.543 D/StatusBarPolicy(30891): StatusBarPolocy::getIconLevel -EVDO
02-07 23:13:19.543 D/StatusBarPolicy(30891): getEvdoLevel_band_six -evdoDbm:-55
02-07 23:13:19.543 D/StatusBarPolicy(30891): getEvdoLevel_band_six -evdoEcio:-10
02-07 23:13:21.305 D/StatusBarPolicy(30891): updateDataIcon subscription =0
02-07 23:13:30.744 D/StatusBarPolicy(30891): onSignalStrengthsChanged:SignalStrength: 99 0 -55 -70 -50 -10 8 99 2147483647 2147483647 2147483647 2147483647 cdma for subscription0
02-07 23:13:30.744 D/StatusBarPolicy(30891): updateSignalStrength on subscription :0
02-07 23:13:30.764 D/StatusBarPolicy(30891): StatusBarPolocy::getIconLevel -EVDO
02-07 23:13:30.784 D/StatusBarPolicy(30891): getEvdoLevel_band_six -evdoDbm:-50
02-07 23:13:30.784 D/StatusBarPolicy(30891): getEvdoLevel_band_six -evdoEcio:-10
02-07 23:13:44.187 D/StatusBarPolicy(30891): onSignalStrengthsChanged:SignalStrength: 99 0 -53 -315 -50 -10 8 99 2147483647 2147483647 2147483647 2147483647 cdma for subscription0
02-07 23:13:44.187 D/StatusBarPolicy(30891): updateSignalStrength on subscription :0
02-07 23:13:44.197 D/StatusBarPolicy(30891): StatusBarPolocy::getIconLevel -EVDO
02-07 23:13:44.197 D/StatusBarPolicy(30891): getEvdoLevel_band_six -evdoDbm:-50
02-07 23:13:44.197 D/StatusBarPolicy(30891): getEvdoLevel_band_six -evdoEcio:-10
