02-07 23:13:46.419 D/StatusBarPolicy(30891): onSignalStrengthsChanged:SignalStrength: 99 0 -52 -70 -50 -10 8 99 2147483647 2147483647 2147483647 2147483647 cdma for subscription0
02-07 23:13:46.419 D/StatusBarPolicy(30891): updateSignalStrength on subscription :0
02-07 23:13:46.429 D/StatusBarPolicy(30891): StatusBarPolocy::getIconLevel -EVDO
02-07 23:13:46.449 D/StatusBarPolicy(30891): getEvdoLevel_band_six -evdoDbm:-50
02-07 23:13:46.449 D/StatusBarPolicy(30891): getEvdoLevel_band_six -evdoEcio:-10
02-07 23:13:53.156 D/StatusBarPolicy(30891): onSignalStrengthsChanged:SignalStrength: 99 0 -52 -70 -49 -10 8 99 2147483647 2147483647 2147483647 2147483647 cdma for subscription0
02-07 23:13:53.156 D/StatusBarPolicy(30891): updateSignalStrength on subscription :0
02-07 23:13:53.156 D/StatusBarPolicy(30891): StatusBarPolocy::getIconLevel -EVDO
02-07 23:13:53.156 D/StatusBarPolicy(30891): getEvdoLevel_band_six -evdoDbm:-49
02-07 23:13:53.156 D/StatusBarPolicy(30891): getEvdoLevel_band_six -evdoEcio:-10
02-07 23:14:00.003 D/AlarmManager(30833): scheduleTimeTickEvent calendar=Tue Feb 07 23:15:00 CST 2012
02-07 23:14:00.003 D/AlarmManager(30833): calendar.getTimeInMillis()1328678100000
02-07 23:14:20.022 D/StatusBarPolicy(30891): onSignalStrengthsChanged:SignalStrength: 99 0 -50 -315 -49 -5 8 99 2147483647 2147483647 2147483647 2147483647 cdma for subscription0
02-07 23:14:20.022 D/StatusBarPolicy(30891): updateSignalStrength on subscription :0
02-07 23:14:20.032 D/StatusBarPolicy(30891): StatusBarPolocy::getIconLevel -EVDO
02-07 23:14:20.032 D/StatusBarPolicy(30891): getEvdoLevel_band_six -evdoDbm:-49
02-07 23:14:20.052 D/StatusBarPolicy(30891): getEvdoLevel_band_six -evdoEcio:-5
02-07 23:14:22.284 D/StatusBarPolicy(30891): onSignalStrengthsChanged:SignalStrength: 99 0 -120 -70 -120 -5 8 99 2147483647 2147483647 2147483647 2147483647 cdma for subscription0
02-07 23:14:22.284 D/StatusBarPolicy(30891): updateSignalStrength on subscription :0
02-07 23:14:22.284 D/StatusBarPolicy(30891): StatusBarPolocy::getIconLevel -EVDO
02-07 23:14:22.284 D/StatusBarPolicy(30891): getEvdoLevel_band_six -evdoDbm:-120
02-07 23:14:22.284 D/StatusBarPolicy(30891): getEvdoLevel_band_six -evdoEcio:-5
02-07 23:14:22.324 D/StatusBarPolicy(30891): onSignalStrengthsChanged:SignalStrength: 99 0 -50 -70 -48 -5 8 99 2147483647 2147483647 2147483647 2147483647 cdma for subscription0
02-07 23:14:22.324 D/StatusBarPolicy(30891): updateSignalStrength on subscription :0
02-07 23:14:22.324 D/StatusBarPolicy(30891): StatusBarPolocy::getIconLevel -EVDO
02-07 23:14:22.324 D/StatusBarPolicy(30891): getEvdoLevel_band_six -evdoDbm:-48
02-07 23:14:22.324 D/StatusBarPolicy(30891): getEvdoLevel_band_six -evdoEcio:-5
02-07 23:14:37.950 D/StatusBarPolicy(30891): onSignalStrengthsChanged:SignalStrength: 99 0 -50 -70 -52 -5 8 99 2147483647 2147483647 2147483647 2147483647 cdma for subscription0
02-07 23:14:37.950 D/StatusBarPolicy(30891): updateSignalStrength on subscription :0
02-07 23:14:37.950 D/StatusBarPolicy(30891): StatusBarPolocy::getIconLevel -EVDO
02-07 23:14:37.950 D/StatusBarPolicy(30891): getEvdoLevel_band_six -evdoDbm:-52
02-07 23:14:37.950 D/StatusBarPolicy(30891): getEvdoLevel_band_six -evdoEcio:-5
02-07 23:14:42.444 D/StatusBarPolicy(30891): onSignalStrengthsChanged:SignalStrength: 99 0 -55 -70 -56 -5 8 99 2147483647 2147483647 2147483647 2147483647 cdma for subscription0
02-07 23:14:42.444 D/StatusBarPolicy(30891): updateSignalStrength on subscription :0
02-07 23:14:42.444 D/StatusBarPolicy(30891): StatusBarPolocy::getIconLevel -EVDO
02-07 23:14:42.444 D/StatusBarPolicy(30891): getEvdoLevel_band_six -evdoDbm:-56
02-07 23:14:42.444 D/StatusBarPolicy(30891): getEvdoLevel_band_six -evdoEcio:-5
02-07 23:14:49.150 D/StatusBarPolicy(30891): onSignalStrengthsChanged:SignalStrength: 99 0 -55 -70 -61 -5 8 99 2147483647 2147483647 2147483647 2147483647 cdma for subscription0
02-07 23:14:49.150 D/StatusBarPolicy(30891): updateSignalStrength on subscription :0
02-07 23:14:49.160 D/StatusBarPolicy(30891): StatusBarPolocy::getIconLevel -EVDO
02-07 23:14:49.160 D/StatusBarPolicy(30891): getEvdoLevel_band_six -evdoDbm:-61
02-07 23:14:49.160 D/StatusBarPolicy(30891): getEvdoLevel_band_six -evdoEcio:-5
02-07 23:14:53.635 D/StatusBarPolicy(30891): onSignalStrengthsChanged:SignalStrength: 99 0 -55 -70 -62 -5 8 99 2147483647 2147483647 2147483647 2147483647 cdma for subscription0
02-07 23:14:53.635 D/StatusBarPolicy(30891): updateSignalStrength on subscription :0
02-07 23:14:53.635 D/StatusBarPolicy(30891): StatusBarPolocy::getIconLevel -EVDO
02-07 23:14:53.635 D/StatusBarPolicy(30891): getEvdoLevel_band_six -evdoDbm:-62
02-07 23:14:53.645 D/StatusBarPolicy(30891): getEvdoLevel_band_six -evdoEcio:-5
02-07 23:14:54.486 D/PowerManagerService(30833): setTimeoutLocked now=198427143 timeoutOverride=-1 nextState=0 when=198434143
02-07 23:15:00.001 D/AlarmManager(30833): scheduleTimeTickEvent calendar=Tue Feb 07 23:16:00 CST 2012
02-07 23:15:00.001 D/AlarmManager(30833): calendar.getTimeInMillis()1328678160000
02-07 23:15:02.594 D/StatusBarPolicy(30891): onSignalStrengthsChanged:SignalStrength: 99 0 -60 -70 -62 -5 8 99 2147483647 2147483647 2147483647 2147483647 cdma for subscription0
02-07 23:15:02.594 D/StatusBarPolicy(30891): updateSignalStrength on subscription :0
02-07 23:15:02.594 D/StatusBarPolicy(30891): StatusBarPolocy::getIconLevel -EVDO
02-07 23:15:02.604 D/StatusBarPolicy(30891): getEvdoLevel_band_six -evdoDbm:-62
02-07 23:15:02.614 D/StatusBarPolicy(30891): getEvdoLevel_band_six -evdoEcio:-5
02-07 23:15:13.795 D/StatusBarPolicy(30891): onSignalStrengthsChanged:SignalStrength: 99 0 -60 -70 -61 -5 8 99 2147483647 2147483647 2147483647 2147483647 cdma for subscription0
02-07 23:15:13.795 D/StatusBarPolicy(30891): updateSignalStrength on subscription :0
02-07 23:15:13.795 D/StatusBarPolicy(30891): StatusBarPolocy::getIconLevel -EVDO
02-07 23:15:13.805 D/StatusBarPolicy(30891): getEvdoLevel_band_six -evdoDbm:-61
02-07 23:15:13.805 D/StatusBarPolicy(30891): getEvdoLevel_band_six -evdoEcio:-5
02-07 23:15:28.629 D/StatusBarPolicy(30891): updateDataIcon subscription =0
02-07 23:15:29.630 D/StatusBarPolicy(30891): updateDataIcon subscription =0
02-07 23:15:30.651 D/StatusBarPolicy(30891): updateDataIcon subscription =0
02-07 23:15:31.742 D/StatusBarPolicy(30891): onSignalStrengthsChanged:SignalStrength: 99 0 -62 -315 -74 -10 8 99 2147483647 2147483647 2147483647 2147483647 cdma for subscription0
02-07 23:15:31.742 D/StatusBarPolicy(30891): updateSignalStrength on subscription :0
02-07 23:15:31.752 D/StatusBarPolicy(30891): StatusBarPolocy::getIconLevel -EVDO
02-07 23:15:31.752 D/StatusBarPolicy(30891): getEvdoLevel_band_six -evdoDbm:-74
02-07 23:15:31.762 D/StatusBarPolicy(30891): getEvdoLevel_band_six -evdoEcio:-10
02-07 23:15:33.974 D/StatusBarPolicy(30891): onSignalStrengthsChanged:SignalStrength: 99 0 -63 -70 -70 -5 8 99 2147483647 2147483647 2147483647 2147483647 cdma for subscription0
02-07 23:15:33.974 D/StatusBarPolicy(30891): updateSignalStrength on subscription :0
02-07 23:15:33.974 D/StatusBarPolicy(30891): StatusBarPolocy::getIconLevel -EVDO
02-07 23:15:33.974 D/StatusBarPolicy(30891): getEvdoLevel_band_six -evdoDbm:-70
02-07 23:15:33.974 D/StatusBarPolicy(30891): getEvdoLevel_band_six -evdoEcio:-5
02-07 23:15:36.216 D/StatusBarPolicy(30891): onSignalStrengthsChanged:SignalStrength: 99 0 -63 -70 -64 -5 8 99 2147483647 2147483647 2147483647 2147483647 cdma for subscription0
02-07 23:15:36.216 D/StatusBarPolicy(30891): updateSignalStrength on subscription :0
02-07 23:15:36.226 D/StatusBarPolicy(30891): StatusBarPolocy::getIconLevel -EVDO
02-07 23:15:36.226 D/StatusBarPolicy(30891): getEvdoLevel_band_six -evdoDbm:-64
02-07 23:15:36.236 D/StatusBarPolicy(30891): getEvdoLevel_band_six -evdoEcio:-5
02-07 23:15:38.449 D/StatusBarPolicy(30891): onSignalStrengthsChanged:SignalStrength: 99 0 -63 -70 -61 -5 8 99 2147483647 2147483647 2147483647 2147483647 cdma for subscription0
02-07 23:15:38.449 D/StatusBarPolicy(30891): updateSignalStrength on subscription :0
02-07 23:15:38.449 D/StatusBarPolicy(30891): StatusBarPolocy::getIconLevel -EVDO
02-07 23:15:38.449 D/StatusBarPolicy(30891): getEvdoLevel_band_six -evdoDbm:-61
02-07 23:15:38.449 D/StatusBarPolicy(30891): getEvdoLevel_band_six -evdoEcio:-5
02-07 23:15:40.300 D/StatusBarPolicy(30891): updateDataIcon subscription =0
02-07 23:15:59.339 D/StatusBarPolicy(30891): updateDataIcon subscription =0
02-07 23:16:00.000 D/AlarmManager(30833): scheduleTimeTickEvent calendar=Tue Feb 07 23:17:00 CST 2012
02-07 23:16:00.000 D/AlarmManager(30833): calendar.getTimeInMillis()1328678220000
02-07 23:16:00.340 D/StatusBarPolicy(30891): updateDataIcon subscription =0
02-07 23:16:01.361 D/StatusBarPolicy(30891): updateDataIcon subscription =0
02-07 23:16:03.113 D/StatusBarPolicy(30891): onSignalStrengthsChanged:SignalStrength: 99 0 -63 -70 -57 -5 8 99 2147483647 2147483647 2147483647 2147483647 cdma for subscription0
02-07 23:16:03.113 D/StatusBarPolicy(30891): updateSignalStrength on subscription :0
02-07 23:16:03.123 D/StatusBarPolicy(30891): StatusBarPolocy::getIconLevel -EVDO
02-07 23:16:03.123 D/StatusBarPolicy(30891): getEvdoLevel_band_six -evdoDbm:-57
02-07 23:16:03.123 D/StatusBarPolicy(30891): getEvdoLevel_band_six -evdoEcio:-5
02-07 23:16:05.335 D/StatusBarPolicy(30891): onSignalStrengthsChanged:SignalStrength: 99 0 -63 -70 -56 -5 8 99 2147483647 2147483647 2147483647 2147483647 cdma for subscription0
02-07 23:16:05.335 D/StatusBarPolicy(30891): updateSignalStrength on subscription :0
02-07 23:16:05.335 D/StatusBarPolicy(30891): StatusBarPolocy::getIconLevel -EVDO
02-07 23:16:05.335 D/StatusBarPolicy(30891): getEvdoLevel_band_six -evdoDbm:-56
02-07 23:16:05.345 D/StatusBarPolicy(30891): getEvdoLevel_band_six -evdoEcio:-5
02-07 23:16:05.425 D/PowerManagerService(30833): setTimeoutLocked now=198498080 timeoutOverride=-1 nextState=3 when=198504080
02-07 23:16:05.455 W/WindowManager(30833): updateFocusedWindowLocked newFocus=Window{40a59c68 Phone options paused=false} mode=1 mCurrentFocus = Window{406dd440 com.android.launcher/com.android.launcher2.Launcher paused=false}
02-07 23:16:05.505 W/WindowManager(30833): updateFocusedWindowLocked newFocus=Window{40a59c68 Phone options paused=false} mode=3 mCurrentFocus = Window{40a59c68 Phone options paused=false}
02-07 23:16:05.925 D/PowerManagerService(30833): setTimeoutLocked now=198498588 timeoutOverride=-1 nextState=3 when=198504588
02-07 23:16:06.436 D/PowerManagerService(30833): setTimeoutLocked now=198499098 timeoutOverride=-1 nextState=3 when=198505098
02-07 23:16:07.587 D/StatusBarPolicy(30891): onSignalStrengthsChanged:SignalStrength: 99 0 -63 -70 -57 -20 8 99 2147483647 2147483647 2147483647 2147483647 cdma for subscription0
02-07 23:16:07.587 D/StatusBarPolicy(30891): updateSignalStrength on subscription :0
02-07 23:16:07.607 D/StatusBarPolicy(30891): StatusBarPolocy::getIconLevel -EVDO
02-07 23:16:07.607 D/StatusBarPolicy(30891): getEvdoLevel_band_six -evdoDbm:-57
02-07 23:16:07.607 D/StatusBarPolicy(30891): getEvdoLevel_band_six -evdoEcio:-20
02-07 23:16:07.907 D/PowerManagerService(30833): setTimeoutLocked now=198500577 timeoutOverride=-1 nextState=3 when=198506577
02-07 23:16:07.957 D/PowerManagerService(30833): setTimeoutLocked now=198500624 timeoutOverride=-1 nextState=3 when=198506624
02-07 23:16:08.168 W/WindowManager(30833): updateFocusedWindowLocked newFocus=Window{40b5cf40  paused=false} mode=1 mCurrentFocus = Window{40a59c68 Phone options paused=false}
02-07 23:16:08.168 W/WindowManager(30833): updateFocusedWindowLocked newFocus=Window{40b5cf40  paused=false} mode=3 mCurrentFocus = Window{40b5cf40  paused=false}
02-07 23:16:08.188 W/WindowManager(30833): updateFocusedWindowLocked newFocus=Window{40b5cf40  paused=false} mode=3 mCurrentFocus = Window{40b5cf40  paused=false}
02-07 23:16:09.279 D/PowerManagerService(30833): setTimeoutLocked now=198501939 timeoutOverride=-1 nextState=3 when=198507939
02-07 23:16:09.339 D/PowerManagerService(30833): setTimeoutLocked now=198502002 timeoutOverride=-1 nextState=3 when=198508002
02-07 23:16:09.369 W/WindowManager(30833): updateFocusedWindowLocked newFocus=Window{40ad8170 Power off paused=false} mode=1 mCurrentFocus = Window{40b5cf40  paused=false}
02-07 23:16:09.379 W/WindowManager(30833): updateFocusedWindowLocked newFocus=Window{40ad8170 Power off paused=false} mode=3 mCurrentFocus = Window{40ad8170 Power off paused=false}
02-07 23:16:09.419 W/WindowManager(30833): updateFocusedWindowLocked newFocus=Window{40ad8170 Power off paused=false} mode=3 mCurrentFocus = Window{40ad8170 Power off paused=false}
02-07 23:16:09.519 I/UsageStats(30833): Writing usage stats before shutdown...
02-07 23:16:09.549 W/BatteryStats(30833): Writing battery stats before shutdown...
02-07 23:16:09.809 D/StatusBarPolicy(30891): onSignalStrengthsChanged:SignalStrength: 99 0 -63 -70 -56 -20 8 99 2147483647 2147483647 2147483647 2147483647 cdma for subscription0
02-07 23:16:09.809 D/StatusBarPolicy(30891): updateSignalStrength on subscription :0
02-07 23:16:09.809 D/StatusBarPolicy(30891): StatusBarPolocy::getIconLevel -EVDO
02-07 23:16:09.809 D/StatusBarPolicy(30891): getEvdoLevel_band_six -evdoDbm:-56
02-07 23:16:09.809 D/StatusBarPolicy(30891): getEvdoLevel_band_six -evdoEcio:-20
02-07 23:16:10.410 D/StatusBarPolicy(30891): updateDataIcon subscription =0
02-07 23:16:11.341 I/TelephonyRegistry(30833): notifyDataConnection: anyState=2,default/INET,apnTypeState=0,iface=null,ip=null,gw=null,isDataConnectivityPossible=true,networkType=6,reason=radioTurnedOff
02-07 23:16:11.401 I/TelephonyRegistry(30833): notifyDataConnection: anyState=2,default/INET6,apnTypeState=0,iface=null,ip=null,gw=null,isDataConnectivityPossible=true,networkType=6,reason=radioTurnedOff
02-07 23:16:11.431 I/TelephonyRegistry(30833): notifyDataConnection: anyState=2,mms/INET,apnTypeState=0,iface=null,ip=null,gw=null,isDataConnectivityPossible=true,networkType=6,reason=radioTurnedOff
02-07 23:16:11.441 D/ConnectivityService(30833): ConnectivityChange for mobile: DISCONNECTED/DISCONNECTED
02-07 23:16:11.451 D/ConnectivityService(30833): Got Network Disconnected from Driver nwtype=0
02-07 23:16:11.451 D/ConnectivityService(30833): getMobileDataEnabled returning true
02-07 23:16:11.461 D/ConnectivityService(30833): Attempting to switch to WIFI
02-07 23:16:11.471 I/TelephonyRegistry(30833): notifyDataConnection: anyState=2,mms/INET6,apnTypeState=0,iface=null,ip=null,gw=null,isDataConnectivityPossible=true,networkType=6,reason=radioTurnedOff
02-07 23:16:11.481 D/StatusBarPolicy(30891): Data network type changed to:6
02-07 23:16:11.491 D/StatusBarPolicy(30891): updateDataIcon subscription =0
02-07 23:16:11.501 I/TelephonyRegistry(30833): notifyDataConnection: anyState=2,supl/INET,apnTypeState=0,iface=null,ip=null,gw=null,isDataConnectivityPossible=true,networkType=6,reason=radioTurnedOff
02-07 23:16:11.521 D/StatusBarPolicy(30891): updateSignalStrength on subscription :0
02-07 23:16:11.521 D/StatusBarPolicy(30891): StatusBarPolocy::getIconLevel -EVDO
02-07 23:16:11.521 D/StatusBarPolicy(30891): getEvdoLevel_band_six -evdoDbm:-56
02-07 23:16:11.521 D/StatusBarPolicy(30891): getEvdoLevel_band_six -evdoEcio:-20
02-07 23:16:11.531 I/TelephonyRegistry(30833): notifyDataConnection: anyState=2,supl/INET6,apnTypeState=0,iface=null,ip=null,gw=null,isDataConnectivityPossible=true,networkType=6,reason=radioTurnedOff
02-07 23:16:11.541 I/TelephonyRegistry(30833): notifyDataConnection: anyState=0,hipri/INET,apnTypeState=0,iface=null,ip=null,gw=null,isDataConnectivityPossible=true,networkType=6,reason=radioTurnedOff
02-07 23:16:11.551 I/TelephonyRegistry(30833): notifyDataConnection: anyState=0,hipri/INET6,apnTypeState=0,iface=null,ip=null,gw=null,isDataConnectivityPossible=true,networkType=6,reason=radioTurnedOff
02-07 23:16:11.561 D/StatusBarPolicy(30891): StatusBarPolicy onDataConnectionStateChanged to 0for nw : 6on subscription : 0
02-07 23:16:11.561 D/StatusBarPolicy(30891): Data network type changed to:6
02-07 23:16:11.561 D/StatusBarPolicy(30891): updateDataIcon subscription =0
02-07 23:16:11.681 I/ActivityManager(30833): Start proc com.google.android.apps.uploader for broadcast com.google.android.apps.uploader/.ConnectivityBroadcastReceiver: pid=3193 uid=10034 gids={3003}
02-07 23:16:11.911 D/ConnectivityService(30833): reportNetworkCondition(0, 0)
02-07 23:16:11.911 D/ConnectivityService(30833): Inet connectivity change, net=0, condition=0,mActiveDefaultNetwork=-1
02-07 23:16:11.911 D/ConnectivityService(30833): no active default network - aborting
02-07 23:16:11.951 I/ActivityManager(30833): No longer want com.locationlabs.v3client (pid 727): hidden #16
02-07 23:16:12.001 I/ActivityManager(30833): Start proc com.google.android.gm for broadcast com.google.android.gm/.downloadprovider.DownloadReceiver: pid=3203 uid=10046 gids={3003, 1015}
02-07 23:16:12.061 W/ActivityManager(30833): Scheduling restart of crashed service com.locationlabs.v3client/.RadioSignalService in 5000ms
02-07 23:16:12.081 D/StatusBarPolicy(30891): onSignalStrengthsChanged:SignalStrength: 99 0 -56 -70 -120 -1 8 99 2147483647 2147483647 2147483647 2147483647 cdma for subscription0
02-07 23:16:12.081 D/StatusBarPolicy(30891): updateSignalStrength on subscription :0
02-07 23:16:12.081 D/StatusBarPolicy(30891): StatusBarPolocy::getIconLevel -EVDO
02-07 23:16:12.081 D/StatusBarPolicy(30891): getEvdoLevel_band_six -evdoDbm:-120
02-07 23:16:12.081 D/StatusBarPolicy(30891): getEvdoLevel_band_six -evdoEcio:-1
02-07 23:16:12.181 I/TelephonyRegistry(30833): notifyServiceState: 0 home Sprint  310099  EvDo rev. A CSS not supported 41 4139RoamInd: 1RoamStatus(sprint): 1DefRoamInd: 160EmergOnly: false
02-07 23:16:12.181 D/StatusBarPolicy(30891): onServiceStateChanged:0 home Sprint  310099  EvDo rev. A CSS not supported 41 4139RoamInd: 1RoamStatus(sprint): 1DefRoamInd: 160EmergOnly: falsefor subscription :0
02-07 23:16:12.181 D/StatusBarPolicy(30891): updateSignalStrength on subscription :0
02-07 23:16:12.192 D/StatusBarPolicy(30891): StatusBarPolocy::getIconLevel -EVDO
02-07 23:16:12.192 D/StatusBarPolicy(30891): getEvdoLevel_band_six -evdoDbm:-120
02-07 23:16:12.192 D/StatusBarPolicy(30891): getEvdoLevel_band_six -evdoEcio:-1
02-07 23:16:12.192 D/StatusBarPolicy(30891): updateDataIcon subscription =0
02-07 23:16:12.212 I/TelephonyRegistry(30833): notifyServiceState: 0 home Sprint  310099  1xRTT CSS not supported 41 4139RoamInd: 1RoamStatus(sprint): 1DefRoamInd: 160EmergOnly: false
02-07 23:16:12.212 D/StatusBarPolicy(30891): onServiceStateChanged:0 home Sprint  310099  1xRTT CSS not supported 41 4139RoamInd: 1RoamStatus(sprint): 1DefRoamInd: 160EmergOnly: falsefor subscription :0
02-07 23:16:12.212 D/StatusBarPolicy(30891): updateSignalStrength on subscription :0
02-07 23:16:12.212 D/StatusBarPolicy(30891): StatusBarPolocy::getIconLevel -CDMA
02-07 23:16:12.212 D/StatusBarPolicy(30891): getCdmaLevel_band_six -cdmaDbm:-56
02-07 23:16:12.212 D/StatusBarPolicy(30891): getCdmaLevel_band_six -cdmaEcio:-70
02-07 23:16:12.212 D/StatusBarPolicy(30891): updateDataIcon subscription =0
02-07 23:16:12.332 I/TelephonyRegistry(30833): notifyDataConnection: anyState=0,default/INET,apnTypeState=0,iface=null,ip=null,gw=null,isDataConnectivityPossible=true,networkType=7,reason=radioTechnologyChanged
02-07 23:16:12.332 D/StatusBarPolicy(30891): StatusBarPolicy onDataConnectionStateChanged to 0for nw : 7on subscription : 0
02-07 23:16:12.332 D/StatusBarPolicy(30891): Data network type changed to:7
02-07 23:16:12.332 D/StatusBarPolicy(30891): updateDataIcon subscription =0
02-07 23:16:12.412 I/TelephonyRegistry(30833): notifyDataConnection: anyState=0,default/INET6,apnTypeState=0,iface=null,ip=null,gw=null,isDataConnectivityPossible=true,networkType=7,reason=radioTechnologyChanged
02-07 23:16:12.422 I/TelephonyRegistry(30833): notifyDataConnection: anyState=0,mms/INET,apnTypeState=0,iface=null,ip=null,gw=null,isDataConnectivityPossible=true,networkType=7,reason=radioTechnologyChanged
02-07 23:16:12.432 I/TelephonyRegistry(30833): notifyDataConnection: anyState=0,mms/INET6,apnTypeState=0,iface=null,ip=null,gw=null,isDataConnectivityPossible=true,networkType=7,reason=radioTechnologyChanged
02-07 23:16:12.442 I/TelephonyRegistry(30833): notifyDataConnection: anyState=0,supl/INET,apnTypeState=0,iface=null,ip=null,gw=null,isDataConnectivityPossible=true,networkType=7,reason=radioTechnologyChanged
02-07 23:16:12.452 I/TelephonyRegistry(30833): notifyDataConnection: anyState=0,supl/INET6,apnTypeState=0,iface=null,ip=null,gw=null,isDataConnectivityPossible=true,networkType=7,reason=radioTechnologyChanged
02-07 23:16:12.482 I/TelephonyRegistry(30833): notifyDataConnection: anyState=0,dun/INET,apnTypeState=0,iface=null,ip=null,gw=null,isDataConnectivityPossible=true,networkType=7,reason=radioTechnologyChanged
02-07 23:16:12.492 I/TelephonyRegistry(30833): notifyDataConnection: anyState=0,dun/INET6,apnTypeState=0,iface=null,ip=null,gw=null,isDataConnectivityPossible=true,networkType=7,reason=radioTechnologyChanged
02-07 23:16:12.512 I/TelephonyRegistry(30833): notifyDataConnection: anyState=0,hipri/INET,apnTypeState=0,iface=null,ip=null,gw=null,isDataConnectivityPossible=true,networkType=7,reason=radioTechnologyChanged
02-07 23:16:12.522 I/TelephonyRegistry(30833): notifyDataConnection: anyState=0,hipri/INET6,apnTypeState=0,iface=null,ip=null,gw=null,isDataConnectivityPossible=true,networkType=7,reason=radioTechnologyChanged
02-07 23:16:12.612 I/TelephonyRegistry(30833): notifyServiceState: 0 home Sprint  310099  1xRTT CSS not supported 41 4139RoamInd: 1RoamStatus(sprint): 1DefRoamInd: 160EmergOnly: false
02-07 23:16:12.612 D/StatusBarPolicy(30891): onServiceStateChanged:0 home Sprint  310099  1xRTT CSS not supported 41 4139RoamInd: 1RoamStatus(sprint): 1DefRoamInd: 160EmergOnly: falsefor subscription :0
02-07 23:16:12.612 D/StatusBarPolicy(30891): updateSignalStrength on subscription :0
02-07 23:16:12.622 D/StatusBarPolicy(30891): StatusBarPolocy::getIconLevel -CDMA
02-07 23:16:12.622 D/StatusBarPolicy(30891): getCdmaLevel_band_six -cdmaDbm:-56
02-07 23:16:12.622 D/StatusBarPolicy(30891): getCdmaLevel_band_six -cdmaEcio:-70
02-07 23:16:12.622 D/StatusBarPolicy(30891): updateDataIcon subscription =0
02-07 23:16:12.642 I/TelephonyRegistry(30833): notifyServiceState: 3 home null null null  Unknown CSS not supported -1 -1RoamInd: -1RoamStatus(sprint): -1DefRoamInd: -1EmergOnly: false
02-07 23:16:12.642 D/StatusBarPolicy(30891): onServiceStateChanged:3 home null null null  Unknown CSS not supported -1 -1RoamInd: -1RoamStatus(sprint): -1DefRoamInd: -1EmergOnly: falsefor subscription :0
02-07 23:16:12.642 D/StatusBarPolicy(30891): updateSignalStrength on subscription :0
02-07 23:16:12.652 D/StatusBarPolicy(30891): updateDataIcon subscription =0
02-07 23:16:12.692 I/TelephonyRegistry(30833): notifyDataConnection: anyState=0,default/INET,apnTypeState=0,iface=null,ip=null,gw=null,isDataConnectivityPossible=false,networkType=0,reason=radioTechnologyChanged
02-07 23:16:12.692 D/StatusBarPolicy(30891): StatusBarPolicy onDataConnectionStateChanged to 0for nw : 0on subscription : 0
02-07 23:16:12.692 D/StatusBarPolicy(30891): Data network type changed to:0
02-07 23:16:12.692 D/StatusBarPolicy(30891): updateDataIcon subscription =0
02-07 23:16:12.712 I/TelephonyRegistry(30833): notifyDataConnection: anyState=0,default/INET6,apnTypeState=0,iface=null,ip=null,gw=null,isDataConnectivityPossible=false,networkType=0,reason=radioTechnologyChanged
02-07 23:16:12.712 I/TelephonyRegistry(30833): notifyDataConnection: anyState=0,mms/INET,apnTypeState=0,iface=null,ip=null,gw=null,isDataConnectivityPossible=false,networkType=0,reason=radioTechnologyChanged
02-07 23:16:12.722 I/TelephonyRegistry(30833): notifyDataConnection: anyState=0,mms/INET6,apnTypeState=0,iface=null,ip=null,gw=null,isDataConnectivityPossible=false,networkType=0,reason=radioTechnologyChanged
02-07 23:16:12.732 I/TelephonyRegistry(30833): notifyDataConnection: anyState=0,supl/INET,apnTypeState=0,iface=null,ip=null,gw=null,isDataConnectivityPossible=false,networkType=0,reason=radioTechnologyChanged
02-07 23:16:12.742 I/TelephonyRegistry(30833): notifyDataConnection: anyState=0,supl/INET6,apnTypeState=0,iface=null,ip=null,gw=null,isDataConnectivityPossible=false,networkType=0,reason=radioTechnologyChanged
02-07 23:16:12.752 I/TelephonyRegistry(30833): notifyDataConnection: anyState=0,dun/INET,apnTypeState=0,iface=null,ip=null,gw=null,isDataConnectivityPossible=false,networkType=0,reason=radioTechnologyChanged
02-07 23:16:12.762 I/TelephonyRegistry(30833): notifyDataConnection: anyState=0,dun/INET6,apnTypeState=0,iface=null,ip=null,gw=null,isDataConnectivityPossible=false,networkType=0,reason=radioTechnologyChanged
02-07 23:16:12.772 I/TelephonyRegistry(30833): notifyDataConnection: anyState=0,hipri/INET,apnTypeState=0,iface=null,ip=null,gw=null,isDataConnectivityPossible=false,networkType=0,reason=radioTechnologyChanged
02-07 23:16:12.782 I/TelephonyRegistry(30833): notifyDataConnection: anyState=0,hipri/INET6,apnTypeState=0,iface=null,ip=null,gw=null,isDataConnectivityPossible=false,networkType=0,reason=radioTechnologyChanged
02-07 23:16:12.932 D/RPC     (30833): 3000008c:00050000 sending call (XID 6).
02-07 23:16:12.992 D/RPC     (30833): 3000008c:00050000 received REPLY (XID 6), grabbing mutex to wake up client.
02-07 23:16:13.042 D/RPC     (30833): 3000008c:00050000 waiting for XDR input buffer to be consumed.
02-07 23:16:13.102 D/StatusBarPolicy(30891): onSignalStrengthsChanged:SignalStrength: 99 0 -120 -160 -120 -1 8 99 2147483647 2147483647 2147483647 2147483647 cdma for subscription0
02-07 23:16:13.102 D/StatusBarPolicy(30891): updateSignalStrength on subscription :0
02-07 23:16:13.112 I/ActivityManager(30833): No longer want com.android.browser (pid 32003): hidden #16
02-07 23:16:13.233 D/RPC     (30833): 3000008c:00050000 call success.
02-07 23:16:13.233 D/RPC     (30833): 3000008c:00050000 received CALL.
02-07 23:16:13.233 D/RPC     (30833): 3000008c:00050000 dispatching RPC call (XID 3582, xdr 0x3da800) for callback client 3100008c:00050001.
02-07 23:16:13.233 D/RPC     (30833): 3100008c:327681 sending RPC reply (XID 3582)
02-07 23:16:13.233 D/RPC     (30833): 3000008c:00050000 sending call (XID 7).
02-07 23:16:13.243 D/RPC     (30833): 3000008c:00050000 received REPLY (XID 7), grabbing mutex to wake up client.
02-07 23:16:13.243 D/RPC     (30833): 3000008c:00050000 call success.
02-07 23:16:13.283 I/WindowManager(30833): WIN DEATH: Window{40745820 com.android.browser/com.android.browser.BrowserActivity paused=false}
02-07 23:16:13.293 W/WindowManager(30833): updateFocusedWindowLocked newFocus=Window{40ad8170 Power off paused=false} mode=0 mCurrentFocus = Window{40ad8170 Power off paused=false}
02-07 23:16:13.553 D/RPC     (30833): 3000008c:00050000 received CALL.
02-07 23:16:13.553 D/RPC     (30833): 3000008c:00050000 dispatching RPC call (XID 3584, xdr 0x3da800) for callback client 3100008c:00050001.
02-07 23:16:13.553 D/RPC     (30833): 3100008c:327681 sending RPC reply (XID 3584)
02-07 23:16:15.345 D/PowerManagerService(30833): setTimeoutLocked now=198508004 timeoutOverride=-1 nextState=1 when=198615004
02-07 23:16:17.096 I/ActivityManager(30833): Start proc com.locationlabs.v3client for service com.locationlabs.v3client/.RadioSignalService: pid=3228 uid=10017 gids={3003}
02-07 23:16:23.182 I/MountService(30833): Shutting down
02-07 23:16:23.182 E/MountService(30833): rms:add /mnt/sdcard
02-07 23:16:23.182 D/VoldConnector(30833): SND -> {asec list} {null}
02-07 23:16:23.192 D/VoldCmdListener(  110): asec list
02-07 23:16:23.192 D/VoldConnector(30833): RCV <- {200 asec operation succeeded}
02-07 23:16:23.202 D/VoldConnector(30833): RSP <- {200 asec operation succeeded}
02-07 23:16:23.202 D/VoldConnector(30833): List terminated with {200 asec operation succeeded}
02-07 23:16:23.332 D/VoldConnector(30833): SND -> {storage users /mnt/sdcard} {null}
02-07 23:16:23.332 D/VoldCmdListener(  110): storage users /mnt/sdcard
02-07 23:16:23.362 D/VoldConnector(30833): RCV <- {112 1810 com.cooliris.media}
02-07 23:16:23.372 D/VoldConnector(30833): RSP <- {112 1810 com.cooliris.media}
02-07 23:16:23.382 D/VoldConnector(30833): RCV <- {112 2802 com.android.camera}
02-07 23:16:23.382 D/VoldConnector(30833): RSP <- {112 2802 com.android.camera}
02-07 23:16:23.463 D/VoldConnector(30833): RCV <- {112 31460 com.google.android.apps.maps}
02-07 23:16:23.463 D/VoldConnector(30833): RSP <- {112 31460 com.google.android.apps.maps}
02-07 23:16:23.473 D/VoldConnector(30833): RCV <- {200 Storage user list complete}
02-07 23:16:23.483 D/VoldConnector(30833): RSP <- {200 Storage user list complete}
02-07 23:16:23.483 D/VoldConnector(30833): List terminated with {200 Storage user list complete}
02-07 23:16:23.483 W/ActivityManager(30833): Killing processes unmount media at adjustment 7
02-07 23:16:23.483 W/ActivityManager(30833): Killing ProcessRecord{40a2a698 1810:com.cooliris.media/10049} (adj 11): unmount media
02-07 23:16:23.483 W/ActivityManager(30833): Killing ProcessRecord{40941a00 2802:com.android.camera/10055} (adj 11): unmount media
02-07 23:16:23.483 W/ActivityManager(30833): Killing ProcessRecord{408e60f8 31460:com.google.android.apps.maps/10036} (adj 10): unmount media
02-07 23:16:23.483 D/VoldConnector(30833): SND -> {storage users /mnt/sdcard} {null}
02-07 23:16:23.483 D/VoldCmdListener(  110): storage users /mnt/sdcard
02-07 23:16:23.523 D/VoldConnector(30833): RCV <- {112 2802 com.android.camera}
02-07 23:16:23.523 D/VoldConnector(30833): RSP <- {112 2802 com.android.camera}
02-07 23:16:23.603 D/VoldConnector(30833): RCV <- {112 31460 com.google.android.apps.maps}
02-07 23:16:23.603 D/VoldConnector(30833): RSP <- {112 31460 com.google.android.apps.maps}
02-07 23:16:23.613 D/VoldConnector(30833): RCV <- {200 Storage user list complete}
02-07 23:16:23.623 D/VoldConnector(30833): RSP <- {200 Storage user list complete}
02-07 23:16:23.623 D/VoldConnector(30833): List terminated with {200 Storage user list complete}
02-07 23:16:23.623 I/MountService(30833): Retrying to kill storage users again
02-07 23:16:23.633 I/WindowManager(30833): WINDOW DIED Window{40adb740 com.android.camera/com.android.camera.Camera paused=false}
02-07 23:16:23.633 W/WindowManager(30833): updateFocusedWindowLocked newFocus=Window{40ad8170 Power off paused=false} mode=0 mCurrentFocus = Window{40ad8170 Power off paused=false}
02-07 23:16:23.633 I/WindowManager(30833): WIN DEATH: Window{40a98ed0 SurfaceView paused=false}
02-07 23:16:23.663 D/VoldConnector(30833): SND -> {storage users /mnt/sdcard} {null}
02-07 23:16:23.663 D/VoldCmdListener(  110): storage users /mnt/sdcard
02-07 23:16:23.693 W/WindowManager(30833): updateFocusedWindowLocked newFocus=Window{40ad8170 Power off paused=false} mode=0 mCurrentFocus = Window{40ad8170 Power off paused=false}
02-07 23:16:23.713 I/WindowManager(30833): WIN DEATH: Window{40a154d0 SurfaceView paused=false}
02-07 23:16:23.723 W/WindowManager(30833): updateFocusedWindowLocked newFocus=Window{40ad8170 Power off paused=false} mode=0 mCurrentFocus = Window{40ad8170 Power off paused=false}
02-07 23:16:23.723 I/WindowManager(30833): WIN DEATH: Window{40962808 com.cooliris.media/com.cooliris.media.Gallery paused=false}
02-07 23:16:23.723 W/WindowManager(30833): updateFocusedWindowLocked newFocus=Window{40ad8170 Power off paused=false} mode=0 mCurrentFocus = Window{40ad8170 Power off paused=false}
02-07 23:16:23.723 I/WindowManager(30833): WIN DEATH: Window{409384e0 SurfaceView paused=false}
02-07 23:16:23.733 W/WindowManager(30833): updateFocusedWindowLocked newFocus=Window{40ad8170 Power off paused=false} mode=0 mCurrentFocus = Window{40ad8170 Power off paused=false}
02-07 23:16:23.733 I/WindowManager(30833): WIN DEATH: Window{408e2d00 com.cooliris.media/com.cooliris.media.Gallery paused=false}
02-07 23:16:23.743 W/WindowManager(30833): updateFocusedWindowLocked newFocus=Window{40ad8170 Power off paused=false} mode=0 mCurrentFocus = Window{40ad8170 Power off paused=false}
02-07 23:16:23.833 D/VoldConnector(30833): RCV <- {200 Storage user list complete}
02-07 23:16:23.833 D/VoldConnector(30833): RSP <- {200 Storage user list complete}
02-07 23:16:23.843 D/VoldConnector(30833): List terminated with {200 Storage user list complete}
02-07 23:16:23.923 D/VoldConnector(30833): SND -> {volume unmount /mnt/sdcard force} {null}
02-07 23:16:23.923 D/VoldCmdListener(  110): volume unmount /mnt/sdcard force
02-07 23:16:23.923 D/Vold    (  110): Volume sdcard state changing 4 (Mounted) -> 5 (Unmounting)
02-07 23:16:23.923 D/VoldConnector(30833): RCV <- {605 Volume sdcard /mnt/sdcard state changed from 4 (Mounted) to 5 (Unmounting)}
02-07 23:16:23.963 I/StorageNotification(30891): Media {/mnt/sdcard} state changed from {mounted} -> {unmounted}
02-07 23:16:24.043 I/ActivityManager(30833): Start proc com.cooliris.media for broadcast com.cooliris.media/com.cooliris.cache.BootReceiver: pid=3236 uid=10049 gids={1015, 3003}
02-07 23:16:25.124 I/Vold    (  110): /mnt/secure/staging/.android_secure sucessfully unmounted
02-07 23:16:25.124 I/Vold    (  110): /mnt/secure/asec sucessfully unmounted
02-07 23:16:25.364 I/Vold    (  110): /mnt/secure/staging sucessfully unmounted
02-07 23:16:25.364 I/Vold    (  110): /mnt/sdcard unmounted sucessfully
02-07 23:16:25.364 D/Vold    (  110): Volume sdcard state changing 5 (Unmounting) -> 1 (Idle-Unmounted)
02-07 23:16:25.374 D/VoldConnector(30833): RCV <- {605 Volume sdcard /mnt/sdcard state changed from 5 (Unmounting) to 1 (Idle-Unmounted)}
02-07 23:16:25.384 W/MountService(30833): Duplicate state transition (unmounted -> unmounted)
02-07 23:16:25.404 D/VoldConnector(30833): RCV <- {200 volume operation succeeded}
02-07 23:16:25.414 D/VoldConnector(30833): RSP <- {200 volume operation succeeded}
02-07 23:16:26.015 D/VoldConnector(30833): SND -> {volume shared /mnt/sdcard ums} {null}
02-07 23:16:26.015 D/VoldCmdListener(  110): volume shared /mnt/sdcard ums
02-07 23:16:26.015 D/VoldConnector(30833): RCV <- {212 Share disabled}
02-07 23:16:26.025 D/VoldConnector(30833): RSP <- {212 Share disabled}
