02-07 22:56:46.898 D/PowerManagerService(30833): setTimeoutLocked now=197535171 timeoutOverride=-1 nextState=3 when=197541171
02-07 22:56:47.168 D/StatusBarPolicy(30891): updateDataIcon subscription =0
02-07 22:56:47.389 D/PowerManagerService(30833): setTimeoutLocked now=197535672 timeoutOverride=-1 nextState=3 when=197541672
02-07 22:56:47.809 D/PowerManagerService(30833): setTimeoutLocked now=197536099 timeoutOverride=-1 nextState=3 when=197542099
02-07 22:56:48.179 D/StatusBarPolicy(30891): updateDataIcon subscription =0
02-07 22:56:48.680 D/StatusBarPolicy(30891): onSignalStrengthsChanged:SignalStrength: 99 0 -63 -70 -60 -15 3 99 2147483647 2147483647 2147483647 2147483647 cdma for subscription0
02-07 22:56:48.680 D/StatusBarPolicy(30891): updateSignalStrength on subscription :0
02-07 22:56:48.680 D/StatusBarPolicy(30891): StatusBarPolocy::getIconLevel -EVDO
02-07 22:56:48.680 D/StatusBarPolicy(30891): getEvdoLevel_band_six -evdoDbm:-60
02-07 22:56:48.680 D/StatusBarPolicy(30891): getEvdoLevel_band_six -evdoEcio:-15
02-07 22:56:49.010 D/PowerManagerService(30833): setTimeoutLocked now=197537293 timeoutOverride=-1 nextState=3 when=197543293
02-07 22:56:49.310 D/PowerManagerService(30833): setTimeoutLocked now=197537594 timeoutOverride=-1 nextState=3 when=197543594
02-07 22:56:49.441 D/PowerManagerService(30833): setTimeoutLocked now=197537720 timeoutOverride=-1 nextState=3 when=197543720
02-07 22:56:50.922 D/StatusBarPolicy(30891): onSignalStrengthsChanged:SignalStrength: 99 0 -63 -70 -59 -5 3 99 2147483647 2147483647 2147483647 2147483647 cdma for subscription0
02-07 22:56:50.922 D/StatusBarPolicy(30891): updateSignalStrength on subscription :0
02-07 22:56:50.932 D/StatusBarPolicy(30891): StatusBarPolocy::getIconLevel -EVDO
02-07 22:56:50.932 D/StatusBarPolicy(30891): getEvdoLevel_band_six -evdoDbm:-59
02-07 22:56:50.932 D/StatusBarPolicy(30891): getEvdoLevel_band_six -evdoEcio:-5
02-07 22:56:51.212 D/StatusBarPolicy(30891): updateDataIcon subscription =0
02-07 22:56:55.076 D/PowerManagerService(30833): setTimeoutLocked now=197543353 timeoutOverride=-1 nextState=3 when=197549353
02-07 22:56:55.386 D/PowerManagerService(30833): setTimeoutLocked now=197543665 timeoutOverride=-1 nextState=3 when=197549665
02-07 22:56:55.667 D/PowerManagerService(30833): setTimeoutLocked now=197543941 timeoutOverride=-1 nextState=3 when=197549941
02-07 22:56:56.267 D/PowerManagerService(30833): setTimeoutLocked now=197544549 timeoutOverride=-1 nextState=3 when=197550549
02-07 22:56:56.567 D/PowerManagerService(30833): setTimeoutLocked now=197544851 timeoutOverride=-1 nextState=3 when=197550851
02-07 22:56:56.567 D/PowerManagerService(30833): setTimeoutLocked now=197544851 timeoutOverride=-1 nextState=3 when=197550851
02-07 22:56:57.528 D/PowerManagerService(30833): setTimeoutLocked now=197545809 timeoutOverride=-1 nextState=3 when=197551809
02-07 22:56:57.639 I/ActivityManager(30833): Starting: Intent { act=android.intent.action.MAIN cat=[android.intent.category.HOME] flg=0x10200000 cmp=com.android.launcher/com.android.launcher2.Launcher } from pid 30833
02-07 22:56:57.689 W/WindowManager(30833): updateFocusedWindowLocked newFocus=Window{408e2d00 com.cooliris.media/com.cooliris.media.Gallery paused=true} mode=3 mCurrentFocus = Window{408e2d00 com.cooliris.media/com.cooliris.media.Gallery paused=true}
02-07 22:56:57.709 W/WindowManager(30833): updateFocusedWindowLocked newFocus=null mode=0 mCurrentFocus = Window{408e2d00 com.cooliris.media/com.cooliris.media.Gallery paused=true}
02-07 22:56:57.769 W/WindowManager(30833): updateFocusedWindowLocked newFocus=null mode=3 mCurrentFocus = null
02-07 22:56:57.829 W/WindowManager(30833): updateFocusedWindowLocked newFocus=Window{406dd440 com.android.launcher/com.android.launcher2.Launcher paused=false} mode=2 mCurrentFocus = null
02-07 22:56:57.829 W/WindowManager(30833): updateFocusedWindowLocked newFocus=Window{406dd440 com.android.launcher/com.android.launcher2.Launcher paused=false} mode=2 mCurrentFocus = Window{406dd440 com.android.launcher/com.android.launcher2.Launcher paused=false}
02-07 22:56:57.869 W/WindowManager(30833): updateFocusedWindowLocked newFocus=Window{406dd440 com.android.launcher/com.android.launcher2.Launcher paused=false} mode=3 mCurrentFocus = Window{406dd440 com.android.launcher/com.android.launcher2.Launcher paused=false}
02-07 22:56:57.869 I/ActivityManager(30833): No longer want com.android.settings (pid 31099): hidden #16
02-07 22:56:57.909 W/WindowManager(30833): updateFocusedWindowLocked newFocus=Window{406dd440 com.android.launcher/com.android.launcher2.Launcher paused=false} mode=3 mCurrentFocus = Window{406dd440 com.android.launcher/com.android.launcher2.Launcher paused=false}
02-07 22:56:57.939 W/ActivityManager(30833): Scheduling restart of crashed service com.android.qualcomm/.DunService in 5000ms
02-07 22:56:57.939 I/WindowManager(30833): WIN DEATH: Window{409c78c8 com.android.settings/com.android.settings.Settings paused=false}
02-07 22:56:57.969 W/WindowManager(30833): updateFocusedWindowLocked newFocus=Window{406dd440 com.android.launcher/com.android.launcher2.Launcher paused=false} mode=0 mCurrentFocus = Window{406dd440 com.android.launcher/com.android.launcher2.Launcher paused=false}
02-07 22:56:57.969 I/WindowManager(30833): WIN DEATH: Window{40a6e6f8 com.android.settings/com.android.settings.ApplicationSettings paused=false}
02-07 22:56:57.979 W/WindowManager(30833): updateFocusedWindowLocked newFocus=Window{406dd440 com.android.launcher/com.android.launcher2.Launcher paused=false} mode=0 mCurrentFocus = Window{406dd440 com.android.launcher/com.android.launcher2.Launcher paused=false}
02-07 22:56:58.279 D/StatusBarPolicy(30891): updateDataIcon subscription =0
02-07 22:56:59.290 D/StatusBarPolicy(30891): updateDataIcon subscription =0
02-07 22:56:59.320 D/PowerManagerService(30833): setTimeoutLocked now=197547602 timeoutOverride=-1 nextState=3 when=197553602
02-07 22:56:59.390 W/WindowManager(30833): updateFocusedWindowLocked newFocus=Window{40865e80 TrackingView paused=false} mode=3 mCurrentFocus = Window{406dd440 com.android.launcher/com.android.launcher2.Launcher paused=false}
02-07 22:56:59.410 W/WindowManager(30833): updateFocusedWindowLocked newFocus=Window{408a6e58 StatusBarExpanded paused=false} mode=3 mCurrentFocus = Window{40865e80 TrackingView paused=false}
02-07 22:56:59.470 D/PowerManagerService(30833): setTimeoutLocked now=197547751 timeoutOverride=-1 nextState=3 when=197553751
02-07 22:56:59.911 D/StatusBarPolicy(30891): onSignalStrengthsChanged:SignalStrength: 99 0 -63 -70 -60 -5 3 99 2147483647 2147483647 2147483647 2147483647 cdma for subscription0
02-07 22:56:59.911 D/StatusBarPolicy(30891): updateSignalStrength on subscription :0
02-07 22:56:59.921 D/StatusBarPolicy(30891): StatusBarPolocy::getIconLevel -EVDO
02-07 22:56:59.921 D/StatusBarPolicy(30891): getEvdoLevel_band_six -evdoDbm:-60
02-07 22:56:59.921 D/StatusBarPolicy(30891): getEvdoLevel_band_six -evdoEcio:-5
02-07 22:56:59.991 D/AlarmManager(30833): scheduleTimeTickEvent calendar=Tue Feb 07 22:58:00 CST 2012
02-07 22:56:59.991 D/AlarmManager(30833): calendar.getTimeInMillis()1328677080000
02-07 22:57:01.763 D/PowerManagerService(30833): setTimeoutLocked now=197550046 timeoutOverride=-1 nextState=3 when=197556046
02-07 22:57:01.853 D/PowerManagerService(30833): setTimeoutLocked now=197550134 timeoutOverride=-1 nextState=3 when=197556134
02-07 22:57:02.063 W/WindowManager(30833): updateFocusedWindowLocked newFocus=Window{408a6e58 StatusBarExpanded paused=false} mode=3 mCurrentFocus = Window{408a6e58 StatusBarExpanded paused=false}
02-07 22:57:02.073 W/WindowManager(30833): updateFocusedWindowLocked newFocus=Window{406dd440 com.android.launcher/com.android.launcher2.Launcher paused=false} mode=3 mCurrentFocus = Window{408a6e58 StatusBarExpanded paused=false}
02-07 22:57:02.083 W/InputManagerService(30833): Window already focused, ignoring focus gain of: com.android.internal.view.IInputMethodClient$Stub$Proxy@40a31208
02-07 22:57:02.944 I/ActivityManager(30833): Start proc com.android.settings for service com.android.qualcomm/.DunService: pid=2887 uid=1000 gids={3002, 3001, 3003, 1015}
02-07 22:57:03.865 D/PowerManagerService(30833): setTimeoutLocked now=197552145 timeoutOverride=-1 nextState=0 when=197559145
02-07 22:57:03.885 W/WindowManager(30833): updateFocusedWindowLocked newFocus=Window{4087b7d0 Keyguard paused=false} mode=3 mCurrentFocus = Window{406dd440 com.android.launcher/com.android.launcher2.Launcher paused=false}
02-07 22:59:36.510 D/AlarmManager(30833): scheduleTimeTickEvent calendar=Tue Feb 07 23:00:00 CST 2012
02-07 22:59:36.510 D/AlarmManager(30833): calendar.getTimeInMillis()1328677200000
02-07 23:00:09.500 D/AlarmManager(30833): scheduleTimeTickEvent calendar=Tue Feb 07 23:01:00 CST 2012
02-07 23:00:09.500 D/AlarmManager(30833): calendar.getTimeInMillis()1328677260000
02-07 23:00:26.620 D/PowerManagerService(30833): setTimeoutLocked now=197559270 timeoutOverride=-1 nextState=3 when=197565270
02-07 23:00:26.680 W/WindowManager(30833): updateFocusedWindowLocked newFocus=Window{4087b7d0 Keyguard paused=false} mode=3 mCurrentFocus = Window{4087b7d0 Keyguard paused=false}
02-07 23:00:26.690 W/WindowManager(30833): updateFocusedWindowLocked newFocus=Window{4087b7d0 Keyguard paused=false} mode=2 mCurrentFocus = Window{4087b7d0 Keyguard paused=false}
02-07 23:00:26.690 W/WindowManager(30833): updateFocusedWindowLocked newFocus=Window{4087b7d0 Keyguard paused=false} mode=2 mCurrentFocus = Window{4087b7d0 Keyguard paused=false}
02-07 23:00:26.760 D/StatusBarPolicy(30891): onSignalStrengthsChanged:SignalStrength: 99 0 -69 -70 -52 -5 3 99 2147483647 2147483647 2147483647 2147483647 cdma for subscription0
02-07 23:00:26.760 D/StatusBarPolicy(30891): updateSignalStrength on subscription :0
02-07 23:00:26.760 D/StatusBarPolicy(30891): StatusBarPolocy::getIconLevel -EVDO
02-07 23:00:26.760 D/StatusBarPolicy(30891): getEvdoLevel_band_six -evdoDbm:-52
02-07 23:00:26.760 D/StatusBarPolicy(30891): getEvdoLevel_band_six -evdoEcio:-5
02-07 23:00:26.810 I/TelephonyRegistry(30833): notifyServiceState: 0 home Sprint  310099  EvDo rev. A CSS not supported 41 4139RoamInd: 1RoamStatus(sprint): 1DefRoamInd: 160EmergOnly: false
02-07 23:00:26.810 D/StatusBarPolicy(30891): onServiceStateChanged:0 home Sprint  310099  EvDo rev. A CSS not supported 41 4139RoamInd: 1RoamStatus(sprint): 1DefRoamInd: 160EmergOnly: falsefor subscription :0
02-07 23:00:26.810 D/StatusBarPolicy(30891): updateSignalStrength on subscription :0
02-07 23:00:26.810 D/StatusBarPolicy(30891): StatusBarPolocy::getIconLevel -EVDO
02-07 23:00:26.810 D/StatusBarPolicy(30891): getEvdoLevel_band_six -evdoDbm:-52
02-07 23:00:26.810 D/StatusBarPolicy(30891): getEvdoLevel_band_six -evdoEcio:-5
02-07 23:00:26.810 D/StatusBarPolicy(30891): updateDataIcon subscription =0
02-07 23:00:28.901 D/StatusBarPolicy(30891): onSignalStrengthsChanged:SignalStrength: 99 0 -69 -70 -55 -5 3 99 2147483647 2147483647 2147483647 2147483647 cdma for subscription0
02-07 23:00:28.901 D/StatusBarPolicy(30891): updateSignalStrength on subscription :0
02-07 23:00:28.901 D/StatusBarPolicy(30891): StatusBarPolocy::getIconLevel -EVDO
02-07 23:00:28.921 D/StatusBarPolicy(30891): getEvdoLevel_band_six -evdoDbm:-55
02-07 23:00:28.921 D/StatusBarPolicy(30891): getEvdoLevel_band_six -evdoEcio:-5
02-07 23:00:42.104 D/BatteryService(30833): updateBattery level:85 scale:100 status:2 health:2 present:true voltage: 4020 temperature: 240 technology: Li-ion AC powered:true USB powered:false icon:17302195
02-07 23:01:00.552 D/AlarmManager(30833): scheduleTimeTickEvent calendar=Tue Feb 07 23:02:00 CST 2012
02-07 23:01:00.552 D/AlarmManager(30833): calendar.getTimeInMillis()1328677320000
02-07 23:01:04.556 D/NetdConnector(30833): SND -> {interface readrxcounter rmnet0} {null}
02-07 23:01:04.566 D/NetdConnector(30833): RCV <- {216 206397827}
02-07 23:01:04.566 D/NetdConnector(30833): RSP <- {216 206397827}
02-07 23:01:04.576 D/NetdConnector(30833): SND -> {interface readtxcounter rmnet0} {null}
02-07 23:01:04.596 D/NetdConnector(30833): RCV <- {217 11811890}
02-07 23:01:04.606 D/NetdConnector(30833): RSP <- {217 11811890}
02-07 23:02:00.000 D/AlarmManager(30833): scheduleTimeTickEvent calendar=Tue Feb 07 23:03:00 CST 2012
02-07 23:02:00.000 D/AlarmManager(30833): calendar.getTimeInMillis()1328677380000
02-07 23:02:59.999 D/AlarmManager(30833): scheduleTimeTickEvent calendar=Tue Feb 07 23:04:00 CST 2012
02-07 23:02:59.999 D/AlarmManager(30833): calendar.getTimeInMillis()1328677440000
02-07 23:03:59.997 D/AlarmManager(30833): scheduleTimeTickEvent calendar=Tue Feb 07 23:05:00 CST 2012
02-07 23:03:59.997 D/AlarmManager(30833): calendar.getTimeInMillis()1328677500000
02-07 23:05:00.006 D/AlarmManager(30833): scheduleTimeTickEvent calendar=Tue Feb 07 23:06:00 CST 2012
02-07 23:05:00.006 D/AlarmManager(30833): calendar.getTimeInMillis()1328677560000
02-07 23:06:00.004 D/AlarmManager(30833): scheduleTimeTickEvent calendar=Tue Feb 07 23:07:00 CST 2012
02-07 23:06:00.004 D/AlarmManager(30833): calendar.getTimeInMillis()1328677620000
02-07 23:07:00.003 D/AlarmManager(30833): scheduleTimeTickEvent calendar=Tue Feb 07 23:08:00 CST 2012
02-07 23:07:00.003 D/AlarmManager(30833): calendar.getTimeInMillis()1328677680000
02-07 23:08:00.001 D/AlarmManager(30833): scheduleTimeTickEvent calendar=Tue Feb 07 23:09:00 CST 2012
02-07 23:08:00.001 D/AlarmManager(30833): calendar.getTimeInMillis()1328677740000
02-07 23:08:08.359 W/WindowManager(30833): updateFocusedWindowLocked newFocus=Window{4087b7d0 Keyguard paused=false} mode=2 mCurrentFocus = Window{4087b7d0 Keyguard paused=false}
02-07 23:08:08.359 W/WindowManager(30833): updateFocusedWindowLocked newFocus=Window{4087b7d0 Keyguard paused=false} mode=2 mCurrentFocus = Window{4087b7d0 Keyguard paused=false}
02-07 23:08:08.410 D/StatusBarPolicy(30891): onSignalStrengthsChanged:SignalStrength: 99 0 -51 -70 -47 -10 3 99 2147483647 2147483647 2147483647 2147483647 cdma for subscription0
02-07 23:08:08.410 D/StatusBarPolicy(30891): updateSignalStrength on subscription :0
02-07 23:08:08.410 D/StatusBarPolicy(30891): StatusBarPolocy::getIconLevel -EVDO
02-07 23:08:08.410 D/StatusBarPolicy(30891): getEvdoLevel_band_six -evdoDbm:-47
02-07 23:08:08.410 D/StatusBarPolicy(30891): getEvdoLevel_band_six -evdoEcio:-10
02-07 23:08:08.440 I/TelephonyRegistry(30833): notifyServiceState: 0 home Sprint  310099  EvDo rev. A CSS not supported 41 4139RoamInd: 1RoamStatus(sprint): 1DefRoamInd: 160EmergOnly: false
02-07 23:08:08.440 D/StatusBarPolicy(30891): onServiceStateChanged:0 home Sprint  310099  EvDo rev. A CSS not supported 41 4139RoamInd: 1RoamStatus(sprint): 1DefRoamInd: 160EmergOnly: falsefor subscription :0
02-07 23:08:08.440 D/StatusBarPolicy(30891): updateSignalStrength on subscription :0
02-07 23:08:08.440 D/StatusBarPolicy(30891): StatusBarPolocy::getIconLevel -EVDO
02-07 23:08:08.440 D/StatusBarPolicy(30891): getEvdoLevel_band_six -evdoDbm:-47
02-07 23:08:08.440 D/StatusBarPolicy(30891): getEvdoLevel_band_six -evdoEcio:-10
02-07 23:08:08.440 D/StatusBarPolicy(30891): updateDataIcon subscription =0
02-07 23:08:10.261 D/PowerManagerService(30833): setTimeoutLocked now=198022924 timeoutOverride=-1 nextState=3 when=198028924
02-07 23:08:10.261 D/PowerManagerService(30833): setTimeoutLocked now=198022925 timeoutOverride=-1 nextState=3 when=198028925
02-07 23:08:10.271 W/WindowManager(30833): updateFocusedWindowLocked newFocus=null mode=3 mCurrentFocus = Window{4087b7d0 Keyguard paused=false}
02-07 23:08:10.271 W/WindowManager(30833): updateFocusedWindowLocked newFocus=Window{406dd440 com.android.launcher/com.android.launcher2.Launcher paused=false} mode=2 mCurrentFocus = null
02-07 23:08:10.301 W/InputManagerService(30833): Window already focused, ignoring focus gain of: com.android.internal.view.IInputMethodClient$Stub$Proxy@407ede60
02-07 23:08:10.391 D/StatusBarPolicy(30891): updateDataIcon subscription =0
02-07 23:08:10.752 D/StatusBarPolicy(30891): updateDataIcon subscription =0
02-07 23:08:11.412 D/StatusBarPolicy(30891): updateDataIcon subscription =0
02-07 23:08:12.333 D/PowerManagerService(30833): setTimeoutLocked now=198024998 timeoutOverride=-1 nextState=3 when=198030998
02-07 23:08:12.423 D/StatusBarPolicy(30891): updateDataIcon subscription =0
02-07 23:08:12.423 D/PowerManagerService(30833): setTimeoutLocked now=198025086 timeoutOverride=-1 nextState=3 when=198031086
02-07 23:08:12.614 D/StatusBarPolicy(30891): onSignalStrengthsChanged:SignalStrength: 99 0 -51 -70 -50 -10 8 99 2147483647 2147483647 2147483647 2147483647 cdma for subscription0
02-07 23:08:12.614 D/StatusBarPolicy(30891): updateSignalStrength on subscription :0
02-07 23:08:12.614 D/StatusBarPolicy(30891): StatusBarPolocy::getIconLevel -EVDO
02-07 23:08:12.614 D/StatusBarPolicy(30891): getEvdoLevel_band_six -evdoDbm:-50
02-07 23:08:12.614 D/StatusBarPolicy(30891): getEvdoLevel_band_six -evdoEcio:-10
02-07 23:08:13.945 D/PowerManagerService(30833): setTimeoutLocked now=198026598 timeoutOverride=-1 nextState=3 when=198032598
02-07 23:08:14.035 D/PowerManagerService(30833): setTimeoutLocked now=198026697 timeoutOverride=-1 nextState=3 when=198032697
02-07 23:08:15.206 D/PowerManagerService(30833): setTimeoutLocked now=198027857 timeoutOverride=-1 nextState=3 when=198033857
02-07 23:08:15.296 D/PowerManagerService(30833): setTimeoutLocked now=198027955 timeoutOverride=-1 nextState=3 when=198033955
02-07 23:08:15.787 D/PowerManagerService(30833): setTimeoutLocked now=198028451 timeoutOverride=-1 nextState=3 when=198034451
02-07 23:08:15.957 D/PowerManagerService(30833): setTimeoutLocked now=198028621 timeoutOverride=-1 nextState=3 when=198034621
02-07 23:08:17.508 D/PowerManagerService(30833): setTimeoutLocked now=198030163 timeoutOverride=-1 nextState=3 when=198036163
02-07 23:08:17.568 D/PowerManagerService(30833): setTimeoutLocked now=198030239 timeoutOverride=-1 nextState=3 when=198036239
02-07 23:08:17.779 I/ActivityManager(30833): Starting: Intent { act=android.intent.action.MAIN cat=[android.intent.category.LAUNCHER] flg=0x10200000 cmp=com.google.android.apps.googlevoice/.SplashActivity } from pid 30911
02-07 23:08:17.809 W/WindowManager(30833): updateFocusedWindowLocked newFocus=Window{406dd440 com.android.launcher/com.android.launcher2.Launcher paused=true} mode=3 mCurrentFocus = Window{406dd440 com.android.launcher/com.android.launcher2.Launcher paused=true}
02-07 23:08:17.819 W/WindowManager(30833): updateFocusedWindowLocked newFocus=null mode=0 mCurrentFocus = Window{406dd440 com.android.launcher/com.android.launcher2.Launcher paused=true}
02-07 23:08:17.919 W/WindowManager(30833): updateFocusedWindowLocked newFocus=null mode=3 mCurrentFocus = null
02-07 23:08:18.269 W/WindowManager(30833): updateFocusedWindowLocked newFocus=Window{409731c8 com.google.android.apps.googlevoice/com.google.android.apps.googlevoice.PhoneCallListActivity paused=false} mode=2 mCurrentFocus = null
02-07 23:08:18.279 W/WindowManager(30833): updateFocusedWindowLocked newFocus=Window{409731c8 com.google.android.apps.googlevoice/com.google.android.apps.googlevoice.PhoneCallListActivity paused=false} mode=2 mCurrentFocus = Window{409731c8 com.google.android.apps.googlevoice/com.google.android.apps.googlevoice.PhoneCallListActivity paused=false}
02-07 23:08:18.349 W/WindowManager(30833): updateFocusedWindowLocked newFocus=Window{409731c8 com.google.android.apps.googlevoice/com.google.android.apps.googlevoice.PhoneCallListActivity paused=false} mode=3 mCurrentFocus = Window{409731c8 com.google.android.apps.googlevoice/com.google.android.apps.googlevoice.PhoneCallListActivity paused=false}
02-07 23:08:19.340 D/StatusBarPolicy(30891): onSignalStrengthsChanged:SignalStrength: 99 0 -51 -70 -54 -10 8 99 2147483647 2147483647 2147483647 2147483647 cdma for subscription0
02-07 23:08:19.340 D/StatusBarPolicy(30891): updateSignalStrength on subscription :0
02-07 23:08:19.350 D/StatusBarPolicy(30891): StatusBarPolocy::getIconLevel -EVDO
02-07 23:08:19.350 D/StatusBarPolicy(30891): getEvdoLevel_band_six -evdoDbm:-54
02-07 23:08:19.350 D/StatusBarPolicy(30891): getEvdoLevel_band_six -evdoEcio:-10
02-07 23:08:19.841 D/PowerManagerService(30833): setTimeoutLocked now=198032506 timeoutOverride=-1 nextState=3 when=198038506
02-07 23:08:19.971 D/PowerManagerService(30833): setTimeoutLocked now=198032630 timeoutOverride=-1 nextState=3 when=198038630
02-07 23:08:19.981 W/WindowManager(30833): updateFocusedWindowLocked newFocus=Window{409731c8 com.google.android.apps.googlevoice/com.google.android.apps.googlevoice.PhoneCallListActivity paused=false} mode=3 mCurrentFocus = Window{409731c8 com.google.android.apps.googlevoice/com.google.android.apps.googlevoice.PhoneCallListActivity paused=false}
02-07 23:08:20.551 W/WindowManager(30833): updateFocusedWindowLocked newFocus=Window{409731c8 com.google.android.apps.googlevoice/com.google.android.apps.googlevoice.PhoneCallListActivity paused=false} mode=3 mCurrentFocus = Window{409731c8 com.google.android.apps.googlevoice/com.google.android.apps.googlevoice.PhoneCallListActivity paused=false}
02-07 23:08:21.592 D/StatusBarPolicy(30891): onSignalStrengthsChanged:SignalStrength: 99 0 -57 -70 -54 -10 8 99 2147483647 2147483647 2147483647 2147483647 cdma for subscription0
02-07 23:08:21.592 D/StatusBarPolicy(30891): updateSignalStrength on subscription :0
02-07 23:08:21.592 D/StatusBarPolicy(30891): StatusBarPolocy::getIconLevel -EVDO
02-07 23:08:21.592 D/StatusBarPolicy(30891): getEvdoLevel_band_six -evdoDbm:-54
02-07 23:08:21.602 D/StatusBarPolicy(30891): getEvdoLevel_band_six -evdoEcio:-10
02-07 23:08:22.293 D/StatusBarPolicy(30891): updateDataIcon subscription =0
02-07 23:08:22.353 D/PowerManagerService(30833): setTimeoutLocked now=198035013 timeoutOverride=-1 nextState=3 when=198041013
02-07 23:08:22.473 W/WindowManager(30833): updateFocusedWindowLocked newFocus=Window{409731c8 com.google.android.apps.googlevoice/com.google.android.apps.googlevoice.PhoneCallListActivity paused=false} mode=3 mCurrentFocus = Window{409731c8 com.google.android.apps.googlevoice/com.google.android.apps.googlevoice.PhoneCallListActivity paused=false}
02-07 23:08:22.964 D/PowerManagerService(30833): setTimeoutLocked now=198035616 timeoutOverride=-1 nextState=3 when=198041616
02-07 23:08:23.134 W/WindowManager(30833): updateFocusedWindowLocked newFocus=Window{4089dfd8 AtchDlg:com.google.android.apps.googlevoice/com.google.android.apps.googlevoice.PhoneCallListActivity paused=false} mode=1 mCurrentFocus = Window{409731c8 com.google.android.apps.googlevoice/com.google.android.apps.googlevoice.PhoneCallListActivity paused=false}
02-07 23:08:23.144 W/WindowManager(30833): updateFocusedWindowLocked newFocus=Window{4089dfd8 AtchDlg:com.google.android.apps.googlevoice/com.google.android.apps.googlevoice.PhoneCallListActivity paused=false} mode=3 mCurrentFocus = Window{4089dfd8 AtchDlg:com.google.android.apps.googlevoice/com.google.android.apps.googlevoice.PhoneCallListActivity paused=false}
02-07 23:08:23.164 W/WindowManager(30833): updateFocusedWindowLocked newFocus=Window{4089dfd8 AtchDlg:com.google.android.apps.googlevoice/com.google.android.apps.googlevoice.PhoneCallListActivity paused=false} mode=3 mCurrentFocus = Window{4089dfd8 AtchDlg:com.google.android.apps.googlevoice/com.google.android.apps.googlevoice.PhoneCallListActivity paused=false}
02-07 23:08:24.966 D/PowerManagerService(30833): setTimeoutLocked now=198037622 timeoutOverride=-1 nextState=3 when=198043622
02-07 23:08:25.076 D/PowerManagerService(30833): setTimeoutLocked now=198037735 timeoutOverride=-1 nextState=3 when=198043735
02-07 23:08:25.106 W/WindowManager(30833): updateFocusedWindowLocked newFocus=Window{408b9000 AtchDlg:com.google.android.apps.googlevoice/com.google.android.apps.googlevoice.PhoneCallListActivity paused=false} mode=1 mCurrentFocus = Window{4089dfd8 AtchDlg:com.google.android.apps.googlevoice/com.google.android.apps.googlevoice.PhoneCallListActivity paused=false}
02-07 23:08:25.126 W/WindowManager(30833): updateFocusedWindowLocked newFocus=Window{408b9000 AtchDlg:com.google.android.apps.googlevoice/com.google.android.apps.googlevoice.PhoneCallListActivity paused=false} mode=3 mCurrentFocus = Window{408b9000 AtchDlg:com.google.android.apps.googlevoice/com.google.android.apps.googlevoice.PhoneCallListActivity paused=false}
02-07 23:08:25.216 W/WindowManager(30833): updateFocusedWindowLocked newFocus=Window{408b9000 AtchDlg:com.google.android.apps.googlevoice/com.google.android.apps.googlevoice.PhoneCallListActivity paused=false} mode=3 mCurrentFocus = Window{408b9000 AtchDlg:com.google.android.apps.googlevoice/com.google.android.apps.googlevoice.PhoneCallListActivity paused=false}
02-07 23:08:26.467 D/PowerManagerService(30833): setTimeoutLocked now=198039128 timeoutOverride=-1 nextState=3 when=198045128
02-07 23:08:26.577 D/PowerManagerService(30833): setTimeoutLocked now=198039242 timeoutOverride=-1 nextState=3 when=198045242
02-07 23:08:26.777 W/WindowManager(30833): updateFocusedWindowLocked newFocus=Window{409731c8 com.google.android.apps.googlevoice/com.google.android.apps.googlevoice.PhoneCallListActivity paused=false} mode=3 mCurrentFocus = Window{408b9000 AtchDlg:com.google.android.apps.googlevoice/com.google.android.apps.googlevoice.PhoneCallListActivity paused=false}
02-07 23:08:27.558 W/InputManagerService(30833): Window already focused, ignoring focus gain of: com.android.internal.view.IInputMethodClient$Stub$Proxy@408f9d20
02-07 23:08:29.400 D/PowerManagerService(30833): setTimeoutLocked now=198042063 timeoutOverride=-1 nextState=3 when=198048063
02-07 23:08:29.520 W/WindowManager(30833): updateFocusedWindowLocked newFocus=Window{409731c8 com.google.android.apps.googlevoice/com.google.android.apps.googlevoice.PhoneCallListActivity paused=true} mode=0 mCurrentFocus = Window{409731c8 com.google.android.apps.googlevoice/com.google.android.apps.googlevoice.PhoneCallListActivity paused=true}
02-07 23:08:29.550 W/WindowManager(30833): updateFocusedWindowLocked newFocus=null mode=3 mCurrentFocus = Window{409731c8 com.google.android.apps.googlevoice/com.google.android.apps.googlevoice.PhoneCallListActivity paused=true}
02-07 23:08:29.590 W/WindowManager(30833): updateFocusedWindowLocked newFocus=Window{406dd440 com.android.launcher/com.android.launcher2.Launcher paused=false} mode=3 mCurrentFocus = null
02-07 23:08:29.640 W/WindowManager(30833): updateFocusedWindowLocked newFocus=Window{406dd440 com.android.launcher/com.android.launcher2.Launcher paused=false} mode=2 mCurrentFocus = Window{406dd440 com.android.launcher/com.android.launcher2.Launcher paused=false}
02-07 23:08:29.640 W/WindowManager(30833): updateFocusedWindowLocked newFocus=Window{406dd440 com.android.launcher/com.android.launcher2.Launcher paused=false} mode=2 mCurrentFocus = Window{406dd440 com.android.launcher/com.android.launcher2.Launcher paused=false}
02-07 23:08:29.650 W/WindowManager(30833): updateFocusedWindowLocked newFocus=Window{406dd440 com.android.launcher/com.android.launcher2.Launcher paused=false} mode=3 mCurrentFocus = Window{406dd440 com.android.launcher/com.android.launcher2.Launcher paused=false}
02-07 23:08:29.680 W/WindowManager(30833): updateFocusedWindowLocked newFocus=Window{406dd440 com.android.launcher/com.android.launcher2.Launcher paused=false} mode=3 mCurrentFocus = Window{406dd440 com.android.launcher/com.android.launcher2.Launcher paused=false}
02-07 23:08:29.700 W/WindowManager(30833): updateFocusedWindowLocked newFocus=Window{406dd440 com.android.launcher/com.android.launcher2.Launcher paused=false} mode=3 mCurrentFocus = Window{406dd440 com.android.launcher/com.android.launcher2.Launcher paused=false}
02-07 23:08:31.082 D/PowerManagerService(30833): setTimeoutLocked now=198043747 timeoutOverride=-1 nextState=3 when=198049747
02-07 23:08:31.202 D/PowerManagerService(30833): setTimeoutLocked now=198043861 timeoutOverride=-1 nextState=3 when=198049861
02-07 23:08:31.392 I/ActivityManager(30833): Starting: Intent { act=android.intent.action.MAIN cat=[android.intent.category.LAUNCHER] flg=0x10200000 cmp=com.google.android.apps.googlevoice/.SplashActivity } from pid 30911
02-07 23:08:31.422 W/WindowManager(30833): updateFocusedWindowLocked newFocus=null mode=0 mCurrentFocus = Window{406dd440 com.android.launcher/com.android.launcher2.Launcher paused=true}
02-07 23:08:31.452 W/WindowManager(30833): updateFocusedWindowLocked newFocus=Window{409530c8 com.google.android.apps.googlevoice/com.google.android.apps.googlevoice.SplashActivity paused=false} mode=3 mCurrentFocus = null
02-07 23:08:31.502 W/WindowManager(30833): updateFocusedWindowLocked newFocus=Window{409530c8 com.google.android.apps.googlevoice/com.google.android.apps.googlevoice.SplashActivity paused=false} mode=2 mCurrentFocus = Window{409530c8 com.google.android.apps.googlevoice/com.google.android.apps.googlevoice.SplashActivity paused=false}
02-07 23:08:31.502 W/WindowManager(30833): updateFocusedWindowLocked newFocus=Window{409530c8 com.google.android.apps.googlevoice/com.google.android.apps.googlevoice.SplashActivity paused=false} mode=2 mCurrentFocus = Window{409530c8 com.google.android.apps.googlevoice/com.google.android.apps.googlevoice.SplashActivity paused=false}
02-07 23:08:31.532 I/ActivityManager(30833): Starting: Intent { cmp=com.google.android.apps.googlevoice/.activity.conversationlist.ConversationListActivity (has extras) } from pid 31602
02-07 23:08:32.033 W/ActivityManager(30833): Activity pause timeout for HistoryRecord{40a36b60 com.google.android.apps.googlevoice/.SplashActivity}
02-07 23:08:32.043 W/WindowManager(30833): updateFocusedWindowLocked newFocus=null mode=0 mCurrentFocus = Window{409530c8 com.google.android.apps.googlevoice/com.google.android.apps.googlevoice.SplashActivity paused=true}
02-07 23:08:33.034 W/WindowManager(30833): updateFocusedWindowLocked newFocus=Window{409c9db0 com.google.android.apps.googlevoice/com.google.android.apps.googlevoice.activity.conversationlist.ConversationListActivity paused=false} mode=3 mCurrentFocus = null
02-07 23:08:33.334 W/WindowManager(30833): updateFocusedWindowLocked newFocus=Window{409c9db0 com.google.android.apps.googlevoice/com.google.android.apps.googlevoice.activity.conversationlist.ConversationListActivity paused=false} mode=2 mCurrentFocus = Window{409c9db0 com.google.android.apps.googlevoice/com.google.android.apps.googlevoice.activity.conversationlist.ConversationListActivity paused=false}
02-07 23:08:33.334 W/WindowManager(30833): updateFocusedWindowLocked newFocus=Window{409c9db0 com.google.android.apps.googlevoice/com.google.android.apps.googlevoice.activity.conversationlist.ConversationListActivity paused=false} mode=2 mCurrentFocus = Window{409c9db0 com.google.android.apps.googlevoice/com.google.android.apps.googlevoice.activity.conversationlist.ConversationListActivity paused=false}
02-07 23:08:33.354 W/WindowManager(30833): updateFocusedWindowLocked newFocus=Window{409c9db0 com.google.android.apps.googlevoice/com.google.android.apps.googlevoice.activity.conversationlist.ConversationListActivity paused=false} mode=3 mCurrentFocus = Window{409c9db0 com.google.android.apps.googlevoice/com.google.android.apps.googlevoice.activity.conversationlist.ConversationListActivity paused=false}
02-07 23:08:33.364 W/WindowManager(30833): updateFocusedWindowLocked newFocus=Window{409c9db0 com.google.android.apps.googlevoice/com.google.android.apps.googlevoice.activity.conversationlist.ConversationListActivity paused=false} mode=3 mCurrentFocus = Window{409c9db0 com.google.android.apps.googlevoice/com.google.android.apps.googlevoice.activity.conversationlist.ConversationListActivity paused=false}
02-07 23:08:34.705 D/PowerManagerService(30833): setTimeoutLocked now=198047364 timeoutOverride=-1 nextState=3 when=198053364
02-07 23:08:34.845 W/WindowManager(30833): updateFocusedWindowLocked newFocus=Window{409aafa8 AtchDlg:com.google.android.apps.googlevoice/com.google.android.apps.googlevoice.activity.conversationlist.ConversationListActivity paused=false} mode=1 mCurrentFocus = Window{409c9db0 com.google.android.apps.googlevoice/com.google.android.apps.googlevoice.activity.conversationlist.ConversationListActivity paused=false}
02-07 23:08:34.855 W/WindowManager(30833): updateFocusedWindowLocked newFocus=Window{409aafa8 AtchDlg:com.google.android.apps.googlevoice/com.google.android.apps.googlevoice.activity.conversationlist.ConversationListActivity paused=false} mode=3 mCurrentFocus = Window{409aafa8 AtchDlg:com.google.android.apps.googlevoice/com.google.android.apps.googlevoice.activity.conversationlist.ConversationListActivity paused=false}
02-07 23:08:38.889 D/PowerManagerService(30833): setTimeoutLocked now=198051551 timeoutOverride=-1 nextState=3 when=198057551
02-07 23:08:38.929 D/PowerManagerService(30833): setTimeoutLocked now=198051599 timeoutOverride=-1 nextState=3 when=198057599
02-07 23:08:39.490 D/StatusBarPolicy(30891): onSignalStrengthsChanged:SignalStrength: 99 0 -57 -70 -58 -10 8 99 2147483647 2147483647 2147483647 2147483647 cdma for subscription0
02-07 23:08:39.490 D/StatusBarPolicy(30891): updateSignalStrength on subscription :0
02-07 23:08:39.500 D/StatusBarPolicy(30891): StatusBarPolocy::getIconLevel -EVDO
02-07 23:08:39.500 D/StatusBarPolicy(30891): getEvdoLevel_band_six -evdoDbm:-58
02-07 23:08:39.500 D/StatusBarPolicy(30891): getEvdoLevel_band_six -evdoEcio:-10
02-07 23:08:39.580 W/WindowManager(30833): updateFocusedWindowLocked newFocus=Window{409c9db0 com.google.android.apps.googlevoice/com.google.android.apps.googlevoice.activity.conversationlist.ConversationListActivity paused=false} mode=3 mCurrentFocus = Window{409aafa8 AtchDlg:com.google.android.apps.googlevoice/com.google.android.apps.googlevoice.activity.conversationlist.ConversationListActivity paused=false}
02-07 23:08:39.590 W/InputManagerService(30833): Window already focused, ignoring focus gain of: com.android.internal.view.IInputMethodClient$Stub$Proxy@40a0ee00
02-07 23:08:41.742 D/StatusBarPolicy(30891): onSignalStrengthsChanged:SignalStrength: 99 0 -62 -70 -58 -10 8 99 2147483647 2147483647 2147483647 2147483647 cdma for subscription0
02-07 23:08:41.752 D/StatusBarPolicy(30891): updateSignalStrength on subscription :0
02-07 23:08:41.752 D/StatusBarPolicy(30891): StatusBarPolocy::getIconLevel -EVDO
02-07 23:08:41.752 D/StatusBarPolicy(30891): getEvdoLevel_band_six -evdoDbm:-58
02-07 23:08:41.752 D/StatusBarPolicy(30891): getEvdoLevel_band_six -evdoEcio:-10
02-07 23:08:43.053 D/PowerManagerService(30833): setTimeoutLocked now=198055717 timeoutOverride=-1 nextState=3 when=198061717
02-07 23:08:43.153 D/PowerManagerService(30833): setTimeoutLocked now=198055812 timeoutOverride=-1 nextState=3 when=198061812
02-07 23:08:43.304 I/ActivityManager(30833): Starting: Intent { dat=googlevoice://conversations/63156e3c51b0428222537306c859856ce4bc120e cmp=com.google.android.apps.googlevoice/.PhoneCallListActivity } from pid 31602
02-07 23:08:43.374 W/WindowManager(30833): updateFocusedWindowLocked newFocus=null mode=0 mCurrentFocus = Window{409c9db0 com.google.android.apps.googlevoice/com.google.android.apps.googlevoice.activity.conversationlist.ConversationListActivity paused=true}
02-07 23:08:43.524 W/WindowManager(30833): updateFocusedWindowLocked newFocus=Window{40aa3548 com.google.android.apps.googlevoice/com.google.android.apps.googlevoice.PhoneCallListActivity paused=false} mode=3 mCurrentFocus = null
02-07 23:08:43.694 W/WindowManager(30833): updateFocusedWindowLocked newFocus=Window{40aa3548 com.google.android.apps.googlevoice/com.google.android.apps.googlevoice.PhoneCallListActivity paused=false} mode=2 mCurrentFocus = Window{40aa3548 com.google.android.apps.googlevoice/com.google.android.apps.googlevoice.PhoneCallListActivity paused=false}
02-07 23:08:43.694 W/WindowManager(30833): updateFocusedWindowLocked newFocus=Window{40aa3548 com.google.android.apps.googlevoice/com.google.android.apps.googlevoice.PhoneCallListActivity paused=false} mode=2 mCurrentFocus = Window{40aa3548 com.google.android.apps.googlevoice/com.google.android.apps.googlevoice.PhoneCallListActivity paused=false}
02-07 23:08:43.724 W/WindowManager(30833): updateFocusedWindowLocked newFocus=Window{40aa3548 com.google.android.apps.googlevoice/com.google.android.apps.googlevoice.PhoneCallListActivity paused=false} mode=3 mCurrentFocus = Window{40aa3548 com.google.android.apps.googlevoice/com.google.android.apps.googlevoice.PhoneCallListActivity paused=false}
02-07 23:08:43.974 D/StatusBarPolicy(30891): onSignalStrengthsChanged:SignalStrength: 99 0 -62 -70 -60 -10 8 99 2147483647 2147483647 2147483647 2147483647 cdma for subscription0
02-07 23:08:43.974 D/StatusBarPolicy(30891): updateSignalStrength on subscription :0
02-07 23:08:43.984 D/StatusBarPolicy(30891): StatusBarPolocy::getIconLevel -EVDO
02-07 23:08:43.984 D/StatusBarPolicy(30891): getEvdoLevel_band_six -evdoDbm:-60
02-07 23:08:43.984 D/StatusBarPolicy(30891): getEvdoLevel_band_six -evdoEcio:-10
02-07 23:08:44.475 D/PowerManagerService(30833): setTimeoutLocked now=198057134 timeoutOverride=-1 nextState=3 when=198063134
02-07 23:08:44.665 D/PowerManagerService(30833): setTimeoutLocked now=198057328 timeoutOverride=-1 nextState=3 when=198063328
02-07 23:08:45.316 D/PowerManagerService(30833): setTimeoutLocked now=198057973 timeoutOverride=-1 nextState=3 when=198063973
02-07 23:08:45.376 D/PowerManagerService(30833): setTimeoutLocked now=198058036 timeoutOverride=-1 nextState=3 when=198064036
02-07 23:08:45.466 W/WindowManager(30833): updateFocusedWindowLocked newFocus=Window{40aa3548 com.google.android.apps.googlevoice/com.google.android.apps.googlevoice.PhoneCallListActivity paused=false} mode=3 mCurrentFocus = Window{40aa3548 com.google.android.apps.googlevoice/com.google.android.apps.googlevoice.PhoneCallListActivity paused=false}
02-07 23:08:45.516 W/WindowManager(30833): updateFocusedWindowLocked newFocus=Window{40aa3548 com.google.android.apps.googlevoice/com.google.android.apps.googlevoice.PhoneCallListActivity paused=false} mode=3 mCurrentFocus = Window{40aa3548 com.google.android.apps.googlevoice/com.google.android.apps.googlevoice.PhoneCallListActivity paused=false}
02-07 23:08:47.037 D/PowerManagerService(30833): setTimeoutLocked now=198059699 timeoutOverride=-1 nextState=3 when=198065699
02-07 23:08:47.047 W/WindowManager(30833): updateFocusedWindowLocked newFocus=Window{40aa3548 com.google.android.apps.googlevoice/com.google.android.apps.googlevoice.PhoneCallListActivity paused=false} mode=3 mCurrentFocus = Window{40aa3548 com.google.android.apps.googlevoice/com.google.android.apps.googlevoice.PhoneCallListActivity paused=false}
02-07 23:08:47.107 D/PowerManagerService(30833): setTimeoutLocked now=198059771 timeoutOverride=-1 nextState=3 when=198065771
02-07 23:08:47.277 W/WindowManager(30833): updateFocusedWindowLocked newFocus=Window{40aa3548 com.google.android.apps.googlevoice/com.google.android.apps.googlevoice.PhoneCallListActivity paused=false} mode=3 mCurrentFocus = Window{40aa3548 com.google.android.apps.googlevoice/com.google.android.apps.googlevoice.PhoneCallListActivity paused=false}
02-07 23:08:47.428 W/WindowManager(30833): updateFocusedWindowLocked newFocus=Window{40aa3548 com.google.android.apps.googlevoice/com.google.android.apps.googlevoice.PhoneCallListActivity paused=false} mode=3 mCurrentFocus = Window{40aa3548 com.google.android.apps.googlevoice/com.google.android.apps.googlevoice.PhoneCallListActivity paused=false}
02-07 23:08:47.558 W/WindowManager(30833): updateFocusedWindowLocked newFocus=Window{40aa3548 com.google.android.apps.googlevoice/com.google.android.apps.googlevoice.PhoneCallListActivity paused=false} mode=3 mCurrentFocus = Window{40aa3548 com.google.android.apps.googlevoice/com.google.android.apps.googlevoice.PhoneCallListActivity paused=false}
02-07 23:08:47.948 W/WindowManager(30833): updateFocusedWindowLocked newFocus=Window{40aa3548 com.google.android.apps.googlevoice/com.google.android.apps.googlevoice.PhoneCallListActivity paused=false} mode=3 mCurrentFocus = Window{40aa3548 com.google.android.apps.googlevoice/com.google.android.apps.googlevoice.PhoneCallListActivity paused=false}
02-07 23:08:48.809 D/PowerManagerService(30833): setTimeoutLocked now=198061477 timeoutOverride=-1 nextState=3 when=198067477
02-07 23:08:48.829 W/WindowManager(30833): updateFocusedWindowLocked newFocus=Window{40aa3548 com.google.android.apps.googlevoice/com.google.android.apps.googlevoice.PhoneCallListActivity paused=false} mode=3 mCurrentFocus = Window{40aa3548 com.google.android.apps.googlevoice/com.google.android.apps.googlevoice.PhoneCallListActivity paused=false}
02-07 23:08:48.919 D/PowerManagerService(30833): setTimeoutLocked now=198061586 timeoutOverride=-1 nextState=3 when=198067586
02-07 23:08:48.939 W/WindowManager(30833): updateFocusedWindowLocked newFocus=Window{40aa3548 com.google.android.apps.googlevoice/com.google.android.apps.googlevoice.PhoneCallListActivity paused=false} mode=3 mCurrentFocus = Window{40aa3548 com.google.android.apps.googlevoice/com.google.android.apps.googlevoice.PhoneCallListActivity paused=false}
02-07 23:08:50.280 D/PowerManagerService(30833): setTimeoutLocked now=198062946 timeoutOverride=-1 nextState=3 when=198068946
02-07 23:08:50.290 W/WindowManager(30833): updateFocusedWindowLocked newFocus=Window{40aa3548 com.google.android.apps.googlevoice/com.google.android.apps.googlevoice.PhoneCallListActivity paused=false} mode=3 mCurrentFocus = Window{40aa3548 com.google.android.apps.googlevoice/com.google.android.apps.googlevoice.PhoneCallListActivity paused=false}
02-07 23:08:50.370 D/PowerManagerService(30833): setTimeoutLocked now=198063031 timeoutOverride=-1 nextState=3 when=198069031
02-07 23:08:50.390 W/WindowManager(30833): updateFocusedWindowLocked newFocus=Window{40aa3548 com.google.android.apps.googlevoice/com.google.android.apps.googlevoice.PhoneCallListActivity paused=false} mode=3 mCurrentFocus = Window{40aa3548 com.google.android.apps.googlevoice/com.google.android.apps.googlevoice.PhoneCallListActivity paused=false}
02-07 23:08:50.721 D/StatusBarPolicy(30891): onSignalStrengthsChanged:SignalStrength: 99 0 -62 -70 -61 -10 8 99 2147483647 2147483647 2147483647 2147483647 cdma for subscription0
02-07 23:08:50.731 D/StatusBarPolicy(30891): updateSignalStrength on subscription :0
02-07 23:08:50.731 D/StatusBarPolicy(30891): StatusBarPolocy::getIconLevel -EVDO
02-07 23:08:50.731 D/StatusBarPolicy(30891): getEvdoLevel_band_six -evdoDbm:-61
02-07 23:08:50.731 D/StatusBarPolicy(30891): getEvdoLevel_band_six -evdoEcio:-10
02-07 23:08:50.981 D/PowerManagerService(30833): setTimeoutLocked now=198063641 timeoutOverride=-1 nextState=3 when=198069641
02-07 23:08:51.021 W/WindowManager(30833): updateFocusedWindowLocked newFocus=Window{40aa3548 com.google.android.apps.googlevoice/com.google.android.apps.googlevoice.PhoneCallListActivity paused=false} mode=3 mCurrentFocus = Window{40aa3548 com.google.android.apps.googlevoice/com.google.android.apps.googlevoice.PhoneCallListActivity paused=false}
02-07 23:08:51.061 D/PowerManagerService(30833): setTimeoutLocked now=198063725 timeoutOverride=-1 nextState=3 when=198069725
02-07 23:08:51.081 W/WindowManager(30833): updateFocusedWindowLocked newFocus=Window{40aa3548 com.google.android.apps.googlevoice/com.google.android.apps.googlevoice.PhoneCallListActivity paused=false} mode=3 mCurrentFocus = Window{40aa3548 com.google.android.apps.googlevoice/com.google.android.apps.googlevoice.PhoneCallListActivity paused=false}
02-07 23:08:51.371 W/WindowManager(30833): updateFocusedWindowLocked newFocus=Window{40aa3548 com.google.android.apps.googlevoice/com.google.android.apps.googlevoice.PhoneCallListActivity paused=false} mode=3 mCurrentFocus = Window{40aa3548 com.google.android.apps.googlevoice/com.google.android.apps.googlevoice.PhoneCallListActivity paused=false}
02-07 23:08:51.492 W/WindowManager(30833): updateFocusedWindowLocked newFocus=Window{40aa3548 com.google.android.apps.googlevoice/com.google.android.apps.googlevoice.PhoneCallListActivity paused=false} mode=3 mCurrentFocus = Window{40aa3548 com.google.android.apps.googlevoice/com.google.android.apps.googlevoice.PhoneCallListActivity paused=false}
02-07 23:08:51.952 D/PowerManagerService(30833): setTimeoutLocked now=198064616 timeoutOverride=-1 nextState=3 when=198070616
02-07 23:08:51.972 W/WindowManager(30833): updateFocusedWindowLocked newFocus=Window{40aa3548 com.google.android.apps.googlevoice/com.google.android.apps.googlevoice.PhoneCallListActivity paused=false} mode=3 mCurrentFocus = Window{40aa3548 com.google.android.apps.googlevoice/com.google.android.apps.googlevoice.PhoneCallListActivity paused=false}
02-07 23:08:52.082 D/PowerManagerService(30833): setTimeoutLocked now=198064741 timeoutOverride=-1 nextState=3 when=198070741
02-07 23:08:52.112 W/WindowManager(30833): updateFocusedWindowLocked newFocus=Window{40aa3548 com.google.android.apps.googlevoice/com.google.android.apps.googlevoice.PhoneCallListActivity paused=false} mode=3 mCurrentFocus = Window{40aa3548 com.google.android.apps.googlevoice/com.google.android.apps.googlevoice.PhoneCallListActivity paused=false}
02-07 23:08:52.963 D/PowerManagerService(30833): setTimeoutLocked now=198065624 timeoutOverride=-1 nextState=3 when=198071624
02-07 23:08:53.003 W/WindowManager(30833): updateFocusedWindowLocked newFocus=Window{40aa3548 com.google.android.apps.googlevoice/com.google.android.apps.googlevoice.PhoneCallListActivity paused=false} mode=3 mCurrentFocus = Window{40aa3548 com.google.android.apps.googlevoice/com.google.android.apps.googlevoice.PhoneCallListActivity paused=false}
02-07 23:08:53.033 D/PowerManagerService(30833): setTimeoutLocked now=198065689 timeoutOverride=-1 nextState=3 when=198071689
02-07 23:08:53.063 W/WindowManager(30833): updateFocusedWindowLocked newFocus=Window{40aa3548 com.google.android.apps.googlevoice/com.google.android.apps.googlevoice.PhoneCallListActivity paused=false} mode=3 mCurrentFocus = Window{40aa3548 com.google.android.apps.googlevoice/com.google.android.apps.googlevoice.PhoneCallListActivity paused=false}
02-07 23:08:53.634 D/PowerManagerService(30833): setTimeoutLocked now=198066296 timeoutOverride=-1 nextState=3 when=198072296
02-07 23:08:53.644 W/WindowManager(30833): updateFocusedWindowLocked newFocus=Window{40aa3548 com.google.android.apps.googlevoice/com.google.android.apps.googlevoice.PhoneCallListActivity paused=false} mode=3 mCurrentFocus = Window{40aa3548 com.google.android.apps.googlevoice/com.google.android.apps.googlevoice.PhoneCallListActivity paused=false}
02-07 23:08:53.724 D/PowerManagerService(30833): setTimeoutLocked now=198066381 timeoutOverride=-1 nextState=3 when=198072381
02-07 23:08:53.744 W/WindowManager(30833): updateFocusedWindowLocked newFocus=Window{40aa3548 com.google.android.apps.googlevoice/com.google.android.apps.googlevoice.PhoneCallListActivity paused=false} mode=3 mCurrentFocus = Window{40aa3548 com.google.android.apps.googlevoice/com.google.android.apps.googlevoice.PhoneCallListActivity paused=false}
02-07 23:08:55.275 D/PowerManagerService(30833): setTimeoutLocked now=198067933 timeoutOverride=-1 nextState=3 when=198073933
02-07 23:08:55.285 W/WindowManager(30833): updateFocusedWindowLocked newFocus=Window{40aa3548 com.google.android.apps.googlevoice/com.google.android.apps.googlevoice.PhoneCallListActivity paused=false} mode=3 mCurrentFocus = Window{40aa3548 com.google.android.apps.googlevoice/com.google.android.apps.googlevoice.PhoneCallListActivity paused=false}
02-07 23:08:55.355 D/PowerManagerService(30833): setTimeoutLocked now=198068019 timeoutOverride=-1 nextState=3 when=198074019
02-07 23:08:55.375 W/WindowManager(30833): updateFocusedWindowLocked newFocus=Window{40aa3548 com.google.android.apps.googlevoice/com.google.android.apps.googlevoice.PhoneCallListActivity paused=false} mode=3 mCurrentFocus = Window{40aa3548 com.google.android.apps.googlevoice/com.google.android.apps.googlevoice.PhoneCallListActivity paused=false}
02-07 23:08:55.596 W/WindowManager(30833): updateFocusedWindowLocked newFocus=Window{40aa3548 com.google.android.apps.googlevoice/com.google.android.apps.googlevoice.PhoneCallListActivity paused=false} mode=3 mCurrentFocus = Window{40aa3548 com.google.android.apps.googlevoice/com.google.android.apps.googlevoice.PhoneCallListActivity paused=false}
02-07 23:08:55.736 W/WindowManager(30833): updateFocusedWindowLocked newFocus=Window{40aa3548 com.google.android.apps.googlevoice/com.google.android.apps.googlevoice.PhoneCallListActivity paused=false} mode=3 mCurrentFocus = Window{40aa3548 com.google.android.apps.googlevoice/com.google.android.apps.googlevoice.PhoneCallListActivity paused=false}
02-07 23:08:55.976 D/PowerManagerService(30833): setTimeoutLocked now=198068637 timeoutOverride=-1 nextState=3 when=198074637
02-07 23:08:55.986 W/WindowManager(30833): updateFocusedWindowLocked newFocus=Window{40aa3548 com.google.android.apps.googlevoice/com.google.android.apps.googlevoice.PhoneCallListActivity paused=false} mode=3 mCurrentFocus = Window{40aa3548 com.google.android.apps.googlevoice/com.google.android.apps.googlevoice.PhoneCallListActivity paused=false}
02-07 23:08:56.116 D/PowerManagerService(30833): setTimeoutLocked now=198068772 timeoutOverride=-1 nextState=3 when=198074772
02-07 23:08:56.146 W/WindowManager(30833): updateFocusedWindowLocked newFocus=Window{40aa3548 com.google.android.apps.googlevoice/com.google.android.apps.googlevoice.PhoneCallListActivity paused=false} mode=3 mCurrentFocus = Window{40aa3548 com.google.android.apps.googlevoice/com.google.android.apps.googlevoice.PhoneCallListActivity paused=false}
