02-09 18:34:32.312 I/Vold    (  111): Vold 2.1 (the revenge) firing up
02-09 18:34:32.312 D/Vold    (  111): Volume sdcard state changing -1 (Initializing) -> 0 (No-Media)
02-09 18:34:32.602 W/DirectVolume(  111): Kernel block uevent 'PARTN' 1 pendingparts 0
02-09 18:34:32.602 D/Vold    (  111): Volume sdcard state changing 0 (No-Media) -> 2 (Pending)
02-09 18:34:32.602 W/DirectVolume(  111): Kernel block uevent 'PARTN' 1, 1 minor 33
02-09 18:34:32.602 D/Vold    (  111): Volume sdcard state changing 2 (Pending) -> 1 (Idle-Unmounted)
02-09 18:34:42.772 I/SystemServer(  230): Entered the Android system server!
02-09 18:34:42.792 I/SystemServer(  230): Entropy Service
02-09 18:34:42.812 I/SystemServer(  230): Power Manager
02-09 18:34:42.812 I/SystemServer(  230): Activity Manager
02-09 18:34:42.832 I/ActivityManager(  230): Memory class: 32
02-09 18:34:42.962 I/SystemServer(  230): Telephony Registry
02-09 18:34:43.002 I/SystemServer(  230): Package Manager
02-09 18:34:43.032 I/Installer(  230): connecting...
02-09 18:34:43.993 W/PackageManager(  230): Running ENG build: no pre-dexopt!
02-09 18:34:48.157 I/PackageManager(  230): Unpacking native libraries for /data/app/com.facebook.orca-1.apk
02-09 18:34:48.297 I/PackageManager(  230): Unpacking native libraries for /data/app/com.google.android.apps.chrometophone-1.apk
02-09 18:34:48.527 I/PackageManager(  230): Unpacking native libraries for /data/app/com.google.android.apps.books-1.apk
02-09 18:34:48.998 I/PackageManager(  230): Unpacking native libraries for /data/app/com.facebook.katana-1.apk
02-09 18:34:49.829 I/PackageManager(  230): Unpacking native libraries for /data/app/com.google.android.googlequicksearchbox-1.apk
02-09 18:34:49.989 I/PackageManager(  230): Unpacking native libraries for /data/app/la.droid.qr-1.apk
02-09 18:34:50.179 I/PackageManager(  230): Unpacking native libraries for /data/app/com.google.android.apps.plus-1.apk
02-09 18:34:52.261 I/PackageManager(  230): Unpacking native libraries for /data/app/com.android.vending-1.apk
02-09 18:34:52.311 I/PackageManager(  230): Unpacking native libraries for /data/app/com.sprint.widget.tutorial-1.apk
02-09 18:34:52.371 I/PackageManager(  230): Unpacking native libraries for /data/app/com.spartancoders.gtok-1.apk
02-09 18:34:52.581 I/PackageManager(  230): Unpacking native libraries for /data/app/com.google.android.apps.googlevoice-2.apk
02-09 18:34:52.791 I/PackageManager(  230): Unpacking native libraries for /data/app/com.twitter.android-1.apk
02-09 18:34:52.872 I/PackageManager(  230): Unpacking native libraries for /data/app/com.tumblr-1.apk
02-09 18:34:53.002 W/PackageManager(  230): Unable to update from com.android.music to com.google.android.music: old package still exists
02-09 18:34:53.002 I/PackageManager(  230): Unpacking native libraries for /data/app/com.google.android.music-1.apk
02-09 18:34:53.442 I/PackageManager(  230): Unpacking native libraries for /data/app/com.google.android.apps.maps-1.apk
02-09 18:34:53.632 I/PackageManager(  230): Unpacking native libraries for /data/app/com.lg.valle.phone2chrome-1.apk
02-09 18:34:53.642 I/PackageManager(  230): Unpacking native libraries for /data/app/com.sprint.voicemail-1.apk
02-09 18:34:53.672 I/PackageManager(  230): Unpacking native libraries for /data/app/com.cid.bandroid-1.apk
02-09 18:34:53.692 I/PackageManager(  230): Time to scan packages: 9.7 seconds
02-09 18:34:53.692 W/PackageManager(  230): Unknown permission android.permission.ADD_SYSTEM_SERVICE in package com.android.phone
02-09 18:34:53.702 W/PackageManager(  230): Not granting permission android.permission.SEND_DOWNLOAD_COMPLETED_INTENTS to package com.android.browser (protectionLevel=2 flags=0x9be45)
02-09 18:34:53.702 W/PackageManager(  230): Unknown permission com.android.email.provider.AttachmentProvider in package com.android.music
02-09 18:34:53.702 W/PackageManager(  230): Not granting permission android.permission.SEND_DOWNLOAD_COMPLETED_INTENTS to package com.android.music (protectionLevel=2 flags=0x8be65)
02-09 18:34:53.702 W/PackageManager(  230): Not granting permission android.permission.ACCESS_DRM to package com.android.mms (protectionLevel=2 flags=0x8be65)
02-09 18:34:53.702 W/PackageManager(  230): Unknown permission android.permission.RECEIVE_EMERGENCY_BROADCAST in package com.android.mms
02-09 18:34:53.702 W/PackageManager(  230): Unknown permission android.intent.action.REBOOT in package com.redbend.vdmc
02-09 18:34:53.702 W/PackageManager(  230): Not granting permission android.permission.ACCOUNT_MANAGER to package com.google.android.music (protectionLevel=2 flags=0x8bee5)
02-09 18:34:53.702 W/PackageManager(  230): Unknown permission android.permission.READ_OWNER_DATA in package com.android.email
02-09 18:34:53.712 W/PackageManager(  230): Unknown permission android.intent.action.REBOOT in package com.android.email
02-09 18:34:53.712 W/PackageManager(  230): Not granting permission android.permission.BROADCAST_WAP_PUSH to package com.android.email (protectionLevel=2 flags=0x8be45)
02-09 18:34:53.712 W/PackageManager(  230): Unknown permission com.android.providers.im.permission.READ_ONLY in package com.google.android.apps.maps
02-09 18:34:53.712 W/PackageManager(  230): Unknown permission com.google.android.providers.gmail.permission.READ_GMAIL in package com.dataviz.docstogo
02-09 18:34:53.712 W/PackageManager(  230): Not granting permission android.permission.ACCESS_CHECKIN_PROPERTIES to package com.google.android.apps.googlevoice (protectionLevel=3 flags=0x8be44)
02-09 18:34:53.712 W/PackageManager(  230): Unknown permission android.permission.READ_PROFILE in package com.google.android.apps.googlevoice
02-09 18:34:53.712 W/PackageManager(  230): Unknown permission com.google.android.apps.googlevoice.REMOTE_INTENT in package com.google.android.apps.googlevoice
02-09 18:34:53.712 W/PackageManager(  230): Unknown permission com.google.android.permission.RECEIVE_DATA_MESSAGE in package com.google.android.apps.googlevoice
02-09 18:34:53.712 W/PackageManager(  230): Unknown permission com.google.android.permission.SEND_DATA_MESSAGE in package com.google.android.apps.googlevoice
02-09 18:34:53.712 W/PackageManager(  230): Unknown permission com.android.vending.permission.UPDATE_MARKET_FAILURE in package com.android.vending.updater
02-09 18:34:53.712 W/PackageManager(  230): Unknown permission android.permission.READ_OWNER_DATA in package com.android.setupwizard
02-09 18:34:53.722 W/PackageManager(  230): Unknown permission android.permission.WRITE_OWNER_DATA in package com.android.setupwizard
02-09 18:34:53.722 W/PackageManager(  230): Not granting permission android.permission.SET_PREFERRED_APPLICATIONS to package com.sprint.w.installer (protectionLevel=2 flags=0x8be45)
02-09 18:34:53.722 W/PackageManager(  230): Not granting permission com.google.android.gm.permission.READ_GMAIL to package com.google.android.apps.uploader (protectionLevel=2 flags=0xbe45)
02-09 18:34:53.722 W/PackageManager(  230): Unknown permission android.permission.READ_PROFILE in package com.google.android.apps.plus
02-09 18:34:53.722 W/PackageManager(  230): Unknown permission android.permission.WRITE_PROFILE in package com.google.android.apps.plus
02-09 18:34:53.722 W/PackageManager(  230): Unknown permission android.permission.READ_SOCIAL_STREAM in package com.google.android.apps.plus
02-09 18:34:53.722 W/PackageManager(  230): Unknown permission android.permission.WRITE_SOCIAL_STREAM in package com.google.android.apps.plus
02-09 18:34:53.722 W/PackageManager(  230): Unknown permission android.permission.READ_EXTERNAL_STORAGE in package com.android.vending
02-09 18:34:53.722 W/PackageManager(  230): Not granting permission android.permission.SEND_DOWNLOAD_COMPLETED_INTENTS to package com.android.vending (protectionLevel=2 flags=0xabec5)
02-09 18:34:53.732 W/PackageManager(  230): Not granting permission android.permission.ACCESS_DRM to package com.cid.bandroid (protectionLevel=2 flags=0xbe44)
02-09 18:34:54.013 I/SystemServer(  230): Account Manager
02-09 18:34:54.083 I/SystemServer(  230): Content Manager
02-09 18:34:54.183 I/SystemServer(  230): System Content Providers
02-09 18:34:54.213 I/SystemServer(  230): Battery Service
02-09 18:34:54.273 I/SystemServer(  230): Lights Service
02-09 18:34:54.283 I/SystemServer(  230): Vibrator Service
02-09 18:34:54.293 I/SystemServer(  230): Alarm Manager
02-09 18:34:54.293 D/AlarmManager(  230): scheduleTimeTickEvent calendar=Thu Feb 09 18:35:00 CST 2012
02-09 18:34:54.293 D/AlarmManager(  230): calendar.getTimeInMillis()1328834100000
02-09 18:34:54.303 I/SystemServer(  230): Init Watchdog
02-09 18:34:54.303 I/SystemServer(  230): Window Manager
02-09 18:34:54.303 E/AlarmManager(  230): system is not ready, just wait!
02-09 18:34:54.303 I/InputManager(  230): Initializing input manager
02-09 18:34:54.333 I/InputManager(  230): Starting input manager
02-09 18:34:54.333 I/SystemServer(  230): Bluetooth Service
02-09 18:34:54.353 I/InputManager-Callbacks(  230): No input device calibration properties found for device synaptics-rmi4-ts.
02-09 18:34:54.353 I/InputManager-Callbacks(  230): No input device calibration properties found for device 7k_handset.
02-09 18:34:54.353 I/InputManager-Callbacks(  230): No input device calibration properties found for device sean_keypad.
02-09 18:34:54.353 I/SystemServer(  230): DynamicMemoryManager Service
02-09 18:34:54.353 I/SystemServer(  230): Device Policy
02-09 18:34:54.353 I/SystemServer(  230): Status Bar
02-09 18:34:54.353 I/SystemServer(  230): Clipboard Service
02-09 18:34:54.353 I/SystemServer(  230): Input Method Service
02-09 18:34:54.373 I/InputManagerService(  230): Enabled input methods: com.swype.android.inputmethod/.SwypeInputMethod:com.android.inputmethod.latin/.LatinIME
02-09 18:34:54.373 I/SystemServer(  230): NetStat Service
02-09 18:34:54.373 I/SystemServer(  230): NetworkManagement Service
02-09 18:34:54.373 D/NetworkManagementService(  230): Creating NetworkManagementService
02-09 18:34:54.373 D/NetworkManagementService(  230): Awaiting socket connection
02-09 18:34:54.373 D/NetworkManagementService(  230): onConnected
02-09 18:34:54.373 D/NetworkManagementService(  230): Connected
02-09 18:34:54.373 I/SystemServer(  230): Connectivity Service
02-09 18:34:54.373 D/ConnectivityService(  230): ConnectivityService starting up
02-09 18:34:54.383 D/ConnectivityService(  230): getMobileDataEnabled returning true
02-09 18:34:54.423 D/WifiService(  230): isAirplaneModeOn(): false
02-09 18:34:54.423 I/WifiService(  230): WifiService starting up with Wi-Fi enabled
02-09 18:34:54.433 D/WifiService(  230): isAirplaneModeOn(): false
02-09 18:34:54.433 D/NetworkManagementService(  230): Registering observer
02-09 18:34:54.433 D/WifiService(  230): WifiHandler, MESSAGE_ENABLE_WIFI, msg.arg1: 1, msg.arg2: 1000
02-09 18:34:54.433 D/WifiService(  230): isAirplaneModeOn(): false
02-09 18:34:54.433 E/WifiService(  230): jht getWifiConfiguration() Settings.Secure.WIFI_IDLE_MS=-1834574848
02-09 18:34:54.463 I/SystemServer(  230): Throttle Service
02-09 18:34:54.463 I/SystemServer(  230): Accessibility Manager
02-09 18:34:54.463 I/SystemServer(  230): Mount Service
02-09 18:34:54.463 I/SystemServer(  230): Notification Manager
02-09 18:34:54.473 I/SystemServer(  230): HDMI Service
02-09 18:34:54.473 I/SystemServer(  230): Device Storage Monitor
02-09 18:34:54.473 I/SystemServer(  230): Location Manager
02-09 18:34:54.473 I/SystemServer(  230): Search Service
02-09 18:34:54.473 I/SystemServer(  230): DropBox Service
02-09 18:34:54.473 I/SystemServer(  230): Wallpaper Service
02-09 18:34:54.483 D/VoldConnector(  230): SND -> {volume list} {null}
02-09 18:34:54.483 D/VoldCmdListener(  111): volume list
02-09 18:34:54.483 D/VoldConnector(  230): RCV <- {110 sdcard /mnt/sdcard 1}
02-09 18:34:54.483 D/VoldConnector(  230): RCV <- {200 Volumes listed.}
02-09 18:34:54.483 D/VoldConnector(  230): RSP <- {110 sdcard /mnt/sdcard 1}
02-09 18:34:54.483 D/VoldConnector(  230): RSP <- {200 Volumes listed.}
02-09 18:34:54.483 D/VoldConnector(  230): List terminated with {200 Volumes listed.}
02-09 18:34:54.483 D/MountService(  230): mount list sdcard /mnt/sdcard 1
02-09 18:34:54.483 D/VoldConnector(  230): SND -> {share status ums} {null}
02-09 18:34:54.483 D/VoldCmdListener(  111): share status ums
02-09 18:34:54.493 D/VoldConnector(  230): RCV <- {210 Share unavailable}
02-09 18:34:54.493 I/SystemServer(  230): Audio Service
02-09 18:34:54.493 D/VoldConnector(  230): RSP <- {210 Share unavailable}
02-09 18:34:54.533 I/SystemServer(  230): Headset Observer
02-09 18:34:54.553 I/SystemServer(  230): Dock Observer
02-09 18:34:54.553 W/DockObserver(  230): This kernel does not have dock station support
02-09 18:34:54.553 I/SystemServer(  230): USB Service
02-09 18:34:54.573 I/SystemServer(  230): UI Mode Manager Service
02-09 18:34:54.673 I/SystemServer(  230): Backup Service
02-09 18:34:55.024 I/BackupManagerService(  230): Backup enabled => true
02-09 18:34:55.024 I/SystemServer(  230): AppWidget Service
02-09 18:34:55.034 I/SystemServer(  230): Recognition Service
02-09 18:34:55.034 I/SystemServer(  230): DiskStats Service
02-09 18:34:55.034 I/SystemServer(  230): AtCmdFwd Service
02-09 18:34:55.034 I/SystemServer(  230): BT FM Power Management Service
02-09 18:34:55.044 E/SystemServer(  230): Failure starting BT FM Power Management Service
02-09 18:34:55.044 E/SystemServer(  230): java.lang.ExceptionInInitializerError
02-09 18:34:55.044 E/SystemServer(  230): 	at com.android.server.ServerThread.run(SystemServer.java:489)
02-09 18:34:55.044 E/SystemServer(  230): Caused by: java.lang.UnsatisfiedLinkError: classInitNative
02-09 18:34:55.044 E/SystemServer(  230): 	at com.broadcom.bt.service.framework.PowerManagementService.classInitNative(Native Method)
02-09 18:34:55.044 E/SystemServer(  230): 	at com.broadcom.bt.service.framework.PowerManagementService.<clinit>(PowerManagementService.java:58)
02-09 18:34:55.044 E/SystemServer(  230): 	... 1 more
02-09 18:34:55.064 D/PowerManagerService(  230): system ready!
02-09 18:34:55.064 I/ActivityManager(  230): System now ready
02-09 18:34:55.074 I/SystemServer(  230): Making services ready
02-09 18:34:55.074 I/StatusBarManagerService(  230): Starting service: ComponentInfo{com.android.systemui/com.android.systemui.statusbar.StatusBarService}
02-09 18:34:55.084 W/WindowManager(  230): updateFocusedWindowLocked newFocus=Window{407ae048 Keyguard paused=false} mode=1 mCurrentFocus = null
02-09 18:34:55.084 I/ActivityManager(  230): Start proc com.android.systemui for service com.android.systemui/.statusbar.StatusBarService: pid=332 uid=1000 gids={3002, 3001, 3003, 1015}
02-09 18:34:55.084 I/ActivityManager(  230): Config changed: { scale=1.0 imsi=0/0 loc=en_US touch=0 keys=0/0/0 nav=0/0 orien=0 layout=0 uiMode=17 seq=2}
02-09 18:34:55.104 I/ActivityManager(  230): Config changed: { scale=1.0 imsi=0/0 loc=en_US touch=3 keys=1/1/2 nav=1/1 orien=1 layout=18 uiMode=17 seq=3}
02-09 18:34:55.234 D/NetdConnector(  230): RCV <- {600 Iface added wlan0}
02-09 18:34:55.294 I/ActivityManager(  230): Start proc com.android.inputmethod.latin for service com.android.inputmethod.latin/.LatinIME: pid=341 uid=10041 gids={}
02-09 18:34:55.324 D/NetworkManagementService(  230): Registering observer
02-09 18:34:55.354 I/ActivityManager(  230): Start proc com.android.phone for added application com.android.phone: pid=346 uid=1001 gids={3002, 3001, 3003, 1015}
02-09 18:34:55.374 I/ActivityManager(  230): Start proc com.broadcom.bt.app.system for added application com.broadcom.bt.app.system: pid=347 uid=1002 gids={3001, 3002}
02-09 18:34:55.394 I/ActivityManager(  230): Starting: Intent { act=android.intent.action.MAIN cat=[android.intent.category.HOME] flg=0x10000000 cmp=com.android.launcher/com.android.launcher2.Launcher } from pid 0
02-09 18:34:55.414 I/ActivityManager(  230): Start proc com.android.launcher for activity com.android.launcher/com.android.launcher2.Launcher: pid=353 uid=10040 gids={}
02-09 18:34:55.414 I/SystemServer(  230): Enabled StrictMode for system server main thread.
02-09 18:34:55.874 W/WindowManager(  230): updateFocusedWindowLocked newFocus=Window{407ae048 Keyguard paused=false} mode=0 mCurrentFocus = Window{407ae048 Keyguard paused=false}
02-09 18:34:55.945 D/NetdConnector(  230): SND -> {interface readrxcounter rmnet0} {null}
02-09 18:34:55.945 D/NetdConnector(  230): RCV <- {216 0}
02-09 18:34:55.945 D/NetdConnector(  230): RSP <- {216 0}
02-09 18:34:55.975 D/NetdConnector(  230): SND -> {interface readtxcounter rmnet0} {null}
02-09 18:34:55.975 D/NetdConnector(  230): RCV <- {217 0}
02-09 18:34:55.975 D/NetdConnector(  230): RSP <- {217 0}
02-09 18:34:55.995 D/NetdConnector(  230): SND -> {interface setthrottle rmnet0 -1 -1} {null}
02-09 18:34:56.175 I/StatusBarManagerService(  230): registerStatusBar bar=com.android.internal.statusbar.IStatusBar$Stub$Proxy@407adab0
02-09 18:34:56.205 D/VoldConnector(  230): SND -> {share status ums} {null}
02-09 18:34:56.205 D/VoldCmdListener(  111): share status ums
02-09 18:34:56.205 D/VoldConnector(  230): RCV <- {210 Share unavailable}
02-09 18:34:56.205 D/VoldConnector(  230): RSP <- {210 Share unavailable}
02-09 18:34:56.235 D/NetdConnector(  230): RCV <- {200 Interface throttling set}
02-09 18:34:56.235 D/NetdConnector(  230): RSP <- {200 Interface throttling set}
02-09 18:34:56.255 D/StorageNotification(  332): Startup with UMS connection false (media state unmounted)
02-09 18:34:56.265 I/StorageNotification(  332): UMS connection changed to false (media state unmounted)
02-09 18:34:56.385 I/ActivityManager(  230): Start proc com.android.settings for broadcast com.android.settings/.widget.SettingsAppWidgetProvider: pid=393 uid=1000 gids={3002, 3001, 3003, 1015}
02-09 18:34:56.405 I/ActivityManager(  230): Start proc android.process.acore for content provider com.android.providers.userdictionary/.UserDictionaryProvider: pid=394 uid=10007 gids={3003, 1015}
02-09 18:34:56.465 I/ActivityManager(  230): Start proc com.google.process.gapps for service com.google.android.gsf/.loginservice.GoogleLoginService: pid=397 uid=10029 gids={3003, 1015, 2001, 1007}
02-09 18:34:56.595 W/WindowManager(  230): updateFocusedWindowLocked newFocus=Window{407ae048 Keyguard paused=false} mode=3 mCurrentFocus = Window{407ae048 Keyguard paused=false}
02-09 18:34:56.635 W/WindowManager(  230): updateFocusedWindowLocked newFocus=Window{407ae048 Keyguard paused=false} mode=3 mCurrentFocus = Window{407ae048 Keyguard paused=false}
02-09 18:34:56.926 W/WindowManager(  230): updateFocusedWindowLocked newFocus=Window{407ae048 Keyguard paused=false} mode=2 mCurrentFocus = Window{407ae048 Keyguard paused=false}
02-09 18:34:57.156 W/WindowManager(  230): updateFocusedWindowLocked newFocus=Window{407ae048 Keyguard paused=false} mode=3 mCurrentFocus = Window{407ae048 Keyguard paused=false}
02-09 18:34:57.276 D/ConnectivityService(  230): getMobileDataEnabled returning true
02-09 18:34:57.456 I/WifiService(  230): WifiService trying to setNumAllowed to 11 with persist set to true
02-09 18:34:57.456 D/WifiService(  230): WifiHandler, MESSAGE_SET_CHANNELS, msg.arg1: 11, msg.arg2: 1
02-09 18:34:57.456 I/ActivityManager(  230): Config changed: { scale=1.0 imsi=310/120 loc=en_US touch=3 keys=1/1/2 nav=1/1 orien=1 layout=18 uiMode=17 seq=4}
02-09 18:34:57.476 I/TelephonyRegistry(  230): notifyMessageWaitingChanged: false
02-09 18:34:57.846 W/WindowManager(  230): updateFocusedWindowLocked newFocus=Window{407ae048 Keyguard paused=false} mode=3 mCurrentFocus = Window{407ae048 Keyguard paused=false}
02-09 18:34:57.997 D/StatusBarPolicy(  332): updateSimState for subscription :0
02-09 18:34:57.997 D/StatusBarPolicy(  332): updateDataIcon subscription =0
02-09 18:34:58.047 W/WindowManager(  230): updateFocusedWindowLocked newFocus=Window{407ae048 Keyguard paused=false} mode=0 mCurrentFocus = Window{407ae048 Keyguard paused=false}
02-09 18:34:58.507 W/ActivityManager(  230): Unable to start service Intent { act=com.android.ussd.IExtendedNetworkService }: not found
02-09 18:34:58.677 I/TelephonyRegistry(  230): notifyDataConnection: anyState=0,default/INET,apnTypeState=0,iface=null,ip=null,gw=null,isDataConnectivityPossible=false,networkType=0,reason=dataNetworkDetached
02-09 18:34:58.707 I/TelephonyRegistry(  230): notifyDataConnection: anyState=0,default/INET6,apnTypeState=0,iface=null,ip=null,gw=null,isDataConnectivityPossible=false,networkType=0,reason=dataNetworkDetached
02-09 18:34:58.717 I/TelephonyRegistry(  230): notifyDataConnection: anyState=0,mms/INET,apnTypeState=0,iface=null,ip=null,gw=null,isDataConnectivityPossible=false,networkType=0,reason=dataNetworkDetached
02-09 18:34:58.757 I/TelephonyRegistry(  230): notifyDataConnection: anyState=0,mms/INET6,apnTypeState=0,iface=null,ip=null,gw=null,isDataConnectivityPossible=false,networkType=0,reason=dataNetworkDetached
02-09 18:34:58.787 W/WindowManager(  230): updateFocusedWindowLocked newFocus=Window{407ae048 Keyguard paused=false} mode=3 mCurrentFocus = Window{407ae048 Keyguard paused=false}
02-09 18:34:58.887 I/TelephonyRegistry(  230): notifyDataConnection: anyState=0,supl/INET,apnTypeState=0,iface=null,ip=null,gw=null,isDataConnectivityPossible=false,networkType=0,reason=dataNetworkDetached
02-09 18:34:58.897 I/TelephonyRegistry(  230): notifyDataConnection: anyState=0,supl/INET6,apnTypeState=0,iface=null,ip=null,gw=null,isDataConnectivityPossible=false,networkType=0,reason=dataNetworkDetached
02-09 18:34:58.968 I/TelephonyRegistry(  230): notifyDataConnection: anyState=0,dun/INET,apnTypeState=0,iface=null,ip=null,gw=null,isDataConnectivityPossible=false,networkType=0,reason=dataNetworkDetached
02-09 18:34:58.978 I/TelephonyRegistry(  230): notifyDataConnection: anyState=0,dun/INET6,apnTypeState=0,iface=null,ip=null,gw=null,isDataConnectivityPossible=false,networkType=0,reason=dataNetworkDetached
02-09 18:34:58.998 I/TelephonyRegistry(  230): notifyDataConnection: anyState=0,hipri/INET,apnTypeState=0,iface=null,ip=null,gw=null,isDataConnectivityPossible=false,networkType=0,reason=dataNetworkDetached
02-09 18:34:59.008 I/TelephonyRegistry(  230): notifyDataConnection: anyState=0,hipri/INET6,apnTypeState=0,iface=null,ip=null,gw=null,isDataConnectivityPossible=false,networkType=0,reason=dataNetworkDetached
02-09 18:34:59.158 I/TelephonyRegistry(  230): notifyServiceState: 3 home null null null  Unknown CSS not supported -1 -1RoamInd: -1RoamStatus(sprint): -1DefRoamInd: -1EmergOnly: false
02-09 18:34:59.158 D/StatusBarPolicy(  332): onServiceStateChanged:3 home null null null  Unknown CSS not supported -1 -1RoamInd: -1RoamStatus(sprint): -1DefRoamInd: -1EmergOnly: falsefor subscription :0
02-09 18:34:59.158 D/StatusBarPolicy(  332): updateSignalStrength on subscription :0
02-09 18:34:59.168 D/StatusBarPolicy(  332): updateDataIcon subscription =0
02-09 18:34:59.298 I/WifiService(  230): WifiService trying to setNumAllowed to 11 with persist set to true
02-09 18:34:59.298 D/WifiService(  230): WifiHandler, MESSAGE_SET_CHANNELS, msg.arg1: 11, msg.arg2: 1
02-09 18:35:00.009 D/RPC     (  230): 3000008c:00050000 sending call (XID 1).
02-09 18:35:00.009 I/TelephonyRegistry(  230): notifyServiceState: 1 home Searching for Service null null  Unknown CSS not supported 0 0RoamInd: 2RoamStatus(sprint): 0DefRoamInd: 0EmergOnly: false
02-09 18:35:00.019 D/StatusBarPolicy(  332): onServiceStateChanged:1 home Searching for Service null null  Unknown CSS not supported 0 0RoamInd: 2RoamStatus(sprint): 0DefRoamInd: 0EmergOnly: falsefor subscription :0
02-09 18:35:00.019 D/StatusBarPolicy(  332): updateSignalStrength on subscription :0
02-09 18:35:00.019 D/StatusBarPolicy(  332): updateDataIcon subscription =0
02-09 18:35:00.029 I/TelephonyRegistry(  230): notifyServiceState: 1 home Searching for Service null null  Unknown CSS not supported 0 0RoamInd: 2RoamStatus(sprint): 0DefRoamInd: 0EmergOnly: false
02-09 18:35:00.039 D/StatusBarPolicy(  332): onServiceStateChanged:1 home Searching for Service null null  Unknown CSS not supported 0 0RoamInd: 2RoamStatus(sprint): 0DefRoamInd: 0EmergOnly: falsefor subscription :0
02-09 18:35:00.039 D/StatusBarPolicy(  332): updateSignalStrength on subscription :0
02-09 18:35:00.039 D/StatusBarPolicy(  332): updateDataIcon subscription =0
02-09 18:35:00.109 I/WifiService(  230): WifiService trying to setNumAllowed to 11 with persist set to true
02-09 18:35:00.109 D/WifiService(  230): WifiHandler, MESSAGE_SET_CHANNELS, msg.arg1: 11, msg.arg2: 1
02-09 18:35:00.129 I/TelephonyRegistry(  230): notifyServiceState: 1 home Searching for Service null null  Unknown CSS not supported 0 0RoamInd: 2RoamStatus(sprint): 0DefRoamInd: 0EmergOnly: false
02-09 18:35:00.129 D/StatusBarPolicy(  332): onServiceStateChanged:1 home Searching for Service null null  Unknown CSS not supported 0 0RoamInd: 2RoamStatus(sprint): 0DefRoamInd: 0EmergOnly: falsefor subscription :0
02-09 18:35:00.129 D/StatusBarPolicy(  332): updateSignalStrength on subscription :0
02-09 18:35:00.129 D/StatusBarPolicy(  332): updateDataIcon subscription =0
02-09 18:35:00.279 D/WifiService(  230): acquireWifiLockLocked: WifiLock{NetworkLocationLocator type=2 binder=android.os.BinderProxy@4088c958}
02-09 18:35:00.279 D/WifiService(  230): WifiHandler, MESSAGE_UPDATE_STATE
02-09 18:35:00.279 D/WifiService(  230): isAirplaneModeOn(): false
02-09 18:35:00.279 D/WifiService(  230): updateWifiState(), wifiEnabled: true, airplaneMode: false, wifiShouldBeEnabled: true, wifiShouldBeStarted: true, strongestLockMode: 1
02-09 18:35:00.279 D/WifiService(  230): WifiHandler, MESSAGE_ENABLE_WIFI, msg.arg1: 0, msg.arg2: 1000
02-09 18:35:00.279 D/WifiService(  230): WifiHandler, MESSAGE_START_WIFI, msg.arg1: 1
02-09 18:34:59.500 D/RPC     (  230): 3000008c:00050000 received REPLY (XID 1), grabbing mutex to wake up client.
02-09 18:34:59.520 D/RPC     (  230): 3000008c:00050000 call success.
02-09 18:34:59.520 D/RPC     (  230): 3000008c:00050000 sending call (XID 2).
02-09 18:34:59.520 D/RPC     (  230): 3000008c:00050000 received REPLY (XID 2), grabbing mutex to wake up client.
02-09 18:34:59.520 D/RPC     (  230): 3000008c:00050000 call success.
02-09 18:34:59.520 D/RPC     (  230): 3000008c:00050000 received CALL.
02-09 18:34:59.610 D/StatusBarPolicy(  332): onSignalStrengthsChanged:SignalStrength: 99 0 -62 -70 -125 -25 8 99 2147483647 2147483647 2147483647 2147483647 cdma for subscription0
02-09 18:34:59.610 D/StatusBarPolicy(  332): updateSignalStrength on subscription :0
02-09 18:34:59.680 I/TelephonyRegistry(  230): notifyServiceState: 0 home Sprint  310099  IS95A CSS not supported 41 4139RoamInd: 1RoamStatus(sprint): 1DefRoamInd: 160EmergOnly: false
02-09 18:34:59.680 D/StatusBarPolicy(  332): onServiceStateChanged:0 home Sprint  310099  IS95A CSS not supported 41 4139RoamInd: 1RoamStatus(sprint): 1DefRoamInd: 160EmergOnly: falsefor subscription :0
02-09 18:34:59.680 D/StatusBarPolicy(  332): updateSignalStrength on subscription :0
02-09 18:34:59.680 D/StatusBarPolicy(  332): StatusBarPolocy::getIconLevel -CDMA
02-09 18:34:59.680 D/StatusBarPolicy(  332): getCdmaLevel_band_six -cdmaDbm:-62
02-09 18:34:59.680 D/StatusBarPolicy(  332): getCdmaLevel_band_six -cdmaEcio:-70
02-09 18:34:59.680 D/StatusBarPolicy(  332): updateDataIcon subscription =0
02-09 18:34:59.710 I/TelephonyRegistry(  230): notifyServiceState: 0 home Sprint  310099  IS95A CSS not supported 41 4139RoamInd: 1RoamStatus(sprint): 1DefRoamInd: 160EmergOnly: false
02-09 18:34:59.710 D/StatusBarPolicy(  332): onServiceStateChanged:0 home Sprint  310099  IS95A CSS not supported 41 4139RoamInd: 1RoamStatus(sprint): 1DefRoamInd: 160EmergOnly: falsefor subscription :0
02-09 18:34:59.720 I/TelephonyRegistry(  230): notifyServiceState: 0 home Sprint  310099  IS95A CSS not supported 41 4139RoamInd: 1RoamStatus(sprint): 1DefRoamInd: 160EmergOnly: false
02-09 18:34:59.730 D/StatusBarPolicy(  332): updateSignalStrength on subscription :0
02-09 18:34:59.730 D/StatusBarPolicy(  332): StatusBarPolocy::getIconLevel -CDMA
02-09 18:34:59.730 D/StatusBarPolicy(  332): getCdmaLevel_band_six -cdmaDbm:-62
02-09 18:34:59.730 D/StatusBarPolicy(  332): getCdmaLevel_band_six -cdmaEcio:-70
02-09 18:34:59.730 D/StatusBarPolicy(  332): updateDataIcon subscription =0
02-09 18:34:59.730 D/StatusBarPolicy(  332): onServiceStateChanged:0 home Sprint  310099  IS95A CSS not supported 41 4139RoamInd: 1RoamStatus(sprint): 1DefRoamInd: 160EmergOnly: falsefor subscription :0
02-09 18:34:59.730 D/StatusBarPolicy(  332): updateSignalStrength on subscription :0
02-09 18:34:59.730 D/StatusBarPolicy(  332): StatusBarPolocy::getIconLevel -CDMA
02-09 18:34:59.730 D/StatusBarPolicy(  332): getCdmaLevel_band_six -cdmaDbm:-62
02-09 18:34:59.730 D/StatusBarPolicy(  332): getCdmaLevel_band_six -cdmaEcio:-70
02-09 18:34:59.740 D/StatusBarPolicy(  332): updateDataIcon subscription =0
02-09 18:34:59.740 I/TelephonyRegistry(  230): notifyDataConnection: anyState=0,default/INET,apnTypeState=0,iface=null,ip=null,gw=null,isDataConnectivityPossible=true,networkType=4,reason=dataNetworkAttached
02-09 18:34:59.740 D/StatusBarPolicy(  332): StatusBarPolicy onDataConnectionStateChanged to 0for nw : 4on subscription : 0
02-09 18:34:59.740 D/StatusBarPolicy(  332): Data network type changed to:4
02-09 18:34:59.740 D/StatusBarPolicy(  332): updateDataIcon subscription =0
02-09 18:34:59.750 I/TelephonyRegistry(  230): notifyDataConnection: anyState=0,default/INET6,apnTypeState=0,iface=null,ip=null,gw=null,isDataConnectivityPossible=true,networkType=4,reason=dataNetworkAttached
02-09 18:34:59.760 I/TelephonyRegistry(  230): notifyDataConnection: anyState=0,mms/INET,apnTypeState=0,iface=null,ip=null,gw=null,isDataConnectivityPossible=true,networkType=4,reason=dataNetworkAttached
02-09 18:34:59.770 I/TelephonyRegistry(  230): notifyDataConnection: anyState=0,mms/INET6,apnTypeState=0,iface=null,ip=null,gw=null,isDataConnectivityPossible=true,networkType=4,reason=dataNetworkAttached
02-09 18:34:59.780 I/TelephonyRegistry(  230): notifyDataConnection: anyState=0,supl/INET,apnTypeState=0,iface=null,ip=null,gw=null,isDataConnectivityPossible=true,networkType=4,reason=dataNetworkAttached
02-09 18:34:59.790 I/TelephonyRegistry(  230): notifyDataConnection: anyState=0,supl/INET6,apnTypeState=0,iface=null,ip=null,gw=null,isDataConnectivityPossible=true,networkType=4,reason=dataNetworkAttached
02-09 18:34:59.800 I/TelephonyRegistry(  230): notifyDataConnection: anyState=0,dun/INET,apnTypeState=0,iface=null,ip=null,gw=null,isDataConnectivityPossible=true,networkType=4,reason=dataNetworkAttached
02-09 18:34:59.800 I/TelephonyRegistry(  230): notifyDataConnection: anyState=0,dun/INET6,apnTypeState=0,iface=null,ip=null,gw=null,isDataConnectivityPossible=true,networkType=4,reason=dataNetworkAttached
02-09 18:34:59.810 I/TelephonyRegistry(  230): notifyDataConnection: anyState=0,hipri/INET,apnTypeState=0,iface=null,ip=null,gw=null,isDataConnectivityPossible=true,networkType=4,reason=dataNetworkAttached
02-09 18:34:59.810 I/TelephonyRegistry(  230): notifyDataConnection: anyState=0,hipri/INET6,apnTypeState=0,iface=null,ip=null,gw=null,isDataConnectivityPossible=true,networkType=4,reason=dataNetworkAttached
02-09 18:34:59.820 I/TelephonyRegistry(  230): notifyDataConnection: anyState=0,default/INET,apnTypeState=0,iface=null,ip=null,gw=null,isDataConnectivityPossible=true,networkType=4,reason=radioTechnologyChanged
02-09 18:34:59.830 I/TelephonyRegistry(  230): notifyDataConnection: anyState=0,default/INET6,apnTypeState=0,iface=null,ip=null,gw=null,isDataConnectivityPossible=true,networkType=4,reason=radioTechnologyChanged
02-09 18:34:59.830 I/TelephonyRegistry(  230): notifyDataConnection: anyState=0,mms/INET,apnTypeState=0,iface=null,ip=null,gw=null,isDataConnectivityPossible=true,networkType=4,reason=radioTechnologyChanged
02-09 18:34:59.840 I/TelephonyRegistry(  230): notifyDataConnection: anyState=0,mms/INET6,apnTypeState=0,iface=null,ip=null,gw=null,isDataConnectivityPossible=true,networkType=4,reason=radioTechnologyChanged
02-09 18:34:59.850 I/TelephonyRegistry(  230): notifyDataConnection: anyState=0,supl/INET,apnTypeState=0,iface=null,ip=null,gw=null,isDataConnectivityPossible=true,networkType=4,reason=radioTechnologyChanged
02-09 18:34:59.860 I/TelephonyRegistry(  230): notifyDataConnection: anyState=0,supl/INET6,apnTypeState=0,iface=null,ip=null,gw=null,isDataConnectivityPossible=true,networkType=4,reason=radioTechnologyChanged
02-09 18:34:59.860 I/TelephonyRegistry(  230): notifyDataConnection: anyState=0,dun/INET,apnTypeState=0,iface=null,ip=null,gw=null,isDataConnectivityPossible=true,networkType=4,reason=radioTechnologyChanged
02-09 18:34:59.870 I/TelephonyRegistry(  230): notifyDataConnection: anyState=0,dun/INET6,apnTypeState=0,iface=null,ip=null,gw=null,isDataConnectivityPossible=true,networkType=4,reason=radioTechnologyChanged
02-09 18:34:59.880 I/TelephonyRegistry(  230): notifyDataConnection: anyState=0,hipri/INET,apnTypeState=0,iface=null,ip=null,gw=null,isDataConnectivityPossible=true,networkType=4,reason=radioTechnologyChanged
02-09 18:34:59.880 I/TelephonyRegistry(  230): notifyDataConnection: anyState=0,hipri/INET6,apnTypeState=0,iface=null,ip=null,gw=null,isDataConnectivityPossible=true,networkType=4,reason=radioTechnologyChanged
02-09 18:34:59.930 I/TelephonyRegistry(  230): notifyDataConnection: anyState=0,default/INET,apnTypeState=1,iface=null,ip=null,gw=null,isDataConnectivityPossible=true,networkType=4,reason=radioTechnologyChanged
02-09 18:34:59.980 D/RPC     (  230): 3000008c:00050000 dispatching RPC call (XID 9, xdr 0x372db0) for callback client 3100008c:00050001.
02-09 18:34:59.980 D/RPC     (  230): 3100008c:327681 sending RPC reply (XID 9)
02-09 18:35:00.300 D/WifiService(  230): ACTION_BATTERY_CHANGED pluggedType: 0
02-09 18:35:00.300 D/WifiService(  230): WifiHandler, MESSAGE_UPDATE_STATE
02-09 18:35:00.300 D/WifiService(  230): isAirplaneModeOn(): false
02-09 18:35:00.300 D/WifiService(  230): updateWifiState(), wifiEnabled: true, airplaneMode: false, wifiShouldBeEnabled: true, wifiShouldBeStarted: true, strongestLockMode: 1
02-09 18:35:00.300 D/WifiService(  230): WifiHandler, MESSAGE_ENABLE_WIFI, msg.arg1: 0, msg.arg2: 1000
02-09 18:35:00.300 D/WifiService(  230): WifiHandler, MESSAGE_START_WIFI, msg.arg1: 1
02-09 18:35:00.480 I/TelephonyRegistry(  230): notifyServiceState: 0 home Sprint  310099  IS95A CSS not supported 41 4139RoamInd: 1RoamStatus(sprint): 1DefRoamInd: 160EmergOnly: false
02-09 18:35:00.480 D/StatusBarPolicy(  332): onServiceStateChanged:0 home Sprint  310099  IS95A CSS not supported 41 4139RoamInd: 1RoamStatus(sprint): 1DefRoamInd: 160EmergOnly: falsefor subscription :0
02-09 18:35:00.480 D/StatusBarPolicy(  332): updateSignalStrength on subscription :0
02-09 18:35:00.480 D/StatusBarPolicy(  332): StatusBarPolocy::getIconLevel -CDMA
02-09 18:35:00.480 D/StatusBarPolicy(  332): getCdmaLevel_band_six -cdmaDbm:-62
02-09 18:35:00.480 D/StatusBarPolicy(  332): getCdmaLevel_band_six -cdmaEcio:-70
02-09 18:35:00.480 D/StatusBarPolicy(  332): updateDataIcon subscription =0
02-09 18:35:00.520 I/TelephonyRegistry(  230): notifyServiceState: 0 home Sprint  310099  1xRTT CSS not supported 41 4139RoamInd: 1RoamStatus(sprint): 1DefRoamInd: 160EmergOnly: false
02-09 18:35:00.520 D/StatusBarPolicy(  332): onServiceStateChanged:0 home Sprint  310099  1xRTT CSS not supported 41 4139RoamInd: 1RoamStatus(sprint): 1DefRoamInd: 160EmergOnly: falsefor subscription :0
02-09 18:35:00.520 D/StatusBarPolicy(  332): updateSignalStrength on subscription :0
02-09 18:35:00.520 D/StatusBarPolicy(  332): StatusBarPolocy::getIconLevel -CDMA
02-09 18:35:00.520 D/StatusBarPolicy(  332): getCdmaLevel_band_six -cdmaDbm:-62
02-09 18:35:00.520 D/StatusBarPolicy(  332): getCdmaLevel_band_six -cdmaEcio:-70
02-09 18:35:00.520 D/StatusBarPolicy(  332): updateDataIcon subscription =0
02-09 18:35:00.540 I/TelephonyRegistry(  230): notifyDataConnection: anyState=0,default/INET,apnTypeState=1,iface=null,ip=null,gw=null,isDataConnectivityPossible=true,networkType=7,reason=radioTechnologyChanged
02-09 18:35:00.540 D/StatusBarPolicy(  332): StatusBarPolicy onDataConnectionStateChanged to 0for nw : 7on subscription : 0
02-09 18:35:00.540 D/StatusBarPolicy(  332): Data network type changed to:7
02-09 18:35:00.540 D/StatusBarPolicy(  332): updateDataIcon subscription =0
02-09 18:35:00.600 I/TelephonyRegistry(  230): notifyDataConnection: anyState=0,default/INET6,apnTypeState=0,iface=null,ip=null,gw=null,isDataConnectivityPossible=true,networkType=7,reason=radioTechnologyChanged
02-09 18:35:00.620 I/TelephonyRegistry(  230): notifyDataConnection: anyState=0,mms/INET,apnTypeState=0,iface=null,ip=null,gw=null,isDataConnectivityPossible=true,networkType=7,reason=radioTechnologyChanged
02-09 18:35:00.640 I/TelephonyRegistry(  230): notifyDataConnection: anyState=0,mms/INET6,apnTypeState=0,iface=null,ip=null,gw=null,isDataConnectivityPossible=true,networkType=7,reason=radioTechnologyChanged
02-09 18:35:00.640 I/TelephonyRegistry(  230): notifyDataConnection: anyState=0,supl/INET,apnTypeState=0,iface=null,ip=null,gw=null,isDataConnectivityPossible=true,networkType=7,reason=radioTechnologyChanged
02-09 18:35:00.660 I/TelephonyRegistry(  230): notifyDataConnection: anyState=0,supl/INET6,apnTypeState=0,iface=null,ip=null,gw=null,isDataConnectivityPossible=true,networkType=7,reason=radioTechnologyChanged
02-09 18:35:00.680 I/TelephonyRegistry(  230): notifyDataConnection: anyState=0,dun/INET,apnTypeState=0,iface=null,ip=null,gw=null,isDataConnectivityPossible=true,networkType=7,reason=radioTechnologyChanged
02-09 18:35:00.690 I/TelephonyRegistry(  230): notifyDataConnection: anyState=0,dun/INET6,apnTypeState=0,iface=null,ip=null,gw=null,isDataConnectivityPossible=true,networkType=7,reason=radioTechnologyChanged
02-09 18:35:00.700 I/TelephonyRegistry(  230): notifyDataConnection: anyState=0,hipri/INET,apnTypeState=0,iface=null,ip=null,gw=null,isDataConnectivityPossible=true,networkType=7,reason=radioTechnologyChanged
02-09 18:35:00.720 I/TelephonyRegistry(  230): notifyDataConnection: anyState=0,hipri/INET6,apnTypeState=0,iface=null,ip=null,gw=null,isDataConnectivityPossible=true,networkType=7,reason=radioTechnologyChanged
02-09 18:35:00.860 D/ConnectivityService(  230): ConnectivityChange for WIFI: DISCONNECTED/SCANNING
02-09 18:35:00.860 D/ConnectivityService(  230): Got Network Disconnected from Driver nwtype=1
02-09 18:35:00.860 D/ConnectivityService(  230): getMobileDataEnabled returning true
02-09 18:35:00.880 D/ConnectivityService(  230): Attempting to switch to mobile
02-09 18:35:00.910 D/StatusBarPolicy(  332): updateSignalStrength on subscription :0
02-09 18:35:00.910 D/StatusBarPolicy(  332): StatusBarPolocy::getIconLevel -CDMA
02-09 18:35:00.910 D/StatusBarPolicy(  332): getCdmaLevel_band_six -cdmaDbm:-62
02-09 18:35:00.910 D/StatusBarPolicy(  332): getCdmaLevel_band_six -cdmaEcio:-70
02-09 18:35:00.920 D/PowerManagerService(  230): bootCompleted
02-09 18:35:00.920 D/PowerManagerService(  230): setTimeoutLocked now=33734 timeoutOverride=-1 nextState=3 when=39734
02-09 18:35:00.930 D/NetdConnector(  230): SND -> {interface list} {null}
02-09 18:35:00.930 D/NetdConnector(  230): RCV <- {110 lo}
02-09 18:35:00.930 D/NetdConnector(  230): RCV <- {110 dummy0}
02-09 18:35:00.930 D/NetdConnector(  230): RCV <- {110 rmnet0}
02-09 18:35:00.930 D/NetdConnector(  230): RCV <- {110 rmnet1}
02-09 18:35:00.930 D/NetdConnector(  230): RCV <- {110 rmnet2}
02-09 18:35:00.930 D/NetdConnector(  230): RCV <- {110 rmnet3}
02-09 18:35:00.930 D/NetdConnector(  230): RCV <- {110 rmnet4}
02-09 18:35:00.930 D/NetdConnector(  230): RCV <- {110 rmnet5}
02-09 18:35:00.930 D/NetdConnector(  230): RCV <- {110 rmnet6}
02-09 18:35:00.930 D/NetdConnector(  230): RCV <- {110 rmnet7}
02-09 18:35:00.930 D/NetdConnector(  230): RCV <- {110 tunl0}
02-09 18:35:00.930 D/NetdConnector(  230): RSP <- {110 lo}
02-09 18:35:00.930 D/NetdConnector(  230): RSP <- {110 dummy0}
02-09 18:35:00.930 D/NetdConnector(  230): RSP <- {110 rmnet0}
02-09 18:35:00.930 D/NetdConnector(  230): RSP <- {110 rmnet1}
02-09 18:35:00.930 D/NetdConnector(  230): RSP <- {110 rmnet2}
02-09 18:35:00.930 D/NetdConnector(  230): RSP <- {110 rmnet3}
02-09 18:35:00.930 D/NetdConnector(  230): RSP <- {110 rmnet4}
02-09 18:35:00.930 D/NetdConnector(  230): RSP <- {110 rmnet5}
02-09 18:35:00.930 D/NetdConnector(  230): RSP <- {110 rmnet6}
02-09 18:35:00.940 D/NetdConnector(  230): RSP <- {110 rmnet7}
02-09 18:35:00.940 D/NetdConnector(  230): RCV <- {110 gre0}
02-09 18:35:00.940 D/NetdConnector(  230): RCV <- {110 sit0}
02-09 18:35:00.940 D/NetdConnector(  230): RSP <- {110 tunl0}
02-09 18:35:00.940 D/NetdConnector(  230): RSP <- {110 gre0}
02-09 18:35:00.940 D/NetdConnector(  230): RSP <- {110 sit0}
02-09 18:35:00.940 D/NetdConnector(  230): RCV <- {110 ip6tnl0}
02-09 18:35:00.940 D/NetdConnector(  230): RSP <- {110 ip6tnl0}
02-09 18:35:00.940 D/NetdConnector(  230): RCV <- {110 usb0}
02-09 18:35:00.940 D/NetdConnector(  230): RSP <- {110 usb0}
02-09 18:35:00.950 D/NetdConnector(  230): RCV <- {110 wlan0}
02-09 18:35:00.950 D/NetdConnector(  230): RSP <- {110 wlan0}
02-09 18:35:00.950 D/NetdConnector(  230): RCV <- {200 Interface list completed}
02-09 18:35:00.950 D/NetdConnector(  230): RSP <- {200 Interface list completed}
02-09 18:35:00.950 D/NetdConnector(  230): List terminated with {200 Interface list completed}
02-09 18:35:00.960 D/VoldConnector(  230): SND -> {volume mount /mnt/sdcard} {null}
02-09 18:35:00.960 D/VoldCmdListener(  111): volume mount /mnt/sdcard
02-09 18:35:00.960 E/DirectVolume(  111): getDeviceNodes i 0 j 0 33
02-09 18:35:00.960 I/Vold    (  111): /dev/block/vold/179:33 being considered for volume sdcard
02-09 18:35:00.960 D/Vold    (  111): Volume sdcard state changing 1 (Idle-Unmounted) -> 3 (Checking)
02-09 18:35:00.960 D/VoldConnector(  230): RCV <- {605 Volume sdcard /mnt/sdcard state changed from 1 (Idle-Unmounted) to 3 (Checking)}
02-09 18:35:00.960 I/StorageNotification(  332): Media {/mnt/sdcard} state changed from {unmounted} -> {checking}
02-09 18:35:01.371 W/WindowManager(  230): updateFocusedWindowLocked newFocus=Window{407ae048 Keyguard paused=false} mode=3 mCurrentFocus = Window{407ae048 Keyguard paused=false}
02-09 18:35:01.561 D/ConnectivityService(  230): ConnectivityChange for mobile: CONNECTING/CONNECTING
02-09 18:35:01.591 D/ConnectivityService(  230): ConnectivityChange for mobile: DISCONNECTED/DISCONNECTED
02-09 18:35:01.591 D/ConnectivityService(  230): Got Network Disconnected from Driver nwtype=0
02-09 18:35:01.591 D/ConnectivityService(  230): getMobileDataEnabled returning true
02-09 18:35:01.591 D/ConnectivityService(  230): Attempting to switch to WIFI
02-09 18:35:01.971 D/StatusBarPolicy(  332): onSignalStrengthsChanged:SignalStrength: 99 0 -62 -70 -118 -315 3 99 2147483647 2147483647 2147483647 2147483647 cdma for subscription0
02-09 18:35:01.971 D/StatusBarPolicy(  332): updateSignalStrength on subscription :0
02-09 18:35:01.971 D/StatusBarPolicy(  332): StatusBarPolocy::getIconLevel -CDMA
02-09 18:35:01.971 D/StatusBarPolicy(  332): getCdmaLevel_band_six -cdmaDbm:-62
02-09 18:35:01.971 D/StatusBarPolicy(  332): getCdmaLevel_band_six -cdmaEcio:-70
02-09 18:35:01.981 D/ConnectivityService(  230): ConnectivityChange for mobile: CONNECTING/CONNECTING
02-09 18:35:02.011 D/StatusBarPolicy(  332): Data network type changed to:7
02-09 18:35:02.011 D/StatusBarPolicy(  332): updateDataIcon subscription =0
02-09 18:35:02.141 D/StatusBarPolicy(  332): updateSignalStrength on subscription :0
02-09 18:35:02.141 I/TelephonyRegistry(  230): notifyServiceState: 0 home Sprint  310099  1xRTT CSS not supported 41 4139RoamInd: 1RoamStatus(sprint): 1DefRoamInd: 160EmergOnly: false
02-09 18:35:02.151 D/StatusBarPolicy(  332): StatusBarPolocy::getIconLevel -CDMA
02-09 18:35:02.151 D/StatusBarPolicy(  332): getCdmaLevel_band_six -cdmaDbm:-62
02-09 18:35:02.151 D/StatusBarPolicy(  332): getCdmaLevel_band_six -cdmaEcio:-70
02-09 18:35:02.151 D/StatusBarPolicy(  332): onServiceStateChanged:0 home Sprint  310099  1xRTT CSS not supported 41 4139RoamInd: 1RoamStatus(sprint): 1DefRoamInd: 160EmergOnly: falsefor subscription :0
02-09 18:35:02.151 D/StatusBarPolicy(  332): updateSignalStrength on subscription :0
02-09 18:35:02.151 D/StatusBarPolicy(  332): StatusBarPolocy::getIconLevel -CDMA
02-09 18:35:02.151 D/StatusBarPolicy(  332): getCdmaLevel_band_six -cdmaDbm:-62
02-09 18:35:02.151 D/StatusBarPolicy(  332): getCdmaLevel_band_six -cdmaEcio:-70
02-09 18:35:02.161 D/StatusBarPolicy(  332): updateDataIcon subscription =0
02-09 18:35:02.382 W/WindowManager(  230): updateFocusedWindowLocked newFocus=Window{407ae048 Keyguard paused=false} mode=3 mCurrentFocus = Window{407ae048 Keyguard paused=false}
02-09 18:35:02.542 D/WifiService(  230): releaseWifiLockLocked: WifiLock{NetworkLocationLocator type=2 binder=android.os.BinderProxy@4088c958}
02-09 18:35:02.542 D/WifiService(  230): WifiHandler, MESSAGE_UPDATE_STATE
02-09 18:35:02.542 D/WifiService(  230): isAirplaneModeOn(): false
02-09 18:35:02.542 D/WifiService(  230): updateWifiState(), wifiEnabled: true, airplaneMode: false, wifiShouldBeEnabled: true, wifiShouldBeStarted: true, strongestLockMode: 1
02-09 18:35:02.542 D/WifiService(  230): WifiHandler, MESSAGE_UPDATE_STATE
02-09 18:35:02.542 D/WifiService(  230): isAirplaneModeOn(): false
02-09 18:35:02.542 D/WifiService(  230): updateWifiState(), wifiEnabled: true, airplaneMode: false, wifiShouldBeEnabled: true, wifiShouldBeStarted: true, strongestLockMode: 1
02-09 18:35:02.542 D/WifiService(  230): WifiHandler, MESSAGE_ENABLE_WIFI, msg.arg1: 0, msg.arg2: 1000
02-09 18:35:02.542 D/WifiService(  230): WifiHandler, MESSAGE_START_WIFI, msg.arg1: 1
02-09 18:35:02.542 D/WifiService(  230): WifiHandler, MESSAGE_ENABLE_WIFI, msg.arg1: 0, msg.arg2: 1000
02-09 18:35:02.542 D/WifiService(  230): WifiHandler, MESSAGE_START_WIFI, msg.arg1: 1
02-09 18:35:02.672 D/RPC     (  230): 3000008c:00050000 sending call (XID 3).
02-09 18:35:02.672 D/RPC     (  230): 3000008c:00050000 received REPLY (XID 3), grabbing mutex to wake up client.
02-09 18:35:02.672 D/RPC     (  230): 3000008c:00050000 call success.
02-09 18:35:02.732 D/RPC     (  230): 3000008c:00050000 received CALL.
02-09 18:35:02.732 D/RPC     (  230): 3000008c:00050000 dispatching RPC call (XID 10, xdr 0x372db0) for callback client 3100008c:00050001.
02-09 18:35:02.762 D/RPC     (  230): 3100008c:327681 sending RPC reply (XID 10)
02-09 18:35:02.852 D/WifiService(  230): ACTION_SCREEN_ON
02-09 18:35:02.852 D/WifiService(  230): WifiHandler, MESSAGE_UPDATE_STATE
02-09 18:35:02.852 D/WifiService(  230): isAirplaneModeOn(): false
02-09 18:35:02.852 D/WifiService(  230): updateWifiState(), wifiEnabled: true, airplaneMode: false, wifiShouldBeEnabled: true, wifiShouldBeStarted: true, strongestLockMode: 1
02-09 18:35:02.852 D/WifiService(  230): WifiHandler, MESSAGE_ENABLE_WIFI, msg.arg1: 0, msg.arg2: 1000
02-09 18:35:02.852 D/WifiService(  230): WifiHandler, MESSAGE_START_WIFI, msg.arg1: 1
02-09 18:35:02.862 I/ActivityManager(  230): Start proc com.google.android.partnersetup for broadcast com.google.android.partnersetup/.PhoneStateReceiver: pid=478 uid=10044 gids={3003}
02-09 18:35:03.213 I/Vold    (  111): Filesystem check completed OK
02-09 18:35:03.223 I/Vold    (  111): Device /dev/block/vold/179:33, target /mnt/sdcard mounted @ /mnt/secure/staging
02-09 18:35:03.233 D/Vold    (  111): Volume sdcard state changing 3 (Checking) -> 4 (Mounted)
02-09 18:35:03.233 D/VoldConnector(  230): RCV <- {605 Volume sdcard /mnt/sdcard state changed from 3 (Checking) to 4 (Mounted)}
02-09 18:35:03.233 I/StorageNotification(  332): Media {/mnt/sdcard} state changed from {checking} -> {mounted}
02-09 18:35:03.403 D/VoldConnector(  230): RCV <- {200 volume operation succeeded}
02-09 18:35:03.413 D/VoldConnector(  230): RSP <- {200 volume operation succeeded}
02-09 18:35:03.423 W/WindowManager(  230): updateFocusedWindowLocked newFocus=Window{407ae048 Keyguard paused=false} mode=3 mCurrentFocus = Window{407ae048 Keyguard paused=false}
02-09 18:35:03.433 I/TelephonyRegistry(  230): notifyServiceState: 0 home Sprint  310099  1xRTT CSS not supported 41 4139RoamInd: 1RoamStatus(sprint): 1DefRoamInd: 160EmergOnly: false
02-09 18:35:03.453 D/StatusBarPolicy(  332): onServiceStateChanged:0 home Sprint  310099  1xRTT CSS not supported 41 4139RoamInd: 1RoamStatus(sprint): 1DefRoamInd: 160EmergOnly: falsefor subscription :0
02-09 18:35:03.453 D/StatusBarPolicy(  332): updateSignalStrength on subscription :0
02-09 18:35:03.463 D/StatusBarPolicy(  332): StatusBarPolocy::getIconLevel -CDMA
02-09 18:35:03.463 D/StatusBarPolicy(  332): getCdmaLevel_band_six -cdmaDbm:-62
02-09 18:35:03.463 D/StatusBarPolicy(  332): getCdmaLevel_band_six -cdmaEcio:-70
02-09 18:35:03.463 D/StatusBarPolicy(  332): updateDataIcon subscription =0
02-09 18:35:03.483 D/StatusBarPolicy(  332): onSignalStrengthsChanged:SignalStrength: 99 0 -62 -70 -106 -5 8 99 2147483647 2147483647 2147483647 2147483647 cdma for subscription0
02-09 18:35:03.483 D/StatusBarPolicy(  332): updateSignalStrength on subscription :0
02-09 18:35:03.483 D/StatusBarPolicy(  332): StatusBarPolocy::getIconLevel -CDMA
02-09 18:35:03.483 D/StatusBarPolicy(  332): getCdmaLevel_band_six -cdmaDbm:-62
02-09 18:35:03.483 D/StatusBarPolicy(  332): getCdmaLevel_band_six -cdmaEcio:-70
02-09 18:35:03.573 D/VoldConnector(  230): SND -> {asec list} {null}
02-09 18:35:03.583 D/VoldCmdListener(  111): asec list
02-09 18:35:03.583 D/VoldConnector(  230): RCV <- {200 asec operation succeeded}
02-09 18:35:03.583 D/VoldConnector(  230): RSP <- {200 asec operation succeeded}
02-09 18:35:03.593 D/VoldConnector(  230): List terminated with {200 asec operation succeeded}
02-09 18:35:03.593 D/RPC     (  230): 3000008c:00050000 sending call (XID 4).
