02-09 18:35:03.593 D/RPC     (  230): 3000008c:00050000 received REPLY (XID 4), grabbing mutex to wake up client.
02-09 18:35:03.593 D/RPC     (  230): 3000008c:00050000 call success.
02-09 18:35:03.593 D/RPC     (  230): 3000008c:00050000 received CALL.
02-09 18:35:03.593 D/RPC     (  230): 3000008c:00050000 dispatching RPC call (XID 11, xdr 0x372db0) for callback client 3100008c:00050001.
02-09 18:35:03.593 D/RPC     (  230): 3100008c:327681 sending RPC reply (XID 11)
02-09 18:35:03.593 D/RPC     (  230): 3000008c:00050000 sending call (XID 5).
02-09 18:35:03.593 D/RPC     (  230): 3000008c:00050000 received REPLY (XID 5), grabbing mutex to wake up client.
02-09 18:35:03.593 D/RPC     (  230): 3000008c:00050000 call success.
02-09 18:35:03.603 W/PackageManager(  230): Unknown permission android.permission.ADD_SYSTEM_SERVICE in package com.android.phone
02-09 18:35:03.603 D/RPC     (  230): 3000008c:00050000 received CALL.
02-09 18:35:03.603 D/RPC     (  230): 3000008c:00050000 dispatching RPC call (XID 12, xdr 0x372db0) for callback client 3100008c:00050001.
02-09 18:35:03.603 D/RPC     (  230): 3100008c:327681 sending RPC reply (XID 12)
02-09 18:35:03.603 D/RPC     (  230): 3000008c:00050000 sending call (XID 6).
02-09 18:35:03.603 D/RPC     (  230): 3000008c:00050000 received REPLY (XID 6), grabbing mutex to wake up client.
02-09 18:35:03.603 D/RPC     (  230): 3000008c:00050000 call success.
02-09 18:35:03.603 D/RPC     (  230): 3000008c:00050000 received CALL.
02-09 18:35:03.613 D/RPC     (  230): 3000008c:00050000 dispatching RPC call (XID 13, xdr 0x372db0) for callback client 3100008c:00050001.
02-09 18:35:03.613 D/RPC     (  230): 3100008c:327681 sending RPC reply (XID 13)
02-09 18:35:03.693 W/PackageManager(  230): Not granting permission android.permission.SEND_DOWNLOAD_COMPLETED_INTENTS to package com.android.browser (protectionLevel=2 flags=0x9be45)
02-09 18:35:03.693 W/PackageManager(  230): Unknown permission com.android.email.provider.AttachmentProvider in package com.android.music
02-09 18:35:03.703 W/PackageManager(  230): Not granting permission android.permission.SEND_DOWNLOAD_COMPLETED_INTENTS to package com.android.music (protectionLevel=2 flags=0x8be65)
02-09 18:35:03.703 W/PackageManager(  230): Not granting permission android.permission.ACCESS_DRM to package com.android.mms (protectionLevel=2 flags=0x8be65)
02-09 18:35:03.713 W/PackageManager(  230): Unknown permission android.permission.RECEIVE_EMERGENCY_BROADCAST in package com.android.mms
02-09 18:35:03.713 W/PackageManager(  230): Unknown permission android.intent.action.REBOOT in package com.redbend.vdmc
02-09 18:35:03.743 W/PackageManager(  230): Not granting permission android.permission.ACCOUNT_MANAGER to package com.google.android.music (protectionLevel=2 flags=0x8bee5)
02-09 18:35:03.743 W/PackageManager(  230): Unknown permission android.permission.READ_OWNER_DATA in package com.android.email
02-09 18:35:03.743 W/PackageManager(  230): Unknown permission android.intent.action.REBOOT in package com.android.email
02-09 18:35:03.743 W/PackageManager(  230): Not granting permission android.permission.BROADCAST_WAP_PUSH to package com.android.email (protectionLevel=2 flags=0x8be45)
02-09 18:35:03.743 W/PackageManager(  230): Unknown permission com.android.providers.im.permission.READ_ONLY in package com.google.android.apps.maps
02-09 18:35:03.753 W/PackageManager(  230): Unknown permission com.google.android.providers.gmail.permission.READ_GMAIL in package com.dataviz.docstogo
02-09 18:35:03.753 W/PackageManager(  230): Not granting permission android.permission.ACCESS_CHECKIN_PROPERTIES to package com.google.android.apps.googlevoice (protectionLevel=3 flags=0x8be44)
02-09 18:35:03.753 W/PackageManager(  230): Unknown permission android.permission.READ_PROFILE in package com.google.android.apps.googlevoice
02-09 18:35:03.753 W/PackageManager(  230): Unknown permission com.google.android.apps.googlevoice.REMOTE_INTENT in package com.google.android.apps.googlevoice
02-09 18:35:03.753 W/PackageManager(  230): Unknown permission com.google.android.permission.RECEIVE_DATA_MESSAGE in package com.google.android.apps.googlevoice
02-09 18:35:03.763 W/PackageManager(  230): Unknown permission com.google.android.permission.SEND_DATA_MESSAGE in package com.google.android.apps.googlevoice
02-09 18:35:03.763 W/PackageManager(  230): Unknown permission com.android.vending.permission.UPDATE_MARKET_FAILURE in package com.android.vending.updater
02-09 18:35:03.763 W/PackageManager(  230): Unknown permission android.permission.READ_OWNER_DATA in package com.android.setupwizard
02-09 18:35:03.773 W/PackageManager(  230): Unknown permission android.permission.WRITE_OWNER_DATA in package com.android.setupwizard
02-09 18:35:03.773 W/PackageManager(  230): Not granting permission android.permission.SET_PREFERRED_APPLICATIONS to package com.sprint.w.installer (protectionLevel=2 flags=0x8be45)
02-09 18:35:03.783 W/PackageManager(  230): Not granting permission com.google.android.gm.permission.READ_GMAIL to package com.google.android.apps.uploader (protectionLevel=2 flags=0xbe45)
02-09 18:35:03.783 W/PackageManager(  230): Unknown permission android.permission.READ_PROFILE in package com.google.android.apps.plus
02-09 18:35:03.783 W/PackageManager(  230): Unknown permission android.permission.WRITE_PROFILE in package com.google.android.apps.plus
02-09 18:35:03.783 W/PackageManager(  230): Unknown permission android.permission.READ_SOCIAL_STREAM in package com.google.android.apps.plus
02-09 18:35:03.783 W/PackageManager(  230): Unknown permission android.permission.WRITE_SOCIAL_STREAM in package com.google.android.apps.plus
02-09 18:35:03.783 W/PackageManager(  230): Unknown permission android.permission.READ_EXTERNAL_STORAGE in package com.android.vending
02-09 18:35:03.783 W/PackageManager(  230): Not granting permission android.permission.SEND_DOWNLOAD_COMPLETED_INTENTS to package com.android.vending (protectionLevel=2 flags=0xabec5)
02-09 18:35:03.793 W/PackageManager(  230): Not granting permission android.permission.ACCESS_DRM to package com.cid.bandroid (protectionLevel=2 flags=0xbe44)
02-09 18:35:04.103 I/ActivityManager(  230): Start proc com.android.email for content provider com.android.email/com.android.exchange.provider.ExchangeProvider: pid=488 uid=10051 gids={3003, 1015}
02-09 18:35:04.644 I/ActivityManager(  230): Start proc com.redbend.vdmc for broadcast com.redbend.vdmc/.MyConnectionChangeReceiver: pid=497 uid=1000 gids={3002, 3001, 3003, 1015}
02-09 18:35:04.884 I/ActivityManager(  230): Start proc com.qualcomm.privinit for broadcast com.qualcomm.privinit/.BootReciever: pid=507 uid=1000 gids={3002, 3001, 3003, 1015}
02-09 18:35:04.944 I/ActivityManager(  230): Start proc com.cooliris.media for broadcast com.cooliris.media/com.cooliris.cache.BootReceiver: pid=515 uid=10049 gids={1015, 3003}
02-09 18:35:05.204 I/ActivityManager(  230): Start proc zte.com.cn.alarmclock for broadcast zte.com.cn.alarmclock/.AlarmInitReceiver: pid=525 uid=10001 gids={}
02-09 18:35:05.224 I/BootReceiver(  230): Copying /proc/last_kmsg to DropBox (SYSTEM_LAST_KMSG)
02-09 18:35:05.645 I/ActivityManager(  230): Start proc android.process.media for content provider com.android.providers.downloads/.DownloadProvider: pid=533 uid=10026 gids={1015, 2001, 3003}
02-09 18:35:05.695 D/StatusBarPolicy(  332): onSignalStrengthsChanged:SignalStrength: 99 0 -62 -70 -96 -5 8 99 2147483647 2147483647 2147483647 2147483647 cdma for subscription0
02-09 18:35:05.695 D/StatusBarPolicy(  332): updateSignalStrength on subscription :0
02-09 18:35:05.695 D/StatusBarPolicy(  332): StatusBarPolocy::getIconLevel -CDMA
02-09 18:35:05.695 D/StatusBarPolicy(  332): getCdmaLevel_band_six -cdmaDbm:-62
02-09 18:35:05.695 D/StatusBarPolicy(  332): getCdmaLevel_band_six -cdmaEcio:-70
02-09 18:35:05.735 I/ActivityManager(  230): Start proc com.sprint.zone for broadcast com.sprint.zone/.BootCompleteReceiver: pid=541 uid=10002 gids={3003, 3002, 3001}
02-09 18:35:06.326 I/ActivityManager(  230): Start proc com.android.voicedialer for broadcast com.android.voicedialer/.VoiceDialerReceiver: pid=550 uid=10005 gids={3002}
02-09 18:35:06.386 I/ActivityManager(  230): Start proc com.swype.android.inputmethod for broadcast com.swype.android.inputmethod/.SwypeDataInitializer: pid=558 uid=10011 gids={1015}
02-09 18:35:06.456 D/StatusBarPolicy(  332): onSignalStrengthsChanged:SignalStrength: 99 0 -62 -70 -89 -5 8 99 2147483647 2147483647 2147483647 2147483647 cdma for subscription0
02-09 18:35:06.456 D/StatusBarPolicy(  332): updateSignalStrength on subscription :0
02-09 18:35:06.456 D/StatusBarPolicy(  332): StatusBarPolocy::getIconLevel -CDMA
02-09 18:35:06.456 D/StatusBarPolicy(  332): getCdmaLevel_band_six -cdmaDbm:-62
02-09 18:35:06.456 D/StatusBarPolicy(  332): getCdmaLevel_band_six -cdmaEcio:-70
02-09 18:35:06.466 I/TelephonyRegistry(  230): notifyServiceState: 0 home Sprint  310099  1xRTT CSS not supported 41 4139RoamInd: 1RoamStatus(sprint): 1DefRoamInd: 160EmergOnly: false
02-09 18:35:06.476 D/StatusBarPolicy(  332): onServiceStateChanged:0 home Sprint  310099  1xRTT CSS not supported 41 4139RoamInd: 1RoamStatus(sprint): 1DefRoamInd: 160EmergOnly: falsefor subscription :0
02-09 18:35:06.476 D/StatusBarPolicy(  332): updateSignalStrength on subscription :0
02-09 18:35:06.476 D/StatusBarPolicy(  332): StatusBarPolocy::getIconLevel -CDMA
02-09 18:35:06.476 D/StatusBarPolicy(  332): getCdmaLevel_band_six -cdmaDbm:-62
02-09 18:35:06.476 D/StatusBarPolicy(  332): getCdmaLevel_band_six -cdmaEcio:-70
02-09 18:35:06.476 D/StatusBarPolicy(  332): updateDataIcon subscription =0
02-09 18:35:06.526 I/TelephonyRegistry(  230): notifyServiceState: 0 home Sprint  310099  EvDo rev. A CSS not supported 41 4139RoamInd: 1RoamStatus(sprint): 1DefRoamInd: 160EmergOnly: false
02-09 18:35:06.526 D/StatusBarPolicy(  332): onServiceStateChanged:0 home Sprint  310099  EvDo rev. A CSS not supported 41 4139RoamInd: 1RoamStatus(sprint): 1DefRoamInd: 160EmergOnly: falsefor subscription :0
02-09 18:35:06.526 D/StatusBarPolicy(  332): updateSignalStrength on subscription :0
02-09 18:35:06.536 D/StatusBarPolicy(  332): StatusBarPolocy::getIconLevel -EVDO
02-09 18:35:06.536 D/StatusBarPolicy(  332): getEvdoLevel_band_six -evdoDbm:-89
02-09 18:35:06.536 D/StatusBarPolicy(  332): getEvdoLevel_band_six -evdoEcio:-5
02-09 18:35:06.536 D/StatusBarPolicy(  332): updateDataIcon subscription =0
02-09 18:35:06.566 I/TelephonyRegistry(  230): notifyDataConnection: anyState=0,default/INET,apnTypeState=1,iface=null,ip=null,gw=null,isDataConnectivityPossible=true,networkType=6,reason=radioTechnologyChanged
02-09 18:35:06.586 D/StatusBarPolicy(  332): StatusBarPolicy onDataConnectionStateChanged to 0for nw : 6on subscription : 0
02-09 18:35:06.586 D/StatusBarPolicy(  332): Data network type changed to:6
02-09 18:35:06.586 D/StatusBarPolicy(  332): updateDataIcon subscription =0
02-09 18:35:06.596 I/TelephonyRegistry(  230): notifyDataConnection: anyState=0,default/INET6,apnTypeState=0,iface=null,ip=null,gw=null,isDataConnectivityPossible=true,networkType=6,reason=radioTechnologyChanged
02-09 18:35:06.606 I/TelephonyRegistry(  230): notifyDataConnection: anyState=0,mms/INET,apnTypeState=0,iface=null,ip=null,gw=null,isDataConnectivityPossible=true,networkType=6,reason=radioTechnologyChanged
02-09 18:35:06.616 I/TelephonyRegistry(  230): notifyDataConnection: anyState=0,mms/INET6,apnTypeState=0,iface=null,ip=null,gw=null,isDataConnectivityPossible=true,networkType=6,reason=radioTechnologyChanged
02-09 18:35:06.626 I/TelephonyRegistry(  230): notifyDataConnection: anyState=0,supl/INET,apnTypeState=0,iface=null,ip=null,gw=null,isDataConnectivityPossible=true,networkType=6,reason=radioTechnologyChanged
02-09 18:35:06.636 I/TelephonyRegistry(  230): notifyDataConnection: anyState=0,supl/INET6,apnTypeState=0,iface=null,ip=null,gw=null,isDataConnectivityPossible=true,networkType=6,reason=radioTechnologyChanged
02-09 18:35:06.656 I/TelephonyRegistry(  230): notifyDataConnection: anyState=0,dun/INET,apnTypeState=0,iface=null,ip=null,gw=null,isDataConnectivityPossible=true,networkType=6,reason=radioTechnologyChanged
02-09 18:35:06.716 I/TelephonyRegistry(  230): notifyDataConnection: anyState=0,dun/INET6,apnTypeState=0,iface=null,ip=null,gw=null,isDataConnectivityPossible=true,networkType=6,reason=radioTechnologyChanged
02-09 18:35:06.736 I/TelephonyRegistry(  230): notifyDataConnection: anyState=0,hipri/INET,apnTypeState=0,iface=null,ip=null,gw=null,isDataConnectivityPossible=true,networkType=6,reason=radioTechnologyChanged
02-09 18:35:06.766 I/TelephonyRegistry(  230): notifyDataConnection: anyState=0,hipri/INET6,apnTypeState=0,iface=null,ip=null,gw=null,isDataConnectivityPossible=true,networkType=6,reason=radioTechnologyChanged
02-09 18:35:06.786 I/ActivityManager(  230): Start proc com.sprint.ce.updater for broadcast com.sprint.ce.updater/.BootCompletedReceiver: pid=567 uid=10013 gids={3003}
02-09 18:35:06.916 D/PowerManagerService(  230): setTimeoutLocked now=39738 timeoutOverride=-1 nextState=1 when=146738
02-09 18:35:06.936 I/ActivityManager(  230): Start proc com.sprint.w.installer for broadcast com.sprint.w.installer/.BootListener: pid=575 uid=10015 gids={3003, 1015}
02-09 18:35:07.216 I/ActivityManager(  230): Start proc com.locationlabs.v3client for broadcast com.locationlabs.v3client/.BootCompletedReceiver: pid=584 uid=10017 gids={3003}
02-09 18:35:10.820 D/StatusBarPolicy(  332): onSignalStrengthsChanged:SignalStrength: 99 0 -62 -70 -83 -5 8 99 2147483647 2147483647 2147483647 2147483647 cdma for subscription0
02-09 18:35:10.820 D/StatusBarPolicy(  332): updateSignalStrength on subscription :0
02-09 18:35:10.840 D/StatusBarPolicy(  332): StatusBarPolocy::getIconLevel -EVDO
02-09 18:35:10.840 D/StatusBarPolicy(  332): getEvdoLevel_band_six -evdoDbm:-83
02-09 18:35:10.840 D/StatusBarPolicy(  332): getEvdoLevel_band_six -evdoEcio:-5
02-09 18:35:10.890 D/StatusBarPolicy(  332): onSignalStrengthsChanged:SignalStrength: 99 0 -62 -70 -78 -5 8 99 2147483647 2147483647 2147483647 2147483647 cdma for subscription0
02-09 18:35:10.890 D/StatusBarPolicy(  332): updateSignalStrength on subscription :0
02-09 18:35:10.890 D/StatusBarPolicy(  332): StatusBarPolocy::getIconLevel -EVDO
02-09 18:35:10.890 D/StatusBarPolicy(  332): getEvdoLevel_band_six -evdoDbm:-78
02-09 18:35:10.890 D/StatusBarPolicy(  332): getEvdoLevel_band_six -evdoEcio:-5
02-09 18:35:11.971 I/ActivityManager(  230): Start proc com.irdeto.providers.drm for broadcast com.irdeto.providers.drm/.OmaDrmReceiver: pid=595 uid=10026 gids={1015, 2001, 3003}
02-09 18:35:12.071 I/ActivityManager(  230): Start proc com.android.mms for broadcast com.android.mms/.transaction.MmsSystemEventReceiver: pid=604 uid=10033 gids={3003, 1015}
02-09 18:35:12.592 I/ActivityManager(  230): Start proc com.android.zte.HiddenMenu for broadcast com.android.zte.HiddenMenu/.CommandReceiver: pid=619 uid=1000 gids={3002, 3001, 3003, 1015}
02-09 18:35:13.002 I/ActivityManager(  230): Starting: Intent { flg=0x10000000 cmp=com.google.android.gsf/.update.SystemUpdateInstallDialog } from pid 397
02-09 18:35:13.042 W/WindowManager(  230): updateFocusedWindowLocked newFocus=Window{407ae048 Keyguard paused=false} mode=3 mCurrentFocus = Window{407ae048 Keyguard paused=false}
02-09 18:35:13.052 W/WindowManager(  230): updateFocusedWindowLocked newFocus=Window{407ae048 Keyguard paused=false} mode=0 mCurrentFocus = Window{407ae048 Keyguard paused=false}
02-09 18:35:13.212 W/WindowManager(  230): updateFocusedWindowLocked newFocus=Window{407ae048 Keyguard paused=false} mode=0 mCurrentFocus = Window{407ae048 Keyguard paused=false}
02-09 18:35:13.222 W/WindowManager(  230): updateFocusedWindowLocked newFocus=Window{407ae048 Keyguard paused=false} mode=2 mCurrentFocus = Window{407ae048 Keyguard paused=false}
02-09 18:35:13.222 W/WindowManager(  230): updateFocusedWindowLocked newFocus=Window{407ae048 Keyguard paused=false} mode=2 mCurrentFocus = Window{407ae048 Keyguard paused=false}
02-09 18:35:13.252 W/WindowManager(  230): updateFocusedWindowLocked newFocus=Window{407ae048 Keyguard paused=false} mode=3 mCurrentFocus = Window{407ae048 Keyguard paused=false}
02-09 18:35:13.873 I/ActivityManager(  230): Start proc com.google.android.gm for broadcast com.google.android.gm/.MailIntentReceiver: pid=634 uid=10046 gids={3003, 1015}
02-09 18:35:14.383 I/ActivityManager(  230): Start proc com.dataviz.docstogo for broadcast com.dataviz.docstogo/com.dataviz.dxtg.common.android.DTGPhoneBootReceiver: pid=651 uid=10052 gids={3003, 1015}
02-09 18:35:14.674 D/StatusBarPolicy(  332): onSignalStrengthsChanged:SignalStrength: 99 0 -62 -70 -71 -5 8 99 2147483647 2147483647 2147483647 2147483647 cdma for subscription0
02-09 18:35:14.674 D/StatusBarPolicy(  332): updateSignalStrength on subscription :0
02-09 18:35:14.684 D/StatusBarPolicy(  332): StatusBarPolocy::getIconLevel -EVDO
02-09 18:35:14.684 D/StatusBarPolicy(  332): getEvdoLevel_band_six -evdoDbm:-71
02-09 18:35:14.684 D/StatusBarPolicy(  332): getEvdoLevel_band_six -evdoEcio:-5
02-09 18:35:14.824 I/ActivityManager(  230): Process com.dataviz.docstogo (pid 651) has died.
02-09 18:35:15.044 I/TelephonyRegistry(  230): notifyDataConnection: anyState=2,default/INET,apnTypeState=2,iface=rmnet0,ip=70.5.41.227,gw=70.5.41.225,isDataConnectivityPossible=true,networkType=6,reason=radioTechnologyChanged
02-09 18:35:15.044 D/StatusBarPolicy(  332): StatusBarPolicy onDataConnectionStateChanged to 2for nw : 6on subscription : 0
02-09 18:35:15.044 D/StatusBarPolicy(  332): Data network type changed to:6
02-09 18:35:15.044 D/StatusBarPolicy(  332): updateDataIcon subscription =0
02-09 18:35:15.114 I/TelephonyRegistry(  230): notifyDataConnection: anyState=2,mms/INET,apnTypeState=2,iface=rmnet0,ip=70.5.41.227,gw=70.5.41.225,isDataConnectivityPossible=true,networkType=6,reason=radioTechnologyChanged
02-09 18:35:15.124 D/ConnectivityService(  230): ConnectivityChange for mobile: CONNECTED/CONNECTED
02-09 18:35:15.124 D/ConnectivityService(  230): Got Network Connection Succ from Driver nwtype=0
02-09 18:35:15.134 D/ConnectivityService(  230): adding dns 68.28.67.132 for mobile
02-09 18:35:15.134 D/ConnectivityService(  230): adding dns 68.28.68.132 for mobile
02-09 18:35:15.144 I/ActivityManager(  230): Start proc com.android.camera for broadcast com.android.camera/.BootCamera: pid=662 uid=10055 gids={1006, 1015}
02-09 18:35:15.194 D/NetdConnector(  230): SND -> {route replace def v4 rmnet0 70.5.41.225} {null}
02-09 18:35:15.204 I/TelephonyRegistry(  230): notifyDataConnection: anyState=2,supl/INET,apnTypeState=2,iface=rmnet0,ip=70.5.41.227,gw=70.5.41.225,isDataConnectivityPossible=true,networkType=6,reason=radioTechnologyChanged
02-09 18:35:15.254 D/NetdConnector(  230): RCV <- {200 default route replace succeeded for [rmnet0 -4]}
02-09 18:35:15.254 D/NetdConnector(  230): RSP <- {200 default route replace succeeded for [rmnet0 -4]}
02-09 18:35:15.254 D/NetworkManagementService(  230): 200 default route replace succeeded for [rmnet0 -4]
02-09 18:35:15.264 D/StatusBarPolicy(  332): Data network type changed to:6
02-09 18:35:15.324 D/StatusBarPolicy(  332): updateDataIcon subscription =0
02-09 18:35:15.334 I/TelephonyRegistry(  230): notifyDataConnection: anyState=2,hipri/INET,apnTypeState=2,iface=rmnet0,ip=70.5.41.227,gw=70.5.41.225,isDataConnectivityPossible=true,networkType=6,reason=radioTechnologyChanged
02-09 18:35:15.334 D/StatusBarPolicy(  332): updateSignalStrength on subscription :0
02-09 18:35:15.334 D/StatusBarPolicy(  332): StatusBarPolocy::getIconLevel -EVDO
02-09 18:35:15.334 D/StatusBarPolicy(  332): getEvdoLevel_band_six -evdoDbm:-71
02-09 18:35:15.334 D/StatusBarPolicy(  332): getEvdoLevel_band_six -evdoEcio:-5
02-09 18:35:15.404 D/StatusBarPolicy(  332): updateDataIcon subscription =0
02-09 18:35:15.434 I/ActivityManager(  230): Start proc com.android.providers.calendar for broadcast com.android.providers.calendar/.CalendarReceiver: pid=674 uid=10056 gids={3003}
02-09 18:35:15.765 W/WindowManager(  230): updateFocusedWindowLocked newFocus=Window{407ae048 Keyguard paused=false} mode=3 mCurrentFocus = Window{407ae048 Keyguard paused=false}
02-09 18:35:15.795 I/ActivityManager(  230): Start proc com.android.calendar for broadcast com.android.calendar/.AlertReceiver: pid=684 uid=10057 gids={3003}
02-09 18:35:15.905 D/RPC     (  230): 3000008c:00050000 sending call (XID 7).
02-09 18:35:15.915 D/RPC     (  230): 3000008c:00050000 received REPLY (XID 7), grabbing mutex to wake up client.
02-09 18:35:15.925 I/ActivityManager(  230): Start proc com.qualcomm.cabl for broadcast com.qualcomm.cabl/.CABLReceiver: pid=692 uid=1000 gids={3002, 3001, 3003, 1015}
02-09 18:35:15.955 D/RPC     (  230): 3000008c:00050000 waiting for XDR input buffer to be consumed.
02-09 18:35:15.955 D/RPC     (  230): 3000008c:00050000 call success.
02-09 18:35:15.955 D/RPC     (  230): 3000008c:00050000 received CALL.
02-09 18:35:15.955 D/RPC     (  230): 3000008c:00050000 dispatching RPC call (XID 14, xdr 0x372db0) for callback client 3100008c:00050001.
02-09 18:35:15.955 D/RPC     (  230): 3100008c:327681 sending RPC reply (XID 14)
02-09 18:35:15.955 D/RPC     (  230): 3000008c:00050000 sending call (XID 8).
02-09 18:35:15.955 D/RPC     (  230): 3000008c:00050000 received REPLY (XID 8), grabbing mutex to wake up client.
02-09 18:35:15.955 D/RPC     (  230): 3000008c:00050000 call success.
02-09 18:35:15.965 D/RPC     (  230): 3000008c:00050000 received CALL.
02-09 18:35:15.965 D/RPC     (  230): 3000008c:00050000 dispatching RPC call (XID 15, xdr 0x372db0) for callback client 3100008c:00050001.
02-09 18:35:15.965 D/RPC     (  230): 3100008c:327681 sending RPC reply (XID 15)
02-09 18:35:15.995 I/ActivityManager(  230): Start proc com.spartancoders.gtok for broadcast com.spartancoders.gtok/com.spartanbits.gochat.GtokBroadcastReceiver: pid=701 uid=10072 gids={3003, 1015}
02-09 18:35:16.325 I/ActivityManager(  230): Start proc com.google.android.apps.googlevoice for broadcast com.google.android.apps.googlevoice/.BootUpReceiver: pid=709 uid=10067 gids={3003, 1015, 1007}
02-09 18:35:16.415 D/StatusBarPolicy(  332): updateDataIcon subscription =0
02-09 18:35:16.576 W/WindowManager(  230): updateFocusedWindowLocked newFocus=Window{407ae048 Keyguard paused=false} mode=3 mCurrentFocus = Window{407ae048 Keyguard paused=false}
02-09 18:35:16.606 I/ActivityManager(  230): Start proc com.google.android.apps.maps:FriendService for broadcast com.google.android.apps.maps/com.google.googlenav.friend.android.ServiceReceiver: pid=718 uid=10036 gids={3003, 1015}
02-09 18:35:17.066 D/StatusBarPolicy(  332): onSignalStrengthsChanged:SignalStrength: 99 0 -62 -80 -71 -5 8 99 2147483647 2147483647 2147483647 2147483647 cdma for subscription0
02-09 18:35:17.066 D/StatusBarPolicy(  332): updateSignalStrength on subscription :0
02-09 18:35:17.066 D/StatusBarPolicy(  332): StatusBarPolocy::getIconLevel -EVDO
02-09 18:35:17.066 D/StatusBarPolicy(  332): getEvdoLevel_band_six -evdoDbm:-71
02-09 18:35:17.066 D/StatusBarPolicy(  332): getEvdoLevel_band_six -evdoEcio:-5
02-09 18:35:17.426 D/RPC     (  230): 3000008c:00050000 sending call (XID 9).
02-09 18:35:17.426 D/RPC     (  230): 3000008c:00050000 received REPLY (XID 9), grabbing mutex to wake up client.
02-09 18:35:17.426 D/RPC     (  230): 3000008c:00050000 call success.
02-09 18:35:17.436 D/StatusBarPolicy(  332): updateDataIcon subscription =0
02-09 18:35:17.506 I/ActivityManager(  230): Start proc com.google.android.apps.maps:NetworkLocationService for service com.google.android.apps.maps/com.google.android.location.internal.server.NetworkLocationService: pid=734 uid=10036 gids={3003, 1015}
02-09 18:35:17.546 D/RPC     (  230): 3000008c:00050000 received CALL.
02-09 18:35:17.567 D/RPC     (  230): 3000008c:00050000 dispatching RPC call (XID 16, xdr 0x372db0) for callback client 3100008c:00050001.
02-09 18:35:17.567 D/RPC     (  230): 3100008c:327681 sending RPC reply (XID 16)
02-09 18:35:17.917 D/AlarmManager(  230): scheduleTimeTickEvent calendar=Thu Feb 09 18:36:00 CST 2012
02-09 18:35:17.917 D/AlarmManager(  230): calendar.getTimeInMillis()1328834160000
02-09 18:35:17.937 I/ActivityManager(  230): Start proc com.google.android.googlequicksearchbox for broadcast com.google.android.googlequicksearchbox/.SearchWidgetProvider: pid=746 uid=10043 gids={3003}
02-09 18:35:18.437 D/StatusBarPolicy(  332): updateDataIcon subscription =0
02-09 18:35:18.467 I/ActivityManager(  230): No longer want com.qualcomm.privinit (pid 507): hidden #16
02-09 18:35:18.517 I/ActivityManager(  230): Start proc com.google.android.apps.uploader for broadcast com.google.android.apps.uploader/.ConnectivityBroadcastReceiver: pid=758 uid=10034 gids={3003}
02-09 18:35:18.638 I/ActivityManager(  230): No longer want com.cooliris.media (pid 515): hidden #16
02-09 18:35:18.688 I/ActivityManager(  230): Start proc com.facebook.katana for broadcast com.facebook.katana/.binding.UploadManagerConnectivity: pid=769 uid=10065 gids={3003, 1015}
02-09 18:35:18.698 D/ConnectivityService(  230): reportNetworkCondition(0, 0)
02-09 18:35:18.698 D/ConnectivityService(  230): Inet connectivity change, net=0, condition=0,mActiveDefaultNetwork=0
02-09 18:35:18.698 D/ConnectivityService(  230): starting a change hold
02-09 18:35:19.528 I/ActivityManager(  230): No longer want zte.com.cn.alarmclock (pid 525): hidden #16
02-09 18:35:19.659 I/ActivityManager(  230): No longer want com.sprint.zone (pid 541): hidden #16
02-09 18:35:19.969 I/ActivityManager(  230): No longer want com.android.voicedialer (pid 550): hidden #16
02-09 18:35:20.069 I/ActivityManager(  230): Start proc com.google.android.apps.plus for broadcast com.google.android.apps.plus/com.google.android.picasasync.ConnectivityReceiver: pid=789 uid=10021 gids={3003, 1015, 1006}
02-09 18:35:20.800 I/ActivityManager(  230): No longer want com.swype.android.inputmethod (pid 558): hidden #16
02-09 18:35:21.230 I/ActivityManager(  230): Start proc com.cooliris.media for broadcast com.cooliris.media/com.cooliris.cache.BootReceiver: pid=809 uid=10049 gids={1015, 3003}
02-09 18:35:21.480 D/StatusBarPolicy(  332): onSignalStrengthsChanged:SignalStrength: 99 0 -62 -80 -65 -5 8 99 2147483647 2147483647 2147483647 2147483647 cdma for subscription0
02-09 18:35:21.480 D/StatusBarPolicy(  332): updateSignalStrength on subscription :0
02-09 18:35:21.480 D/StatusBarPolicy(  332): StatusBarPolocy::getIconLevel -EVDO
02-09 18:35:21.480 D/StatusBarPolicy(  332): getEvdoLevel_band_six -evdoDbm:-65
02-09 18:35:21.480 D/StatusBarPolicy(  332): getEvdoLevel_band_six -evdoEcio:-5
02-09 18:35:21.570 I/ActivityManager(  230): Start proc com.google.android.music:main for broadcast com.google.android.music/.store.MediaStoreImportService$Receiver: pid=820 uid=10030 gids={3003, 1015}
02-09 18:35:21.701 D/ConnectivityService(  230): Inet hold end, net=0, condition =0, published condition =0
02-09 18:35:21.701 D/ConnectivityService(  230): no change in condition - aborting
02-09 18:35:22.031 D/WifiService(  230): acquireWifiLockLocked: WifiLock{NetworkLocationLocator type=2 binder=android.os.BinderProxy@40798228}
02-09 18:35:22.031 D/WifiService(  230): WifiHandler, MESSAGE_UPDATE_STATE
02-09 18:35:22.031 D/WifiService(  230): isAirplaneModeOn(): false
02-09 18:35:22.031 D/WifiService(  230): updateWifiState(), wifiEnabled: true, airplaneMode: false, wifiShouldBeEnabled: true, wifiShouldBeStarted: true, strongestLockMode: 1
02-09 18:35:22.031 D/WifiService(  230): WifiHandler, MESSAGE_ENABLE_WIFI, msg.arg1: 0, msg.arg2: 1000
02-09 18:35:22.031 D/WifiService(  230): WifiHandler, MESSAGE_START_WIFI, msg.arg1: 1
02-09 18:35:22.121 I/ActivityManager(  230): No longer want com.locationlabs.v3client (pid 584): hidden #16
02-09 18:35:22.141 I/ActivityManager(  230): No longer want com.android.mms (pid 604): hidden #16
02-09 18:35:22.231 I/ActivityManager(  230): Start proc com.google.android.apps.maps:LocationFriendService for broadcast com.google.android.apps.maps/com.google.googlenav.friend.reporting.LocationReportingIntentReceiver: pid=834 uid=10036 gids={3003, 1015}
02-09 18:35:22.732 I/ActivityManager(  230): No longer want com.android.zte.HiddenMenu (pid 619): hidden #16
02-09 18:35:22.902 I/ActivityManager(  230): No longer want com.google.android.partnersetup (pid 478): hidden #16
02-09 18:35:23.492 D/StatusBarPolicy(  332): updateDataIcon subscription =0
02-09 18:35:23.622 D/StatusBarPolicy(  332): onSignalStrengthsChanged:SignalStrength: 99 0 -61 -70 -78 -5 8 99 2147483647 2147483647 2147483647 2147483647 cdma for subscription0
02-09 18:35:23.622 D/StatusBarPolicy(  332): updateSignalStrength on subscription :0
02-09 18:35:23.622 D/StatusBarPolicy(  332): StatusBarPolocy::getIconLevel -EVDO
02-09 18:35:23.622 D/StatusBarPolicy(  332): getEvdoLevel_band_six -evdoDbm:-78
02-09 18:35:23.622 D/StatusBarPolicy(  332): getEvdoLevel_band_six -evdoEcio:-5
02-09 18:35:24.533 D/StatusBarPolicy(  332): updateDataIcon subscription =0
02-09 18:35:24.744 I/ActivityManager(  230): No longer want com.android.camera (pid 662): hidden #16
02-09 18:35:25.775 D/WifiService(  230): releaseWifiLockLocked: WifiLock{NetworkLocationLocator type=2 binder=android.os.BinderProxy@40798228}
02-09 18:35:25.775 D/WifiService(  230): WifiHandler, MESSAGE_UPDATE_STATE
02-09 18:35:25.775 D/WifiService(  230): isAirplaneModeOn(): false
02-09 18:35:25.775 D/WifiService(  230): updateWifiState(), wifiEnabled: true, airplaneMode: false, wifiShouldBeEnabled: true, wifiShouldBeStarted: true, strongestLockMode: 1
02-09 18:35:25.775 D/WifiService(  230): WifiHandler, MESSAGE_UPDATE_STATE
02-09 18:35:25.775 D/WifiService(  230): isAirplaneModeOn(): false
02-09 18:35:25.775 D/WifiService(  230): updateWifiState(), wifiEnabled: true, airplaneMode: false, wifiShouldBeEnabled: true, wifiShouldBeStarted: true, strongestLockMode: 1
02-09 18:35:25.775 D/WifiService(  230): WifiHandler, MESSAGE_ENABLE_WIFI, msg.arg1: 0, msg.arg2: 1000
02-09 18:35:25.775 D/WifiService(  230): WifiHandler, MESSAGE_START_WIFI, msg.arg1: 1
02-09 18:35:25.775 D/WifiService(  230): WifiHandler, MESSAGE_ENABLE_WIFI, msg.arg1: 0, msg.arg2: 1000
02-09 18:35:25.775 D/WifiService(  230): WifiHandler, MESSAGE_START_WIFI, msg.arg1: 1
02-09 18:35:25.855 D/StatusBarPolicy(  332): onSignalStrengthsChanged:SignalStrength: 99 0 -61 -70 -74 -5 8 99 2147483647 2147483647 2147483647 2147483647 cdma for subscription0
02-09 18:35:25.855 D/StatusBarPolicy(  332): updateSignalStrength on subscription :0
02-09 18:35:25.855 D/StatusBarPolicy(  332): StatusBarPolocy::getIconLevel -EVDO
02-09 18:35:25.855 D/StatusBarPolicy(  332): getEvdoLevel_band_six -evdoDbm:-74
02-09 18:35:25.855 D/StatusBarPolicy(  332): getEvdoLevel_band_six -evdoEcio:-5
02-09 18:35:26.896 I/ActivityManager(  230): Start proc com.sprint.zone for broadcast com.sprint.zone/.PackageUpdateReceiver: pid=855 uid=10002 gids={3003, 3002, 3001}
02-09 18:35:27.957 I/ActivityManager(  230): No longer want com.sprint.ce.updater (pid 567): hidden #16
02-09 18:35:29.568 D/StatusBarPolicy(  332): updateDataIcon subscription =0
02-09 18:35:30.009 I/ActivityManager(  230): Start proc com.android.voicedialer for broadcast com.android.voicedialer/.VoiceDialerReceiver: pid=863 uid=10005 gids={3002}
02-09 18:35:30.009 I/ActivityManager(  230): No longer want com.android.email (pid 488): hidden #16
02-09 18:35:30.069 I/ActivityManager(  230): Start proc com.android.vending for broadcast com.android.vending/com.google.android.finsky.receivers.PersistentPackageMonitorReceiver: pid=871 uid=10023 gids={3003, 1015}
02-09 18:35:30.069 I/ActivityManager(  230): No longer want com.android.calendar (pid 684): hidden #16
02-09 18:35:30.349 D/StatusBarPolicy(  332): onSignalStrengthsChanged:SignalStrength: 99 0 -61 -70 -69 -5 8 99 2147483647 2147483647 2147483647 2147483647 cdma for subscription0
02-09 18:35:30.349 D/StatusBarPolicy(  332): updateSignalStrength on subscription :0
02-09 18:35:30.349 D/StatusBarPolicy(  332): StatusBarPolocy::getIconLevel -EVDO
02-09 18:35:30.349 D/StatusBarPolicy(  332): getEvdoLevel_band_six -evdoDbm:-69
02-09 18:35:30.349 D/StatusBarPolicy(  332): getEvdoLevel_band_six -evdoEcio:-5
02-09 18:35:30.749 I/ActivityManager(  230): No longer want com.qualcomm.cabl (pid 692): hidden #16
02-09 18:35:30.809 D/ConnectivityService(  230): reportNetworkCondition(0, 100)
02-09 18:35:30.819 D/ConnectivityService(  230): Inet connectivity change, net=0, condition=100,mActiveDefaultNetwork=0
02-09 18:35:30.819 D/ConnectivityService(  230): starting a change hold
02-09 18:35:31.320 D/ConnectivityService(  230): Inet hold end, net=0, condition =100, published condition =0
02-09 18:35:31.320 D/StatusBarPolicy(  332): Data network type changed to:6
02-09 18:35:31.320 D/StatusBarPolicy(  332): updateDataIcon subscription =0
02-09 18:35:31.320 D/StatusBarPolicy(  332): updateSignalStrength on subscription :0
02-09 18:35:31.320 D/StatusBarPolicy(  332): StatusBarPolocy::getIconLevel -EVDO
02-09 18:35:31.320 D/StatusBarPolicy(  332): getEvdoLevel_band_six -evdoDbm:-69
02-09 18:35:31.320 D/StatusBarPolicy(  332): getEvdoLevel_band_six -evdoEcio:-5
02-09 18:35:31.580 D/StatusBarPolicy(  332): updateDataIcon subscription =0
02-09 18:35:31.780 I/ActivityManager(  230): Start proc com.locationlabs.v3client for broadcast com.locationlabs.v3client/.BootCompletedReceiver: pid=894 uid=10017 gids={3003}
02-09 18:35:33.402 I/ActivityManager(  230): No longer want com.spartancoders.gtok (pid 701): hidden #16
02-09 18:35:34.823 D/StatusBarPolicy(  332): onSignalStrengthsChanged:SignalStrength: 99 0 -61 -90 -69 -5 8 99 2147483647 2147483647 2147483647 2147483647 cdma for subscription0
02-09 18:35:34.823 D/StatusBarPolicy(  332): updateSignalStrength on subscription :0
02-09 18:35:34.823 D/StatusBarPolicy(  332): StatusBarPolocy::getIconLevel -EVDO
02-09 18:35:34.823 D/StatusBarPolicy(  332): getEvdoLevel_band_six -evdoDbm:-69
02-09 18:35:34.823 D/StatusBarPolicy(  332): getEvdoLevel_band_six -evdoEcio:-5
02-09 18:35:37.066 D/StatusBarPolicy(  332): onSignalStrengthsChanged:SignalStrength: 99 0 -61 -90 -64 -5 8 99 2147483647 2147483647 2147483647 2147483647 cdma for subscription0
02-09 18:35:37.066 D/StatusBarPolicy(  332): updateSignalStrength on subscription :0
02-09 18:35:37.066 D/StatusBarPolicy(  332): StatusBarPolocy::getIconLevel -EVDO
02-09 18:35:37.066 D/StatusBarPolicy(  332): getEvdoLevel_band_six -evdoDbm:-64
02-09 18:35:37.066 D/StatusBarPolicy(  332): getEvdoLevel_band_six -evdoEcio:-5
02-09 18:35:37.636 D/StatusBarPolicy(  332): updateDataIcon subscription =0
02-09 18:35:39.348 D/StatusBarPolicy(  332): onSignalStrengthsChanged:SignalStrength: 99 0 -61 -75 -64 -5 8 99 2147483647 2147483647 2147483647 2147483647 cdma for subscription0
02-09 18:35:39.358 D/StatusBarPolicy(  332): updateSignalStrength on subscription :0
02-09 18:35:39.358 D/StatusBarPolicy(  332): StatusBarPolocy::getIconLevel -EVDO
02-09 18:35:39.358 D/StatusBarPolicy(  332): getEvdoLevel_band_six -evdoDbm:-64
02-09 18:35:39.358 D/StatusBarPolicy(  332): getEvdoLevel_band_six -evdoEcio:-5
02-09 18:35:43.802 D/StatusBarPolicy(  332): onSignalStrengthsChanged:SignalStrength: 99 0 -62 -90 -64 -5 8 99 2147483647 2147483647 2147483647 2147483647 cdma for subscription0
02-09 18:35:43.802 D/StatusBarPolicy(  332): updateSignalStrength on subscription :0
02-09 18:35:43.812 D/StatusBarPolicy(  332): StatusBarPolocy::getIconLevel -EVDO
02-09 18:35:43.812 D/StatusBarPolicy(  332): getEvdoLevel_band_six -evdoDbm:-64
02-09 18:35:43.812 D/StatusBarPolicy(  332): getEvdoLevel_band_six -evdoEcio:-5
02-09 18:35:46.014 D/StatusBarPolicy(  332): onSignalStrengthsChanged:SignalStrength: 99 0 -62 -90 -61 -5 8 99 2147483647 2147483647 2147483647 2147483647 cdma for subscription0
02-09 18:35:46.014 D/StatusBarPolicy(  332): updateSignalStrength on subscription :0
02-09 18:35:46.014 D/StatusBarPolicy(  332): StatusBarPolocy::getIconLevel -EVDO
02-09 18:35:46.014 D/StatusBarPolicy(  332): getEvdoLevel_band_six -evdoDbm:-61
02-09 18:35:46.014 D/StatusBarPolicy(  332): getEvdoLevel_band_six -evdoEcio:-5
02-09 18:35:46.535 D/StatusBarPolicy(  332): updateDataIcon subscription =0
02-09 18:35:47.115 D/StatusBarPolicy(  332): updateDataIcon subscription =0
02-09 18:35:48.116 D/StatusBarPolicy(  332): updateDataIcon subscription =0
02-09 18:35:50.138 D/StatusBarPolicy(  332): updateDataIcon subscription =0
02-09 18:35:50.529 D/StatusBarPolicy(  332): onSignalStrengthsChanged:SignalStrength: 99 0 -62 -75 -61 -10 8 99 2147483647 2147483647 2147483647 2147483647 cdma for subscription0
02-09 18:35:50.549 D/StatusBarPolicy(  332): updateSignalStrength on subscription :0
02-09 18:35:50.549 D/StatusBarPolicy(  332): StatusBarPolocy::getIconLevel -EVDO
02-09 18:35:50.549 D/StatusBarPolicy(  332): getEvdoLevel_band_six -evdoDbm:-61
02-09 18:35:50.549 D/StatusBarPolicy(  332): getEvdoLevel_band_six -evdoEcio:-10
02-09 18:35:52.781 D/StatusBarPolicy(  332): onSignalStrengthsChanged:SignalStrength: 99 0 -62 -75 -74 -10 8 99 2147483647 2147483647 2147483647 2147483647 cdma for subscription0
02-09 18:35:52.781 D/StatusBarPolicy(  332): updateSignalStrength on subscription :0
02-09 18:35:52.791 D/StatusBarPolicy(  332): StatusBarPolocy::getIconLevel -EVDO
02-09 18:35:52.791 D/StatusBarPolicy(  332): getEvdoLevel_band_six -evdoDbm:-74
02-09 18:35:52.791 D/StatusBarPolicy(  332): getEvdoLevel_band_six -evdoEcio:-10
02-09 18:35:55.013 D/StatusBarPolicy(  332): onSignalStrengthsChanged:SignalStrength: 99 0 -62 -75 -71 -10 8 99 2147483647 2147483647 2147483647 2147483647 cdma for subscription0
02-09 18:35:55.013 D/StatusBarPolicy(  332): updateSignalStrength on subscription :0
02-09 18:35:55.023 D/StatusBarPolicy(  332): StatusBarPolocy::getIconLevel -EVDO
02-09 18:35:55.023 D/StatusBarPolicy(  332): getEvdoLevel_band_six -evdoDbm:-71
02-09 18:35:55.023 D/StatusBarPolicy(  332): getEvdoLevel_band_six -evdoEcio:-10
02-09 18:35:57.245 D/StatusBarPolicy(  332): onSignalStrengthsChanged:SignalStrength: 99 0 -62 -75 -69 -10 8 99 2147483647 2147483647 2147483647 2147483647 cdma for subscription0
02-09 18:35:57.255 D/StatusBarPolicy(  332): updateSignalStrength on subscription :0
02-09 18:35:57.255 D/StatusBarPolicy(  332): StatusBarPolocy::getIconLevel -EVDO
02-09 18:35:57.255 D/StatusBarPolicy(  332): getEvdoLevel_band_six -evdoDbm:-69
02-09 18:35:57.255 D/StatusBarPolicy(  332): getEvdoLevel_band_six -evdoEcio:-10
