02-09 18:35:19.058 I/binder_sample(  758): [android.app.IActivityManager,16,399,com.google.android.apps.uploader,79]
02-09 18:35:19.078 I/binder_sample(  746): [android.app.IActivityManager,110,45,com.google.android.googlequicksearchbox,9]
02-09 18:35:19.128 I/content_update_sample(  397): [content://com.google.android.providers.talk/providerSettings,insert,,275,com.google.process.gapps,56]
02-09 18:35:19.138 I/am_create_service(  230): [1083344008,com.google.android.gsf/.loginservice.GoogleLoginService,act=android.accounts.AccountAuthenticator,397]
02-09 18:35:19.188 I/dvm_gc_info(  769): [7737593596605429309,-9015777952082724811,-4004961172862437331,7358131]
02-09 18:35:19.318 I/am_destroy_service(  230): [1083344008,com.google.android.gsf/.loginservice.GoogleLoginService,397]
02-09 18:35:19.498 I/content_query_sample(  604): [content://sms,read/seen/address,address = 'Presidential Alert' AND read =0 AND seen =0,,1096,,100]
02-09 18:35:19.518 I/am_destroy_service(  230): [1083456560,com.android.mms/.transaction.SmsReceiverService,604]
02-09 18:35:19.528 I/am_kill (  230): [525,zte.com.cn.alarmclock,12,too many background]
02-09 18:35:19.548 I/binder_sample(  758): [android.app.IActivityManager,110,39,com.google.android.apps.uploader,7]
02-09 18:35:19.558 I/dvm_gc_madvise_info(  634): [258048,126976]
02-09 18:35:19.558 I/am_proc_died(  230): [525,zte.com.cn.alarmclock]
02-09 18:35:19.598 I/dvm_gc_info(  746): [7453298398306752124,-8971867855799842768,-4006368547745990611,7358131]
02-09 18:35:19.619 I/notification_cancel(  230): [com.android.calendar,0,0]
02-09 18:35:19.619 I/am_destroy_service(  230): [1082832160,com.android.calendar/.AlertService,684]
02-09 18:35:19.659 I/am_kill (  230): [541,com.sprint.zone,12,too many background]
02-09 18:35:19.669 I/gtalkservice(  397): 0
02-09 18:35:19.679 I/gtalkservice(  397): 1
02-09 18:35:19.699 I/gtalk_connection(  397): 65537
02-09 18:35:19.789 I/db_sample(  397): [/data/data/com.google.android.gsf/databases/talk.db,COMMIT;DELETE FROM messages WHERE is_muc=1 AND thread_id in (sel,61,,13]
02-09 18:35:19.819 I/content_query_sample(  734): [content://com.google.settings/partner,value,name='maps_client_id',,176,,36]
02-09 18:35:19.919 I/dvm_gc_info(  769): [7737593596605474384,-8985659785910118343,-4004116747932305363,7358131]
02-09 18:35:19.929 I/am_create_service(  230): [1084106400,com.facebook.katana/.service.FacebookService,,769]
02-09 18:35:19.949 I/gtalk_connection(  397): 131073
02-09 18:35:19.949 I/am_create_service(  230): [1084117616,com.facebook.katana/.service.UploadManager,,769]
02-09 18:35:19.959 I/am_proc_died(  230): [541,com.sprint.zone]
02-09 18:35:19.959 I/am_destroy_service(  230): [1083408440,com.google.android.gm/.downloadprovider.DownloadService,634]
02-09 18:35:19.969 I/am_kill (  230): [550,com.android.voicedialer,12,too many background]
02-09 18:35:19.969 I/am_proc_died(  230): [550,com.android.voicedialer]
02-09 18:35:19.989 I/dvm_gc_madvise_info(  394): [184320,126976]
02-09 18:35:20.049 I/notification_cancel(  230): [com.facebook.katana,7,0]
02-09 18:35:20.069 I/am_proc_start(  230): [789,10021,com.google.android.apps.plus,broadcast,com.google.android.apps.plus/com.google.android.picasasync.ConnectivityReceiver]
02-09 18:35:20.129 I/am_proc_bound(  230): [789,com.google.android.apps.plus]
02-09 18:35:20.149 I/am_destroy_service(  230): [1084117616,com.facebook.katana/.service.UploadManager,769]
02-09 18:35:20.259 I/dvm_gc_info(  230): [8320808730291685185,-8920071648546228121,-3981880224772163539,8542164]
02-09 18:35:20.279 I/db_sample(  397): [/data/data/com.google.android.gsf/databases/talk.db,COMMIT;INSERT OR REPLACE  INTO accountStatus(account, connStatus,258,,52]
02-09 18:35:20.329 I/dvm_gc_info(  789): [3346293774832698991,-8981719479951136718,-4006087072769279955,7358131]
02-09 18:35:20.630 I/dvm_gc_info(  789): [3346293774832690797,-8947379395319883724,-4005242647839147987,7358131]
02-09 18:35:20.680 I/dvm_gc_madvise_info(  488): [266240,126976]
02-09 18:35:20.720 I/dvm_gc_info(  789): [3346293774832690804,-8925705684657420235,-4004961172862437331,7358131]
02-09 18:35:20.800 I/am_kill (  230): [558,com.swype.android.inputmethod,12,too many background]
02-09 18:35:20.940 I/binder_sample(  393): [android.app.IActivityManager,16,113,com.android.settings,22]
02-09 18:35:20.940 I/am_proc_died(  230): [558,com.swype.android.inputmethod]
02-09 18:35:20.970 I/dvm_gc_info(  734): [7881704463071942200,-9041391693792700356,-4002990848025462739,7358131]
02-09 18:35:21.050 I/am_create_service(  230): [1082080504,com.google.android.gm/.downloadprovider.DownloadService,,634]
02-09 18:35:21.060 I/am_create_service(  230): [1081012144,com.android.providers.downloads/.DownloadService,,533]
02-09 18:35:21.060 I/notification_cancel_all(  230): [com.android.providers.downloads,0]
02-09 18:35:21.070 I/am_create_service(  230): [1084023448,com.facebook.katana/.service.UploadManager,,769]
02-09 18:35:21.090 I/content_update_sample(  397): [content://com.google.android.providers.talk/accountStatus,insert,,415,,84]
02-09 18:35:21.090 I/am_destroy_service(  230): [1084023448,com.facebook.katana/.service.UploadManager,769]
02-09 18:35:21.130 I/dvm_gc_info(  397): [7449358886916638293,-9007895965456140230,-4003835272955594707,7358131]
02-09 18:35:21.200 I/dvm_gc_madvise_info(  709): [131072,126976]
02-09 18:35:21.200 I/dvm_gc_madvise_info(  758): [131072,126976]
02-09 18:35:21.230 I/am_proc_start(  230): [809,10049,com.cooliris.media,broadcast,com.cooliris.media/com.cooliris.cache.BootReceiver]
02-09 18:35:21.250 I/dvm_gc_madvise_info(  809): [364544,126976]
02-09 18:35:21.270 I/am_proc_bound(  230): [809,com.cooliris.media]
02-09 18:35:21.400 I/dvm_gc_info(  809): [7882817126543705751,-8925143009665882065,-4006650022722701267,7358131]
02-09 18:35:21.440 I/dvm_gc_info(  394): [7017575181484877384,-9014933389713643467,-4004961172862437331,7358131]
02-09 18:35:21.510 I/content_query_sample(  634): [content://gmail-downloads/download,_data,,,245,,50]
02-09 18:35:21.570 I/am_proc_start(  230): [820,10030,com.google.android.music:main,broadcast,com.google.android.music/.store.MediaStoreImportService$Receiver]
02-09 18:35:21.570 I/am_create_service(  230): [1084081632,com.sprint.w.installer/.AlarmService,,575]
02-09 18:35:21.590 I/dvm_gc_madvise_info(  820): [360448,126976]
02-09 18:35:21.610 I/am_proc_bound(  230): [820,com.google.android.music:main]
02-09 18:35:21.701 I/db_sample(  394): [/data/data/com.android.providers.contacts/databases/contacts2.db,COMMIT;UPDATE presence SET mode=? WHERE protocol=? AND im_accoun,176,,36]
02-09 18:35:21.751 I/dvm_gc_info(  820): [7887337218879055473,-8981719479951140814,-4006087072769279955,7358131]
02-09 18:35:21.811 I/dvm_gc_info(  734): [7881704463072028333,-8915290491909564357,-4003272323002173395,7358131]
02-09 18:35:21.821 I/am_destroy_service(  230): [1084081632,com.sprint.w.installer/.AlarmService,575]
02-09 18:35:21.821 I/content_update_sample(  397): [content://com.android.contacts/status_updates,update,protocol=? AND im_account=? AND im_handle=?,678,,100]
02-09 18:35:21.851 I/binder_sample(  809): [android.app.IActivityManager,110,128,com.cooliris.media,25]
02-09 18:35:21.871 I/content_query_sample(  533): [content://downloads/all_downloads,,,,163,,33]
02-09 18:35:22.011 I/dvm_gc_info(  820): [7887337218879092259,-9046177180814440393,-4004679697885726675,7358131]
02-09 18:35:22.061 I/am_destroy_service(  230): [1081012144,com.android.providers.downloads/.DownloadService,533]
02-09 18:35:22.121 I/am_destroy_service(  230): [1082709464,com.android.providers.calendar/.EmptyService,674]
02-09 18:35:22.121 I/am_kill (  230): [584,com.locationlabs.v3client,12,too many background]
02-09 18:35:22.131 I/am_proc_died(  230): [584,com.locationlabs.v3client]
02-09 18:35:22.141 I/am_kill (  230): [604,com.android.mms,12,too many background]
02-09 18:35:22.181 I/am_create_service(  230): [1083499912,com.android.providers.downloads/.DownloadService,,533]
02-09 18:35:22.191 I/notification_cancel_all(  230): [com.android.providers.downloads,0]
02-09 18:35:22.201 I/am_create_service(  230): [1083344720,com.facebook.katana/.service.UploadManager,,769]
02-09 18:35:22.201 I/am_proc_died(  230): [604,com.android.mms]
02-09 18:35:22.231 I/am_proc_start(  230): [834,10036,com.google.android.apps.maps:LocationFriendService,broadcast,com.google.android.apps.maps/com.google.googlenav.friend.reporting.LocationReportingIntentReceiver]
02-09 18:35:22.231 I/am_destroy_service(  230): [1083344720,com.facebook.katana/.service.UploadManager,769]
02-09 18:35:22.251 I/dvm_gc_madvise_info(  834): [360448,126976]
02-09 18:35:22.271 I/am_proc_bound(  230): [834,com.google.android.apps.maps:LocationFriendService]
02-09 18:35:22.391 I/dvm_gc_info(  834): [7881704463071766129,-8980593580044298190,-4006087072769279955,7358131]
02-09 18:35:22.411 I/dvm_gc_madvise_info(  718): [241664,126976]
02-09 18:35:22.471 I/content_query_sample(  533): [content://downloads/all_downloads,_data,,,118,,24]
02-09 18:35:22.561 I/dvm_gc_info(  834): [7881704463071766057,-9042518006133979082,-4004679697885726675,7358131]
02-09 18:35:22.631 I/am_destroy_service(  230): [1083499912,com.android.providers.downloads/.DownloadService,533]
02-09 18:35:22.651 I/content_update_sample(  397): [content://com.android.contacts/status_updates,update,protocol=? AND im_account=? AND im_handle=?,304,,61]
02-09 18:35:22.671 I/db_sample(  397): [/data/data/com.google.android.gsf/databases/gservices.db,SELECT name, value FROM main WHERE name LIKE ?,1,,1]
02-09 18:35:22.722 I/dvm_gc_info(  834): [7881704463071766110,-9024503263976761287,-4004116747932305363,7358131]
02-09 18:35:22.732 I/content_query_sample(  397): [content://com.google.android.gsf.gservices/prefix,,,,54,,11]
02-09 18:35:22.732 I/am_kill (  230): [619,com.android.zte.HiddenMenu,12,too many background]
02-09 18:35:22.742 I/am_create_service(  230): [1083345296,com.google.android.gm/.MailIntentService,act=android.intent.action.PROVIDER_CHANGED dat=content://gmail-ls/unread/^i,634]
02-09 18:35:22.802 I/notification_cancel(  230): [com.google.android.gm,-1565531841,0]
02-09 18:35:22.812 I/am_destroy_service(  230): [1083345296,com.google.android.gm/.MailIntentService,634]
02-09 18:35:22.822 I/am_proc_died(  230): [619,com.android.zte.HiddenMenu]
02-09 18:35:22.892 I/am_destroy_service(  230): [1082080504,com.google.android.gm/.downloadprovider.DownloadService,634]
02-09 18:35:22.902 I/am_kill (  230): [478,com.google.android.partnersetup,12,too many background]
02-09 18:35:22.902 I/am_proc_died(  230): [478,com.google.android.partnersetup]
02-09 18:35:23.062 I/dvm_gc_info(  734): [7881704463071839781,-9044206031243032517,-4003272323002173395,7358131]
02-09 18:35:23.132 I/aggregation(  397): 1328834123144
02-09 18:35:23.212 I/content_query_sample(  820): [content://com.google.android.music.MusicContent/playlists,count(*),,,1070,,100]
02-09 18:35:23.232 I/db_sample(  533): [/data/data/com.android.providers.media/databases/external-e82ff9f2.db,UPDATE audio_meta SET album_artist=?, date_modified=?, track=?, ,122,,25]
02-09 18:35:23.252 I/am_create_service(  230): [1084115840,com.google.android.music/.store.MediaStoreImportService,act=MediaStoreImportService.import_pending,820]
02-09 18:35:23.282 I/am_destroy_service(  230): [1084115840,com.google.android.music/.store.MediaStoreImportService,820]
02-09 18:35:23.672 I/dvm_gc_info(  397): [7449358886915651148,-8996636966370908101,-4003272323002173395,7358131]
02-09 18:35:23.813 I/db_sample(  533): [/data/data/com.android.providers.media/databases/external-e82ff9f2.db,UPDATE images SET bucket_id=?, orientation=?, title=?, mime_type,86,,18]
02-09 18:35:24.043 I/dvm_gc_info(  533): [7882817126543771199,-8998045028617119695,-4006087072769279955,7358131]
02-09 18:35:24.243 I/am_create_service(  230): [1084122888,com.google.android.music/.store.MediaStoreImportService,act=MediaStoreImportService.import_pending,820]
02-09 18:35:24.263 I/am_destroy_service(  230): [1083656128,com.android.providers.media/.MediaScannerService,533]
02-09 18:35:24.403 I/dvm_gc_info(  820): [7887337218879092291,-9034636294418868167,-4003835272955594707,7358131]
02-09 18:35:24.453 I/dvm_gc_info(  734): [7881704463071802764,-9052087330590914499,-4002709373048752083,7358131]
02-09 18:35:24.603 I/dvm_gc_madvise_info(  746): [446464,126976]
02-09 18:35:24.633 I/db_sample(  820): [/data/data/com.google.android.music/databases/music.db,COMMIT;SELECT LISTS.Id, LISTS.MediaStoreId, LISTS.Name, LISTS.So,0,,1]
02-09 18:35:24.713 I/dvm_gc_info(  769): [7737593596605556314,-8975807886796969924,-4002990848025462739,7358131]
02-09 18:35:24.744 I/am_destroy_service(  230): [1084122888,com.google.android.music/.store.MediaStoreImportService,820]
02-09 18:35:24.744 I/am_kill (  230): [662,com.android.camera,12,too many background]
02-09 18:35:24.744 I/am_proc_died(  230): [662,com.android.camera]
02-09 18:35:24.904 I/dvm_gc_info(  769): [7737593596605466204,-8968207856200198082,-4002146423095330771,7358131]
02-09 18:35:25.024 I/dvm_gc_info(  397): [7449358886915638887,-8946252945522915268,-4002990848025462739,7358131]
02-09 18:35:25.274 I/dvm_gc_madvise_info(  230): [557056,126976]
02-09 18:35:25.274 I/dvm_gc_info(  734): [7881704463072040485,-9029850807413987267,-4002427898072041427,7358131]
02-09 18:35:25.424 I/c2dm    (  397): [-1,NULL,1,-1]
02-09 18:35:25.714 I/c2dm    (  397): [1,NULL,1,-1]
02-09 18:35:25.724 I/dvm_gc_madvise_info(  789): [233472,126976]
02-09 18:35:25.734 I/gtalk_connection(  397): 196609
02-09 18:35:25.845 I/dvm_gc_info(  769): [7737593596605466241,-8924579028651632577,-4001864948118620115,7358131]
02-09 18:35:25.925 I/google_http_request(  397): [2187,200,Android-Checkin/2.0,1]
02-09 18:35:26.025 I/am_destroy_service(  230): [1083003120,com.google.android.gsf/.checkin.CheckinService,397]
02-09 18:35:26.425 I/dvm_gc_madvise_info(  809): [405504,126976]
02-09 18:35:26.445 I/dvm_gc_madvise_info(  394): [217088,126976]
02-09 18:35:26.896 I/am_proc_start(  230): [855,10002,com.sprint.zone,broadcast,com.sprint.zone/.PackageUpdateReceiver]
02-09 18:35:26.906 I/dvm_gc_madvise_info(  855): [360448,126976]
02-09 18:35:26.946 I/dvm_gc_info(  115): [8825198673194640432,-9133153498474641362,-4006087072769275858,7358131]
02-09 18:35:26.946 I/am_proc_bound(  230): [855,com.sprint.zone]
02-09 18:35:27.006 I/dvm_gc_info(  115): [8825198673194627120,-9222662541068629970,-4006087072769275858,7358131]
02-09 18:35:27.046 I/dvm_gc_info(  115): [8825198673194545208,-9222662541068629970,-4006087072769275858,7358131]
02-09 18:35:27.076 I/dvm_gc_info(  769): [7737593596605457959,-9055746299079321537,-4001864948118620115,7358131]
02-09 18:35:27.106 I/dvm_gc_info(  769): [7737593596605493728,-9220127548005836736,-4001301998165198803,7358131]
02-09 18:35:27.126 I/dvm_gc_info(  769): [7737593596605453476,-9210838873774385089,-4001583473141909459,7358131]
02-09 18:35:27.166 I/dvm_gc_info(  769): [7737593596605493248,-9223223566540892094,-4000739048211777491,7358131]
02-09 18:35:27.186 I/dvm_gc_info(  769): [7737593596605457739,-9220408816773785533,-4000457573235066835,7358131]
02-09 18:35:27.206 I/dvm_gc_info(  769): [7737593596605456432,-9222660616553916348,-3999894623281645523,7358131]
02-09 18:35:27.246 I/dvm_gc_info(  769): [7737593596605501440,-9223223360298575802,-3999050198351513555,7358131]
02-09 18:35:27.266 I/dvm_gc_info(  769): [7737593596605453861,-9221815847976069051,-3999613148304934867,7358131]
02-09 18:35:27.296 I/dvm_gc_info(  769): [7737593596605493248,-9223222879178352567,-3997924298444670931,7358131]
02-09 18:35:27.716 I/dvm_gc_info(  769): [7737593596605474481,-8962577050744190902,-3997642823467960275,7358131]
02-09 18:35:27.736 I/dvm_gc_madvise_info(  834): [192512,126976]
02-09 18:35:27.957 I/am_destroy_service(  230): [1083223808,com.sprint.ce.updater/.UpdaterService,567]
02-09 18:35:27.957 I/am_kill (  230): [567,com.sprint.ce.updater,12,too many background]
02-09 18:35:27.967 I/am_proc_died(  230): [567,com.sprint.ce.updater]
02-09 18:35:28.297 I/dvm_gc_info(  769): [7737593596605478527,-8921763179037185971,-3996516923561117651,7358131]
02-09 18:35:28.767 I/dvm_gc_info(  769): [7737593596605478590,-8918666679381899185,-3995672498630985683,7358131]
02-09 18:35:29.048 I/dvm_gc_madvise_info(  533): [385024,126976]
02-09 18:35:29.438 I/dvm_gc_madvise_info(  820): [299008,126976]
02-09 18:35:30.009 I/am_proc_start(  230): [863,10005,com.android.voicedialer,broadcast,com.android.voicedialer/.VoiceDialerReceiver]
02-09 18:35:30.009 I/am_kill (  230): [488,com.android.email,14,too many background]
02-09 18:35:30.019 I/am_proc_bound(  230): [863,com.android.voicedialer]
02-09 18:35:30.049 I/dvm_gc_madvise_info(  397): [147456,126976]
02-09 18:35:30.069 I/am_proc_start(  230): [871,10023,com.android.vending,broadcast,com.android.vending/com.google.android.finsky.receivers.PersistentPackageMonitorReceiver]
02-09 18:35:30.069 I/am_kill (  230): [684,com.android.calendar,12,too many background]
02-09 18:35:30.089 I/am_proc_bound(  230): [871,com.android.vending]
02-09 18:35:30.149 I/am_proc_died(  230): [684,com.android.calendar]
02-09 18:35:30.169 I/am_proc_died(  230): [488,com.android.email]
02-09 18:35:30.169 I/db_sample(  397): [/data/data/com.google.android.gsf/databases/talk.db,COMMIT;DELETE FROM presence WHERE contact_id in (select _id from,4381,,100]
02-09 18:35:30.289 I/dvm_gc_madvise_info(  734): [303104,126976]
02-09 18:35:30.309 I/dvm_gc_info(  871): [8531346446660847213,-8985941604618577871,-4006087072769279955,7358131]
02-09 18:35:30.329 I/content_update_sample(  397): [content://com.google.android.providers.talk/presence/account/1,delete,,4533,,100]
02-09 18:35:30.369 I/db_sample(  769): [/data/data/com.facebook.katana/databases/fb.db,INSERT INTO key_value(value, key) VALUES(?, ?);,4367,,100]
02-09 18:35:30.369 I/content_update_sample(  769): [content://com.facebook.katana.provider.KeyValueProvider/key_value,insert,,4379,,100]
02-09 18:35:30.369 I/content_query_sample(  769): [content://com.facebook.katana.provider.CacheProvider/cache/name/uss%3Acomposer_tour_completed,_id,,,4244,com.facebook.katana,100]
02-09 18:35:30.399 I/content_query_sample(  397): [content://com.google.android.providers.talk/outgoingRmqMessages,rmq_id/data/type,type!=0,rmq_id ASC,4613,,100]
02-09 18:35:30.429 I/dvm_gc_info(  397): [7449358886915602025,-8986785273432983491,-4002709373048752083,7358131]
02-09 18:35:30.449 I/content_query_sample(  871): [content://com.google.android.gsf.gservices/prefix,,,,91,com.android.vending,19]
02-09 18:35:30.449 I/c2dm    (  397): [4,NULL,2,-1]
02-09 18:35:30.589 I/db_sample(  769): [/data/data/com.facebook.katana/databases/fb.db,SELECT _id FROM cache WHERE (name='bookmarks') ORDER BY name DES,132,,27]
02-09 18:35:30.589 I/content_query_sample(  769): [content://com.facebook.katana.provider.CacheProvider/cache/name/bookmarks,_id,,,2138,,100]
02-09 18:35:30.589 I/db_sample(  769): [/data/data/com.facebook.katana/databases/fb.db,GETLOCK:SELECT user_id, hash FROM friends ORDER BY display_name ,115,,24]
02-09 18:35:30.689 I/dvm_gc_info(  871): [8531346446660724300,-9000859709614385100,-4005242647839147987,7358131]
02-09 18:35:30.749 I/am_kill (  230): [692,com.qualcomm.cabl,14,too many background]
02-09 18:35:30.749 I/am_proc_died(  230): [692,com.qualcomm.cabl]
02-09 18:35:30.799 I/gtalk_connection(  397): 262145
02-09 18:35:30.809 I/c2dm    (  397): [-4,NULL,2,2]
02-09 18:35:30.930 I/db_sample(  871): [/data/data/com.android.vending/databases/market_assets.db,INSERT OR REPLACE INTO asset_versions(ID, URI, STATE, DOWNLOAD_P,127,,26]
02-09 18:35:30.930 I/db_sample(  769): [/data/data/com.facebook.katana/databases/fb.db,SELECT user_id, hash FROM friends ORDER BY display_name ASC,450,,91]
02-09 18:35:30.930 I/db_sample(  769): [/data/data/com.facebook.katana/databases/fb.db,GETLOCK:SELECT _id FROM key_value WHERE (key='seen_employee') OR,336,,68]
02-09 18:35:30.930 I/content_query_sample(  769): [content://com.facebook.katana.provider.ConnectionsProvider/friends,user_id/hash,,,1922,,100]
02-09 18:35:30.930 I/db_sample(  769): [/data/data/com.facebook.katana/databases/fb.db,SELECT _id FROM key_value WHERE (key='seen_employee') ORDER BY k,337,,68]
02-09 18:35:30.930 I/content_query_sample(  769): [content://com.facebook.katana.provider.KeyValueProvider/key_value/key/seen_employee,_id,,,558,,100]
02-09 18:35:31.030 I/content_query_sample(  769): [content://com.facebook.katana.provider.CacheProvider/cache/name/gk%3Afaceweb_android,_id,,,508,com.facebook.katana,100]
02-09 18:35:31.130 I/db_sample(  397): [/data/data/com.google.android.gsf/databases/talk.db,COMMIT;DELETE FROM s2dRmqIds WHERE rmq_id=?,136,,28]
02-09 18:35:31.140 I/c2dm    (  397): [4,NULL,3,2]
02-09 18:35:31.170 I/c2dm    (  397): [4,NULL,4,-1]
02-09 18:35:31.200 I/c2dm    (  397): [4,NULL,5,-1]
02-09 18:35:31.210 I/c2dm    (  397): [5,NULL,6,-1]
02-09 18:35:31.220 I/db_sample(  769): [/data/data/com.facebook.katana/databases/fb.db,UPDATE key_value SET value=? WHERE key='seen_employee',78,,16]
02-09 18:35:31.220 I/c2dm    (  397): [4,NULL,7,-1]
02-09 18:35:31.230 I/c2dm    (  397): [4,NULL,8,-1]
02-09 18:35:31.240 I/content_update_sample(  769): [content://com.facebook.katana.provider.KeyValueProvider/key_value/key/seen_employee,update,,207,,42]
02-09 18:35:31.250 I/c2dm    (  397): [-4,NULL,3,8]
02-09 18:35:31.260 I/content_update_sample(  397): [content://com.google.android.providers.talk/presence,insert,,43,,9]
02-09 18:35:31.360 I/content_query_sample(  397): [content://com.google.android.providers.talk/avatarsBy/1/1,hash,contact=?,,88,,18]
02-09 18:35:31.360 I/content_update_sample(  397): [content://com.google.android.providers.talk/accountStatus,insert,,92,,19]
02-09 18:35:31.540 I/db_sample(  769): [/data/data/com.facebook.katana/databases/fb.db,SELECT _id FROM cache WHERE (name='gk:places') ORDER BY name DES,1,com.facebook.katana,1]
02-09 18:35:31.540 I/content_query_sample(  769): [content://com.facebook.katana.provider.CacheProvider/cache/name/gk%3Aplaces,_id,,,44,com.facebook.katana,9]
02-09 18:35:31.630 I/db_sample(  769): [/data/data/com.facebook.katana/databases/fb.db,UPDATE cache SET timestamp=?, value=? WHERE name='gk:places',81,com.facebook.katana,17]
02-09 18:35:31.680 I/db_sample(  769): [/data/data/com.facebook.katana/databases/fb.db,BEGIN EXCLUSIVE;,49,,10]
02-09 18:35:31.780 I/am_proc_start(  230): [894,10017,com.locationlabs.v3client,broadcast,com.locationlabs.v3client/.BootCompletedReceiver]
02-09 18:35:31.800 I/am_proc_bound(  230): [894,com.locationlabs.v3client]
02-09 18:35:31.860 I/dvm_gc_info(  769): [7737593596605474550,-8919792373130327987,-3996235448584406995,7358134]
02-09 18:35:31.921 I/dvm_gc_info(  894): [8517260637557024390,-8974682605566945232,-4006368547745990611,7358131]
02-09 18:35:31.981 I/am_create_service(  230): [1083965520,com.google.android.gsf/.gtalkservice.PushMessagingRegistrar,act=com.google.android.c2dm.intent.REGISTER,397]
02-09 18:35:31.991 I/am_create_service(  230): [1083971552,com.locationlabs.v3client/.AccountService,act=com.locationlabs.action.GET_ACCOUNT pkg=com.locationlabs.v3client,894]
02-09 18:35:32.061 I/am_create_service(  230): [1083763504,com.locationlabs.v3client/.V3ApiService,act=com.locationlabs.v3client.action.NOTIFICATION pkg=com.locationlabs.v3client,894]
02-09 18:35:32.061 I/force_gc(  230): Binder
02-09 18:35:32.101 I/dvm_gc_info(  894): [8517260637557073497,-8984252754741516238,-4005805597792569299,7358131]
02-09 18:35:32.151 I/dvm_gc_info(  230): [8320808730291963699,-8915005098965419929,-3981880224772163539,8542164]
02-09 18:35:32.171 I/am_create_service(  230): [1084123704,com.locationlabs.v3client/.RadioSignalService,pkg=com.locationlabs.v3client,894]
02-09 18:35:32.181 I/am_create_service(  230): [1084103784,com.locationlabs.v3client/.HeartbeatService,act=com.locationlabs.v3client.action.ACTION_UPDATE_HEARTBEAT pkg=com.locationlabs.v3client,894]
02-09 18:35:32.181 I/am_create_service(  230): [1084103288,com.locationlabs.v3client/.GpsStateService,act=com.locationlabs.action.TURN_OFF_GPS_DETECTION pkg=com.locationlabs.v3client,894]
02-09 18:35:32.191 I/am_create_service(  230): [1084089896,com.locationlabs.v3client/.FeatureService,act=com.locationlabs.v3client.action.RESTART pkg=com.locationlabs.v3client,894]
02-09 18:35:32.211 I/dvm_gc_madvise_info(  863): [172032,126976]
02-09 18:35:32.221 I/am_destroy_service(  230): [1083971552,com.locationlabs.v3client/.AccountService,894]
02-09 18:35:32.241 I/am_destroy_service(  230): [1084103288,com.locationlabs.v3client/.GpsStateService,894]
02-09 18:35:32.291 I/am_destroy_service(  230): [1084089896,com.locationlabs.v3client/.FeatureService,894]
02-09 18:35:32.431 I/am_destroy_service(  230): [1084103784,com.locationlabs.v3client/.HeartbeatService,894]
02-09 18:35:32.491 I/db_sample(  769): [/data/data/com.facebook.katana/databases/fb.db,COMMIT;UPDATE friends_data SET birthday_day=?, birthday_year=?, ,67,,14]
02-09 18:35:32.501 I/content_update_sample(  769): [content://com.facebook.katana.provider.ConnectionsProvider/friends/uid/66802891,update,,585,,100]
02-09 18:35:32.521 I/dvm_gc_info(  894): [8517260637557069417,-8965956743782766540,-4005242647839147987,7358131]
02-09 18:35:32.661 I/google_http_request(  397): [627,200,AndroidC2DM/1.0,1]
02-09 18:35:32.761 I/dvm_gc_info(  397): [7449358886915597926,-8949630507770918851,-4002427898072041427,7358131]
02-09 18:35:32.821 I/dvm_gc_info(  769): [7737593596605478762,-8921481222990735297,-4001583473141909459,7358136]
02-09 18:35:32.921 I/dvm_gc_info(  769): [7737593596605425280,-9101625208085559233,-4001301998165198803,7358152]
02-09 18:35:33.292 I/dvm_gc_info(  894): [8517260637557069415,-8949349582684313546,-4004961172862437331,7358131]
02-09 18:35:33.322 I/db_sample(  769): [/data/data/com.facebook.katana/databases/fb.db,UPDATE cache SET timestamp=?, value=? WHERE name='notifications_,40,,9]
02-09 18:35:33.392 I/am_destroy_service(  230): [1084106400,com.facebook.katana/.service.FacebookService,769]
02-09 18:35:33.402 I/am_kill (  230): [701,com.spartancoders.gtok,14,too many background]
02-09 18:35:33.402 I/am_proc_died(  230): [701,com.spartancoders.gtok]
02-09 18:35:33.762 I/dvm_gc_info(  894): [8517260637557229096,-9026755063840802762,-4004679697885726675,7358131]
02-09 18:35:33.782 I/am_create_service(  230): [1083975200,com.facebook.katana/.service.FacebookService,act=com.facebook.katana.service.9,769]
02-09 18:35:33.802 I/am_destroy_service(  230): [1083975200,com.facebook.katana/.service.FacebookService,769]
02-09 18:35:33.862 I/dvm_gc_info(  894): [8517260637557384245,-9131745092681377737,-4004398222909016019,7358131]
02-09 18:35:34.603 I/am_create_service(  230): [1083974952,com.locationlabs.v3client/.ConfigurationService,act=com.locationlabs.v3client.action.CHECK_CONFIGURATION pkg=com.locationlabs.v3client,894]
02-09 18:35:34.613 I/am_destroy_service(  230): [1083974952,com.locationlabs.v3client/.ConfigurationService,894]
02-09 18:35:35.164 I/dvm_gc_info(  894): [8517260637557069454,-8946253083029022666,-4004679697885726675,7358131]
02-09 18:35:35.724 I/dvm_gc_madvise_info(  871): [184320,126976]
02-09 18:35:35.844 I/am_create_service(  230): [1083974704,com.locationlabs.v3client/.ConfigurationService,act=com.locationlabs.v3client.action.CHECK_CONFIGURATION pkg=com.locationlabs.v3client,894]
02-09 18:35:35.864 I/am_destroy_service(  230): [1083974704,com.locationlabs.v3client/.ConfigurationService,894]
02-09 18:35:35.864 I/am_destroy_service(  230): [1083763504,com.locationlabs.v3client/.V3ApiService,894]
02-09 18:35:35.934 I/c2dm    (  397): [5,NULL,9,3]
02-09 18:35:37.176 I/dvm_gc_madvise_info(  230): [729088,126976]
02-09 18:35:37.806 I/dvm_gc_madvise_info(  397): [212992,126976]
02-09 18:35:37.966 I/dvm_gc_madvise_info(  769): [978944,126976]
02-09 18:35:40.199 I/dvm_gc_madvise_info(  894): [233472,126976]
02-09 18:35:45.824 I/am_create_service(  230): [1083948376,com.android.vending/com.google.android.finsky.services.ContentSyncService,,871]
02-09 18:35:46.174 I/dvm_gc_info(  871): [8531346446660769349,-9005926052969588680,-4004116747932305363,7358131]
02-09 18:35:46.525 I/dvm_gc_info(  871): [8531346446660728511,-8925986884705892300,-4005242647839147987,7358131]
02-09 18:35:47.726 I/dvm_gc_info(  871): [8531346446660773469,-8989600229442480075,-4004961172862437331,7358131]
02-09 18:35:48.707 I/google_http_request(  871): [2125,200,unused/0,1]
02-09 18:35:48.777 I/am_destroy_service(  230): [1083948376,com.android.vending/com.google.android.finsky.services.ContentSyncService,871]
02-09 18:35:52.801 I/dvm_gc_madvise_info(  871): [458752,126976]
02-09 18:35:57.846 I/binder_sample(  397): [android.net.wifi.IWifiManager,8,29,com.google.process.gapps,5]
02-09 18:35:58.607 I/battery_level(  230): [95,4100,230]
02-09 18:36:06.224 I/binder_sample(  346): [com.android.internal.telephony.ITelephonyRegistry,8,29,com.android.phone,5]
02-09 18:36:12.520 I/am_proc_start(  230): [932,10033,com.android.mms,service,com.android.mms/.transaction.TransactionService]
02-09 18:36:12.580 I/dvm_gc_madvise_info(  932): [368640,126976]
02-09 18:36:12.590 I/am_proc_bound(  230): [932,com.android.mms]
02-09 18:36:12.600 I/am_create_service(  230): [1083157296,com.android.mms/.transaction.TransactionService,act=android.intent.action.ACTION_ONALARM,932]
02-09 18:36:12.730 I/dvm_gc_info(  932): [7218827569569740410,-8973275230666602447,-4006087072769279955,7358131]
02-09 18:36:12.740 I/content_update_sample(  932): [content://mms/drm,delete,,31,com.android.mms,7]
02-09 18:36:12.810 I/db_sample(  394): [/data/data/com.android.providers.contacts/databases/contacts2.db,SELECT data1, data3, display_name, contact_id, agg_presence.mode,0,,1]
02-09 18:36:12.860 I/am_destroy_service(  230): [1083157296,com.android.mms/.transaction.TransactionService,932]
02-09 18:36:12.921 I/am_kill (  230): [709,com.google.android.apps.googlevoice,14,too many background]
02-09 18:36:12.931 I/dvm_gc_info(  346): [8099846449757443678,-8988756010687522761,-4004398222909016019,7358131]
02-09 18:36:12.941 I/am_proc_died(  230): [709,com.google.android.apps.googlevoice]
02-09 18:36:14.942 I/notification_cancel(  230): [com.android.phone,111,0]
02-09 18:36:17.775 I/dvm_gc_madvise_info(  932): [303104,126976]
02-09 18:36:17.965 I/dvm_gc_madvise_info(  346): [217088,126976]
02-09 18:36:19.577 I/notification_cancel(  230): [com.android.phone,111,0]
02-09 18:36:21.579 I/am_create_service(  230): [1083648368,com.sprint.w.installer/.delivery.ReportPostService,,575]
02-09 18:36:21.629 I/am_destroy_service(  230): [1083648368,com.sprint.w.installer/.delivery.ReportPostService,575]
02-09 18:36:26.354 I/binder_sample(  346): [com.android.internal.telephony.ITelephonyRegistry,8,15,com.android.phone,3]
02-09 18:36:28.646 I/battery_level(  230): [95,4095,240]
02-09 18:36:43.530 I/screen_toggled(  230): 2
02-09 18:36:44.601 I/battery_level(  230): [94,4093,240]
02-09 18:36:44.732 I/dvm_gc_info(  332): [8320808730291721802,-8995793228786628557,-4004679697885726675,7358200]
02-09 18:36:46.653 I/am_create_task(  230): 4
02-09 18:36:46.653 I/am_create_activity(  230): [1084074776,4,com.android.mms/.ui.ComposeMessageActivity,NULL,NULL,content://mms-sms/conversations/1,872415232]
02-09 18:36:46.663 I/am_pause_activity(  230): [1082179576,com.android.launcher/com.android.launcher2.Launcher]
02-09 18:36:46.663 I/am_on_paused_called(  353): com.android.launcher2.Launcher
02-09 18:36:46.693 I/notification_cancel(  230): [com.android.mms,123,16]
02-09 18:36:46.703 I/am_restart_activity(  230): [1084074776,4,com.android.mms/.ui.ComposeMessageActivity]
02-09 18:36:46.774 I/binder_sample(  353): [android.app.IActivityManager,19,104,com.android.launcher,20]
02-09 18:36:46.794 I/binder_sample(  332): [android.view.IWindowSession,4,26,com.android.systemui,5]
02-09 18:36:47.024 I/dvm_gc_info(  932): [7218827569569785439,-9004800428041394126,-4004679697885726675,7358204]
02-09 18:36:47.274 I/am_on_resume_called(  932): com.android.mms.ui.ComposeMessageActivity
02-09 18:36:47.394 I/activity_launch_time(  230): [1084074776,com.android.mms/.ui.ComposeMessageActivity,701,701]
02-09 18:36:47.424 I/db_sample(  346): [/data/data/com.android.providers.telephony/databases/mmssms.db,SELECT transport_type, _id, thread_id, address, body, date, read,151,,31]
02-09 18:36:47.434 I/content_query_sample(  932): [content://mms-sms/conversations/1,transport_type/_id/thread_id/address/body/date/read/type/status/locked/error_code/dest_port/service_date/expiry/sub/sub_cs/date/read/m_type/msg_box/d_rpt/rr/err_type/locked/m_size/recipient_cc_ids/recipient_bcc_ids/pri,,,188,,38]
02-09 18:36:47.634 I/dvm_gc_info(  932): [7218827569569842786,-8999733809724336077,-4004116747932305363,7358209]
02-09 18:36:47.714 I/dvm_gc_info(  230): [8320808730291681103,-8914442149012002712,-3981598749795452883,8542164]
02-09 18:36:48.005 I/dvm_gc_info(  932): [7218827569569883369,-9055747330089744332,-4004116747932305363,7358211]
02-09 18:36:49.776 I/dvm_gc_madvise_info(  332): [180224,126976]
02-09 18:36:52.769 I/dvm_gc_madvise_info(  230): [376832,126976]
02-09 18:36:53.060 I/dvm_gc_madvise_info(  932): [237568,126976]
02-09 18:36:53.610 I/notification_enqueue(  230): [android,17302171,Notification(vibrate=null,sound=default,defaults=0x1,flags=0x10)]
02-09 18:36:57.314 I/configuration_changed(  230): 128
02-09 18:36:57.434 I/binder_sample(  332): [android.view.IWindowSession,4,16,com.android.systemui,3]
02-09 18:36:59.646 I/dvm_gc_info(  230): [8320808730292086343,-9014928715697735578,-3983287599655716819,8533934]
02-09 18:37:04.711 I/dvm_gc_madvise_info(  230): [565248,126976]
02-09 18:37:12.749 I/dvm_gc_info(  346): [8099846449757533809,-8973274818248964041,-4004398222909016019,7358131]
02-09 18:37:12.879 I/c2dm    (  397): [3,0:1328834213526484%2a9664f18d09f249,10,-1]
02-09 18:37:12.959 I/am_create_service(  230): [1083547080,com.facebook.katana/.c2dm.PushReceiver,act=com.google.android.c2dm.intent.RECEIVE cat=[com.facebook.katana],769]
02-09 18:37:12.979 I/notification_enqueue(  230): [com.facebook.katana,1000,Notification(vibrate=null,sound=null,defaults=0x0,flags=0x10)]
02-09 18:37:12.989 I/am_destroy_service(  230): [1083547080,com.facebook.katana/.c2dm.PushReceiver,769]
02-09 18:37:17.784 I/dvm_gc_madvise_info(  346): [212992,126976]
02-09 18:37:17.874 I/binder_sample(  346): [com.android.internal.telephony.ITelephonyRegistry,8,10,com.android.phone,2]
02-09 18:37:19.245 I/configuration_changed(  230): 128
02-09 18:37:19.355 I/dvm_gc_info(  341): [7809651225003091453,-9039984937535559628,-4003553797978884051,7882525]
02-09 18:37:19.536 I/dvm_gc_info(  674): [7161124065389037192,-8971867924536100817,-4006650022722701267,7358131]
02-09 18:37:21.608 I/dvm_gc_info(  230): [8320808730292045201,-9038291138764715930,-3983287599655716819,8533934]
02-09 18:37:22.809 I/configuration_changed(  230): 128
02-09 18:37:23.019 I/binder_sample(  332): [android.view.IWindowSession,4,19,com.android.systemui,3]
02-09 18:37:23.049 I/configuration_changed(  230): 128
02-09 18:37:23.429 I/configuration_changed(  230): 128
02-09 18:37:24.370 I/dvm_gc_madvise_info(  341): [180224,126976]
02-09 18:37:24.570 I/dvm_gc_madvise_info(  674): [557056,126976]
02-09 18:37:25.752 I/dvm_gc_info(  230): [8320808730292057252,-9062216511785125786,-3983287599655716819,8533934]
02-09 18:37:26.132 I/notification_cancel(  230): [com.android.phone,111,0]
02-09 18:37:26.803 I/configuration_changed(  230): 128
02-09 18:37:27.063 I/dvm_gc_info(  394): [7017575181484877411,-8948223682794256331,-4004961172862437331,7358131]
02-09 18:37:27.133 I/dvm_gc_info(  894): [8517260637556979311,-8989318754465773514,-4004961172862437331,7358131]
02-09 18:37:28.604 I/battery_level(  230): [93,4093,240]
02-09 18:37:29.185 I/dvm_gc_info(  230): [8320808730292139362,-9048424237926303642,-3983287599655716819,8533934]
02-09 18:37:31.237 I/notification_cancel(  230): [com.android.phone,111,0]
02-09 18:37:31.717 I/am_new_intent(  230): [1082022640,4,com.android.mms/.ui.ComposeMessageActivity,NULL,NULL,content://mms-sms/conversations/1,872415232]
02-09 18:37:31.727 I/notification_cancel(  230): [com.android.mms,123,16]
02-09 18:37:32.088 I/dvm_gc_madvise_info(  394): [278528,126976]
02-09 18:37:32.158 I/dvm_gc_madvise_info(  894): [466944,126976]
02-09 18:37:34.230 I/dvm_gc_madvise_info(  230): [581632,126976]
02-09 18:37:34.320 I/content_query_sample(  932): [content://mms-sms/undelivered,thread_id,read=0,,166,,34]
02-09 18:37:34.320 I/notification_cancel(  230): [com.android.mms,789,0]
02-09 18:37:34.350 I/notification_cancel(  230): [com.android.mms,123,0]
02-09 18:37:34.380 I/notification_cancel(  230): [com.android.mms,531,0]
02-09 18:37:34.380 I/notification_cancel(  230): [com.android.mms,999,0]
02-09 18:37:34.510 I/content_query_sample(  932): [content://mms-sms/conversations/1,transport_type/_id/thread_id/address/body/date/read/type/status/locked/error_code/dest_port/service_date/expiry/sub/sub_cs/date/read/m_type/msg_box/d_rpt/rr/err_type/locked/m_size/recipient_cc_ids/recipient_bcc_ids/pri,,,166,,34]
02-09 18:37:34.550 I/notification_cancel(  230): [com.android.mms,999,0]
02-09 18:37:34.570 I/notification_cancel(  230): [com.android.mms,789,0]
02-09 18:37:34.580 I/notification_cancel(  230): [com.android.mms,531,0]
02-09 18:37:34.600 I/notification_cancel(  230): [com.android.mms,123,0]
02-09 18:37:34.790 I/dvm_gc_info(  932): [7218827569569789525,-8950475620063688652,-4003553797978884051,7898888]
02-09 18:37:34.981 I/power_sleep_requested(  230): 0
02-09 18:37:35.211 I/power_screen_state(  230): [0,2,0,0]
02-09 18:37:35.221 I/power_screen_broadcast_send(  230): 1
02-09 18:37:35.231 I/screen_toggled(  230): 0
02-09 18:37:35.261 I/am_pause_activity(  230): [1084074776,com.android.mms/.ui.ComposeMessageActivity]
02-09 18:37:35.311 I/am_on_paused_called(  932): com.android.mms.ui.ComposeMessageActivity
02-09 18:37:35.371 I/power_screen_broadcast_done(  230): [0,143,1]
02-09 18:37:35.491 I/dvm_gc_info(  230): [8320808730291856978,-8966515019703482265,-3983287599655716819,8534050]
02-09 18:37:35.541 I/am_create_service(  230): [1083974136,com.google.android.gsf/.loginservice.GoogleLoginService,act=android.accounts.AccountAuthenticator,397]
02-09 18:37:35.631 I/am_destroy_service(  230): [1083974136,com.google.android.gsf/.loginservice.GoogleLoginService,397]
02-09 18:38:44.544 I/battery_level(  230): [93,4101,230]
02-09 18:38:44.604 I/c2dm    (  397): [-4,NULL,4,10]
02-09 18:38:46.115 I/db_sample(  397): [/data/data/com.google.android.gsf/databases/talk.db,COMMIT;INSERT INTO s2dRmqIds(rmq_id) VALUES(?);,1506,,100]
02-09 18:38:46.115 I/content_update_sample(  397): [content://com.google.android.providers.talk/s2dids,insert,,1512,,100]
02-09 18:38:46.115 I/c2dm    (  397): [3,0:1328834291188829%2a9664f18d09f249,11,-1]
02-09 18:38:46.175 I/am_create_service(  230): [1083034608,com.facebook.katana/.c2dm.PushReceiver,act=com.google.android.c2dm.intent.RECEIVE cat=[com.facebook.katana],769]
02-09 18:38:46.195 I/notification_enqueue(  230): [com.facebook.katana,1000,Notification(vibrate=null,sound=null,defaults=0x0,flags=0x10)]
02-09 18:38:46.205 I/am_destroy_service(  230): [1083034608,com.facebook.katana/.c2dm.PushReceiver,769]
02-09 18:39:25.584 I/dvm_gc_info(  332): [8320808730291742289,-8960327312968042444,-4003272323002173395,7898912]
02-09 18:39:25.694 I/dvm_gc_madvise_info(  932): [167936,126976]
02-09 18:39:26.354 I/db_sample(  397): [/data/data/com.google.android.gsf/databases/talk.db,COMMIT;DELETE FROM s2dRmqIds WHERE rmq_id=?,705,,100]
02-09 18:39:26.354 I/content_update_sample(  397): [content://com.google.android.providers.talk/s2dids,delete,rmq_id=?,711,,100]
02-09 18:39:26.354 I/c2dm    (  397): [3,0:1328834338453930%36211dfc8d09f249,12,4]
02-09 18:39:26.444 I/dvm_gc_madvise_info(  230): [585728,126976]
02-09 18:39:26.444 I/am_proc_start(  230): [978,10066,com.facebook.orca,broadcast,com.facebook.orca/.push.c2dm.C2DMBroadcastReceiver]
02-09 18:39:26.464 I/dvm_gc_madvise_info(  978): [368640,126976]
02-09 18:39:26.474 I/am_proc_bound(  230): [978,com.facebook.orca]
02-09 18:39:26.794 I/dvm_gc_info(  978): [3346018819314345570,-8986786029515130829,-4005805597792569299,7358131]
02-09 18:39:26.914 I/am_create_service(  230): [1081469056,com.facebook.orca/.server.OrcaService,,978]
02-09 18:39:26.924 I/am_create_service(  230): [1082809112,com.facebook.orca/.push.c2dm.C2DMReceiver,act=com.google.android.c2dm.intent.RECEIVE cat=[com.facebook.orca],978]
02-09 18:39:27.025 I/dvm_gc_info(  978): [3346018819314349650,-8980593373818660810,-4004679697885726675,7358131]
02-09 18:39:27.055 I/am_create_service(  230): [1079127792,com.facebook.orca/.push.mqtt.MqttPushService,act=Orca.START,978]
02-09 18:39:27.165 I/dvm_gc_info(  978): [3346018819314349637,-9023095889076373446,-4003553797978884051,7358131]
02-09 18:39:27.185 I/dvm_gc_info(  978): [3346018819314369887,-9211683917280528325,-4002990848025462739,7358131]
02-09 18:39:27.205 I/dvm_gc_info(  978): [3346018819314370094,-9214780004568614852,-4002709373048752083,7358131]
02-09 18:39:27.315 I/dvm_gc_info(  978): [3346018819314349637,-9063346329558575039,-4001020523188488147,7358131]
02-09 18:39:27.485 I/dvm_gc_info(  978): [3346018819314349626,-9035479894396200888,-3998487248398092243,7358131]
02-09 18:39:27.645 I/notification_enqueue(  230): [com.facebook.orca,1,Notification(vibrate=[0,200,200,200],sound=null,defaults=0x0,flags=0x1)]
02-09 18:39:27.695 I/am_destroy_service(  230): [1082809112,com.facebook.orca/.push.c2dm.C2DMReceiver,978]
02-09 18:39:27.885 I/dvm_gc_info(  978): [3346018819314353835,-8922326335232812982,-3997642823467960275,7358131]
02-09 18:39:28.156 I/dvm_gc_info(  978): [3346018819314349771,-8918948429337053109,-3997361348491249619,7358131]
02-09 18:39:28.426 I/dvm_gc_info(  978): [3346018819314349747,-8920637210427467699,-3996516923561117651,7358131]
02-09 18:39:30.308 I/dvm_gc_info(  978): [3346018819314403001,-8922607329038866352,-3995391023654275027,7358131]
02-09 18:39:30.498 I/battery_level(  230): [93,4102,240]
02-09 18:39:30.608 I/dvm_gc_madvise_info(  332): [163840,126976]
02-09 18:39:31.599 I/dvm_gc_info(  978): [3346018819314353896,-8918666404453435311,-3995109548677564371,7358131]
02-09 18:39:32.510 I/db_sample(  978): [/data/data/com.facebook.orca/databases/threads_db,SELECT value FROM properties WHERE key=?,0,,1]
02-09 18:39:32.820 I/dvm_gc_info(  978): [3346018819314353933,-8913881192410404783,-3995109548677564371,7358131]
02-09 18:39:33.291 I/dvm_gc_info(  978): [3346018819314345679,-8918666266997680046,-3994546598724143059,7358131]
02-09 18:39:35.373 I/notification_cancel(  230): [android,17302171,0]
02-09 18:39:35.383 I/wifi_supplicant_state_changed(  230): 8
02-09 18:39:35.433 I/dvm_gc_info(  978): [3346018819314423388,-8984531342794938284,-3993983648770721747,7358131]
02-09 18:39:35.463 I/dvm_gc_info(  978): [3346018819314414273,-9202111431056021420,-3993702173794011091,7358131]
02-09 18:39:35.793 I/db_sample(  978): [/data/data/com.facebook.orca/databases/threads_db,COMMIT;INSERT OR REPLACE  INTO thread_users(last_name, first_nam,111,,23]
02-09 18:39:35.983 I/dvm_gc_info(  978): [3346018819314349859,-8913036492535216045,-3994265123747432403,7358131]
02-09 18:39:36.454 I/wifi_supplicant_state_changed(  230): 8
02-09 18:39:36.454 I/wifi_driver_state_changed(  230): 1
02-09 18:39:39.547 I/free_storage_changed(  230): 2589904896
02-09 18:39:41.038 I/dvm_gc_madvise_info(  978): [397312,126976]
02-09 18:39:41.438 I/force_gc(  353): bg
02-09 18:39:41.519 I/dvm_gc_info(  353): [7809652345805252195,-8959764294160930764,-3993983648770721747,8575019]
02-09 18:43:11.554 I/power_screen_state(  230): [1,3,0,0]
02-09 18:43:11.554 I/power_screen_broadcast_send(  230): 1
02-09 18:43:11.554 I/screen_toggled(  230): 1
02-09 18:43:11.564 I/am_resume_activity(  230): [1084074776,4,com.android.mms/.ui.ComposeMessageActivity]
02-09 18:43:11.574 I/am_on_resume_called(  932): com.android.mms.ui.ComposeMessageActivity
02-09 18:43:11.654 I/power_screen_broadcast_done(  230): [1,99,1]
02-09 18:43:12.244 I/notification_cancel(  230): [com.android.phone,111,0]
02-09 18:43:12.354 I/dvm_gc_info(  346): [8099846449757484648,-8971304493411989449,-4004398222909016019,7358131]
02-09 18:43:12.584 I/dvm_gc_madvise_info(  353): [217088,126976]
02-09 18:43:13.095 I/screen_toggled(  230): 2
02-09 18:43:13.115 I/c2dm    (  397): [-4,NULL,5,12]
02-09 18:43:13.175 I/db_sample(  346): [/data/data/com.android.providers.telephony/databases/mmssms.db,SELECT _id, read FROM (SELECT DISTINCT date * 1 AS normalized_da,28,,6]
02-09 18:43:13.175 I/content_query_sample(  932): [content://mms-sms/conversations/1,_id/read,(read=0 OR seen=0),,38,,8]
02-09 18:43:13.205 I/notification_cancel(  230): [com.android.mms,999,0]
02-09 18:43:13.225 I/notification_cancel(  230): [com.android.mms,789,0]
02-09 18:43:13.265 I/wifi_driver_state_changed(  230): 0
02-09 18:43:13.275 I/wifi_supplicant_state_changed(  230): 2
02-09 18:43:13.295 I/notification_cancel(  230): [com.android.mms,531,0]
02-09 18:43:13.295 I/notification_cancel(  230): [com.android.mms,123,0]
02-09 18:43:14.926 I/c2dm    (  397): [5,NULL,13,5]
02-09 18:43:16.808 I/am_create_task(  230): 5
02-09 18:43:16.808 I/am_create_activity(  230): [1084120936,5,com.facebook.orca/.intents.IntentHandler,android.intent.action.VIEW,NULL,fb-messenger://thread/t_eCYB6euHM2MVwUBLyVYRTA,67108864]
02-09 18:43:16.828 I/am_pause_activity(  230): [1084074776,com.android.mms/.ui.ComposeMessageActivity]
02-09 18:43:16.828 I/am_on_paused_called(  932): com.android.mms.ui.ComposeMessageActivity
02-09 18:43:16.848 I/am_restart_activity(  230): [1084120936,5,com.facebook.orca/.intents.IntentHandler]
02-09 18:43:16.848 I/notification_cancel(  230): [com.facebook.orca,1,16]
02-09 18:43:16.898 I/am_create_activity(  230): [1083451912,5,com.facebook.orca/.threadview.ThreadViewActivity,NULL,NULL,NULL,0]
02-09 18:43:16.918 I/am_pause_activity(  230): [1084120936,com.facebook.orca/.intents.IntentHandler]
02-09 18:43:16.928 I/am_finish_activity(  230): [1084120936,5,com.facebook.orca/.intents.IntentHandler,app-request]
02-09 18:43:16.928 I/am_restart_activity(  230): [1083451912,5,com.facebook.orca/.threadview.ThreadViewActivity]
02-09 18:43:17.118 I/binder_sample(  332): [android.view.IWindowSession,4,37,com.android.systemui,7]
02-09 18:43:17.379 I/dvm_gc_madvise_info(  346): [196608,126976]
02-09 18:43:17.429 I/dvm_gc_info(  978): [3346018819314357973,-8918665992035846059,-3992013323933747155,7358200]
02-09 18:43:17.479 I/dvm_gc_info(  978): [3346018819314496676,-9064470029971978156,-3992013323933747155,7358200]
02-09 18:43:17.539 I/am_on_resume_called(  978): com.facebook.orca.threadview.ThreadViewActivity
02-09 18:43:17.929 I/activity_launch_time(  230): [1083451912,com.facebook.orca/.threadview.ThreadViewActivity,998,1082]
02-09 18:43:17.969 I/am_destroy_activity(  230): [1084120936,5,com.facebook.orca/.intents.IntentHandler]
02-09 18:43:18.019 I/db_sample(  978): [/data/data/com.facebook.orca/databases/users_db,SELECT fbid, first_name, last_name, name, email_addresses, phone,482,,97]
02-09 18:43:18.270 I/dvm_gc_info(  978): [3346018819314419415,-8917258548332099496,-3989198574166640595,7964468]
02-09 18:43:18.580 I/dvm_gc_info(  978): [3346018819314349890,-8907969461783787432,-3989480049143351251,7964459]
02-09 18:43:18.930 I/dvm_gc_info(  978): [3346018819314403114,-8912191586417657767,-3989198574166640595,7964456]
02-09 18:43:19.240 I/dvm_gc_info(  978): [3346018819314394931,-8909376767931070375,-3989198574166640595,7964456]
02-09 18:43:19.541 I/dvm_gc_info(  978): [3346018819314390836,-8909376767931066278,-3988917099189929939,7964456]
02-09 18:43:24.616 I/dvm_gc_madvise_info(  978): [229376,126976]
02-09 18:43:36.337 I/notification_cancel(  230): [com.facebook.orca,1,0]
02-09 18:43:36.337 I/notification_cancel(  230): [com.facebook.orca,2,0]
02-09 18:43:36.537 I/battery_level(  230): [93,4118,250]
02-09 18:43:36.758 I/dvm_gc_info(  978): [3346018819314386731,-8910502667821127590,-3988917099189929939,7964457]
02-09 18:43:37.008 I/dvm_gc_info(  341): [7809651225003226540,-9048992136790280139,-4003553797978884051,7882627]
02-09 18:43:37.238 I/binder_sample(  978): [android.view.IWindowSession,4,6,com.facebook.orca,1]
02-09 18:43:37.238 I/dvm_gc_info(  341): [7809651225003291969,-9050118036697126859,-4003553797978884051,8370107]
02-09 18:43:39.590 I/binder_sample(  346): [com.android.internal.telephony.ITelephonyRegistry,8,29,com.android.phone,5]
02-09 18:43:41.813 I/dvm_gc_madvise_info(  978): [221184,126976]
02-09 18:43:42.273 I/dvm_gc_madvise_info(  341): [126976,126976]
02-09 18:43:44.135 I/dvm_gc_info(  341): [7809651225003189792,-9030696125865117642,-4003553797978884051,8529954]
02-09 18:43:46.727 I/dvm_gc_info(  397): [7449358886915663466,-8966800412614002626,-4002146423095330771,7358131]
02-09 18:43:47.938 I/dvm_gc_info(  230): [8320808730291631861,-8913597724031502231,-3978784000028346323,8562724]
02-09 18:43:49.180 I/dvm_gc_madvise_info(  341): [172032,126976]
02-09 18:43:50.841 I/binder_sample(  341): [android.view.IWindowSession,8,5,com.android.inputmethod.latin,1]
02-09 18:43:51.652 I/binder_sample(  341): [android.view.IWindowSession,3,6,com.android.inputmethod.latin,1]
02-09 18:43:51.762 I/dvm_gc_madvise_info(  397): [208896,126976]
02-09 18:43:52.953 I/dvm_gc_madvise_info(  230): [471040,126976]
02-09 18:43:53.144 I/binder_sample(  341): [android.view.IWindowSession,8,5,com.android.inputmethod.latin,1]
02-09 18:43:55.806 I/binder_sample(  341): [android.view.IWindowSession,4,21,com.android.inputmethod.latin,4]
02-09 18:44:05.175 I/notification_cancel(  230): [com.facebook.orca,1,0]
02-09 18:44:05.175 I/notification_cancel(  230): [com.facebook.orca,2,0]
02-09 18:44:05.185 I/notification_cancel(  230): [com.facebook.orca,1,0]
02-09 18:44:05.185 I/notification_cancel(  230): [com.facebook.orca,2,0]
