02-09 18:34:33.403 I/boot_progress_start(  115): 5393
02-09 18:34:35.114 I/boot_progress_preload_start(  115): 7102
02-09 18:34:35.124 I/dvm_gc_info(  115): [8825198673194394825,-9063934019012811202,-4012584086963378626,0]
02-09 18:34:38.437 I/dvm_gc_info(  115): [8825198673194801196,-8859841571167975388,-4012560997233768412,0]
02-09 18:34:38.818 I/dvm_gc_info(  115): [8825198673194526760,-8885174319071872984,-4012560997233706968,0]
02-09 18:34:41.480 I/dvm_gc_info(  115): [8825198673194690557,-8896151843163510739,-4012560997233629139,0]
02-09 18:34:41.561 I/dvm_gc_info(  115): [8825198673194660966,-9066162729096759251,-4012560997233641427,0]
02-09 18:34:41.991 I/dvm_gc_info(  115): [8825198673194632342,-9068696003887138771,-4012560997233625043,6825601]
02-09 18:34:42.131 I/boot_progress_preload_end(  115): 14127
02-09 18:34:42.191 I/dvm_gc_info(  115): [8825198673194599565,-9098813826395170770,-4010027722443220946,7358131]
02-09 18:34:42.231 I/dvm_gc_info(  115): [8825198673194583090,-9133435248530589650,-4010027722443229138,7358131]
02-09 18:34:42.281 I/dvm_gc_info(  115): [8825198673194558023,-9214781516799969234,-4010027722443229138,7358131]
02-09 18:34:42.792 I/boot_progress_system_run(  230): 14780
02-09 18:34:43.012 I/boot_progress_pms_start(  230): 15003
02-09 18:34:43.322 I/dvm_gc_info(  230): [8320808730291734051,-9027600107296630733,-4005524122815858643,7358131]
02-09 18:34:43.713 I/dvm_gc_info(  230): [8320808730291709533,-8995511547584362442,-4004679697885726675,7358131]
02-09 18:34:43.993 I/boot_progress_pms_system_scan_start(  230): 15982
02-09 18:34:44.443 I/dvm_gc_info(  230): [8320808730291697273,-8925142597231429577,-4004398222909016019,7358131]
02-09 18:34:45.534 I/dvm_gc_info(  230): [8320808730291709488,-9018592220695898052,-4002990848025462739,7358131]
02-09 18:34:46.355 I/dvm_gc_info(  230): [8320808730291627597,-8977778005408298944,-4002146423095330771,7358131]
02-09 18:34:47.056 I/dvm_gc_info(  230): [8320808730291697266,-8924860434891978687,-4001583473141909459,7358131]
02-09 18:34:47.737 I/dvm_gc_info(  230): [8320808730291689011,-9011554658898634682,-4000176098258356179,7358131]
02-09 18:34:48.087 I/boot_progress_pms_data_scan_start(  230): 20084
02-09 18:34:48.317 I/dvm_gc_info(  230): [8320808730291672653,-8983688223786674101,-3998487248398092243,7358131]
02-09 18:34:49.849 I/dvm_gc_info(  230): [8320808730291676738,-9005079909565495215,-3995953973607696339,7358131]
02-09 18:34:50.389 I/dvm_gc_info(  230): [8320808730291680894,-8939777165128849323,-3994546598724143059,7358131]
02-09 18:34:52.691 I/dvm_gc_info(  230): [8320808730291705538,-8921480948028471210,-3994265123747432403,7358131]
02-09 18:34:53.112 I/dvm_gc_info(  230): [8320808730291681000,-8918666129541916587,-3994828073700853715,7358131]
02-09 18:34:53.192 I/dvm_gc_info(  230): [8320808730291754624,-8935554628144625583,-3996235448584406995,7358131]
02-09 18:34:53.232 I/dvm_gc_info(  230): [8320808730291777616,-9222940510629951407,-3995953973607696339,7358131]
02-09 18:34:53.572 I/dvm_gc_info(  230): [8320808730291680801,-9048426024985278373,-3992576273887168467,7358131]
02-09 18:34:53.692 I/boot_progress_pms_scan_end(  230): 25682
02-09 18:34:53.903 I/boot_progress_pms_ready(  230): 25896
02-09 18:34:54.013 I/dvm_gc_info(  230): [8320808730292033251,-8920636179433789352,-3993420698817300435,7358131]
02-09 18:34:54.083 I/db_sample(  230): [/data/system/accounts.db,PRAGMA user_version;,0,,1]
02-09 18:34:54.273 I/battery_status(  230): [3,2,1,0,Li-ion]
02-09 18:34:54.273 I/battery_level(  230): [96,4120,230]
02-09 18:34:54.473 I/free_storage_left(  230): [2592120832,68120576,292052992]
02-09 18:34:54.473 I/free_storage_changed(  230): 2592120832
02-09 18:34:54.663 I/dvm_gc_info(  230): [8320808730291717859,-8920354704457074600,-3993702173794011091,7358131]
02-09 18:34:55.024 I/am_create_service(  230): [1081834880,com.google.android.backup/.BackupTransportService,,230]
02-09 18:34:55.064 I/power_screen_state(  230): [1,3,0,0]
02-09 18:34:55.064 I/power_screen_broadcast_send(  230): 1
02-09 18:34:55.074 I/boot_progress_ams_ready(  230): 27060
02-09 18:34:55.084 I/screen_toggled(  230): 1
02-09 18:34:55.084 I/am_proc_start(  230): [332,1000,com.android.systemui,service,com.android.systemui/.statusbar.StatusBarService]
02-09 18:34:55.084 I/configuration_changed(  230): 512
02-09 18:34:55.104 I/configuration_changed(  230): 504
02-09 18:34:55.174 I/dvm_gc_madvise_info(  332): [372736,126976]
02-09 18:34:55.284 I/am_create_service(  230): [1082296280,android/com.android.internal.service.wallpaper.ImageWallpaper,act=android.service.wallpaper.WallpaperService,230]
02-09 18:34:55.294 I/am_proc_start(  230): [341,10041,com.android.inputmethod.latin,service,com.android.inputmethod.latin/.LatinIME]
02-09 18:34:55.294 I/am_proc_bound(  230): [332,com.android.systemui]
02-09 18:34:55.304 I/am_create_service(  230): [1081101120,com.android.systemui/.statusbar.StatusBarService,,332]
02-09 18:34:55.354 I/am_proc_start(  230): [346,1001,com.android.phone,added application,com.android.phone]
02-09 18:34:55.374 I/am_proc_start(  230): [347,1002,com.broadcom.bt.app.system,added application,com.broadcom.bt.app.system]
02-09 18:34:55.404 I/dvm_gc_madvise_info(  341): [368640,126976]
02-09 18:34:55.404 I/am_create_task(  230): 2
02-09 18:34:55.414 I/am_create_activity(  230): [1082179576,2,com.android.launcher/com.android.launcher2.Launcher,android.intent.action.MAIN,NULL,NULL,268435456]
02-09 18:34:55.414 I/am_proc_start(  230): [353,10040,com.android.launcher,activity,com.android.launcher/com.android.launcher2.Launcher]
02-09 18:34:55.424 I/dvm_gc_madvise_info(  347): [368640,126976]
02-09 18:34:55.434 I/dvm_gc_madvise_info(  346): [368640,126976]
02-09 18:34:55.484 I/dvm_gc_madvise_info(  353): [368640,126976]
02-09 18:34:55.584 I/dvm_gc_info(  332): [8320808730291705443,-8996919334902306769,-4006650022722701267,7358131]
02-09 18:34:55.594 I/dvm_gc_info(  230): [8320808730291672744,-8936961728032618405,-3990887424026904531,7358211]
02-09 18:34:55.654 I/dvm_gc_info(  230): [8320808730291811495,-9066721692296243110,-3990887424026904531,7358211]
02-09 18:34:55.654 I/am_proc_bound(  230): [341,com.android.inputmethod.latin]
02-09 18:34:55.664 I/am_create_service(  230): [1082435816,com.android.inputmethod.latin/.LatinIME,act=android.view.InputMethod,341]
02-09 18:34:55.774 I/am_proc_bound(  230): [347,com.broadcom.bt.app.system]
02-09 18:34:55.794 I/am_proc_bound(  230): [346,com.android.phone]
02-09 18:34:55.824 I/am_proc_bound(  230): [353,com.android.launcher]
02-09 18:34:55.824 I/binder_sample(  346): [android.app.IActivityManager,17,282,<pre-initialized>,56]
02-09 18:34:55.834 I/am_restart_activity(  230): [1082179576,2,com.android.launcher/com.android.launcher2.Launcher]
02-09 18:34:55.874 I/binder_sample(  353): [android.app.IActivityManager,17,314,<pre-initialized>,62]
02-09 18:34:56.005 I/dvm_gc_info(  341): [7809651225003091555,-8996637859925596113,-4006650022722701267,7358131]
02-09 18:34:56.225 I/dvm_gc_info(  346): [8099846449757480549,-8993260160205072337,-4006650022722701267,7358131]
02-09 18:34:56.235 I/notification_cancel(  230): [android,17302240,0]
02-09 18:34:56.325 I/dvm_gc_info(  353): [7809652345805108839,-8990163935461255121,-4006650022722701267,7358133]
02-09 18:34:56.385 I/am_proc_start(  230): [393,1000,com.android.settings,broadcast,com.android.settings/.widget.SettingsAppWidgetProvider]
02-09 18:34:56.405 I/binder_sample(  332): [android.view.IWindowSession,1,52,com.android.systemui,10]
02-09 18:34:56.405 I/am_proc_start(  230): [394,10007,android.process.acore,content provider,com.android.providers.userdictionary/.UserDictionaryProvider]
02-09 18:34:56.465 I/am_proc_start(  230): [397,10029,com.google.process.gapps,service,com.google.android.gsf/.loginservice.GoogleLoginService]
02-09 18:34:56.555 I/dvm_gc_madvise_info(  397): [364544,126976]
02-09 18:34:56.565 I/dvm_gc_madvise_info(  393): [364544,126976]
02-09 18:34:56.565 I/dvm_gc_madvise_info(  394): [364544,126976]
02-09 18:34:56.745 I/am_proc_bound(  230): [393,com.android.settings]
02-09 18:34:56.775 I/am_proc_bound(  230): [394,android.process.acore]
02-09 18:34:56.805 I/binder_sample(  332): [android.content.pm.IPackageManager,10,39,com.android.systemui,7]
02-09 18:34:56.815 I/am_proc_bound(  230): [397,com.google.process.gapps]
02-09 18:34:56.835 I/am_create_service(  230): [1081170912,com.google.android.gsf/.loginservice.GoogleLoginService,act=android.accounts.AccountAuthenticator,397]
02-09 18:34:57.266 I/dvm_gc_info(  341): [7809651225004791196,-9048147780663625679,-4006650022722701267,7358207]
02-09 18:34:57.436 I/dvm_gc_info(  394): [7017575181484971620,-8998326709785868241,-4006650022722701267,7358131]
02-09 18:34:57.456 I/configuration_changed(  230): 3
02-09 18:34:57.466 I/am_relaunch_resume_activity(  230): [1082179576,2,com.android.launcher/com.android.launcher2.Launcher]
02-09 18:34:57.486 I/dvm_gc_info(  397): [7449358886915741277,-8997482284855732177,-4006650022722701267,7358131]
02-09 18:34:57.486 I/dvm_gc_info(  393): [8315180330336474725,-8998326709785860049,-4006650022722701267,7358131]
02-09 18:34:57.646 I/dvm_gc_info(  346): [8099846449757488673,-9031540688251070413,-4005524122815858643,7358131]
02-09 18:34:57.656 I/dvm_gc_info(  353): [7809652345805231370,-9060251204662192080,-4006650022722701267,7358210]
02-09 18:34:57.786 I/dvm_gc_info(  353): [7809652345805051024,-9069821353870342095,-4006650022722701267,7903112]
02-09 18:34:57.846 I/binder_sample(  394): [android.content.pm.IPackageManager,10,270,android.process.acore,54]
02-09 18:34:57.886 I/am_on_resume_called(  353): com.android.launcher2.Launcher
02-09 18:34:58.007 I/am_on_paused_called(  353): com.android.launcher2.Launcher
02-09 18:34:58.097 I/db_sample(  397): [/data/data/com.google.android.gsf/databases/gservices.db,SELECT COUNT(*) FROM overrides,70,com.google.process.gapps,15]
02-09 18:34:58.117 I/notification_cancel(  230): [com.android.phone,2,0]
02-09 18:34:58.227 I/dvm_gc_info(  230): [8320808730292668085,-8925139572734846881,-3987509724306376659,7898973]
02-09 18:34:58.237 I/binder_sample(  346): [android.content.pm.IPackageManager,25,100,com.android.phone,20]
02-09 18:34:58.297 I/am_create_service(  230): [1082761072,com.android.phone/.BluetoothHeadsetService,act=android.bluetooth.IBluetoothHeadset,346]
02-09 18:34:58.397 I/binder_sample(  393): [android.app.IActivityManager,110,109,com.android.settings,21]
02-09 18:34:58.517 I/dvm_gc_info(  353): [7809652345805243811,-9051244005407422414,-4006650022722701267,8525856]
02-09 18:34:58.687 I/am_on_resume_called(  353): com.android.launcher2.Launcher
02-09 18:34:58.767 I/dvm_gc_info(  353): [7809652345805239443,-9067288078928930766,-3996516923561117651,8554534]
02-09 18:34:58.807 I/am_create_service(  230): [1082155640,com.google.android.location/.NetworkLocationService,act=com.google.android.location.NetworkLocationProvider,397]
02-09 18:34:58.897 I/binder_sample(  394): [android.app.IActivityManager,30,159,android.process.acore,31]
02-09 18:34:58.937 I/binder_sample(  394): [android.app.IActivityManager,110,36,android.process.acore,7]
02-09 18:34:58.947 I/dvm_gc_info(  397): [7449358886915602037,-8989037898098657232,-4006368547745990611,7358131]
02-09 18:34:58.968 I/binder_sample(  346): [com.android.internal.telephony.ITelephonyRegistry,14,7,com.android.phone,1]
02-09 18:34:59.008 I/boot_progress_enable_screen(  230): 31005
02-09 18:34:59.058 I/cdma_service_state_change(  346): [1,3]
02-09 18:34:59.248 I/am_create_service(  230): [1081030512,com.google.android.location/.internal.server.NetworkLocationService,act=com.google.android.location.internal.ANDROID_NLP,397]
02-09 18:34:59.328 I/notification_cancel(  230): [com.android.phone,5,0]
02-09 18:34:59.328 I/notification_cancel(  230): [com.android.phone,6,0]
02-09 18:34:59.358 I/notification_cancel(  230): [com.android.phone,111,0]
02-09 18:34:59.398 I/notification_cancel(  230): [com.android.phone,7,0]
02-09 18:34:59.398 I/notification_cancel(  230): [com.android.phone,7,0]
02-09 18:34:59.408 I/notification_cancel(  230): [com.android.phone,7,0]
02-09 18:34:59.408 I/notification_cancel(  230): [com.android.phone,7,0]
02-09 18:34:59.408 I/notification_cancel(  230): [com.android.phone,7,0]
02-09 18:34:59.408 I/notification_cancel(  230): [com.android.phone,7,0]
02-09 18:34:59.418 I/notification_cancel(  230): [com.android.phone,7,0]
02-09 18:34:59.428 I/notification_cancel(  230): [com.android.phone,7,0]
02-09 18:34:59.438 I/notification_cancel(  230): [com.android.phone,7,0]
02-09 18:34:59.438 I/notification_cancel(  230): [com.android.phone,7,0]
02-09 18:34:59.868 I/dvm_gc_info(  397): [7449358886915671623,-9021970401587169228,-4005242647839147987,7358131]
02-09 18:34:59.908 I/cdma_service_state_change(  346): [3,1]
02-09 18:34:59.978 I/dvm_gc_info(  346): [8099846449757570624,-9004237340581849034,-4004679697885726675,7358131]
02-09 18:35:00.089 I/notification_cancel(  230): [com.android.phone,111,0]
02-09 18:35:00.089 I/notification_cancel(  230): [com.android.phone,111,0]
02-09 18:35:00.149 I/notification_cancel(  230): [com.android.phone,111,0]
02-09 18:35:00.179 I/dvm_gc_info(  397): [7449358886915601963,-9068413497765648326,-4003553797978884051,7358131]
02-09 18:34:59.610 I/cdma_service_state_change(  346): [1,0]
02-09 18:34:59.660 I/dvm_gc_info(  394): [7017575181485024829,-9024503813850093518,-4005805597792569299,7358131]
02-09 18:34:59.730 I/notification_cancel(  230): [com.android.phone,111,0]
02-09 18:34:59.740 I/notification_cancel(  230): [com.android.phone,111,0]
02-09 18:34:59.790 I/dvm_gc_madvise_info(  332): [188416,126976]
02-09 18:34:59.820 I/notification_cancel(  230): [com.android.phone,111,0]
02-09 18:34:59.850 I/binder_sample(  346): [com.android.internal.telephony.ITelephonyRegistry,14,6,com.android.phone,1]
02-09 18:34:59.940 I/notification_cancel(  230): [com.android.phone,7,0]
02-09 18:34:59.940 I/notification_cancel(  230): [com.android.phone,7,0]
02-09 18:34:59.940 I/notification_cancel(  230): [com.android.phone,7,0]
02-09 18:34:59.940 I/notification_cancel(  230): [com.android.phone,7,0]
02-09 18:34:59.940 I/notification_cancel(  230): [com.android.phone,7,0]
02-09 18:34:59.940 I/notification_cancel(  230): [com.android.phone,7,0]
02-09 18:34:59.940 I/notification_cancel(  230): [com.android.phone,7,0]
02-09 18:34:59.940 I/notification_cancel(  230): [com.android.phone,7,0]
02-09 18:34:59.950 I/notification_cancel(  230): [com.android.phone,7,0]
02-09 18:34:59.950 I/notification_cancel(  230): [com.android.phone,7,0]
02-09 18:34:59.950 I/notification_cancel(  230): [com.android.phone,7,0]
02-09 18:34:59.950 I/notification_cancel(  230): [com.android.phone,7,0]
02-09 18:34:59.950 I/notification_cancel(  230): [com.android.phone,7,0]
02-09 18:34:59.950 I/notification_cancel(  230): [com.android.phone,7,0]
02-09 18:34:59.950 I/notification_cancel(  230): [com.android.phone,7,0]
02-09 18:34:59.950 I/notification_cancel(  230): [com.android.phone,7,0]
02-09 18:34:59.950 I/notification_cancel(  230): [com.android.phone,7,0]
02-09 18:34:59.950 I/notification_cancel(  230): [com.android.phone,7,0]
02-09 18:34:59.950 I/notification_cancel(  230): [com.android.phone,7,0]
02-09 18:34:59.960 I/notification_cancel(  230): [com.android.phone,7,0]
02-09 18:34:59.970 I/notification_cancel(  230): [com.android.phone,7,0]
02-09 18:34:59.980 I/content_query_sample(  341): [content://user_dictionary/words,_id/word/frequency,(locale IS NULL) or (locale=?),,1599,,100]
02-09 18:35:00.060 I/dvm_gc_info(  230): [8320808730291852983,-8925702247743166365,-3986946774352955347,7898942]
02-09 18:35:00.070 I/content_query_sample(  341): [content://com.android.contacts/contacts,_id/display_name,,,1764,,100]
02-09 18:35:00.120 I/db_sample(  394): [:memory:,INSERT INTO applications ('_id', 'name', 'description', 'package,0,,1]
02-09 18:35:00.510 I/notification_cancel(  230): [com.android.phone,111,0]
02-09 18:35:00.530 I/notification_cancel(  230): [com.android.phone,111,0]
02-09 18:35:00.590 I/binder_sample(  346): [com.android.internal.telephony.ITelephonyRegistry,14,47,com.android.phone,9]
02-09 18:35:00.770 I/am_destroy_service(  230): [1081170912,com.google.android.gsf/.loginservice.GoogleLoginService,397]
02-09 18:35:00.800 I/notification_cancel(  230): [com.android.phone,7,0]
02-09 18:35:00.800 I/notification_cancel(  230): [com.android.phone,7,0]
02-09 18:35:00.800 I/notification_cancel(  230): [com.android.phone,7,0]
02-09 18:35:00.810 I/notification_cancel(  230): [com.android.phone,7,0]
02-09 18:35:00.810 I/notification_cancel(  230): [com.android.phone,7,0]
02-09 18:35:00.810 I/notification_cancel(  230): [com.android.phone,7,0]
02-09 18:35:00.810 I/notification_cancel(  230): [com.android.phone,7,0]
02-09 18:35:00.810 I/notification_cancel(  230): [com.android.phone,7,0]
02-09 18:35:00.830 I/notification_cancel(  230): [com.android.phone,7,0]
02-09 18:35:00.830 I/notification_cancel(  230): [com.android.phone,7,0]
02-09 18:35:00.860 I/wifi_supplicant_connection_state_changed(  230): 1
02-09 18:35:00.860 I/connectivity_state_changed(  230): 9
02-09 18:35:00.960 I/notification_enqueue(  230): [com.android.systemui,17301675,Notification(vibrate=null,sound=null,defaults=0x0,flags=0x2)]
02-09 18:35:00.990 I/dvm_gc_info(  346): [8099846449757615730,-8945127389314172874,-4004679697885726675,7358131]
02-09 18:35:01.211 I/dvm_gc_info(  332): [8320808730291684935,-9001985746993756110,-4004679697885726675,7358195]
02-09 18:35:01.211 I/dvm_gc_info(  230): [8320808730291738379,-8918946367232149404,-3986102349422823379,7898942]
02-09 18:35:01.291 I/binder_sample(  332): [android.app.IActivityManager,12,74,com.android.systemui,14]
02-09 18:35:01.371 I/binder_sample(  332): [android.view.IWindowSession,4,33,com.android.systemui,6]
02-09 18:35:01.461 I/dvm_gc_madvise_info(  341): [208896,126976]
02-09 18:35:01.561 I/connectivity_state_changed(  230): 3600
02-09 18:35:01.591 I/connectivity_state_changed(  230): 3648
02-09 18:35:01.961 I/binder_sample(  346): [android.os.IPowerManager,1,456,com.android.phone,91]
02-09 18:35:01.981 I/connectivity_state_changed(  230): 3600
02-09 18:35:02.051 I/dvm_gc_madvise_info(  393): [294912,126976]
02-09 18:35:02.141 I/binder_sample(  332): [com.android.internal.app.IBatteryStats,18,136,com.android.systemui,27]
02-09 18:35:02.141 I/dvm_gc_info(  230): [8320808730292168335,-8922042591976019870,-3986102349422823379,7898942]
02-09 18:35:02.172 I/notification_cancel(  230): [com.android.phone,111,0]
02-09 18:35:02.542 I/dvm_gc_info(  397): [7449358886915679939,-8912475948351293386,-4004679697885726675,7358131]
02-09 18:35:02.852 I/power_screen_broadcast_done(  230): [1,8604,1]
02-09 18:35:02.862 I/am_proc_start(  230): [478,10044,com.google.android.partnersetup,broadcast,com.google.android.partnersetup/.PhoneStateReceiver]
02-09 18:35:02.952 I/dvm_gc_madvise_info(  478): [360448,126976]
02-09 18:35:02.982 I/dvm_gc_info(  115): [8825198673194705964,-9140190372892407762,-4006087072769275858,7358131]
02-09 18:35:03.012 I/am_proc_bound(  230): [478,com.google.android.partnersetup]
02-09 18:35:03.052 I/dvm_gc_info(  115): [8825198673194655792,-9222662541068629970,-4006087072769275858,7358131]
02-09 18:35:03.102 I/dvm_gc_info(  115): [8825198673194586160,-9222662541068629970,-4006087072769275858,7358131]
02-09 18:35:03.112 I/dvm_gc_madvise_info(  353): [163840,126976]
02-09 18:35:03.233 I/notification_cancel(  230): [com.android.systemui,17301675,0]
02-09 18:35:03.383 I/binder_sample(  478): [android.app.IActivityManager,17,379,<pre-initialized>,75]
02-09 18:35:03.483 I/notification_cancel(  230): [com.android.phone,111,0]
02-09 18:35:03.563 I/dvm_gc_info(  478): [8097879449376183894,-9009022827620354001,-4006931497699411923,7358131]
02-09 18:35:03.673 I/dvm_gc_info(  353): [7809652345805084230,-9010429790035929035,-3996516923561117651,8554536]
02-09 18:35:04.063 I/dvm_gc_info(  353): [7809652345805088301,-9016903714500302796,-3996516923561117651,8534051]
02-09 18:35:04.103 I/binder_sample(  478): [android.content.pm.IPackageManager,10,471,com.google.android.partnersetup,94]
02-09 18:35:04.103 I/am_proc_start(  230): [488,10051,com.android.email,content provider,com.android.email/com.android.exchange.provider.ExchangeProvider]
02-09 18:35:04.123 I/am_proc_bound(  230): [488,com.android.email]
02-09 18:35:04.234 I/binder_sample(  478): [android.content.IContentProvider,3,127,com.google.android.partnersetup,25]
02-09 18:35:04.234 I/content_update_sample(  478): [content://com.google.settings/partner,insert,,130,com.google.android.partnersetup,27]
02-09 18:35:04.454 I/db_sample(  397): [/data/data/com.google.android.gsf/databases/googlesettings.db,INSERT INTO partner(value, name) VALUES(?, ?);,169,,34]
02-09 18:35:04.474 I/binder_sample(  478): [android.content.IContentProvider,3,185,com.google.android.partnersetup,37]
02-09 18:35:04.604 I/dvm_gc_info(  488): [7308604875703686774,-8980312105084360655,-4006087072769279955,7358131]
02-09 18:35:04.624 I/db_sample(  397): [/data/data/com.google.android.gsf/databases/googlesettings.db,INSERT INTO partner(value, name) VALUES(?, ?);,43,,9]
02-09 18:35:04.634 I/am_proc_start(  230): [497,1000,com.redbend.vdmc,broadcast,com.redbend.vdmc/.MyConnectionChangeReceiver]
02-09 18:35:04.744 I/am_proc_bound(  230): [497,com.redbend.vdmc]
02-09 18:35:04.804 I/content_query_sample(  230): [content://com.android.exchange.provider/policy/AllowBluetooth,,,,291,,59]
02-09 18:35:04.874 I/binder_sample(  478): [android.app.IActivityManager,16,238,com.google.android.partnersetup,47]
02-09 18:35:04.884 I/am_proc_start(  230): [507,1000,com.qualcomm.privinit,broadcast,com.qualcomm.privinit/.BootReciever]
02-09 18:35:04.904 I/dvm_gc_madvise_info(  394): [208896,126976]
02-09 18:35:04.914 I/am_proc_bound(  230): [507,com.qualcomm.privinit]
02-09 18:35:04.944 I/am_proc_start(  230): [515,10049,com.cooliris.media,broadcast,com.cooliris.media/com.cooliris.cache.BootReceiver]
02-09 18:35:04.964 I/content_query_sample(  488): [content://com.android.email.provider/account,_id,,,306,,62]
02-09 18:35:04.964 I/am_proc_bound(  230): [515,com.cooliris.media]
02-09 18:35:05.114 I/dvm_gc_info(  515): [7882817126543713943,-8925143009665882065,-4006650022722701267,7358131]
02-09 18:35:05.184 I/dvm_gc_info(  488): [7308604875703641701,-8994385785166825421,-4005524122815858643,7358131]
02-09 18:35:05.194 I/am_create_service(  230): [1083151208,com.redbend.vdmc/.Vdmc,,497]
02-09 18:35:05.204 I/am_proc_start(  230): [525,10001,zte.com.cn.alarmclock,broadcast,zte.com.cn.alarmclock/.AlarmInitReceiver]
02-09 18:35:05.305 I/dvm_gc_info(  230): [8320808730291676958,-8920635079586387867,-3982724649702295507,8587220]
02-09 18:35:05.335 I/binder_sample(  478): [android.app.IActivityManager,110,154,com.google.android.partnersetup,30]
02-09 18:35:05.385 I/dvm_gc_info(  230): [8320808730291856939,-9197324706781501337,-3981880224772163539,8587220]
02-09 18:35:05.455 I/dvm_gc_info(  230): [8320808730291872936,-9068971911192692631,-3981317274818742227,8587220]
02-09 18:35:05.455 I/am_proc_bound(  230): [525,zte.com.cn.alarmclock]
02-09 18:35:05.515 I/dvm_gc_info(  230): [8320808730291836466,-9096837933920606105,-3981880224772163539,8587220]
02-09 18:35:05.595 I/dvm_gc_info(  230): [8320808730291856957,-9208583499674736536,-3981598749795452883,8587220]
02-09 18:35:05.615 I/binder_sample(  515): [android.app.IActivityManager,110,290,com.cooliris.media,58]
02-09 18:35:05.645 I/am_proc_start(  230): [533,10026,android.process.media,content provider,com.android.providers.downloads/.DownloadProvider]
02-09 18:35:05.675 I/am_proc_bound(  230): [533,android.process.media]
02-09 18:35:05.735 I/am_proc_start(  230): [541,10002,com.sprint.zone,broadcast,com.sprint.zone/.BootCompleteReceiver]
02-09 18:35:05.775 I/am_proc_bound(  230): [541,com.sprint.zone]
02-09 18:35:05.985 I/binder_sample(  525): [android.app.IActivityManager,110,46,zte.com.cn.alarmclock,9]
02-09 18:35:06.015 I/dvm_gc_madvise_info(  346): [278528,126976]
02-09 18:35:06.105 I/dvm_gc_info(  488): [7308604875703658049,-9007052090348951498,-4004679697885726675,7358131]
02-09 18:35:06.155 I/dvm_gc_info(  541): [3349111792835024528,-8959764431801296848,-4006650022722701267,7358131]
02-09 18:35:06.185 I/dvm_gc_info(  541): [3349111792835036374,-9180722288519161808,-4006650022722701267,7358131]
02-09 18:35:06.225 I/dvm_gc_info(  541): [3349111792835100672,-9223224872529962959,-4006368547745990611,7358131]
02-09 18:35:06.245 I/dvm_gc_madvise_info(  332): [208896,126976]
02-09 18:35:06.326 I/am_proc_start(  230): [550,10005,com.android.voicedialer,broadcast,com.android.voicedialer/.VoiceDialerReceiver]
02-09 18:35:06.336 I/am_proc_bound(  230): [550,com.android.voicedialer]
02-09 18:35:06.386 I/am_proc_start(  230): [558,10011,com.swype.android.inputmethod,broadcast,com.swype.android.inputmethod/.SwypeDataInitializer]
02-09 18:35:06.406 I/am_proc_bound(  230): [558,com.swype.android.inputmethod]
02-09 18:35:06.496 I/binder_sample(  346): [com.android.internal.telephony.ITelephonyRegistry,6,27,com.android.phone,5]
02-09 18:35:06.496 I/notification_cancel(  230): [com.android.phone,111,0]
02-09 18:35:06.566 I/notification_cancel(  230): [com.android.phone,111,0]
02-09 18:35:06.786 I/am_proc_start(  230): [567,10013,com.sprint.ce.updater,broadcast,com.sprint.ce.updater/.BootCompletedReceiver]
02-09 18:35:06.806 I/notification_cancel(  230): [com.android.phone,7,0]
02-09 18:35:06.806 I/notification_cancel(  230): [com.android.phone,7,0]
02-09 18:35:06.806 I/notification_cancel(  230): [com.android.phone,7,0]
02-09 18:35:06.806 I/notification_cancel(  230): [com.android.phone,7,0]
02-09 18:35:06.806 I/notification_cancel(  230): [com.android.phone,7,0]
02-09 18:35:06.806 I/notification_cancel(  230): [com.android.phone,7,0]
02-09 18:35:06.816 I/notification_cancel(  230): [com.android.phone,7,0]
02-09 18:35:06.826 I/notification_cancel(  230): [com.android.phone,7,0]
02-09 18:35:06.826 I/notification_cancel(  230): [com.android.phone,7,0]
02-09 18:35:06.886 I/am_proc_bound(  230): [567,com.sprint.ce.updater]
02-09 18:35:06.936 I/am_create_service(  230): [1083223808,com.sprint.ce.updater/.UpdaterService,act=com.sprint.action.CLEANUP_FILES,567]
02-09 18:35:06.936 I/am_proc_start(  230): [575,10015,com.sprint.w.installer,broadcast,com.sprint.w.installer/.BootListener]
02-09 18:35:06.976 I/dvm_gc_info(  115): [8825198673194542127,-9135405298288326610,-4006087072769275858,7358131]
02-09 18:35:07.006 I/am_proc_bound(  230): [575,com.sprint.w.installer]
02-09 18:35:07.016 I/dvm_gc_info(  115): [8825198673194537008,-9222662541068629970,-4006087072769275858,7358131]
02-09 18:35:07.066 I/binder_sample(  558): [android.app.IActivityManager,110,113,com.swype.android.inputmethod,22]
02-09 18:35:07.066 I/dvm_gc_info(  115): [8825198673194606648,-9222662541068629970,-4006087072769275858,7358131]
02-09 18:35:07.136 I/am_create_service(  230): [1083221544,com.sprint.w.installer/com.sprint.id.updater.UpdaterService,,575]
02-09 18:35:07.206 I/am_create_service(  230): [1083250504,com.sprint.w.installer/.DownloadService,act=com.sprint.action.ACTION_CLEANUP,575]
02-09 18:35:07.216 I/am_proc_start(  230): [584,10017,com.locationlabs.v3client,broadcast,com.locationlabs.v3client/.BootCompletedReceiver]
02-09 18:35:07.266 I/am_proc_bound(  230): [584,com.locationlabs.v3client]
02-09 18:35:07.296 I/dvm_gc_info(  575): [7597136565101520510,-8972712280713193423,-4006368547745990611,7358131]
02-09 18:35:07.327 I/am_destroy_service(  230): [1083250504,com.sprint.w.installer/.DownloadService,575]
02-09 18:35:07.457 I/dvm_gc_info(  584): [8517260637557024390,-8975245555520362448,-4006368547745990611,7358131]
02-09 18:35:07.577 I/dvm_gc_madvise_info(  397): [229376,126976]
02-09 18:35:07.577 I/dvm_gc_info(  353): [7809652345805223134,-9059969385937029068,-3996516923561117651,8550439]
02-09 18:35:08.127 I/dvm_gc_madvise_info(  497): [163840,126976]
02-09 18:35:08.177 I/dvm_gc_madvise_info(  558): [159744,126976]
02-09 18:35:08.187 I/dvm_gc_madvise_info(  533): [131072,126976]
02-09 18:35:08.197 I/dvm_gc_madvise_info(  567): [151552,126976]
02-09 18:35:08.207 I/dvm_gc_madvise_info(  550): [163840,126976]
02-09 18:35:08.207 I/dvm_gc_madvise_info(  525): [135168,126976]
02-09 18:35:08.217 I/dvm_gc_madvise_info(  507): [184320,126976]
02-09 18:35:08.608 I/dvm_gc_madvise_info(  478): [126976,126976]
02-09 18:35:08.988 I/dvm_gc_info(  353): [7809652345805059433,-9052088086572369869,-3996235448584406995,8575014]
02-09 18:35:10.159 I/dvm_gc_madvise_info(  515): [409600,126976]
02-09 18:35:10.660 I/dvm_gc_madvise_info(  230): [339968,126976]
02-09 18:35:10.860 I/binder_sample(  346): [com.android.internal.telephony.ITelephonyRegistry,8,2918,com.android.phone,100]
02-09 18:35:11.150 I/dvm_gc_madvise_info(  488): [221184,126976]
02-09 18:35:11.260 I/dvm_gc_madvise_info(  541): [471040,126976]
02-09 18:35:11.641 I/db_sample(  584): [/data/data/com.locationlabs.v3client/databases/V3Client_DEBUGDATA,COMMIT;INSERT INTO LongData(data, id) VALUES(?, ?);,3990,com.locationlabs.v3client,100]
02-09 18:35:11.941 I/dvm_gc_info(  393): [8315180330336183912,-8999452472220166095,-4006087072769279955,7358131]
02-09 18:35:11.961 I/am_create_service(  230): [1082591888,com.android.qualcomm/.DunService,,393]
02-09 18:35:11.971 I/am_proc_start(  230): [595,10026,com.irdeto.providers.drm,broadcast,com.irdeto.providers.drm/.OmaDrmReceiver]
02-09 18:35:11.991 I/am_proc_bound(  230): [595,com.irdeto.providers.drm]
02-09 18:35:12.061 I/am_create_service(  230): [1083498928,com.irdeto.providers.drm/.OmaDrmService,act=android.intent.action.BOOT_COMPLETED,595]
02-09 18:35:12.071 I/dvm_gc_madvise_info(  595): [172032,126976]
02-09 18:35:12.071 I/am_proc_start(  230): [604,10033,com.android.mms,broadcast,com.android.mms/.transaction.MmsSystemEventReceiver]
02-09 18:35:12.121 I/dvm_gc_madvise_info(  604): [368640,126976]
02-09 18:35:12.151 I/am_proc_bound(  230): [604,com.android.mms]
02-09 18:35:12.221 I/dvm_gc_info(  230): [8320808730291672940,-8924012298220238747,-3982724649702295507,8587221]
02-09 18:35:12.321 I/dvm_gc_madvise_info(  575): [471040,126976]
02-09 18:35:12.421 I/content_query_sample(  604): [content://mms-sms/canonical-addresses,,,,98,,20]
02-09 18:35:12.442 I/dvm_gc_info(  604): [7218827569569785465,-8974964080510080974,-4005805597792569299,7358131]
02-09 18:35:12.562 I/notification_cancel(  230): [com.android.mms,999,0]
02-09 18:35:12.572 I/am_create_service(  230): [1083456560,com.android.mms/.transaction.SmsReceiverService,act=android.intent.action.BOOT_COMPLETED,604]
02-09 18:35:12.582 I/am_create_service(  230): [1083656128,com.android.providers.media/.MediaScannerService,,533]
02-09 18:35:12.592 I/am_proc_start(  230): [619,1000,com.android.zte.HiddenMenu,broadcast,com.android.zte.HiddenMenu/.CommandReceiver]
02-09 18:35:12.652 I/dvm_gc_madvise_info(  619): [368640,126976]
02-09 18:35:12.672 I/dvm_gc_info(  346): [8099846449757525608,-8962297362893510602,-4004679697885726675,7358131]
02-09 18:35:12.682 I/am_proc_bound(  230): [619,com.android.zte.HiddenMenu]
02-09 18:35:12.682 I/binder_sample(  604): [android.app.IActivityManager,69,41,com.android.mms,8]
02-09 18:35:12.722 I/content_query_sample(  604): [content://com.android.contacts/data,data1/data3/display_name/contact_id/contact_presence/contact_status,PHONE_NUMBERS_EQUAL(data1,?) AND mimetype='vnd.android.cursor.item/phone_v2' AND raw_contact_id IN (SELECT raw_contact_id  FROM phone_lookup WHERE normalized_number GLOB('2140032*')),mode_id,141,,29]
02-09 18:35:12.772 I/dvm_gc_madvise_info(  584): [299008,126976]
02-09 18:35:12.772 I/notification_cancel(  230): [com.android.mms,123,0]
02-09 18:35:12.802 I/am_create_service(  230): [1083497688,com.google.android.gsf/.checkin.CheckinService,,397]
02-09 18:35:12.882 I/dvm_gc_info(  397): [7449358886915606106,-9000296141084993480,-4004116747932305363,7358131]
02-09 18:35:12.892 I/am_create_service(  230): [1083497456,com.google.android.gsf/.update.SystemUpdateService,,397]
02-09 18:35:12.932 I/notification_enqueue(  230): [com.android.mms,123,Notification(vibrate=null,sound=null,defaults=0x4,flags=0x1)]
02-09 18:35:13.002 I/am_create_task(  230): 3
02-09 18:35:13.002 I/am_create_activity(  230): [1082374864,3,com.google.android.gsf/.update.SystemUpdateInstallDialog,NULL,NULL,NULL,276824064]
02-09 18:35:13.002 I/am_pause_activity(  230): [1082179576,com.android.launcher/com.android.launcher2.Launcher]
02-09 18:35:13.012 I/dvm_gc_info(  533): [7882817126543718028,-8965956881288923089,-4006650022722701267,7358131]
02-09 18:35:13.022 I/am_on_paused_called(  353): com.android.launcher2.Launcher
02-09 18:35:13.022 I/notification_cancel(  230): [com.google.android.gsf,2130837525,0]
02-09 18:35:13.022 I/notification_cancel(  230): [com.google.android.gsf,2130837526,0]
02-09 18:35:13.022 I/am_destroy_service(  230): [1083497456,com.google.android.gsf/.update.SystemUpdateService,397]
02-09 18:35:13.032 I/system_update(  397): [512,0,-1,NULL]
02-09 18:35:13.042 I/am_restart_activity(  230): [1082374864,3,com.google.android.gsf/.update.SystemUpdateInstallDialog]
02-09 18:35:13.112 I/binder_sample(  619): [android.app.IActivityManager,16,222,com.android.zte.HiddenMenu,44]
02-09 18:35:13.192 I/db_sample(  346): [/data/data/com.android.providers.telephony/databases/mmssms.db,SELECT thread_id, date, address, subject, body, dest_port FROM s,9,,2]
02-09 18:35:13.212 I/am_finish_activity(  230): [1082374864,3,com.google.android.gsf/.update.SystemUpdateInstallDialog,app-request]
02-09 18:35:13.212 I/am_pause_activity(  230): [1082374864,com.google.android.gsf/.update.SystemUpdateInstallDialog]
02-09 18:35:13.212 I/am_resume_activity(  230): [1082179576,2,com.android.launcher/com.android.launcher2.Launcher]
02-09 18:35:13.222 I/am_on_resume_called(  353): com.android.launcher2.Launcher
02-09 18:35:13.272 I/activity_launch_time(  230): [1082179576,com.android.launcher/com.android.launcher2.Launcher,18692,18692]
02-09 18:35:13.272 I/am_destroy_activity(  230): [1082374864,3,com.google.android.gsf/.update.SystemUpdateInstallDialog]
02-09 18:35:13.362 I/dvm_gc_info(  478): [8097879449376147085,-9002548696997578705,-4006931497699411923,7358131]
02-09 18:35:13.402 I/content_update_sample(  604): [content://sms/outbox,update,type = 4,639,,100]
02-09 18:35:13.442 I/binder_sample(  478): [android.content.IContentProvider,3,126,com.google.android.partnersetup,25]
02-09 18:35:13.452 I/dvm_gc_info(  397): [7449358886915888762,-8981437317645379527,-4004116747932305363,7358132]
02-09 18:35:13.493 I/dvm_gc_info(  497): [3347973793971766927,-8965112456358799313,-4006650022722701267,7358131]
02-09 18:35:13.513 I/binder_sample(  497): [com.android.internal.telephony.ITelephony,56,14,com.redbend.vdmc,2]
02-09 18:35:13.563 I/dvm_gc_info(  397): [7449358886915745325,-9056591136427136969,-4004398222909016019,7358132]
02-09 18:35:13.563 I/db_sample(  397): [/data/data/com.google.android.gsf/databases/googlesettings.db,INSERT INTO partner(value, name) VALUES(?, ?);,86,,18]
02-09 18:35:13.593 I/content_update_sample(  478): [content://com.google.settings/partner,insert,,146,com.google.android.partnersetup,30]
02-09 18:35:13.663 I/am_create_service(  230): [1083236616,com.google.android.partnersetup/.AppHiderService,,478]
02-09 18:35:13.773 I/dvm_gc_info(  497): [3347973793971758708,-8980593580077877200,-4006368547745990611,7358131]
02-09 18:35:13.783 I/content_query_sample(  604): [content://mms,thread_id/date/_id/sub/sub_cs,(msg_box=1 AND seen=0 AND (m_type=130 OR m_type=160 OR m_type=161 OR m_type=132)),date desc,176,,36]
02-09 18:35:13.793 I/am_destroy_service(  230): [1083236616,com.google.android.partnersetup/.AppHiderService,478]
02-09 18:35:13.863 I/am_create_service(  230): [1082172792,com.google.android.partnersetup/.RlzPingService,,478]
02-09 18:35:13.873 I/am_proc_start(  230): [634,10046,com.google.android.gm,broadcast,com.google.android.gm/.MailIntentReceiver]
02-09 18:35:13.893 I/dvm_gc_madvise_info(  634): [364544,126976]
02-09 18:35:13.963 I/am_destroy_service(  230): [1082172792,com.google.android.partnersetup/.RlzPingService,478]
02-09 18:35:13.963 I/am_proc_bound(  230): [634,com.google.android.gm]
02-09 18:35:13.993 I/dvm_gc_info(  478): [8097879449376212563,-9033792419395672016,-4006368547745990611,7358131]
02-09 18:35:14.003 I/dvm_gc_madvise_info(  353): [270336,126976]
02-09 18:35:14.003 I/content_query_sample(  604): [content://sms,thread_id/date/address/subject/body/dest_port,(type = 1 AND seen = 0),date desc,35,,8]
02-09 18:35:14.033 I/notification_cancel(  230): [com.android.mms,999,0]
02-09 18:35:14.033 I/am_destroy_service(  230): [1083497688,com.google.android.gsf/.checkin.CheckinService,397]
02-09 18:35:14.043 I/binder_sample(  497): [android.app.IActivityManager,12,59,com.redbend.vdmc,11]
02-09 18:35:14.273 I/dvm_gc_info(  634): [7594245893398808182,-8977215880340559823,-4006368547745990611,7358131]
02-09 18:35:14.283 I/dvm_gc_info(  230): [8320808730291979952,-8972144519237752729,-3982161699748874195,8542164]
02-09 18:35:14.313 I/am_create_service(  230): [1083008096,com.google.android.gm/.MailIntentService,act=android.intent.action.BOOT_COMPLETED,634]
02-09 18:35:14.323 I/am_create_service(  230): [1083408440,com.google.android.gm/.downloadprovider.DownloadService,,634]
02-09 18:35:14.353 I/am_create_service(  230): [1083053024,com.android.email/.service.EmailBroadcastProcessorService,,488]
02-09 18:35:14.363 I/am_create_service(  230): [1082998880,com.android.providers.downloads/.DownloadService,,533]
02-09 18:35:14.373 I/notification_cancel_all(  230): [com.android.providers.downloads,0]
02-09 18:35:14.383 I/am_proc_start(  230): [651,10052,com.dataviz.docstogo,broadcast,com.dataviz.docstogo/com.dataviz.dxtg.common.android.DTGPhoneBootReceiver]
02-09 18:35:14.393 I/am_create_service(  230): [1082936368,com.google.android.gsf/.loginservice.GoogleLoginService,act=android.accounts.AccountAuthenticator,397]
02-09 18:35:14.413 I/dvm_gc_madvise_info(  651): [364544,126976]
02-09 18:35:14.463 I/am_proc_bound(  230): [651,com.dataviz.docstogo]
02-09 18:35:14.544 I/am_destroy_service(  230): [1083008096,com.google.android.gm/.MailIntentService,634]
02-09 18:35:14.564 I/am_destroy_service(  230): [1082936368,com.google.android.gsf/.loginservice.GoogleLoginService,397]
02-09 18:35:14.734 I/content_query_sample(  604): [content://mms,thread_id/date/_id/sub/sub_cs,(msg_box=1 AND read=0 AND (m_type=130 OR m_type=132)),date desc,569,,100]
02-09 18:35:14.784 I/dvm_gc_info(  651): [7237112473726293622,-8964268031411861455,-4006087072769279955,7358131]
02-09 18:35:14.794 I/am_create_service(  230): [1081937712,com.android.email/com.android.exchange.SyncManager,,488]
02-09 18:35:14.824 I/am_proc_died(  230): [651,com.dataviz.docstogo]
02-09 18:35:14.824 I/am_broadcast_discard_app(  230): [1081615336,android.intent.action.BOOT_COMPLETED,29,ResolveInfo{407bdbe8 com.dataviz.dxtg.common.android.DTGPhoneBootReceiver p=0 o=0 m=0x108000}]
02-09 18:35:14.834 I/am_destroy_service(  230): [1083053024,com.android.email/.service.EmailBroadcastProcessorService,488]
02-09 18:35:14.894 I/dvm_gc_info(  394): [7017575181484877436,-8944846120546277325,-4005524122815858643,7358131]
02-09 18:35:14.984 I/db_sample(  533): [/data/data/com.android.providers.downloads/databases/downloads.db,SELECT _id FROM downloads WHERE (status >= '200') ORDER BY lastm,506,,100]
02-09 18:35:14.984 I/content_query_sample(  533): [content://downloads/all_downloads,_id,status >= '200',lastmod,561,,100]
02-09 18:35:15.074 I/am_create_service(  230): [1081703200,com.android.contacts/.LoadGroupService,,394]
02-09 18:35:15.124 I/connectivity_state_changed(  230): 3112
02-09 18:35:15.144 I/am_proc_start(  230): [662,10055,com.android.camera,broadcast,com.android.camera/.BootCamera]
02-09 18:35:15.154 I/dvm_gc_madvise_info(  662): [364544,126976]
02-09 18:35:15.174 I/db_sample(  533): [/data/data/com.android.providers.media/databases/internal.db,SELECT _id, _data, date_modified FROM audio,459,,92]
02-09 18:35:15.204 I/am_proc_bound(  230): [662,com.android.camera]
02-09 18:35:15.284 I/[206002](  634): [ME.openDatabase,16,297,1]
02-09 18:35:15.294 I/dvm_gc_info(  488): [7308604875703653990,-8987911585757403081,-4004679697885726675,7358131]
02-09 18:35:15.314 I/binder_sample(  332): [,1,42,com.android.systemui,8]
02-09 18:35:15.314 I/binder_sample(  346): [,1,78,com.android.phone,15]
02-09 18:35:15.394 I/binder_sample(  394): [android.app.IActivityManager,110,135,android.process.acore,27]
02-09 18:35:15.434 I/am_proc_start(  230): [674,10056,com.android.providers.calendar,broadcast,com.android.providers.calendar/.CalendarReceiver]
02-09 18:35:15.454 I/notification_cancel(  230): [com.android.phone,7,0]
02-09 18:35:15.454 I/notification_cancel(  230): [com.android.phone,7,0]
02-09 18:35:15.454 I/notification_cancel(  230): [com.android.phone,7,0]
02-09 18:35:15.474 I/dvm_gc_madvise_info(  674): [364544,126976]
02-09 18:35:15.484 I/notification_cancel(  230): [com.android.phone,7,0]
02-09 18:35:15.505 I/am_proc_bound(  230): [674,com.android.providers.calendar]
02-09 18:35:15.555 I/am_destroy_service(  230): [1081937712,com.android.email/com.android.exchange.SyncManager,488]
02-09 18:35:15.675 I/[206002](  634): [ME.initialize,38,375,1]
02-09 18:35:15.685 I/binder_sample(  488): [android.app.IActivityManager,110,71,com.android.email,14]
02-09 18:35:15.755 I/notification_cancel(  230): [com.android.mms,123,0]
02-09 18:35:15.795 I/am_destroy_service(  230): [1082998880,com.android.providers.downloads/.DownloadService,533]
02-09 18:35:15.795 I/am_proc_start(  230): [684,10057,com.android.calendar,broadcast,com.android.calendar/.AlertReceiver]
02-09 18:35:15.795 I/am_create_service(  230): [1082709464,com.android.providers.calendar/.EmptyService,,674]
02-09 18:35:15.825 I/dvm_gc_madvise_info(  684): [360448,126976]
02-09 18:35:15.845 I/am_proc_bound(  230): [684,com.android.calendar]
02-09 18:35:15.915 I/am_create_service(  230): [1082832160,com.android.calendar/.AlertService,,684]
02-09 18:35:15.925 I/am_proc_start(  230): [692,1000,com.qualcomm.cabl,broadcast,com.qualcomm.cabl/.CABLReceiver]
02-09 18:35:15.935 I/dvm_gc_madvise_info(  692): [360448,126976]
02-09 18:35:15.955 I/am_proc_bound(  230): [692,com.qualcomm.cabl]
02-09 18:35:15.995 I/am_create_service(  230): [1083248376,com.qualcomm.cabl/.CABLService,act=com.qualcomm.cabl.intent.action.BOOT_COMPLETED,692]
02-09 18:35:15.995 I/am_proc_start(  230): [701,10072,com.spartancoders.gtok,broadcast,com.spartancoders.gtok/com.spartanbits.gochat.GtokBroadcastReceiver]
02-09 18:35:16.005 I/am_destroy_service(  230): [1083248376,com.qualcomm.cabl/.CABLService,692]
02-09 18:35:16.035 I/dvm_gc_madvise_info(  701): [360448,126976]
02-09 18:35:16.055 I/dvm_gc_info(  115): [8825198673194603568,-9133153498474641362,-4006087072769275858,7358131]
02-09 18:35:16.065 I/am_proc_bound(  230): [701,com.spartancoders.gtok]
02-09 18:35:16.125 I/dvm_gc_info(  115): [8825198673194651704,-9222662541068629970,-4006087072769275858,7358131]
02-09 18:35:16.135 I/binder_sample(  684): [android.app.IActivityManager,110,91,com.android.calendar,18]
02-09 18:35:16.135 I/binder_sample(  692): [android.app.IActivityManager,110,29,com.qualcomm.cabl,5]
02-09 18:35:16.155 I/dvm_gc_info(  115): [8825198673194532912,-9222662541068629970,-4006087072769275858,7358131]
02-09 18:35:16.175 I/content_query_sample(  634): [content://gmail-downloads/download,_id,status >= '200',lastmod,1751,,100]
02-09 18:35:16.325 I/am_proc_start(  230): [709,10067,com.google.android.apps.googlevoice,broadcast,com.google.android.apps.googlevoice/.BootUpReceiver]
02-09 18:35:16.325 I/db_sample(  634): [/data/data/com.google.android.gm/databases/XX@YY,SELECT _id, downloadId FROM attachments WHERE (NOT automatic AND,541,,100]
02-09 18:35:16.345 I/am_proc_bound(  230): [709,com.google.android.apps.googlevoice]
02-09 18:35:16.345 I/db_sample(  634): [/data/data/com.google.android.gm/databases/downloads.db,DELETE FROM downloads WHERE ( _id IN () ),0,,1]
02-09 18:35:16.365 I/notification_enqueue(  230): [com.android.mms,123,Notification(vibrate=default,sound=content://settings/system/notification_sound,defaults=0x6,flags=0x1)]
02-09 18:35:16.576 I/am_create_service(  230): [1082596248,com.google.android.apps.googlevoice/.BootUpService,act=android.intent.action.BOOT_COMPLETED,709]
02-09 18:35:16.596 I/content_query_sample(  684): [content://com.android.calendar/calendar_alerts,alarmTime,state=0 AND alarmTime<? AND alarmTime>? AND end>=?,alarmTime ASC,329,,66]
02-09 18:35:16.606 I/am_proc_start(  230): [718,10036,com.google.android.apps.maps:FriendService,broadcast,com.google.android.apps.maps/com.google.googlenav.friend.android.ServiceReceiver]
02-09 18:35:16.786 I/dvm_gc_info(  230): [8320808730291681092,-8925419673103759257,-3981880224772163539,8542164]
02-09 18:35:16.796 I/am_proc_bound(  230): [718,com.google.android.apps.maps:FriendService]
02-09 18:35:16.856 I/binder_sample(  718): [android.app.IActivityManager,17,183,<pre-initialized>,36]
02-09 18:35:16.976 I/[206002](  634): [ME.constructor,82,1983,1]
02-09 18:35:16.996 I/dvm_gc_info(  718): [7881704463071766128,-8983971279764821966,-4006087072769279955,7358131]
02-09 18:35:17.406 I/dvm_gc_info(  718): [7881704463071766070,-9032666313212852169,-4004398222909016019,7358131]
02-09 18:35:17.416 I/dvm_gc_madvise_info(  393): [331776,126976]
02-09 18:35:17.506 I/am_proc_start(  230): [734,10036,com.google.android.apps.maps:NetworkLocationService,service,com.google.android.apps.maps/com.google.android.location.internal.server.NetworkLocationService]
02-09 18:35:17.557 I/am_proc_bound(  230): [734,com.google.android.apps.maps:NetworkLocationService]
02-09 18:35:17.617 I/dvm_gc_madvise_info(  604): [352256,126976]
02-09 18:35:17.707 I/dvm_gc_madvise_info(  346): [245760,126976]
02-09 18:35:17.737 I/binder_sample(  718): [android.location.ILocationManager,15,222,com.google.android.apps.maps:FriendServ,44]
02-09 18:35:17.777 I/am_create_service(  230): [1083581688,com.google.android.apps.maps/com.google.android.location.internal.server.NetworkLocationService,act=com.google.android.location.internal.GMM_NLP,734]
02-09 18:35:17.817 I/content_query_sample(  604): [content://sms/autoSend,_id/thread_id/address/body/status,,date ASC,192,,39]
02-09 18:35:17.837 I/content_query_sample(  604): [content://sms,thread_id/date/address/subject/body/dest_port,(type = 2 AND status = 0),date,1261,,100]
02-09 18:35:17.857 I/binder_sample(  734): [android.app.IActivityManager,17,304,<pre-initialized>,60]
02-09 18:35:17.887 I/binder_sample(  230): [android.app.IApplicationThread,10,27,system_server,5]
02-09 18:35:17.897 I/am_destroy_service(  230): [1082596248,com.google.android.apps.googlevoice/.BootUpService,709]
02-09 18:35:17.937 I/am_proc_start(  230): [746,10043,com.google.android.googlequicksearchbox,broadcast,com.google.android.googlequicksearchbox/.SearchWidgetProvider]
02-09 18:35:18.057 I/dvm_gc_madvise_info(  533): [598016,126976]
02-09 18:35:18.087 I/binder_sample(  718): [android.app.IActivityManager,69,323,com.google.android.apps.maps:FriendServ,64]
02-09 18:35:18.097 I/[206002](  634): [MIS.sendInitialNotifications,121,3741,1]
02-09 18:35:18.097 I/dvm_gc_info(  734): [7881704463071790704,-8983689804788111310,-4006087072769279955,7358131]
02-09 18:35:18.157 I/content_query_sample(  684): [content://com.android.calendar/calendar_alerts,_id/event_id/state/title/eventLocation/selfAttendeeStatus/allDay/alarmTime/minutes/begin/end,(state=? OR state=?) AND alarmTime<=1328834116812,begin DESC, end DESC,1220,,100]
02-09 18:35:18.157 I/am_proc_bound(  230): [746,com.google.android.googlequicksearchbox]
02-09 18:35:18.157 I/binder_sample(  393): [android.app.IActivityManager,16,246,com.android.settings,49]
02-09 18:35:18.467 I/am_kill (  230): [507,com.qualcomm.privinit,12,too many background]
02-09 18:35:18.517 I/am_proc_start(  230): [758,10034,com.google.android.apps.uploader,broadcast,com.google.android.apps.uploader/.ConnectivityBroadcastReceiver]
02-09 18:35:18.527 I/dvm_gc_info(  397): [7449358886915630683,-9007614490479474633,-4004398222909016019,7358131]
02-09 18:35:18.557 I/am_proc_bound(  230): [758,com.google.android.apps.uploader]
02-09 18:35:18.588 I/am_proc_died(  230): [507,com.qualcomm.privinit]
02-09 18:35:18.608 I/dvm_gc_info(  734): [7881704463071938086,-9043643906024028105,-4004398222909016019,7358131]
02-09 18:35:18.608 I/binder_sample(  718): [android.app.IActivityManager,110,271,com.google.android.apps.maps:FriendServ,54]
02-09 18:35:18.618 I/binder_sample(  746): [android.app.IActivityManager,16,152,com.google.android.googlequicksearchbox,30]
02-09 18:35:18.638 I/am_kill (  230): [515,com.cooliris.media,12,too many background]
02-09 18:35:18.638 I/am_create_service(  230): [1083003120,com.google.android.gsf/.checkin.CheckinService,,397]
02-09 18:35:18.658 I/am_create_service(  230): [1083488896,com.google.android.gsf/.gtalkservice.service.GTalkService,act=com.google.android.gtalkservice.IGTalkService,397]
02-09 18:35:18.668 I/gtalkservice(  397): 3
02-09 18:35:18.688 I/am_proc_start(  230): [769,10065,com.facebook.katana,broadcast,com.facebook.katana/.binding.UploadManagerConnectivity]
02-09 18:35:18.728 I/am_proc_bound(  230): [769,com.facebook.katana]
02-09 18:35:18.768 I/am_proc_died(  230): [515,com.cooliris.media]
02-09 18:35:18.858 I/binder_sample(  718): [android.app.IActivityManager,110,119,com.google.android.apps.maps:FriendServ,23]
02-09 18:35:19.018 I/dvm_gc_info(  397): [7449358886915720808,-8995229591504197576,-4004116747932305363,7358131]
02-09 18:35:19.028 I/dvm_gc_madvise_info(  497): [389120,126976]
02-09 18:35:19.048 I/db_sample(  346): [/data/data/com.android.providers.telephony/databases/mmssms.db,SELECT read, seen, address FROM sms WHERE (address = 'Presidenti,713,,100]
02-09 18:35:19.048 I/dvm_gc_madvise_info(  478): [438272,126976]
