02-09 18:44:09.199 I/dvm_gc_info(  341): [7809651225003107919,-8945690476639410122,-3997924298444670931,8546283]
02-09 18:44:14.234 I/dvm_gc_madvise_info(  341): [188416,126976]
02-09 18:44:28.688 I/binder_sample(  341): [android.view.IWindowSession,4,18,com.android.inputmethod.latin,3]
02-09 18:44:30.600 I/notification_cancel(  230): [com.android.phone,111,0]
02-09 18:44:30.640 I/binder_sample(  341): [android.view.IWindowSession,3,12,com.android.inputmethod.latin,2]
02-09 18:44:35.875 I/binder_sample(  346): [com.android.internal.telephony.ITelephonyRegistry,8,9,com.android.phone,1]
02-09 18:44:35.935 I/notification_cancel(  230): [com.android.phone,111,0]
02-09 18:44:36.326 I/notification_cancel(  230): [com.facebook.orca,1,0]
02-09 18:44:36.326 I/notification_cancel(  230): [com.facebook.orca,2,0]
02-09 18:44:36.536 I/battery_level(  230): [93,4113,260]
02-09 18:44:36.646 I/db_sample(  978): [/data/data/com.facebook.orca/databases/threads_db,COMMIT;INSERT OR REPLACE  INTO messages(action_id, text, msg_typ,135,,28]
02-09 18:44:36.666 I/db_sample(  978): [/data/data/com.facebook.orca/databases/prefs_db,INSERT OR REPLACE  INTO preferences(value, type, key) VALUES(?, ,206,,42]
02-09 18:44:37.537 I/db_sample(  978): [/data/data/com.facebook.orca/databases/prefs_db,COMMIT;INSERT OR REPLACE  INTO preferences(value, type, key) VAL,869,,100]
02-09 18:44:38.147 I/db_sample(  978): [/data/data/com.facebook.orca/databases/threads_db,COMMIT;SELECT thread_id, msg_id, action_id, text, sender, timest,119,,24]
02-09 18:44:38.398 I/db_sample(  978): [/data/data/com.facebook.orca/databases/prefs_db,COMMIT;INSERT OR REPLACE  INTO preferences(value, type, key) VAL,77,,16]
02-09 18:44:38.608 I/dvm_gc_info(  978): [3346018819314374456,-8906561880657856420,-3988072674259797971,7964457]
02-09 18:44:38.668 I/db_sample(  978): [/data/data/com.facebook.orca/databases/threads_db,INSERT OR REPLACE  INTO properties(value, key) VALUES(?, ?);,41,,9]
02-09 18:44:38.798 I/db_sample(  978): [/data/data/com.facebook.orca/databases/threads_db,SELECT user_id, first_name, last_name, name, pic_big, pic_square,2,,1]
02-09 18:44:39.058 I/dvm_gc_info(  978): [3346018819314354026,-8905717249569298340,-3988072674259797971,7964456]
02-09 18:44:39.068 I/db_sample(  978): [/data/data/com.facebook.orca/databases/prefs_db,COMMIT;INSERT OR REPLACE  INTO preferences(value, type, key) VAL,149,,30]
02-09 18:44:40.129 I/db_sample(  978): [/data/data/com.facebook.orca/databases/threads_db,INSERT OR REPLACE  INTO properties(value, key) VALUES(?, ?);,1,,1]
02-09 18:44:40.560 I/dvm_gc_info(  978): [3346018819314358091,-8907687574389467043,-3987791199283087315,7964456]
02-09 18:44:41.140 I/notification_cancel(  230): [com.android.phone,111,0]
02-09 18:44:42.732 I/dvm_gc_info(  978): [3346018819314358126,-8906843080739850147,-3987791199283087315,7964456]
02-09 18:44:43.423 I/binder_sample(  230): [com.android.internal.statusbar.IStatusBar,1,5,system_server,1]
02-09 18:44:46.045 I/power_sleep_requested(  230): 0
02-09 18:44:46.285 I/power_screen_state(  230): [0,2,0,0]
02-09 18:44:46.295 I/power_screen_broadcast_send(  230): 1
02-09 18:44:46.295 I/screen_toggled(  230): 0
02-09 18:44:46.295 I/am_pause_activity(  230): [1083451912,com.facebook.orca/.threadview.ThreadViewActivity]
02-09 18:44:46.325 I/notification_cancel(  230): [com.android.phone,111,0]
02-09 18:44:46.325 I/am_on_paused_called(  978): com.facebook.orca.threadview.ThreadViewActivity
02-09 18:44:46.396 I/power_screen_broadcast_done(  230): [0,101,1]
02-09 18:44:46.496 I/am_create_service(  230): [1084243688,com.google.android.gsf/.loginservice.GoogleLoginService,act=android.accounts.AccountAuthenticator,397]
02-09 18:44:46.566 I/am_destroy_service(  230): [1084243688,com.google.android.gsf/.loginservice.GoogleLoginService,397]
02-09 18:44:46.666 I/dvm_gc_info(  397): [7449358886915602042,-8942874970857342914,-4001864948118620115,7358131]
02-09 18:44:46.686 I/dvm_gc_info(  734): [7881704463071762025,-8921764347620829122,-4002146423095330771,7358131]
02-09 18:44:47.807 I/dvm_gc_madvise_info(  978): [204800,126976]
02-09 18:44:51.681 I/dvm_gc_madvise_info(  397): [217088,126976]
02-09 18:44:51.711 I/dvm_gc_madvise_info(  734): [266240,126976]
02-09 18:44:54.504 I/db_sample(  978): [/data/data/com.facebook.orca/databases/threads_db,SELECT thread_id, action_id, last_visible_action_id FROM threads,4,,1]
02-09 18:44:55.664 I/db_sample(  978): [/data/data/com.facebook.orca/databases/threads_db,SELECT thread_id FROM messages WHERE action_id IN (1327690574676,10,,3]
02-09 18:44:58.394 I/c2dm    (  397): [3,0:1328834678872748%36211dfc8d09f249,14,-1]
02-09 18:44:58.444 I/am_create_service(  230): [1084404544,com.facebook.orca/.push.c2dm.C2DMReceiver,act=com.google.android.c2dm.intent.RECEIVE cat=[com.facebook.orca],978]
02-09 18:44:58.514 I/notification_enqueue(  230): [com.facebook.orca,1,Notification(vibrate=[0,200,200,200],sound=null,defaults=0x0,flags=0x1)]
02-09 18:44:58.544 I/am_destroy_service(  230): [1084404544,com.facebook.orca/.push.c2dm.C2DMReceiver,978]
02-09 18:44:58.634 I/dvm_gc_info(  230): [8320808730291693395,-8908249562001463189,-3977939575098214355,8558629]
02-09 18:44:58.724 I/db_sample(  978): [/data/data/com.facebook.orca/databases/prefs_db,COMMIT;INSERT OR REPLACE  INTO preferences(value, type, key) VAL,153,,31]
02-09 18:44:58.974 I/db_sample(  397): [/data/data/com.google.android.gsf/databases/talk.db,COMMIT;INSERT INTO s2dRmqIds(rmq_id) VALUES(?);,282,,57]
02-09 18:44:59.004 I/c2dm    (  397): [3,0:1328834683291748%36211dfc8d09f249,15,-1]
02-09 18:44:59.115 I/am_create_service(  230): [1084394200,com.facebook.orca/.push.c2dm.C2DMReceiver,act=com.google.android.c2dm.intent.RECEIVE cat=[com.facebook.orca],978]
02-09 18:44:59.165 I/notification_enqueue(  230): [com.facebook.orca,1,Notification(vibrate=[0,200,200,200],sound=null,defaults=0x0,flags=0x1)]
02-09 18:44:59.185 I/am_destroy_service(  230): [1084394200,com.facebook.orca/.push.c2dm.C2DMReceiver,978]
02-09 18:44:59.225 I/db_sample(  978): [/data/data/com.facebook.orca/databases/threads_db,INSERT OR REPLACE  INTO properties(value, key) VALUES(?, ?);,92,,19]
02-09 18:44:59.335 I/dvm_gc_info(  978): [3346018819314505440,-8916413229914429346,-3987228249329666003,7964456]
02-09 18:44:59.335 I/db_sample(  978): [/data/data/com.facebook.orca/databases/threads_db,INSERT OR REPLACE  INTO properties(value, key) VALUES(?, ?);,93,,19]
02-09 18:45:01.667 I/dvm_gc_info(  978): [3346018819314349934,-8906842943267301281,-3987228249329666003,7964456]
02-09 18:45:03.299 I/dvm_gc_info(  978): [3346018819314349920,-8906842943250519969,-3986946774352955347,7964456]
02-09 18:45:03.689 I/dvm_gc_madvise_info(  230): [274432,126976]
02-09 18:45:05.584 I/dvm_gc_info(  332): [8320808730292553311,-8956386525838350283,-4002990848025462739,7898919]
02-09 18:45:05.824 I/force_gc(  394): bg
02-09 18:45:05.904 I/dvm_gc_info(  394): [7017575181485184245,-9060250723525113803,-4005242647839147987,7358131]
02-09 18:45:07.195 I/content_update_sample(  397): [content://com.google.android.providers.talk/s2dids,insert,,272,,55]
02-09 18:45:07.215 I/c2dm    (  397): [3,0:1328834691223655%36211dfc8d09f249,16,-1]
02-09 18:45:07.315 I/am_create_service(  230): [1084199712,com.facebook.orca/.push.c2dm.C2DMReceiver,act=com.google.android.c2dm.intent.RECEIVE cat=[com.facebook.orca],978]
02-09 18:45:07.345 I/notification_enqueue(  230): [com.facebook.orca,1,Notification(vibrate=[0,200,200,200],sound=null,defaults=0x0,flags=0x1)]
02-09 18:45:07.355 I/am_destroy_service(  230): [1084199712,com.facebook.orca/.push.c2dm.C2DMReceiver,978]
02-09 18:45:08.166 I/dvm_gc_info(  978): [3346018819314353974,-8910502049161136030,-3985820874446112723,7964456]
02-09 18:45:09.417 I/power_screen_state(  230): [1,3,0,0]
02-09 18:45:09.417 I/power_screen_broadcast_send(  230): 1
02-09 18:45:09.417 I/screen_toggled(  230): 1
02-09 18:45:09.427 I/am_resume_activity(  230): [1083451912,5,com.facebook.orca/.threadview.ThreadViewActivity]
02-09 18:45:09.457 I/am_on_resume_called(  978): com.facebook.orca.threadview.ThreadViewActivity
02-09 18:45:09.537 I/power_screen_broadcast_done(  230): [1,116,1]
02-09 18:45:09.557 I/binder_sample(  332): [com.android.internal.statusbar.IStatusBarService,4,13,com.android.systemui,2]
02-09 18:45:09.637 I/notification_cancel(  230): [com.android.phone,111,0]
02-09 18:45:09.757 I/dvm_gc_info(  346): [8099846449757603444,-8949912395181991881,-4004679697885726675,7358131]
02-09 18:45:09.807 I/binder_sample(  932): [,2,148,com.android.mms,29]
02-09 18:45:10.087 I/dvm_gc_info(  978): [3346018819314349960,-8903183493625018271,-3986383824399534035,7964456]
02-09 18:45:10.598 I/dvm_gc_madvise_info(  332): [212992,126976]
02-09 18:45:10.918 I/dvm_gc_madvise_info(  394): [319488,126976]
02-09 18:45:11.028 I/screen_toggled(  230): 2
02-09 18:45:12.780 I/db_sample(  978): [/data/data/com.facebook.orca/databases/threads_db,COMMIT;INSERT OR REPLACE  INTO thread_users(last_name, first_nam,1494,,100]
02-09 18:45:12.820 I/db_sample(  978): [/data/data/com.facebook.orca/databases/prefs_db,COMMIT;INSERT OR REPLACE  INTO preferences(value, type, key) VAL,3560,,100]
02-09 18:45:13.170 I/dvm_gc_info(  978): [3346018819314394961,-8907405618258851741,-3985539399469402067,7964456]
02-09 18:45:14.782 I/dvm_gc_madvise_info(  346): [208896,126976]
02-09 18:45:16.594 I/binder_sample(  346): [android.os.INetStatService,2,7,com.android.phone,1]
02-09 18:45:18.065 I/notification_cancel(  230): [com.facebook.orca,1,0]
02-09 18:45:18.095 I/notification_cancel(  230): [com.facebook.orca,2,0]
02-09 18:45:18.195 I/dvm_gc_madvise_info(  978): [225280,126976]
02-09 18:45:18.355 I/dvm_gc_info(  341): [7809651225003427371,-9012400046119839691,-3997924298444670931,8538110]
02-09 18:45:23.400 I/dvm_gc_madvise_info(  341): [233472,126976]
02-09 18:45:25.923 I/binder_sample(  341): [android.view.IWindowSession,4,17,com.android.inputmethod.latin,3]
02-09 18:45:27.144 I/notification_cancel(  230): [com.android.phone,111,0]
02-09 18:45:27.144 I/binder_sample(  341): [android.view.IWindowSession,4,45,com.android.inputmethod.latin,9]
02-09 18:45:31.148 I/binder_sample(  341): [android.view.IWindowSession,3,8,com.android.inputmethod.latin,1]
02-09 18:45:32.259 I/notification_cancel(  230): [com.android.phone,111,0]
02-09 18:45:32.760 I/binder_sample(  341): [android.view.IWindowSession,4,26,com.android.inputmethod.latin,5]
02-09 18:45:33.390 I/notification_cancel(  230): [com.android.phone,111,0]
02-09 18:45:33.450 I/notification_cancel(  230): [com.facebook.orca,1,0]
02-09 18:45:33.450 I/notification_cancel(  230): [com.facebook.orca,2,0]
02-09 18:45:33.760 I/db_sample(  978): [/data/data/com.facebook.orca/databases/threads_db,COMMIT;INSERT OR REPLACE  INTO messages(action_id, text, msg_typ,117,,24]
02-09 18:45:33.861 I/db_sample(  978): [/data/data/com.facebook.orca/databases/prefs_db,COMMIT;INSERT OR REPLACE  INTO preferences(value, type, key) VAL,275,,56]
02-09 18:45:35.622 I/dvm_gc_info(  978): [3346018819314399147,-8898961300238137248,-3986665299376244691,7964457]
02-09 18:45:36.143 I/dvm_gc_info(  978): [3346018819314354026,-8905998174655895456,-3986665299376244691,7964456]
02-09 18:45:37.674 I/dvm_gc_info(  978): [3346018819314349916,-8906842599585994655,-3986102349422823379,7964456]
02-09 18:45:39.316 I/db_sample(  978): [/data/data/com.facebook.orca/databases/threads_db,SELECT user_id, first_name, last_name, name, pic_big, pic_square,1,,1]
02-09 18:45:39.736 I/dvm_gc_info(  978): [3346018819314394982,-8905435224702437279,-3986102349422823379,7964456]
