02-09 18:22:54.355 D/ConnectivityService(27162): ConnectivityChange for mobile: CONNECTED/CONNECTED
02-09 18:22:54.355 D/ConnectivityService(27162): Got Network Connection Succ from Driver nwtype=0
02-09 18:22:54.355 D/ConnectivityService(27162): adding dns 68.28.67.132 for mobile
02-09 18:22:54.355 D/ConnectivityService(27162): adding dns 68.28.68.132 for mobile
02-09 18:22:54.365 D/NetdConnector(27162): SND -> {route replace def v4 rmnet0 70.5.41.225} {null}
02-09 18:22:54.375 I/TelephonyRegistry(27162): notifyDataConnection: anyState=2,mms/INET,apnTypeState=2,iface=rmnet0,ip=70.5.41.227,gw=70.5.41.225,isDataConnectivityPossible=true,networkType=6,reason=2GVoiceCallEnded
02-09 18:22:54.385 I/TelephonyRegistry(27162): notifyDataConnection: anyState=2,mms/INET6,apnTypeState=0,iface=null,ip=null,gw=null,isDataConnectivityPossible=true,networkType=6,reason=2GVoiceCallEnded
02-09 18:22:54.445 I/TelephonyRegistry(27162): notifyDataConnection: anyState=2,supl/INET,apnTypeState=2,iface=rmnet0,ip=70.5.41.227,gw=70.5.41.225,isDataConnectivityPossible=true,networkType=6,reason=2GVoiceCallEnded
02-09 18:22:54.485 D/NetdConnector(27162): RCV <- {200 default route replace succeeded for [rmnet0 -4]}
02-09 18:22:54.485 D/NetdConnector(27162): RSP <- {200 default route replace succeeded for [rmnet0 -4]}
02-09 18:22:54.485 D/NetworkManagementService(27162): 200 default route replace succeeded for [rmnet0 -4]
02-09 18:22:54.495 D/StatusBarPolicy(27220): Data network type changed to:6
02-09 18:22:54.505 D/StatusBarPolicy(27220): updateDataIcon subscription =0
02-09 18:22:54.505 I/TelephonyRegistry(27162): notifyDataConnection: anyState=2,supl/INET6,apnTypeState=0,iface=null,ip=null,gw=null,isDataConnectivityPossible=true,networkType=6,reason=2GVoiceCallEnded
02-09 18:22:54.515 D/StatusBarPolicy(27220): updateSignalStrength on subscription :0
02-09 18:22:54.515 D/StatusBarPolicy(27220): StatusBarPolocy::getIconLevel -EVDO
02-09 18:22:54.515 D/StatusBarPolicy(27220): getEvdoLevel_band_six -evdoDbm:-120
02-09 18:22:54.515 D/StatusBarPolicy(27220): getEvdoLevel_band_six -evdoEcio:-315
02-09 18:22:54.545 I/TelephonyRegistry(27162): notifyDataConnection: anyState=2,dun/INET,apnTypeState=0,iface=null,ip=null,gw=null,isDataConnectivityPossible=true,networkType=6,reason=2GVoiceCallEnded
02-09 18:22:54.555 I/TelephonyRegistry(27162): notifyDataConnection: anyState=2,dun/INET6,apnTypeState=0,iface=null,ip=null,gw=null,isDataConnectivityPossible=true,networkType=6,reason=2GVoiceCallEnded
02-09 18:22:54.565 I/TelephonyRegistry(27162): notifyDataConnection: anyState=2,hipri/INET,apnTypeState=2,iface=rmnet0,ip=70.5.41.227,gw=70.5.41.225,isDataConnectivityPossible=true,networkType=6,reason=2GVoiceCallEnded
02-09 18:22:54.615 I/TelephonyRegistry(27162): notifyDataConnection: anyState=2,hipri/INET6,apnTypeState=0,iface=null,ip=null,gw=null,isDataConnectivityPossible=true,networkType=6,reason=2GVoiceCallEnded
02-09 18:22:54.765 D/StatusBarPolicy(27220): onSignalStrengthsChanged:SignalStrength: 99 0 -96 -95 -125 -25 8 99 2147483647 2147483647 2147483647 2147483647 cdma for subscription0
02-09 18:22:54.765 D/StatusBarPolicy(27220): updateSignalStrength on subscription :0
02-09 18:22:54.816 D/StatusBarPolicy(27220): StatusBarPolocy::getIconLevel -EVDO
02-09 18:22:54.816 D/StatusBarPolicy(27220): getEvdoLevel_band_six -evdoDbm:-125
02-09 18:22:54.816 D/StatusBarPolicy(27220): getEvdoLevel_band_six -evdoEcio:-25
02-09 18:22:54.846 I/TelephonyRegistry(27162): notifyServiceState: 0 home Sprint  310099  EvDo rev. A CSS not supported 41 4139RoamInd: 1RoamStatus(sprint): 1DefRoamInd: 160EmergOnly: false
02-09 18:22:54.856 D/StatusBarPolicy(27220): onServiceStateChanged:0 home Sprint  310099  EvDo rev. A CSS not supported 41 4139RoamInd: 1RoamStatus(sprint): 1DefRoamInd: 160EmergOnly: falsefor subscription :0
02-09 18:22:54.856 D/StatusBarPolicy(27220): updateSignalStrength on subscription :0
02-09 18:22:54.866 D/StatusBarPolicy(27220): StatusBarPolocy::getIconLevel -EVDO
02-09 18:22:54.866 D/StatusBarPolicy(27220): getEvdoLevel_band_six -evdoDbm:-125
02-09 18:22:54.866 D/StatusBarPolicy(27220): getEvdoLevel_band_six -evdoEcio:-25
02-09 18:22:54.876 D/StatusBarPolicy(27220): updateDataIcon subscription =0
02-09 18:22:54.886 I/TelephonyRegistry(27162): notifyServiceState: 0 home Sprint  310099  1xRTT CSS not supported 41 4139RoamInd: 1RoamStatus(sprint): 1DefRoamInd: 160EmergOnly: false
02-09 18:22:54.926 D/StatusBarPolicy(27220): onServiceStateChanged:0 home Sprint  310099  1xRTT CSS not supported 41 4139RoamInd: 1RoamStatus(sprint): 1DefRoamInd: 160EmergOnly: falsefor subscription :0
02-09 18:22:54.926 D/StatusBarPolicy(27220): updateSignalStrength on subscription :0
02-09 18:22:54.926 D/StatusBarPolicy(27220): StatusBarPolocy::getIconLevel -CDMA
02-09 18:22:54.926 D/StatusBarPolicy(27220): getCdmaLevel_band_six -cdmaDbm:-96
02-09 18:22:54.926 D/StatusBarPolicy(27220): getCdmaLevel_band_six -cdmaEcio:-95
02-09 18:22:54.926 D/StatusBarPolicy(27220): updateDataIcon subscription =0
02-09 18:22:55.026 I/TelephonyRegistry(27162): notifyDataConnection: anyState=2,default/INET,apnTypeState=2,iface=rmnet0,ip=70.5.41.227,gw=70.5.41.225,isDataConnectivityPossible=true,networkType=7,reason=radioTechnologyChanged
02-09 18:22:55.026 D/StatusBarPolicy(27220): StatusBarPolicy onDataConnectionStateChanged to 2for nw : 7on subscription : 0
02-09 18:22:55.026 D/StatusBarPolicy(27220): Data network type changed to:7
02-09 18:22:55.026 D/StatusBarPolicy(27220): updateDataIcon subscription =0
02-09 18:22:55.046 I/TelephonyRegistry(27162): notifyDataConnection: anyState=2,default/INET6,apnTypeState=0,iface=null,ip=null,gw=null,isDataConnectivityPossible=true,networkType=7,reason=radioTechnologyChanged
02-09 18:22:55.076 I/TelephonyRegistry(27162): notifyDataConnection: anyState=2,mms/INET,apnTypeState=2,iface=rmnet0,ip=70.5.41.227,gw=70.5.41.225,isDataConnectivityPossible=true,networkType=7,reason=radioTechnologyChanged
02-09 18:22:55.086 I/TelephonyRegistry(27162): notifyDataConnection: anyState=2,mms/INET6,apnTypeState=0,iface=null,ip=null,gw=null,isDataConnectivityPossible=true,networkType=7,reason=radioTechnologyChanged
02-09 18:22:55.096 I/TelephonyRegistry(27162): notifyDataConnection: anyState=2,supl/INET,apnTypeState=2,iface=rmnet0,ip=70.5.41.227,gw=70.5.41.225,isDataConnectivityPossible=true,networkType=7,reason=radioTechnologyChanged
02-09 18:22:55.136 I/TelephonyRegistry(27162): notifyDataConnection: anyState=2,supl/INET6,apnTypeState=0,iface=null,ip=null,gw=null,isDataConnectivityPossible=true,networkType=7,reason=radioTechnologyChanged
02-09 18:22:55.146 I/TelephonyRegistry(27162): notifyDataConnection: anyState=2,dun/INET,apnTypeState=0,iface=null,ip=null,gw=null,isDataConnectivityPossible=true,networkType=7,reason=radioTechnologyChanged
02-09 18:22:55.156 I/TelephonyRegistry(27162): notifyDataConnection: anyState=2,dun/INET6,apnTypeState=0,iface=null,ip=null,gw=null,isDataConnectivityPossible=true,networkType=7,reason=radioTechnologyChanged
02-09 18:22:55.176 I/TelephonyRegistry(27162): notifyDataConnection: anyState=2,hipri/INET,apnTypeState=2,iface=rmnet0,ip=70.5.41.227,gw=70.5.41.225,isDataConnectivityPossible=true,networkType=7,reason=radioTechnologyChanged
02-09 18:22:55.196 I/TelephonyRegistry(27162): notifyDataConnection: anyState=2,hipri/INET6,apnTypeState=0,iface=null,ip=null,gw=null,isDataConnectivityPossible=true,networkType=7,reason=radioTechnologyChanged
02-09 18:22:55.366 D/RPC     (27162): 3000008c:00050000 sending call (XID 73).
02-09 18:22:55.376 D/RPC     (27162): 3000008c:00050000 received REPLY (XID 73), grabbing mutex to wake up client.
02-09 18:22:55.376 D/RPC     (27162): 3000008c:00050000 call success.
02-09 18:22:55.376 D/RPC     (27162): 3000008c:00050000 received CALL.
02-09 18:22:55.376 D/RPC     (27162): 3000008c:00050000 dispatching RPC call (XID 5867, xdr 0x3f7fe0) for callback client 3100008c:00050001.
02-09 18:22:55.376 D/RPC     (27162): 3100008c:327681 sending RPC reply (XID 5867)
02-09 18:22:55.376 D/RPC     (27162): 3000008c:00050000 sending call (XID 74).
02-09 18:22:55.376 D/RPC     (27162): 3000008c:00050000 received REPLY (XID 74), grabbing mutex to wake up client.
02-09 18:22:55.386 D/RPC     (27162): 3000008c:00050000 call success.
02-09 18:22:55.416 D/RPC     (27162): 3000008c:00050000 received CALL.
02-09 18:22:55.416 D/RPC     (27162): 3000008c:00050000 dispatching RPC call (XID 5868, xdr 0x3f7fe0) for callback client 3100008c:00050001.
02-09 18:22:55.416 D/RPC     (27162): 3100008c:327681 sending RPC reply (XID 5868)
02-09 18:22:55.806 I/ActivityManager(27162): moveTaskToBack: 10
02-09 18:22:55.857 D/PowerManagerService(27162): setTimeoutLocked now=98565639 timeoutOverride=-1 nextState=3 when=98571639
02-09 18:22:55.867 W/WindowManager(27162): updateFocusedWindowLocked newFocus=Window{40b536d8 com.android.phone/com.android.phone.InCallScreen paused=true} mode=3 mCurrentFocus = Window{40b536d8 com.android.phone/com.android.phone.InCallScreen paused=true}
02-09 18:22:55.877 W/WindowManager(27162): updateFocusedWindowLocked newFocus=null mode=0 mCurrentFocus = Window{40b536d8 com.android.phone/com.android.phone.InCallScreen paused=true}
02-09 18:22:55.927 W/WindowManager(27162): updateFocusedWindowLocked newFocus=null mode=3 mCurrentFocus = null
02-09 18:22:55.947 W/InputManagerService(27162): Starting input on non-focused client com.android.internal.view.IInputMethodClient$Stub$Proxy@409943b0 (uid=10033 pid=27733)
02-09 18:22:55.967 W/WindowManager(27162): updateFocusedWindowLocked newFocus=null mode=3 mCurrentFocus = null
02-09 18:22:56.207 W/WindowManager(27162): updateFocusedWindowLocked newFocus=null mode=2 mCurrentFocus = null
02-09 18:22:56.207 W/WindowManager(27162): updateFocusedWindowLocked newFocus=Window{4052bfc8 com.android.mms/com.android.mms.ui.ComposeMessageActivity paused=false} mode=2 mCurrentFocus = null
02-09 18:22:56.237 W/WindowManager(27162): updateFocusedWindowLocked newFocus=Window{4052bfc8 com.android.mms/com.android.mms.ui.ComposeMessageActivity paused=false} mode=3 mCurrentFocus = Window{4052bfc8 com.android.mms/com.android.mms.ui.ComposeMessageActivity paused=false}
02-09 18:22:56.277 D/StatusBarPolicy(27220): updateDataIcon subscription =0
02-09 18:22:56.297 I/ActivityManager(27162): moveTaskToBack: 10
02-09 18:22:56.297 W/WindowManager(27162): updateFocusedWindowLocked newFocus=Window{4052bfc8 com.android.mms/com.android.mms.ui.ComposeMessageActivity paused=false} mode=3 mCurrentFocus = Window{4052bfc8 com.android.mms/com.android.mms.ui.ComposeMessageActivity paused=false}
02-09 18:22:56.327 D/WifiService(27162): ACTION_SCREEN_OFF
02-09 18:22:56.337 D/WifiService(27162): setting ACTION_DEVICE_IDLE timer for 120,000 ms
02-09 18:22:56.657 D/PowerManagerService(27162): setTimeoutLocked now=98566434 timeoutOverride=-1 nextState=0 when=98573434
02-09 18:22:56.687 W/WindowManager(27162): updateFocusedWindowLocked newFocus=Window{407266a8 Keyguard paused=false} mode=3 mCurrentFocus = Window{4052bfc8 com.android.mms/com.android.mms.ui.ComposeMessageActivity paused=false}
02-09 18:22:56.817 W/WindowManager(27162): updateFocusedWindowLocked newFocus=Window{407266a8 Keyguard paused=false} mode=3 mCurrentFocus = Window{407266a8 Keyguard paused=false}
02-09 18:22:56.858 W/WindowManager(27162): updateFocusedWindowLocked newFocus=Window{407266a8 Keyguard paused=false} mode=3 mCurrentFocus = Window{407266a8 Keyguard paused=false}
02-09 18:22:59.600 D/WifiService(27162): acquireWifiLockLocked: WifiLock{NetworkLocationLocator type=2 binder=android.os.BinderProxy@40cac700}
02-09 18:22:59.600 D/WifiService(27162): WifiHandler, MESSAGE_UPDATE_STATE
02-09 18:22:59.600 D/WifiService(27162): isAirplaneModeOn(): false
02-09 18:22:59.600 D/WifiService(27162): updateWifiState(), wifiEnabled: true, airplaneMode: false, wifiShouldBeEnabled: true, wifiShouldBeStarted: true, strongestLockMode: 1
02-09 18:22:59.610 D/WifiService(27162): WifiHandler, MESSAGE_ENABLE_WIFI, msg.arg1: 0, msg.arg2: 1000
02-09 18:22:59.650 D/WifiService(27162): WifiHandler, MESSAGE_START_WIFI, msg.arg1: 1
02-09 18:22:59.720 D/RPC     (27162): 3000008c:00050000 sending call (XID 75).
02-09 18:22:59.740 D/RPC     (27162): 3000008c:00050000 received REPLY (XID 75), grabbing mutex to wake up client.
02-09 18:22:59.740 D/RPC     (27162): 3000008c:00050000 waiting for XDR input buffer to be consumed.
02-09 18:22:59.740 D/RPC     (27162): 3000008c:00050000 call success.
02-09 18:22:59.740 D/RPC     (27162): 3000008c:00050000 received CALL.
02-09 18:22:59.740 D/RPC     (27162): 3000008c:00050000 dispatching RPC call (XID 5871, xdr 0x3f7fe0) for callback client 3100008c:00050001.
02-09 18:22:59.740 D/RPC     (27162): 3100008c:327681 sending RPC reply (XID 5871)
02-09 18:23:00.001 D/AlarmManager(27162): scheduleTimeTickEvent calendar=Thu Feb 09 18:24:00 CST 2012
02-09 18:23:00.001 D/AlarmManager(27162): calendar.getTimeInMillis()1328833440000
02-09 18:23:00.881 W/WifiScan(27162): misformatted scan result for: 00:a0:f8:d8:4f:e1	2462	195	[WPA-PSK-TKIP]				
02-09 18:23:00.881 W/WifiScan(27162): misformatted scan result for: 00:a0:f8:e0:b3:59	2412	194	[WPA-PSK-TKIP]				
02-09 18:23:00.881 W/WifiScan(27162): misformatted scan result for: 00:a0:f8:d8:4f:e3	2462	191	[WPA-PSK-TKIP]				
02-09 18:23:00.891 W/WifiScan(27162): misformatted scan result for: 00:a0:f8:e0:ab:11	2437	186	[WPA-PSK-TKIP]				
02-09 18:23:00.891 W/WifiScan(27162): misformatted scan result for: 00:a0:f8:e0:b3:5b	2412	183	[WPA-PSK-TKIP]				
02-09 18:23:00.901 W/WifiScan(27162): misformatted scan result for: 00:a0:f8:e0:ab:13	2437	182	[WPA-PSK-TKIP]				
02-09 18:23:00.901 W/WifiScan(27162): misformatted scan result for: 00:a0:f8:e0:a9:65	2462	178	[WPA-PSK-TKIP]				
02-09 18:23:00.901 W/WifiScan(27162): misformatted scan result for: 00:a0:f8:e0:a9:67	2462	176	[WPA-PSK-TKIP]				
02-09 18:23:00.931 W/WifiScan(27162): misformatted scan result for: 00:a0:f8:d8:4f:e1	2462	195	[WPA-PSK-TKIP]				
02-09 18:23:00.931 W/WifiScan(27162): misformatted scan result for: 00:a0:f8:e0:b3:59	2412	194	[WPA-PSK-TKIP]				
02-09 18:23:00.931 W/WifiScan(27162): misformatted scan result for: 00:a0:f8:d8:4f:e3	2462	191	[WPA-PSK-TKIP]				
02-09 18:23:00.942 W/WifiScan(27162): misformatted scan result for: 00:a0:f8:e0:ab:11	2437	186	[WPA-PSK-TKIP]				
02-09 18:23:00.942 W/WifiScan(27162): misformatted scan result for: 00:a0:f8:e0:b3:5b	2412	183	[WPA-PSK-TKIP]				
02-09 18:23:00.942 W/WifiScan(27162): misformatted scan result for: 00:a0:f8:e0:ab:13	2437	182	[WPA-PSK-TKIP]				
02-09 18:23:00.942 W/WifiScan(27162): misformatted scan result for: 00:a0:f8:e0:a9:65	2462	178	[WPA-PSK-TKIP]				
02-09 18:23:00.952 W/WifiScan(27162): misformatted scan result for: 00:a0:f8:e0:a9:67	2462	176	[WPA-PSK-TKIP]				
02-09 18:23:02.813 D/WifiService(27162): releaseWifiLockLocked: WifiLock{NetworkLocationLocator type=2 binder=android.os.BinderProxy@40cac700}
02-09 18:23:02.813 D/WifiService(27162): WifiHandler, MESSAGE_UPDATE_STATE
02-09 18:23:02.813 D/WifiService(27162): isAirplaneModeOn(): false
02-09 18:23:02.813 D/WifiService(27162): updateWifiState(), wifiEnabled: true, airplaneMode: false, wifiShouldBeEnabled: true, wifiShouldBeStarted: true, strongestLockMode: 1
02-09 18:23:02.813 D/WifiService(27162): WifiHandler, MESSAGE_UPDATE_STATE
02-09 18:23:02.813 D/WifiService(27162): isAirplaneModeOn(): false
02-09 18:23:02.813 D/WifiService(27162): updateWifiState(), wifiEnabled: true, airplaneMode: false, wifiShouldBeEnabled: true, wifiShouldBeStarted: true, strongestLockMode: 1
02-09 18:23:02.813 D/WifiService(27162): WifiHandler, MESSAGE_ENABLE_WIFI, msg.arg1: 0, msg.arg2: 1000
02-09 18:23:02.813 D/WifiService(27162): WifiHandler, MESSAGE_START_WIFI, msg.arg1: 1
02-09 18:23:02.813 D/WifiService(27162): WifiHandler, MESSAGE_ENABLE_WIFI, msg.arg1: 0, msg.arg2: 1000
02-09 18:23:02.813 D/WifiService(27162): WifiHandler, MESSAGE_START_WIFI, msg.arg1: 1
02-09 18:23:02.823 D/RPC     (27162): 3000008c:00050000 sending call (XID 76).
02-09 18:23:02.823 D/RPC     (27162): 3000008c:00050000 received REPLY (XID 76), grabbing mutex to wake up client.
02-09 18:23:02.823 D/RPC     (27162): 3000008c:00050000 call success.
02-09 18:23:02.823 D/RPC     (27162): 3000008c:00050000 received CALL.
02-09 18:23:02.823 D/RPC     (27162): 3000008c:00050000 dispatching RPC call (XID 5872, xdr 0x3f7fe0) for callback client 3100008c:00050001.
02-09 18:23:02.823 D/RPC     (27162): 3100008c:327681 sending RPC reply (XID 5872)
02-09 18:23:07.908 W/WifiScan(27162): misformatted scan result for: 00:a0:f8:d8:4f:e1	2462	191	[WPA-PSK-TKIP]				
02-09 18:23:07.908 W/WifiScan(27162): misformatted scan result for: 00:a0:f8:e0:b3:59	2412	189	[WPA-PSK-TKIP]				
02-09 18:23:07.908 W/WifiScan(27162): misformatted scan result for: 00:a0:f8:e0:b3:5b	2412	186	[WPA-PSK-TKIP]				
02-09 18:23:07.908 W/WifiScan(27162): misformatted scan result for: 00:a0:f8:e0:ab:11	2437	185	[WPA-PSK-TKIP]				
02-09 18:23:07.908 W/WifiScan(27162): misformatted scan result for: 00:a0:f8:e0:ab:13	2437	184	[WPA-PSK-TKIP]				
02-09 18:23:07.908 W/WifiScan(27162): misformatted scan result for: 00:a0:f8:e0:a9:67	2462	179	[WPA-PSK-TKIP]				
02-09 18:23:07.908 W/WifiScan(27162): misformatted scan result for: 00:a0:f8:e0:a9:65	2462	179	[WPA-PSK-TKIP]				
02-09 18:23:07.908 W/WifiScan(27162): misformatted scan result for: 00:a0:f8:d8:4f:e3	2462	184	[WPA-PSK-TKIP]				
02-09 18:23:07.908 W/WifiScan(27162): misformatted scan result for: 00:a0:f8:d8:4f:e1	2462	191	[WPA-PSK-TKIP]				
02-09 18:23:07.908 W/WifiScan(27162): misformatted scan result for: 00:a0:f8:e0:b3:59	2412	189	[WPA-PSK-TKIP]				
02-09 18:23:07.908 W/WifiScan(27162): misformatted scan result for: 00:a0:f8:e0:b3:5b	2412	186	[WPA-PSK-TKIP]				
02-09 18:23:07.908 W/WifiScan(27162): misformatted scan result for: 00:a0:f8:e0:ab:11	2437	185	[WPA-PSK-TKIP]				
02-09 18:23:07.908 W/WifiScan(27162): misformatted scan result for: 00:a0:f8:e0:ab:13	2437	184	[WPA-PSK-TKIP]				
02-09 18:23:07.908 W/WifiScan(27162): misformatted scan result for: 00:a0:f8:e0:a9:67	2462	179	[WPA-PSK-TKIP]				
02-09 18:23:07.908 W/WifiScan(27162): misformatted scan result for: 00:a0:f8:e0:a9:65	2462	179	[WPA-PSK-TKIP]				
02-09 18:23:07.908 W/WifiScan(27162): misformatted scan result for: 00:a0:f8:d8:4f:e3	2462	184	[WPA-PSK-TKIP]				
02-09 18:23:08.709 D/ConnectivityService(27162): reportNetworkCondition(0, 100)
02-09 18:23:08.709 D/ConnectivityService(27162): Inet connectivity change, net=0, condition=100,mActiveDefaultNetwork=0
02-09 18:23:08.709 D/ConnectivityService(27162): starting a change hold
02-09 18:23:09.200 D/ConnectivityService(27162): Inet hold end, net=0, condition =100, published condition =0
02-09 18:23:09.200 D/StatusBarPolicy(27220): Data network type changed to:7
02-09 18:23:09.200 D/StatusBarPolicy(27220): updateDataIcon subscription =0
02-09 18:23:09.200 D/StatusBarPolicy(27220): updateSignalStrength on subscription :0
02-09 18:23:09.200 D/StatusBarPolicy(27220): StatusBarPolocy::getIconLevel -CDMA
02-09 18:23:09.200 D/StatusBarPolicy(27220): getCdmaLevel_band_six -cdmaDbm:-96
02-09 18:23:09.200 D/StatusBarPolicy(27220): getCdmaLevel_band_six -cdmaEcio:-95
02-09 18:24:55.522 D/AlarmManager(27162): scheduleTimeTickEvent calendar=Thu Feb 09 18:25:00 CST 2012
02-09 18:24:55.522 D/AlarmManager(27162): calendar.getTimeInMillis()1328833500000
02-09 18:24:55.542 D/WifiService(27162): ACTION_BATTERY_CHANGED pluggedType: 0
02-09 18:24:55.542 D/WifiService(27162): WifiHandler, MESSAGE_UPDATE_STATE
02-09 18:24:55.542 D/WifiService(27162): isAirplaneModeOn(): false
02-09 18:24:55.542 D/WifiService(27162): updateWifiState(), wifiEnabled: true, airplaneMode: false, wifiShouldBeEnabled: true, wifiShouldBeStarted: true, strongestLockMode: 1
02-09 18:24:55.542 D/WifiService(27162): WifiHandler, MESSAGE_ENABLE_WIFI, msg.arg1: 0, msg.arg2: 1000
02-09 18:24:55.542 D/WifiService(27162): WifiHandler, MESSAGE_START_WIFI, msg.arg1: 1
02-09 18:24:55.582 D/WifiService(27162): acquireWifiLockLocked: WifiLock{NetworkLocationPassiveCollector type=2 binder=android.os.BinderProxy@40bbd0d8}
02-09 18:24:55.582 D/WifiService(27162): WifiHandler, MESSAGE_UPDATE_STATE
02-09 18:24:55.582 D/WifiService(27162): isAirplaneModeOn(): false
02-09 18:24:55.582 D/WifiService(27162): updateWifiState(), wifiEnabled: true, airplaneMode: false, wifiShouldBeEnabled: true, wifiShouldBeStarted: true, strongestLockMode: 1
02-09 18:24:55.582 D/WifiService(27162): WifiHandler, MESSAGE_ENABLE_WIFI, msg.arg1: 0, msg.arg2: 1000
02-09 18:24:55.592 D/WifiService(27162): WifiHandler, MESSAGE_START_WIFI, msg.arg1: 1
02-09 18:24:56.332 D/WifiService(27162): got ACTION_DEVICE_IDLE
02-09 18:24:56.332 D/WifiService(27162): WifiHandler, MESSAGE_UPDATE_STATE
02-09 18:24:56.332 D/WifiService(27162): isAirplaneModeOn(): false
02-09 18:24:56.332 D/WifiService(27162): updateWifiState(), wifiEnabled: true, airplaneMode: false, wifiShouldBeEnabled: true, wifiShouldBeStarted: true, strongestLockMode: 2
02-09 18:24:56.332 D/WifiService(27162): WifiHandler, MESSAGE_ENABLE_WIFI, msg.arg1: 0, msg.arg2: 1000
02-09 18:24:56.332 D/WifiService(27162): WifiHandler, MESSAGE_START_WIFI, msg.arg1: 2
02-09 18:24:57.423 D/ConnectivityService(27162): Dropping ConnectivityChange for WIFI: DISCONNECTED/IDLE
02-09 18:24:57.443 W/WifiScan(27162): misformatted scan result for: 00:a0:f8:d8:4f:e3	2462	199	[WPA-PSK-TKIP]				
02-09 18:24:57.443 W/WifiScan(27162): misformatted scan result for: 00:a0:f8:e0:b3:59	2412	180	[WPA-PSK-TKIP]				
02-09 18:24:57.443 W/WifiScan(27162): misformatted scan result for: 00:a0:f8:e0:b3:5b	2412	180	[WPA-PSK-TKIP]				
02-09 18:24:57.443 W/WifiScan(27162): misformatted scan result for: 00:a0:f8:e0:a9:65	2462	180	[WPA-PSK-TKIP]				
02-09 18:24:57.443 W/WifiScan(27162): misformatted scan result for: 00:a0:f8:e0:a9:67	2462	178	[WPA-PSK-TKIP]				
02-09 18:24:57.443 W/WifiScan(27162): misformatted scan result for: 00:a0:f8:e0:ab:13	2437	173	[WPA-PSK-TKIP]				
02-09 18:24:57.443 W/WifiScan(27162): misformatted scan result for: 00:a0:f8:e0:ab:11	2437	172	[WPA-PSK-TKIP]				
02-09 18:24:57.443 W/WifiScan(27162): misformatted scan result for: 00:15:70:24:e5:e9	2412	168	[WPA-PSK-TKIP]				
02-09 18:24:57.443 W/WifiScan(27162): misformatted scan result for: 00:15:70:24:e5:ea	2412	168	[WPA-PSK-TKIP]				
02-09 18:24:57.443 W/WifiScan(27162): misformatted scan result for: 00:15:70:24:e5:e8	2412	167	[WPA-PSK-TKIP]				
02-09 18:24:57.443 W/WifiScan(27162): misformatted scan result for: 00:15:70:24:e5:eb	2412	166	[WPA-PSK-TKIP][WPA2-PSK-TKIP]				
02-09 18:24:57.443 W/WifiScan(27162): misformatted scan result for: 00:a0:f8:d8:4f:e1	2462	199	[WPA-PSK-TKIP]				
02-09 18:24:57.453 W/WifiScan(27162): misformatted scan result for: 00:a0:f8:d8:4f:e3	2462	199	[WPA-PSK-TKIP]				
02-09 18:24:57.453 W/WifiScan(27162): misformatted scan result for: 00:a0:f8:e0:b3:59	2412	180	[WPA-PSK-TKIP]				
02-09 18:24:57.453 W/WifiScan(27162): misformatted scan result for: 00:a0:f8:e0:b3:5b	2412	180	[WPA-PSK-TKIP]				
02-09 18:24:57.453 W/WifiScan(27162): misformatted scan result for: 00:a0:f8:e0:a9:65	2462	180	[WPA-PSK-TKIP]				
02-09 18:24:57.453 W/WifiScan(27162): misformatted scan result for: 00:a0:f8:e0:a9:67	2462	178	[WPA-PSK-TKIP]				
02-09 18:24:57.453 W/WifiScan(27162): misformatted scan result for: 00:a0:f8:e0:ab:13	2437	173	[WPA-PSK-TKIP]				
02-09 18:24:57.453 W/WifiScan(27162): misformatted scan result for: 00:a0:f8:e0:ab:11	2437	172	[WPA-PSK-TKIP]				
02-09 18:24:57.453 W/WifiScan(27162): misformatted scan result for: 00:15:70:24:e5:e9	2412	168	[WPA-PSK-TKIP]				
02-09 18:24:57.453 W/WifiScan(27162): misformatted scan result for: 00:15:70:24:e5:ea	2412	168	[WPA-PSK-TKIP]				
02-09 18:24:57.453 W/WifiScan(27162): misformatted scan result for: 00:15:70:24:e5:e8	2412	167	[WPA-PSK-TKIP]				
02-09 18:24:57.453 W/WifiScan(27162): misformatted scan result for: 00:15:70:24:e5:eb	2412	166	[WPA-PSK-TKIP][WPA2-PSK-TKIP]				
02-09 18:24:57.453 W/WifiScan(27162): misformatted scan result for: 00:a0:f8:d8:4f:e1	2462	199	[WPA-PSK-TKIP]				
02-09 18:24:59.996 D/AlarmManager(27162): scheduleTimeTickEvent calendar=Thu Feb 09 18:26:00 CST 2012
02-09 18:24:59.996 D/AlarmManager(27162): calendar.getTimeInMillis()1328833560000
02-09 18:25:00.987 D/WifiService(27162): releaseWifiLockLocked: WifiLock{NetworkLocationPassiveCollector type=2 binder=android.os.BinderProxy@40bbd0d8}
02-09 18:25:00.987 D/WifiService(27162): WifiHandler, MESSAGE_UPDATE_STATE
02-09 18:25:00.987 D/WifiService(27162): isAirplaneModeOn(): false
02-09 18:25:00.997 D/WifiService(27162): updateWifiState(), wifiEnabled: true, airplaneMode: false, wifiShouldBeEnabled: true, wifiShouldBeStarted: false, strongestLockMode: 1
02-09 18:25:00.997 D/WifiService(27162): WifiHandler, MESSAGE_UPDATE_STATE
02-09 18:25:01.007 D/WifiService(27162): isAirplaneModeOn(): false
02-09 18:25:01.007 D/WifiService(27162): updateWifiState(), wifiEnabled: true, airplaneMode: false, wifiShouldBeEnabled: true, wifiShouldBeStarted: false, strongestLockMode: 1
02-09 18:25:01.007 D/WifiService(27162): WifiHandler, MESSAGE_STOP_WIFI
02-09 18:25:01.017 D/WifiService(27162): WifiHandler, MESSAGE_STOP_WIFI
02-09 18:25:09.014 D/WifiService(27162): WifiHandler, MESSAGE_RELEASE_WAKELOCK
02-09 18:25:09.014 D/WifiService(27162): WifiHandler, MESSAGE_RELEASE_WAKELOCK
02-09 18:27:18.522 D/WifiService(27162): ACTION_BATTERY_CHANGED pluggedType: 0
02-09 18:27:18.522 D/WifiService(27162): WifiHandler, MESSAGE_UPDATE_STATE
02-09 18:27:18.522 D/WifiService(27162): isAirplaneModeOn(): false
02-09 18:27:18.522 D/WifiService(27162): updateWifiState(), wifiEnabled: true, airplaneMode: false, wifiShouldBeEnabled: true, wifiShouldBeStarted: false, strongestLockMode: 1
02-09 18:27:18.532 D/AlarmManager(27162): scheduleTimeTickEvent calendar=Thu Feb 09 18:28:00 CST 2012
02-09 18:27:18.532 D/AlarmManager(27162): calendar.getTimeInMillis()1328833680000
02-09 18:27:58.522 D/WifiService(27162): ACTION_BATTERY_CHANGED pluggedType: 0
02-09 18:27:58.522 D/WifiService(27162): WifiHandler, MESSAGE_UPDATE_STATE
02-09 18:27:58.522 D/WifiService(27162): isAirplaneModeOn(): false
02-09 18:27:58.522 D/WifiService(27162): updateWifiState(), wifiEnabled: true, airplaneMode: false, wifiShouldBeEnabled: true, wifiShouldBeStarted: false, strongestLockMode: 1
02-09 18:27:59.633 D/WifiService(27162): acquireWifiLockLocked: WifiLock{NetworkLocationLocator type=2 binder=android.os.BinderProxy@40cac700}
02-09 18:27:59.633 D/WifiService(27162): WifiHandler, MESSAGE_UPDATE_STATE
02-09 18:27:59.633 D/WifiService(27162): isAirplaneModeOn(): false
02-09 18:27:59.633 D/WifiService(27162): updateWifiState(), wifiEnabled: true, airplaneMode: false, wifiShouldBeEnabled: true, wifiShouldBeStarted: true, strongestLockMode: 2
02-09 18:27:59.633 D/WifiService(27162): WifiHandler, MESSAGE_ENABLE_WIFI, msg.arg1: 0, msg.arg2: 1000
02-09 18:27:59.633 D/WifiService(27162): WifiHandler, MESSAGE_START_WIFI, msg.arg1: 2
02-09 18:27:59.993 D/AlarmManager(27162): scheduleTimeTickEvent calendar=Thu Feb 09 18:29:00 CST 2012
02-09 18:27:59.993 D/AlarmManager(27162): calendar.getTimeInMillis()1328833740000
02-09 18:28:01.174 D/ConnectivityService(27162): Dropping ConnectivityChange for WIFI: DISCONNECTED/SCANNING
02-09 18:28:02.115 W/WifiScan(27162): misformatted scan result for: 00:a0:f8:d8:4f:e3	2462	164	[WPA-PSK-TKIP]				
02-09 18:28:02.115 W/WifiScan(27162): misformatted scan result for: 00:a0:f8:d8:4f:e1	2462	165	[WPA-PSK-TKIP]				
02-09 18:28:02.185 W/WifiScan(27162): misformatted scan result for: 00:a0:f8:d8:4f:e3	2462	164	[WPA-PSK-TKIP]				
02-09 18:28:02.185 W/WifiScan(27162): misformatted scan result for: 00:a0:f8:d8:4f:e1	2462	165	[WPA-PSK-TKIP]				
02-09 18:28:02.235 W/WindowManager(27162): updateFocusedWindowLocked newFocus=Window{407266a8 Keyguard paused=false} mode=3 mCurrentFocus = Window{407266a8 Keyguard paused=false}
02-09 18:28:02.285 D/RPC     (27162): 3000008c:00050000 sending call (XID 77).
02-09 18:28:02.285 D/RPC     (27162): 3000008c:00050000 received REPLY (XID 77), grabbing mutex to wake up client.
02-09 18:28:02.285 D/RPC     (27162): 3000008c:00050000 call success.
02-09 18:28:02.295 D/RPC     (27162): 3000008c:00050000 received CALL.
02-09 18:28:02.295 D/RPC     (27162): 3000008c:00050000 dispatching RPC call (XID 5875, xdr 0x3f7fe0) for callback client 3100008c:00050001.
02-09 18:28:02.295 D/RPC     (27162): 3100008c:327681 sending RPC reply (XID 5875)
02-09 18:28:03.186 D/ConnectivityService(27162): Dropping ConnectivityChange for WIFI: DISCONNECTED/IDLE
02-09 18:28:04.707 D/WifiService(27162): releaseWifiLockLocked: WifiLock{NetworkLocationLocator type=2 binder=android.os.BinderProxy@40cac700}
02-09 18:28:04.717 D/WifiService(27162): WifiHandler, MESSAGE_UPDATE_STATE
02-09 18:28:04.717 D/WifiService(27162): isAirplaneModeOn(): false
02-09 18:28:04.717 D/WifiService(27162): updateWifiState(), wifiEnabled: true, airplaneMode: false, wifiShouldBeEnabled: true, wifiShouldBeStarted: false, strongestLockMode: 1
02-09 18:28:04.717 D/WifiService(27162): WifiHandler, MESSAGE_UPDATE_STATE
02-09 18:28:04.717 D/WifiService(27162): isAirplaneModeOn(): false
02-09 18:28:04.717 D/WifiService(27162): updateWifiState(), wifiEnabled: true, airplaneMode: false, wifiShouldBeEnabled: true, wifiShouldBeStarted: false, strongestLockMode: 1
02-09 18:28:04.717 D/WifiService(27162): WifiHandler, MESSAGE_STOP_WIFI
02-09 18:28:04.727 D/WifiService(27162): WifiHandler, MESSAGE_STOP_WIFI
02-09 18:28:04.737 W/WindowManager(27162): updateFocusedWindowLocked newFocus=Window{407266a8 Keyguard paused=false} mode=3 mCurrentFocus = Window{407266a8 Keyguard paused=false}
02-09 18:28:08.471 D/RPC     (27162): 3000008c:00050000 sending call (XID 78).
02-09 18:28:08.471 D/RPC     (27162): 3000008c:00050000 received REPLY (XID 78), grabbing mutex to wake up client.
02-09 18:28:08.471 D/RPC     (27162): 3000008c:00050000 call success.
02-09 18:28:08.471 D/RPC     (27162): 3000008c:00050000 received CALL.
02-09 18:28:08.471 D/RPC     (27162): 3000008c:00050000 dispatching RPC call (XID 5876, xdr 0x3f7fe0) for callback client 3100008c:00050001.
02-09 18:28:08.471 D/RPC     (27162): 3100008c:327681 sending RPC reply (XID 5876)
02-09 18:28:12.725 D/WifiService(27162): WifiHandler, MESSAGE_RELEASE_WAKELOCK
02-09 18:28:12.725 D/WifiService(27162): WifiHandler, MESSAGE_RELEASE_WAKELOCK
02-09 18:28:54.532 D/WifiService(27162): ACTION_BATTERY_CHANGED pluggedType: 0
02-09 18:28:54.532 D/WifiService(27162): WifiHandler, MESSAGE_UPDATE_STATE
02-09 18:28:54.532 D/WifiService(27162): isAirplaneModeOn(): false
02-09 18:28:54.532 D/WifiService(27162): updateWifiState(), wifiEnabled: true, airplaneMode: false, wifiShouldBeEnabled: true, wifiShouldBeStarted: false, strongestLockMode: 1
02-09 18:29:12.522 D/AlarmManager(27162): scheduleTimeTickEvent calendar=Thu Feb 09 18:30:00 CST 2012
02-09 18:29:12.522 D/AlarmManager(27162): calendar.getTimeInMillis()1328833800000
02-09 18:30:54.522 D/AlarmManager(27162): scheduleTimeTickEvent calendar=Thu Feb 09 18:31:00 CST 2012
02-09 18:30:54.522 D/AlarmManager(27162): calendar.getTimeInMillis()1328833860000
02-09 18:30:54.592 D/NetdConnector(27162): SND -> {interface readrxcounter rmnet0} {null}
02-09 18:30:54.592 D/NetdConnector(27162): RCV <- {216 39341997}
02-09 18:30:54.592 D/NetdConnector(27162): RSP <- {216 39341997}
02-09 18:30:54.592 D/NetdConnector(27162): SND -> {interface readtxcounter rmnet0} {null}
02-09 18:30:54.592 D/NetdConnector(27162): RCV <- {217 8881826}
02-09 18:30:54.592 D/NetdConnector(27162): RSP <- {217 8881826}
02-09 18:31:22.522 D/AlarmManager(27162): scheduleTimeTickEvent calendar=Thu Feb 09 18:32:00 CST 2012
02-09 18:31:22.522 D/AlarmManager(27162): calendar.getTimeInMillis()1328833920000
02-09 18:31:34.992 W/WindowManager(27162): updateFocusedWindowLocked newFocus=Window{407266a8 Keyguard paused=false} mode=3 mCurrentFocus = Window{407266a8 Keyguard paused=false}
02-09 18:32:29.522 D/AlarmManager(27162): scheduleTimeTickEvent calendar=Thu Feb 09 18:33:00 CST 2012
02-09 18:32:29.522 D/AlarmManager(27162): calendar.getTimeInMillis()1328833980000
02-09 18:32:59.482 D/WifiService(27162): acquireWifiLockLocked: WifiLock{NetworkLocationLocator type=2 binder=android.os.BinderProxy@40cac700}
02-09 18:32:59.482 D/WifiService(27162): WifiHandler, MESSAGE_UPDATE_STATE
02-09 18:32:59.482 D/WifiService(27162): isAirplaneModeOn(): false
02-09 18:32:59.482 D/WifiService(27162): updateWifiState(), wifiEnabled: true, airplaneMode: false, wifiShouldBeEnabled: true, wifiShouldBeStarted: true, strongestLockMode: 2
02-09 18:32:59.502 D/WifiService(27162): WifiHandler, MESSAGE_ENABLE_WIFI, msg.arg1: 0, msg.arg2: 1000
02-09 18:32:59.502 D/WifiService(27162): WifiHandler, MESSAGE_START_WIFI, msg.arg1: 2
02-09 18:33:00.013 D/AlarmManager(27162): scheduleTimeTickEvent calendar=Thu Feb 09 18:34:00 CST 2012
02-09 18:33:00.013 D/AlarmManager(27162): calendar.getTimeInMillis()1328834040000
02-09 18:33:01.024 D/ConnectivityService(27162): Dropping ConnectivityChange for WIFI: DISCONNECTED/SCANNING
02-09 18:33:04.027 D/ConnectivityService(27162): Dropping ConnectivityChange for WIFI: DISCONNECTED/IDLE
02-09 18:33:04.557 D/WifiService(27162): releaseWifiLockLocked: WifiLock{NetworkLocationLocator type=2 binder=android.os.BinderProxy@40cac700}
02-09 18:33:04.557 D/WifiService(27162): WifiHandler, MESSAGE_UPDATE_STATE
02-09 18:33:04.557 D/WifiService(27162): isAirplaneModeOn(): false
02-09 18:33:04.557 D/WifiService(27162): updateWifiState(), wifiEnabled: true, airplaneMode: false, wifiShouldBeEnabled: true, wifiShouldBeStarted: false, strongestLockMode: 1
02-09 18:33:04.557 D/WifiService(27162): WifiHandler, MESSAGE_UPDATE_STATE
02-09 18:33:04.557 D/WifiService(27162): isAirplaneModeOn(): false
02-09 18:33:04.557 D/WifiService(27162): updateWifiState(), wifiEnabled: true, airplaneMode: false, wifiShouldBeEnabled: true, wifiShouldBeStarted: false, strongestLockMode: 1
02-09 18:33:04.557 D/WifiService(27162): WifiHandler, MESSAGE_STOP_WIFI
02-09 18:33:04.567 D/WifiService(27162): WifiHandler, MESSAGE_STOP_WIFI
02-09 18:33:04.567 D/RPC     (27162): 3000008c:00050000 sending call (XID 79).
02-09 18:33:04.567 D/RPC     (27162): 3000008c:00050000 received REPLY (XID 79), grabbing mutex to wake up client.
02-09 18:33:04.567 D/RPC     (27162): 3000008c:00050000 call success.
02-09 18:33:04.567 D/RPC     (27162): 3000008c:00050000 received CALL.
02-09 18:33:04.567 D/RPC     (27162): 3000008c:00050000 dispatching RPC call (XID 5881, xdr 0x3f7fe0) for callback client 3100008c:00050001.
02-09 18:33:04.567 D/RPC     (27162): 3100008c:327681 sending RPC reply (XID 5881)
02-09 18:33:12.565 D/WifiService(27162): WifiHandler, MESSAGE_RELEASE_WAKELOCK
02-09 18:33:12.565 D/WifiService(27162): WifiHandler, MESSAGE_RELEASE_WAKELOCK
