02-09 18:09:21.520 D/PowerManagerService(27162): setTimeoutLocked now=98407001 timeoutOverride=-1 nextState=3 when=98413001
02-09 18:09:21.690 D/PowerManagerService(27162): setTimeoutLocked now=98407177 timeoutOverride=-1 nextState=3 when=98413177
02-09 18:09:21.770 W/WindowManager(27162): updateFocusedWindowLocked newFocus=Window{4052bfc8 com.android.mms/com.android.mms.ui.ComposeMessageActivity paused=false} mode=3 mCurrentFocus = Window{4052bfc8 com.android.mms/com.android.mms.ui.ComposeMessageActivity paused=false}
02-09 18:09:22.461 D/PowerManagerService(27162): setTimeoutLocked now=98407943 timeoutOverride=-1 nextState=3 when=98413943
02-09 18:09:22.561 D/PowerManagerService(27162): setTimeoutLocked now=98408040 timeoutOverride=-1 nextState=3 when=98414040
02-09 18:09:22.581 D/StatusBarPolicy(27220): onSignalStrengthsChanged:SignalStrength: 99 0 -97 -95 -95 -40 6 99 2147483647 2147483647 2147483647 2147483647 cdma for subscription0
02-09 18:09:22.581 D/StatusBarPolicy(27220): updateSignalStrength on subscription :0
02-09 18:09:22.591 D/StatusBarPolicy(27220): StatusBarPolocy::getIconLevel -EVDO
02-09 18:09:22.591 D/StatusBarPolicy(27220): getEvdoLevel_band_six -evdoDbm:-95
02-09 18:09:22.591 D/StatusBarPolicy(27220): getEvdoLevel_band_six -evdoEcio:-40
02-09 18:09:22.731 W/WindowManager(27162): updateFocusedWindowLocked newFocus=Window{4052bfc8 com.android.mms/com.android.mms.ui.ComposeMessageActivity paused=false} mode=3 mCurrentFocus = Window{4052bfc8 com.android.mms/com.android.mms.ui.ComposeMessageActivity paused=false}
02-09 18:09:23.361 D/StatusBarPolicy(27220): updateDataIcon subscription =0
02-09 18:09:23.942 I/WindowManager(27162): Setting rotation to 0, animFlags=0
02-09 18:09:23.972 I/ActivityManager(27162): Config changed: { scale=1.0 imsi=310/120 loc=en_US touch=3 keys=1/1/2 nav=1/1 orien=1 layout=18 uiMode=17 seq=46}
02-09 18:09:24.863 D/StatusBarPolicy(27220): onSignalStrengthsChanged:SignalStrength: 99 0 -87 -95 -95 -40 6 99 2147483647 2147483647 2147483647 2147483647 cdma for subscription0
02-09 18:09:24.863 D/StatusBarPolicy(27220): updateSignalStrength on subscription :0
02-09 18:09:24.873 D/StatusBarPolicy(27220): StatusBarPolocy::getIconLevel -EVDO
02-09 18:09:24.873 D/StatusBarPolicy(27220): getEvdoLevel_band_six -evdoDbm:-95
02-09 18:09:24.873 D/StatusBarPolicy(27220): getEvdoLevel_band_six -evdoEcio:-40
02-09 18:09:25.624 D/WifiService(27162): ACTION_SCREEN_OFF
02-09 18:09:25.644 D/WifiService(27162): setting ACTION_DEVICE_IDLE timer for 120,000 ms
02-09 18:09:25.794 D/PowerManagerService(27162): setTimeoutLocked now=98411277 timeoutOverride=-1 nextState=0 when=98418277
02-09 18:09:25.814 W/WindowManager(27162): updateFocusedWindowLocked newFocus=Window{407266a8 Keyguard paused=false} mode=3 mCurrentFocus = Window{4052bfc8 com.android.mms/com.android.mms.ui.ComposeMessageActivity paused=false}
02-09 18:09:29.773 D/WifiService(27162): ACTION_BATTERY_CHANGED pluggedType: 0
02-09 18:09:29.773 D/WifiService(27162): WifiHandler, MESSAGE_UPDATE_STATE
02-09 18:09:29.773 D/WifiService(27162): isAirplaneModeOn(): false
02-09 18:09:29.773 D/WifiService(27162): updateWifiState(), wifiEnabled: true, airplaneMode: false, wifiShouldBeEnabled: true, wifiShouldBeStarted: true, strongestLockMode: 1
02-09 18:09:29.783 D/WifiService(27162): WifiHandler, MESSAGE_ENABLE_WIFI, msg.arg1: 0, msg.arg2: 1000
02-09 18:09:29.783 D/WifiService(27162): WifiHandler, MESSAGE_START_WIFI, msg.arg1: 1
02-09 18:11:24.522 D/WifiService(27162): ACTION_BATTERY_CHANGED pluggedType: 0
02-09 18:11:24.522 D/WifiService(27162): WifiHandler, MESSAGE_UPDATE_STATE
02-09 18:11:24.522 D/WifiService(27162): isAirplaneModeOn(): false
02-09 18:11:24.522 D/WifiService(27162): updateWifiState(), wifiEnabled: true, airplaneMode: false, wifiShouldBeEnabled: true, wifiShouldBeStarted: true, strongestLockMode: 1
02-09 18:11:24.522 D/WifiService(27162): WifiHandler, MESSAGE_ENABLE_WIFI, msg.arg1: 0, msg.arg2: 1000
02-09 18:11:24.522 D/WifiService(27162): WifiHandler, MESSAGE_START_WIFI, msg.arg1: 1
02-09 18:11:24.532 D/AlarmManager(27162): scheduleTimeTickEvent calendar=Thu Feb 09 18:12:00 CST 2012
02-09 18:11:24.532 D/AlarmManager(27162): calendar.getTimeInMillis()1328832720000
02-09 18:11:25.643 D/WifiService(27162): got ACTION_DEVICE_IDLE
02-09 18:11:25.643 D/WifiService(27162): WifiHandler, MESSAGE_UPDATE_STATE
02-09 18:11:25.643 D/WifiService(27162): isAirplaneModeOn(): false
02-09 18:11:25.643 D/WifiService(27162): updateWifiState(), wifiEnabled: true, airplaneMode: false, wifiShouldBeEnabled: true, wifiShouldBeStarted: false, strongestLockMode: 1
02-09 18:11:25.643 D/WifiService(27162): WifiHandler, MESSAGE_STOP_WIFI
02-09 18:11:26.764 D/ConnectivityService(27162): Dropping ConnectivityChange for WIFI: DISCONNECTED/IDLE
02-09 18:11:33.660 D/WifiService(27162): WifiHandler, MESSAGE_RELEASE_WAKELOCK
02-09 18:12:59.522 D/AlarmManager(27162): scheduleTimeTickEvent calendar=Thu Feb 09 18:13:00 CST 2012
02-09 18:12:59.522 D/AlarmManager(27162): calendar.getTimeInMillis()1328832780000
02-09 18:12:59.552 D/WifiService(27162): acquireWifiLockLocked: WifiLock{NetworkLocationLocator type=2 binder=android.os.BinderProxy@40c8b918}
02-09 18:12:59.552 D/WifiService(27162): WifiHandler, MESSAGE_UPDATE_STATE
02-09 18:12:59.552 D/WifiService(27162): isAirplaneModeOn(): false
02-09 18:12:59.552 D/WifiService(27162): updateWifiState(), wifiEnabled: true, airplaneMode: false, wifiShouldBeEnabled: true, wifiShouldBeStarted: true, strongestLockMode: 2
02-09 18:12:59.552 D/WifiService(27162): WifiHandler, MESSAGE_ENABLE_WIFI, msg.arg1: 0, msg.arg2: 1000
02-09 18:12:59.552 D/WifiService(27162): WifiHandler, MESSAGE_START_WIFI, msg.arg1: 2
02-09 18:13:00.002 D/AlarmManager(27162): scheduleTimeTickEvent calendar=Thu Feb 09 18:14:00 CST 2012
02-09 18:13:00.002 D/AlarmManager(27162): calendar.getTimeInMillis()1328832840000
02-09 18:13:01.103 D/ConnectivityService(27162): Dropping ConnectivityChange for WIFI: DISCONNECTED/SCANNING
02-09 18:13:02.104 D/RPC     (27162): 3000008c:00050000 sending call (XID 67).
02-09 18:13:02.104 D/RPC     (27162): 3000008c:00050000 received REPLY (XID 67), grabbing mutex to wake up client.
02-09 18:13:02.104 D/RPC     (27162): 3000008c:00050000 call success.
02-09 18:13:02.114 D/RPC     (27162): 3000008c:00050000 received CALL.
02-09 18:13:02.114 D/RPC     (27162): 3000008c:00050000 dispatching RPC call (XID 5854, xdr 0x3f7fe0) for callback client 3100008c:00050001.
02-09 18:13:02.114 D/RPC     (27162): 3100008c:327681 sending RPC reply (XID 5854)
02-09 18:13:03.145 D/ConnectivityService(27162): Dropping ConnectivityChange for WIFI: DISCONNECTED/IDLE
02-09 18:13:03.225 W/WindowManager(27162): updateFocusedWindowLocked newFocus=Window{407266a8 Keyguard paused=false} mode=3 mCurrentFocus = Window{407266a8 Keyguard paused=false}
02-09 18:13:04.596 D/WifiService(27162): releaseWifiLockLocked: WifiLock{NetworkLocationLocator type=2 binder=android.os.BinderProxy@40c8b918}
02-09 18:13:04.596 D/WifiService(27162): WifiHandler, MESSAGE_UPDATE_STATE
02-09 18:13:04.596 D/WifiService(27162): isAirplaneModeOn(): false
02-09 18:13:04.616 D/WifiService(27162): updateWifiState(), wifiEnabled: true, airplaneMode: false, wifiShouldBeEnabled: true, wifiShouldBeStarted: false, strongestLockMode: 1
02-09 18:13:04.616 D/WifiService(27162): WifiHandler, MESSAGE_UPDATE_STATE
02-09 18:13:04.616 D/WifiService(27162): isAirplaneModeOn(): false
02-09 18:13:04.616 D/WifiService(27162): updateWifiState(), wifiEnabled: true, airplaneMode: false, wifiShouldBeEnabled: true, wifiShouldBeStarted: false, strongestLockMode: 1
02-09 18:13:04.616 D/WifiService(27162): WifiHandler, MESSAGE_STOP_WIFI
02-09 18:13:04.626 D/WifiService(27162): WifiHandler, MESSAGE_STOP_WIFI
02-09 18:13:04.636 W/WindowManager(27162): updateFocusedWindowLocked newFocus=Window{407266a8 Keyguard paused=false} mode=3 mCurrentFocus = Window{407266a8 Keyguard paused=false}
02-09 18:13:12.624 D/WifiService(27162): WifiHandler, MESSAGE_RELEASE_WAKELOCK
02-09 18:13:12.624 D/WifiService(27162): WifiHandler, MESSAGE_RELEASE_WAKELOCK
02-09 18:13:19.542 D/RPC     (27162): 3000008c:00050000 sending call (XID 68).
02-09 18:13:19.542 D/RPC     (27162): 3000008c:00050000 received REPLY (XID 68), grabbing mutex to wake up client.
02-09 18:13:19.542 D/RPC     (27162): 3000008c:00050000 call success.
02-09 18:13:19.542 D/RPC     (27162): 3000008c:00050000 received CALL.
02-09 18:13:19.542 D/RPC     (27162): 3000008c:00050000 dispatching RPC call (XID 5855, xdr 0x3f7fe0) for callback client 3100008c:00050001.
02-09 18:13:19.552 D/RPC     (27162): 3100008c:327681 sending RPC reply (XID 5855)
02-09 18:15:11.522 D/WifiService(27162): ACTION_BATTERY_CHANGED pluggedType: 0
02-09 18:15:11.522 D/WifiService(27162): WifiHandler, MESSAGE_UPDATE_STATE
02-09 18:15:11.522 D/WifiService(27162): isAirplaneModeOn(): false
02-09 18:15:11.522 D/WifiService(27162): updateWifiState(), wifiEnabled: true, airplaneMode: false, wifiShouldBeEnabled: true, wifiShouldBeStarted: false, strongestLockMode: 1
02-09 18:15:11.542 D/AlarmManager(27162): scheduleTimeTickEvent calendar=Thu Feb 09 18:16:00 CST 2012
02-09 18:15:11.542 D/AlarmManager(27162): calendar.getTimeInMillis()1328832960000
02-09 18:15:37.542 D/WifiService(27162): ACTION_BATTERY_CHANGED pluggedType: 0
02-09 18:15:37.542 D/WifiService(27162): WifiHandler, MESSAGE_UPDATE_STATE
02-09 18:15:37.542 D/WifiService(27162): isAirplaneModeOn(): false
02-09 18:15:37.542 D/WifiService(27162): updateWifiState(), wifiEnabled: true, airplaneMode: false, wifiShouldBeEnabled: true, wifiShouldBeStarted: false, strongestLockMode: 1
02-09 18:16:07.522 D/AlarmManager(27162): scheduleTimeTickEvent calendar=Thu Feb 09 18:17:00 CST 2012
02-09 18:16:07.522 D/AlarmManager(27162): calendar.getTimeInMillis()1328833020000
02-09 18:16:29.921 W/WindowManager(27162): updateFocusedWindowLocked newFocus=Window{407266a8 Keyguard paused=false} mode=3 mCurrentFocus = Window{407266a8 Keyguard paused=false}
02-09 18:17:09.522 D/AlarmManager(27162): scheduleTimeTickEvent calendar=Thu Feb 09 18:18:00 CST 2012
02-09 18:17:09.522 D/AlarmManager(27162): calendar.getTimeInMillis()1328833080000
02-09 18:17:09.542 D/WifiService(27162): ACTION_BATTERY_CHANGED pluggedType: 0
02-09 18:17:09.542 D/WifiService(27162): WifiHandler, MESSAGE_UPDATE_STATE
02-09 18:17:09.542 D/WifiService(27162): isAirplaneModeOn(): false
02-09 18:17:09.542 D/WifiService(27162): updateWifiState(), wifiEnabled: true, airplaneMode: false, wifiShouldBeEnabled: true, wifiShouldBeStarted: false, strongestLockMode: 1
02-09 18:17:11.483 W/WindowManager(27162): updateFocusedWindowLocked newFocus=Window{407266a8 Keyguard paused=false} mode=3 mCurrentFocus = Window{407266a8 Keyguard paused=false}
02-09 18:17:11.523 W/WindowManager(27162): updateFocusedWindowLocked newFocus=Window{407266a8 Keyguard paused=false} mode=3 mCurrentFocus = Window{407266a8 Keyguard paused=false}
02-09 18:17:59.563 D/WifiService(27162): acquireWifiLockLocked: WifiLock{NetworkLocationLocator type=2 binder=android.os.BinderProxy@40c8b918}
02-09 18:17:59.563 D/WifiService(27162): WifiHandler, MESSAGE_UPDATE_STATE
02-09 18:17:59.563 D/WifiService(27162): isAirplaneModeOn(): false
02-09 18:17:59.563 D/WifiService(27162): updateWifiState(), wifiEnabled: true, airplaneMode: false, wifiShouldBeEnabled: true, wifiShouldBeStarted: true, strongestLockMode: 2
02-09 18:17:59.563 D/WifiService(27162): WifiHandler, MESSAGE_ENABLE_WIFI, msg.arg1: 0, msg.arg2: 1000
02-09 18:17:59.563 D/WifiService(27162): WifiHandler, MESSAGE_START_WIFI, msg.arg1: 2
02-09 18:18:00.003 D/AlarmManager(27162): scheduleTimeTickEvent calendar=Thu Feb 09 18:19:00 CST 2012
02-09 18:18:00.003 D/AlarmManager(27162): calendar.getTimeInMillis()1328833140000
02-09 18:18:01.094 D/ConnectivityService(27162): Dropping ConnectivityChange for WIFI: DISCONNECTED/SCANNING
02-09 18:18:02.055 W/WifiScan(27162): misformatted scan result for: 00:a0:f8:e0:b3:5b	2412	184	[WPA-PSK-TKIP]				
02-09 18:18:02.075 W/WifiScan(27162): misformatted scan result for: 00:a0:f8:d8:4f:e1	2462	182	[WPA-PSK-TKIP]				
02-09 18:18:02.075 W/WifiScan(27162): misformatted scan result for: 00:a0:f8:e0:b3:59	2412	181	[WPA-PSK-TKIP]				
02-09 18:18:02.075 W/WifiScan(27162): misformatted scan result for: 00:a0:f8:d8:4f:e3	2462	178	[WPA-PSK-TKIP]				
02-09 18:18:02.085 W/WifiScan(27162): misformatted scan result for: 00:a0:f8:e0:ab:11	2437	170	[WPA-PSK-TKIP]				
02-09 18:18:02.085 W/WifiScan(27162): misformatted scan result for: 00:a0:f8:e0:a9:65	2462	175	[WPA-PSK-TKIP]				
02-09 18:18:02.115 W/WifiScan(27162): misformatted scan result for: 00:a0:f8:e0:b3:5b	2412	184	[WPA-PSK-TKIP]				
02-09 18:18:02.115 W/WifiScan(27162): misformatted scan result for: 00:a0:f8:d8:4f:e1	2462	182	[WPA-PSK-TKIP]				
02-09 18:18:02.115 W/WifiScan(27162): misformatted scan result for: 00:a0:f8:e0:b3:59	2412	181	[WPA-PSK-TKIP]				
02-09 18:18:02.115 W/WifiScan(27162): misformatted scan result for: 00:a0:f8:d8:4f:e3	2462	178	[WPA-PSK-TKIP]				
02-09 18:18:02.115 W/WifiScan(27162): misformatted scan result for: 00:a0:f8:e0:ab:11	2437	170	[WPA-PSK-TKIP]				
02-09 18:18:02.115 W/WifiScan(27162): misformatted scan result for: 00:a0:f8:e0:a9:65	2462	175	[WPA-PSK-TKIP]				
02-09 18:18:02.125 D/RPC     (27162): 3000008c:00050000 sending call (XID 69).
02-09 18:18:02.125 D/RPC     (27162): 3000008c:00050000 received REPLY (XID 69), grabbing mutex to wake up client.
02-09 18:18:02.125 D/RPC     (27162): 3000008c:00050000 waiting for XDR input buffer to be consumed.
02-09 18:18:02.125 D/RPC     (27162): 3000008c:00050000 call success.
02-09 18:18:02.125 D/RPC     (27162): 3000008c:00050000 received CALL.
02-09 18:18:02.125 D/RPC     (27162): 3000008c:00050000 dispatching RPC call (XID 5858, xdr 0x3f7fe0) for callback client 3100008c:00050001.
02-09 18:18:02.125 D/RPC     (27162): 3100008c:327681 sending RPC reply (XID 5858)
02-09 18:18:03.106 D/ConnectivityService(27162): Dropping ConnectivityChange for WIFI: DISCONNECTED/IDLE
02-09 18:18:03.366 D/WifiService(27162): releaseWifiLockLocked: WifiLock{NetworkLocationLocator type=2 binder=android.os.BinderProxy@40c8b918}
02-09 18:18:03.366 D/WifiService(27162): WifiHandler, MESSAGE_UPDATE_STATE
02-09 18:18:03.366 D/WifiService(27162): isAirplaneModeOn(): false
02-09 18:18:03.366 D/WifiService(27162): updateWifiState(), wifiEnabled: true, airplaneMode: false, wifiShouldBeEnabled: true, wifiShouldBeStarted: false, strongestLockMode: 1
02-09 18:18:03.376 D/WifiService(27162): WifiHandler, MESSAGE_UPDATE_STATE
02-09 18:18:03.376 D/WifiService(27162): isAirplaneModeOn(): false
02-09 18:18:03.376 D/WifiService(27162): updateWifiState(), wifiEnabled: true, airplaneMode: false, wifiShouldBeEnabled: true, wifiShouldBeStarted: false, strongestLockMode: 1
02-09 18:18:03.376 D/WifiService(27162): WifiHandler, MESSAGE_STOP_WIFI
02-09 18:18:03.376 D/RPC     (27162): 3000008c:00050000 sending call (XID 70).
02-09 18:18:03.386 D/WifiService(27162): WifiHandler, MESSAGE_STOP_WIFI
02-09 18:18:03.386 D/RPC     (27162): 3000008c:00050000 received REPLY (XID 70), grabbing mutex to wake up client.
02-09 18:18:03.386 D/RPC     (27162): 3000008c:00050000 waiting for XDR input buffer to be consumed.
02-09 18:18:03.386 D/RPC     (27162): 3000008c:00050000 call success.
02-09 18:18:03.386 D/RPC     (27162): 3000008c:00050000 received CALL.
02-09 18:18:03.386 D/RPC     (27162): 3000008c:00050000 dispatching RPC call (XID 5859, xdr 0x3f7fe0) for callback client 3100008c:00050001.
02-09 18:18:03.386 D/RPC     (27162): 3100008c:327681 sending RPC reply (XID 5859)
02-09 18:18:11.384 D/WifiService(27162): WifiHandler, MESSAGE_RELEASE_WAKELOCK
02-09 18:18:11.384 D/WifiService(27162): WifiHandler, MESSAGE_RELEASE_WAKELOCK
02-09 18:18:39.532 D/WifiService(27162): ACTION_BATTERY_CHANGED pluggedType: 0
02-09 18:18:39.532 D/WifiService(27162): WifiHandler, MESSAGE_UPDATE_STATE
02-09 18:18:39.532 D/WifiService(27162): isAirplaneModeOn(): false
02-09 18:18:39.532 D/WifiService(27162): updateWifiState(), wifiEnabled: true, airplaneMode: false, wifiShouldBeEnabled: true, wifiShouldBeStarted: false, strongestLockMode: 1
02-09 18:19:03.522 D/AlarmManager(27162): scheduleTimeTickEvent calendar=Thu Feb 09 18:20:00 CST 2012
02-09 18:19:03.522 D/AlarmManager(27162): calendar.getTimeInMillis()1328833200000
02-09 18:20:18.522 D/AlarmManager(27162): scheduleTimeTickEvent calendar=Thu Feb 09 18:21:00 CST 2012
02-09 18:20:18.522 D/AlarmManager(27162): calendar.getTimeInMillis()1328833260000
02-09 18:20:18.552 D/NetdConnector(27162): SND -> {interface readrxcounter rmnet0} {null}
02-09 18:20:18.552 D/NetdConnector(27162): RCV <- {216 39324357}
02-09 18:20:18.552 D/NetdConnector(27162): RSP <- {216 39324357}
02-09 18:20:18.552 D/NetdConnector(27162): SND -> {interface readtxcounter rmnet0} {null}
02-09 18:20:18.552 D/NetdConnector(27162): RCV <- {217 8867397}
02-09 18:20:18.562 D/NetdConnector(27162): RSP <- {217 8867397}
02-09 18:21:09.522 D/AlarmManager(27162): scheduleTimeTickEvent calendar=Thu Feb 09 18:22:00 CST 2012
02-09 18:21:09.522 D/AlarmManager(27162): calendar.getTimeInMillis()1328833320000
02-09 18:22:09.522 D/WifiService(27162): ACTION_BATTERY_CHANGED pluggedType: 0
02-09 18:22:09.522 D/WifiService(27162): WifiHandler, MESSAGE_UPDATE_STATE
02-09 18:22:09.522 D/WifiService(27162): isAirplaneModeOn(): false
02-09 18:22:09.522 D/WifiService(27162): updateWifiState(), wifiEnabled: true, airplaneMode: false, wifiShouldBeEnabled: true, wifiShouldBeStarted: false, strongestLockMode: 1
02-09 18:22:09.532 D/AlarmManager(27162): scheduleTimeTickEvent calendar=Thu Feb 09 18:23:00 CST 2012
02-09 18:22:09.532 D/AlarmManager(27162): calendar.getTimeInMillis()1328833380000
02-09 18:22:09.542 W/WindowManager(27162): updateFocusedWindowLocked newFocus=Window{407266a8 Keyguard paused=false} mode=3 mCurrentFocus = Window{407266a8 Keyguard paused=false}
02-09 18:22:09.562 W/WindowManager(27162): updateFocusedWindowLocked newFocus=Window{407266a8 Keyguard paused=false} mode=2 mCurrentFocus = Window{407266a8 Keyguard paused=false}
02-09 18:22:09.562 W/WindowManager(27162): updateFocusedWindowLocked newFocus=Window{407266a8 Keyguard paused=false} mode=2 mCurrentFocus = Window{407266a8 Keyguard paused=false}
02-09 18:22:09.622 D/WifiService(27162): ACTION_SCREEN_ON
02-09 18:22:09.622 D/WifiService(27162): WifiHandler, MESSAGE_UPDATE_STATE
02-09 18:22:09.622 D/WifiService(27162): isAirplaneModeOn(): false
02-09 18:22:09.622 D/WifiService(27162): updateWifiState(), wifiEnabled: true, airplaneMode: false, wifiShouldBeEnabled: true, wifiShouldBeStarted: true, strongestLockMode: 1
02-09 18:22:09.622 D/WifiService(27162): WifiHandler, MESSAGE_ENABLE_WIFI, msg.arg1: 0, msg.arg2: 1000
02-09 18:22:09.622 D/WifiService(27162): WifiHandler, MESSAGE_START_WIFI, msg.arg1: 1
02-09 18:22:09.652 D/StatusBarPolicy(27220): onSignalStrengthsChanged:SignalStrength: 99 0 -105 -70 -105 -75 6 99 2147483647 2147483647 2147483647 2147483647 cdma for subscription0
02-09 18:22:09.652 D/StatusBarPolicy(27220): updateSignalStrength on subscription :0
02-09 18:22:09.652 D/StatusBarPolicy(27220): StatusBarPolocy::getIconLevel -EVDO
02-09 18:22:09.652 D/StatusBarPolicy(27220): getEvdoLevel_band_six -evdoDbm:-105
02-09 18:22:09.652 D/StatusBarPolicy(27220): getEvdoLevel_band_six -evdoEcio:-75
02-09 18:22:09.692 I/TelephonyRegistry(27162): notifyServiceState: 0 home Sprint  310099  EvDo rev. A CSS not supported 41 4139RoamInd: 1RoamStatus(sprint): 1DefRoamInd: 160EmergOnly: false
02-09 18:22:09.692 D/StatusBarPolicy(27220): onServiceStateChanged:0 home Sprint  310099  EvDo rev. A CSS not supported 41 4139RoamInd: 1RoamStatus(sprint): 1DefRoamInd: 160EmergOnly: falsefor subscription :0
02-09 18:22:09.692 D/StatusBarPolicy(27220): updateSignalStrength on subscription :0
02-09 18:22:09.692 D/StatusBarPolicy(27220): StatusBarPolocy::getIconLevel -EVDO
02-09 18:22:09.692 D/StatusBarPolicy(27220): getEvdoLevel_band_six -evdoDbm:-105
02-09 18:22:09.692 D/StatusBarPolicy(27220): getEvdoLevel_band_six -evdoEcio:-75
02-09 18:22:09.692 D/StatusBarPolicy(27220): updateDataIcon subscription =0
02-09 18:22:11.083 D/ConnectivityService(27162): Dropping ConnectivityChange for WIFI: DISCONNECTED/SCANNING
02-09 18:22:11.343 D/PowerManagerService(27162): setTimeoutLocked now=98521125 timeoutOverride=-1 nextState=3 when=98527125
02-09 18:22:11.343 W/WindowManager(27162): updateFocusedWindowLocked newFocus=null mode=3 mCurrentFocus = Window{407266a8 Keyguard paused=false}
02-09 18:22:11.353 W/WindowManager(27162): updateFocusedWindowLocked newFocus=Window{4052bfc8 com.android.mms/com.android.mms.ui.ComposeMessageActivity paused=false} mode=2 mCurrentFocus = null
02-09 18:22:11.373 W/InputManagerService(27162): Window already focused, ignoring focus gain of: com.android.internal.view.IInputMethodClient$Stub$Proxy@40a3fa88
02-09 18:22:11.423 D/PowerManagerService(27162): setTimeoutLocked now=98521207 timeoutOverride=-1 nextState=3 when=98527207
02-09 18:22:11.623 D/StatusBarPolicy(27220): onSignalStrengthsChanged:SignalStrength: 99 0 -95 -70 -105 -75 6 99 2147483647 2147483647 2147483647 2147483647 cdma for subscription0
02-09 18:22:11.623 D/StatusBarPolicy(27220): updateSignalStrength on subscription :0
02-09 18:22:11.623 D/StatusBarPolicy(27220): StatusBarPolocy::getIconLevel -EVDO
02-09 18:22:11.623 D/StatusBarPolicy(27220): getEvdoLevel_band_six -evdoDbm:-105
02-09 18:22:11.623 D/StatusBarPolicy(27220): getEvdoLevel_band_six -evdoEcio:-75
02-09 18:22:11.633 D/StatusBarPolicy(27220): updateDataIcon subscription =0
02-09 18:22:11.994 E/StatusBarPolicy(27220): onCallStateChanged Received on subscription :0
02-09 18:22:11.994 D/StatusBarPolicy(27220): updateSignalStrength on subscription :0
02-09 18:22:11.994 D/StatusBarPolicy(27220): getCdmaLevel_band_six -cdmaDbm:-95
02-09 18:22:11.994 D/StatusBarPolicy(27220): getCdmaLevel_band_six -cdmaEcio:-70
02-09 18:22:12.034 W/WifiScan(27162): misformatted scan result for: 00:a0:f8:d8:4f:e3	2462	190	[WPA-PSK-TKIP]				
02-09 18:22:12.034 W/WifiScan(27162): misformatted scan result for: 00:a0:f8:e0:b3:59	2412	185	[WPA-PSK-TKIP]				
02-09 18:22:12.034 W/WifiScan(27162): misformatted scan result for: 00:a0:f8:e0:b3:5b	2412	183	[WPA-PSK-TKIP]				
02-09 18:22:12.034 W/WifiScan(27162): misformatted scan result for: 00:a0:f8:e0:ab:13	2437	178	[WPA-PSK-TKIP]				
02-09 18:22:12.034 W/WifiScan(27162): misformatted scan result for: 00:a0:f8:e0:a9:67	2462	176	[WPA-PSK-TKIP]				
02-09 18:22:12.034 W/WifiScan(27162): misformatted scan result for: 00:a0:f8:e0:ab:11	2437	174	[WPA-PSK-TKIP]				
02-09 18:22:12.034 W/WifiScan(27162): misformatted scan result for: 00:a0:f8:d8:4f:e1	2462	187	[WPA-PSK-TKIP]				
02-09 18:22:12.054 W/WifiScan(27162): misformatted scan result for: 00:a0:f8:d8:4f:e3	2462	190	[WPA-PSK-TKIP]				
02-09 18:22:12.054 W/WifiScan(27162): misformatted scan result for: 00:a0:f8:e0:b3:59	2412	185	[WPA-PSK-TKIP]				
02-09 18:22:12.054 W/WifiScan(27162): misformatted scan result for: 00:a0:f8:e0:b3:5b	2412	183	[WPA-PSK-TKIP]				
02-09 18:22:12.054 W/WifiScan(27162): misformatted scan result for: 00:a0:f8:e0:ab:13	2437	178	[WPA-PSK-TKIP]				
02-09 18:22:12.054 W/WifiScan(27162): misformatted scan result for: 00:a0:f8:e0:a9:67	2462	176	[WPA-PSK-TKIP]				
02-09 18:22:12.054 W/WifiScan(27162): misformatted scan result for: 00:a0:f8:e0:ab:11	2437	174	[WPA-PSK-TKIP]				
02-09 18:22:12.064 W/WifiScan(27162): misformatted scan result for: 00:a0:f8:d8:4f:e1	2462	187	[WPA-PSK-TKIP]				
02-09 18:22:12.364 I/TelephonyRegistry(27162): notifyDataConnection: anyState=3,default/INET,apnTypeState=3,iface=rmnet0,ip=70.5.41.227,gw=70.5.41.225,isDataConnectivityPossible=true,networkType=6,reason=2GVoiceCallStarted
02-09 18:22:12.414 D/StatusBarPolicy(27220): StatusBarPolicy onDataConnectionStateChanged to 3for nw : 6on subscription : 0
02-09 18:22:12.424 D/StatusBarPolicy(27220): Data network type changed to:6
02-09 18:22:12.424 D/StatusBarPolicy(27220): updateDataIcon subscription =0
02-09 18:22:12.454 I/TelephonyRegistry(27162): notifyDataConnection: anyState=3,default/INET6,apnTypeState=0,iface=null,ip=null,gw=null,isDataConnectivityPossible=true,networkType=6,reason=2GVoiceCallStarted
02-09 18:22:12.454 D/ConnectivityService(27162): ConnectivityChange for mobile: SUSPENDED/SUSPENDED
02-09 18:22:12.454 D/ConnectivityService(27162): Got Network Disconnected from Driver nwtype=0
02-09 18:22:12.454 D/ConnectivityService(27162): getMobileDataEnabled returning true
02-09 18:22:12.454 D/ConnectivityService(27162): Attempting to switch to WIFI
02-09 18:22:12.504 D/StatusBarPolicy(27220): Data network type changed to:6
02-09 18:22:12.514 D/StatusBarPolicy(27220): updateDataIcon subscription =0
02-09 18:22:12.514 D/StatusBarPolicy(27220): updateSignalStrength on subscription :0
02-09 18:22:12.564 D/StatusBarPolicy(27220): getCdmaLevel_band_six -cdmaDbm:-95
02-09 18:22:12.564 D/StatusBarPolicy(27220): getCdmaLevel_band_six -cdmaEcio:-70
02-09 18:22:12.564 I/TelephonyRegistry(27162): notifyDataConnection: anyState=3,mms/INET,apnTypeState=3,iface=rmnet0,ip=70.5.41.227,gw=70.5.41.225,isDataConnectivityPossible=true,networkType=6,reason=2GVoiceCallStarted
02-09 18:22:12.594 I/TelephonyRegistry(27162): notifyDataConnection: anyState=3,mms/INET6,apnTypeState=0,iface=null,ip=null,gw=null,isDataConnectivityPossible=true,networkType=6,reason=2GVoiceCallStarted
02-09 18:22:13.395 I/ActivityManager(27162): Start proc com.google.android.apps.uploader for broadcast com.google.android.apps.uploader/.ConnectivityBroadcastReceiver: pid=4649 uid=10034 gids={3003}
02-09 18:22:13.475 I/TelephonyRegistry(27162): notifyDataConnection: anyState=3,supl/INET,apnTypeState=3,iface=rmnet0,ip=70.5.41.227,gw=70.5.41.225,isDataConnectivityPossible=true,networkType=6,reason=2GVoiceCallStarted
02-09 18:22:13.525 I/TelephonyRegistry(27162): notifyDataConnection: anyState=3,supl/INET6,apnTypeState=0,iface=null,ip=null,gw=null,isDataConnectivityPossible=true,networkType=6,reason=2GVoiceCallStarted
02-09 18:22:13.555 I/TelephonyRegistry(27162): notifyDataConnection: anyState=3,dun/INET,apnTypeState=0,iface=null,ip=null,gw=null,isDataConnectivityPossible=true,networkType=6,reason=2GVoiceCallStarted
02-09 18:22:13.595 I/TelephonyRegistry(27162): notifyDataConnection: anyState=3,dun/INET6,apnTypeState=0,iface=null,ip=null,gw=null,isDataConnectivityPossible=true,networkType=6,reason=2GVoiceCallStarted
02-09 18:22:13.615 D/PowerManagerService(27162): setTimeoutLocked now=98523390 timeoutOverride=-1 nextState=3 when=98529390
02-09 18:22:13.645 W/WindowManager(27162): updateFocusedWindowLocked newFocus=Window{406b3660 TrackingView paused=false} mode=3 mCurrentFocus = Window{4052bfc8 com.android.mms/com.android.mms.ui.ComposeMessageActivity paused=false}
02-09 18:22:13.685 I/TelephonyRegistry(27162): notifyDataConnection: anyState=3,hipri/INET,apnTypeState=3,iface=rmnet0,ip=70.5.41.227,gw=70.5.41.225,isDataConnectivityPossible=true,networkType=6,reason=2GVoiceCallStarted
02-09 18:22:13.705 I/TelephonyRegistry(27162): notifyDataConnection: anyState=3,hipri/INET6,apnTypeState=0,iface=null,ip=null,gw=null,isDataConnectivityPossible=true,networkType=6,reason=2GVoiceCallStarted
02-09 18:22:13.725 W/WindowManager(27162): updateFocusedWindowLocked newFocus=Window{406b4900 StatusBarExpanded paused=false} mode=3 mCurrentFocus = Window{406b3660 TrackingView paused=false}
02-09 18:22:13.826 D/PowerManagerService(27162): setTimeoutLocked now=98523602 timeoutOverride=-1 nextState=3 when=98529602
02-09 18:22:13.896 D/StatusBarService(27220): Notification has fullScreenIntent; sending fullScreenIntent
02-09 18:22:13.896 I/ActivityManager(27162): Starting: Intent { act=android.intent.action.MAIN flg=0x10840000 cmp=com.android.phone/.InCallScreen (has extras) } from pid -1
02-09 18:22:13.906 W/WindowManager(27162): updateFocusedWindowLocked newFocus=Window{406b4900 StatusBarExpanded paused=false} mode=0 mCurrentFocus = Window{406b4900 StatusBarExpanded paused=false}
02-09 18:22:13.986 D/StatusBarPolicy(27220): updateDataIcon subscription =0
02-09 18:22:14.066 W/WindowManager(27162): updateFocusedWindowLocked newFocus=Window{406b4900 StatusBarExpanded paused=false} mode=3 mCurrentFocus = Window{406b4900 StatusBarExpanded paused=false}
02-09 18:22:14.096 D/StatusBarPolicy(27220): onSignalStrengthsChanged:SignalStrength: 99 0 -91 -80 -105 -75 6 99 2147483647 2147483647 2147483647 2147483647 cdma for subscription0
02-09 18:22:14.096 D/StatusBarPolicy(27220): updateSignalStrength on subscription :0
02-09 18:22:14.096 D/StatusBarPolicy(27220): getCdmaLevel_band_six -cdmaDbm:-91
02-09 18:22:14.096 D/StatusBarPolicy(27220): getCdmaLevel_band_six -cdmaEcio:-80
02-09 18:22:14.116 W/WindowManager(27162): updateFocusedWindowLocked newFocus=Window{406b3660 TrackingView paused=false} mode=3 mCurrentFocus = Window{406b4900 StatusBarExpanded paused=false}
02-09 18:22:14.136 W/WindowManager(27162): updateFocusedWindowLocked newFocus=Window{406b3660 TrackingView paused=false} mode=2 mCurrentFocus = Window{406b3660 TrackingView paused=false}
02-09 18:22:14.136 W/WindowManager(27162): updateFocusedWindowLocked newFocus=Window{406b3660 TrackingView paused=false} mode=2 mCurrentFocus = Window{406b3660 TrackingView paused=false}
02-09 18:22:14.156 W/WindowManager(27162): updateFocusedWindowLocked newFocus=Window{40b536d8 com.android.phone/com.android.phone.InCallScreen paused=false} mode=3 mCurrentFocus = Window{406b3660 TrackingView paused=false}
02-09 18:22:14.196 W/WindowManager(27162): updateFocusedWindowLocked newFocus=Window{40b536d8 com.android.phone/com.android.phone.InCallScreen paused=false} mode=3 mCurrentFocus = Window{40b536d8 com.android.phone/com.android.phone.InCallScreen paused=false}
02-09 18:22:14.316 I/ActivityManager(27162): No longer want com.facebook.orca (pid 3922): hidden #16
02-09 18:22:14.366 I/ActivityManager(27162): Start proc com.google.android.gm for broadcast com.google.android.gm/.downloadprovider.DownloadReceiver: pid=4659 uid=10046 gids={3003, 1015}
02-09 18:22:14.506 W/ActivityManager(27162): Scheduling restart of crashed service com.facebook.orca/.push.mqtt.MqttPushService in 5000ms
02-09 18:22:14.506 W/ActivityManager(27162): Scheduling restart of crashed service com.facebook.orca/.server.OrcaService in 15000ms
02-09 18:22:14.546 D/ConnectivityService(27162): reportNetworkCondition(0, 0)
02-09 18:22:14.546 D/ConnectivityService(27162): Inet connectivity change, net=0, condition=0,mActiveDefaultNetwork=-1
02-09 18:22:14.546 D/ConnectivityService(27162): no active default network - aborting
02-09 18:22:14.676 I/ActivityManager(27162): No longer want com.google.android.apps.chrometophone (pid 545): hidden #16
02-09 18:22:14.766 D/RPC     (27162): 3000008c:00050000 sending call (XID 71).
02-09 18:22:14.766 D/RPC     (27162): 3000008c:00050000 received REPLY (XID 71), grabbing mutex to wake up client.
02-09 18:22:14.766 D/RPC     (27162): 3000008c:00050000 call success.
02-09 18:22:14.766 D/RPC     (27162): 3000008c:00050000 received CALL.
02-09 18:22:14.766 D/RPC     (27162): 3000008c:00050000 dispatching RPC call (XID 5865, xdr 0x3f7fe0) for callback client 3100008c:00050001.
02-09 18:22:14.766 D/RPC     (27162): 3100008c:327681 sending RPC reply (XID 5865)
02-09 18:22:14.766 D/RPC     (27162): 3000008c:00050000 sending call (XID 72).
02-09 18:22:14.766 D/RPC     (27162): 3000008c:00050000 received REPLY (XID 72), grabbing mutex to wake up client.
02-09 18:22:14.766 D/RPC     (27162): 3000008c:00050000 call success.
02-09 18:22:14.786 D/RPC     (27162): 3000008c:00050000 received CALL.
02-09 18:22:14.786 D/RPC     (27162): 3000008c:00050000 dispatching RPC call (XID 5866, xdr 0x3f7fe0) for callback client 3100008c:00050001.
02-09 18:22:14.786 D/RPC     (27162): 3100008c:327681 sending RPC reply (XID 5866)
02-09 18:22:14.847 D/StatusBarPolicy(27220): updateDataIcon subscription =0
02-09 18:22:16.128 D/StatusBarPolicy(27220): onSignalStrengthsChanged:SignalStrength: 99 0 -94 -120 -105 -75 6 99 2147483647 2147483647 2147483647 2147483647 cdma for subscription0
02-09 18:22:16.128 D/StatusBarPolicy(27220): updateSignalStrength on subscription :0
02-09 18:22:16.138 D/StatusBarPolicy(27220): getCdmaLevel_band_six -cdmaDbm:-94
02-09 18:22:16.138 D/StatusBarPolicy(27220): getCdmaLevel_band_six -cdmaEcio:-120
02-09 18:22:16.628 D/StatusBarPolicy(27220): onSignalStrengthsChanged:SignalStrength: 99 0 -93 -80 -105 -75 6 99 2147483647 2147483647 2147483647 2147483647 cdma for subscription0
02-09 18:22:16.628 D/StatusBarPolicy(27220): updateSignalStrength on subscription :0
02-09 18:22:16.628 D/StatusBarPolicy(27220): getCdmaLevel_band_six -cdmaDbm:-93
02-09 18:22:16.628 D/StatusBarPolicy(27220): getCdmaLevel_band_six -cdmaEcio:-80
02-09 18:22:16.869 D/StatusBarPolicy(27220): updateDataIcon subscription =0
02-09 18:22:17.879 D/StatusBarPolicy(27220): updateDataIcon subscription =0
02-09 18:22:18.300 E/StatusBarPolicy(27220): onCallStateChanged Received on subscription :0
02-09 18:22:18.300 D/StatusBarPolicy(27220): updateSignalStrength on subscription :0
02-09 18:22:18.310 D/StatusBarPolicy(27220): getCdmaLevel_band_six -cdmaDbm:-93
02-09 18:22:18.310 D/StatusBarPolicy(27220): getCdmaLevel_band_six -cdmaEcio:-80
02-09 18:22:18.430 D/PowerManagerService(27162): setTimeoutLocked now=98528212 timeoutOverride=-1 nextState=3 when=98534212
02-09 18:22:18.500 D/StatusBarPolicy(27220): onSignalStrengthsChanged:SignalStrength: 99 0 -120 -90 -120 -315 6 99 2147483647 2147483647 2147483647 2147483647 cdma for subscription0
02-09 18:22:18.500 D/StatusBarPolicy(27220): updateSignalStrength on subscription :0
02-09 18:22:18.500 D/StatusBarPolicy(27220): getCdmaLevel_band_six -cdmaDbm:-120
02-09 18:22:18.500 D/StatusBarPolicy(27220): getCdmaLevel_band_six -cdmaEcio:-90
02-09 18:22:18.520 D/StatusBarPolicy(27220): onSignalStrengthsChanged:SignalStrength: 99 0 -93 -90 -120 -315 6 99 2147483647 2147483647 2147483647 2147483647 cdma for subscription0
02-09 18:22:18.520 D/StatusBarPolicy(27220): updateSignalStrength on subscription :0
02-09 18:22:18.520 D/StatusBarPolicy(27220): getCdmaLevel_band_six -cdmaDbm:-93
02-09 18:22:18.520 D/StatusBarPolicy(27220): getCdmaLevel_band_six -cdmaEcio:-90
02-09 18:22:18.900 D/StatusBarPolicy(27220): updateDataIcon subscription =0
02-09 18:22:19.021 W/WifiScan(27162): misformatted scan result for: 00:a0:f8:d8:4f:e3	2462	196	[WPA-PSK-TKIP]				
02-09 18:22:19.031 W/WifiScan(27162): misformatted scan result for: 00:a0:f8:e0:b3:59	2412	190	[WPA-PSK-TKIP]				
02-09 18:22:19.041 W/WifiScan(27162): misformatted scan result for: 00:a0:f8:e0:b3:5b	2412	190	[WPA-PSK-TKIP]				
02-09 18:22:19.041 W/WifiScan(27162): misformatted scan result for: 00:a0:f8:d8:4f:e1	2462	189	[WPA-PSK-TKIP]				
02-09 18:22:19.041 W/WifiScan(27162): misformatted scan result for: 00:a0:f8:e0:a9:65	2462	177	[WPA-PSK-TKIP]				
02-09 18:22:19.041 W/WifiScan(27162): misformatted scan result for: 00:a0:f8:e0:ab:11	2437	173	[WPA-PSK-TKIP]				
02-09 18:22:19.051 W/WifiScan(27162): misformatted scan result for: 00:a0:f8:e0:ab:13	2437	171	[WPA-PSK-TKIP]				
02-09 18:22:19.051 W/WifiScan(27162): misformatted scan result for: 00:a0:f8:e0:a9:67	2462	176	[WPA-PSK-TKIP]				
02-09 18:22:19.071 W/WifiScan(27162): misformatted scan result for: 00:a0:f8:d8:4f:e3	2462	196	[WPA-PSK-TKIP]				
02-09 18:22:19.081 W/WifiScan(27162): misformatted scan result for: 00:a0:f8:e0:b3:59	2412	190	[WPA-PSK-TKIP]				
02-09 18:22:19.081 W/WifiScan(27162): misformatted scan result for: 00:a0:f8:e0:b3:5b	2412	190	[WPA-PSK-TKIP]				
02-09 18:22:19.091 W/WifiScan(27162): misformatted scan result for: 00:a0:f8:d8:4f:e1	2462	189	[WPA-PSK-TKIP]				
02-09 18:22:19.091 W/WifiScan(27162): misformatted scan result for: 00:a0:f8:e0:a9:65	2462	177	[WPA-PSK-TKIP]				
02-09 18:22:19.091 W/WifiScan(27162): misformatted scan result for: 00:a0:f8:e0:ab:11	2437	173	[WPA-PSK-TKIP]				
02-09 18:22:19.091 W/WifiScan(27162): misformatted scan result for: 00:a0:f8:e0:ab:13	2437	171	[WPA-PSK-TKIP]				
02-09 18:22:19.091 W/WifiScan(27162): misformatted scan result for: 00:a0:f8:e0:a9:67	2462	176	[WPA-PSK-TKIP]				
02-09 18:22:19.511 I/ActivityManager(27162): Start proc com.facebook.orca for service com.facebook.orca/.push.mqtt.MqttPushService: pid=4670 uid=10066 gids={3003, 1015, 1006}
02-09 18:22:19.521 D/WifiService(27162): ACTION_SCREEN_OFF
02-09 18:22:19.531 D/WifiService(27162): setting ACTION_DEVICE_IDLE timer for 120,000 ms
02-09 18:22:26.007 W/WifiScan(27162): misformatted scan result for: 00:a0:f8:d8:4f:e1	2462	197	[WPA-PSK-TKIP]				
02-09 18:22:26.007 W/WifiScan(27162): misformatted scan result for: 00:a0:f8:d8:4f:e3	2462	186	[WPA-PSK-TKIP]				
02-09 18:22:26.007 W/WifiScan(27162): misformatted scan result for: 00:a0:f8:e0:b3:59	2412	182	[WPA-PSK-TKIP]				
02-09 18:22:26.007 W/WifiScan(27162): misformatted scan result for: 00:a0:f8:e0:ab:11	2437	175	[WPA-PSK-TKIP]				
02-09 18:22:26.017 W/WifiScan(27162): misformatted scan result for: 00:a0:f8:e0:a9:67	2462	175	[WPA-PSK-TKIP]				
02-09 18:22:26.027 W/WifiScan(27162): misformatted scan result for: 00:a0:f8:e0:ab:13	2437	174	[WPA-PSK-TKIP]				
02-09 18:22:26.027 W/WifiScan(27162): misformatted scan result for: 00:a0:f8:e0:a9:65	2462	179	[WPA-PSK-TKIP]				
02-09 18:22:26.037 W/WifiScan(27162): misformatted scan result for: 00:a0:f8:d8:4f:e1	2462	197	[WPA-PSK-TKIP]				
02-09 18:22:26.037 W/WifiScan(27162): misformatted scan result for: 00:a0:f8:d8:4f:e3	2462	186	[WPA-PSK-TKIP]				
02-09 18:22:26.037 W/WifiScan(27162): misformatted scan result for: 00:a0:f8:e0:b3:59	2412	182	[WPA-PSK-TKIP]				
02-09 18:22:26.037 W/WifiScan(27162): misformatted scan result for: 00:a0:f8:e0:ab:11	2437	175	[WPA-PSK-TKIP]				
02-09 18:22:26.037 W/WifiScan(27162): misformatted scan result for: 00:a0:f8:e0:a9:67	2462	175	[WPA-PSK-TKIP]				
02-09 18:22:26.037 W/WifiScan(27162): misformatted scan result for: 00:a0:f8:e0:ab:13	2437	174	[WPA-PSK-TKIP]				
02-09 18:22:26.037 W/WifiScan(27162): misformatted scan result for: 00:a0:f8:e0:a9:65	2462	179	[WPA-PSK-TKIP]				
02-09 18:22:32.984 W/WifiScan(27162): misformatted scan result for: 00:a0:f8:d8:4f:e1	2462	199	[WPA-PSK-TKIP]				
02-09 18:22:32.984 W/WifiScan(27162): misformatted scan result for: 00:a0:f8:d8:4f:e3	2462	199	[WPA-PSK-TKIP]				
02-09 18:22:32.994 W/WifiScan(27162): misformatted scan result for: 00:a0:f8:e0:b3:59	2412	186	[WPA-PSK-TKIP]				
02-09 18:22:32.994 W/WifiScan(27162): misformatted scan result for: 00:a0:f8:e0:b3:5b	2412	183	[WPA-PSK-TKIP]				
02-09 18:22:33.004 W/WifiScan(27162): misformatted scan result for: 00:a0:f8:e0:a9:67	2462	182	[WPA-PSK-TKIP]				
02-09 18:22:33.004 W/WifiScan(27162): misformatted scan result for: 00:a0:f8:e0:ab:13	2437	171	[WPA-PSK-TKIP]				
02-09 18:22:33.004 W/WifiScan(27162): misformatted scan result for: 00:a0:f8:e0:a9:65	2462	181	[WPA-PSK-TKIP]				
02-09 18:22:33.004 W/WifiScan(27162): misformatted scan result for: 00:15:70:24:e5:e8	2412	163	[WPA-PSK-TKIP]				
02-09 18:22:33.024 W/WifiScan(27162): misformatted scan result for: 00:a0:f8:d8:4f:e1	2462	199	[WPA-PSK-TKIP]				
02-09 18:22:33.034 W/WifiScan(27162): misformatted scan result for: 00:a0:f8:d8:4f:e3	2462	199	[WPA-PSK-TKIP]				
02-09 18:22:33.034 W/WifiScan(27162): misformatted scan result for: 00:a0:f8:e0:b3:59	2412	186	[WPA-PSK-TKIP]				
02-09 18:22:33.044 W/WifiScan(27162): misformatted scan result for: 00:a0:f8:e0:b3:5b	2412	183	[WPA-PSK-TKIP]				
02-09 18:22:33.044 W/WifiScan(27162): misformatted scan result for: 00:a0:f8:e0:a9:67	2462	182	[WPA-PSK-TKIP]				
02-09 18:22:33.054 W/WifiScan(27162): misformatted scan result for: 00:a0:f8:e0:ab:13	2437	171	[WPA-PSK-TKIP]				
02-09 18:22:33.054 W/WifiScan(27162): misformatted scan result for: 00:a0:f8:e0:a9:65	2462	181	[WPA-PSK-TKIP]				
02-09 18:22:33.054 W/WifiScan(27162): misformatted scan result for: 00:15:70:24:e5:e8	2412	163	[WPA-PSK-TKIP]				
02-09 18:22:39.951 W/WifiScan(27162): misformatted scan result for: 00:a0:f8:d8:4f:e1	2462	199	[WPA-PSK-TKIP]				
02-09 18:22:39.961 W/WifiScan(27162): misformatted scan result for: 00:a0:f8:d8:4f:e3	2462	196	[WPA-PSK-TKIP]				
02-09 18:22:39.961 W/WifiScan(27162): misformatted scan result for: 00:a0:f8:e0:b3:59	2412	182	[WPA-PSK-TKIP]				
02-09 18:22:39.971 W/WifiScan(27162): misformatted scan result for: 00:a0:f8:e0:b3:5b	2412	181	[WPA-PSK-TKIP]				
02-09 18:22:39.971 W/WifiScan(27162): misformatted scan result for: 00:a0:f8:e0:ab:11	2437	173	[WPA-PSK-TKIP]				
02-09 18:22:39.971 W/WifiScan(27162): misformatted scan result for: 00:a0:f8:e0:ab:13	2437	172	[WPA-PSK-TKIP]				
02-09 18:22:39.981 W/WifiScan(27162): misformatted scan result for: 00:15:70:24:e5:ea	2412	167	[WPA-PSK-TKIP]				
02-09 18:22:39.981 W/WifiScan(27162): misformatted scan result for: 00:15:70:24:e5:e8	2412	166	[WPA-PSK-TKIP]				
02-09 18:22:39.981 W/WifiScan(27162): misformatted scan result for: 00:a0:f8:e0:a9:67	2462	178	[WPA-PSK-TKIP]				
02-09 18:22:39.981 W/WifiScan(27162): misformatted scan result for: 00:15:70:24:e5:e9	2412	165	[WPA-PSK-TKIP]				
02-09 18:22:40.011 W/WifiScan(27162): misformatted scan result for: 00:a0:f8:d8:4f:e1	2462	199	[WPA-PSK-TKIP]				
02-09 18:22:40.011 W/WifiScan(27162): misformatted scan result for: 00:a0:f8:d8:4f:e3	2462	196	[WPA-PSK-TKIP]				
02-09 18:22:40.011 W/WifiScan(27162): misformatted scan result for: 00:a0:f8:e0:b3:59	2412	182	[WPA-PSK-TKIP]				
02-09 18:22:40.011 W/WifiScan(27162): misformatted scan result for: 00:a0:f8:e0:b3:5b	2412	181	[WPA-PSK-TKIP]				
02-09 18:22:40.021 W/WifiScan(27162): misformatted scan result for: 00:a0:f8:e0:ab:11	2437	173	[WPA-PSK-TKIP]				
02-09 18:22:40.021 W/WifiScan(27162): misformatted scan result for: 00:a0:f8:e0:ab:13	2437	172	[WPA-PSK-TKIP]				
02-09 18:22:40.021 W/WifiScan(27162): misformatted scan result for: 00:15:70:24:e5:ea	2412	167	[WPA-PSK-TKIP]				
02-09 18:22:40.021 W/WifiScan(27162): misformatted scan result for: 00:15:70:24:e5:e8	2412	166	[WPA-PSK-TKIP]				
02-09 18:22:40.021 W/WifiScan(27162): misformatted scan result for: 00:a0:f8:e0:a9:67	2462	178	[WPA-PSK-TKIP]				
02-09 18:22:40.021 W/WifiScan(27162): misformatted scan result for: 00:15:70:24:e5:e9	2412	165	[WPA-PSK-TKIP]				
02-09 18:22:44.666 D/WifiService(27162): ACTION_BATTERY_CHANGED pluggedType: 0
02-09 18:22:44.666 D/WifiService(27162): WifiHandler, MESSAGE_UPDATE_STATE
02-09 18:22:44.666 D/WifiService(27162): isAirplaneModeOn(): false
02-09 18:22:44.666 D/WifiService(27162): updateWifiState(), wifiEnabled: true, airplaneMode: false, wifiShouldBeEnabled: true, wifiShouldBeStarted: true, strongestLockMode: 1
02-09 18:22:44.676 D/WifiService(27162): WifiHandler, MESSAGE_ENABLE_WIFI, msg.arg1: 0, msg.arg2: 1000
02-09 18:22:44.676 D/WifiService(27162): WifiHandler, MESSAGE_START_WIFI, msg.arg1: 1
02-09 18:22:46.938 W/WifiScan(27162): misformatted scan result for: 00:a0:f8:d8:4f:e3	2462	196	[WPA-PSK-TKIP]				
02-09 18:22:46.958 W/WifiScan(27162): misformatted scan result for: 00:a0:f8:d8:4f:e1	2462	195	[WPA-PSK-TKIP]				
02-09 18:22:46.958 W/WifiScan(27162): misformatted scan result for: 00:a0:f8:e0:b3:5b	2412	184	[WPA-PSK-TKIP]				
02-09 18:22:46.958 W/WifiScan(27162): misformatted scan result for: 00:a0:f8:e0:b3:59	2412	184	[WPA-PSK-TKIP]				
02-09 18:22:46.958 W/WifiScan(27162): misformatted scan result for: 00:a0:f8:e0:a9:67	2462	182	[WPA-PSK-TKIP]				
02-09 18:22:46.968 W/WifiScan(27162): misformatted scan result for: 00:a0:f8:e0:ab:11	2437	181	[WPA-PSK-TKIP]				
02-09 18:22:46.968 W/WifiScan(27162): misformatted scan result for: 00:a0:f8:e0:ab:13	2437	178	[WPA-PSK-TKIP]				
02-09 18:22:46.968 W/WifiScan(27162): misformatted scan result for: 00:a0:f8:e0:a9:65	2462	180	[WPA-PSK-TKIP]				
02-09 18:22:46.998 W/WifiScan(27162): misformatted scan result for: 00:a0:f8:d8:4f:e3	2462	196	[WPA-PSK-TKIP]				
02-09 18:22:46.998 W/WifiScan(27162): misformatted scan result for: 00:a0:f8:d8:4f:e1	2462	195	[WPA-PSK-TKIP]				
02-09 18:22:46.998 W/WifiScan(27162): misformatted scan result for: 00:a0:f8:e0:b3:5b	2412	184	[WPA-PSK-TKIP]				
02-09 18:22:46.998 W/WifiScan(27162): misformatted scan result for: 00:a0:f8:e0:b3:59	2412	184	[WPA-PSK-TKIP]				
02-09 18:22:47.008 W/WifiScan(27162): misformatted scan result for: 00:a0:f8:e0:a9:67	2462	182	[WPA-PSK-TKIP]				
02-09 18:22:47.008 W/WifiScan(27162): misformatted scan result for: 00:a0:f8:e0:ab:11	2437	181	[WPA-PSK-TKIP]				
02-09 18:22:47.008 W/WifiScan(27162): misformatted scan result for: 00:a0:f8:e0:ab:13	2437	178	[WPA-PSK-TKIP]				
02-09 18:22:47.008 W/WifiScan(27162): misformatted scan result for: 00:a0:f8:e0:a9:65	2462	180	[WPA-PSK-TKIP]				
02-09 18:22:51.873 D/PowerManagerService(27162): setTimeoutLocked now=98561636 timeoutOverride=-1 nextState=3 when=98567636
02-09 18:22:51.893 W/WindowManager(27162): updateFocusedWindowLocked newFocus=Window{40b536d8 com.android.phone/com.android.phone.InCallScreen paused=false} mode=2 mCurrentFocus = Window{40b536d8 com.android.phone/com.android.phone.InCallScreen paused=false}
02-09 18:22:51.893 W/WindowManager(27162): updateFocusedWindowLocked newFocus=Window{40b536d8 com.android.phone/com.android.phone.InCallScreen paused=false} mode=2 mCurrentFocus = Window{40b536d8 com.android.phone/com.android.phone.InCallScreen paused=false}
02-09 18:22:52.053 D/WifiService(27162): ACTION_SCREEN_ON
02-09 18:22:52.053 D/WifiService(27162): WifiHandler, MESSAGE_UPDATE_STATE
02-09 18:22:52.053 D/WifiService(27162): isAirplaneModeOn(): false
02-09 18:22:52.053 D/WifiService(27162): updateWifiState(), wifiEnabled: true, airplaneMode: false, wifiShouldBeEnabled: true, wifiShouldBeStarted: true, strongestLockMode: 1
02-09 18:22:52.053 D/WifiService(27162): WifiHandler, MESSAGE_ENABLE_WIFI, msg.arg1: 0, msg.arg2: 1000
02-09 18:22:52.053 D/WifiService(27162): WifiHandler, MESSAGE_START_WIFI, msg.arg1: 1
02-09 18:22:52.063 D/StatusBarPolicy(27220): onSignalStrengthsChanged:SignalStrength: 99 0 -96 -95 -120 -315 6 99 2147483647 2147483647 2147483647 2147483647 cdma for subscription0
02-09 18:22:52.063 D/StatusBarPolicy(27220): updateSignalStrength on subscription :0
02-09 18:22:52.073 D/StatusBarPolicy(27220): getCdmaLevel_band_six -cdmaDbm:-96
02-09 18:22:52.073 D/StatusBarPolicy(27220): getCdmaLevel_band_six -cdmaEcio:-95
02-09 18:22:52.143 I/TelephonyRegistry(27162): notifyServiceState: 0 home Sprint  310099  EvDo rev. A CSS not supported 41 4139RoamInd: 1RoamStatus(sprint): 1DefRoamInd: 160EmergOnly: false
02-09 18:22:52.143 D/StatusBarPolicy(27220): onServiceStateChanged:0 home Sprint  310099  EvDo rev. A CSS not supported 41 4139RoamInd: 1RoamStatus(sprint): 1DefRoamInd: 160EmergOnly: falsefor subscription :0
02-09 18:22:52.143 D/StatusBarPolicy(27220): updateSignalStrength on subscription :0
02-09 18:22:52.143 D/StatusBarPolicy(27220): getCdmaLevel_band_six -cdmaDbm:-96
02-09 18:22:52.143 D/StatusBarPolicy(27220): getCdmaLevel_band_six -cdmaEcio:-95
02-09 18:22:52.143 D/StatusBarPolicy(27220): updateDataIcon subscription =0
02-09 18:22:53.074 D/StatusBarPolicy(27220): updateDataIcon subscription =0
02-09 18:22:53.895 W/WifiScan(27162): misformatted scan result for: 00:a0:f8:d8:4f:e3	2462	197	[WPA-PSK-TKIP]				
02-09 18:22:53.895 W/WifiScan(27162): misformatted scan result for: 00:a0:f8:e0:b3:59	2412	187	[WPA-PSK-TKIP]				
02-09 18:22:53.895 W/WifiScan(27162): misformatted scan result for: 00:a0:f8:e0:b3:5b	2412	182	[WPA-PSK-TKIP]				
02-09 18:22:53.895 W/WifiScan(27162): misformatted scan result for: 00:a0:f8:e0:a9:67	2462	181	[WPA-PSK-TKIP]				
02-09 18:22:53.895 W/WifiScan(27162): misformatted scan result for: 00:a0:f8:e0:ab:13	2437	178	[WPA-PSK-TKIP]				
02-09 18:22:53.895 W/WifiScan(27162): misformatted scan result for: 00:a0:f8:e0:ab:11	2437	173	[WPA-PSK-TKIP]				
02-09 18:22:53.895 W/WifiScan(27162): misformatted scan result for: 00:a0:f8:d8:4f:e1	2462	195	[WPA-PSK-TKIP]				
02-09 18:22:53.895 W/WifiScan(27162): misformatted scan result for: 00:a0:f8:d8:4f:e3	2462	197	[WPA-PSK-TKIP]				
02-09 18:22:53.895 W/WifiScan(27162): misformatted scan result for: 00:a0:f8:e0:b3:59	2412	187	[WPA-PSK-TKIP]				
02-09 18:22:53.895 W/WifiScan(27162): misformatted scan result for: 00:a0:f8:e0:b3:5b	2412	182	[WPA-PSK-TKIP]				
02-09 18:22:53.895 W/WifiScan(27162): misformatted scan result for: 00:a0:f8:e0:a9:67	2462	181	[WPA-PSK-TKIP]				
02-09 18:22:53.905 W/WifiScan(27162): misformatted scan result for: 00:a0:f8:e0:ab:13	2437	178	[WPA-PSK-TKIP]				
02-09 18:22:53.905 W/WifiScan(27162): misformatted scan result for: 00:a0:f8:e0:ab:11	2437	173	[WPA-PSK-TKIP]				
02-09 18:22:53.905 W/WifiScan(27162): misformatted scan result for: 00:a0:f8:d8:4f:e1	2462	195	[WPA-PSK-TKIP]				
02-09 18:22:54.125 E/StatusBarPolicy(27220): onCallStateChanged Received on subscription :0
02-09 18:22:54.125 D/StatusBarPolicy(27220): updateSignalStrength on subscription :0
02-09 18:22:54.125 D/StatusBarPolicy(27220): StatusBarPolocy::getIconLevel -EVDO
02-09 18:22:54.125 D/StatusBarPolicy(27220): getEvdoLevel_band_six -evdoDbm:-120
02-09 18:22:54.125 D/StatusBarPolicy(27220): getEvdoLevel_band_six -evdoEcio:-315
02-09 18:22:54.155 D/StatusBarPolicy(27220): updateDataIcon subscription =0
02-09 18:22:54.185 I/PowerManagerService(27162): clearUserActivity for 10000ms from now
02-09 18:22:54.185 D/PowerManagerService(27162): setTimeoutLocked now=98563962 timeoutOverride=3000 nextState=1 when=98566962
02-09 18:22:54.295 I/TelephonyRegistry(27162): notifyDataConnection: anyState=2,default/INET,apnTypeState=2,iface=rmnet0,ip=70.5.41.227,gw=70.5.41.225,isDataConnectivityPossible=true,networkType=6,reason=2GVoiceCallEnded
02-09 18:22:54.295 D/StatusBarPolicy(27220): StatusBarPolicy onDataConnectionStateChanged to 2for nw : 6on subscription : 0
02-09 18:22:54.295 D/StatusBarPolicy(27220): Data network type changed to:6
02-09 18:22:54.295 D/StatusBarPolicy(27220): updateDataIcon subscription =0
02-09 18:22:54.345 I/TelephonyRegistry(27162): notifyDataConnection: anyState=2,default/INET6,apnTypeState=0,iface=null,ip=null,gw=null,isDataConnectivityPossible=true,networkType=6,reason=2GVoiceCallEnded
