02-09 18:08:04.627 D/WifiService(27162): WifiHandler, MESSAGE_START_WIFI, msg.arg1: 1
02-09 18:08:09.502 D/RPC     (27162): 3000008c:00050000 sending call (XID 66).
02-09 18:08:09.502 D/RPC     (27162): 3000008c:00050000 received REPLY (XID 66), grabbing mutex to wake up client.
02-09 18:08:09.502 D/RPC     (27162): 3000008c:00050000 waiting for XDR input buffer to be consumed.
02-09 18:08:09.502 D/RPC     (27162): 3000008c:00050000 call success.
02-09 18:08:09.502 D/RPC     (27162): 3000008c:00050000 received CALL.
02-09 18:08:09.502 D/RPC     (27162): 3000008c:00050000 dispatching RPC call (XID 5846, xdr 0x3f7fe0) for callback client 3100008c:00050001.
02-09 18:08:09.502 D/RPC     (27162): 3100008c:327681 sending RPC reply (XID 5846)
02-09 18:08:52.562 W/WindowManager(27162): updateFocusedWindowLocked newFocus=Window{407266a8 Keyguard paused=false} mode=2 mCurrentFocus = Window{407266a8 Keyguard paused=false}
02-09 18:08:52.562 W/WindowManager(27162): updateFocusedWindowLocked newFocus=Window{407266a8 Keyguard paused=false} mode=2 mCurrentFocus = Window{407266a8 Keyguard paused=false}
02-09 18:08:52.572 D/WifiService(27162): ACTION_BATTERY_CHANGED pluggedType: 0
02-09 18:08:52.572 D/WifiService(27162): WifiHandler, MESSAGE_UPDATE_STATE
02-09 18:08:52.572 D/WifiService(27162): isAirplaneModeOn(): false
02-09 18:08:52.572 D/WifiService(27162): updateWifiState(), wifiEnabled: true, airplaneMode: false, wifiShouldBeEnabled: true, wifiShouldBeStarted: true, strongestLockMode: 1
02-09 18:08:52.572 D/WifiService(27162): WifiHandler, MESSAGE_ENABLE_WIFI, msg.arg1: 0, msg.arg2: 1000
02-09 18:08:52.572 D/WifiService(27162): WifiHandler, MESSAGE_START_WIFI, msg.arg1: 1
02-09 18:08:52.622 D/WifiService(27162): ACTION_SCREEN_ON
02-09 18:08:52.622 D/WifiService(27162): WifiHandler, MESSAGE_UPDATE_STATE
02-09 18:08:52.622 D/WifiService(27162): isAirplaneModeOn(): false
02-09 18:08:52.622 D/WifiService(27162): updateWifiState(), wifiEnabled: true, airplaneMode: false, wifiShouldBeEnabled: true, wifiShouldBeStarted: true, strongestLockMode: 1
02-09 18:08:52.622 D/WifiService(27162): WifiHandler, MESSAGE_ENABLE_WIFI, msg.arg1: 0, msg.arg2: 1000
02-09 18:08:52.622 D/WifiService(27162): WifiHandler, MESSAGE_START_WIFI, msg.arg1: 1
02-09 18:08:52.652 D/StatusBarPolicy(27220): onSignalStrengthsChanged:SignalStrength: 99 0 -97 -315 -95 -35 2 99 2147483647 2147483647 2147483647 2147483647 cdma for subscription0
02-09 18:08:52.652 D/StatusBarPolicy(27220): updateSignalStrength on subscription :0
02-09 18:08:52.652 D/StatusBarPolicy(27220): StatusBarPolocy::getIconLevel -EVDO
02-09 18:08:52.652 D/StatusBarPolicy(27220): getEvdoLevel_band_six -evdoDbm:-95
02-09 18:08:52.652 D/StatusBarPolicy(27220): getEvdoLevel_band_six -evdoEcio:-35
02-09 18:08:53.242 I/TelephonyRegistry(27162): notifyServiceState: 0 home Sprint  310099  EvDo rev. A CSS not supported 41 4139RoamInd: 1RoamStatus(sprint): 1DefRoamInd: 160EmergOnly: false
02-09 18:08:53.242 D/StatusBarPolicy(27220): onServiceStateChanged:0 home Sprint  310099  EvDo rev. A CSS not supported 41 4139RoamInd: 1RoamStatus(sprint): 1DefRoamInd: 160EmergOnly: falsefor subscription :0
02-09 18:08:53.242 D/StatusBarPolicy(27220): updateSignalStrength on subscription :0
02-09 18:08:53.242 D/StatusBarPolicy(27220): StatusBarPolocy::getIconLevel -EVDO
02-09 18:08:53.242 D/StatusBarPolicy(27220): getEvdoLevel_band_six -evdoDbm:-95
02-09 18:08:53.242 D/StatusBarPolicy(27220): getEvdoLevel_band_six -evdoEcio:-35
02-09 18:08:53.242 D/StatusBarPolicy(27220): updateDataIcon subscription =0
02-09 18:08:53.452 D/StatusBarPolicy(27220): onSignalStrengthsChanged:SignalStrength: 99 0 -120 -120 -120 -45 2 99 2147483647 2147483647 2147483647 2147483647 cdma for subscription0
02-09 18:08:53.452 D/StatusBarPolicy(27220): updateSignalStrength on subscription :0
02-09 18:08:53.472 D/StatusBarPolicy(27220): StatusBarPolocy::getIconLevel -EVDO
02-09 18:08:53.472 D/StatusBarPolicy(27220): getEvdoLevel_band_six -evdoDbm:-120
02-09 18:08:53.472 D/StatusBarPolicy(27220): getEvdoLevel_band_six -evdoEcio:-45
02-09 18:08:53.482 D/StatusBarPolicy(27220): onSignalStrengthsChanged:SignalStrength: 99 0 -97 -120 -94 -45 2 99 2147483647 2147483647 2147483647 2147483647 cdma for subscription0
02-09 18:08:53.482 D/StatusBarPolicy(27220): updateSignalStrength on subscription :0
02-09 18:08:53.482 D/StatusBarPolicy(27220): StatusBarPolocy::getIconLevel -EVDO
02-09 18:08:53.482 D/StatusBarPolicy(27220): getEvdoLevel_band_six -evdoDbm:-94
02-09 18:08:53.482 D/StatusBarPolicy(27220): getEvdoLevel_band_six -evdoEcio:-45
02-09 18:08:53.753 D/PowerManagerService(27162): setTimeoutLocked now=98379232 timeoutOverride=-1 nextState=3 when=98385232
02-09 18:08:53.753 W/WindowManager(27162): updateFocusedWindowLocked newFocus=null mode=3 mCurrentFocus = Window{407266a8 Keyguard paused=false}
02-09 18:08:53.763 W/WindowManager(27162): updateFocusedWindowLocked newFocus=Window{4081ae18 com.android.launcher/com.android.launcher2.Launcher paused=false} mode=2 mCurrentFocus = null
02-09 18:08:53.763 D/PowerManagerService(27162): setTimeoutLocked now=98379248 timeoutOverride=-1 nextState=3 when=98385248
02-09 18:08:53.783 W/InputManagerService(27162): Window already focused, ignoring focus gain of: com.android.internal.view.IInputMethodClient$Stub$Proxy@40881690
02-09 18:08:54.633 D/StatusBarPolicy(27220): updateDataIcon subscription =0
02-09 18:08:54.653 D/StatusBarPolicy(27220): updateDataIcon subscription =0
02-09 18:08:55.664 D/StatusBarPolicy(27220): updateDataIcon subscription =0
02-09 18:08:55.724 D/StatusBarPolicy(27220): onSignalStrengthsChanged:SignalStrength: 99 0 -97 -120 -93 -55 4 99 2147483647 2147483647 2147483647 2147483647 cdma for subscription0
02-09 18:08:55.724 D/StatusBarPolicy(27220): updateSignalStrength on subscription :0
02-09 18:08:55.724 D/StatusBarPolicy(27220): StatusBarPolocy::getIconLevel -EVDO
02-09 18:08:55.724 D/StatusBarPolicy(27220): getEvdoLevel_band_six -evdoDbm:-93
02-09 18:08:55.724 D/StatusBarPolicy(27220): getEvdoLevel_band_six -evdoEcio:-55
02-09 18:08:56.065 D/PowerManagerService(27162): setTimeoutLocked now=98381544 timeoutOverride=-1 nextState=3 when=98387544
02-09 18:08:56.185 D/PowerManagerService(27162): setTimeoutLocked now=98381658 timeoutOverride=-1 nextState=3 when=98387658
02-09 18:08:56.675 D/StatusBarPolicy(27220): updateDataIcon subscription =0
02-09 18:08:56.936 D/StatusBarPolicy(27220): onSignalStrengthsChanged:SignalStrength: 99 0 -95 -110 -101 -45 4 99 2147483647 2147483647 2147483647 2147483647 cdma for subscription0
02-09 18:08:56.936 D/StatusBarPolicy(27220): updateSignalStrength on subscription :0
02-09 18:08:56.936 D/StatusBarPolicy(27220): StatusBarPolocy::getIconLevel -EVDO
02-09 18:08:56.936 D/StatusBarPolicy(27220): getEvdoLevel_band_six -evdoDbm:-101
02-09 18:08:56.936 D/StatusBarPolicy(27220): getEvdoLevel_band_six -evdoEcio:-45
02-09 18:08:56.956 I/TelephonyRegistry(27162): notifyServiceState: 0 home Sprint  310099  EvDo rev. A CSS not supported 41 4139RoamInd: 1RoamStatus(sprint): 1DefRoamInd: 160EmergOnly: false
02-09 18:08:57.006 D/StatusBarPolicy(27220): onServiceStateChanged:0 home Sprint  310099  EvDo rev. A CSS not supported 41 4139RoamInd: 1RoamStatus(sprint): 1DefRoamInd: 160EmergOnly: falsefor subscription :0
02-09 18:08:57.006 D/StatusBarPolicy(27220): updateSignalStrength on subscription :0
02-09 18:08:57.016 D/StatusBarPolicy(27220): StatusBarPolocy::getIconLevel -EVDO
02-09 18:08:57.016 D/StatusBarPolicy(27220): getEvdoLevel_band_six -evdoDbm:-101
02-09 18:08:57.016 D/StatusBarPolicy(27220): getEvdoLevel_band_six -evdoEcio:-45
02-09 18:08:57.016 D/StatusBarPolicy(27220): updateDataIcon subscription =0
02-09 18:08:57.947 D/StatusBarPolicy(27220): onSignalStrengthsChanged:SignalStrength: 99 0 -95 -110 -99 -60 5 99 2147483647 2147483647 2147483647 2147483647 cdma for subscription0
02-09 18:08:57.947 D/StatusBarPolicy(27220): updateSignalStrength on subscription :0
02-09 18:08:57.947 D/StatusBarPolicy(27220): StatusBarPolocy::getIconLevel -EVDO
02-09 18:08:57.947 D/StatusBarPolicy(27220): getEvdoLevel_band_six -evdoDbm:-99
02-09 18:08:57.947 D/StatusBarPolicy(27220): getEvdoLevel_band_six -evdoEcio:-60
02-09 18:08:58.167 D/PowerManagerService(27162): setTimeoutLocked now=98383643 timeoutOverride=-1 nextState=3 when=98389643
02-09 18:08:58.207 D/PowerManagerService(27162): setTimeoutLocked now=98383680 timeoutOverride=-1 nextState=3 when=98389680
02-09 18:08:58.988 I/ActivityManager(27162): No longer want com.google.android.apps.maps:NetworkLocationService (pid 2881): hidden #16
02-09 18:08:58.998 W/ActivityManager(27162): Scheduling restart of crashed service com.google.android.apps.maps/com.google.android.location.internal.server.NetworkLocationService in 5000ms
02-09 18:08:59.708 D/StatusBarPolicy(27220): updateDataIcon subscription =0
02-09 18:09:00.009 D/AlarmManager(27162): scheduleTimeTickEvent calendar=Thu Feb 09 18:10:00 CST 2012
02-09 18:09:00.009 D/AlarmManager(27162): calendar.getTimeInMillis()1328832600000
02-09 18:09:00.219 D/StatusBarPolicy(27220): onSignalStrengthsChanged:SignalStrength: 99 0 -95 -110 -97 -50 5 99 2147483647 2147483647 2147483647 2147483647 cdma for subscription0
02-09 18:09:00.219 D/StatusBarPolicy(27220): updateSignalStrength on subscription :0
02-09 18:09:00.219 D/StatusBarPolicy(27220): StatusBarPolocy::getIconLevel -EVDO
02-09 18:09:00.229 D/StatusBarPolicy(27220): getEvdoLevel_band_six -evdoDbm:-97
02-09 18:09:00.229 D/StatusBarPolicy(27220): getEvdoLevel_band_six -evdoEcio:-50
02-09 18:09:00.729 D/StatusBarPolicy(27220): updateDataIcon subscription =0
02-09 18:09:01.540 D/StatusBarPolicy(27220): onSignalStrengthsChanged:SignalStrength: 99 0 -95 -110 -104 -50 6 99 2147483647 2147483647 2147483647 2147483647 cdma for subscription0
02-09 18:09:01.540 D/StatusBarPolicy(27220): updateSignalStrength on subscription :0
02-09 18:09:01.540 D/StatusBarPolicy(27220): StatusBarPolocy::getIconLevel -EVDO
02-09 18:09:01.540 D/StatusBarPolicy(27220): getEvdoLevel_band_six -evdoDbm:-104
02-09 18:09:01.540 D/StatusBarPolicy(27220): getEvdoLevel_band_six -evdoEcio:-50
02-09 18:09:01.560 I/TelephonyRegistry(27162): notifyServiceState: 0 home Sprint  310099  EvDo rev. A CSS not supported 41 4139RoamInd: 1RoamStatus(sprint): 1DefRoamInd: 160EmergOnly: false
02-09 18:09:01.560 D/StatusBarPolicy(27220): onServiceStateChanged:0 home Sprint  310099  EvDo rev. A CSS not supported 41 4139RoamInd: 1RoamStatus(sprint): 1DefRoamInd: 160EmergOnly: falsefor subscription :0
02-09 18:09:01.560 D/StatusBarPolicy(27220): updateSignalStrength on subscription :0
02-09 18:09:01.560 D/StatusBarPolicy(27220): StatusBarPolocy::getIconLevel -EVDO
02-09 18:09:01.560 D/StatusBarPolicy(27220): getEvdoLevel_band_six -evdoDbm:-104
02-09 18:09:01.560 D/StatusBarPolicy(27220): getEvdoLevel_band_six -evdoEcio:-50
02-09 18:09:01.560 D/StatusBarPolicy(27220): updateDataIcon subscription =0
02-09 18:09:01.890 D/PowerManagerService(27162): setTimeoutLocked now=98387376 timeoutOverride=-1 nextState=3 when=98393376
02-09 18:09:01.971 D/PowerManagerService(27162): setTimeoutLocked now=98387449 timeoutOverride=-1 nextState=3 when=98393449
02-09 18:09:01.971 I/ActivityManager(27162): Starting: Intent { act=android.intent.action.MAIN cat=[android.intent.category.LAUNCHER] flg=0x10200000 cmp=com.android.mms/.ui.ConversationList bnds=[163,337][237,416] } from pid 27250
02-09 18:09:01.991 W/WindowManager(27162): updateFocusedWindowLocked newFocus=Window{4081ae18 com.android.launcher/com.android.launcher2.Launcher paused=true} mode=3 mCurrentFocus = Window{4081ae18 com.android.launcher/com.android.launcher2.Launcher paused=true}
02-09 18:09:02.001 W/WindowManager(27162): updateFocusedWindowLocked newFocus=null mode=0 mCurrentFocus = Window{4081ae18 com.android.launcher/com.android.launcher2.Launcher paused=true}
02-09 18:09:02.031 W/InputManagerService(27162): Starting input on non-focused client com.android.internal.view.IInputMethodClient$Stub$Proxy@409943b0 (uid=10033 pid=27733)
02-09 18:09:02.041 W/WindowManager(27162): updateFocusedWindowLocked newFocus=null mode=3 mCurrentFocus = null
02-09 18:09:02.091 W/WindowManager(27162): updateFocusedWindowLocked newFocus=Window{40ed7570 com.android.mms/com.android.mms.ui.ComposeMessageActivity paused=false} mode=2 mCurrentFocus = null
02-09 18:09:02.091 W/WindowManager(27162): updateFocusedWindowLocked newFocus=Window{40ed7570 com.android.mms/com.android.mms.ui.ComposeMessageActivity paused=false} mode=2 mCurrentFocus = Window{40ed7570 com.android.mms/com.android.mms.ui.ComposeMessageActivity paused=false}
02-09 18:09:02.191 W/WindowManager(27162): updateFocusedWindowLocked newFocus=Window{40ed7570 com.android.mms/com.android.mms.ui.ComposeMessageActivity paused=false} mode=3 mCurrentFocus = Window{40ed7570 com.android.mms/com.android.mms.ui.ComposeMessageActivity paused=false}
02-09 18:09:02.411 D/StatusBarPolicy(27220): onSignalStrengthsChanged:SignalStrength: 99 0 -95 -110 -110 -50 6 99 2147483647 2147483647 2147483647 2147483647 cdma for subscription0
02-09 18:09:02.411 D/StatusBarPolicy(27220): updateSignalStrength on subscription :0
02-09 18:09:02.411 D/StatusBarPolicy(27220): StatusBarPolocy::getIconLevel -EVDO
02-09 18:09:02.411 D/StatusBarPolicy(27220): getEvdoLevel_band_six -evdoDbm:-110
02-09 18:09:02.411 D/StatusBarPolicy(27220): getEvdoLevel_band_six -evdoEcio:-50
02-09 18:09:03.722 D/PowerManagerService(27162): setTimeoutLocked now=98389199 timeoutOverride=-1 nextState=3 when=98395199
02-09 18:09:03.722 W/WindowManager(27162): updateFocusedWindowLocked newFocus=Window{40ed7570 com.android.mms/com.android.mms.ui.ComposeMessageActivity paused=true} mode=0 mCurrentFocus = Window{40ed7570 com.android.mms/com.android.mms.ui.ComposeMessageActivity paused=true}
02-09 18:09:03.752 W/WindowManager(27162): updateFocusedWindowLocked newFocus=Window{408f4e70 com.android.mms/com.android.mms.ui.ConversationList paused=false} mode=3 mCurrentFocus = Window{40ed7570 com.android.mms/com.android.mms.ui.ComposeMessageActivity paused=false}
02-09 18:09:03.832 W/WindowManager(27162): updateFocusedWindowLocked newFocus=Window{408f4e70 com.android.mms/com.android.mms.ui.ConversationList paused=false} mode=2 mCurrentFocus = Window{408f4e70 com.android.mms/com.android.mms.ui.ConversationList paused=false}
02-09 18:09:03.832 W/WindowManager(27162): updateFocusedWindowLocked newFocus=Window{408f4e70 com.android.mms/com.android.mms.ui.ConversationList paused=false} mode=2 mCurrentFocus = Window{408f4e70 com.android.mms/com.android.mms.ui.ConversationList paused=false}
02-09 18:09:03.983 W/WindowManager(27162): updateFocusedWindowLocked newFocus=Window{408f4e70 com.android.mms/com.android.mms.ui.ConversationList paused=false} mode=3 mCurrentFocus = Window{408f4e70 com.android.mms/com.android.mms.ui.ConversationList paused=false}
02-09 18:09:03.993 I/ActivityManager(27162): Start proc com.google.android.apps.maps:NetworkLocationService for service com.google.android.apps.maps/com.google.android.location.internal.server.NetworkLocationService: pid=4576 uid=10036 gids={3003, 1015}
02-09 18:09:04.213 W/WindowManager(27162): updateFocusedWindowLocked newFocus=Window{408f4e70 com.android.mms/com.android.mms.ui.ConversationList paused=false} mode=3 mCurrentFocus = Window{408f4e70 com.android.mms/com.android.mms.ui.ConversationList paused=false}
02-09 18:09:04.243 W/WindowManager(27162): updateFocusedWindowLocked newFocus=Window{408f4e70 com.android.mms/com.android.mms.ui.ConversationList paused=false} mode=0 mCurrentFocus = Window{408f4e70 com.android.mms/com.android.mms.ui.ConversationList paused=false}
02-09 18:09:04.663 D/StatusBarPolicy(27220): onSignalStrengthsChanged:SignalStrength: 99 0 -99 -120 -106 -65 6 99 2147483647 2147483647 2147483647 2147483647 cdma for subscription0
02-09 18:09:04.663 D/StatusBarPolicy(27220): updateSignalStrength on subscription :0
02-09 18:09:04.663 D/StatusBarPolicy(27220): StatusBarPolocy::getIconLevel -EVDO
02-09 18:09:04.663 D/StatusBarPolicy(27220): getEvdoLevel_band_six -evdoDbm:-106
02-09 18:09:04.663 D/StatusBarPolicy(27220): getEvdoLevel_band_six -evdoEcio:-65
02-09 18:09:05.114 D/PowerManagerService(27162): setTimeoutLocked now=98390594 timeoutOverride=-1 nextState=3 when=98396594
02-09 18:09:05.204 D/PowerManagerService(27162): setTimeoutLocked now=98390682 timeoutOverride=-1 nextState=3 when=98396682
02-09 18:09:05.344 I/ActivityManager(27162): Starting: Intent { dat=content://mms-sms/conversations/3 cmp=com.android.mms/.ui.ComposeMessageActivity } from pid 27733
02-09 18:09:05.354 W/WindowManager(27162): updateFocusedWindowLocked newFocus=null mode=0 mCurrentFocus = Window{408f4e70 com.android.mms/com.android.mms.ui.ConversationList paused=true}
02-09 18:09:05.474 D/WifiService(27162): acquireWifiLockLocked: WifiLock{NetworkLocationLocator type=2 binder=android.os.BinderProxy@40819728}
02-09 18:09:05.474 D/WifiService(27162): WifiHandler, MESSAGE_UPDATE_STATE
02-09 18:09:05.474 D/WifiService(27162): isAirplaneModeOn(): false
02-09 18:09:05.474 D/WifiService(27162): updateWifiState(), wifiEnabled: true, airplaneMode: false, wifiShouldBeEnabled: true, wifiShouldBeStarted: true, strongestLockMode: 1
02-09 18:09:05.474 D/WifiService(27162): WifiHandler, MESSAGE_ENABLE_WIFI, msg.arg1: 0, msg.arg2: 1000
02-09 18:09:05.474 D/WifiService(27162): WifiHandler, MESSAGE_START_WIFI, msg.arg1: 1
02-09 18:09:05.644 I/WindowManager(27162): Setting rotation to 1, animFlags=0
02-09 18:09:05.644 I/ActivityManager(27162): Config changed: { scale=1.0 imsi=310/120 loc=en_US touch=3 keys=1/1/2 nav=1/1 orien=2 layout=18 uiMode=17 seq=45}
02-09 18:09:05.684 W/WindowManager(27162): updateFocusedWindowLocked newFocus=null mode=2 mCurrentFocus = null
02-09 18:09:05.684 W/WindowManager(27162): updateFocusedWindowLocked newFocus=null mode=2 mCurrentFocus = null
02-09 18:09:05.714 W/WindowManager(27162): updateFocusedWindowLocked newFocus=Window{4052bfc8 com.android.mms/com.android.mms.ui.ComposeMessageActivity paused=false} mode=3 mCurrentFocus = null
02-09 18:09:06.014 W/WindowManager(27162): updateFocusedWindowLocked newFocus=Window{4052bfc8 com.android.mms/com.android.mms.ui.ComposeMessageActivity paused=false} mode=3 mCurrentFocus = Window{4052bfc8 com.android.mms/com.android.mms.ui.ComposeMessageActivity paused=false}
02-09 18:09:06.925 D/StatusBarPolicy(27220): onSignalStrengthsChanged:SignalStrength: 99 0 -98 -145 -103 -55 6 99 2147483647 2147483647 2147483647 2147483647 cdma for subscription0
02-09 18:09:06.925 D/StatusBarPolicy(27220): updateSignalStrength on subscription :0
02-09 18:09:06.925 D/StatusBarPolicy(27220): StatusBarPolocy::getIconLevel -EVDO
02-09 18:09:06.925 D/StatusBarPolicy(27220): getEvdoLevel_band_six -evdoDbm:-103
02-09 18:09:06.925 D/StatusBarPolicy(27220): getEvdoLevel_band_six -evdoEcio:-55
02-09 18:09:07.386 D/PowerManagerService(27162): setTimeoutLocked now=98392867 timeoutOverride=-1 nextState=3 when=98398867
02-09 18:09:07.456 D/PowerManagerService(27162): setTimeoutLocked now=98392930 timeoutOverride=-1 nextState=3 when=98398930
02-09 18:09:07.486 W/WindowManager(27162): updateFocusedWindowLocked newFocus=Window{4052bfc8 com.android.mms/com.android.mms.ui.ComposeMessageActivity paused=false} mode=3 mCurrentFocus = Window{4052bfc8 com.android.mms/com.android.mms.ui.ComposeMessageActivity paused=false}
02-09 18:09:07.516 W/WindowManager(27162): updateFocusedWindowLocked newFocus=Window{4052bfc8 com.android.mms/com.android.mms.ui.ComposeMessageActivity paused=false} mode=3 mCurrentFocus = Window{4052bfc8 com.android.mms/com.android.mms.ui.ComposeMessageActivity paused=false}
02-09 18:09:08.097 W/WindowManager(27162): updateFocusedWindowLocked newFocus=Window{4052bfc8 com.android.mms/com.android.mms.ui.ComposeMessageActivity paused=false} mode=3 mCurrentFocus = Window{4052bfc8 com.android.mms/com.android.mms.ui.ComposeMessageActivity paused=false}
02-09 18:09:08.847 D/PowerManagerService(27162): setTimeoutLocked now=98394327 timeoutOverride=-1 nextState=3 when=98400327
02-09 18:09:08.867 W/WindowManager(27162): updateFocusedWindowLocked newFocus=Window{4052bfc8 com.android.mms/com.android.mms.ui.ComposeMessageActivity paused=false} mode=3 mCurrentFocus = Window{4052bfc8 com.android.mms/com.android.mms.ui.ComposeMessageActivity paused=false}
02-09 18:09:08.927 D/PowerManagerService(27162): setTimeoutLocked now=98394400 timeoutOverride=-1 nextState=3 when=98400400
02-09 18:09:08.997 W/WindowManager(27162): updateFocusedWindowLocked newFocus=Window{4052bfc8 com.android.mms/com.android.mms.ui.ComposeMessageActivity paused=false} mode=3 mCurrentFocus = Window{4052bfc8 com.android.mms/com.android.mms.ui.ComposeMessageActivity paused=false}
02-09 18:09:09.138 D/StatusBarPolicy(27220): onSignalStrengthsChanged:SignalStrength: 99 0 -98 -145 -101 -55 6 99 2147483647 2147483647 2147483647 2147483647 cdma for subscription0
02-09 18:09:09.138 D/StatusBarPolicy(27220): updateSignalStrength on subscription :0
02-09 18:09:09.138 D/StatusBarPolicy(27220): StatusBarPolocy::getIconLevel -EVDO
02-09 18:09:09.138 D/StatusBarPolicy(27220): getEvdoLevel_band_six -evdoDbm:-101
02-09 18:09:09.138 D/StatusBarPolicy(27220): getEvdoLevel_band_six -evdoEcio:-55
02-09 18:09:09.168 W/WindowManager(27162): updateFocusedWindowLocked newFocus=Window{4052bfc8 com.android.mms/com.android.mms.ui.ComposeMessageActivity paused=false} mode=3 mCurrentFocus = Window{4052bfc8 com.android.mms/com.android.mms.ui.ComposeMessageActivity paused=false}
02-09 18:09:09.338 W/WindowManager(27162): updateFocusedWindowLocked newFocus=Window{4052bfc8 com.android.mms/com.android.mms.ui.ComposeMessageActivity paused=false} mode=3 mCurrentFocus = Window{4052bfc8 com.android.mms/com.android.mms.ui.ComposeMessageActivity paused=false}
02-09 18:09:09.468 D/PowerManagerService(27162): setTimeoutLocked now=98394940 timeoutOverride=-1 nextState=3 when=98400940
02-09 18:09:09.508 W/WindowManager(27162): updateFocusedWindowLocked newFocus=Window{4052bfc8 com.android.mms/com.android.mms.ui.ComposeMessageActivity paused=false} mode=3 mCurrentFocus = Window{4052bfc8 com.android.mms/com.android.mms.ui.ComposeMessageActivity paused=false}
02-09 18:09:09.568 D/PowerManagerService(27162): setTimeoutLocked now=98395040 timeoutOverride=-1 nextState=3 when=98401040
02-09 18:09:09.628 W/WindowManager(27162): updateFocusedWindowLocked newFocus=Window{4052bfc8 com.android.mms/com.android.mms.ui.ComposeMessageActivity paused=false} mode=3 mCurrentFocus = Window{4052bfc8 com.android.mms/com.android.mms.ui.ComposeMessageActivity paused=false}
02-09 18:09:09.918 W/WindowManager(27162): updateFocusedWindowLocked newFocus=Window{4052bfc8 com.android.mms/com.android.mms.ui.ComposeMessageActivity paused=false} mode=3 mCurrentFocus = Window{4052bfc8 com.android.mms/com.android.mms.ui.ComposeMessageActivity paused=false}
02-09 18:09:09.968 D/PowerManagerService(27162): setTimeoutLocked now=98395441 timeoutOverride=-1 nextState=3 when=98401441
02-09 18:09:10.068 W/WindowManager(27162): updateFocusedWindowLocked newFocus=Window{4052bfc8 com.android.mms/com.android.mms.ui.ComposeMessageActivity paused=false} mode=3 mCurrentFocus = Window{4052bfc8 com.android.mms/com.android.mms.ui.ComposeMessageActivity paused=false}
02-09 18:09:10.219 W/WindowManager(27162): updateFocusedWindowLocked newFocus=Window{4052bfc8 com.android.mms/com.android.mms.ui.ComposeMessageActivity paused=false} mode=3 mCurrentFocus = Window{4052bfc8 com.android.mms/com.android.mms.ui.ComposeMessageActivity paused=false}
02-09 18:09:10.319 D/PowerManagerService(27162): setTimeoutLocked now=98395794 timeoutOverride=-1 nextState=3 when=98401794
02-09 18:09:10.349 D/StatusBarPolicy(27220): updateDataIcon subscription =0
02-09 18:09:10.369 W/WindowManager(27162): updateFocusedWindowLocked newFocus=Window{4052bfc8 com.android.mms/com.android.mms.ui.ComposeMessageActivity paused=false} mode=3 mCurrentFocus = Window{4052bfc8 com.android.mms/com.android.mms.ui.ComposeMessageActivity paused=false}
02-09 18:09:10.469 W/WindowManager(27162): updateFocusedWindowLocked newFocus=Window{4052bfc8 com.android.mms/com.android.mms.ui.ComposeMessageActivity paused=false} mode=3 mCurrentFocus = Window{4052bfc8 com.android.mms/com.android.mms.ui.ComposeMessageActivity paused=false}
02-09 18:09:10.469 D/PowerManagerService(27162): setTimeoutLocked now=98395945 timeoutOverride=-1 nextState=3 when=98401945
02-09 18:09:10.599 W/WindowManager(27162): updateFocusedWindowLocked newFocus=Window{4052bfc8 com.android.mms/com.android.mms.ui.ComposeMessageActivity paused=false} mode=3 mCurrentFocus = Window{4052bfc8 com.android.mms/com.android.mms.ui.ComposeMessageActivity paused=false}
02-09 18:09:10.609 W/WindowManager(27162): updateFocusedWindowLocked newFocus=Window{4052bfc8 com.android.mms/com.android.mms.ui.ComposeMessageActivity paused=false} mode=3 mCurrentFocus = Window{4052bfc8 com.android.mms/com.android.mms.ui.ComposeMessageActivity paused=false}
02-09 18:09:10.759 W/WindowManager(27162): updateFocusedWindowLocked newFocus=Window{4052bfc8 com.android.mms/com.android.mms.ui.ComposeMessageActivity paused=false} mode=3 mCurrentFocus = Window{4052bfc8 com.android.mms/com.android.mms.ui.ComposeMessageActivity paused=false}
02-09 18:09:10.969 D/PowerManagerService(27162): setTimeoutLocked now=98396449 timeoutOverride=-1 nextState=3 when=98402449
02-09 18:09:10.979 W/WindowManager(27162): updateFocusedWindowLocked newFocus=Window{4052bfc8 com.android.mms/com.android.mms.ui.ComposeMessageActivity paused=false} mode=3 mCurrentFocus = Window{4052bfc8 com.android.mms/com.android.mms.ui.ComposeMessageActivity paused=false}
02-09 18:09:11.129 D/PowerManagerService(27162): setTimeoutLocked now=98396600 timeoutOverride=-1 nextState=3 when=98402600
02-09 18:09:11.180 W/WindowManager(27162): updateFocusedWindowLocked newFocus=Window{4052bfc8 com.android.mms/com.android.mms.ui.ComposeMessageActivity paused=false} mode=3 mCurrentFocus = Window{4052bfc8 com.android.mms/com.android.mms.ui.ComposeMessageActivity paused=false}
02-09 18:09:11.200 D/WifiService(27162): releaseWifiLockLocked: WifiLock{NetworkLocationLocator type=2 binder=android.os.BinderProxy@40819728}
02-09 18:09:11.200 D/WifiService(27162): WifiHandler, MESSAGE_UPDATE_STATE
02-09 18:09:11.200 D/WifiService(27162): isAirplaneModeOn(): false
02-09 18:09:11.200 D/WifiService(27162): updateWifiState(), wifiEnabled: true, airplaneMode: false, wifiShouldBeEnabled: true, wifiShouldBeStarted: true, strongestLockMode: 1
02-09 18:09:11.200 D/WifiService(27162): WifiHandler, MESSAGE_UPDATE_STATE
02-09 18:09:11.200 D/WifiService(27162): isAirplaneModeOn(): false
02-09 18:09:11.200 D/WifiService(27162): updateWifiState(), wifiEnabled: true, airplaneMode: false, wifiShouldBeEnabled: true, wifiShouldBeStarted: true, strongestLockMode: 1
02-09 18:09:11.200 D/WifiService(27162): WifiHandler, MESSAGE_ENABLE_WIFI, msg.arg1: 0, msg.arg2: 1000
02-09 18:09:11.200 D/WifiService(27162): WifiHandler, MESSAGE_START_WIFI, msg.arg1: 1
02-09 18:09:11.200 D/WifiService(27162): WifiHandler, MESSAGE_ENABLE_WIFI, msg.arg1: 0, msg.arg2: 1000
02-09 18:09:11.200 D/WifiService(27162): WifiHandler, MESSAGE_START_WIFI, msg.arg1: 1
02-09 18:09:11.260 W/WindowManager(27162): updateFocusedWindowLocked newFocus=Window{4052bfc8 com.android.mms/com.android.mms.ui.ComposeMessageActivity paused=false} mode=3 mCurrentFocus = Window{4052bfc8 com.android.mms/com.android.mms.ui.ComposeMessageActivity paused=false}
02-09 18:09:11.370 D/StatusBarPolicy(27220): onSignalStrengthsChanged:SignalStrength: 99 0 -98 -145 -99 -40 6 99 2147483647 2147483647 2147483647 2147483647 cdma for subscription0
02-09 18:09:11.370 D/StatusBarPolicy(27220): updateSignalStrength on subscription :0
02-09 18:09:11.370 D/StatusBarPolicy(27220): StatusBarPolocy::getIconLevel -EVDO
02-09 18:09:11.370 D/StatusBarPolicy(27220): getEvdoLevel_band_six -evdoDbm:-99
02-09 18:09:11.370 D/StatusBarPolicy(27220): getEvdoLevel_band_six -evdoEcio:-40
02-09 18:09:11.440 W/WindowManager(27162): updateFocusedWindowLocked newFocus=Window{4052bfc8 com.android.mms/com.android.mms.ui.ComposeMessageActivity paused=false} mode=3 mCurrentFocus = Window{4052bfc8 com.android.mms/com.android.mms.ui.ComposeMessageActivity paused=false}
02-09 18:09:11.700 D/PowerManagerService(27162): setTimeoutLocked now=98397174 timeoutOverride=-1 nextState=3 when=98403174
02-09 18:09:11.700 W/WindowManager(27162): updateFocusedWindowLocked newFocus=Window{4052bfc8 com.android.mms/com.android.mms.ui.ComposeMessageActivity paused=false} mode=3 mCurrentFocus = Window{4052bfc8 com.android.mms/com.android.mms.ui.ComposeMessageActivity paused=false}
02-09 18:09:11.810 D/PowerManagerService(27162): setTimeoutLocked now=98397298 timeoutOverride=-1 nextState=3 when=98403298
02-09 18:09:11.850 W/WindowManager(27162): updateFocusedWindowLocked newFocus=Window{4052bfc8 com.android.mms/com.android.mms.ui.ComposeMessageActivity paused=false} mode=3 mCurrentFocus = Window{4052bfc8 com.android.mms/com.android.mms.ui.ComposeMessageActivity paused=false}
02-09 18:09:11.970 W/WindowManager(27162): updateFocusedWindowLocked newFocus=Window{4052bfc8 com.android.mms/com.android.mms.ui.ComposeMessageActivity paused=false} mode=3 mCurrentFocus = Window{4052bfc8 com.android.mms/com.android.mms.ui.ComposeMessageActivity paused=false}
02-09 18:09:12.090 W/WindowManager(27162): updateFocusedWindowLocked newFocus=Window{4052bfc8 com.android.mms/com.android.mms.ui.ComposeMessageActivity paused=false} mode=3 mCurrentFocus = Window{4052bfc8 com.android.mms/com.android.mms.ui.ComposeMessageActivity paused=false}
02-09 18:09:12.100 W/WindowManager(27162): updateFocusedWindowLocked newFocus=Window{4052bfc8 com.android.mms/com.android.mms.ui.ComposeMessageActivity paused=false} mode=3 mCurrentFocus = Window{4052bfc8 com.android.mms/com.android.mms.ui.ComposeMessageActivity paused=false}
02-09 18:09:12.201 D/PowerManagerService(27162): setTimeoutLocked now=98397675 timeoutOverride=-1 nextState=3 when=98403675
02-09 18:09:12.241 W/WindowManager(27162): updateFocusedWindowLocked newFocus=Window{4052bfc8 com.android.mms/com.android.mms.ui.ComposeMessageActivity paused=false} mode=3 mCurrentFocus = Window{4052bfc8 com.android.mms/com.android.mms.ui.ComposeMessageActivity paused=false}
02-09 18:09:12.291 D/StatusBarPolicy(27220): updateDataIcon subscription =0
02-09 18:09:12.331 W/WindowManager(27162): updateFocusedWindowLocked newFocus=Window{4052bfc8 com.android.mms/com.android.mms.ui.ComposeMessageActivity paused=false} mode=3 mCurrentFocus = Window{4052bfc8 com.android.mms/com.android.mms.ui.ComposeMessageActivity paused=false}
02-09 18:09:12.401 D/PowerManagerService(27162): setTimeoutLocked now=98397888 timeoutOverride=-1 nextState=3 when=98403888
02-09 18:09:12.461 W/WindowManager(27162): updateFocusedWindowLocked newFocus=Window{4052bfc8 com.android.mms/com.android.mms.ui.ComposeMessageActivity paused=false} mode=3 mCurrentFocus = Window{4052bfc8 com.android.mms/com.android.mms.ui.ComposeMessageActivity paused=false}
02-09 18:09:12.521 W/WindowManager(27162): updateFocusedWindowLocked newFocus=Window{4052bfc8 com.android.mms/com.android.mms.ui.ComposeMessageActivity paused=false} mode=3 mCurrentFocus = Window{4052bfc8 com.android.mms/com.android.mms.ui.ComposeMessageActivity paused=false}
02-09 18:09:12.631 W/WindowManager(27162): updateFocusedWindowLocked newFocus=Window{4052bfc8 com.android.mms/com.android.mms.ui.ComposeMessageActivity paused=false} mode=3 mCurrentFocus = Window{4052bfc8 com.android.mms/com.android.mms.ui.ComposeMessageActivity paused=false}
02-09 18:09:12.661 W/WindowManager(27162): updateFocusedWindowLocked newFocus=Window{4052bfc8 com.android.mms/com.android.mms.ui.ComposeMessageActivity paused=false} mode=3 mCurrentFocus = Window{4052bfc8 com.android.mms/com.android.mms.ui.ComposeMessageActivity paused=false}
02-09 18:09:12.701 D/PowerManagerService(27162): setTimeoutLocked now=98398177 timeoutOverride=-1 nextState=3 when=98404177
02-09 18:09:12.761 W/WindowManager(27162): updateFocusedWindowLocked newFocus=Window{4052bfc8 com.android.mms/com.android.mms.ui.ComposeMessageActivity paused=false} mode=3 mCurrentFocus = Window{4052bfc8 com.android.mms/com.android.mms.ui.ComposeMessageActivity paused=false}
02-09 18:09:13.131 W/WindowManager(27162): updateFocusedWindowLocked newFocus=Window{4052bfc8 com.android.mms/com.android.mms.ui.ComposeMessageActivity paused=false} mode=3 mCurrentFocus = Window{4052bfc8 com.android.mms/com.android.mms.ui.ComposeMessageActivity paused=false}
02-09 18:09:13.232 D/PowerManagerService(27162): setTimeoutLocked now=98398703 timeoutOverride=-1 nextState=3 when=98404703
02-09 18:09:13.232 D/PowerManagerService(27162): setTimeoutLocked now=98398717 timeoutOverride=-1 nextState=3 when=98404717
02-09 18:09:13.282 W/WindowManager(27162): updateFocusedWindowLocked newFocus=Window{4052bfc8 com.android.mms/com.android.mms.ui.ComposeMessageActivity paused=false} mode=3 mCurrentFocus = Window{4052bfc8 com.android.mms/com.android.mms.ui.ComposeMessageActivity paused=false}
02-09 18:09:13.292 D/StatusBarPolicy(27220): updateDataIcon subscription =0
02-09 18:09:13.412 W/WindowManager(27162): updateFocusedWindowLocked newFocus=Window{4052bfc8 com.android.mms/com.android.mms.ui.ComposeMessageActivity paused=false} mode=3 mCurrentFocus = Window{4052bfc8 com.android.mms/com.android.mms.ui.ComposeMessageActivity paused=false}
02-09 18:09:13.512 W/WindowManager(27162): updateFocusedWindowLocked newFocus=Window{4052bfc8 com.android.mms/com.android.mms.ui.ComposeMessageActivity paused=false} mode=3 mCurrentFocus = Window{4052bfc8 com.android.mms/com.android.mms.ui.ComposeMessageActivity paused=false}
02-09 18:09:13.542 W/WindowManager(27162): updateFocusedWindowLocked newFocus=Window{4052bfc8 com.android.mms/com.android.mms.ui.ComposeMessageActivity paused=false} mode=3 mCurrentFocus = Window{4052bfc8 com.android.mms/com.android.mms.ui.ComposeMessageActivity paused=false}
02-09 18:09:13.612 D/StatusBarPolicy(27220): onSignalStrengthsChanged:SignalStrength: 99 0 -97 -95 -98 -50 6 99 2147483647 2147483647 2147483647 2147483647 cdma for subscription0
02-09 18:09:13.612 D/StatusBarPolicy(27220): updateSignalStrength on subscription :0
02-09 18:09:13.612 D/StatusBarPolicy(27220): StatusBarPolocy::getIconLevel -EVDO
02-09 18:09:13.612 D/StatusBarPolicy(27220): getEvdoLevel_band_six -evdoDbm:-98
02-09 18:09:13.612 D/StatusBarPolicy(27220): getEvdoLevel_band_six -evdoEcio:-50
02-09 18:09:13.682 W/WindowManager(27162): updateFocusedWindowLocked newFocus=Window{4052bfc8 com.android.mms/com.android.mms.ui.ComposeMessageActivity paused=false} mode=3 mCurrentFocus = Window{4052bfc8 com.android.mms/com.android.mms.ui.ComposeMessageActivity paused=false}
02-09 18:09:13.832 D/PowerManagerService(27162): setTimeoutLocked now=98399307 timeoutOverride=-1 nextState=3 when=98405307
02-09 18:09:13.832 W/WindowManager(27162): updateFocusedWindowLocked newFocus=Window{4052bfc8 com.android.mms/com.android.mms.ui.ComposeMessageActivity paused=false} mode=3 mCurrentFocus = Window{4052bfc8 com.android.mms/com.android.mms.ui.ComposeMessageActivity paused=false}
02-09 18:09:13.932 D/PowerManagerService(27162): setTimeoutLocked now=98399406 timeoutOverride=-1 nextState=3 when=98405406
02-09 18:09:14.022 W/WindowManager(27162): updateFocusedWindowLocked newFocus=Window{4052bfc8 com.android.mms/com.android.mms.ui.ComposeMessageActivity paused=false} mode=3 mCurrentFocus = Window{4052bfc8 com.android.mms/com.android.mms.ui.ComposeMessageActivity paused=false}
02-09 18:09:14.052 W/WindowManager(27162): updateFocusedWindowLocked newFocus=Window{4052bfc8 com.android.mms/com.android.mms.ui.ComposeMessageActivity paused=false} mode=3 mCurrentFocus = Window{4052bfc8 com.android.mms/com.android.mms.ui.ComposeMessageActivity paused=false}
02-09 18:09:14.152 W/WindowManager(27162): updateFocusedWindowLocked newFocus=Window{4052bfc8 com.android.mms/com.android.mms.ui.ComposeMessageActivity paused=false} mode=3 mCurrentFocus = Window{4052bfc8 com.android.mms/com.android.mms.ui.ComposeMessageActivity paused=false}
02-09 18:09:14.202 W/WindowManager(27162): updateFocusedWindowLocked newFocus=Window{4052bfc8 com.android.mms/com.android.mms.ui.ComposeMessageActivity paused=false} mode=3 mCurrentFocus = Window{4052bfc8 com.android.mms/com.android.mms.ui.ComposeMessageActivity paused=false}
02-09 18:09:14.333 W/WindowManager(27162): updateFocusedWindowLocked newFocus=Window{4052bfc8 com.android.mms/com.android.mms.ui.ComposeMessageActivity paused=false} mode=3 mCurrentFocus = Window{4052bfc8 com.android.mms/com.android.mms.ui.ComposeMessageActivity paused=false}
02-09 18:09:14.443 D/PowerManagerService(27162): setTimeoutLocked now=98399922 timeoutOverride=-1 nextState=3 when=98405922
02-09 18:09:14.453 W/WindowManager(27162): updateFocusedWindowLocked newFocus=Window{4052bfc8 com.android.mms/com.android.mms.ui.ComposeMessageActivity paused=false} mode=3 mCurrentFocus = Window{4052bfc8 com.android.mms/com.android.mms.ui.ComposeMessageActivity paused=false}
02-09 18:09:14.543 D/PowerManagerService(27162): setTimeoutLocked now=98400022 timeoutOverride=-1 nextState=3 when=98406022
02-09 18:09:14.603 W/WindowManager(27162): updateFocusedWindowLocked newFocus=Window{4052bfc8 com.android.mms/com.android.mms.ui.ComposeMessageActivity paused=false} mode=3 mCurrentFocus = Window{4052bfc8 com.android.mms/com.android.mms.ui.ComposeMessageActivity paused=false}
02-09 18:09:14.693 W/WindowManager(27162): updateFocusedWindowLocked newFocus=Window{4052bfc8 com.android.mms/com.android.mms.ui.ComposeMessageActivity paused=false} mode=3 mCurrentFocus = Window{4052bfc8 com.android.mms/com.android.mms.ui.ComposeMessageActivity paused=false}
02-09 18:09:14.843 W/WindowManager(27162): updateFocusedWindowLocked newFocus=Window{4052bfc8 com.android.mms/com.android.mms.ui.ComposeMessageActivity paused=false} mode=3 mCurrentFocus = Window{4052bfc8 com.android.mms/com.android.mms.ui.ComposeMessageActivity paused=false}
02-09 18:09:14.903 W/WindowManager(27162): updateFocusedWindowLocked newFocus=Window{4052bfc8 com.android.mms/com.android.mms.ui.ComposeMessageActivity paused=false} mode=3 mCurrentFocus = Window{4052bfc8 com.android.mms/com.android.mms.ui.ComposeMessageActivity paused=false}
02-09 18:09:14.943 D/PowerManagerService(27162): setTimeoutLocked now=98400424 timeoutOverride=-1 nextState=3 when=98406424
02-09 18:09:15.033 W/WindowManager(27162): updateFocusedWindowLocked newFocus=Window{4052bfc8 com.android.mms/com.android.mms.ui.ComposeMessageActivity paused=false} mode=3 mCurrentFocus = Window{4052bfc8 com.android.mms/com.android.mms.ui.ComposeMessageActivity paused=false}
02-09 18:09:15.113 W/WindowManager(27162): updateFocusedWindowLocked newFocus=Window{4052bfc8 com.android.mms/com.android.mms.ui.ComposeMessageActivity paused=false} mode=3 mCurrentFocus = Window{4052bfc8 com.android.mms/com.android.mms.ui.ComposeMessageActivity paused=false}
02-09 18:09:15.183 D/PowerManagerService(27162): setTimeoutLocked now=98400661 timeoutOverride=-1 nextState=3 when=98406661
02-09 18:09:15.223 W/WindowManager(27162): updateFocusedWindowLocked newFocus=Window{4052bfc8 com.android.mms/com.android.mms.ui.ComposeMessageActivity paused=false} mode=3 mCurrentFocus = Window{4052bfc8 com.android.mms/com.android.mms.ui.ComposeMessageActivity paused=false}
02-09 18:09:15.304 D/StatusBarPolicy(27220): updateDataIcon subscription =0
02-09 18:09:15.354 W/WindowManager(27162): updateFocusedWindowLocked newFocus=Window{4052bfc8 com.android.mms/com.android.mms.ui.ComposeMessageActivity paused=false} mode=3 mCurrentFocus = Window{4052bfc8 com.android.mms/com.android.mms.ui.ComposeMessageActivity paused=false}
02-09 18:09:15.444 W/WindowManager(27162): updateFocusedWindowLocked newFocus=Window{4052bfc8 com.android.mms/com.android.mms.ui.ComposeMessageActivity paused=false} mode=3 mCurrentFocus = Window{4052bfc8 com.android.mms/com.android.mms.ui.ComposeMessageActivity paused=false}
02-09 18:09:15.674 D/NetdConnector(27162): SND -> {interface readrxcounter rmnet0} {null}
02-09 18:09:15.684 D/NetdConnector(27162): RCV <- {216 39318946}
02-09 18:09:15.694 D/NetdConnector(27162): RSP <- {216 39318946}
02-09 18:09:15.704 D/NetdConnector(27162): SND -> {interface readtxcounter rmnet0} {null}
02-09 18:09:15.714 D/PowerManagerService(27162): setTimeoutLocked now=98401190 timeoutOverride=-1 nextState=3 when=98407190
02-09 18:09:15.714 D/NetdConnector(27162): RCV <- {217 8860170}
02-09 18:09:15.724 D/NetdConnector(27162): RSP <- {217 8860170}
02-09 18:09:15.734 W/WindowManager(27162): updateFocusedWindowLocked newFocus=Window{4052bfc8 com.android.mms/com.android.mms.ui.ComposeMessageActivity paused=false} mode=3 mCurrentFocus = Window{4052bfc8 com.android.mms/com.android.mms.ui.ComposeMessageActivity paused=false}
02-09 18:09:15.804 D/PowerManagerService(27162): setTimeoutLocked now=98401288 timeoutOverride=-1 nextState=3 when=98407288
02-09 18:09:15.864 W/WindowManager(27162): updateFocusedWindowLocked newFocus=Window{4052bfc8 com.android.mms/com.android.mms.ui.ComposeMessageActivity paused=false} mode=3 mCurrentFocus = Window{4052bfc8 com.android.mms/com.android.mms.ui.ComposeMessageActivity paused=false}
02-09 18:09:16.024 W/WindowManager(27162): updateFocusedWindowLocked newFocus=Window{4052bfc8 com.android.mms/com.android.mms.ui.ComposeMessageActivity paused=false} mode=3 mCurrentFocus = Window{4052bfc8 com.android.mms/com.android.mms.ui.ComposeMessageActivity paused=false}
02-09 18:09:16.114 W/WindowManager(27162): updateFocusedWindowLocked newFocus=Window{4052bfc8 com.android.mms/com.android.mms.ui.ComposeMessageActivity paused=false} mode=3 mCurrentFocus = Window{4052bfc8 com.android.mms/com.android.mms.ui.ComposeMessageActivity paused=false}
02-09 18:09:16.425 D/PowerManagerService(27162): setTimeoutLocked now=98401906 timeoutOverride=-1 nextState=3 when=98407906
02-09 18:09:16.435 W/WindowManager(27162): updateFocusedWindowLocked newFocus=Window{4052bfc8 com.android.mms/com.android.mms.ui.ComposeMessageActivity paused=false} mode=3 mCurrentFocus = Window{4052bfc8 com.android.mms/com.android.mms.ui.ComposeMessageActivity paused=false}
02-09 18:09:16.545 D/PowerManagerService(27162): setTimeoutLocked now=98402029 timeoutOverride=-1 nextState=3 when=98408029
02-09 18:09:16.595 W/WindowManager(27162): updateFocusedWindowLocked newFocus=Window{4052bfc8 com.android.mms/com.android.mms.ui.ComposeMessageActivity paused=false} mode=3 mCurrentFocus = Window{4052bfc8 com.android.mms/com.android.mms.ui.ComposeMessageActivity paused=false}
02-09 18:09:16.625 W/WindowManager(27162): updateFocusedWindowLocked newFocus=Window{4052bfc8 com.android.mms/com.android.mms.ui.ComposeMessageActivity paused=false} mode=3 mCurrentFocus = Window{4052bfc8 com.android.mms/com.android.mms.ui.ComposeMessageActivity paused=false}
02-09 18:09:16.775 W/WindowManager(27162): updateFocusedWindowLocked newFocus=Window{4052bfc8 com.android.mms/com.android.mms.ui.ComposeMessageActivity paused=false} mode=3 mCurrentFocus = Window{4052bfc8 com.android.mms/com.android.mms.ui.ComposeMessageActivity paused=false}
02-09 18:09:17.426 D/PowerManagerService(27162): setTimeoutLocked now=98402903 timeoutOverride=-1 nextState=3 when=98408903
02-09 18:09:17.486 W/WindowManager(27162): updateFocusedWindowLocked newFocus=Window{4052bfc8 com.android.mms/com.android.mms.ui.ComposeMessageActivity paused=false} mode=3 mCurrentFocus = Window{4052bfc8 com.android.mms/com.android.mms.ui.ComposeMessageActivity paused=false}
02-09 18:09:17.496 D/PowerManagerService(27162): setTimeoutLocked now=98402977 timeoutOverride=-1 nextState=3 when=98408977
02-09 18:09:17.526 W/WindowManager(27162): updateFocusedWindowLocked newFocus=Window{4052bfc8 com.android.mms/com.android.mms.ui.ComposeMessageActivity paused=false} mode=3 mCurrentFocus = Window{4052bfc8 com.android.mms/com.android.mms.ui.ComposeMessageActivity paused=false}
02-09 18:09:17.676 W/WindowManager(27162): updateFocusedWindowLocked newFocus=Window{4052bfc8 com.android.mms/com.android.mms.ui.ComposeMessageActivity paused=false} mode=3 mCurrentFocus = Window{4052bfc8 com.android.mms/com.android.mms.ui.ComposeMessageActivity paused=false}
02-09 18:09:17.786 W/WindowManager(27162): updateFocusedWindowLocked newFocus=Window{4052bfc8 com.android.mms/com.android.mms.ui.ComposeMessageActivity paused=false} mode=3 mCurrentFocus = Window{4052bfc8 com.android.mms/com.android.mms.ui.ComposeMessageActivity paused=false}
02-09 18:09:17.886 W/WindowManager(27162): updateFocusedWindowLocked newFocus=Window{4052bfc8 com.android.mms/com.android.mms.ui.ComposeMessageActivity paused=false} mode=3 mCurrentFocus = Window{4052bfc8 com.android.mms/com.android.mms.ui.ComposeMessageActivity paused=false}
02-09 18:09:17.956 W/WindowManager(27162): updateFocusedWindowLocked newFocus=Window{4052bfc8 com.android.mms/com.android.mms.ui.ComposeMessageActivity paused=false} mode=3 mCurrentFocus = Window{4052bfc8 com.android.mms/com.android.mms.ui.ComposeMessageActivity paused=false}
02-09 18:09:18.096 D/StatusBarPolicy(27220): onSignalStrengthsChanged:SignalStrength: 99 0 -97 -95 -96 -40 6 99 2147483647 2147483647 2147483647 2147483647 cdma for subscription0
02-09 18:09:18.096 D/StatusBarPolicy(27220): updateSignalStrength on subscription :0
02-09 18:09:18.096 D/StatusBarPolicy(27220): StatusBarPolocy::getIconLevel -EVDO
02-09 18:09:18.096 D/StatusBarPolicy(27220): getEvdoLevel_band_six -evdoDbm:-96
02-09 18:09:18.096 D/StatusBarPolicy(27220): getEvdoLevel_band_six -evdoEcio:-40
02-09 18:09:18.787 D/PowerManagerService(27162): setTimeoutLocked now=98404263 timeoutOverride=-1 nextState=3 when=98410263
02-09 18:09:18.807 W/WindowManager(27162): updateFocusedWindowLocked newFocus=Window{4052bfc8 com.android.mms/com.android.mms.ui.ComposeMessageActivity paused=false} mode=3 mCurrentFocus = Window{4052bfc8 com.android.mms/com.android.mms.ui.ComposeMessageActivity paused=false}
02-09 18:09:18.887 D/PowerManagerService(27162): setTimeoutLocked now=98404362 timeoutOverride=-1 nextState=3 when=98410362
02-09 18:09:18.897 W/WindowManager(27162): updateFocusedWindowLocked newFocus=Window{4052bfc8 com.android.mms/com.android.mms.ui.ComposeMessageActivity paused=false} mode=3 mCurrentFocus = Window{4052bfc8 com.android.mms/com.android.mms.ui.ComposeMessageActivity paused=false}
02-09 18:09:18.997 W/WindowManager(27162): updateFocusedWindowLocked newFocus=Window{4052bfc8 com.android.mms/com.android.mms.ui.ComposeMessageActivity paused=false} mode=3 mCurrentFocus = Window{4052bfc8 com.android.mms/com.android.mms.ui.ComposeMessageActivity paused=false}
02-09 18:09:19.097 W/WindowManager(27162): updateFocusedWindowLocked newFocus=Window{4052bfc8 com.android.mms/com.android.mms.ui.ComposeMessageActivity paused=false} mode=3 mCurrentFocus = Window{4052bfc8 com.android.mms/com.android.mms.ui.ComposeMessageActivity paused=false}
02-09 18:09:19.538 D/PowerManagerService(27162): setTimeoutLocked now=98405016 timeoutOverride=-1 nextState=3 when=98411016
02-09 18:09:19.558 W/WindowManager(27162): updateFocusedWindowLocked newFocus=Window{4052bfc8 com.android.mms/com.android.mms.ui.ComposeMessageActivity paused=false} mode=3 mCurrentFocus = Window{4052bfc8 com.android.mms/com.android.mms.ui.ComposeMessageActivity paused=false}
02-09 18:09:19.678 D/PowerManagerService(27162): setTimeoutLocked now=98405152 timeoutOverride=-1 nextState=3 when=98411152
02-09 18:09:19.708 W/WindowManager(27162): updateFocusedWindowLocked newFocus=Window{4052bfc8 com.android.mms/com.android.mms.ui.ComposeMessageActivity paused=false} mode=3 mCurrentFocus = Window{4052bfc8 com.android.mms/com.android.mms.ui.ComposeMessageActivity paused=false}
02-09 18:09:19.758 W/WindowManager(27162): updateFocusedWindowLocked newFocus=Window{4052bfc8 com.android.mms/com.android.mms.ui.ComposeMessageActivity paused=false} mode=3 mCurrentFocus = Window{4052bfc8 com.android.mms/com.android.mms.ui.ComposeMessageActivity paused=false}
02-09 18:09:19.898 W/WindowManager(27162): updateFocusedWindowLocked newFocus=Window{4052bfc8 com.android.mms/com.android.mms.ui.ComposeMessageActivity paused=false} mode=3 mCurrentFocus = Window{4052bfc8 com.android.mms/com.android.mms.ui.ComposeMessageActivity paused=false}
02-09 18:09:19.908 W/WindowManager(27162): updateFocusedWindowLocked newFocus=Window{4052bfc8 com.android.mms/com.android.mms.ui.ComposeMessageActivity paused=false} mode=3 mCurrentFocus = Window{4052bfc8 com.android.mms/com.android.mms.ui.ComposeMessageActivity paused=false}
02-09 18:09:20.048 W/WindowManager(27162): updateFocusedWindowLocked newFocus=Window{4052bfc8 com.android.mms/com.android.mms.ui.ComposeMessageActivity paused=false} mode=3 mCurrentFocus = Window{4052bfc8 com.android.mms/com.android.mms.ui.ComposeMessageActivity paused=false}
02-09 18:09:20.609 D/PowerManagerService(27162): setTimeoutLocked now=98406087 timeoutOverride=-1 nextState=3 when=98412087
02-09 18:09:20.619 W/WindowManager(27162): updateFocusedWindowLocked newFocus=Window{4052bfc8 com.android.mms/com.android.mms.ui.ComposeMessageActivity paused=false} mode=3 mCurrentFocus = Window{4052bfc8 com.android.mms/com.android.mms.ui.ComposeMessageActivity paused=false}
02-09 18:09:21.019 D/PowerManagerService(27162): setTimeoutLocked now=98406491 timeoutOverride=-1 nextState=3 when=98412491
02-09 18:09:21.069 W/WindowManager(27162): updateFocusedWindowLocked newFocus=Window{4052bfc8 com.android.mms/com.android.mms.ui.ComposeMessageActivity paused=false} mode=3 mCurrentFocus = Window{4052bfc8 com.android.mms/com.android.mms.ui.ComposeMessageActivity paused=false}
02-09 18:09:21.109 W/WindowManager(27162): updateFocusedWindowLocked newFocus=Window{4052bfc8 com.android.mms/com.android.mms.ui.ComposeMessageActivity paused=false} mode=3 mCurrentFocus = Window{4052bfc8 com.android.mms/com.android.mms.ui.ComposeMessageActivity paused=false}
