02-14 14:12:58.986 W/WindowManager(  207): updateFocusedWindowLocked newFocus=Window{409ad6f8 com.android.mms/com.android.mms.ui.ComposeMessageActivity paused=false} mode=3 mCurrentFocus = Window{409ad6f8 com.android.mms/com.android.mms.ui.ComposeMessageActivity paused=false}
02-14 14:12:59.076 W/WindowManager(  207): updateFocusedWindowLocked newFocus=Window{409ad6f8 com.android.mms/com.android.mms.ui.ComposeMessageActivity paused=false} mode=3 mCurrentFocus = Window{409ad6f8 com.android.mms/com.android.mms.ui.ComposeMessageActivity paused=false}
02-14 14:12:59.246 D/StatusBarPolicy(  317): onSignalStrengthsChanged:SignalStrength: 99 0 -97 -80 -96 -65 4 99 2147483647 2147483647 2147483647 2147483647 cdma for subscription0
02-14 14:12:59.246 D/StatusBarPolicy(  317): updateSignalStrength on subscription :0
02-14 14:12:59.246 D/StatusBarPolicy(  317): StatusBarPolocy::getIconLevel -EVDO
02-14 14:12:59.246 D/StatusBarPolicy(  317): getEvdoLevel_band_six -evdoDbm:-96
02-14 14:12:59.246 D/StatusBarPolicy(  317): getEvdoLevel_band_six -evdoEcio:-65
02-14 14:12:59.296 I/TelephonyRegistry(  207): notifyServiceState: 0 home Sprint  310099  EvDo rev. A CSS not supported 41 4139RoamInd: 1RoamStatus(sprint): 1DefRoamInd: 160EmergOnly: false
02-14 14:12:59.296 D/StatusBarPolicy(  317): onServiceStateChanged:0 home Sprint  310099  EvDo rev. A CSS not supported 41 4139RoamInd: 1RoamStatus(sprint): 1DefRoamInd: 160EmergOnly: falsefor subscription :0
02-14 14:12:59.296 D/StatusBarPolicy(  317): updateSignalStrength on subscription :0
02-14 14:12:59.296 D/StatusBarPolicy(  317): StatusBarPolocy::getIconLevel -EVDO
02-14 14:12:59.296 D/StatusBarPolicy(  317): getEvdoLevel_band_six -evdoDbm:-96
02-14 14:12:59.296 D/StatusBarPolicy(  317): getEvdoLevel_band_six -evdoEcio:-65
02-14 14:12:59.296 D/StatusBarPolicy(  317): updateDataIcon subscription =0
02-14 14:12:59.307 D/PowerManagerService(  207): setTimeoutLocked now=315004 timeoutOverride=-1 nextState=3 when=321004
02-14 14:12:59.327 W/WindowManager(  207): updateFocusedWindowLocked newFocus=Window{409ad6f8 com.android.mms/com.android.mms.ui.ComposeMessageActivity paused=false} mode=3 mCurrentFocus = Window{409ad6f8 com.android.mms/com.android.mms.ui.ComposeMessageActivity paused=false}
02-14 14:12:59.427 D/PowerManagerService(  207): setTimeoutLocked now=315128 timeoutOverride=-1 nextState=3 when=321128
02-14 14:12:59.467 W/WindowManager(  207): updateFocusedWindowLocked newFocus=Window{409ad6f8 com.android.mms/com.android.mms.ui.ComposeMessageActivity paused=false} mode=3 mCurrentFocus = Window{409ad6f8 com.android.mms/com.android.mms.ui.ComposeMessageActivity paused=false}
02-14 14:12:59.757 D/WifiService(  207): ACTION_BATTERY_CHANGED pluggedType: 0
02-14 14:12:59.757 D/WifiService(  207): WifiHandler, MESSAGE_UPDATE_STATE
02-14 14:12:59.757 D/WifiService(  207): isAirplaneModeOn(): false
02-14 14:12:59.757 D/WifiService(  207): updateWifiState(), wifiEnabled: true, airplaneMode: false, wifiShouldBeEnabled: true, wifiShouldBeStarted: true, strongestLockMode: 1
02-14 14:12:59.777 D/WifiService(  207): WifiHandler, MESSAGE_ENABLE_WIFI, msg.arg1: 0, msg.arg2: 1000
02-14 14:12:59.777 D/WifiService(  207): WifiHandler, MESSAGE_START_WIFI, msg.arg1: 1
02-14 14:12:59.787 W/WindowManager(  207): updateFocusedWindowLocked newFocus=Window{409ad6f8 com.android.mms/com.android.mms.ui.ComposeMessageActivity paused=false} mode=3 mCurrentFocus = Window{409ad6f8 com.android.mms/com.android.mms.ui.ComposeMessageActivity paused=false}
02-14 14:12:59.827 D/PowerManagerService(  207): setTimeoutLocked now=315515 timeoutOverride=-1 nextState=3 when=321515
02-14 14:12:59.857 W/WindowManager(  207): updateFocusedWindowLocked newFocus=Window{409ad6f8 com.android.mms/com.android.mms.ui.ComposeMessageActivity paused=false} mode=3 mCurrentFocus = Window{409ad6f8 com.android.mms/com.android.mms.ui.ComposeMessageActivity paused=false}
02-14 14:12:59.927 W/WindowManager(  207): updateFocusedWindowLocked newFocus=Window{409ad6f8 com.android.mms/com.android.mms.ui.ComposeMessageActivity paused=false} mode=3 mCurrentFocus = Window{409ad6f8 com.android.mms/com.android.mms.ui.ComposeMessageActivity paused=false}
02-14 14:12:59.987 D/AlarmManager(  207): scheduleTimeTickEvent calendar=Tue Feb 14 14:14:00 CST 2012
02-14 14:12:59.987 D/AlarmManager(  207): calendar.getTimeInMillis()1329250440000
02-14 14:13:00.037 D/PowerManagerService(  207): setTimeoutLocked now=315729 timeoutOverride=-1 nextState=3 when=321729
02-14 14:13:00.047 W/WindowManager(  207): updateFocusedWindowLocked newFocus=Window{409ad6f8 com.android.mms/com.android.mms.ui.ComposeMessageActivity paused=false} mode=3 mCurrentFocus = Window{409ad6f8 com.android.mms/com.android.mms.ui.ComposeMessageActivity paused=false}
02-14 14:13:00.127 W/WindowManager(  207): updateFocusedWindowLocked newFocus=Window{409ad6f8 com.android.mms/com.android.mms.ui.ComposeMessageActivity paused=false} mode=3 mCurrentFocus = Window{409ad6f8 com.android.mms/com.android.mms.ui.ComposeMessageActivity paused=false}
02-14 14:13:00.217 W/WindowManager(  207): updateFocusedWindowLocked newFocus=Window{409ad6f8 com.android.mms/com.android.mms.ui.ComposeMessageActivity paused=false} mode=3 mCurrentFocus = Window{409ad6f8 com.android.mms/com.android.mms.ui.ComposeMessageActivity paused=false}
02-14 14:13:00.428 D/PowerManagerService(  207): setTimeoutLocked now=316120 timeoutOverride=-1 nextState=3 when=322120
02-14 14:13:00.438 W/WindowManager(  207): updateFocusedWindowLocked newFocus=Window{409ad6f8 com.android.mms/com.android.mms.ui.ComposeMessageActivity paused=false} mode=3 mCurrentFocus = Window{409ad6f8 com.android.mms/com.android.mms.ui.ComposeMessageActivity paused=false}
02-14 14:13:00.548 D/PowerManagerService(  207): setTimeoutLocked now=316246 timeoutOverride=-1 nextState=3 when=322246
02-14 14:13:00.578 W/WindowManager(  207): updateFocusedWindowLocked newFocus=Window{409ad6f8 com.android.mms/com.android.mms.ui.ComposeMessageActivity paused=false} mode=3 mCurrentFocus = Window{409ad6f8 com.android.mms/com.android.mms.ui.ComposeMessageActivity paused=false}
02-14 14:13:00.608 D/StatusBarPolicy(  317): onSignalStrengthsChanged:SignalStrength: 99 0 -97 -80 -98 -65 4 99 2147483647 2147483647 2147483647 2147483647 cdma for subscription0
02-14 14:13:00.608 D/StatusBarPolicy(  317): updateSignalStrength on subscription :0
02-14 14:13:00.608 D/StatusBarPolicy(  317): StatusBarPolocy::getIconLevel -EVDO
02-14 14:13:00.608 D/StatusBarPolicy(  317): getEvdoLevel_band_six -evdoDbm:-98
02-14 14:13:00.608 D/StatusBarPolicy(  317): getEvdoLevel_band_six -evdoEcio:-65
02-14 14:13:00.738 W/WindowManager(  207): updateFocusedWindowLocked newFocus=Window{409ad6f8 com.android.mms/com.android.mms.ui.ComposeMessageActivity paused=false} mode=3 mCurrentFocus = Window{409ad6f8 com.android.mms/com.android.mms.ui.ComposeMessageActivity paused=false}
02-14 14:13:00.848 W/WindowManager(  207): updateFocusedWindowLocked newFocus=Window{409ad6f8 com.android.mms/com.android.mms.ui.ComposeMessageActivity paused=false} mode=3 mCurrentFocus = Window{409ad6f8 com.android.mms/com.android.mms.ui.ComposeMessageActivity paused=false}
02-14 14:13:00.928 D/PowerManagerService(  207): setTimeoutLocked now=316621 timeoutOverride=-1 nextState=3 when=322621
02-14 14:13:00.948 W/WindowManager(  207): updateFocusedWindowLocked newFocus=Window{409ad6f8 com.android.mms/com.android.mms.ui.ComposeMessageActivity paused=false} mode=3 mCurrentFocus = Window{409ad6f8 com.android.mms/com.android.mms.ui.ComposeMessageActivity paused=false}
02-14 14:13:01.058 W/WindowManager(  207): updateFocusedWindowLocked newFocus=Window{409ad6f8 com.android.mms/com.android.mms.ui.ComposeMessageActivity paused=false} mode=3 mCurrentFocus = Window{409ad6f8 com.android.mms/com.android.mms.ui.ComposeMessageActivity paused=false}
02-14 14:13:01.198 W/WindowManager(  207): updateFocusedWindowLocked newFocus=Window{409ad6f8 com.android.mms/com.android.mms.ui.ComposeMessageActivity paused=false} mode=3 mCurrentFocus = Window{409ad6f8 com.android.mms/com.android.mms.ui.ComposeMessageActivity paused=false}
02-14 14:13:01.288 D/PowerManagerService(  207): setTimeoutLocked now=316985 timeoutOverride=-1 nextState=3 when=322985
02-14 14:13:01.308 W/WindowManager(  207): updateFocusedWindowLocked newFocus=Window{409ad6f8 com.android.mms/com.android.mms.ui.ComposeMessageActivity paused=false} mode=3 mCurrentFocus = Window{409ad6f8 com.android.mms/com.android.mms.ui.ComposeMessageActivity paused=false}
02-14 14:13:01.479 D/PowerManagerService(  207): setTimeoutLocked now=317174 timeoutOverride=-1 nextState=3 when=323174
02-14 14:13:01.489 W/WindowManager(  207): updateFocusedWindowLocked newFocus=Window{409ad6f8 com.android.mms/com.android.mms.ui.ComposeMessageActivity paused=false} mode=3 mCurrentFocus = Window{409ad6f8 com.android.mms/com.android.mms.ui.ComposeMessageActivity paused=false}
02-14 14:13:01.619 W/WindowManager(  207): updateFocusedWindowLocked newFocus=Window{409ad6f8 com.android.mms/com.android.mms.ui.ComposeMessageActivity paused=false} mode=3 mCurrentFocus = Window{409ad6f8 com.android.mms/com.android.mms.ui.ComposeMessageActivity paused=false}
02-14 14:13:01.659 W/WindowManager(  207): updateFocusedWindowLocked newFocus=Window{409ad6f8 com.android.mms/com.android.mms.ui.ComposeMessageActivity paused=false} mode=3 mCurrentFocus = Window{409ad6f8 com.android.mms/com.android.mms.ui.ComposeMessageActivity paused=false}
02-14 14:13:01.839 W/WindowManager(  207): updateFocusedWindowLocked newFocus=Window{409ad6f8 com.android.mms/com.android.mms.ui.ComposeMessageActivity paused=false} mode=3 mCurrentFocus = Window{409ad6f8 com.android.mms/com.android.mms.ui.ComposeMessageActivity paused=false}
02-14 14:13:01.889 W/WindowManager(  207): updateFocusedWindowLocked newFocus=Window{409ad6f8 com.android.mms/com.android.mms.ui.ComposeMessageActivity paused=false} mode=3 mCurrentFocus = Window{409ad6f8 com.android.mms/com.android.mms.ui.ComposeMessageActivity paused=false}
02-14 14:13:01.979 D/PowerManagerService(  207): setTimeoutLocked now=317675 timeoutOverride=-1 nextState=3 when=323675
02-14 14:13:01.999 D/PowerManagerService(  207): setTimeoutLocked now=317689 timeoutOverride=-1 nextState=3 when=323689
02-14 14:13:02.019 W/WindowManager(  207): updateFocusedWindowLocked newFocus=Window{409ad6f8 com.android.mms/com.android.mms.ui.ComposeMessageActivity paused=false} mode=3 mCurrentFocus = Window{409ad6f8 com.android.mms/com.android.mms.ui.ComposeMessageActivity paused=false}
02-14 14:13:02.269 W/WindowManager(  207): updateFocusedWindowLocked newFocus=Window{409ad6f8 com.android.mms/com.android.mms.ui.ComposeMessageActivity paused=false} mode=3 mCurrentFocus = Window{409ad6f8 com.android.mms/com.android.mms.ui.ComposeMessageActivity paused=false}
02-14 14:13:02.510 W/WindowManager(  207): updateFocusedWindowLocked newFocus=Window{409ad6f8 com.android.mms/com.android.mms.ui.ComposeMessageActivity paused=false} mode=3 mCurrentFocus = Window{409ad6f8 com.android.mms/com.android.mms.ui.ComposeMessageActivity paused=false}
02-14 14:13:03.030 D/PowerManagerService(  207): setTimeoutLocked now=318723 timeoutOverride=-1 nextState=3 when=324723
02-14 14:13:03.050 W/WindowManager(  207): updateFocusedWindowLocked newFocus=Window{409ad6f8 com.android.mms/com.android.mms.ui.ComposeMessageActivity paused=false} mode=3 mCurrentFocus = Window{409ad6f8 com.android.mms/com.android.mms.ui.ComposeMessageActivity paused=false}
02-14 14:13:03.120 D/PowerManagerService(  207): setTimeoutLocked now=318811 timeoutOverride=-1 nextState=3 when=324811
02-14 14:13:03.130 W/WindowManager(  207): updateFocusedWindowLocked newFocus=Window{409ad6f8 com.android.mms/com.android.mms.ui.ComposeMessageActivity paused=false} mode=3 mCurrentFocus = Window{409ad6f8 com.android.mms/com.android.mms.ui.ComposeMessageActivity paused=false}
02-14 14:13:03.160 W/WindowManager(  207): updateFocusedWindowLocked newFocus=Window{409ad6f8 com.android.mms/com.android.mms.ui.ComposeMessageActivity paused=false} mode=3 mCurrentFocus = Window{409ad6f8 com.android.mms/com.android.mms.ui.ComposeMessageActivity paused=false}
02-14 14:13:03.260 W/WindowManager(  207): updateFocusedWindowLocked newFocus=Window{409ad6f8 com.android.mms/com.android.mms.ui.ComposeMessageActivity paused=false} mode=3 mCurrentFocus = Window{409ad6f8 com.android.mms/com.android.mms.ui.ComposeMessageActivity paused=false}
02-14 14:13:03.631 D/PowerManagerService(  207): setTimeoutLocked now=319329 timeoutOverride=-1 nextState=3 when=325329
02-14 14:13:03.651 W/WindowManager(  207): updateFocusedWindowLocked newFocus=Window{409ad6f8 com.android.mms/com.android.mms.ui.ComposeMessageActivity paused=false} mode=3 mCurrentFocus = Window{409ad6f8 com.android.mms/com.android.mms.ui.ComposeMessageActivity paused=false}
02-14 14:13:03.771 D/PowerManagerService(  207): setTimeoutLocked now=319463 timeoutOverride=-1 nextState=3 when=325463
02-14 14:13:03.841 W/WindowManager(  207): updateFocusedWindowLocked newFocus=Window{409ad6f8 com.android.mms/com.android.mms.ui.ComposeMessageActivity paused=false} mode=3 mCurrentFocus = Window{409ad6f8 com.android.mms/com.android.mms.ui.ComposeMessageActivity paused=false}
02-14 14:13:03.951 W/WindowManager(  207): updateFocusedWindowLocked newFocus=Window{409ad6f8 com.android.mms/com.android.mms.ui.ComposeMessageActivity paused=false} mode=3 mCurrentFocus = Window{409ad6f8 com.android.mms/com.android.mms.ui.ComposeMessageActivity paused=false}
02-14 14:13:04.081 W/WindowManager(  207): updateFocusedWindowLocked newFocus=Window{409ad6f8 com.android.mms/com.android.mms.ui.ComposeMessageActivity paused=false} mode=3 mCurrentFocus = Window{409ad6f8 com.android.mms/com.android.mms.ui.ComposeMessageActivity paused=false}
02-14 14:13:04.351 D/PowerManagerService(  207): setTimeoutLocked now=320041 timeoutOverride=-1 nextState=3 when=326041
02-14 14:13:04.371 W/WindowManager(  207): updateFocusedWindowLocked newFocus=Window{409ad6f8 com.android.mms/com.android.mms.ui.ComposeMessageActivity paused=false} mode=3 mCurrentFocus = Window{409ad6f8 com.android.mms/com.android.mms.ui.ComposeMessageActivity paused=false}
02-14 14:13:04.472 D/PowerManagerService(  207): setTimeoutLocked now=320167 timeoutOverride=-1 nextState=3 when=326167
02-14 14:13:04.502 W/WindowManager(  207): updateFocusedWindowLocked newFocus=Window{409ad6f8 com.android.mms/com.android.mms.ui.ComposeMessageActivity paused=false} mode=3 mCurrentFocus = Window{409ad6f8 com.android.mms/com.android.mms.ui.ComposeMessageActivity paused=false}
02-14 14:13:04.542 W/WindowManager(  207): updateFocusedWindowLocked newFocus=Window{409ad6f8 com.android.mms/com.android.mms.ui.ComposeMessageActivity paused=false} mode=3 mCurrentFocus = Window{409ad6f8 com.android.mms/com.android.mms.ui.ComposeMessageActivity paused=false}
02-14 14:13:04.682 W/WindowManager(  207): updateFocusedWindowLocked newFocus=Window{409ad6f8 com.android.mms/com.android.mms.ui.ComposeMessageActivity paused=false} mode=3 mCurrentFocus = Window{409ad6f8 com.android.mms/com.android.mms.ui.ComposeMessageActivity paused=false}
02-14 14:13:04.752 W/WindowManager(  207): updateFocusedWindowLocked newFocus=Window{409ad6f8 com.android.mms/com.android.mms.ui.ComposeMessageActivity paused=false} mode=3 mCurrentFocus = Window{409ad6f8 com.android.mms/com.android.mms.ui.ComposeMessageActivity paused=false}
02-14 14:13:04.852 D/PowerManagerService(  207): setTimeoutLocked now=320546 timeoutOverride=-1 nextState=3 when=326546
02-14 14:13:04.892 W/WindowManager(  207): updateFocusedWindowLocked newFocus=Window{409ad6f8 com.android.mms/com.android.mms.ui.ComposeMessageActivity paused=false} mode=3 mCurrentFocus = Window{409ad6f8 com.android.mms/com.android.mms.ui.ComposeMessageActivity paused=false}
02-14 14:13:04.992 W/WindowManager(  207): updateFocusedWindowLocked newFocus=Window{409ad6f8 com.android.mms/com.android.mms.ui.ComposeMessageActivity paused=false} mode=3 mCurrentFocus = Window{409ad6f8 com.android.mms/com.android.mms.ui.ComposeMessageActivity paused=false}
02-14 14:13:05.052 D/PowerManagerService(  207): setTimeoutLocked now=320743 timeoutOverride=-1 nextState=3 when=326743
02-14 14:13:05.072 W/WindowManager(  207): updateFocusedWindowLocked newFocus=Window{409ad6f8 com.android.mms/com.android.mms.ui.ComposeMessageActivity paused=false} mode=3 mCurrentFocus = Window{409ad6f8 com.android.mms/com.android.mms.ui.ComposeMessageActivity paused=false}
02-14 14:13:05.102 D/StatusBarPolicy(  317): onSignalStrengthsChanged:SignalStrength: 99 0 -99 -90 -98 -65 4 99 2147483647 2147483647 2147483647 2147483647 cdma for subscription0
02-14 14:13:05.102 D/StatusBarPolicy(  317): updateSignalStrength on subscription :0
02-14 14:13:05.102 D/StatusBarPolicy(  317): StatusBarPolocy::getIconLevel -EVDO
02-14 14:13:05.102 D/StatusBarPolicy(  317): getEvdoLevel_band_six -evdoDbm:-98
02-14 14:13:05.102 D/StatusBarPolicy(  317): getEvdoLevel_band_six -evdoEcio:-65
02-14 14:13:05.222 W/WindowManager(  207): updateFocusedWindowLocked newFocus=Window{409ad6f8 com.android.mms/com.android.mms.ui.ComposeMessageActivity paused=false} mode=3 mCurrentFocus = Window{409ad6f8 com.android.mms/com.android.mms.ui.ComposeMessageActivity paused=false}
02-14 14:13:05.352 W/WindowManager(  207): updateFocusedWindowLocked newFocus=Window{409ad6f8 com.android.mms/com.android.mms.ui.ComposeMessageActivity paused=false} mode=3 mCurrentFocus = Window{409ad6f8 com.android.mms/com.android.mms.ui.ComposeMessageActivity paused=false}
02-14 14:13:05.422 D/PowerManagerService(  207): setTimeoutLocked now=321124 timeoutOverride=-1 nextState=3 when=327124
02-14 14:13:05.432 W/WindowManager(  207): updateFocusedWindowLocked newFocus=Window{409ad6f8 com.android.mms/com.android.mms.ui.ComposeMessageActivity paused=false} mode=3 mCurrentFocus = Window{409ad6f8 com.android.mms/com.android.mms.ui.ComposeMessageActivity paused=false}
02-14 14:13:05.513 W/WindowManager(  207): updateFocusedWindowLocked newFocus=Window{409ad6f8 com.android.mms/com.android.mms.ui.ComposeMessageActivity paused=false} mode=3 mCurrentFocus = Window{409ad6f8 com.android.mms/com.android.mms.ui.ComposeMessageActivity paused=false}
02-14 14:13:05.573 W/WindowManager(  207): updateFocusedWindowLocked newFocus=Window{409ad6f8 com.android.mms/com.android.mms.ui.ComposeMessageActivity paused=false} mode=3 mCurrentFocus = Window{409ad6f8 com.android.mms/com.android.mms.ui.ComposeMessageActivity paused=false}
02-14 14:13:05.693 D/PowerManagerService(  207): setTimeoutLocked now=321397 timeoutOverride=-1 nextState=3 when=327397
02-14 14:13:05.743 W/WindowManager(  207): updateFocusedWindowLocked newFocus=Window{409ad6f8 com.android.mms/com.android.mms.ui.ComposeMessageActivity paused=false} mode=3 mCurrentFocus = Window{409ad6f8 com.android.mms/com.android.mms.ui.ComposeMessageActivity paused=false}
02-14 14:13:05.913 W/WindowManager(  207): updateFocusedWindowLocked newFocus=Window{409ad6f8 com.android.mms/com.android.mms.ui.ComposeMessageActivity paused=false} mode=3 mCurrentFocus = Window{409ad6f8 com.android.mms/com.android.mms.ui.ComposeMessageActivity paused=false}
02-14 14:13:05.933 D/PowerManagerService(  207): setTimeoutLocked now=321635 timeoutOverride=-1 nextState=3 when=327635
02-14 14:13:06.073 W/WindowManager(  207): updateFocusedWindowLocked newFocus=Window{409ad6f8 com.android.mms/com.android.mms.ui.ComposeMessageActivity paused=false} mode=3 mCurrentFocus = Window{409ad6f8 com.android.mms/com.android.mms.ui.ComposeMessageActivity paused=false}
02-14 14:13:06.964 D/PowerManagerService(  207): setTimeoutLocked now=322668 timeoutOverride=-1 nextState=3 when=328668
02-14 14:13:06.984 W/WindowManager(  207): updateFocusedWindowLocked newFocus=Window{409ad6f8 com.android.mms/com.android.mms.ui.ComposeMessageActivity paused=false} mode=3 mCurrentFocus = Window{409ad6f8 com.android.mms/com.android.mms.ui.ComposeMessageActivity paused=false}
02-14 14:13:07.084 D/PowerManagerService(  207): setTimeoutLocked now=322781 timeoutOverride=-1 nextState=3 when=328781
02-14 14:13:07.104 W/WindowManager(  207): updateFocusedWindowLocked newFocus=Window{409ad6f8 com.android.mms/com.android.mms.ui.ComposeMessageActivity paused=false} mode=3 mCurrentFocus = Window{409ad6f8 com.android.mms/com.android.mms.ui.ComposeMessageActivity paused=false}
02-14 14:13:07.164 W/WindowManager(  207): updateFocusedWindowLocked newFocus=Window{409ad6f8 com.android.mms/com.android.mms.ui.ComposeMessageActivity paused=false} mode=3 mCurrentFocus = Window{409ad6f8 com.android.mms/com.android.mms.ui.ComposeMessageActivity paused=false}
02-14 14:13:07.304 W/WindowManager(  207): updateFocusedWindowLocked newFocus=Window{409ad6f8 com.android.mms/com.android.mms.ui.ComposeMessageActivity paused=false} mode=3 mCurrentFocus = Window{409ad6f8 com.android.mms/com.android.mms.ui.ComposeMessageActivity paused=false}
02-14 14:13:07.334 D/StatusBarPolicy(  317): onSignalStrengthsChanged:SignalStrength: 99 0 -99 -90 -101 -65 2 99 2147483647 2147483647 2147483647 2147483647 cdma for subscription0
02-14 14:13:07.334 D/StatusBarPolicy(  317): updateSignalStrength on subscription :0
02-14 14:13:07.334 D/StatusBarPolicy(  317): StatusBarPolocy::getIconLevel -EVDO
02-14 14:13:07.334 D/StatusBarPolicy(  317): getEvdoLevel_band_six -evdoDbm:-101
02-14 14:13:07.334 D/StatusBarPolicy(  317): getEvdoLevel_band_six -evdoEcio:-65
02-14 14:13:07.354 W/WindowManager(  207): updateFocusedWindowLocked newFocus=Window{409ad6f8 com.android.mms/com.android.mms.ui.ComposeMessageActivity paused=false} mode=3 mCurrentFocus = Window{409ad6f8 com.android.mms/com.android.mms.ui.ComposeMessageActivity paused=false}
02-14 14:13:07.484 W/WindowManager(  207): updateFocusedWindowLocked newFocus=Window{409ad6f8 com.android.mms/com.android.mms.ui.ComposeMessageActivity paused=false} mode=3 mCurrentFocus = Window{409ad6f8 com.android.mms/com.android.mms.ui.ComposeMessageActivity paused=false}
02-14 14:13:07.595 D/PowerManagerService(  207): setTimeoutLocked now=323295 timeoutOverride=-1 nextState=3 when=329295
02-14 14:13:07.605 W/WindowManager(  207): updateFocusedWindowLocked newFocus=Window{409ad6f8 com.android.mms/com.android.mms.ui.ComposeMessageActivity paused=false} mode=3 mCurrentFocus = Window{409ad6f8 com.android.mms/com.android.mms.ui.ComposeMessageActivity paused=false}
02-14 14:13:07.675 D/PowerManagerService(  207): setTimeoutLocked now=323372 timeoutOverride=-1 nextState=3 when=329372
02-14 14:13:07.695 W/WindowManager(  207): updateFocusedWindowLocked newFocus=Window{409ad6f8 com.android.mms/com.android.mms.ui.ComposeMessageActivity paused=false} mode=3 mCurrentFocus = Window{409ad6f8 com.android.mms/com.android.mms.ui.ComposeMessageActivity paused=false}
02-14 14:13:07.835 W/WindowManager(  207): updateFocusedWindowLocked newFocus=Window{409ad6f8 com.android.mms/com.android.mms.ui.ComposeMessageActivity paused=false} mode=3 mCurrentFocus = Window{409ad6f8 com.android.mms/com.android.mms.ui.ComposeMessageActivity paused=false}
02-14 14:13:07.965 W/WindowManager(  207): updateFocusedWindowLocked newFocus=Window{409ad6f8 com.android.mms/com.android.mms.ui.ComposeMessageActivity paused=false} mode=3 mCurrentFocus = Window{409ad6f8 com.android.mms/com.android.mms.ui.ComposeMessageActivity paused=false}
02-14 14:13:08.135 D/PowerManagerService(  207): setTimeoutLocked now=323835 timeoutOverride=-1 nextState=3 when=329835
02-14 14:13:08.155 W/WindowManager(  207): updateFocusedWindowLocked newFocus=Window{409ad6f8 com.android.mms/com.android.mms.ui.ComposeMessageActivity paused=false} mode=3 mCurrentFocus = Window{409ad6f8 com.android.mms/com.android.mms.ui.ComposeMessageActivity paused=false}
02-14 14:13:08.265 D/PowerManagerService(  207): setTimeoutLocked now=323961 timeoutOverride=-1 nextState=3 when=329961
02-14 14:13:08.295 W/WindowManager(  207): updateFocusedWindowLocked newFocus=Window{409ad6f8 com.android.mms/com.android.mms.ui.ComposeMessageActivity paused=false} mode=3 mCurrentFocus = Window{409ad6f8 com.android.mms/com.android.mms.ui.ComposeMessageActivity paused=false}
02-14 14:13:08.766 D/PowerManagerService(  207): setTimeoutLocked now=324464 timeoutOverride=-1 nextState=3 when=330464
02-14 14:13:08.786 W/WindowManager(  207): updateFocusedWindowLocked newFocus=Window{409ad6f8 com.android.mms/com.android.mms.ui.ComposeMessageActivity paused=false} mode=3 mCurrentFocus = Window{409ad6f8 com.android.mms/com.android.mms.ui.ComposeMessageActivity paused=false}
02-14 14:13:08.866 D/PowerManagerService(  207): setTimeoutLocked now=324563 timeoutOverride=-1 nextState=3 when=330563
02-14 14:13:08.916 W/WindowManager(  207): updateFocusedWindowLocked newFocus=Window{409ad6f8 com.android.mms/com.android.mms.ui.ComposeMessageActivity paused=false} mode=3 mCurrentFocus = Window{409ad6f8 com.android.mms/com.android.mms.ui.ComposeMessageActivity paused=false}
02-14 14:13:08.936 W/WindowManager(  207): updateFocusedWindowLocked newFocus=Window{409ad6f8 com.android.mms/com.android.mms.ui.ComposeMessageActivity paused=false} mode=3 mCurrentFocus = Window{409ad6f8 com.android.mms/com.android.mms.ui.ComposeMessageActivity paused=false}
02-14 14:13:09.066 W/WindowManager(  207): updateFocusedWindowLocked newFocus=Window{409ad6f8 com.android.mms/com.android.mms.ui.ComposeMessageActivity paused=false} mode=3 mCurrentFocus = Window{409ad6f8 com.android.mms/com.android.mms.ui.ComposeMessageActivity paused=false}
02-14 14:13:09.286 D/PowerManagerService(  207): setTimeoutLocked now=324981 timeoutOverride=-1 nextState=3 when=330981
02-14 14:13:09.306 W/WindowManager(  207): updateFocusedWindowLocked newFocus=Window{409ad6f8 com.android.mms/com.android.mms.ui.ComposeMessageActivity paused=false} mode=3 mCurrentFocus = Window{409ad6f8 com.android.mms/com.android.mms.ui.ComposeMessageActivity paused=false}
02-14 14:13:09.426 D/PowerManagerService(  207): setTimeoutLocked now=325120 timeoutOverride=-1 nextState=3 when=331120
02-14 14:13:09.456 W/WindowManager(  207): updateFocusedWindowLocked newFocus=Window{409ad6f8 com.android.mms/com.android.mms.ui.ComposeMessageActivity paused=false} mode=3 mCurrentFocus = Window{409ad6f8 com.android.mms/com.android.mms.ui.ComposeMessageActivity paused=false}
02-14 14:13:09.607 W/WindowManager(  207): updateFocusedWindowLocked newFocus=Window{409ad6f8 com.android.mms/com.android.mms.ui.ComposeMessageActivity paused=false} mode=3 mCurrentFocus = Window{409ad6f8 com.android.mms/com.android.mms.ui.ComposeMessageActivity paused=false}
02-14 14:13:09.807 W/WindowManager(  207): updateFocusedWindowLocked newFocus=Window{409ad6f8 com.android.mms/com.android.mms.ui.ComposeMessageActivity paused=false} mode=3 mCurrentFocus = Window{409ad6f8 com.android.mms/com.android.mms.ui.ComposeMessageActivity paused=false}
02-14 14:13:09.867 D/PowerManagerService(  207): setTimeoutLocked now=325567 timeoutOverride=-1 nextState=3 when=331567
02-14 14:13:09.887 W/WindowManager(  207): updateFocusedWindowLocked newFocus=Window{409ad6f8 com.android.mms/com.android.mms.ui.ComposeMessageActivity paused=false} mode=3 mCurrentFocus = Window{409ad6f8 com.android.mms/com.android.mms.ui.ComposeMessageActivity paused=false}
02-14 14:13:09.967 D/PowerManagerService(  207): setTimeoutLocked now=325668 timeoutOverride=-1 nextState=3 when=331668
02-14 14:13:10.007 W/WindowManager(  207): updateFocusedWindowLocked newFocus=Window{409ad6f8 com.android.mms/com.android.mms.ui.ComposeMessageActivity paused=false} mode=3 mCurrentFocus = Window{409ad6f8 com.android.mms/com.android.mms.ui.ComposeMessageActivity paused=false}
02-14 14:13:10.137 W/WindowManager(  207): updateFocusedWindowLocked newFocus=Window{409ad6f8 com.android.mms/com.android.mms.ui.ComposeMessageActivity paused=false} mode=3 mCurrentFocus = Window{409ad6f8 com.android.mms/com.android.mms.ui.ComposeMessageActivity paused=false}
02-14 14:13:10.257 W/WindowManager(  207): updateFocusedWindowLocked newFocus=Window{409ad6f8 com.android.mms/com.android.mms.ui.ComposeMessageActivity paused=false} mode=3 mCurrentFocus = Window{409ad6f8 com.android.mms/com.android.mms.ui.ComposeMessageActivity paused=false}
02-14 14:13:10.487 D/PowerManagerService(  207): setTimeoutLocked now=326186 timeoutOverride=-1 nextState=3 when=332186
02-14 14:13:10.497 W/WindowManager(  207): updateFocusedWindowLocked newFocus=Window{409ad6f8 com.android.mms/com.android.mms.ui.ComposeMessageActivity paused=false} mode=3 mCurrentFocus = Window{409ad6f8 com.android.mms/com.android.mms.ui.ComposeMessageActivity paused=false}
02-14 14:13:10.608 D/PowerManagerService(  207): setTimeoutLocked now=326308 timeoutOverride=-1 nextState=3 when=332308
02-14 14:13:10.648 W/WindowManager(  207): updateFocusedWindowLocked newFocus=Window{409ad6f8 com.android.mms/com.android.mms.ui.ComposeMessageActivity paused=false} mode=3 mCurrentFocus = Window{409ad6f8 com.android.mms/com.android.mms.ui.ComposeMessageActivity paused=false}
02-14 14:13:10.988 W/WindowManager(  207): updateFocusedWindowLocked newFocus=Window{409ad6f8 com.android.mms/com.android.mms.ui.ComposeMessageActivity paused=false} mode=3 mCurrentFocus = Window{409ad6f8 com.android.mms/com.android.mms.ui.ComposeMessageActivity paused=false}
02-14 14:13:11.018 D/PowerManagerService(  207): setTimeoutLocked now=326710 timeoutOverride=-1 nextState=3 when=332710
02-14 14:13:11.078 W/WindowManager(  207): updateFocusedWindowLocked newFocus=Window{409ad6f8 com.android.mms/com.android.mms.ui.ComposeMessageActivity paused=false} mode=3 mCurrentFocus = Window{409ad6f8 com.android.mms/com.android.mms.ui.ComposeMessageActivity paused=false}
02-14 14:13:11.158 W/WindowManager(  207): updateFocusedWindowLocked newFocus=Window{409ad6f8 com.android.mms/com.android.mms.ui.ComposeMessageActivity paused=false} mode=3 mCurrentFocus = Window{409ad6f8 com.android.mms/com.android.mms.ui.ComposeMessageActivity paused=false}
02-14 14:13:11.198 D/PowerManagerService(  207): setTimeoutLocked now=326898 timeoutOverride=-1 nextState=3 when=332898
02-14 14:13:11.218 W/WindowManager(  207): updateFocusedWindowLocked newFocus=Window{409ad6f8 com.android.mms/com.android.mms.ui.ComposeMessageActivity paused=false} mode=3 mCurrentFocus = Window{409ad6f8 com.android.mms/com.android.mms.ui.ComposeMessageActivity paused=false}
02-14 14:13:11.338 W/WindowManager(  207): updateFocusedWindowLocked newFocus=Window{409ad6f8 com.android.mms/com.android.mms.ui.ComposeMessageActivity paused=false} mode=3 mCurrentFocus = Window{409ad6f8 com.android.mms/com.android.mms.ui.ComposeMessageActivity paused=false}
02-14 14:13:11.398 W/WindowManager(  207): updateFocusedWindowLocked newFocus=Window{409ad6f8 com.android.mms/com.android.mms.ui.ComposeMessageActivity paused=false} mode=3 mCurrentFocus = Window{409ad6f8 com.android.mms/com.android.mms.ui.ComposeMessageActivity paused=false}
02-14 14:13:11.568 D/PowerManagerService(  207): setTimeoutLocked now=327264 timeoutOverride=-1 nextState=3 when=333264
02-14 14:13:11.578 W/WindowManager(  207): updateFocusedWindowLocked newFocus=Window{409ad6f8 com.android.mms/com.android.mms.ui.ComposeMessageActivity paused=false} mode=3 mCurrentFocus = Window{409ad6f8 com.android.mms/com.android.mms.ui.ComposeMessageActivity paused=false}
02-14 14:13:11.679 W/WindowManager(  207): updateFocusedWindowLocked newFocus=Window{409ad6f8 com.android.mms/com.android.mms.ui.ComposeMessageActivity paused=false} mode=3 mCurrentFocus = Window{409ad6f8 com.android.mms/com.android.mms.ui.ComposeMessageActivity paused=false}
02-14 14:13:11.829 D/StatusBarPolicy(  317): onSignalStrengthsChanged:SignalStrength: 99 0 -99 -90 -102 -80 2 99 2147483647 2147483647 2147483647 2147483647 cdma for subscription0
02-14 14:13:11.829 D/StatusBarPolicy(  317): updateSignalStrength on subscription :0
02-14 14:13:11.829 D/StatusBarPolicy(  317): StatusBarPolocy::getIconLevel -EVDO
02-14 14:13:11.829 D/StatusBarPolicy(  317): getEvdoLevel_band_six -evdoDbm:-102
02-14 14:13:11.829 D/StatusBarPolicy(  317): getEvdoLevel_band_six -evdoEcio:-80
02-14 14:13:12.019 W/WindowManager(  207): updateFocusedWindowLocked newFocus=Window{409ad6f8 com.android.mms/com.android.mms.ui.ComposeMessageActivity paused=false} mode=3 mCurrentFocus = Window{409ad6f8 com.android.mms/com.android.mms.ui.ComposeMessageActivity paused=false}
02-14 14:13:12.069 D/PowerManagerService(  207): setTimeoutLocked now=327764 timeoutOverride=-1 nextState=3 when=333764
02-14 14:13:12.109 D/PowerManagerService(  207): setTimeoutLocked now=327804 timeoutOverride=-1 nextState=3 when=333804
02-14 14:13:12.129 W/WindowManager(  207): updateFocusedWindowLocked newFocus=Window{409ad6f8 com.android.mms/com.android.mms.ui.ComposeMessageActivity paused=false} mode=3 mCurrentFocus = Window{409ad6f8 com.android.mms/com.android.mms.ui.ComposeMessageActivity paused=false}
02-14 14:13:12.299 W/WindowManager(  207): updateFocusedWindowLocked newFocus=Window{409ad6f8 com.android.mms/com.android.mms.ui.ComposeMessageActivity paused=false} mode=3 mCurrentFocus = Window{409ad6f8 com.android.mms/com.android.mms.ui.ComposeMessageActivity paused=false}
02-14 14:13:12.419 W/WindowManager(  207): updateFocusedWindowLocked newFocus=Window{409ad6f8 com.android.mms/com.android.mms.ui.ComposeMessageActivity paused=false} mode=3 mCurrentFocus = Window{409ad6f8 com.android.mms/com.android.mms.ui.ComposeMessageActivity paused=false}
02-14 14:13:12.549 W/WindowManager(  207): updateFocusedWindowLocked newFocus=Window{409ad6f8 com.android.mms/com.android.mms.ui.ComposeMessageActivity paused=false} mode=3 mCurrentFocus = Window{409ad6f8 com.android.mms/com.android.mms.ui.ComposeMessageActivity paused=false}
02-14 14:13:12.609 D/PowerManagerService(  207): setTimeoutLocked now=328305 timeoutOverride=-1 nextState=3 when=334305
02-14 14:13:12.640 D/PowerManagerService(  207): setTimeoutLocked now=328330 timeoutOverride=-1 nextState=3 when=334330
02-14 14:13:12.660 W/WindowManager(  207): updateFocusedWindowLocked newFocus=Window{409ad6f8 com.android.mms/com.android.mms.ui.ComposeMessageActivity paused=false} mode=3 mCurrentFocus = Window{409ad6f8 com.android.mms/com.android.mms.ui.ComposeMessageActivity paused=false}
02-14 14:13:12.860 W/WindowManager(  207): updateFocusedWindowLocked newFocus=Window{409ad6f8 com.android.mms/com.android.mms.ui.ComposeMessageActivity paused=false} mode=3 mCurrentFocus = Window{409ad6f8 com.android.mms/com.android.mms.ui.ComposeMessageActivity paused=false}
02-14 14:13:12.980 W/WindowManager(  207): updateFocusedWindowLocked newFocus=Window{409ad6f8 com.android.mms/com.android.mms.ui.ComposeMessageActivity paused=false} mode=3 mCurrentFocus = Window{409ad6f8 com.android.mms/com.android.mms.ui.ComposeMessageActivity paused=false}
02-14 14:13:13.050 W/WindowManager(  207): updateFocusedWindowLocked newFocus=Window{409ad6f8 com.android.mms/com.android.mms.ui.ComposeMessageActivity paused=false} mode=3 mCurrentFocus = Window{409ad6f8 com.android.mms/com.android.mms.ui.ComposeMessageActivity paused=false}
02-14 14:13:13.120 D/PowerManagerService(  207): setTimeoutLocked now=328806 timeoutOverride=-1 nextState=3 when=334806
02-14 14:13:13.150 D/PowerManagerService(  207): setTimeoutLocked now=328844 timeoutOverride=-1 nextState=3 when=334844
02-14 14:13:13.170 W/WindowManager(  207): updateFocusedWindowLocked newFocus=Window{409ad6f8 com.android.mms/com.android.mms.ui.ComposeMessageActivity paused=false} mode=3 mCurrentFocus = Window{409ad6f8 com.android.mms/com.android.mms.ui.ComposeMessageActivity paused=false}
02-14 14:13:13.220 W/WindowManager(  207): updateFocusedWindowLocked newFocus=Window{409ad6f8 com.android.mms/com.android.mms.ui.ComposeMessageActivity paused=false} mode=3 mCurrentFocus = Window{409ad6f8 com.android.mms/com.android.mms.ui.ComposeMessageActivity paused=false}
02-14 14:13:13.340 W/WindowManager(  207): updateFocusedWindowLocked newFocus=Window{409ad6f8 com.android.mms/com.android.mms.ui.ComposeMessageActivity paused=false} mode=3 mCurrentFocus = Window{409ad6f8 com.android.mms/com.android.mms.ui.ComposeMessageActivity paused=false}
02-14 14:13:13.430 W/WindowManager(  207): updateFocusedWindowLocked newFocus=Window{409ad6f8 com.android.mms/com.android.mms.ui.ComposeMessageActivity paused=false} mode=3 mCurrentFocus = Window{409ad6f8 com.android.mms/com.android.mms.ui.ComposeMessageActivity paused=false}
02-14 14:13:13.540 D/ConnectivityService(  207): Dropping ConnectivityChange for WIFI: DISCONNECTED/SCANNING
02-14 14:13:13.540 W/WindowManager(  207): updateFocusedWindowLocked newFocus=Window{409ad6f8 com.android.mms/com.android.mms.ui.ComposeMessageActivity paused=false} mode=3 mCurrentFocus = Window{409ad6f8 com.android.mms/com.android.mms.ui.ComposeMessageActivity paused=false}
02-14 14:13:14.321 D/PowerManagerService(  207): setTimeoutLocked now=330011 timeoutOverride=-1 nextState=3 when=336011
02-14 14:13:14.341 W/WindowManager(  207): updateFocusedWindowLocked newFocus=Window{409ad6f8 com.android.mms/com.android.mms.ui.ComposeMessageActivity paused=false} mode=3 mCurrentFocus = Window{409ad6f8 com.android.mms/com.android.mms.ui.ComposeMessageActivity paused=false}
02-14 14:13:14.421 D/PowerManagerService(  207): setTimeoutLocked now=330112 timeoutOverride=-1 nextState=3 when=336112
02-14 14:13:14.441 W/WindowManager(  207): updateFocusedWindowLocked newFocus=Window{409ad6f8 com.android.mms/com.android.mms.ui.ComposeMessageActivity paused=false} mode=3 mCurrentFocus = Window{409ad6f8 com.android.mms/com.android.mms.ui.ComposeMessageActivity paused=false}
02-14 14:13:14.501 D/ConnectivityService(  207): Dropping ConnectivityChange for WIFI: DISCONNECTED/IDLE
02-14 14:13:16.313 D/StatusBarPolicy(  317): onSignalStrengthsChanged:SignalStrength: 99 0 -100 -80 -103 -60 2 99 2147483647 2147483647 2147483647 2147483647 cdma for subscription0
02-14 14:13:16.323 D/StatusBarPolicy(  317): updateSignalStrength on subscription :0
02-14 14:13:16.333 D/StatusBarPolicy(  317): StatusBarPolocy::getIconLevel -EVDO
02-14 14:13:16.333 D/StatusBarPolicy(  317): getEvdoLevel_band_six -evdoDbm:-103
02-14 14:13:16.333 D/StatusBarPolicy(  317): getEvdoLevel_band_six -evdoEcio:-60
02-14 14:13:17.755 D/PowerManagerService(  207): setTimeoutLocked now=333455 timeoutOverride=-1 nextState=3 when=339455
02-14 14:13:17.765 W/WindowManager(  207): updateFocusedWindowLocked newFocus=Window{409ad6f8 com.android.mms/com.android.mms.ui.ComposeMessageActivity paused=false} mode=3 mCurrentFocus = Window{409ad6f8 com.android.mms/com.android.mms.ui.ComposeMessageActivity paused=false}
02-14 14:13:17.885 D/PowerManagerService(  207): setTimeoutLocked now=333581 timeoutOverride=-1 nextState=3 when=339581
02-14 14:13:17.905 W/WindowManager(  207): updateFocusedWindowLocked newFocus=Window{409ad6f8 com.android.mms/com.android.mms.ui.ComposeMessageActivity paused=false} mode=3 mCurrentFocus = Window{409ad6f8 com.android.mms/com.android.mms.ui.ComposeMessageActivity paused=false}
02-14 14:13:18.045 W/WindowManager(  207): updateFocusedWindowLocked newFocus=Window{409ad6f8 com.android.mms/com.android.mms.ui.ComposeMessageActivity paused=false} mode=3 mCurrentFocus = Window{409ad6f8 com.android.mms/com.android.mms.ui.ComposeMessageActivity paused=false}
02-14 14:13:18.205 W/WindowManager(  207): updateFocusedWindowLocked newFocus=Window{409ad6f8 com.android.mms/com.android.mms.ui.ComposeMessageActivity paused=false} mode=3 mCurrentFocus = Window{409ad6f8 com.android.mms/com.android.mms.ui.ComposeMessageActivity paused=false}
02-14 14:13:18.565 D/StatusBarPolicy(  317): onSignalStrengthsChanged:SignalStrength: 99 0 -99 -70 -103 -60 2 99 2147483647 2147483647 2147483647 2147483647 cdma for subscription0
02-14 14:13:18.565 D/StatusBarPolicy(  317): updateSignalStrength on subscription :0
02-14 14:13:18.565 D/StatusBarPolicy(  317): StatusBarPolocy::getIconLevel -EVDO
02-14 14:13:18.575 D/StatusBarPolicy(  317): getEvdoLevel_band_six -evdoDbm:-103
02-14 14:13:18.575 D/StatusBarPolicy(  317): getEvdoLevel_band_six -evdoEcio:-60
02-14 14:13:18.745 D/PowerManagerService(  207): setTimeoutLocked now=334435 timeoutOverride=-1 nextState=3 when=340435
02-14 14:13:18.846 W/WindowManager(  207): updateFocusedWindowLocked newFocus=Window{409ad6f8 com.android.mms/com.android.mms.ui.ComposeMessageActivity paused=false} mode=3 mCurrentFocus = Window{409ad6f8 com.android.mms/com.android.mms.ui.ComposeMessageActivity paused=false}
02-14 14:13:18.876 D/PowerManagerService(  207): setTimeoutLocked now=334573 timeoutOverride=-1 nextState=3 when=340573
02-14 14:13:18.886 W/WindowManager(  207): updateFocusedWindowLocked newFocus=Window{409ad6f8 com.android.mms/com.android.mms.ui.ComposeMessageActivity paused=false} mode=3 mCurrentFocus = Window{409ad6f8 com.android.mms/com.android.mms.ui.ComposeMessageActivity paused=false}
02-14 14:13:19.987 D/PowerManagerService(  207): setTimeoutLocked now=335686 timeoutOverride=-1 nextState=3 when=341686
02-14 14:13:19.997 W/WindowManager(  207): updateFocusedWindowLocked newFocus=Window{409ad6f8 com.android.mms/com.android.mms.ui.ComposeMessageActivity paused=false} mode=3 mCurrentFocus = Window{409ad6f8 com.android.mms/com.android.mms.ui.ComposeMessageActivity paused=false}
02-14 14:13:20.107 D/PowerManagerService(  207): setTimeoutLocked now=335806 timeoutOverride=-1 nextState=3 when=341806
02-14 14:13:20.127 W/WindowManager(  207): updateFocusedWindowLocked newFocus=Window{409ad6f8 com.android.mms/com.android.mms.ui.ComposeMessageActivity paused=false} mode=3 mCurrentFocus = Window{409ad6f8 com.android.mms/com.android.mms.ui.ComposeMessageActivity paused=false}
02-14 14:13:20.757 D/PowerManagerService(  207): setTimeoutLocked now=336456 timeoutOverride=-1 nextState=3 when=342456
02-14 14:13:20.767 W/WindowManager(  207): updateFocusedWindowLocked newFocus=Window{409ad6f8 com.android.mms/com.android.mms.ui.ComposeMessageActivity paused=false} mode=3 mCurrentFocus = Window{409ad6f8 com.android.mms/com.android.mms.ui.ComposeMessageActivity paused=false}
02-14 14:13:20.777 D/StatusBarPolicy(  317): onSignalStrengthsChanged:SignalStrength: 99 0 -102 -95 -103 -60 2 99 2147483647 2147483647 2147483647 2147483647 cdma for subscription0
02-14 14:13:20.777 D/StatusBarPolicy(  317): updateSignalStrength on subscription :0
02-14 14:13:20.777 D/StatusBarPolicy(  317): StatusBarPolocy::getIconLevel -EVDO
02-14 14:13:20.777 D/StatusBarPolicy(  317): getEvdoLevel_band_six -evdoDbm:-103
02-14 14:13:20.777 D/StatusBarPolicy(  317): getEvdoLevel_band_six -evdoEcio:-60
02-14 14:13:20.878 D/PowerManagerService(  207): setTimeoutLocked now=336578 timeoutOverride=-1 nextState=3 when=342578
02-14 14:13:20.938 W/WindowManager(  207): updateFocusedWindowLocked newFocus=Window{409ad6f8 com.android.mms/com.android.mms.ui.ComposeMessageActivity paused=false} mode=3 mCurrentFocus = Window{409ad6f8 com.android.mms/com.android.mms.ui.ComposeMessageActivity paused=false}
02-14 14:13:21.568 D/PowerManagerService(  207): setTimeoutLocked now=337266 timeoutOverride=-1 nextState=3 when=343266
02-14 14:13:21.578 W/WindowManager(  207): updateFocusedWindowLocked newFocus=Window{409ad6f8 com.android.mms/com.android.mms.ui.ComposeMessageActivity paused=false} mode=3 mCurrentFocus = Window{409ad6f8 com.android.mms/com.android.mms.ui.ComposeMessageActivity paused=false}
02-14 14:13:21.638 D/PowerManagerService(  207): setTimeoutLocked now=337338 timeoutOverride=-1 nextState=3 when=343338
02-14 14:13:21.658 W/WindowManager(  207): updateFocusedWindowLocked newFocus=Window{409ad6f8 com.android.mms/com.android.mms.ui.ComposeMessageActivity paused=false} mode=3 mCurrentFocus = Window{409ad6f8 com.android.mms/com.android.mms.ui.ComposeMessageActivity paused=false}
02-14 14:13:21.869 W/WindowManager(  207): updateFocusedWindowLocked newFocus=Window{409ad6f8 com.android.mms/com.android.mms.ui.ComposeMessageActivity paused=false} mode=3 mCurrentFocus = Window{409ad6f8 com.android.mms/com.android.mms.ui.ComposeMessageActivity paused=false}
02-14 14:13:21.979 W/WindowManager(  207): updateFocusedWindowLocked newFocus=Window{409ad6f8 com.android.mms/com.android.mms.ui.ComposeMessageActivity paused=false} mode=3 mCurrentFocus = Window{409ad6f8 com.android.mms/com.android.mms.ui.ComposeMessageActivity paused=false}
02-14 14:13:22.859 D/PowerManagerService(  207): setTimeoutLocked now=338550 timeoutOverride=-1 nextState=3 when=344550
02-14 14:13:22.920 W/WindowManager(  207): updateFocusedWindowLocked newFocus=Window{409ad6f8 com.android.mms/com.android.mms.ui.ComposeMessageActivity paused=false} mode=3 mCurrentFocus = Window{409ad6f8 com.android.mms/com.android.mms.ui.ComposeMessageActivity paused=false}
02-14 14:13:22.940 D/PowerManagerService(  207): setTimeoutLocked now=338634 timeoutOverride=-1 nextState=3 when=344634
02-14 14:13:22.960 W/WindowManager(  207): updateFocusedWindowLocked newFocus=Window{409ad6f8 com.android.mms/com.android.mms.ui.ComposeMessageActivity paused=false} mode=3 mCurrentFocus = Window{409ad6f8 com.android.mms/com.android.mms.ui.ComposeMessageActivity paused=false}
02-14 14:13:23.020 D/StatusBarPolicy(  317): onSignalStrengthsChanged:SignalStrength: 99 0 -102 -95 -103 -50 2 99 2147483647 2147483647 2147483647 2147483647 cdma for subscription0
02-14 14:13:23.020 D/StatusBarPolicy(  317): updateSignalStrength on subscription :0
02-14 14:13:23.020 D/StatusBarPolicy(  317): StatusBarPolocy::getIconLevel -EVDO
02-14 14:13:23.020 D/StatusBarPolicy(  317): getEvdoLevel_band_six -evdoDbm:-103
02-14 14:13:23.020 D/StatusBarPolicy(  317): getEvdoLevel_band_six -evdoEcio:-50
02-14 14:13:23.140 W/WindowManager(  207): updateFocusedWindowLocked newFocus=Window{409ad6f8 com.android.mms/com.android.mms.ui.ComposeMessageActivity paused=false} mode=3 mCurrentFocus = Window{409ad6f8 com.android.mms/com.android.mms.ui.ComposeMessageActivity paused=false}
02-14 14:13:23.260 W/WindowManager(  207): updateFocusedWindowLocked newFocus=Window{409ad6f8 com.android.mms/com.android.mms.ui.ComposeMessageActivity paused=false} mode=3 mCurrentFocus = Window{409ad6f8 com.android.mms/com.android.mms.ui.ComposeMessageActivity paused=false}
02-14 14:13:23.570 D/PowerManagerService(  207): setTimeoutLocked now=339265 timeoutOverride=-1 nextState=3 when=345265
02-14 14:13:23.580 W/WindowManager(  207): updateFocusedWindowLocked newFocus=Window{409ad6f8 com.android.mms/com.android.mms.ui.ComposeMessageActivity paused=false} mode=3 mCurrentFocus = Window{409ad6f8 com.android.mms/com.android.mms.ui.ComposeMessageActivity paused=false}
02-14 14:13:23.670 D/PowerManagerService(  207): setTimeoutLocked now=339362 timeoutOverride=-1 nextState=3 when=345362
02-14 14:13:23.680 W/WindowManager(  207): updateFocusedWindowLocked newFocus=Window{409ad6f8 com.android.mms/com.android.mms.ui.ComposeMessageActivity paused=false} mode=3 mCurrentFocus = Window{409ad6f8 com.android.mms/com.android.mms.ui.ComposeMessageActivity paused=false}
02-14 14:13:23.900 W/WindowManager(  207): updateFocusedWindowLocked newFocus=Window{409ad6f8 com.android.mms/com.android.mms.ui.ComposeMessageActivity paused=false} mode=3 mCurrentFocus = Window{409ad6f8 com.android.mms/com.android.mms.ui.ComposeMessageActivity paused=false}
02-14 14:13:23.991 W/WindowManager(  207): updateFocusedWindowLocked newFocus=Window{409ad6f8 com.android.mms/com.android.mms.ui.ComposeMessageActivity paused=false} mode=3 mCurrentFocus = Window{409ad6f8 com.android.mms/com.android.mms.ui.ComposeMessageActivity paused=false}
02-14 14:13:24.221 D/PowerManagerService(  207): setTimeoutLocked now=339915 timeoutOverride=-1 nextState=3 when=345915
02-14 14:13:24.261 W/WindowManager(  207): updateFocusedWindowLocked newFocus=Window{409ad6f8 com.android.mms/com.android.mms.ui.ComposeMessageActivity paused=false} mode=3 mCurrentFocus = Window{409ad6f8 com.android.mms/com.android.mms.ui.ComposeMessageActivity paused=false}
02-14 14:13:24.351 D/PowerManagerService(  207): setTimeoutLocked now=340042 timeoutOverride=-1 nextState=3 when=346042
02-14 14:13:24.381 W/WindowManager(  207): updateFocusedWindowLocked newFocus=Window{409ad6f8 com.android.mms/com.android.mms.ui.ComposeMessageActivity paused=false} mode=3 mCurrentFocus = Window{409ad6f8 com.android.mms/com.android.mms.ui.ComposeMessageActivity paused=false}
02-14 14:13:24.401 D/StatusBarPolicy(  317): onSignalStrengthsChanged:SignalStrength: 99 0 -101 -85 -103 -50 2 99 2147483647 2147483647 2147483647 2147483647 cdma for subscription0
02-14 14:13:24.401 D/StatusBarPolicy(  317): updateSignalStrength on subscription :0
02-14 14:13:24.401 D/StatusBarPolicy(  317): StatusBarPolocy::getIconLevel -EVDO
02-14 14:13:24.411 D/StatusBarPolicy(  317): getEvdoLevel_band_six -evdoDbm:-103
02-14 14:13:24.411 D/StatusBarPolicy(  317): getEvdoLevel_band_six -evdoEcio:-50
02-14 14:13:24.421 I/TelephonyRegistry(  207): notifyServiceState: 0 home Sprint  310099  EvDo rev. A CSS not supported 41 4139RoamInd: 1RoamStatus(sprint): 1DefRoamInd: 160EmergOnly: false
02-14 14:13:24.431 D/StatusBarPolicy(  317): onServiceStateChanged:0 home Sprint  310099  EvDo rev. A CSS not supported 41 4139RoamInd: 1RoamStatus(sprint): 1DefRoamInd: 160EmergOnly: falsefor subscription :0
02-14 14:13:24.431 D/StatusBarPolicy(  317): updateSignalStrength on subscription :0
02-14 14:13:24.431 D/StatusBarPolicy(  317): StatusBarPolocy::getIconLevel -EVDO
02-14 14:13:24.431 D/StatusBarPolicy(  317): getEvdoLevel_band_six -evdoDbm:-103
02-14 14:13:24.431 D/StatusBarPolicy(  317): getEvdoLevel_band_six -evdoEcio:-50
02-14 14:13:24.431 D/StatusBarPolicy(  317): updateDataIcon subscription =0
02-14 14:13:25.192 D/PowerManagerService(  207): setTimeoutLocked now=340884 timeoutOverride=-1 nextState=3 when=346884
02-14 14:13:25.302 D/PowerManagerService(  207): setTimeoutLocked now=340997 timeoutOverride=-1 nextState=3 when=346997
02-14 14:13:26.073 D/PowerManagerService(  207): setTimeoutLocked now=341763 timeoutOverride=-1 nextState=3 when=347763
