02-14 14:11:45.034 W/WindowManager(  207): updateFocusedWindowLocked newFocus=Window{409ad6f8 com.android.mms/com.android.mms.ui.ComposeMessageActivity paused=false} mode=3 mCurrentFocus = Window{409ad6f8 com.android.mms/com.android.mms.ui.ComposeMessageActivity paused=false}
02-14 14:11:45.645 D/PowerManagerService(  207): setTimeoutLocked now=241345 timeoutOverride=-1 nextState=3 when=247345
02-14 14:11:45.655 W/WindowManager(  207): updateFocusedWindowLocked newFocus=Window{409ad6f8 com.android.mms/com.android.mms.ui.ComposeMessageActivity paused=false} mode=3 mCurrentFocus = Window{409ad6f8 com.android.mms/com.android.mms.ui.ComposeMessageActivity paused=false}
02-14 14:11:45.695 D/PowerManagerService(  207): setTimeoutLocked now=241396 timeoutOverride=-1 nextState=3 when=247396
02-14 14:11:45.715 W/WindowManager(  207): updateFocusedWindowLocked newFocus=Window{409ad6f8 com.android.mms/com.android.mms.ui.ComposeMessageActivity paused=false} mode=3 mCurrentFocus = Window{409ad6f8 com.android.mms/com.android.mms.ui.ComposeMessageActivity paused=false}
02-14 14:11:46.185 D/PowerManagerService(  207): setTimeoutLocked now=241885 timeoutOverride=-1 nextState=3 when=247885
02-14 14:11:46.195 W/WindowManager(  207): updateFocusedWindowLocked newFocus=Window{409ad6f8 com.android.mms/com.android.mms.ui.ComposeMessageActivity paused=false} mode=3 mCurrentFocus = Window{409ad6f8 com.android.mms/com.android.mms.ui.ComposeMessageActivity paused=false}
02-14 14:11:46.315 D/PowerManagerService(  207): setTimeoutLocked now=242010 timeoutOverride=-1 nextState=3 when=248010
02-14 14:11:46.325 W/WindowManager(  207): updateFocusedWindowLocked newFocus=Window{409ad6f8 com.android.mms/com.android.mms.ui.ComposeMessageActivity paused=false} mode=3 mCurrentFocus = Window{409ad6f8 com.android.mms/com.android.mms.ui.ComposeMessageActivity paused=false}
02-14 14:11:46.696 D/StatusBarPolicy(  317): onSignalStrengthsChanged:SignalStrength: 99 0 -95 -125 -98 -55 5 99 2147483647 2147483647 2147483647 2147483647 cdma for subscription0
02-14 14:11:46.696 D/StatusBarPolicy(  317): updateSignalStrength on subscription :0
02-14 14:11:46.696 D/StatusBarPolicy(  317): StatusBarPolocy::getIconLevel -EVDO
02-14 14:11:46.696 D/StatusBarPolicy(  317): getEvdoLevel_band_six -evdoDbm:-98
02-14 14:11:46.696 D/StatusBarPolicy(  317): getEvdoLevel_band_six -evdoEcio:-55
02-14 14:11:47.016 D/StatusBarPolicy(  317): updateDataIcon subscription =0
02-14 14:11:47.506 D/PowerManagerService(  207): setTimeoutLocked now=243204 timeoutOverride=-1 nextState=3 when=249204
02-14 14:11:47.597 D/PowerManagerService(  207): setTimeoutLocked now=243290 timeoutOverride=-1 nextState=3 when=249290
02-14 14:11:48.357 D/PowerManagerService(  207): setTimeoutLocked now=244052 timeoutOverride=-1 nextState=3 when=250052
02-14 14:11:48.497 W/WindowManager(  207): updateFocusedWindowLocked newFocus=Window{409ad6f8 com.android.mms/com.android.mms.ui.ComposeMessageActivity paused=false} mode=3 mCurrentFocus = Window{409ad6f8 com.android.mms/com.android.mms.ui.ComposeMessageActivity paused=false}
02-14 14:11:48.958 D/StatusBarPolicy(  317): onSignalStrengthsChanged:SignalStrength: 99 0 -99 -90 -97 -40 5 99 2147483647 2147483647 2147483647 2147483647 cdma for subscription0
02-14 14:11:48.958 D/StatusBarPolicy(  317): updateSignalStrength on subscription :0
02-14 14:11:48.968 D/StatusBarPolicy(  317): StatusBarPolocy::getIconLevel -EVDO
02-14 14:11:48.968 D/StatusBarPolicy(  317): getEvdoLevel_band_six -evdoDbm:-97
02-14 14:11:48.968 D/StatusBarPolicy(  317): getEvdoLevel_band_six -evdoEcio:-40
02-14 14:11:50.900 I/TelephonyRegistry(  207): notifyServiceState: 0 home Sprint  310099  EvDo rev. A CSS not supported 41 4139RoamInd: 1RoamStatus(sprint): 1DefRoamInd: 160EmergOnly: false
02-14 14:11:50.910 D/StatusBarPolicy(  317): onServiceStateChanged:0 home Sprint  310099  EvDo rev. A CSS not supported 41 4139RoamInd: 1RoamStatus(sprint): 1DefRoamInd: 160EmergOnly: falsefor subscription :0
02-14 14:11:50.910 D/StatusBarPolicy(  317): updateSignalStrength on subscription :0
02-14 14:11:50.910 D/StatusBarPolicy(  317): StatusBarPolocy::getIconLevel -EVDO
02-14 14:11:50.910 D/StatusBarPolicy(  317): getEvdoLevel_band_six -evdoDbm:-97
02-14 14:11:50.910 D/StatusBarPolicy(  317): getEvdoLevel_band_six -evdoEcio:-40
02-14 14:11:50.910 D/StatusBarPolicy(  317): updateDataIcon subscription =0
02-14 14:11:51.190 D/StatusBarPolicy(  317): onSignalStrengthsChanged:SignalStrength: 99 0 -98 -70 -97 -40 5 99 2147483647 2147483647 2147483647 2147483647 cdma for subscription0
02-14 14:11:51.190 D/StatusBarPolicy(  317): updateSignalStrength on subscription :0
02-14 14:11:51.190 D/StatusBarPolicy(  317): StatusBarPolocy::getIconLevel -EVDO
02-14 14:11:51.190 D/StatusBarPolicy(  317): getEvdoLevel_band_six -evdoDbm:-97
02-14 14:11:51.190 D/StatusBarPolicy(  317): getEvdoLevel_band_six -evdoEcio:-40
02-14 14:11:53.422 D/StatusBarPolicy(  317): onSignalStrengthsChanged:SignalStrength: 99 0 -98 -70 -97 -50 5 99 2147483647 2147483647 2147483647 2147483647 cdma for subscription0
02-14 14:11:53.422 D/StatusBarPolicy(  317): updateSignalStrength on subscription :0
02-14 14:11:53.432 D/StatusBarPolicy(  317): StatusBarPolocy::getIconLevel -EVDO
02-14 14:11:53.432 D/StatusBarPolicy(  317): getEvdoLevel_band_six -evdoDbm:-97
02-14 14:11:53.432 D/StatusBarPolicy(  317): getEvdoLevel_band_six -evdoEcio:-50
02-14 14:11:53.582 D/ConnectivityService(  207): Dropping ConnectivityChange for WIFI: DISCONNECTED/SCANNING
02-14 14:11:54.353 D/PowerManagerService(  207): setTimeoutLocked now=250058 timeoutOverride=-1 nextState=1 when=252058
02-14 14:11:54.553 D/ConnectivityService(  207): Dropping ConnectivityChange for WIFI: DISCONNECTED/IDLE
02-14 14:11:55.664 D/StatusBarPolicy(  317): onSignalStrengthsChanged:SignalStrength: 99 0 -98 -80 -97 -50 5 99 2147483647 2147483647 2147483647 2147483647 cdma for subscription0
02-14 14:11:55.674 D/StatusBarPolicy(  317): updateSignalStrength on subscription :0
02-14 14:11:55.674 D/StatusBarPolicy(  317): StatusBarPolocy::getIconLevel -EVDO
02-14 14:11:55.674 D/StatusBarPolicy(  317): getEvdoLevel_band_six -evdoDbm:-97
02-14 14:11:55.684 D/StatusBarPolicy(  317): getEvdoLevel_band_six -evdoEcio:-50
02-14 14:11:56.365 D/PowerManagerService(  207): setTimeoutLocked now=252062 timeoutOverride=-1 nextState=0 when=259062
02-14 14:11:57.917 D/StatusBarPolicy(  317): onSignalStrengthsChanged:SignalStrength: 99 0 -97 -90 -97 -50 5 99 2147483647 2147483647 2147483647 2147483647 cdma for subscription0
02-14 14:11:57.927 D/StatusBarPolicy(  317): updateSignalStrength on subscription :0
02-14 14:11:57.927 D/StatusBarPolicy(  317): StatusBarPolocy::getIconLevel -EVDO
02-14 14:11:57.927 D/StatusBarPolicy(  317): getEvdoLevel_band_six -evdoDbm:-97
02-14 14:11:57.937 D/StatusBarPolicy(  317): getEvdoLevel_band_six -evdoEcio:-50
02-14 14:11:58.317 D/PowerManagerService(  207): setTimeoutLocked now=254008 timeoutOverride=-1 nextState=3 when=260008
02-14 14:11:58.607 D/PowerManagerService(  207): setTimeoutLocked now=254308 timeoutOverride=-1 nextState=3 when=260308
02-14 14:11:58.998 D/PowerManagerService(  207): setTimeoutLocked now=254698 timeoutOverride=-1 nextState=3 when=260698
02-14 14:11:59.498 D/PowerManagerService(  207): setTimeoutLocked now=255189 timeoutOverride=-1 nextState=3 when=261189
02-14 14:11:59.808 D/PowerManagerService(  207): setTimeoutLocked now=255501 timeoutOverride=-1 nextState=3 when=261501
02-14 14:11:59.859 D/PowerManagerService(  207): setTimeoutLocked now=255552 timeoutOverride=-1 nextState=3 when=261552
02-14 14:11:59.939 D/StatusBarPolicy(  317): onSignalStrengthsChanged:SignalStrength: 99 0 -97 -70 -97 -40 4 99 2147483647 2147483647 2147483647 2147483647 cdma for subscription0
02-14 14:11:59.939 D/StatusBarPolicy(  317): updateSignalStrength on subscription :0
02-14 14:11:59.939 D/StatusBarPolicy(  317): StatusBarPolocy::getIconLevel -EVDO
02-14 14:11:59.939 D/StatusBarPolicy(  317): getEvdoLevel_band_six -evdoDbm:-97
02-14 14:11:59.939 D/StatusBarPolicy(  317): getEvdoLevel_band_six -evdoEcio:-40
02-14 14:11:59.969 I/TelephonyRegistry(  207): notifyServiceState: 0 home Sprint  310099  EvDo rev. A CSS not supported 41 4139RoamInd: 1RoamStatus(sprint): 1DefRoamInd: 160EmergOnly: false
02-14 14:11:59.969 D/StatusBarPolicy(  317): onServiceStateChanged:0 home Sprint  310099  EvDo rev. A CSS not supported 41 4139RoamInd: 1RoamStatus(sprint): 1DefRoamInd: 160EmergOnly: falsefor subscription :0
02-14 14:11:59.969 D/StatusBarPolicy(  317): updateSignalStrength on subscription :0
02-14 14:11:59.969 D/StatusBarPolicy(  317): StatusBarPolocy::getIconLevel -EVDO
02-14 14:11:59.969 D/StatusBarPolicy(  317): getEvdoLevel_band_six -evdoDbm:-97
02-14 14:11:59.969 D/StatusBarPolicy(  317): getEvdoLevel_band_six -evdoEcio:-40
02-14 14:11:59.969 D/StatusBarPolicy(  317): updateDataIcon subscription =0
02-14 14:11:59.989 D/AlarmManager(  207): scheduleTimeTickEvent calendar=Tue Feb 14 14:13:00 CST 2012
02-14 14:11:59.989 D/AlarmManager(  207): calendar.getTimeInMillis()1329250380000
02-14 14:12:02.551 I/TelephonyRegistry(  207): notifyServiceState: 0 home Sprint  310099  EvDo rev. A CSS not supported 41 4139RoamInd: 1RoamStatus(sprint): 1DefRoamInd: 160EmergOnly: false
02-14 14:12:02.551 D/StatusBarPolicy(  317): onServiceStateChanged:0 home Sprint  310099  EvDo rev. A CSS not supported 41 4139RoamInd: 1RoamStatus(sprint): 1DefRoamInd: 160EmergOnly: falsefor subscription :0
02-14 14:12:02.551 D/StatusBarPolicy(  317): updateSignalStrength on subscription :0
02-14 14:12:02.551 D/StatusBarPolicy(  317): StatusBarPolocy::getIconLevel -EVDO
02-14 14:12:02.551 D/StatusBarPolicy(  317): getEvdoLevel_band_six -evdoDbm:-97
02-14 14:12:02.551 D/StatusBarPolicy(  317): getEvdoLevel_band_six -evdoEcio:-40
02-14 14:12:02.551 D/StatusBarPolicy(  317): updateDataIcon subscription =0
02-14 14:12:04.623 D/StatusBarPolicy(  317): onSignalStrengthsChanged:SignalStrength: 99 0 -96 -100 -97 -40 4 99 2147483647 2147483647 2147483647 2147483647 cdma for subscription0
02-14 14:12:04.633 D/StatusBarPolicy(  317): updateSignalStrength on subscription :0
02-14 14:12:04.633 D/StatusBarPolicy(  317): StatusBarPolocy::getIconLevel -EVDO
02-14 14:12:04.633 D/StatusBarPolicy(  317): getEvdoLevel_band_six -evdoDbm:-97
02-14 14:12:04.653 D/StatusBarPolicy(  317): getEvdoLevel_band_six -evdoEcio:-40
02-14 14:12:05.024 D/StatusBarPolicy(  317): onSignalStrengthsChanged:SignalStrength: 99 0 -96 -70 -97 -40 4 99 2147483647 2147483647 2147483647 2147483647 cdma for subscription0
02-14 14:12:05.024 D/StatusBarPolicy(  317): updateSignalStrength on subscription :0
02-14 14:12:05.024 D/StatusBarPolicy(  317): StatusBarPolocy::getIconLevel -EVDO
02-14 14:12:05.024 D/StatusBarPolicy(  317): getEvdoLevel_band_six -evdoDbm:-97
02-14 14:12:05.024 D/StatusBarPolicy(  317): getEvdoLevel_band_six -evdoEcio:-40
02-14 14:12:05.044 I/TelephonyRegistry(  207): notifyServiceState: 0 home Sprint  310099  EvDo rev. A CSS not supported 41 4139RoamInd: 1RoamStatus(sprint): 1DefRoamInd: 160EmergOnly: false
02-14 14:12:05.044 D/StatusBarPolicy(  317): onServiceStateChanged:0 home Sprint  310099  EvDo rev. A CSS not supported 41 4139RoamInd: 1RoamStatus(sprint): 1DefRoamInd: 160EmergOnly: falsefor subscription :0
02-14 14:12:05.044 D/StatusBarPolicy(  317): updateSignalStrength on subscription :0
02-14 14:12:05.044 D/StatusBarPolicy(  317): StatusBarPolocy::getIconLevel -EVDO
02-14 14:12:05.044 D/StatusBarPolicy(  317): getEvdoLevel_band_six -evdoDbm:-97
02-14 14:12:05.044 D/StatusBarPolicy(  317): getEvdoLevel_band_six -evdoEcio:-40
02-14 14:12:05.044 D/StatusBarPolicy(  317): updateDataIcon subscription =0
02-14 14:12:05.854 D/PowerManagerService(  207): setTimeoutLocked now=261553 timeoutOverride=-1 nextState=1 when=263553
02-14 14:12:07.866 D/PowerManagerService(  207): setTimeoutLocked now=263557 timeoutOverride=-1 nextState=0 when=270557
02-14 14:12:09.108 D/StatusBarPolicy(  317): onSignalStrengthsChanged:SignalStrength: 99 0 -96 -105 -97 -40 4 99 2147483647 2147483647 2147483647 2147483647 cdma for subscription0
02-14 14:12:09.108 D/StatusBarPolicy(  317): updateSignalStrength on subscription :0
02-14 14:12:09.108 D/StatusBarPolicy(  317): StatusBarPolocy::getIconLevel -EVDO
02-14 14:12:09.108 D/StatusBarPolicy(  317): getEvdoLevel_band_six -evdoDbm:-97
02-14 14:12:09.108 D/StatusBarPolicy(  317): getEvdoLevel_band_six -evdoEcio:-40
02-14 14:12:09.588 D/ConnectivityService(  207): Dropping ConnectivityChange for WIFI: DISCONNECTED/SCANNING
02-14 14:12:10.189 D/StatusBarPolicy(  317): onSignalStrengthsChanged:SignalStrength: 99 0 -96 -80 -94 -55 4 99 2147483647 2147483647 2147483647 2147483647 cdma for subscription0
02-14 14:12:10.199 D/StatusBarPolicy(  317): updateSignalStrength on subscription :0
02-14 14:12:10.199 D/StatusBarPolicy(  317): StatusBarPolocy::getIconLevel -EVDO
02-14 14:12:10.199 D/StatusBarPolicy(  317): getEvdoLevel_band_six -evdoDbm:-94
02-14 14:12:10.199 D/StatusBarPolicy(  317): getEvdoLevel_band_six -evdoEcio:-55
02-14 14:12:10.219 I/TelephonyRegistry(  207): notifyServiceState: 0 home Sprint  310099  EvDo rev. A CSS not supported 41 4139RoamInd: 1RoamStatus(sprint): 1DefRoamInd: 160EmergOnly: false
02-14 14:12:10.219 D/StatusBarPolicy(  317): onServiceStateChanged:0 home Sprint  310099  EvDo rev. A CSS not supported 41 4139RoamInd: 1RoamStatus(sprint): 1DefRoamInd: 160EmergOnly: falsefor subscription :0
02-14 14:12:10.219 D/StatusBarPolicy(  317): updateSignalStrength on subscription :0
02-14 14:12:10.219 D/StatusBarPolicy(  317): StatusBarPolocy::getIconLevel -EVDO
02-14 14:12:10.219 D/StatusBarPolicy(  317): getEvdoLevel_band_six -evdoDbm:-94
02-14 14:12:10.219 D/StatusBarPolicy(  317): getEvdoLevel_band_six -evdoEcio:-55
02-14 14:12:10.229 D/StatusBarPolicy(  317): updateDataIcon subscription =0
02-14 14:12:10.569 D/ConnectivityService(  207): Dropping ConnectivityChange for WIFI: DISCONNECTED/IDLE
02-14 14:12:13.762 D/WifiService(  207): ACTION_BATTERY_CHANGED pluggedType: 0
02-14 14:12:13.762 D/WifiService(  207): WifiHandler, MESSAGE_UPDATE_STATE
02-14 14:12:13.762 D/WifiService(  207): isAirplaneModeOn(): false
02-14 14:12:13.762 D/WifiService(  207): updateWifiState(), wifiEnabled: true, airplaneMode: false, wifiShouldBeEnabled: true, wifiShouldBeStarted: true, strongestLockMode: 1
02-14 14:12:13.762 D/WifiService(  207): WifiHandler, MESSAGE_ENABLE_WIFI, msg.arg1: 0, msg.arg2: 1000
02-14 14:12:13.772 D/WifiService(  207): WifiHandler, MESSAGE_START_WIFI, msg.arg1: 1
02-14 14:12:15.244 D/WifiService(  207): ACTION_SCREEN_OFF
02-14 14:12:15.254 D/WifiService(  207): setting ACTION_DEVICE_IDLE timer for 120,000 ms
02-14 14:12:19.077 D/PowerManagerService(  207): setTimeoutLocked now=274750 timeoutOverride=-1 nextState=3 when=280750
02-14 14:12:19.107 W/WindowManager(  207): updateFocusedWindowLocked newFocus=Window{409ad6f8 com.android.mms/com.android.mms.ui.ComposeMessageActivity paused=false} mode=2 mCurrentFocus = Window{409ad6f8 com.android.mms/com.android.mms.ui.ComposeMessageActivity paused=false}
02-14 14:12:19.107 W/WindowManager(  207): updateFocusedWindowLocked newFocus=Window{409ad6f8 com.android.mms/com.android.mms.ui.ComposeMessageActivity paused=false} mode=2 mCurrentFocus = Window{409ad6f8 com.android.mms/com.android.mms.ui.ComposeMessageActivity paused=false}
02-14 14:12:19.117 D/WifiService(  207): ACTION_SCREEN_ON
02-14 14:12:19.117 D/WifiService(  207): WifiHandler, MESSAGE_UPDATE_STATE
02-14 14:12:19.117 D/WifiService(  207): isAirplaneModeOn(): false
02-14 14:12:19.117 D/WifiService(  207): updateWifiState(), wifiEnabled: true, airplaneMode: false, wifiShouldBeEnabled: true, wifiShouldBeStarted: true, strongestLockMode: 1
02-14 14:12:19.117 D/WifiService(  207): WifiHandler, MESSAGE_ENABLE_WIFI, msg.arg1: 0, msg.arg2: 1000
02-14 14:12:19.117 D/WifiService(  207): WifiHandler, MESSAGE_START_WIFI, msg.arg1: 1
02-14 14:12:19.147 D/StatusBarPolicy(  317): onSignalStrengthsChanged:SignalStrength: 99 0 -93 -70 -93 -75 4 99 2147483647 2147483647 2147483647 2147483647 cdma for subscription0
02-14 14:12:19.147 D/StatusBarPolicy(  317): updateSignalStrength on subscription :0
02-14 14:12:19.147 D/StatusBarPolicy(  317): StatusBarPolocy::getIconLevel -EVDO
02-14 14:12:19.147 D/StatusBarPolicy(  317): getEvdoLevel_band_six -evdoDbm:-93
02-14 14:12:19.147 D/StatusBarPolicy(  317): getEvdoLevel_band_six -evdoEcio:-75
02-14 14:12:19.157 D/StatusBarPolicy(  317): updateDataIcon subscription =0
02-14 14:12:19.177 I/TelephonyRegistry(  207): notifyServiceState: 0 home Sprint  310099  EvDo rev. A CSS not supported 41 4139RoamInd: 1RoamStatus(sprint): 1DefRoamInd: 160EmergOnly: false
02-14 14:12:19.177 D/StatusBarPolicy(  317): onServiceStateChanged:0 home Sprint  310099  EvDo rev. A CSS not supported 41 4139RoamInd: 1RoamStatus(sprint): 1DefRoamInd: 160EmergOnly: falsefor subscription :0
02-14 14:12:19.177 D/StatusBarPolicy(  317): updateSignalStrength on subscription :0
02-14 14:12:19.177 D/StatusBarPolicy(  317): StatusBarPolocy::getIconLevel -EVDO
02-14 14:12:19.177 D/StatusBarPolicy(  317): getEvdoLevel_band_six -evdoDbm:-93
02-14 14:12:19.177 D/StatusBarPolicy(  317): getEvdoLevel_band_six -evdoEcio:-75
02-14 14:12:19.177 D/StatusBarPolicy(  317): updateDataIcon subscription =0
02-14 14:12:20.849 D/PowerManagerService(  207): setTimeoutLocked now=276549 timeoutOverride=-1 nextState=3 when=282549
02-14 14:12:21.179 D/PowerManagerService(  207): setTimeoutLocked now=276872 timeoutOverride=-1 nextState=3 when=282872
02-14 14:12:21.269 D/PowerManagerService(  207): setTimeoutLocked now=276960 timeoutOverride=-1 nextState=3 when=282960
02-14 14:12:22.551 D/StatusBarPolicy(  317): onSignalStrengthsChanged:SignalStrength: 99 0 -94 -95 -93 -60 4 99 2147483647 2147483647 2147483647 2147483647 cdma for subscription0
02-14 14:12:22.551 D/StatusBarPolicy(  317): updateSignalStrength on subscription :0
02-14 14:12:22.551 D/StatusBarPolicy(  317): StatusBarPolocy::getIconLevel -EVDO
02-14 14:12:22.551 D/StatusBarPolicy(  317): getEvdoLevel_band_six -evdoDbm:-93
02-14 14:12:22.551 D/StatusBarPolicy(  317): getEvdoLevel_band_six -evdoEcio:-60
02-14 14:12:24.793 D/StatusBarPolicy(  317): onSignalStrengthsChanged:SignalStrength: 99 0 -94 -95 -93 -35 4 99 2147483647 2147483647 2147483647 2147483647 cdma for subscription0
02-14 14:12:24.793 D/StatusBarPolicy(  317): updateSignalStrength on subscription :0
02-14 14:12:24.793 D/StatusBarPolicy(  317): StatusBarPolocy::getIconLevel -EVDO
02-14 14:12:24.793 D/StatusBarPolicy(  317): getEvdoLevel_band_six -evdoDbm:-93
02-14 14:12:24.793 D/StatusBarPolicy(  317): getEvdoLevel_band_six -evdoEcio:-35
02-14 14:12:25.574 D/ConnectivityService(  207): Dropping ConnectivityChange for WIFI: DISCONNECTED/SCANNING
02-14 14:12:26.565 D/ConnectivityService(  207): Dropping ConnectivityChange for WIFI: DISCONNECTED/IDLE
02-14 14:12:27.025 D/StatusBarPolicy(  317): onSignalStrengthsChanged:SignalStrength: 99 0 -95 -80 -94 -35 4 99 2147483647 2147483647 2147483647 2147483647 cdma for subscription0
02-14 14:12:27.025 D/StatusBarPolicy(  317): updateSignalStrength on subscription :0
02-14 14:12:27.035 D/StatusBarPolicy(  317): StatusBarPolocy::getIconLevel -EVDO
02-14 14:12:27.035 D/StatusBarPolicy(  317): getEvdoLevel_band_six -evdoDbm:-94
02-14 14:12:27.035 D/StatusBarPolicy(  317): getEvdoLevel_band_six -evdoEcio:-35
02-14 14:12:27.265 D/PowerManagerService(  207): setTimeoutLocked now=282961 timeoutOverride=-1 nextState=1 when=284961
02-14 14:12:29.277 D/StatusBarPolicy(  317): onSignalStrengthsChanged:SignalStrength: 99 0 -95 -70 -94 -35 4 99 2147483647 2147483647 2147483647 2147483647 cdma for subscription0
02-14 14:12:29.277 D/StatusBarPolicy(  317): updateSignalStrength on subscription :0
02-14 14:12:29.277 D/PowerManagerService(  207): setTimeoutLocked now=284973 timeoutOverride=-1 nextState=0 when=291973
02-14 14:12:29.307 D/StatusBarPolicy(  317): StatusBarPolocy::getIconLevel -EVDO
02-14 14:12:29.307 D/StatusBarPolicy(  317): getEvdoLevel_band_six -evdoDbm:-94
02-14 14:12:29.307 D/StatusBarPolicy(  317): getEvdoLevel_band_six -evdoEcio:-35
02-14 14:12:32.771 D/PowerManagerService(  207): setTimeoutLocked now=288443 timeoutOverride=-1 nextState=3 when=294443
02-14 14:12:32.891 I/ActivityManager(  207): Starting: Intent { act=android.intent.action.MAIN cat=[android.intent.category.HOME] flg=0x10200000 cmp=com.android.launcher/com.android.launcher2.Launcher } from pid 207
02-14 14:12:32.901 W/WindowManager(  207): updateFocusedWindowLocked newFocus=Window{409ad6f8 com.android.mms/com.android.mms.ui.ComposeMessageActivity paused=true} mode=3 mCurrentFocus = Window{409ad6f8 com.android.mms/com.android.mms.ui.ComposeMessageActivity paused=true}
02-14 14:12:32.911 W/WindowManager(  207): updateFocusedWindowLocked newFocus=null mode=0 mCurrentFocus = Window{409ad6f8 com.android.mms/com.android.mms.ui.ComposeMessageActivity paused=true}
02-14 14:12:32.941 W/WindowManager(  207): updateFocusedWindowLocked newFocus=null mode=3 mCurrentFocus = null
02-14 14:12:32.961 W/WindowManager(  207): updateFocusedWindowLocked newFocus=Window{40645950 com.android.launcher/com.android.launcher2.Launcher paused=false} mode=2 mCurrentFocus = null
02-14 14:12:32.961 W/WindowManager(  207): updateFocusedWindowLocked newFocus=Window{40645950 com.android.launcher/com.android.launcher2.Launcher paused=false} mode=2 mCurrentFocus = Window{40645950 com.android.launcher/com.android.launcher2.Launcher paused=false}
02-14 14:12:32.971 W/WindowManager(  207): updateFocusedWindowLocked newFocus=Window{40645950 com.android.launcher/com.android.launcher2.Launcher paused=false} mode=3 mCurrentFocus = Window{40645950 com.android.launcher/com.android.launcher2.Launcher paused=false}
02-14 14:12:33.001 I/ActivityManager(  207): No longer want com.google.android.apps.plus (pid 416): hidden #16
02-14 14:12:33.211 D/StatusBarPolicy(  317): onSignalStrengthsChanged:SignalStrength: 99 0 -96 -105 -94 -35 4 99 2147483647 2147483647 2147483647 2147483647 cdma for subscription0
02-14 14:12:33.211 D/StatusBarPolicy(  317): updateSignalStrength on subscription :0
02-14 14:12:33.221 D/StatusBarPolicy(  317): StatusBarPolocy::getIconLevel -EVDO
02-14 14:12:33.221 D/StatusBarPolicy(  317): getEvdoLevel_band_six -evdoDbm:-94
02-14 14:12:33.221 D/StatusBarPolicy(  317): getEvdoLevel_band_six -evdoEcio:-35
02-14 14:12:33.271 I/TelephonyRegistry(  207): notifyServiceState: 0 home Sprint  310099  EvDo rev. A CSS not supported 41 4139RoamInd: 1RoamStatus(sprint): 1DefRoamInd: 160EmergOnly: false
02-14 14:12:33.271 D/StatusBarPolicy(  317): onServiceStateChanged:0 home Sprint  310099  EvDo rev. A CSS not supported 41 4139RoamInd: 1RoamStatus(sprint): 1DefRoamInd: 160EmergOnly: falsefor subscription :0
02-14 14:12:33.271 D/StatusBarPolicy(  317): updateSignalStrength on subscription :0
02-14 14:12:33.271 D/StatusBarPolicy(  317): StatusBarPolocy::getIconLevel -EVDO
02-14 14:12:33.271 D/StatusBarPolicy(  317): getEvdoLevel_band_six -evdoDbm:-94
02-14 14:12:33.271 D/StatusBarPolicy(  317): getEvdoLevel_band_six -evdoEcio:-35
02-14 14:12:33.271 D/StatusBarPolicy(  317): updateDataIcon subscription =0
02-14 14:12:33.501 D/PowerManagerService(  207): setTimeoutLocked now=289197 timeoutOverride=-1 nextState=3 when=295197
02-14 14:12:33.611 W/WindowManager(  207): updateFocusedWindowLocked newFocus=Window{405651d0 AtchDlg:com.android.launcher/com.android.launcher2.Launcher paused=false} mode=1 mCurrentFocus = Window{40645950 com.android.launcher/com.android.launcher2.Launcher paused=false}
02-14 14:12:33.611 W/WindowManager(  207): updateFocusedWindowLocked newFocus=Window{405651d0 AtchDlg:com.android.launcher/com.android.launcher2.Launcher paused=false} mode=3 mCurrentFocus = Window{405651d0 AtchDlg:com.android.launcher/com.android.launcher2.Launcher paused=false}
02-14 14:12:34.652 D/PowerManagerService(  207): setTimeoutLocked now=290341 timeoutOverride=-1 nextState=3 when=296341
02-14 14:12:34.682 D/PowerManagerService(  207): setTimeoutLocked now=290388 timeoutOverride=-1 nextState=3 when=296388
02-14 14:12:34.682 I/ActivityManager(  207): Starting: Intent { act=android.settings.SETTINGS flg=0x10200000 cmp=com.android.settings/.Settings } from pid 419
02-14 14:12:34.702 W/WindowManager(  207): updateFocusedWindowLocked newFocus=Window{405651d0 AtchDlg:com.android.launcher/com.android.launcher2.Launcher paused=false} mode=3 mCurrentFocus = Window{405651d0 AtchDlg:com.android.launcher/com.android.launcher2.Launcher paused=false}
02-14 14:12:34.723 W/WindowManager(  207): updateFocusedWindowLocked newFocus=Window{405651d0 AtchDlg:com.android.launcher/com.android.launcher2.Launcher paused=false} mode=0 mCurrentFocus = Window{405651d0 AtchDlg:com.android.launcher/com.android.launcher2.Launcher paused=false}
02-14 14:12:34.733 W/WindowManager(  207): updateFocusedWindowLocked newFocus=Window{405651d0 AtchDlg:com.android.launcher/com.android.launcher2.Launcher paused=false} mode=3 mCurrentFocus = Window{405651d0 AtchDlg:com.android.launcher/com.android.launcher2.Launcher paused=false}
02-14 14:12:34.743 W/WindowManager(  207): updateFocusedWindowLocked newFocus=Window{405651d0 AtchDlg:com.android.launcher/com.android.launcher2.Launcher paused=false} mode=0 mCurrentFocus = Window{405651d0 AtchDlg:com.android.launcher/com.android.launcher2.Launcher paused=false}
02-14 14:12:34.743 W/WindowManager(  207): updateFocusedWindowLocked newFocus=Window{405651d0 AtchDlg:com.android.launcher/com.android.launcher2.Launcher paused=false} mode=3 mCurrentFocus = Window{405651d0 AtchDlg:com.android.launcher/com.android.launcher2.Launcher paused=false}
02-14 14:12:34.743 W/WindowManager(  207): updateFocusedWindowLocked newFocus=null mode=0 mCurrentFocus = Window{405651d0 AtchDlg:com.android.launcher/com.android.launcher2.Launcher paused=false}
02-14 14:12:34.753 W/WindowManager(  207): updateFocusedWindowLocked newFocus=null mode=3 mCurrentFocus = null
02-14 14:12:34.773 W/WindowManager(  207): updateFocusedWindowLocked newFocus=Window{4072b578 com.android.settings/com.android.settings.Settings paused=false} mode=2 mCurrentFocus = null
02-14 14:12:34.773 W/WindowManager(  207): updateFocusedWindowLocked newFocus=Window{4072b578 com.android.settings/com.android.settings.Settings paused=false} mode=2 mCurrentFocus = Window{4072b578 com.android.settings/com.android.settings.Settings paused=false}
02-14 14:12:34.793 W/WindowManager(  207): updateFocusedWindowLocked newFocus=Window{4072b578 com.android.settings/com.android.settings.Settings paused=false} mode=3 mCurrentFocus = Window{4072b578 com.android.settings/com.android.settings.Settings paused=false}
02-14 14:12:34.803 W/WindowManager(  207): updateFocusedWindowLocked newFocus=Window{4072b578 com.android.settings/com.android.settings.Settings paused=false} mode=3 mCurrentFocus = Window{4072b578 com.android.settings/com.android.settings.Settings paused=false}
02-14 14:12:35.103 I/TelephonyRegistry(  207): notifyServiceState: 0 home Sprint  310099  EvDo rev. A CSS not supported 41 4139RoamInd: 1RoamStatus(sprint): 1DefRoamInd: 160EmergOnly: false
02-14 14:12:35.113 D/StatusBarPolicy(  317): onServiceStateChanged:0 home Sprint  310099  EvDo rev. A CSS not supported 41 4139RoamInd: 1RoamStatus(sprint): 1DefRoamInd: 160EmergOnly: falsefor subscription :0
02-14 14:12:35.113 D/StatusBarPolicy(  317): updateSignalStrength on subscription :0
02-14 14:12:35.113 D/StatusBarPolicy(  317): StatusBarPolocy::getIconLevel -EVDO
02-14 14:12:35.113 D/StatusBarPolicy(  317): getEvdoLevel_band_six -evdoDbm:-94
02-14 14:12:35.113 D/StatusBarPolicy(  317): getEvdoLevel_band_six -evdoEcio:-35
02-14 14:12:35.113 D/StatusBarPolicy(  317): updateDataIcon subscription =0
02-14 14:12:35.854 D/PowerManagerService(  207): setTimeoutLocked now=291546 timeoutOverride=-1 nextState=3 when=297546
02-14 14:12:35.974 D/StatusBarPolicy(  317): onSignalStrengthsChanged:SignalStrength: 99 0 -96 -90 -94 -35 4 99 2147483647 2147483647 2147483647 2147483647 cdma for subscription0
02-14 14:12:35.974 D/StatusBarPolicy(  317): updateSignalStrength on subscription :0
02-14 14:12:35.974 D/StatusBarPolicy(  317): StatusBarPolocy::getIconLevel -EVDO
02-14 14:12:35.974 D/StatusBarPolicy(  317): getEvdoLevel_band_six -evdoDbm:-94
02-14 14:12:35.974 D/StatusBarPolicy(  317): getEvdoLevel_band_six -evdoEcio:-35
02-14 14:12:35.984 D/PowerManagerService(  207): setTimeoutLocked now=291684 timeoutOverride=-1 nextState=3 when=297684
02-14 14:12:36.004 I/ActivityManager(  207): Starting: Intent { act=android.intent.action.MAIN cmp=com.android.settings/.DisplaySettings } from pid 650
02-14 14:12:36.014 W/WindowManager(  207): updateFocusedWindowLocked newFocus=null mode=0 mCurrentFocus = Window{4072b578 com.android.settings/com.android.settings.Settings paused=true}
02-14 14:12:36.114 W/WindowManager(  207): updateFocusedWindowLocked newFocus=Window{40a90678 com.android.settings/com.android.settings.DisplaySettings paused=false} mode=3 mCurrentFocus = null
02-14 14:12:36.194 W/WindowManager(  207): updateFocusedWindowLocked newFocus=Window{40a90678 com.android.settings/com.android.settings.DisplaySettings paused=false} mode=2 mCurrentFocus = Window{40a90678 com.android.settings/com.android.settings.DisplaySettings paused=false}
02-14 14:12:36.194 W/WindowManager(  207): updateFocusedWindowLocked newFocus=Window{40a90678 com.android.settings/com.android.settings.DisplaySettings paused=false} mode=2 mCurrentFocus = Window{40a90678 com.android.settings/com.android.settings.DisplaySettings paused=false}
02-14 14:12:36.204 W/WindowManager(  207): updateFocusedWindowLocked newFocus=Window{40a90678 com.android.settings/com.android.settings.DisplaySettings paused=false} mode=3 mCurrentFocus = Window{40a90678 com.android.settings/com.android.settings.DisplaySettings paused=false}
02-14 14:12:36.795 D/PowerManagerService(  207): setTimeoutLocked now=292488 timeoutOverride=-1 nextState=3 when=298488
02-14 14:12:36.875 D/PowerManagerService(  207): setTimeoutLocked now=292576 timeoutOverride=-1 nextState=3 when=298576
02-14 14:12:37.075 W/WindowManager(  207): updateFocusedWindowLocked newFocus=Window{40b900f8 com.android.settings/com.android.settings.DisplaySettings paused=false} mode=1 mCurrentFocus = Window{40a90678 com.android.settings/com.android.settings.DisplaySettings paused=false}
02-14 14:12:37.085 W/WindowManager(  207): updateFocusedWindowLocked newFocus=Window{40b900f8 com.android.settings/com.android.settings.DisplaySettings paused=false} mode=3 mCurrentFocus = Window{40b900f8 com.android.settings/com.android.settings.DisplaySettings paused=false}
02-14 14:12:38.356 D/StatusBarPolicy(  317): onSignalStrengthsChanged:SignalStrength: 99 0 -96 -80 -94 -35 4 99 2147483647 2147483647 2147483647 2147483647 cdma for subscription0
02-14 14:12:38.356 D/StatusBarPolicy(  317): updateSignalStrength on subscription :0
02-14 14:12:38.356 D/StatusBarPolicy(  317): StatusBarPolocy::getIconLevel -EVDO
02-14 14:12:38.356 D/StatusBarPolicy(  317): getEvdoLevel_band_six -evdoDbm:-94
02-14 14:12:38.356 D/StatusBarPolicy(  317): getEvdoLevel_band_six -evdoEcio:-35
02-14 14:12:38.366 I/TelephonyRegistry(  207): notifyServiceState: 0 home Sprint  310099  EvDo rev. A CSS not supported 41 4139RoamInd: 1RoamStatus(sprint): 1DefRoamInd: 160EmergOnly: false
02-14 14:12:38.366 D/StatusBarPolicy(  317): onServiceStateChanged:0 home Sprint  310099  EvDo rev. A CSS not supported 41 4139RoamInd: 1RoamStatus(sprint): 1DefRoamInd: 160EmergOnly: falsefor subscription :0
02-14 14:12:38.366 D/StatusBarPolicy(  317): updateSignalStrength on subscription :0
02-14 14:12:38.366 D/StatusBarPolicy(  317): StatusBarPolocy::getIconLevel -EVDO
02-14 14:12:38.366 D/StatusBarPolicy(  317): getEvdoLevel_band_six -evdoDbm:-94
02-14 14:12:38.366 D/StatusBarPolicy(  317): getEvdoLevel_band_six -evdoEcio:-35
02-14 14:12:38.366 D/StatusBarPolicy(  317): updateDataIcon subscription =0
02-14 14:12:38.636 D/PowerManagerService(  207): setTimeoutLocked now=294327 timeoutOverride=-1 nextState=3 when=300327
02-14 14:12:38.776 D/PowerManagerService(  207): setTimeoutLocked now=294478 timeoutOverride=-1 nextState=3 when=300478
02-14 14:12:39.467 D/PowerManagerService(  207): setTimeoutLocked now=295166 timeoutOverride=-1 nextState=3 when=301166
02-14 14:12:39.938 D/PowerManagerService(  207): setTimeoutLocked now=295629 timeoutOverride=-1 nextState=3 when=301629
02-14 14:12:39.948 D/PowerManagerService(  207): setTimeoutLocked now=295641 timeoutOverride=-1 nextState=3 when=301641
02-14 14:12:40.318 D/PowerManagerService(  207): setTimeoutLocked now=296009 timeoutOverride=-1 nextState=3 when=302009
02-14 14:12:40.728 D/PowerManagerService(  207): setTimeoutLocked now=296368 timeoutOverride=-1 nextState=3 when=302368
02-14 14:12:40.748 D/PowerManagerService(  207): setTimeoutLocked now=296444 timeoutOverride=-1 nextState=3 when=302444
02-14 14:12:40.848 D/PowerManagerService(  207): setTimeoutLocked now=296544 timeoutOverride=-1 nextState=3 when=302544
02-14 14:12:40.979 I/TelephonyRegistry(  207): notifyServiceState: 0 home Sprint  310099  EvDo rev. A CSS not supported 41 4139RoamInd: 1RoamStatus(sprint): 1DefRoamInd: 160EmergOnly: false
02-14 14:12:41.009 D/StatusBarPolicy(  317): onServiceStateChanged:0 home Sprint  310099  EvDo rev. A CSS not supported 41 4139RoamInd: 1RoamStatus(sprint): 1DefRoamInd: 160EmergOnly: falsefor subscription :0
02-14 14:12:41.009 D/StatusBarPolicy(  317): updateSignalStrength on subscription :0
02-14 14:12:41.009 D/StatusBarPolicy(  317): StatusBarPolocy::getIconLevel -EVDO
02-14 14:12:41.009 D/StatusBarPolicy(  317): getEvdoLevel_band_six -evdoDbm:-94
02-14 14:12:41.009 D/StatusBarPolicy(  317): getEvdoLevel_band_six -evdoEcio:-35
02-14 14:12:41.019 D/StatusBarPolicy(  317): updateDataIcon subscription =0
02-14 14:12:41.559 D/PowerManagerService(  207): setTimeoutLocked now=297257 timeoutOverride=-1 nextState=3 when=303257
02-14 14:12:41.589 D/ConnectivityService(  207): Dropping ConnectivityChange for WIFI: DISCONNECTED/SCANNING
02-14 14:12:41.980 D/PowerManagerService(  207): setTimeoutLocked now=297675 timeoutOverride=-1 nextState=3 when=303675
02-14 14:12:42.240 D/PowerManagerService(  207): setTimeoutLocked now=297931 timeoutOverride=-1 nextState=3 when=303931
02-14 14:12:42.570 D/ConnectivityService(  207): Dropping ConnectivityChange for WIFI: DISCONNECTED/IDLE
02-14 14:12:42.720 D/StatusBarPolicy(  317): onSignalStrengthsChanged:SignalStrength: 99 0 -94 -70 -94 -35 4 99 2147483647 2147483647 2147483647 2147483647 cdma for subscription0
02-14 14:12:42.720 D/StatusBarPolicy(  317): updateSignalStrength on subscription :0
02-14 14:12:42.720 D/StatusBarPolicy(  317): StatusBarPolocy::getIconLevel -EVDO
02-14 14:12:42.720 D/StatusBarPolicy(  317): getEvdoLevel_band_six -evdoDbm:-94
02-14 14:12:42.730 D/StatusBarPolicy(  317): getEvdoLevel_band_six -evdoEcio:-35
02-14 14:12:43.761 D/WifiService(  207): ACTION_BATTERY_CHANGED pluggedType: 0
02-14 14:12:43.761 D/WifiService(  207): WifiHandler, MESSAGE_UPDATE_STATE
02-14 14:12:43.761 D/WifiService(  207): isAirplaneModeOn(): false
02-14 14:12:43.761 D/WifiService(  207): updateWifiState(), wifiEnabled: true, airplaneMode: false, wifiShouldBeEnabled: true, wifiShouldBeStarted: true, strongestLockMode: 1
02-14 14:12:43.771 D/WifiService(  207): WifiHandler, MESSAGE_ENABLE_WIFI, msg.arg1: 0, msg.arg2: 1000
02-14 14:12:43.771 D/WifiService(  207): WifiHandler, MESSAGE_START_WIFI, msg.arg1: 1
02-14 14:12:44.922 D/StatusBarPolicy(  317): onSignalStrengthsChanged:SignalStrength: 99 0 -95 -85 -94 -35 4 99 2147483647 2147483647 2147483647 2147483647 cdma for subscription0
02-14 14:12:44.922 D/StatusBarPolicy(  317): updateSignalStrength on subscription :0
02-14 14:12:44.932 D/StatusBarPolicy(  317): StatusBarPolocy::getIconLevel -EVDO
02-14 14:12:44.932 D/StatusBarPolicy(  317): getEvdoLevel_band_six -evdoDbm:-94
02-14 14:12:44.932 D/StatusBarPolicy(  317): getEvdoLevel_band_six -evdoEcio:-35
02-14 14:12:45.643 D/PowerManagerService(  207): setTimeoutLocked now=301342 timeoutOverride=-1 nextState=3 when=307342
02-14 14:12:45.763 D/PowerManagerService(  207): setTimeoutLocked now=301454 timeoutOverride=-1 nextState=3 when=307454
02-14 14:12:45.763 W/WindowManager(  207): updateFocusedWindowLocked newFocus=Window{40a90678 com.android.settings/com.android.settings.DisplaySettings paused=false} mode=3 mCurrentFocus = Window{40b900f8 com.android.settings/com.android.settings.DisplaySettings paused=false}
02-14 14:12:47.205 D/StatusBarPolicy(  317): onSignalStrengthsChanged:SignalStrength: 99 0 -95 -85 -95 -50 4 99 2147483647 2147483647 2147483647 2147483647 cdma for subscription0
02-14 14:12:47.205 D/StatusBarPolicy(  317): updateSignalStrength on subscription :0
02-14 14:12:47.215 D/StatusBarPolicy(  317): StatusBarPolocy::getIconLevel -EVDO
02-14 14:12:47.215 D/StatusBarPolicy(  317): getEvdoLevel_band_six -evdoDbm:-95
02-14 14:12:47.215 D/StatusBarPolicy(  317): getEvdoLevel_band_six -evdoEcio:-50
02-14 14:12:49.437 D/StatusBarPolicy(  317): onSignalStrengthsChanged:SignalStrength: 99 0 -96 -70 -95 -50 4 99 2147483647 2147483647 2147483647 2147483647 cdma for subscription0
02-14 14:12:49.437 D/StatusBarPolicy(  317): updateSignalStrength on subscription :0
02-14 14:12:49.437 D/StatusBarPolicy(  317): StatusBarPolocy::getIconLevel -EVDO
02-14 14:12:49.447 D/StatusBarPolicy(  317): getEvdoLevel_band_six -evdoDbm:-95
02-14 14:12:49.447 D/StatusBarPolicy(  317): getEvdoLevel_band_six -evdoEcio:-50
02-14 14:12:50.098 W/InputManagerService(  207): Window already focused, ignoring focus gain of: com.android.internal.view.IInputMethodClient$Stub$Proxy@406295c0
02-14 14:12:51.629 D/PowerManagerService(  207): setTimeoutLocked now=307327 timeoutOverride=-1 nextState=3 when=313327
02-14 14:12:51.649 W/WindowManager(  207): updateFocusedWindowLocked newFocus=Window{40854058 TrackingView paused=false} mode=3 mCurrentFocus = Window{40a90678 com.android.settings/com.android.settings.DisplaySettings paused=false}
02-14 14:12:51.679 W/WindowManager(  207): updateFocusedWindowLocked newFocus=Window{405952c0 StatusBarExpanded paused=false} mode=3 mCurrentFocus = Window{40854058 TrackingView paused=false}
02-14 14:12:51.709 D/StatusBarPolicy(  317): onSignalStrengthsChanged:SignalStrength: 99 0 -96 -70 -95 -65 4 99 2147483647 2147483647 2147483647 2147483647 cdma for subscription0
02-14 14:12:51.709 D/StatusBarPolicy(  317): updateSignalStrength on subscription :0
02-14 14:12:51.709 D/StatusBarPolicy(  317): StatusBarPolocy::getIconLevel -EVDO
02-14 14:12:51.709 D/StatusBarPolicy(  317): getEvdoLevel_band_six -evdoDbm:-95
02-14 14:12:51.709 D/StatusBarPolicy(  317): getEvdoLevel_band_six -evdoEcio:-65
02-14 14:12:51.819 D/PowerManagerService(  207): setTimeoutLocked now=307515 timeoutOverride=-1 nextState=3 when=313515
02-14 14:12:52.430 D/PowerManagerService(  207): setTimeoutLocked now=308125 timeoutOverride=-1 nextState=3 when=314125
02-14 14:12:52.530 D/PowerManagerService(  207): setTimeoutLocked now=308222 timeoutOverride=-1 nextState=3 when=314222
02-14 14:12:52.550 I/ActivityManager(  207): Starting: Intent { dat=content://mms-sms/conversations/1 flg=0x34000000 cmp=com.android.mms/.ui.ComposeMessageActivity bnds=[0,159][320,223] } from pid -1
02-14 14:12:52.560 W/WindowManager(  207): updateFocusedWindowLocked newFocus=Window{405952c0 StatusBarExpanded paused=false} mode=3 mCurrentFocus = Window{405952c0 StatusBarExpanded paused=false}
02-14 14:12:52.570 W/WindowManager(  207): updateFocusedWindowLocked newFocus=Window{405952c0 StatusBarExpanded paused=false} mode=0 mCurrentFocus = Window{405952c0 StatusBarExpanded paused=false}
02-14 14:12:52.620 W/InputManagerService(  207): Starting input on non-focused client com.android.internal.view.IInputMethodClient$Stub$Proxy@408ea278 (uid=10030 pid=1070)
02-14 14:12:52.680 W/WindowManager(  207): updateFocusedWindowLocked newFocus=Window{405952c0 StatusBarExpanded paused=false} mode=3 mCurrentFocus = Window{405952c0 StatusBarExpanded paused=false}
02-14 14:12:52.780 W/WindowManager(  207): updateFocusedWindowLocked newFocus=Window{405952c0 StatusBarExpanded paused=false} mode=3 mCurrentFocus = Window{405952c0 StatusBarExpanded paused=false}
02-14 14:12:52.780 W/WindowManager(  207): updateFocusedWindowLocked newFocus=null mode=3 mCurrentFocus = Window{405952c0 StatusBarExpanded paused=false}
02-14 14:12:52.900 W/WindowManager(  207): updateFocusedWindowLocked newFocus=Window{409ad6f8 com.android.mms/com.android.mms.ui.ComposeMessageActivity paused=false} mode=2 mCurrentFocus = null
02-14 14:12:52.910 W/WindowManager(  207): updateFocusedWindowLocked newFocus=Window{409ad6f8 com.android.mms/com.android.mms.ui.ComposeMessageActivity paused=false} mode=2 mCurrentFocus = Window{409ad6f8 com.android.mms/com.android.mms.ui.ComposeMessageActivity paused=false}
02-14 14:12:52.910 W/WindowManager(  207): updateFocusedWindowLocked newFocus=Window{409ad6f8 com.android.mms/com.android.mms.ui.ComposeMessageActivity paused=false} mode=3 mCurrentFocus = Window{409ad6f8 com.android.mms/com.android.mms.ui.ComposeMessageActivity paused=false}
02-14 14:12:53.801 D/PowerManagerService(  207): setTimeoutLocked now=309497 timeoutOverride=-1 nextState=3 when=315497
02-14 14:12:53.891 D/StatusBarPolicy(  317): onSignalStrengthsChanged:SignalStrength: 99 0 -96 -110 -95 -65 4 99 2147483647 2147483647 2147483647 2147483647 cdma for subscription0
02-14 14:12:53.891 D/StatusBarPolicy(  317): updateSignalStrength on subscription :0
02-14 14:12:53.901 D/StatusBarPolicy(  317): StatusBarPolocy::getIconLevel -EVDO
02-14 14:12:53.901 D/StatusBarPolicy(  317): getEvdoLevel_band_six -evdoDbm:-95
02-14 14:12:53.901 D/StatusBarPolicy(  317): getEvdoLevel_band_six -evdoEcio:-65
02-14 14:12:53.951 D/PowerManagerService(  207): setTimeoutLocked now=309645 timeoutOverride=-1 nextState=3 when=315645
02-14 14:12:53.981 W/WindowManager(  207): updateFocusedWindowLocked newFocus=Window{409ad6f8 com.android.mms/com.android.mms.ui.ComposeMessageActivity paused=false} mode=3 mCurrentFocus = Window{409ad6f8 com.android.mms/com.android.mms.ui.ComposeMessageActivity paused=false}
02-14 14:12:54.031 W/WindowManager(  207): updateFocusedWindowLocked newFocus=Window{409ad6f8 com.android.mms/com.android.mms.ui.ComposeMessageActivity paused=false} mode=3 mCurrentFocus = Window{409ad6f8 com.android.mms/com.android.mms.ui.ComposeMessageActivity paused=false}
02-14 14:12:55.383 D/PowerManagerService(  207): setTimeoutLocked now=311072 timeoutOverride=-1 nextState=3 when=317072
02-14 14:12:55.403 W/WindowManager(  207): updateFocusedWindowLocked newFocus=Window{409ad6f8 com.android.mms/com.android.mms.ui.ComposeMessageActivity paused=false} mode=3 mCurrentFocus = Window{409ad6f8 com.android.mms/com.android.mms.ui.ComposeMessageActivity paused=false}
02-14 14:12:55.513 D/PowerManagerService(  207): setTimeoutLocked now=311210 timeoutOverride=-1 nextState=3 when=317210
02-14 14:12:55.523 W/WindowManager(  207): updateFocusedWindowLocked newFocus=Window{409ad6f8 com.android.mms/com.android.mms.ui.ComposeMessageActivity paused=false} mode=3 mCurrentFocus = Window{409ad6f8 com.android.mms/com.android.mms.ui.ComposeMessageActivity paused=false}
02-14 14:12:55.543 W/WindowManager(  207): updateFocusedWindowLocked newFocus=Window{409ad6f8 com.android.mms/com.android.mms.ui.ComposeMessageActivity paused=false} mode=3 mCurrentFocus = Window{409ad6f8 com.android.mms/com.android.mms.ui.ComposeMessageActivity paused=false}
02-14 14:12:55.663 W/WindowManager(  207): updateFocusedWindowLocked newFocus=Window{409ad6f8 com.android.mms/com.android.mms.ui.ComposeMessageActivity paused=false} mode=3 mCurrentFocus = Window{409ad6f8 com.android.mms/com.android.mms.ui.ComposeMessageActivity paused=false}
02-14 14:12:55.763 W/WindowManager(  207): updateFocusedWindowLocked newFocus=Window{409ad6f8 com.android.mms/com.android.mms.ui.ComposeMessageActivity paused=false} mode=3 mCurrentFocus = Window{409ad6f8 com.android.mms/com.android.mms.ui.ComposeMessageActivity paused=false}
02-14 14:12:56.113 D/PowerManagerService(  207): setTimeoutLocked now=311813 timeoutOverride=-1 nextState=3 when=317813
02-14 14:12:56.123 D/StatusBarPolicy(  317): onSignalStrengthsChanged:SignalStrength: 99 0 -96 -110 -96 -65 4 99 2147483647 2147483647 2147483647 2147483647 cdma for subscription0
02-14 14:12:56.123 D/StatusBarPolicy(  317): updateSignalStrength on subscription :0
02-14 14:12:56.123 D/StatusBarPolicy(  317): StatusBarPolocy::getIconLevel -EVDO
02-14 14:12:56.123 D/StatusBarPolicy(  317): getEvdoLevel_band_six -evdoDbm:-96
02-14 14:12:56.123 D/StatusBarPolicy(  317): getEvdoLevel_band_six -evdoEcio:-65
02-14 14:12:56.143 W/WindowManager(  207): updateFocusedWindowLocked newFocus=Window{409ad6f8 com.android.mms/com.android.mms.ui.ComposeMessageActivity paused=false} mode=3 mCurrentFocus = Window{409ad6f8 com.android.mms/com.android.mms.ui.ComposeMessageActivity paused=false}
02-14 14:12:56.213 D/PowerManagerService(  207): setTimeoutLocked now=311913 timeoutOverride=-1 nextState=3 when=317913
02-14 14:12:56.234 W/WindowManager(  207): updateFocusedWindowLocked newFocus=Window{409ad6f8 com.android.mms/com.android.mms.ui.ComposeMessageActivity paused=false} mode=3 mCurrentFocus = Window{409ad6f8 com.android.mms/com.android.mms.ui.ComposeMessageActivity paused=false}
02-14 14:12:56.574 W/WindowManager(  207): updateFocusedWindowLocked newFocus=Window{409ad6f8 com.android.mms/com.android.mms.ui.ComposeMessageActivity paused=false} mode=3 mCurrentFocus = Window{409ad6f8 com.android.mms/com.android.mms.ui.ComposeMessageActivity paused=false}
02-14 14:12:56.614 D/PowerManagerService(  207): setTimeoutLocked now=312315 timeoutOverride=-1 nextState=3 when=318315
02-14 14:12:56.664 W/WindowManager(  207): updateFocusedWindowLocked newFocus=Window{409ad6f8 com.android.mms/com.android.mms.ui.ComposeMessageActivity paused=false} mode=3 mCurrentFocus = Window{409ad6f8 com.android.mms/com.android.mms.ui.ComposeMessageActivity paused=false}
02-14 14:12:56.964 W/WindowManager(  207): updateFocusedWindowLocked newFocus=Window{409ad6f8 com.android.mms/com.android.mms.ui.ComposeMessageActivity paused=false} mode=3 mCurrentFocus = Window{409ad6f8 com.android.mms/com.android.mms.ui.ComposeMessageActivity paused=false}
02-14 14:12:57.124 D/PowerManagerService(  207): setTimeoutLocked now=312829 timeoutOverride=-1 nextState=3 when=318829
02-14 14:12:57.285 D/PowerManagerService(  207): setTimeoutLocked now=312980 timeoutOverride=-1 nextState=3 when=318980
02-14 14:12:57.405 W/WindowManager(  207): updateFocusedWindowLocked newFocus=Window{409ad6f8 com.android.mms/com.android.mms.ui.ComposeMessageActivity paused=false} mode=3 mCurrentFocus = Window{409ad6f8 com.android.mms/com.android.mms.ui.ComposeMessageActivity paused=false}
02-14 14:12:57.435 W/WindowManager(  207): updateFocusedWindowLocked newFocus=Window{409ad6f8 com.android.mms/com.android.mms.ui.ComposeMessageActivity paused=false} mode=3 mCurrentFocus = Window{409ad6f8 com.android.mms/com.android.mms.ui.ComposeMessageActivity paused=false}
02-14 14:12:57.565 D/ConnectivityService(  207): Dropping ConnectivityChange for WIFI: DISCONNECTED/SCANNING
02-14 14:12:57.635 D/PowerManagerService(  207): setTimeoutLocked now=313332 timeoutOverride=-1 nextState=3 when=319332
02-14 14:12:57.675 W/WindowManager(  207): updateFocusedWindowLocked newFocus=Window{409ad6f8 com.android.mms/com.android.mms.ui.ComposeMessageActivity paused=false} mode=3 mCurrentFocus = Window{409ad6f8 com.android.mms/com.android.mms.ui.ComposeMessageActivity paused=false}
02-14 14:12:58.025 D/PowerManagerService(  207): setTimeoutLocked now=313724 timeoutOverride=-1 nextState=3 when=319724
02-14 14:12:58.035 W/WindowManager(  207): updateFocusedWindowLocked newFocus=Window{409ad6f8 com.android.mms/com.android.mms.ui.ComposeMessageActivity paused=false} mode=3 mCurrentFocus = Window{409ad6f8 com.android.mms/com.android.mms.ui.ComposeMessageActivity paused=false}
02-14 14:12:58.135 D/PowerManagerService(  207): setTimeoutLocked now=313834 timeoutOverride=-1 nextState=3 when=319834
02-14 14:12:58.155 W/WindowManager(  207): updateFocusedWindowLocked newFocus=Window{409ad6f8 com.android.mms/com.android.mms.ui.ComposeMessageActivity paused=false} mode=3 mCurrentFocus = Window{409ad6f8 com.android.mms/com.android.mms.ui.ComposeMessageActivity paused=false}
02-14 14:12:58.516 D/ConnectivityService(  207): Dropping ConnectivityChange for WIFI: DISCONNECTED/IDLE
02-14 14:12:58.526 W/WindowManager(  207): updateFocusedWindowLocked newFocus=Window{409ad6f8 com.android.mms/com.android.mms.ui.ComposeMessageActivity paused=false} mode=3 mCurrentFocus = Window{409ad6f8 com.android.mms/com.android.mms.ui.ComposeMessageActivity paused=false}
02-14 14:12:58.566 D/PowerManagerService(  207): setTimeoutLocked now=314260 timeoutOverride=-1 nextState=3 when=320260
02-14 14:12:58.596 W/WindowManager(  207): updateFocusedWindowLocked newFocus=Window{409ad6f8 com.android.mms/com.android.mms.ui.ComposeMessageActivity paused=false} mode=3 mCurrentFocus = Window{409ad6f8 com.android.mms/com.android.mms.ui.ComposeMessageActivity paused=false}
02-14 14:12:58.786 W/WindowManager(  207): updateFocusedWindowLocked newFocus=Window{409ad6f8 com.android.mms/com.android.mms.ui.ComposeMessageActivity paused=false} mode=3 mCurrentFocus = Window{409ad6f8 com.android.mms/com.android.mms.ui.ComposeMessageActivity paused=false}
02-14 14:12:58.906 D/PowerManagerService(  207): setTimeoutLocked now=314600 timeoutOverride=-1 nextState=3 when=320600
02-14 14:12:58.916 W/WindowManager(  207): updateFocusedWindowLocked newFocus=Window{409ad6f8 com.android.mms/com.android.mms.ui.ComposeMessageActivity paused=false} mode=3 mCurrentFocus = Window{409ad6f8 com.android.mms/com.android.mms.ui.ComposeMessageActivity paused=false}
