02-14 14:13:26.163 W/WindowManager(  207): updateFocusedWindowLocked newFocus=Window{409ad6f8 com.android.mms/com.android.mms.ui.ComposeMessageActivity paused=false} mode=3 mCurrentFocus = Window{409ad6f8 com.android.mms/com.android.mms.ui.ComposeMessageActivity paused=false}
02-14 14:13:28.145 I/TelephonyRegistry(  207): notifyServiceState: 0 home Sprint  310099  EvDo rev. A CSS not supported 41 4139RoamInd: 1RoamStatus(sprint): 1DefRoamInd: 160EmergOnly: false
02-14 14:13:28.145 D/StatusBarPolicy(  317): onServiceStateChanged:0 home Sprint  310099  EvDo rev. A CSS not supported 41 4139RoamInd: 1RoamStatus(sprint): 1DefRoamInd: 160EmergOnly: falsefor subscription :0
02-14 14:13:28.145 D/StatusBarPolicy(  317): updateSignalStrength on subscription :0
02-14 14:13:28.145 D/StatusBarPolicy(  317): StatusBarPolocy::getIconLevel -EVDO
02-14 14:13:28.145 D/StatusBarPolicy(  317): getEvdoLevel_band_six -evdoDbm:-103
02-14 14:13:28.145 D/StatusBarPolicy(  317): getEvdoLevel_band_six -evdoEcio:-50
02-14 14:13:28.155 D/StatusBarPolicy(  317): updateDataIcon subscription =0
02-14 14:13:29.516 D/ConnectivityService(  207): Dropping ConnectivityChange for WIFI: DISCONNECTED/SCANNING
02-14 14:13:29.756 D/StatusBarPolicy(  317): onSignalStrengthsChanged:SignalStrength: 99 0 -97 -95 -103 -50 2 99 2147483647 2147483647 2147483647 2147483647 cdma for subscription0
02-14 14:13:29.756 D/StatusBarPolicy(  317): updateSignalStrength on subscription :0
02-14 14:13:29.776 D/StatusBarPolicy(  317): StatusBarPolocy::getIconLevel -EVDO
02-14 14:13:29.776 D/StatusBarPolicy(  317): getEvdoLevel_band_six -evdoDbm:-103
02-14 14:13:29.776 D/StatusBarPolicy(  317): getEvdoLevel_band_six -evdoEcio:-50
02-14 14:13:30.487 D/ConnectivityService(  207): Dropping ConnectivityChange for WIFI: DISCONNECTED/IDLE
02-14 14:13:32.008 D/StatusBarPolicy(  317): onSignalStrengthsChanged:SignalStrength: 99 0 -94 -70 -99 -25 3 99 2147483647 2147483647 2147483647 2147483647 cdma for subscription0
02-14 14:13:32.008 D/StatusBarPolicy(  317): updateSignalStrength on subscription :0
02-14 14:13:32.018 D/StatusBarPolicy(  317): StatusBarPolocy::getIconLevel -EVDO
02-14 14:13:32.018 D/StatusBarPolicy(  317): getEvdoLevel_band_six -evdoDbm:-99
02-14 14:13:32.018 D/StatusBarPolicy(  317): getEvdoLevel_band_six -evdoEcio:-25
02-14 14:13:32.068 D/PowerManagerService(  207): setTimeoutLocked now=347765 timeoutOverride=-1 nextState=1 when=349765
02-14 14:13:34.080 D/PowerManagerService(  207): setTimeoutLocked now=349770 timeoutOverride=-1 nextState=0 when=356770
02-14 14:13:34.711 D/StatusBarPolicy(  317): onSignalStrengthsChanged:SignalStrength: 99 0 -96 -80 -94 -25 3 99 2147483647 2147483647 2147483647 2147483647 cdma for subscription0
02-14 14:13:34.711 D/StatusBarPolicy(  317): updateSignalStrength on subscription :0
02-14 14:13:34.721 D/StatusBarPolicy(  317): StatusBarPolocy::getIconLevel -EVDO
02-14 14:13:34.721 D/StatusBarPolicy(  317): getEvdoLevel_band_six -evdoDbm:-94
02-14 14:13:34.721 D/StatusBarPolicy(  317): getEvdoLevel_band_six -evdoEcio:-25
02-14 14:13:34.741 I/TelephonyRegistry(  207): notifyServiceState: 0 home Sprint  310099  EvDo rev. A CSS not supported 41 4139RoamInd: 1RoamStatus(sprint): 1DefRoamInd: 160EmergOnly: false
02-14 14:13:34.761 D/StatusBarPolicy(  317): onServiceStateChanged:0 home Sprint  310099  EvDo rev. A CSS not supported 41 4139RoamInd: 1RoamStatus(sprint): 1DefRoamInd: 160EmergOnly: falsefor subscription :0
02-14 14:13:34.761 D/StatusBarPolicy(  317): updateSignalStrength on subscription :0
02-14 14:13:34.761 D/StatusBarPolicy(  317): StatusBarPolocy::getIconLevel -EVDO
02-14 14:13:34.761 D/StatusBarPolicy(  317): getEvdoLevel_band_six -evdoDbm:-94
02-14 14:13:34.761 D/StatusBarPolicy(  317): getEvdoLevel_band_six -evdoEcio:-25
02-14 14:13:34.761 D/StatusBarPolicy(  317): updateDataIcon subscription =0
02-14 14:13:36.483 D/StatusBarPolicy(  317): onSignalStrengthsChanged:SignalStrength: 99 0 -95 -90 -94 -60 2 99 2147483647 2147483647 2147483647 2147483647 cdma for subscription0
02-14 14:13:36.483 D/StatusBarPolicy(  317): updateSignalStrength on subscription :0
02-14 14:13:36.493 D/StatusBarPolicy(  317): StatusBarPolocy::getIconLevel -EVDO
02-14 14:13:36.493 D/StatusBarPolicy(  317): getEvdoLevel_band_six -evdoDbm:-94
02-14 14:13:36.493 D/StatusBarPolicy(  317): getEvdoLevel_band_six -evdoEcio:-60
02-14 14:13:38.665 D/PowerManagerService(  207): setTimeoutLocked now=354344 timeoutOverride=-1 nextState=3 when=360344
02-14 14:13:38.695 D/StatusBarPolicy(  317): onSignalStrengthsChanged:SignalStrength: 99 0 -94 -75 -94 -60 2 99 2147483647 2147483647 2147483647 2147483647 cdma for subscription0
02-14 14:13:38.695 D/StatusBarPolicy(  317): updateSignalStrength on subscription :0
02-14 14:13:38.705 D/StatusBarPolicy(  317): StatusBarPolocy::getIconLevel -EVDO
02-14 14:13:38.705 D/StatusBarPolicy(  317): getEvdoLevel_band_six -evdoDbm:-94
02-14 14:13:38.705 D/StatusBarPolicy(  317): getEvdoLevel_band_six -evdoEcio:-60
02-14 14:13:38.785 I/ActivityManager(  207): Starting: Intent { act=android.intent.action.MAIN cat=[android.intent.category.HOME] flg=0x10200000 cmp=com.android.launcher/com.android.launcher2.Launcher } from pid 207
02-14 14:13:38.825 W/WindowManager(  207): updateFocusedWindowLocked newFocus=Window{409ad6f8 com.android.mms/com.android.mms.ui.ComposeMessageActivity paused=true} mode=3 mCurrentFocus = Window{409ad6f8 com.android.mms/com.android.mms.ui.ComposeMessageActivity paused=true}
02-14 14:13:38.845 W/WindowManager(  207): updateFocusedWindowLocked newFocus=null mode=0 mCurrentFocus = Window{409ad6f8 com.android.mms/com.android.mms.ui.ComposeMessageActivity paused=true}
02-14 14:13:38.865 W/WindowManager(  207): updateFocusedWindowLocked newFocus=null mode=3 mCurrentFocus = null
02-14 14:13:38.925 W/WindowManager(  207): updateFocusedWindowLocked newFocus=Window{40645950 com.android.launcher/com.android.launcher2.Launcher paused=false} mode=2 mCurrentFocus = null
02-14 14:13:38.925 W/WindowManager(  207): updateFocusedWindowLocked newFocus=Window{40645950 com.android.launcher/com.android.launcher2.Launcher paused=false} mode=2 mCurrentFocus = Window{40645950 com.android.launcher/com.android.launcher2.Launcher paused=false}
02-14 14:13:38.995 W/WindowManager(  207): updateFocusedWindowLocked newFocus=Window{40645950 com.android.launcher/com.android.launcher2.Launcher paused=false} mode=3 mCurrentFocus = Window{40645950 com.android.launcher/com.android.launcher2.Launcher paused=false}
02-14 14:13:39.366 D/PowerManagerService(  207): setTimeoutLocked now=355063 timeoutOverride=-1 nextState=3 when=361063
02-14 14:13:39.446 W/WindowManager(  207): updateFocusedWindowLocked newFocus=Window{4098ee18 AtchDlg:com.android.launcher/com.android.launcher2.Launcher paused=false} mode=1 mCurrentFocus = Window{40645950 com.android.launcher/com.android.launcher2.Launcher paused=false}
02-14 14:13:39.456 W/WindowManager(  207): updateFocusedWindowLocked newFocus=Window{4098ee18 AtchDlg:com.android.launcher/com.android.launcher2.Launcher paused=false} mode=3 mCurrentFocus = Window{4098ee18 AtchDlg:com.android.launcher/com.android.launcher2.Launcher paused=false}
02-14 14:13:39.816 I/TelephonyRegistry(  207): notifyServiceState: 0 home Sprint  310099  EvDo rev. A CSS not supported 41 4139RoamInd: 1RoamStatus(sprint): 1DefRoamInd: 160EmergOnly: false
02-14 14:13:39.816 D/StatusBarPolicy(  317): onServiceStateChanged:0 home Sprint  310099  EvDo rev. A CSS not supported 41 4139RoamInd: 1RoamStatus(sprint): 1DefRoamInd: 160EmergOnly: falsefor subscription :0
02-14 14:13:39.816 D/StatusBarPolicy(  317): updateSignalStrength on subscription :0
02-14 14:13:39.826 D/StatusBarPolicy(  317): StatusBarPolocy::getIconLevel -EVDO
02-14 14:13:39.826 D/StatusBarPolicy(  317): getEvdoLevel_band_six -evdoDbm:-94
02-14 14:13:39.826 D/StatusBarPolicy(  317): getEvdoLevel_band_six -evdoEcio:-60
02-14 14:13:39.826 D/StatusBarPolicy(  317): updateDataIcon subscription =0
02-14 14:13:40.036 D/PowerManagerService(  207): setTimeoutLocked now=355734 timeoutOverride=-1 nextState=3 when=361734
02-14 14:13:40.166 D/PowerManagerService(  207): setTimeoutLocked now=355860 timeoutOverride=-1 nextState=3 when=361860
02-14 14:13:40.176 I/ActivityManager(  207): Starting: Intent { act=android.settings.SETTINGS flg=0x10200000 cmp=com.android.settings/.Settings } from pid 419
02-14 14:13:40.186 W/WindowManager(  207): updateFocusedWindowLocked newFocus=Window{4098ee18 AtchDlg:com.android.launcher/com.android.launcher2.Launcher paused=false} mode=3 mCurrentFocus = Window{4098ee18 AtchDlg:com.android.launcher/com.android.launcher2.Launcher paused=false}
02-14 14:13:40.196 W/WindowManager(  207): updateFocusedWindowLocked newFocus=Window{4098ee18 AtchDlg:com.android.launcher/com.android.launcher2.Launcher paused=false} mode=0 mCurrentFocus = Window{4098ee18 AtchDlg:com.android.launcher/com.android.launcher2.Launcher paused=false}
02-14 14:13:40.196 W/WindowManager(  207): updateFocusedWindowLocked newFocus=Window{4098ee18 AtchDlg:com.android.launcher/com.android.launcher2.Launcher paused=false} mode=3 mCurrentFocus = Window{4098ee18 AtchDlg:com.android.launcher/com.android.launcher2.Launcher paused=false}
02-14 14:13:40.206 W/WindowManager(  207): updateFocusedWindowLocked newFocus=null mode=3 mCurrentFocus = Window{4098ee18 AtchDlg:com.android.launcher/com.android.launcher2.Launcher paused=false}
02-14 14:13:40.216 W/WindowManager(  207): updateFocusedWindowLocked newFocus=null mode=0 mCurrentFocus = null
02-14 14:13:40.236 W/WindowManager(  207): updateFocusedWindowLocked newFocus=Window{4072b578 com.android.settings/com.android.settings.Settings paused=false} mode=2 mCurrentFocus = null
02-14 14:13:40.236 W/WindowManager(  207): updateFocusedWindowLocked newFocus=Window{4072b578 com.android.settings/com.android.settings.Settings paused=false} mode=2 mCurrentFocus = Window{4072b578 com.android.settings/com.android.settings.Settings paused=false}
02-14 14:13:40.266 W/WindowManager(  207): updateFocusedWindowLocked newFocus=Window{4072b578 com.android.settings/com.android.settings.Settings paused=false} mode=3 mCurrentFocus = Window{4072b578 com.android.settings/com.android.settings.Settings paused=false}
02-14 14:13:40.266 W/WindowManager(  207): updateFocusedWindowLocked newFocus=Window{4072b578 com.android.settings/com.android.settings.Settings paused=false} mode=3 mCurrentFocus = Window{4072b578 com.android.settings/com.android.settings.Settings paused=false}
02-14 14:13:40.887 D/PowerManagerService(  207): setTimeoutLocked now=356584 timeoutOverride=-1 nextState=3 when=362584
02-14 14:13:41.017 D/PowerManagerService(  207): setTimeoutLocked now=356710 timeoutOverride=-1 nextState=3 when=362710
02-14 14:13:41.027 I/ActivityManager(  207): Starting: Intent { act=android.intent.action.MAIN cmp=com.android.settings/.DisplaySettings } from pid 650
02-14 14:13:41.037 W/WindowManager(  207): updateFocusedWindowLocked newFocus=null mode=0 mCurrentFocus = Window{4072b578 com.android.settings/com.android.settings.Settings paused=true}
02-14 14:13:41.057 W/WindowManager(  207): updateFocusedWindowLocked newFocus=Window{409b25c8 com.android.settings/com.android.settings.DisplaySettings paused=false} mode=3 mCurrentFocus = null
02-14 14:13:41.117 W/WindowManager(  207): updateFocusedWindowLocked newFocus=Window{409b25c8 com.android.settings/com.android.settings.DisplaySettings paused=false} mode=2 mCurrentFocus = Window{409b25c8 com.android.settings/com.android.settings.DisplaySettings paused=false}
02-14 14:13:41.117 W/WindowManager(  207): updateFocusedWindowLocked newFocus=Window{409b25c8 com.android.settings/com.android.settings.DisplaySettings paused=false} mode=2 mCurrentFocus = Window{409b25c8 com.android.settings/com.android.settings.DisplaySettings paused=false}
02-14 14:13:41.117 W/WindowManager(  207): updateFocusedWindowLocked newFocus=Window{409b25c8 com.android.settings/com.android.settings.DisplaySettings paused=false} mode=3 mCurrentFocus = Window{409b25c8 com.android.settings/com.android.settings.DisplaySettings paused=false}
02-14 14:13:43.199 D/StatusBarPolicy(  317): onSignalStrengthsChanged:SignalStrength: 99 0 -94 -75 -94 -45 3 99 2147483647 2147483647 2147483647 2147483647 cdma for subscription0
02-14 14:13:43.199 D/StatusBarPolicy(  317): updateSignalStrength on subscription :0
02-14 14:13:43.209 D/StatusBarPolicy(  317): StatusBarPolocy::getIconLevel -EVDO
02-14 14:13:43.209 D/StatusBarPolicy(  317): getEvdoLevel_band_six -evdoDbm:-94
02-14 14:13:43.209 D/StatusBarPolicy(  317): getEvdoLevel_band_six -evdoEcio:-45
02-14 14:13:43.369 D/PowerManagerService(  207): setTimeoutLocked now=359066 timeoutOverride=-1 nextState=3 when=365066
02-14 14:13:43.510 D/PowerManagerService(  207): setTimeoutLocked now=359204 timeoutOverride=-1 nextState=3 when=365204
02-14 14:13:43.530 W/WindowManager(  207): updateFocusedWindowLocked newFocus=Window{409b56e8 com.android.settings/com.android.settings.DisplaySettings paused=false} mode=1 mCurrentFocus = Window{409b25c8 com.android.settings/com.android.settings.DisplaySettings paused=false}
02-14 14:13:43.550 W/WindowManager(  207): updateFocusedWindowLocked newFocus=Window{409b56e8 com.android.settings/com.android.settings.DisplaySettings paused=false} mode=3 mCurrentFocus = Window{409b56e8 com.android.settings/com.android.settings.DisplaySettings paused=false}
02-14 14:13:43.740 D/WifiService(  207): ACTION_BATTERY_CHANGED pluggedType: 0
02-14 14:13:43.750 D/WifiService(  207): WifiHandler, MESSAGE_UPDATE_STATE
02-14 14:13:43.750 D/WifiService(  207): isAirplaneModeOn(): false
02-14 14:13:43.750 D/WifiService(  207): updateWifiState(), wifiEnabled: true, airplaneMode: false, wifiShouldBeEnabled: true, wifiShouldBeStarted: true, strongestLockMode: 1
02-14 14:13:43.750 D/WifiService(  207): WifiHandler, MESSAGE_ENABLE_WIFI, msg.arg1: 0, msg.arg2: 1000
02-14 14:13:43.750 D/WifiService(  207): WifiHandler, MESSAGE_START_WIFI, msg.arg1: 1
02-14 14:13:44.861 D/PowerManagerService(  207): setTimeoutLocked now=360555 timeoutOverride=-1 nextState=3 when=366555
02-14 14:13:45.171 D/PowerManagerService(  207): setTimeoutLocked now=360869 timeoutOverride=-1 nextState=3 when=366869
02-14 14:13:45.211 D/PowerManagerService(  207): setTimeoutLocked now=360907 timeoutOverride=-1 nextState=3 when=366907
02-14 14:13:45.432 D/PowerManagerService(  207): setTimeoutLocked now=361121 timeoutOverride=-1 nextState=3 when=367121
02-14 14:13:45.502 D/ConnectivityService(  207): Dropping ConnectivityChange for WIFI: DISCONNECTED/SCANNING
02-14 14:13:45.622 W/WindowManager(  207): updateFocusedWindowLocked newFocus=Window{409b25c8 com.android.settings/com.android.settings.DisplaySettings paused=false} mode=3 mCurrentFocus = Window{409b56e8 com.android.settings/com.android.settings.DisplaySettings paused=false}
02-14 14:13:45.682 W/InputManagerService(  207): Window already focused, ignoring focus gain of: com.android.internal.view.IInputMethodClient$Stub$Proxy@406ecad8
02-14 14:13:46.473 D/ConnectivityService(  207): Dropping ConnectivityChange for WIFI: DISCONNECTED/IDLE
02-14 14:13:47.674 D/StatusBarPolicy(  317): onSignalStrengthsChanged:SignalStrength: 99 0 -94 -75 -95 -75 2 99 2147483647 2147483647 2147483647 2147483647 cdma for subscription0
02-14 14:13:47.674 D/StatusBarPolicy(  317): updateSignalStrength on subscription :0
02-14 14:13:47.674 D/StatusBarPolicy(  317): StatusBarPolocy::getIconLevel -EVDO
02-14 14:13:47.674 D/StatusBarPolicy(  317): getEvdoLevel_band_six -evdoDbm:-95
02-14 14:13:47.684 D/StatusBarPolicy(  317): getEvdoLevel_band_six -evdoEcio:-75
02-14 14:13:51.427 D/PowerManagerService(  207): setTimeoutLocked now=367124 timeoutOverride=-1 nextState=1 when=474124
02-14 14:13:51.537 D/PowerManagerService(  207): setTimeoutLocked now=367234 timeoutOverride=-1 nextState=3 when=373234
02-14 14:13:51.838 D/PowerManagerService(  207): setTimeoutLocked now=367535 timeoutOverride=-1 nextState=3 when=373535
02-14 14:13:52.138 D/StatusBarPolicy(  317): onSignalStrengthsChanged:SignalStrength: 99 0 -94 -75 -95 -35 3 99 2147483647 2147483647 2147483647 2147483647 cdma for subscription0
02-14 14:13:52.138 D/StatusBarPolicy(  317): updateSignalStrength on subscription :0
02-14 14:13:52.138 D/StatusBarPolicy(  317): StatusBarPolocy::getIconLevel -EVDO
02-14 14:13:52.138 D/StatusBarPolicy(  317): getEvdoLevel_band_six -evdoDbm:-95
02-14 14:13:52.138 D/StatusBarPolicy(  317): getEvdoLevel_band_six -evdoEcio:-35
02-14 14:13:52.288 D/PowerManagerService(  207): setTimeoutLocked now=367987 timeoutOverride=-1 nextState=3 when=373987
02-14 14:13:52.588 D/PowerManagerService(  207): setTimeoutLocked now=368279 timeoutOverride=-1 nextState=3 when=374279
02-14 14:13:52.899 D/PowerManagerService(  207): setTimeoutLocked now=368590 timeoutOverride=-1 nextState=3 when=374590
02-14 14:13:53.059 D/PowerManagerService(  207): setTimeoutLocked now=368753 timeoutOverride=-1 nextState=3 when=374753
02-14 14:13:53.519 D/PowerManagerService(  207): setTimeoutLocked now=369205 timeoutOverride=-1 nextState=3 when=375205
02-14 14:13:53.640 W/WindowManager(  207): updateFocusedWindowLocked newFocus=Window{409b25c8 com.android.settings/com.android.settings.DisplaySettings paused=true} mode=0 mCurrentFocus = Window{409b25c8 com.android.settings/com.android.settings.DisplaySettings paused=true}
02-14 14:13:53.650 W/WindowManager(  207): updateFocusedWindowLocked newFocus=Window{4072b578 com.android.settings/com.android.settings.Settings paused=false} mode=3 mCurrentFocus = Window{409b25c8 com.android.settings/com.android.settings.DisplaySettings paused=false}
02-14 14:13:53.670 W/WindowManager(  207): updateFocusedWindowLocked newFocus=Window{4072b578 com.android.settings/com.android.settings.Settings paused=false} mode=2 mCurrentFocus = Window{4072b578 com.android.settings/com.android.settings.Settings paused=false}
02-14 14:13:53.670 W/WindowManager(  207): updateFocusedWindowLocked newFocus=Window{4072b578 com.android.settings/com.android.settings.Settings paused=false} mode=2 mCurrentFocus = Window{4072b578 com.android.settings/com.android.settings.Settings paused=false}
02-14 14:13:53.680 W/WindowManager(  207): updateFocusedWindowLocked newFocus=Window{4072b578 com.android.settings/com.android.settings.Settings paused=false} mode=3 mCurrentFocus = Window{4072b578 com.android.settings/com.android.settings.Settings paused=false}
02-14 14:13:53.690 W/WindowManager(  207): updateFocusedWindowLocked newFocus=Window{4072b578 com.android.settings/com.android.settings.Settings paused=false} mode=3 mCurrentFocus = Window{4072b578 com.android.settings/com.android.settings.Settings paused=false}
02-14 14:13:53.700 W/WindowManager(  207): updateFocusedWindowLocked newFocus=Window{4072b578 com.android.settings/com.android.settings.Settings paused=false} mode=3 mCurrentFocus = Window{4072b578 com.android.settings/com.android.settings.Settings paused=false}
02-14 14:13:54.911 D/PowerManagerService(  207): setTimeoutLocked now=370602 timeoutOverride=-1 nextState=3 when=376602
02-14 14:13:55.231 D/PowerManagerService(  207): setTimeoutLocked now=370927 timeoutOverride=-1 nextState=3 when=376927
02-14 14:13:55.371 D/PowerManagerService(  207): setTimeoutLocked now=371065 timeoutOverride=-1 nextState=3 when=377065
02-14 14:13:56.242 D/PowerManagerService(  207): setTimeoutLocked now=371923 timeoutOverride=-1 nextState=3 when=377923
02-14 14:13:56.332 I/ActivityManager(  207): Starting: Intent { act=android.intent.action.MAIN cat=[android.intent.category.HOME] flg=0x10200000 cmp=com.android.launcher/com.android.launcher2.Launcher } from pid 207
02-14 14:13:56.342 W/WindowManager(  207): updateFocusedWindowLocked newFocus=null mode=0 mCurrentFocus = Window{4072b578 com.android.settings/com.android.settings.Settings paused=true}
02-14 14:13:56.372 W/WindowManager(  207): updateFocusedWindowLocked newFocus=null mode=3 mCurrentFocus = null
02-14 14:13:56.392 W/WindowManager(  207): updateFocusedWindowLocked newFocus=Window{40645950 com.android.launcher/com.android.launcher2.Launcher paused=false} mode=2 mCurrentFocus = null
02-14 14:13:56.402 W/WindowManager(  207): updateFocusedWindowLocked newFocus=Window{40645950 com.android.launcher/com.android.launcher2.Launcher paused=false} mode=2 mCurrentFocus = Window{40645950 com.android.launcher/com.android.launcher2.Launcher paused=false}
02-14 14:13:56.402 W/WindowManager(  207): updateFocusedWindowLocked newFocus=Window{40645950 com.android.launcher/com.android.launcher2.Launcher paused=false} mode=3 mCurrentFocus = Window{40645950 com.android.launcher/com.android.launcher2.Launcher paused=false}
02-14 14:13:56.632 D/StatusBarPolicy(  317): onSignalStrengthsChanged:SignalStrength: 99 0 -93 -100 -95 -35 3 99 2147483647 2147483647 2147483647 2147483647 cdma for subscription0
02-14 14:13:56.632 D/StatusBarPolicy(  317): updateSignalStrength on subscription :0
02-14 14:13:56.632 D/StatusBarPolicy(  317): StatusBarPolocy::getIconLevel -EVDO
02-14 14:13:56.632 D/StatusBarPolicy(  317): getEvdoLevel_band_six -evdoDbm:-95
02-14 14:13:56.632 D/StatusBarPolicy(  317): getEvdoLevel_band_six -evdoEcio:-35
02-14 14:13:57.353 D/PowerManagerService(  207): setTimeoutLocked now=373050 timeoutOverride=-1 nextState=3 when=379050
02-14 14:13:57.473 D/PowerManagerService(  207): setTimeoutLocked now=373172 timeoutOverride=-1 nextState=3 when=379172
02-14 14:13:57.473 I/ActivityManager(  207): Starting: Intent { act=android.intent.action.MAIN cat=[android.intent.category.LAUNCHER] flg=0x10200000 cmp=com.android.mms/.ui.ConversationList bnds=[163,337][237,416] } from pid 419
02-14 14:13:57.493 W/WindowManager(  207): updateFocusedWindowLocked newFocus=null mode=0 mCurrentFocus = Window{40645950 com.android.launcher/com.android.launcher2.Launcher paused=true}
02-14 14:13:57.493 W/WindowManager(  207): updateFocusedWindowLocked newFocus=null mode=3 mCurrentFocus = null
02-14 14:13:57.513 W/InputManagerService(  207): Starting input on non-focused client com.android.internal.view.IInputMethodClient$Stub$Proxy@408ea278 (uid=10030 pid=1070)
02-14 14:13:57.523 W/WindowManager(  207): updateFocusedWindowLocked newFocus=null mode=3 mCurrentFocus = null
02-14 14:13:57.633 W/WindowManager(  207): updateFocusedWindowLocked newFocus=Window{409ad6f8 com.android.mms/com.android.mms.ui.ComposeMessageActivity paused=false} mode=2 mCurrentFocus = null
02-14 14:13:57.633 W/WindowManager(  207): updateFocusedWindowLocked newFocus=Window{409ad6f8 com.android.mms/com.android.mms.ui.ComposeMessageActivity paused=false} mode=2 mCurrentFocus = Window{409ad6f8 com.android.mms/com.android.mms.ui.ComposeMessageActivity paused=false}
02-14 14:13:57.804 W/WindowManager(  207): updateFocusedWindowLocked newFocus=Window{409ad6f8 com.android.mms/com.android.mms.ui.ComposeMessageActivity paused=false} mode=3 mCurrentFocus = Window{409ad6f8 com.android.mms/com.android.mms.ui.ComposeMessageActivity paused=false}
02-14 14:13:58.094 D/PowerManagerService(  207): setTimeoutLocked now=373781 timeoutOverride=-1 nextState=3 when=379781
02-14 14:13:58.104 W/WindowManager(  207): updateFocusedWindowLocked newFocus=Window{409ad6f8 com.android.mms/com.android.mms.ui.ComposeMessageActivity paused=true} mode=0 mCurrentFocus = Window{409ad6f8 com.android.mms/com.android.mms.ui.ComposeMessageActivity paused=true}
02-14 14:13:58.134 W/WindowManager(  207): updateFocusedWindowLocked newFocus=Window{40645950 com.android.launcher/com.android.launcher2.Launcher paused=false} mode=3 mCurrentFocus = Window{409ad6f8 com.android.mms/com.android.mms.ui.ComposeMessageActivity paused=false}
02-14 14:13:58.174 W/WindowManager(  207): updateFocusedWindowLocked newFocus=Window{40645950 com.android.launcher/com.android.launcher2.Launcher paused=false} mode=2 mCurrentFocus = Window{40645950 com.android.launcher/com.android.launcher2.Launcher paused=false}
02-14 14:13:58.174 W/WindowManager(  207): updateFocusedWindowLocked newFocus=Window{40645950 com.android.launcher/com.android.launcher2.Launcher paused=false} mode=2 mCurrentFocus = Window{40645950 com.android.launcher/com.android.launcher2.Launcher paused=false}
02-14 14:13:58.184 W/WindowManager(  207): updateFocusedWindowLocked newFocus=Window{40645950 com.android.launcher/com.android.launcher2.Launcher paused=false} mode=3 mCurrentFocus = Window{40645950 com.android.launcher/com.android.launcher2.Launcher paused=false}
02-14 14:13:58.554 W/WindowManager(  207): updateFocusedWindowLocked newFocus=Window{40645950 com.android.launcher/com.android.launcher2.Launcher paused=false} mode=3 mCurrentFocus = Window{40645950 com.android.launcher/com.android.launcher2.Launcher paused=false}
02-14 14:13:58.564 W/WindowManager(  207): updateFocusedWindowLocked newFocus=Window{40645950 com.android.launcher/com.android.launcher2.Launcher paused=false} mode=0 mCurrentFocus = Window{40645950 com.android.launcher/com.android.launcher2.Launcher paused=false}
02-14 14:13:58.865 D/StatusBarPolicy(  317): onSignalStrengthsChanged:SignalStrength: 99 0 -92 -75 -95 -35 3 99 2147483647 2147483647 2147483647 2147483647 cdma for subscription0
02-14 14:13:58.865 D/StatusBarPolicy(  317): updateSignalStrength on subscription :0
02-14 14:13:58.865 D/StatusBarPolicy(  317): StatusBarPolocy::getIconLevel -EVDO
02-14 14:13:58.865 D/StatusBarPolicy(  317): getEvdoLevel_band_six -evdoDbm:-95
02-14 14:13:58.865 D/StatusBarPolicy(  317): getEvdoLevel_band_six -evdoEcio:-35
02-14 14:13:59.005 D/PowerManagerService(  207): setTimeoutLocked now=374702 timeoutOverride=-1 nextState=3 when=380702
02-14 14:13:59.125 D/PowerManagerService(  207): setTimeoutLocked now=374823 timeoutOverride=-1 nextState=3 when=380823
02-14 14:13:59.515 D/PowerManagerService(  207): setTimeoutLocked now=375214 timeoutOverride=-1 nextState=3 when=381214
02-14 14:13:59.645 D/PowerManagerService(  207): setTimeoutLocked now=375339 timeoutOverride=-1 nextState=3 when=381339
02-14 14:13:59.645 I/ActivityManager(  207): Starting: Intent { act=android.intent.action.MAIN cat=[android.intent.category.LAUNCHER] flg=0x10200000 cmp=com.android.mms/.ui.ConversationList bnds=[163,337][237,416] } from pid 419
02-14 14:13:59.645 W/WindowManager(  207): updateFocusedWindowLocked newFocus=Window{40645950 com.android.launcher/com.android.launcher2.Launcher paused=false} mode=3 mCurrentFocus = Window{40645950 com.android.launcher/com.android.launcher2.Launcher paused=false}
02-14 14:13:59.665 W/WindowManager(  207): updateFocusedWindowLocked newFocus=null mode=0 mCurrentFocus = Window{40645950 com.android.launcher/com.android.launcher2.Launcher paused=true}
02-14 14:13:59.675 W/WindowManager(  207): updateFocusedWindowLocked newFocus=null mode=2 mCurrentFocus = null
02-14 14:13:59.685 W/WindowManager(  207): updateFocusedWindowLocked newFocus=null mode=2 mCurrentFocus = null
02-14 14:13:59.725 W/WindowManager(  207): updateFocusedWindowLocked newFocus=null mode=3 mCurrentFocus = null
02-14 14:13:59.775 W/WindowManager(  207): updateFocusedWindowLocked newFocus=Window{40ba3410 com.android.mms/com.android.mms.ui.ConversationList paused=false} mode=3 mCurrentFocus = null
02-14 14:13:59.986 W/WindowManager(  207): updateFocusedWindowLocked newFocus=Window{40ba3410 com.android.mms/com.android.mms.ui.ConversationList paused=false} mode=3 mCurrentFocus = Window{40ba3410 com.android.mms/com.android.mms.ui.ConversationList paused=false}
02-14 14:13:59.986 D/AlarmManager(  207): scheduleTimeTickEvent calendar=Tue Feb 14 14:15:00 CST 2012
02-14 14:13:59.986 D/AlarmManager(  207): calendar.getTimeInMillis()1329250500000
02-14 14:14:01.107 D/PowerManagerService(  207): setTimeoutLocked now=376801 timeoutOverride=-1 nextState=3 when=382801
02-14 14:14:01.297 W/WindowManager(  207): updateFocusedWindowLocked newFocus=Window{409b51b8 AtchDlg:com.android.mms/com.android.mms.ui.ConversationList paused=false} mode=1 mCurrentFocus = Window{40ba3410 com.android.mms/com.android.mms.ui.ConversationList paused=false}
02-14 14:14:01.307 W/WindowManager(  207): updateFocusedWindowLocked newFocus=Window{409b51b8 AtchDlg:com.android.mms/com.android.mms.ui.ConversationList paused=false} mode=3 mCurrentFocus = Window{409b51b8 AtchDlg:com.android.mms/com.android.mms.ui.ConversationList paused=false}
02-14 14:14:01.477 D/ConnectivityService(  207): Dropping ConnectivityChange for WIFI: DISCONNECTED/SCANNING
02-14 14:14:02.198 D/PowerManagerService(  207): setTimeoutLocked now=377893 timeoutOverride=-1 nextState=3 when=383893
02-14 14:14:02.238 D/PowerManagerService(  207): setTimeoutLocked now=377939 timeoutOverride=-1 nextState=3 when=383939
02-14 14:14:02.248 I/ActivityManager(  207): Starting: Intent { cmp=com.android.mms/.ui.MessagingPreferenceActivity } from pid 1070
02-14 14:14:02.258 W/WindowManager(  207): updateFocusedWindowLocked newFocus=null mode=0 mCurrentFocus = Window{409b51b8 AtchDlg:com.android.mms/com.android.mms.ui.ConversationList paused=false}
02-14 14:14:02.268 W/WindowManager(  207): updateFocusedWindowLocked newFocus=null mode=3 mCurrentFocus = null
02-14 14:14:02.328 W/WindowManager(  207): updateFocusedWindowLocked newFocus=Window{4094dce0 com.android.mms/com.android.mms.ui.MessagingPreferenceActivity paused=false} mode=3 mCurrentFocus = null
02-14 14:14:02.408 W/WindowManager(  207): updateFocusedWindowLocked newFocus=Window{4094dce0 com.android.mms/com.android.mms.ui.MessagingPreferenceActivity paused=false} mode=2 mCurrentFocus = Window{4094dce0 com.android.mms/com.android.mms.ui.MessagingPreferenceActivity paused=false}
02-14 14:14:02.408 W/WindowManager(  207): updateFocusedWindowLocked newFocus=Window{4094dce0 com.android.mms/com.android.mms.ui.MessagingPreferenceActivity paused=false} mode=2 mCurrentFocus = Window{4094dce0 com.android.mms/com.android.mms.ui.MessagingPreferenceActivity paused=false}
02-14 14:14:02.408 W/WindowManager(  207): updateFocusedWindowLocked newFocus=Window{4094dce0 com.android.mms/com.android.mms.ui.MessagingPreferenceActivity paused=false} mode=3 mCurrentFocus = Window{4094dce0 com.android.mms/com.android.mms.ui.MessagingPreferenceActivity paused=false}
02-14 14:14:02.428 D/ConnectivityService(  207): Dropping ConnectivityChange for WIFI: DISCONNECTED/IDLE
02-14 14:14:06.562 D/PowerManagerService(  207): setTimeoutLocked now=382254 timeoutOverride=-1 nextState=3 when=388254
02-14 14:14:06.882 D/PowerManagerService(  207): setTimeoutLocked now=382579 timeoutOverride=-1 nextState=3 when=388579
02-14 14:14:06.993 D/PowerManagerService(  207): setTimeoutLocked now=382690 timeoutOverride=-1 nextState=3 when=388690
02-14 14:14:07.443 D/PowerManagerService(  207): setTimeoutLocked now=383143 timeoutOverride=-1 nextState=3 when=389143
02-14 14:14:07.553 D/PowerManagerService(  207): setTimeoutLocked now=383256 timeoutOverride=-1 nextState=3 when=389256
02-14 14:14:07.813 D/StatusBarPolicy(  317): onSignalStrengthsChanged:SignalStrength: 99 0 -92 -75 -95 -70 2 99 2147483647 2147483647 2147483647 2147483647 cdma for subscription0
02-14 14:14:07.813 D/StatusBarPolicy(  317): updateSignalStrength on subscription :0
02-14 14:14:07.813 D/StatusBarPolicy(  317): StatusBarPolocy::getIconLevel -EVDO
02-14 14:14:07.813 D/StatusBarPolicy(  317): getEvdoLevel_band_six -evdoDbm:-95
02-14 14:14:07.813 D/StatusBarPolicy(  317): getEvdoLevel_band_six -evdoEcio:-70
02-14 14:14:07.833 W/WindowManager(  207): updateFocusedWindowLocked newFocus=Window{408f4ba8 Text message limit paused=false} mode=1 mCurrentFocus = Window{4094dce0 com.android.mms/com.android.mms.ui.MessagingPreferenceActivity paused=false}
02-14 14:14:07.843 W/WindowManager(  207): updateFocusedWindowLocked newFocus=Window{408f4ba8 Text message limit paused=false} mode=3 mCurrentFocus = Window{408f4ba8 Text message limit paused=false}
02-14 14:14:08.634 D/PowerManagerService(  207): setTimeoutLocked now=384331 timeoutOverride=-1 nextState=3 when=390331
02-14 14:14:08.754 D/PowerManagerService(  207): setTimeoutLocked now=384457 timeoutOverride=-1 nextState=3 when=390457
02-14 14:14:08.784 W/WindowManager(  207): updateFocusedWindowLocked newFocus=Window{408f4ba8 Text message limit paused=false} mode=3 mCurrentFocus = Window{408f4ba8 Text message limit paused=false}
02-14 14:14:08.874 W/WindowManager(  207): updateFocusedWindowLocked newFocus=Window{408f4ba8 Text message limit paused=false} mode=3 mCurrentFocus = Window{408f4ba8 Text message limit paused=false}
02-14 14:14:09.955 D/PowerManagerService(  207): setTimeoutLocked now=385650 timeoutOverride=-1 nextState=3 when=391650
02-14 14:14:09.965 W/WindowManager(  207): updateFocusedWindowLocked newFocus=Window{408f4ba8 Text message limit paused=false} mode=3 mCurrentFocus = Window{408f4ba8 Text message limit paused=false}
02-14 14:14:10.066 D/PowerManagerService(  207): setTimeoutLocked now=385759 timeoutOverride=-1 nextState=3 when=391759
02-14 14:14:10.996 D/PowerManagerService(  207): setTimeoutLocked now=386696 timeoutOverride=-1 nextState=3 when=392696
02-14 14:14:11.097 D/PowerManagerService(  207): setTimeoutLocked now=386793 timeoutOverride=-1 nextState=3 when=392793
02-14 14:14:11.517 D/PowerManagerService(  207): setTimeoutLocked now=387210 timeoutOverride=-1 nextState=3 when=393210
02-14 14:14:12.198 D/PowerManagerService(  207): setTimeoutLocked now=387889 timeoutOverride=-1 nextState=3 when=393889
02-14 14:14:12.288 W/WindowManager(  207): updateFocusedWindowLocked newFocus=Window{408f4ba8 Text message limit paused=false} mode=3 mCurrentFocus = Window{408f4ba8 Text message limit paused=false}
02-14 14:14:12.298 D/StatusBarPolicy(  317): onSignalStrengthsChanged:SignalStrength: 99 0 -92 -75 -96 -50 2 99 2147483647 2147483647 2147483647 2147483647 cdma for subscription0
02-14 14:14:12.298 D/StatusBarPolicy(  317): updateSignalStrength on subscription :0
02-14 14:14:12.298 D/StatusBarPolicy(  317): StatusBarPolocy::getIconLevel -EVDO
02-14 14:14:12.298 D/StatusBarPolicy(  317): getEvdoLevel_band_six -evdoDbm:-96
02-14 14:14:12.298 D/StatusBarPolicy(  317): getEvdoLevel_band_six -evdoEcio:-50
02-14 14:14:13.048 D/PowerManagerService(  207): setTimeoutLocked now=388737 timeoutOverride=-1 nextState=3 when=394737
02-14 14:14:13.119 D/PowerManagerService(  207): setTimeoutLocked now=388813 timeoutOverride=-1 nextState=3 when=394813
02-14 14:14:13.169 W/BackupManagerService(  207): dataChanged but no participant pkg='com.android.providers.settings' uid=10030
02-14 14:14:13.259 W/WindowManager(  207): updateFocusedWindowLocked newFocus=Window{4094dce0 com.android.mms/com.android.mms.ui.MessagingPreferenceActivity paused=false} mode=3 mCurrentFocus = Window{408f4ba8 Text message limit paused=false}
02-14 14:14:14.119 D/PowerManagerService(  207): setTimeoutLocked now=389813 timeoutOverride=-1 nextState=3 when=395813
02-14 14:14:14.430 D/PowerManagerService(  207): setTimeoutLocked now=390126 timeoutOverride=-1 nextState=3 when=396126
02-14 14:14:14.530 D/PowerManagerService(  207): setTimeoutLocked now=390227 timeoutOverride=-1 nextState=3 when=396227
02-14 14:14:14.840 D/PowerManagerService(  207): setTimeoutLocked now=390529 timeoutOverride=-1 nextState=3 when=396529
02-14 14:14:15.150 D/PowerManagerService(  207): setTimeoutLocked now=390842 timeoutOverride=-1 nextState=3 when=396842
02-14 14:14:15.221 D/PowerManagerService(  207): setTimeoutLocked now=390918 timeoutOverride=-1 nextState=3 when=396918
02-14 14:14:15.631 D/PowerManagerService(  207): setTimeoutLocked now=391319 timeoutOverride=-1 nextState=3 when=397319
02-14 14:14:15.931 D/PowerManagerService(  207): setTimeoutLocked now=391620 timeoutOverride=-1 nextState=3 when=397620
02-14 14:14:16.031 D/PowerManagerService(  207): setTimeoutLocked now=391721 timeoutOverride=-1 nextState=3 when=397721
02-14 14:14:17.443 D/ConnectivityService(  207): Dropping ConnectivityChange for WIFI: DISCONNECTED/SCANNING
02-14 14:14:18.414 D/ConnectivityService(  207): Dropping ConnectivityChange for WIFI: DISCONNECTED/IDLE
02-14 14:14:19.034 D/StatusBarPolicy(  317): onSignalStrengthsChanged:SignalStrength: 99 0 -92 -75 -96 -65 2 99 2147483647 2147483647 2147483647 2147483647 cdma for subscription0
02-14 14:14:19.034 D/StatusBarPolicy(  317): updateSignalStrength on subscription :0
02-14 14:14:19.034 D/StatusBarPolicy(  317): StatusBarPolocy::getIconLevel -EVDO
02-14 14:14:19.034 D/StatusBarPolicy(  317): getEvdoLevel_band_six -evdoDbm:-96
02-14 14:14:19.034 D/StatusBarPolicy(  317): getEvdoLevel_band_six -evdoEcio:-65
02-14 14:14:20.696 D/PowerManagerService(  207): setTimeoutLocked now=396391 timeoutOverride=-1 nextState=3 when=402391
02-14 14:14:20.996 D/PowerManagerService(  207): setTimeoutLocked now=396692 timeoutOverride=-1 nextState=3 when=402692
02-14 14:14:21.266 D/PowerManagerService(  207): setTimeoutLocked now=396967 timeoutOverride=-1 nextState=3 when=402967
02-14 14:14:23.198 D/PowerManagerService(  207): setTimeoutLocked now=398896 timeoutOverride=-1 nextState=3 when=404896
02-14 14:14:23.509 D/PowerManagerService(  207): setTimeoutLocked now=399196 timeoutOverride=-1 nextState=3 when=405196
02-14 14:14:23.599 D/PowerManagerService(  207): setTimeoutLocked now=399298 timeoutOverride=-1 nextState=3 when=405298
02-14 14:14:24.109 D/PowerManagerService(  207): setTimeoutLocked now=399802 timeoutOverride=-1 nextState=3 when=405802
02-14 14:14:24.440 D/PowerManagerService(  207): setTimeoutLocked now=400138 timeoutOverride=-1 nextState=3 when=406138
02-14 14:14:24.680 D/PowerManagerService(  207): setTimeoutLocked now=400376 timeoutOverride=-1 nextState=3 when=406376
02-14 14:14:25.100 D/PowerManagerService(  207): setTimeoutLocked now=400791 timeoutOverride=-1 nextState=3 when=406791
02-14 14:14:25.400 D/PowerManagerService(  207): setTimeoutLocked now=401091 timeoutOverride=-1 nextState=3 when=407091
02-14 14:14:25.901 D/PowerManagerService(  207): setTimeoutLocked now=401594 timeoutOverride=-1 nextState=3 when=407594
02-14 14:14:26.101 D/PowerManagerService(  207): setTimeoutLocked now=401795 timeoutOverride=-1 nextState=3 when=407795
02-14 14:14:28.003 D/StatusBarPolicy(  317): onSignalStrengthsChanged:SignalStrength: 99 0 -92 -75 -97 -50 2 99 2147483647 2147483647 2147483647 2147483647 cdma for subscription0
02-14 14:14:28.003 D/StatusBarPolicy(  317): updateSignalStrength on subscription :0
02-14 14:14:28.003 D/StatusBarPolicy(  317): StatusBarPolocy::getIconLevel -EVDO
02-14 14:14:28.003 D/StatusBarPolicy(  317): getEvdoLevel_band_six -evdoDbm:-97
02-14 14:14:28.003 D/StatusBarPolicy(  317): getEvdoLevel_band_six -evdoEcio:-50
02-14 14:14:29.755 D/WifiService(  207): ACTION_BATTERY_CHANGED pluggedType: 0
02-14 14:14:29.755 D/WifiService(  207): WifiHandler, MESSAGE_UPDATE_STATE
02-14 14:14:29.755 D/WifiService(  207): isAirplaneModeOn(): false
02-14 14:14:29.755 D/WifiService(  207): updateWifiState(), wifiEnabled: true, airplaneMode: false, wifiShouldBeEnabled: true, wifiShouldBeStarted: true, strongestLockMode: 1
02-14 14:14:29.775 D/WifiService(  207): WifiHandler, MESSAGE_ENABLE_WIFI, msg.arg1: 0, msg.arg2: 1000
02-14 14:14:29.775 D/WifiService(  207): WifiHandler, MESSAGE_START_WIFI, msg.arg1: 1
02-14 14:14:32.107 D/PowerManagerService(  207): setTimeoutLocked now=407802 timeoutOverride=-1 nextState=1 when=514802
02-14 14:14:32.247 D/PowerManagerService(  207): setTimeoutLocked now=407947 timeoutOverride=-1 nextState=3 when=413947
02-14 14:14:32.347 D/PowerManagerService(  207): setTimeoutLocked now=408043 timeoutOverride=-1 nextState=3 when=414043
02-14 14:14:32.567 W/BackupManagerService(  207): dataChanged but no participant pkg='com.android.providers.settings' uid=10030
02-14 14:14:33.438 D/ConnectivityService(  207): Dropping ConnectivityChange for WIFI: DISCONNECTED/SCANNING
02-14 14:14:33.458 D/PowerManagerService(  207): setTimeoutLocked now=409159 timeoutOverride=-1 nextState=3 when=415159
02-14 14:14:33.789 D/PowerManagerService(  207): setTimeoutLocked now=409482 timeoutOverride=-1 nextState=3 when=415482
02-14 14:14:33.959 D/PowerManagerService(  207): setTimeoutLocked now=409657 timeoutOverride=-1 nextState=3 when=415657
02-14 14:14:34.399 D/ConnectivityService(  207): Dropping ConnectivityChange for WIFI: DISCONNECTED/IDLE
02-14 14:14:34.730 D/StatusBarPolicy(  317): onSignalStrengthsChanged:SignalStrength: 99 0 -92 -75 -98 -80 2 99 2147483647 2147483647 2147483647 2147483647 cdma for subscription0
02-14 14:14:34.730 D/StatusBarPolicy(  317): updateSignalStrength on subscription :0
02-14 14:14:34.730 D/StatusBarPolicy(  317): StatusBarPolocy::getIconLevel -EVDO
02-14 14:14:34.730 D/StatusBarPolicy(  317): getEvdoLevel_band_six -evdoDbm:-98
02-14 14:14:34.730 D/StatusBarPolicy(  317): getEvdoLevel_band_six -evdoEcio:-80
02-14 14:14:36.141 D/PowerManagerService(  207): setTimeoutLocked now=411832 timeoutOverride=-1 nextState=3 when=417832
02-14 14:14:36.261 D/PowerManagerService(  207): setTimeoutLocked now=411955 timeoutOverride=-1 nextState=3 when=417955
02-14 14:14:36.271 I/ActivityManager(  207): Starting: Intent { act=android.intent.action.RINGTONE_PICKER cmp=android/com.android.internal.app.RingtonePickerActivity (has extras) } from pid 1070
02-14 14:14:36.281 W/WindowManager(  207): updateFocusedWindowLocked newFocus=null mode=0 mCurrentFocus = Window{4094dce0 com.android.mms/com.android.mms.ui.MessagingPreferenceActivity paused=true}
02-14 14:14:36.541 W/WindowManager(  207): updateFocusedWindowLocked newFocus=Window{409b8c90 android/com.android.internal.app.RingtonePickerActivity paused=false} mode=3 mCurrentFocus = null
02-14 14:14:36.591 W/WindowManager(  207): updateFocusedWindowLocked newFocus=Window{409b8c90 android/com.android.internal.app.RingtonePickerActivity paused=false} mode=2 mCurrentFocus = Window{409b8c90 android/com.android.internal.app.RingtonePickerActivity paused=false}
02-14 14:14:36.591 W/WindowManager(  207): updateFocusedWindowLocked newFocus=Window{409b8c90 android/com.android.internal.app.RingtonePickerActivity paused=false} mode=2 mCurrentFocus = Window{409b8c90 android/com.android.internal.app.RingtonePickerActivity paused=false}
02-14 14:14:37.112 D/PowerManagerService(  207): setTimeoutLocked now=412800 timeoutOverride=-1 nextState=3 when=418800
02-14 14:14:37.402 D/PowerManagerService(  207): setTimeoutLocked now=413101 timeoutOverride=-1 nextState=3 when=419101
02-14 14:14:37.502 D/PowerManagerService(  207): setTimeoutLocked now=413202 timeoutOverride=-1 nextState=3 when=419202
02-14 14:14:37.863 D/PowerManagerService(  207): setTimeoutLocked now=413554 timeoutOverride=-1 nextState=3 when=419554
02-14 14:14:38.163 D/PowerManagerService(  207): setTimeoutLocked now=413867 timeoutOverride=-1 nextState=3 when=419867
02-14 14:14:38.383 D/PowerManagerService(  207): setTimeoutLocked now=414084 timeoutOverride=-1 nextState=3 when=420084
02-14 14:14:39.204 D/StatusBarPolicy(  317): onSignalStrengthsChanged:SignalStrength: 99 0 -92 -75 -98 -65 2 99 2147483647 2147483647 2147483647 2147483647 cdma for subscription0
02-14 14:14:39.204 D/StatusBarPolicy(  317): updateSignalStrength on subscription :0
02-14 14:14:39.204 D/StatusBarPolicy(  317): StatusBarPolocy::getIconLevel -EVDO
02-14 14:14:39.204 D/StatusBarPolicy(  317): getEvdoLevel_band_six -evdoDbm:-98
02-14 14:14:39.204 D/StatusBarPolicy(  317): getEvdoLevel_band_six -evdoEcio:-65
02-14 14:14:39.374 D/PowerManagerService(  207): setTimeoutLocked now=415079 timeoutOverride=-1 nextState=3 when=421079
02-14 14:14:39.694 D/PowerManagerService(  207): setTimeoutLocked now=415390 timeoutOverride=-1 nextState=3 when=421390
02-14 14:14:39.724 D/PowerManagerService(  207): setTimeoutLocked now=415428 timeoutOverride=-1 nextState=3 when=421428
02-14 14:14:40.185 D/PowerManagerService(  207): setTimeoutLocked now=415882 timeoutOverride=-1 nextState=3 when=421882
02-14 14:14:40.495 D/PowerManagerService(  207): setTimeoutLocked now=416194 timeoutOverride=-1 nextState=3 when=422194
02-14 14:14:40.575 D/PowerManagerService(  207): setTimeoutLocked now=416269 timeoutOverride=-1 nextState=3 when=422269
02-14 14:14:41.416 D/PowerManagerService(  207): setTimeoutLocked now=417109 timeoutOverride=-1 nextState=3 when=423109
02-14 14:14:41.516 D/PowerManagerService(  207): setTimeoutLocked now=417210 timeoutOverride=-1 nextState=3 when=423210
02-14 14:14:41.957 D/PowerManagerService(  207): setTimeoutLocked now=417650 timeoutOverride=-1 nextState=3 when=423650
02-14 14:14:42.017 D/PowerManagerService(  207): setTimeoutLocked now=417712 timeoutOverride=-1 nextState=3 when=423712
02-14 14:14:42.027 W/WindowManager(  207): updateFocusedWindowLocked newFocus=Window{409b8c90 android/com.android.internal.app.RingtonePickerActivity paused=true} mode=0 mCurrentFocus = Window{409b8c90 android/com.android.internal.app.RingtonePickerActivity paused=true}
02-14 14:14:42.037 W/WindowManager(  207): updateFocusedWindowLocked newFocus=Window{4094dce0 com.android.mms/com.android.mms.ui.MessagingPreferenceActivity paused=false} mode=3 mCurrentFocus = Window{409b8c90 android/com.android.internal.app.RingtonePickerActivity paused=true}
02-14 14:14:42.067 W/WindowManager(  207): updateFocusedWindowLocked newFocus=Window{4094dce0 com.android.mms/com.android.mms.ui.MessagingPreferenceActivity paused=false} mode=2 mCurrentFocus = Window{4094dce0 com.android.mms/com.android.mms.ui.MessagingPreferenceActivity paused=false}
02-14 14:14:42.067 W/WindowManager(  207): updateFocusedWindowLocked newFocus=Window{4094dce0 com.android.mms/com.android.mms.ui.MessagingPreferenceActivity paused=false} mode=2 mCurrentFocus = Window{4094dce0 com.android.mms/com.android.mms.ui.MessagingPreferenceActivity paused=false}
02-14 14:14:42.077 W/InputManagerService(  207): Window already focused, ignoring focus gain of: com.android.internal.view.IInputMethodClient$Stub$Proxy@40789158
02-14 14:14:42.107 W/WindowManager(  207): updateFocusedWindowLocked newFocus=Window{4094dce0 com.android.mms/com.android.mms.ui.MessagingPreferenceActivity paused=false} mode=3 mCurrentFocus = Window{4094dce0 com.android.mms/com.android.mms.ui.MessagingPreferenceActivity paused=false}
02-14 14:14:42.117 W/WindowManager(  207): updateFocusedWindowLocked newFocus=Window{4094dce0 com.android.mms/com.android.mms.ui.MessagingPreferenceActivity paused=false} mode=3 mCurrentFocus = Window{4094dce0 com.android.mms/com.android.mms.ui.MessagingPreferenceActivity paused=false}
02-14 14:14:42.127 W/WindowManager(  207): updateFocusedWindowLocked newFocus=Window{4094dce0 com.android.mms/com.android.mms.ui.MessagingPreferenceActivity paused=false} mode=3 mCurrentFocus = Window{4094dce0 com.android.mms/com.android.mms.ui.MessagingPreferenceActivity paused=false}
02-14 14:14:43.688 D/StatusBarPolicy(  317): onSignalStrengthsChanged:SignalStrength: 99 0 -92 -75 -97 -65 1 99 2147483647 2147483647 2147483647 2147483647 cdma for subscription0
02-14 14:14:43.688 D/StatusBarPolicy(  317): updateSignalStrength on subscription :0
02-14 14:14:43.698 D/StatusBarPolicy(  317): StatusBarPolocy::getIconLevel -EVDO
02-14 14:14:43.698 D/StatusBarPolicy(  317): getEvdoLevel_band_six -evdoDbm:-97
02-14 14:14:43.698 D/StatusBarPolicy(  317): getEvdoLevel_band_six -evdoEcio:-65
02-14 14:14:43.748 D/WifiService(  207): ACTION_BATTERY_CHANGED pluggedType: 0
02-14 14:14:43.748 D/WifiService(  207): WifiHandler, MESSAGE_UPDATE_STATE
02-14 14:14:43.758 D/WifiService(  207): isAirplaneModeOn(): false
02-14 14:14:43.768 D/WifiService(  207): updateWifiState(), wifiEnabled: true, airplaneMode: false, wifiShouldBeEnabled: true, wifiShouldBeStarted: true, strongestLockMode: 1
02-14 14:14:43.768 D/WifiService(  207): WifiHandler, MESSAGE_ENABLE_WIFI, msg.arg1: 0, msg.arg2: 1000
02-14 14:14:43.768 D/WifiService(  207): WifiHandler, MESSAGE_START_WIFI, msg.arg1: 1
02-14 14:14:45.130 D/PowerManagerService(  207): setTimeoutLocked now=420818 timeoutOverride=-1 nextState=3 when=426818
02-14 14:14:45.230 D/PowerManagerService(  207): setTimeoutLocked now=420918 timeoutOverride=-1 nextState=3 when=426918
02-14 14:14:45.390 I/ActivityManager(  207): Starting: Intent { act=android.intent.action.RINGTONE_PICKER cmp=android/com.android.internal.app.RingtonePickerActivity (has extras) } from pid 1070
02-14 14:14:45.420 W/WindowManager(  207): updateFocusedWindowLocked newFocus=null mode=0 mCurrentFocus = Window{4094dce0 com.android.mms/com.android.mms.ui.MessagingPreferenceActivity paused=true}
02-14 14:14:45.480 W/WindowManager(  207): updateFocusedWindowLocked newFocus=Window{409fbd00 android/com.android.internal.app.RingtonePickerActivity paused=false} mode=3 mCurrentFocus = null
02-14 14:14:45.530 W/WindowManager(  207): updateFocusedWindowLocked newFocus=Window{409fbd00 android/com.android.internal.app.RingtonePickerActivity paused=false} mode=2 mCurrentFocus = Window{409fbd00 android/com.android.internal.app.RingtonePickerActivity paused=false}
02-14 14:14:45.530 W/WindowManager(  207): updateFocusedWindowLocked newFocus=Window{409fbd00 android/com.android.internal.app.RingtonePickerActivity paused=false} mode=2 mCurrentFocus = Window{409fbd00 android/com.android.internal.app.RingtonePickerActivity paused=false}
02-14 14:14:46.261 D/PowerManagerService(  207): setTimeoutLocked now=421955 timeoutOverride=-1 nextState=3 when=427955
02-14 14:14:46.311 D/PowerManagerService(  207): setTimeoutLocked now=422005 timeoutOverride=-1 nextState=3 when=428005
02-14 14:14:46.321 W/WindowManager(  207): updateFocusedWindowLocked newFocus=Window{409fbd00 android/com.android.internal.app.RingtonePickerActivity paused=true} mode=0 mCurrentFocus = Window{409fbd00 android/com.android.internal.app.RingtonePickerActivity paused=true}
02-14 14:14:46.331 W/WindowManager(  207): updateFocusedWindowLocked newFocus=Window{4094dce0 com.android.mms/com.android.mms.ui.MessagingPreferenceActivity paused=false} mode=2 mCurrentFocus = Window{409fbd00 android/com.android.internal.app.RingtonePickerActivity paused=true}
