02-14 14:10:02.654 W/WindowManager(  207): updateFocusedWindowLocked newFocus=Window{405e5d98 com.android.contacts/com.android.contacts.DialtactsActivity paused=false} mode=2 mCurrentFocus = Window{405e5d98 com.android.contacts/com.android.contacts.DialtactsActivity paused=false}
02-14 14:10:02.654 W/WindowManager(  207): updateFocusedWindowLocked newFocus=Window{405e5d98 com.android.contacts/com.android.contacts.DialtactsActivity paused=false} mode=2 mCurrentFocus = Window{405e5d98 com.android.contacts/com.android.contacts.DialtactsActivity paused=false}
02-14 14:10:02.654 W/WindowManager(  207): updateFocusedWindowLocked newFocus=Window{405e5d98 com.android.contacts/com.android.contacts.DialtactsActivity paused=false} mode=3 mCurrentFocus = Window{405e5d98 com.android.contacts/com.android.contacts.DialtactsActivity paused=false}
02-14 14:10:02.824 W/WindowManager(  207): updateFocusedWindowLocked newFocus=Window{405e5d98 com.android.contacts/com.android.contacts.DialtactsActivity paused=false} mode=3 mCurrentFocus = Window{405e5d98 com.android.contacts/com.android.contacts.DialtactsActivity paused=false}
02-14 14:10:02.834 W/WindowManager(  207): updateFocusedWindowLocked newFocus=Window{405e5d98 com.android.contacts/com.android.contacts.DialtactsActivity paused=false} mode=0 mCurrentFocus = Window{405e5d98 com.android.contacts/com.android.contacts.DialtactsActivity paused=false}
02-14 14:10:03.545 D/PowerManagerService(  207): setTimeoutLocked now=139241 timeoutOverride=-1 nextState=3 when=145241
02-14 14:10:03.645 D/PowerManagerService(  207): setTimeoutLocked now=139340 timeoutOverride=-1 nextState=3 when=145340
02-14 14:10:05.427 D/PowerManagerService(  207): setTimeoutLocked now=141116 timeoutOverride=-1 nextState=3 when=147116
02-14 14:10:05.527 D/PowerManagerService(  207): setTimeoutLocked now=141229 timeoutOverride=-1 nextState=3 when=147229
02-14 14:10:05.787 D/StatusBarPolicy(  317): onSignalStrengthsChanged:SignalStrength: 99 0 -93 -70 -101 -35 8 99 2147483647 2147483647 2147483647 2147483647 cdma for subscription0
02-14 14:10:05.787 D/StatusBarPolicy(  317): updateSignalStrength on subscription :0
02-14 14:10:05.787 D/StatusBarPolicy(  317): StatusBarPolocy::getIconLevel -EVDO
02-14 14:10:05.787 D/StatusBarPolicy(  317): getEvdoLevel_band_six -evdoDbm:-101
02-14 14:10:05.787 D/StatusBarPolicy(  317): getEvdoLevel_band_six -evdoEcio:-35
02-14 14:10:05.877 D/StatusBarPolicy(  317): onSignalStrengthsChanged:SignalStrength: 99 0 -93 -70 -107 -35 8 99 2147483647 2147483647 2147483647 2147483647 cdma for subscription0
02-14 14:10:05.877 D/StatusBarPolicy(  317): updateSignalStrength on subscription :0
02-14 14:10:05.877 D/StatusBarPolicy(  317): StatusBarPolocy::getIconLevel -EVDO
02-14 14:10:05.877 D/StatusBarPolicy(  317): getEvdoLevel_band_six -evdoDbm:-107
02-14 14:10:05.877 D/StatusBarPolicy(  317): getEvdoLevel_band_six -evdoEcio:-35
02-14 14:10:05.937 D/PowerManagerService(  207): setTimeoutLocked now=141634 timeoutOverride=-1 nextState=3 when=147634
02-14 14:10:06.067 D/PowerManagerService(  207): setTimeoutLocked now=141769 timeoutOverride=-1 nextState=3 when=147769
02-14 14:10:06.878 D/PowerManagerService(  207): setTimeoutLocked now=142573 timeoutOverride=-1 nextState=3 when=148573
02-14 14:10:06.978 D/PowerManagerService(  207): setTimeoutLocked now=142672 timeoutOverride=-1 nextState=3 when=148672
02-14 14:10:07.689 D/PowerManagerService(  207): setTimeoutLocked now=143389 timeoutOverride=-1 nextState=3 when=149389
02-14 14:10:07.779 D/PowerManagerService(  207): setTimeoutLocked now=143475 timeoutOverride=-1 nextState=3 when=149475
02-14 14:10:08.130 D/StatusBarPolicy(  317): updateDataIcon subscription =0
02-14 14:10:08.730 D/StatusBarPolicy(  317): onSignalStrengthsChanged:SignalStrength: 99 0 -93 -70 -112 -35 8 99 2147483647 2147483647 2147483647 2147483647 cdma for subscription0
02-14 14:10:08.730 D/StatusBarPolicy(  317): updateSignalStrength on subscription :0
02-14 14:10:08.730 D/StatusBarPolicy(  317): StatusBarPolocy::getIconLevel -EVDO
02-14 14:10:08.730 D/StatusBarPolicy(  317): getEvdoLevel_band_six -evdoDbm:-112
02-14 14:10:08.730 D/StatusBarPolicy(  317): getEvdoLevel_band_six -evdoEcio:-35
02-14 14:10:08.860 D/PowerManagerService(  207): setTimeoutLocked now=144549 timeoutOverride=-1 nextState=3 when=150549
02-14 14:10:08.960 D/PowerManagerService(  207): setTimeoutLocked now=144650 timeoutOverride=-1 nextState=3 when=150650
02-14 14:10:09.140 D/StatusBarPolicy(  317): updateDataIcon subscription =0
02-14 14:10:09.811 D/StatusBarPolicy(  317): updateDataIcon subscription =0
02-14 14:10:10.362 D/StatusBarPolicy(  317): onSignalStrengthsChanged:SignalStrength: 99 0 -98 -95 -108 -25 8 99 2147483647 2147483647 2147483647 2147483647 cdma for subscription0
02-14 14:10:10.362 D/StatusBarPolicy(  317): updateSignalStrength on subscription :0
02-14 14:10:10.362 D/StatusBarPolicy(  317): StatusBarPolocy::getIconLevel -EVDO
02-14 14:10:10.362 D/StatusBarPolicy(  317): getEvdoLevel_band_six -evdoDbm:-108
02-14 14:10:10.362 D/StatusBarPolicy(  317): getEvdoLevel_band_six -evdoEcio:-25
02-14 14:10:10.572 D/StatusBarPolicy(  317): updateDataIcon subscription =0
02-14 14:10:11.523 D/PowerManagerService(  207): setTimeoutLocked now=147222 timeoutOverride=-1 nextState=3 when=153222
02-14 14:10:11.573 D/StatusBarPolicy(  317): updateDataIcon subscription =0
02-14 14:10:11.603 D/PowerManagerService(  207): setTimeoutLocked now=147302 timeoutOverride=-1 nextState=3 when=153302
02-14 14:10:12.053 D/PowerManagerService(  207): setTimeoutLocked now=147755 timeoutOverride=-1 nextState=3 when=153755
02-14 14:10:12.594 D/StatusBarPolicy(  317): onSignalStrengthsChanged:SignalStrength: 99 0 -100 -70 -105 -50 7 99 2147483647 2147483647 2147483647 2147483647 cdma for subscription0
02-14 14:10:12.594 D/StatusBarPolicy(  317): updateSignalStrength on subscription :0
02-14 14:10:12.594 D/StatusBarPolicy(  317): StatusBarPolocy::getIconLevel -EVDO
02-14 14:10:12.594 D/StatusBarPolicy(  317): getEvdoLevel_band_six -evdoDbm:-105
02-14 14:10:12.594 D/StatusBarPolicy(  317): getEvdoLevel_band_six -evdoEcio:-50
02-14 14:10:14.826 D/PowerManagerService(  207): setTimeoutLocked now=150523 timeoutOverride=-1 nextState=3 when=156523
02-14 14:10:14.836 D/StatusBarPolicy(  317): onSignalStrengthsChanged:SignalStrength: 99 0 -120 -90 -120 -40 7 99 2147483647 2147483647 2147483647 2147483647 cdma for subscription0
02-14 14:10:14.836 D/StatusBarPolicy(  317): updateSignalStrength on subscription :0
02-14 14:10:14.836 D/StatusBarPolicy(  317): StatusBarPolocy::getIconLevel -EVDO
02-14 14:10:14.836 D/StatusBarPolicy(  317): getEvdoLevel_band_six -evdoDbm:-120
02-14 14:10:14.836 D/StatusBarPolicy(  317): getEvdoLevel_band_six -evdoEcio:-40
02-14 14:10:14.836 D/StatusBarPolicy(  317): onSignalStrengthsChanged:SignalStrength: 99 0 -100 -90 -101 -40 7 99 2147483647 2147483647 2147483647 2147483647 cdma for subscription0
02-14 14:10:14.836 D/StatusBarPolicy(  317): updateSignalStrength on subscription :0
02-14 14:10:14.836 D/StatusBarPolicy(  317): StatusBarPolocy::getIconLevel -EVDO
02-14 14:10:14.836 D/StatusBarPolicy(  317): getEvdoLevel_band_six -evdoDbm:-101
02-14 14:10:14.836 D/StatusBarPolicy(  317): getEvdoLevel_band_six -evdoEcio:-40
02-14 14:10:14.906 D/PowerManagerService(  207): setTimeoutLocked now=150609 timeoutOverride=-1 nextState=3 when=156609
02-14 14:10:15.537 D/PowerManagerService(  207): setTimeoutLocked now=151230 timeoutOverride=-1 nextState=3 when=157230
02-14 14:10:15.707 D/PowerManagerService(  207): setTimeoutLocked now=151400 timeoutOverride=-1 nextState=3 when=157400
02-14 14:10:17.078 D/StatusBarPolicy(  317): onSignalStrengthsChanged:SignalStrength: 99 0 -100 -120 -101 -40 7 99 2147483647 2147483647 2147483647 2147483647 cdma for subscription0
02-14 14:10:17.078 D/StatusBarPolicy(  317): updateSignalStrength on subscription :0
02-14 14:10:17.078 D/StatusBarPolicy(  317): StatusBarPolocy::getIconLevel -EVDO
02-14 14:10:17.078 D/StatusBarPolicy(  317): getEvdoLevel_band_six -evdoDbm:-101
02-14 14:10:17.078 D/StatusBarPolicy(  317): getEvdoLevel_band_six -evdoEcio:-40
02-14 14:10:17.669 D/ConnectivityService(  207): Dropping ConnectivityChange for WIFI: DISCONNECTED/SCANNING
02-14 14:10:17.919 D/PowerManagerService(  207): setTimeoutLocked now=153615 timeoutOverride=-1 nextState=3 when=159615
02-14 14:10:18.039 D/PowerManagerService(  207): setTimeoutLocked now=153739 timeoutOverride=-1 nextState=3 when=159739
02-14 14:10:18.620 D/PowerManagerService(  207): setTimeoutLocked now=154316 timeoutOverride=-1 nextState=3 when=160316
02-14 14:10:18.630 D/ConnectivityService(  207): Dropping ConnectivityChange for WIFI: DISCONNECTED/IDLE
02-14 14:10:18.710 D/PowerManagerService(  207): setTimeoutLocked now=154405 timeoutOverride=-1 nextState=3 when=160405
02-14 14:10:18.720 I/ActivityManager(  207): Starting: Intent { flg=0x10000000 cmp=com.zte.emode/.UsbSwitchTest (has extras) } from pid 951
02-14 14:10:18.730 W/WindowManager(  207): updateFocusedWindowLocked newFocus=Window{405e5d98 com.android.contacts/com.android.contacts.DialtactsActivity paused=false} mode=3 mCurrentFocus = Window{405e5d98 com.android.contacts/com.android.contacts.DialtactsActivity paused=false}
02-14 14:10:18.850 W/WindowManager(  207): updateFocusedWindowLocked newFocus=null mode=0 mCurrentFocus = Window{405e5d98 com.android.contacts/com.android.contacts.DialtactsActivity paused=true}
02-14 14:10:18.850 W/WindowManager(  207): updateFocusedWindowLocked newFocus=null mode=2 mCurrentFocus = null
02-14 14:10:18.850 W/WindowManager(  207): updateFocusedWindowLocked newFocus=null mode=2 mCurrentFocus = null
02-14 14:10:18.950 W/WindowManager(  207): updateFocusedWindowLocked newFocus=Window{4059b780 com.zte.emode/com.zte.emode.UsbSwitchTest paused=false} mode=3 mCurrentFocus = null
02-14 14:10:19.010 W/WindowManager(  207): updateFocusedWindowLocked newFocus=Window{4059b780 com.zte.emode/com.zte.emode.UsbSwitchTest paused=false} mode=3 mCurrentFocus = Window{4059b780 com.zte.emode/com.zte.emode.UsbSwitchTest paused=false}
02-14 14:10:19.020 W/WindowManager(  207): updateFocusedWindowLocked newFocus=Window{4059b780 com.zte.emode/com.zte.emode.UsbSwitchTest paused=false} mode=3 mCurrentFocus = Window{4059b780 com.zte.emode/com.zte.emode.UsbSwitchTest paused=false}
02-14 14:10:19.020 W/InputManagerService(  207): Starting input on non-focused client com.android.internal.view.IInputMethodClient$Stub$Proxy@406507f8 (uid=10007 pid=393)
02-14 14:10:19.320 D/StatusBarPolicy(  317): onSignalStrengthsChanged:SignalStrength: 99 0 -100 -120 -97 -40 7 99 2147483647 2147483647 2147483647 2147483647 cdma for subscription0
02-14 14:10:19.320 D/StatusBarPolicy(  317): updateSignalStrength on subscription :0
02-14 14:10:19.320 D/StatusBarPolicy(  317): StatusBarPolocy::getIconLevel -EVDO
02-14 14:10:19.320 D/StatusBarPolicy(  317): getEvdoLevel_band_six -evdoDbm:-97
02-14 14:10:19.320 D/StatusBarPolicy(  317): getEvdoLevel_band_six -evdoEcio:-40
02-14 14:10:19.591 D/PowerManagerService(  207): setTimeoutLocked now=155288 timeoutOverride=-1 nextState=3 when=161288
02-14 14:10:19.701 D/PowerManagerService(  207): setTimeoutLocked now=155398 timeoutOverride=-1 nextState=3 when=161398
02-14 14:10:19.711 E/NetlinkEvent(  116): NetlinkEvent::FindParam(): Parameter 'SWITCH_NAME' not found
02-14 14:10:19.711 E/NetlinkEvent(  116): NetlinkEvent::FindParam(): Parameter 'SWITCH_STATE' not found
02-14 14:10:19.711 W/Vold    (  116): Switch /devices/virtual/switch/usb_mass_storage event missing name/state info
02-14 14:10:19.711 D/Vold    (  116): usb_mass_storage function disabled
02-14 14:10:19.711 E/NetlinkEvent(  116): NetlinkEvent::FindParam(): Parameter 'SWITCH_NAME' not found
02-14 14:10:19.711 E/NetlinkEvent(  116): NetlinkEvent::FindParam(): Parameter 'SWITCH_STATE' not found
02-14 14:10:19.711 W/Vold    (  116): Switch /devices/virtual/switch/usb_connected event missing name/state info
02-14 14:10:19.711 E/NetlinkEvent(  116): NetlinkEvent::FindParam(): Parameter 'SWITCH_NAME' not found
02-14 14:10:19.711 E/NetlinkEvent(  116): NetlinkEvent::FindParam(): Parameter 'SWITCH_STATE' not found
02-14 14:10:19.711 W/Vold    (  116): Switch /devices/virtual/switch/usb_configuration event missing name/state info
02-14 14:10:19.711 E/NetlinkEvent(  116): NetlinkEvent::FindParam(): Parameter 'SWITCH_NAME' not found
02-14 14:10:19.711 E/NetlinkEvent(  116): NetlinkEvent::FindParam(): Parameter 'SWITCH_STATE' not found
02-14 14:10:19.711 W/Vold    (  116): Switch /devices/virtual/switch/usb_connected event missing name/state info
02-14 14:10:19.711 E/NetlinkEvent(  116): NetlinkEvent::FindParam(): Parameter 'SWITCH_NAME' not found
02-14 14:10:19.711 E/NetlinkEvent(  116): NetlinkEvent::FindParam(): Parameter 'SWITCH_STATE' not found
02-14 14:10:19.711 W/Vold    (  116): Switch /devices/virtual/switch/usb_configuration event missing name/state info
02-14 14:10:19.731 E/NetlinkEvent(  116): NetlinkEvent::FindParam(): Parameter 'SWITCH_NAME' not found
02-14 14:10:19.731 E/NetlinkEvent(  116): NetlinkEvent::FindParam(): Parameter 'SWITCH_STATE' not found
02-14 14:10:19.731 W/Vold    (  116): Switch /devices/virtual/switch/usb_mass_storage event missing name/state info
02-14 14:10:19.731 D/Vold    (  116): usb_mass_storage function enabled
02-14 14:10:20.311 D/PowerManagerService(  207): setTimeoutLocked now=156006 timeoutOverride=-1 nextState=3 when=162006
02-14 14:10:20.421 W/WindowManager(  207): updateFocusedWindowLocked newFocus=Window{4059b780 com.zte.emode/com.zte.emode.UsbSwitchTest paused=true} mode=0 mCurrentFocus = Window{4059b780 com.zte.emode/com.zte.emode.UsbSwitchTest paused=true}
02-14 14:10:20.432 W/WindowManager(  207): updateFocusedWindowLocked newFocus=null mode=3 mCurrentFocus = Window{4059b780 com.zte.emode/com.zte.emode.UsbSwitchTest paused=true}
02-14 14:10:20.452 W/WindowManager(  207): updateFocusedWindowLocked newFocus=Window{405e5d98 com.android.contacts/com.android.contacts.DialtactsActivity paused=false} mode=3 mCurrentFocus = null
02-14 14:10:20.502 W/WindowManager(  207): updateFocusedWindowLocked newFocus=Window{405e5d98 com.android.contacts/com.android.contacts.DialtactsActivity paused=false} mode=2 mCurrentFocus = Window{405e5d98 com.android.contacts/com.android.contacts.DialtactsActivity paused=false}
02-14 14:10:20.502 W/WindowManager(  207): updateFocusedWindowLocked newFocus=Window{405e5d98 com.android.contacts/com.android.contacts.DialtactsActivity paused=false} mode=2 mCurrentFocus = Window{405e5d98 com.android.contacts/com.android.contacts.DialtactsActivity paused=false}
02-14 14:10:20.512 W/WindowManager(  207): updateFocusedWindowLocked newFocus=Window{405e5d98 com.android.contacts/com.android.contacts.DialtactsActivity paused=false} mode=3 mCurrentFocus = Window{405e5d98 com.android.contacts/com.android.contacts.DialtactsActivity paused=false}
02-14 14:10:20.672 W/WindowManager(  207): updateFocusedWindowLocked newFocus=Window{405e5d98 com.android.contacts/com.android.contacts.DialtactsActivity paused=false} mode=3 mCurrentFocus = Window{405e5d98 com.android.contacts/com.android.contacts.DialtactsActivity paused=false}
02-14 14:10:20.682 W/WindowManager(  207): updateFocusedWindowLocked newFocus=Window{405e5d98 com.android.contacts/com.android.contacts.DialtactsActivity paused=false} mode=0 mCurrentFocus = Window{405e5d98 com.android.contacts/com.android.contacts.DialtactsActivity paused=false}
02-14 14:10:21.332 D/PowerManagerService(  207): setTimeoutLocked now=157038 timeoutOverride=-1 nextState=3 when=163038
02-14 14:10:21.442 D/PowerManagerService(  207): setTimeoutLocked now=157139 timeoutOverride=-1 nextState=3 when=163139
02-14 14:10:21.563 D/StatusBarPolicy(  317): onSignalStrengthsChanged:SignalStrength: 99 0 -99 -70 -96 -35 7 99 2147483647 2147483647 2147483647 2147483647 cdma for subscription0
02-14 14:10:21.563 D/StatusBarPolicy(  317): updateSignalStrength on subscription :0
02-14 14:10:21.563 D/StatusBarPolicy(  317): StatusBarPolocy::getIconLevel -EVDO
02-14 14:10:21.563 D/StatusBarPolicy(  317): getEvdoLevel_band_six -evdoDbm:-96
02-14 14:10:21.563 D/StatusBarPolicy(  317): getEvdoLevel_band_six -evdoEcio:-35
02-14 14:10:21.853 D/PowerManagerService(  207): setTimeoutLocked now=157552 timeoutOverride=-1 nextState=3 when=163552
02-14 14:10:21.973 D/PowerManagerService(  207): setTimeoutLocked now=157678 timeoutOverride=-1 nextState=3 when=163678
02-14 14:10:22.804 D/PowerManagerService(  207): setTimeoutLocked now=158508 timeoutOverride=-1 nextState=3 when=164508
02-14 14:10:22.904 D/PowerManagerService(  207): setTimeoutLocked now=158607 timeoutOverride=-1 nextState=3 when=164607
02-14 14:10:24.495 D/PowerManagerService(  207): setTimeoutLocked now=160196 timeoutOverride=-1 nextState=3 when=166196
02-14 14:10:24.646 D/PowerManagerService(  207): setTimeoutLocked now=160347 timeoutOverride=-1 nextState=3 when=166347
02-14 14:10:26.037 D/StatusBarPolicy(  317): onSignalStrengthsChanged:SignalStrength: 99 0 -99 -70 -93 -35 7 99 2147483647 2147483647 2147483647 2147483647 cdma for subscription0
02-14 14:10:26.037 D/StatusBarPolicy(  317): updateSignalStrength on subscription :0
02-14 14:10:26.037 D/StatusBarPolicy(  317): StatusBarPolocy::getIconLevel -EVDO
02-14 14:10:26.037 D/StatusBarPolicy(  317): getEvdoLevel_band_six -evdoDbm:-93
02-14 14:10:26.037 D/StatusBarPolicy(  317): getEvdoLevel_band_six -evdoEcio:-35
02-14 14:10:26.037 D/PowerManagerService(  207): setTimeoutLocked now=161731 timeoutOverride=-1 nextState=3 when=167731
02-14 14:10:26.137 D/PowerManagerService(  207): setTimeoutLocked now=161833 timeoutOverride=-1 nextState=3 when=167833
02-14 14:10:26.608 D/PowerManagerService(  207): setTimeoutLocked now=162308 timeoutOverride=-1 nextState=3 when=168308
02-14 14:10:26.718 D/PowerManagerService(  207): setTimeoutLocked now=162411 timeoutOverride=-1 nextState=3 when=168411
02-14 14:10:26.728 I/ActivityManager(  207): Starting: Intent { flg=0x10000000 cmp=com.zte.emode/.logset (has extras) } from pid 951
02-14 14:10:26.728 W/WindowManager(  207): updateFocusedWindowLocked newFocus=Window{405e5d98 com.android.contacts/com.android.contacts.DialtactsActivity paused=false} mode=3 mCurrentFocus = Window{405e5d98 com.android.contacts/com.android.contacts.DialtactsActivity paused=false}
02-14 14:10:26.828 W/WindowManager(  207): updateFocusedWindowLocked newFocus=null mode=0 mCurrentFocus = Window{405e5d98 com.android.contacts/com.android.contacts.DialtactsActivity paused=true}
02-14 14:10:26.838 W/WindowManager(  207): updateFocusedWindowLocked newFocus=null mode=2 mCurrentFocus = null
02-14 14:10:26.838 W/WindowManager(  207): updateFocusedWindowLocked newFocus=null mode=2 mCurrentFocus = null
02-14 14:10:26.878 W/WindowManager(  207): updateFocusedWindowLocked newFocus=Window{40637070 com.zte.emode/com.zte.emode.logset paused=false} mode=3 mCurrentFocus = null
02-14 14:10:26.918 W/WindowManager(  207): updateFocusedWindowLocked newFocus=Window{40637070 com.zte.emode/com.zte.emode.logset paused=false} mode=3 mCurrentFocus = Window{40637070 com.zte.emode/com.zte.emode.logset paused=false}
02-14 14:10:26.938 W/InputManagerService(  207): Starting input on non-focused client com.android.internal.view.IInputMethodClient$Stub$Proxy@406507f8 (uid=10007 pid=393)
02-14 14:10:26.938 W/WindowManager(  207): updateFocusedWindowLocked newFocus=Window{40637070 com.zte.emode/com.zte.emode.logset paused=false} mode=3 mCurrentFocus = Window{40637070 com.zte.emode/com.zte.emode.logset paused=false}
02-14 14:10:27.598 D/PowerManagerService(  207): setTimeoutLocked now=163293 timeoutOverride=-1 nextState=3 when=169293
02-14 14:10:27.699 D/PowerManagerService(  207): setTimeoutLocked now=163392 timeoutOverride=-1 nextState=3 when=169392
02-14 14:10:28.389 D/PowerManagerService(  207): setTimeoutLocked now=164077 timeoutOverride=-1 nextState=3 when=170077
02-14 14:10:28.479 W/WindowManager(  207): updateFocusedWindowLocked newFocus=Window{40637070 com.zte.emode/com.zte.emode.logset paused=true} mode=0 mCurrentFocus = Window{40637070 com.zte.emode/com.zte.emode.logset paused=true}
02-14 14:10:28.479 W/WindowManager(  207): updateFocusedWindowLocked newFocus=null mode=3 mCurrentFocus = Window{40637070 com.zte.emode/com.zte.emode.logset paused=true}
02-14 14:10:28.509 W/WindowManager(  207): updateFocusedWindowLocked newFocus=Window{405e5d98 com.android.contacts/com.android.contacts.DialtactsActivity paused=false} mode=3 mCurrentFocus = null
02-14 14:10:28.549 W/WindowManager(  207): updateFocusedWindowLocked newFocus=Window{405e5d98 com.android.contacts/com.android.contacts.DialtactsActivity paused=false} mode=2 mCurrentFocus = Window{405e5d98 com.android.contacts/com.android.contacts.DialtactsActivity paused=false}
02-14 14:10:28.549 W/WindowManager(  207): updateFocusedWindowLocked newFocus=Window{405e5d98 com.android.contacts/com.android.contacts.DialtactsActivity paused=false} mode=2 mCurrentFocus = Window{405e5d98 com.android.contacts/com.android.contacts.DialtactsActivity paused=false}
02-14 14:10:28.549 W/WindowManager(  207): updateFocusedWindowLocked newFocus=Window{405e5d98 com.android.contacts/com.android.contacts.DialtactsActivity paused=false} mode=3 mCurrentFocus = Window{405e5d98 com.android.contacts/com.android.contacts.DialtactsActivity paused=false}
02-14 14:10:28.740 W/WindowManager(  207): updateFocusedWindowLocked newFocus=Window{405e5d98 com.android.contacts/com.android.contacts.DialtactsActivity paused=false} mode=3 mCurrentFocus = Window{405e5d98 com.android.contacts/com.android.contacts.DialtactsActivity paused=false}
02-14 14:10:28.760 W/WindowManager(  207): updateFocusedWindowLocked newFocus=Window{405e5d98 com.android.contacts/com.android.contacts.DialtactsActivity paused=false} mode=0 mCurrentFocus = Window{405e5d98 com.android.contacts/com.android.contacts.DialtactsActivity paused=false}
02-14 14:10:28.940 D/PowerManagerService(  207): setTimeoutLocked now=164630 timeoutOverride=-1 nextState=3 when=170630
02-14 14:10:29.100 I/ActivityManager(  207): Starting: Intent { act=android.intent.action.MAIN cat=[android.intent.category.HOME] flg=0x10200000 cmp=com.android.launcher/com.android.launcher2.Launcher } from pid 207
02-14 14:10:29.110 W/WindowManager(  207): updateFocusedWindowLocked newFocus=Window{405e5d98 com.android.contacts/com.android.contacts.DialtactsActivity paused=true} mode=3 mCurrentFocus = Window{405e5d98 com.android.contacts/com.android.contacts.DialtactsActivity paused=true}
02-14 14:10:29.120 W/WindowManager(  207): updateFocusedWindowLocked newFocus=null mode=0 mCurrentFocus = Window{405e5d98 com.android.contacts/com.android.contacts.DialtactsActivity paused=true}
02-14 14:10:29.140 W/WindowManager(  207): updateFocusedWindowLocked newFocus=null mode=3 mCurrentFocus = null
02-14 14:10:29.170 W/WindowManager(  207): updateFocusedWindowLocked newFocus=Window{40645950 com.android.launcher/com.android.launcher2.Launcher paused=false} mode=2 mCurrentFocus = null
02-14 14:10:29.170 W/WindowManager(  207): updateFocusedWindowLocked newFocus=Window{40645950 com.android.launcher/com.android.launcher2.Launcher paused=false} mode=2 mCurrentFocus = Window{40645950 com.android.launcher/com.android.launcher2.Launcher paused=false}
02-14 14:10:29.180 W/WindowManager(  207): updateFocusedWindowLocked newFocus=Window{40645950 com.android.launcher/com.android.launcher2.Launcher paused=false} mode=3 mCurrentFocus = Window{40645950 com.android.launcher/com.android.launcher2.Launcher paused=false}
02-14 14:10:29.190 W/InputManagerService(  207): Starting input on non-focused client com.android.internal.view.IInputMethodClient$Stub$Proxy@406507f8 (uid=10007 pid=393)
02-14 14:10:29.871 D/PowerManagerService(  207): setTimeoutLocked now=165562 timeoutOverride=-1 nextState=3 when=171562
02-14 14:10:29.901 D/PowerManagerService(  207): setTimeoutLocked now=165597 timeoutOverride=-1 nextState=3 when=171597
02-14 14:10:30.531 D/StatusBarPolicy(  317): onSignalStrengthsChanged:SignalStrength: 99 0 -99 -70 -101 -35 7 99 2147483647 2147483647 2147483647 2147483647 cdma for subscription0
02-14 14:10:30.531 D/StatusBarPolicy(  317): updateSignalStrength on subscription :0
02-14 14:10:30.541 D/StatusBarPolicy(  317): StatusBarPolocy::getIconLevel -EVDO
02-14 14:10:30.541 D/StatusBarPolicy(  317): getEvdoLevel_band_six -evdoDbm:-101
02-14 14:10:30.541 D/StatusBarPolicy(  317): getEvdoLevel_band_six -evdoEcio:-35
02-14 14:10:30.551 D/PowerManagerService(  207): setTimeoutLocked now=166204 timeoutOverride=-1 nextState=3 when=172204
02-14 14:10:30.601 I/ActivityManager(  207): Starting: Intent { act=android.intent.action.MAIN cat=[android.intent.category.HOME] flg=0x10200000 cmp=com.android.launcher/com.android.launcher2.Launcher } from pid 207
02-14 14:10:30.651 D/StatusBarPolicy(  317): updateDataIcon subscription =0
02-14 14:10:31.062 D/PowerManagerService(  207): setTimeoutLocked now=166756 timeoutOverride=-1 nextState=3 when=172756
02-14 14:10:31.232 W/WindowManager(  207): updateFocusedWindowLocked newFocus=Window{40592050 AtchDlg:com.android.launcher/com.android.launcher2.Launcher paused=false} mode=1 mCurrentFocus = Window{40645950 com.android.launcher/com.android.launcher2.Launcher paused=false}
02-14 14:10:31.262 W/WindowManager(  207): updateFocusedWindowLocked newFocus=Window{40592050 AtchDlg:com.android.launcher/com.android.launcher2.Launcher paused=false} mode=3 mCurrentFocus = Window{40592050 AtchDlg:com.android.launcher/com.android.launcher2.Launcher paused=false}
02-14 14:10:31.642 D/StatusBarPolicy(  317): updateDataIcon subscription =0
02-14 14:10:31.853 D/PowerManagerService(  207): setTimeoutLocked now=167559 timeoutOverride=-1 nextState=3 when=173559
02-14 14:10:31.923 D/PowerManagerService(  207): setTimeoutLocked now=167620 timeoutOverride=-1 nextState=3 when=173620
02-14 14:10:31.923 I/ActivityManager(  207): Starting: Intent { act=android.settings.SETTINGS flg=0x10200000 cmp=com.android.settings/.Settings } from pid 419
02-14 14:10:31.933 W/WindowManager(  207): updateFocusedWindowLocked newFocus=Window{40592050 AtchDlg:com.android.launcher/com.android.launcher2.Launcher paused=false} mode=3 mCurrentFocus = Window{40592050 AtchDlg:com.android.launcher/com.android.launcher2.Launcher paused=false}
02-14 14:10:31.983 W/WindowManager(  207): updateFocusedWindowLocked newFocus=null mode=0 mCurrentFocus = Window{40592050 AtchDlg:com.android.launcher/com.android.launcher2.Launcher paused=false}
02-14 14:10:31.983 W/WindowManager(  207): updateFocusedWindowLocked newFocus=null mode=2 mCurrentFocus = null
02-14 14:10:31.983 W/WindowManager(  207): updateFocusedWindowLocked newFocus=null mode=2 mCurrentFocus = null
02-14 14:10:32.073 W/WindowManager(  207): updateFocusedWindowLocked newFocus=Window{4072b578 com.android.settings/com.android.settings.Settings paused=false} mode=3 mCurrentFocus = null
02-14 14:10:32.143 W/WindowManager(  207): updateFocusedWindowLocked newFocus=Window{4072b578 com.android.settings/com.android.settings.Settings paused=false} mode=3 mCurrentFocus = Window{4072b578 com.android.settings/com.android.settings.Settings paused=false}
02-14 14:10:32.153 W/WindowManager(  207): updateFocusedWindowLocked newFocus=Window{4072b578 com.android.settings/com.android.settings.Settings paused=false} mode=3 mCurrentFocus = Window{4072b578 com.android.settings/com.android.settings.Settings paused=false}
02-14 14:10:32.283 W/WindowManager(  207): updateFocusedWindowLocked newFocus=Window{4072b578 com.android.settings/com.android.settings.Settings paused=false} mode=3 mCurrentFocus = Window{4072b578 com.android.settings/com.android.settings.Settings paused=false}
02-14 14:10:32.493 I/ActivityManager(  207): Start proc com.android.mms for broadcast com.android.mms/.transaction.PrivilegedSmsReceiver: pid=1070 uid=10030 gids={3003, 1015}
02-14 14:10:32.643 D/StatusBarPolicy(  317): updateDataIcon subscription =0
02-14 14:10:32.754 D/StatusBarPolicy(  317): onSignalStrengthsChanged:SignalStrength: 99 0 -101 -110 -107 -35 7 99 2147483647 2147483647 2147483647 2147483647 cdma for subscription0
02-14 14:10:32.754 D/StatusBarPolicy(  317): updateSignalStrength on subscription :0
02-14 14:10:32.754 D/StatusBarPolicy(  317): StatusBarPolocy::getIconLevel -EVDO
02-14 14:10:32.754 D/StatusBarPolicy(  317): getEvdoLevel_band_six -evdoDbm:-107
02-14 14:10:32.754 D/StatusBarPolicy(  317): getEvdoLevel_band_six -evdoEcio:-35
02-14 14:10:32.844 D/PowerManagerService(  207): setTimeoutLocked now=168543 timeoutOverride=-1 nextState=3 when=174543
02-14 14:10:32.914 D/PowerManagerService(  207): setTimeoutLocked now=168618 timeoutOverride=-1 nextState=3 when=174618
02-14 14:10:33.634 D/ConnectivityService(  207): Dropping ConnectivityChange for WIFI: DISCONNECTED/SCANNING
02-14 14:10:33.915 D/PowerManagerService(  207): setTimeoutLocked now=169618 timeoutOverride=-1 nextState=3 when=175618
02-14 14:10:34.055 D/PowerManagerService(  207): setTimeoutLocked now=169755 timeoutOverride=-1 nextState=3 when=175755
02-14 14:10:34.595 D/ConnectivityService(  207): Dropping ConnectivityChange for WIFI: DISCONNECTED/IDLE
02-14 14:10:34.665 D/StatusBarPolicy(  317): updateDataIcon subscription =0
02-14 14:10:34.966 D/StatusBarPolicy(  317): updateDataIcon subscription =0
02-14 14:10:34.996 D/StatusBarPolicy(  317): onSignalStrengthsChanged:SignalStrength: 99 0 -101 -90 -107 -35 7 99 2147483647 2147483647 2147483647 2147483647 cdma for subscription0
02-14 14:10:34.996 D/StatusBarPolicy(  317): updateSignalStrength on subscription :0
02-14 14:10:35.006 D/StatusBarPolicy(  317): StatusBarPolocy::getIconLevel -EVDO
02-14 14:10:35.006 D/StatusBarPolicy(  317): getEvdoLevel_band_six -evdoDbm:-107
02-14 14:10:35.006 D/StatusBarPolicy(  317): getEvdoLevel_band_six -evdoEcio:-35
02-14 14:10:35.857 I/ActivityManager(  207): No longer want com.android.defcontainer (pid 829): hidden #16
02-14 14:10:37.248 D/StatusBarPolicy(  317): onSignalStrengthsChanged:SignalStrength: 99 0 -101 -90 -108 -25 7 99 2147483647 2147483647 2147483647 2147483647 cdma for subscription0
02-14 14:10:37.248 D/StatusBarPolicy(  317): updateSignalStrength on subscription :0
02-14 14:10:37.248 D/StatusBarPolicy(  317): StatusBarPolocy::getIconLevel -EVDO
02-14 14:10:37.258 D/StatusBarPolicy(  317): getEvdoLevel_band_six -evdoDbm:-108
02-14 14:10:37.258 D/StatusBarPolicy(  317): getEvdoLevel_band_six -evdoEcio:-25
02-14 14:10:38.609 D/PowerManagerService(  207): setTimeoutLocked now=174306 timeoutOverride=-1 nextState=3 when=180306
02-14 14:10:38.799 D/StatusBarPolicy(  317): updateDataIcon subscription =0
02-14 14:10:38.920 D/PowerManagerService(  207): setTimeoutLocked now=174619 timeoutOverride=-1 nextState=3 when=180619
02-14 14:10:39.040 D/PowerManagerService(  207): setTimeoutLocked now=174732 timeoutOverride=-1 nextState=3 when=180732
02-14 14:10:39.540 D/StatusBarPolicy(  317): onSignalStrengthsChanged:SignalStrength: 99 0 -101 -90 -104 -25 7 99 2147483647 2147483647 2147483647 2147483647 cdma for subscription0
02-14 14:10:39.540 D/StatusBarPolicy(  317): updateSignalStrength on subscription :0
02-14 14:10:39.540 D/StatusBarPolicy(  317): StatusBarPolocy::getIconLevel -EVDO
02-14 14:10:39.540 D/StatusBarPolicy(  317): getEvdoLevel_band_six -evdoDbm:-104
02-14 14:10:39.540 D/StatusBarPolicy(  317): getEvdoLevel_band_six -evdoEcio:-25
02-14 14:10:39.810 D/StatusBarPolicy(  317): updateDataIcon subscription =0
02-14 14:10:40.701 D/PowerManagerService(  207): setTimeoutLocked now=176395 timeoutOverride=-1 nextState=3 when=182395
02-14 14:10:40.771 D/PowerManagerService(  207): setTimeoutLocked now=176468 timeoutOverride=-1 nextState=3 when=182468
02-14 14:10:40.921 I/ActivityManager(  207): Starting: Intent { act=android.intent.action.MAIN cmp=com.android.settings/.ApplicationSettings } from pid 650
02-14 14:10:40.962 W/WindowManager(  207): updateFocusedWindowLocked newFocus=null mode=0 mCurrentFocus = Window{4072b578 com.android.settings/com.android.settings.Settings paused=true}
02-14 14:10:40.992 W/WindowManager(  207): updateFocusedWindowLocked newFocus=Window{40592050 com.android.settings/com.android.settings.ApplicationSettings paused=false} mode=3 mCurrentFocus = null
02-14 14:10:41.072 W/WindowManager(  207): updateFocusedWindowLocked newFocus=Window{40592050 com.android.settings/com.android.settings.ApplicationSettings paused=false} mode=2 mCurrentFocus = Window{40592050 com.android.settings/com.android.settings.ApplicationSettings paused=false}
02-14 14:10:41.072 W/WindowManager(  207): updateFocusedWindowLocked newFocus=Window{40592050 com.android.settings/com.android.settings.ApplicationSettings paused=false} mode=2 mCurrentFocus = Window{40592050 com.android.settings/com.android.settings.ApplicationSettings paused=false}
02-14 14:10:41.082 W/WindowManager(  207): updateFocusedWindowLocked newFocus=Window{40592050 com.android.settings/com.android.settings.ApplicationSettings paused=false} mode=3 mCurrentFocus = Window{40592050 com.android.settings/com.android.settings.ApplicationSettings paused=false}
02-14 14:10:41.742 D/StatusBarPolicy(  317): onSignalStrengthsChanged:SignalStrength: 99 0 -102 -150 -101 -35 7 99 2147483647 2147483647 2147483647 2147483647 cdma for subscription0
02-14 14:10:41.742 D/StatusBarPolicy(  317): updateSignalStrength on subscription :0
02-14 14:10:41.752 D/StatusBarPolicy(  317): StatusBarPolocy::getIconLevel -EVDO
02-14 14:10:41.752 D/StatusBarPolicy(  317): getEvdoLevel_band_six -evdoDbm:-101
02-14 14:10:41.752 D/StatusBarPolicy(  317): getEvdoLevel_band_six -evdoEcio:-35
02-14 14:10:41.812 D/StatusBarPolicy(  317): updateDataIcon subscription =0
02-14 14:10:42.043 D/PowerManagerService(  207): setTimeoutLocked now=177740 timeoutOverride=-1 nextState=3 when=183740
02-14 14:10:42.113 D/PowerManagerService(  207): setTimeoutLocked now=177813 timeoutOverride=-1 nextState=3 when=183813
02-14 14:10:42.293 W/WindowManager(  207): updateFocusedWindowLocked newFocus=Window{4059b780 com.android.settings/com.android.settings.ApplicationSettings paused=false} mode=1 mCurrentFocus = Window{40592050 com.android.settings/com.android.settings.ApplicationSettings paused=false}
02-14 14:10:42.373 W/WindowManager(  207): updateFocusedWindowLocked newFocus=Window{4059b780 com.android.settings/com.android.settings.ApplicationSettings paused=false} mode=3 mCurrentFocus = Window{4059b780 com.android.settings/com.android.settings.ApplicationSettings paused=false}
02-14 14:10:42.643 I/ActivityManager(  207): Start proc com.sprint.w.installer for service com.sprint.w.installer/.delivery.ReportPostService: pid=1109 uid=10014 gids={3003, 1015}
02-14 14:10:42.813 D/StatusBarPolicy(  317): updateDataIcon subscription =0
02-14 14:10:43.154 D/PowerManagerService(  207): setTimeoutLocked now=178851 timeoutOverride=-1 nextState=3 when=184851
02-14 14:10:43.184 D/PowerManagerService(  207): setTimeoutLocked now=178888 timeoutOverride=-1 nextState=3 when=184888
02-14 14:10:43.284 W/WindowManager(  207): updateFocusedWindowLocked newFocus=Window{40592050 com.android.settings/com.android.settings.ApplicationSettings paused=false} mode=3 mCurrentFocus = Window{4059b780 com.android.settings/com.android.settings.ApplicationSettings paused=false}
02-14 14:10:43.294 W/InputManagerService(  207): Window already focused, ignoring focus gain of: com.android.internal.view.IInputMethodClient$Stub$Proxy@4095d958
02-14 14:10:43.774 D/WifiService(  207): ACTION_BATTERY_CHANGED pluggedType: 0
02-14 14:10:43.774 D/WifiService(  207): WifiHandler, MESSAGE_UPDATE_STATE
02-14 14:10:43.774 D/WifiService(  207): isAirplaneModeOn(): false
02-14 14:10:43.774 D/WifiService(  207): updateWifiState(), wifiEnabled: true, airplaneMode: false, wifiShouldBeEnabled: true, wifiShouldBeStarted: true, strongestLockMode: 1
02-14 14:10:43.774 D/WifiService(  207): WifiHandler, MESSAGE_ENABLE_WIFI, msg.arg1: 0, msg.arg2: 1000
02-14 14:10:43.774 D/WifiService(  207): WifiHandler, MESSAGE_START_WIFI, msg.arg1: 1
02-14 14:10:43.794 D/PowerManagerService(  207): setTimeoutLocked now=179495 timeoutOverride=-1 nextState=3 when=185495
02-14 14:10:43.844 D/PowerManagerService(  207): setTimeoutLocked now=179545 timeoutOverride=-1 nextState=3 when=185545
02-14 14:10:43.964 D/StatusBarPolicy(  317): onSignalStrengthsChanged:SignalStrength: 99 0 -102 -110 -101 -35 7 99 2147483647 2147483647 2147483647 2147483647 cdma for subscription0
02-14 14:10:43.964 D/StatusBarPolicy(  317): updateSignalStrength on subscription :0
02-14 14:10:43.964 D/StatusBarPolicy(  317): StatusBarPolocy::getIconLevel -EVDO
02-14 14:10:43.964 D/StatusBarPolicy(  317): getEvdoLevel_band_six -evdoDbm:-101
02-14 14:10:43.964 D/StatusBarPolicy(  317): getEvdoLevel_band_six -evdoEcio:-35
02-14 14:10:44.005 I/ActivityManager(  207): Starting: Intent { act=android.intent.action.MAIN cmp=com.android.settings/.DevelopmentSettings } from pid 650
02-14 14:10:44.015 W/WindowManager(  207): updateFocusedWindowLocked newFocus=null mode=0 mCurrentFocus = Window{40592050 com.android.settings/com.android.settings.ApplicationSettings paused=true}
02-14 14:10:44.045 W/WindowManager(  207): updateFocusedWindowLocked newFocus=Window{40834220 com.android.settings/com.android.settings.DevelopmentSettings paused=false} mode=3 mCurrentFocus = null
02-14 14:10:44.095 W/WindowManager(  207): updateFocusedWindowLocked newFocus=Window{40834220 com.android.settings/com.android.settings.DevelopmentSettings paused=false} mode=2 mCurrentFocus = Window{40834220 com.android.settings/com.android.settings.DevelopmentSettings paused=false}
02-14 14:10:44.095 W/WindowManager(  207): updateFocusedWindowLocked newFocus=Window{40834220 com.android.settings/com.android.settings.DevelopmentSettings paused=false} mode=2 mCurrentFocus = Window{40834220 com.android.settings/com.android.settings.DevelopmentSettings paused=false}
02-14 14:10:44.105 W/WindowManager(  207): updateFocusedWindowLocked newFocus=Window{40834220 com.android.settings/com.android.settings.DevelopmentSettings paused=false} mode=3 mCurrentFocus = Window{40834220 com.android.settings/com.android.settings.DevelopmentSettings paused=false}
02-14 14:10:44.605 D/NetdConnector(  207): SND -> {interface readrxcounter rmnet0} {null}
02-14 14:10:44.605 D/NetdConnector(  207): RCV <- {216 255277}
02-14 14:10:44.605 D/NetdConnector(  207): RSP <- {216 255277}
02-14 14:10:44.605 D/NetdConnector(  207): SND -> {interface readtxcounter rmnet0} {null}
02-14 14:10:44.615 D/NetdConnector(  207): RCV <- {217 50336}
02-14 14:10:44.615 D/NetdConnector(  207): RSP <- {217 50336}
02-14 14:10:44.615 E/ThrottleService(  207): Error reading data file
02-14 14:10:44.625 D/NetdConnector(  207): SND -> {interface readrxcounter rmnet0} {null}
02-14 14:10:44.625 D/NetdConnector(  207): RCV <- {216 255277}
02-14 14:10:44.625 D/NetdConnector(  207): RSP <- {216 255277}
02-14 14:10:44.625 D/NetdConnector(  207): SND -> {interface readtxcounter rmnet0} {null}
02-14 14:10:44.625 D/NetdConnector(  207): RCV <- {217 50336}
02-14 14:10:44.625 D/NetdConnector(  207): RSP <- {217 50336}
02-14 14:10:45.086 D/PowerManagerService(  207): setTimeoutLocked now=180777 timeoutOverride=-1 nextState=3 when=186777
02-14 14:10:45.146 D/PowerManagerService(  207): setTimeoutLocked now=180839 timeoutOverride=-1 nextState=3 when=186839
02-14 14:10:45.316 W/WindowManager(  207): updateFocusedWindowLocked newFocus=Window{409027b8 com.android.settings/com.android.settings.DevelopmentSettings paused=false} mode=1 mCurrentFocus = Window{40834220 com.android.settings/com.android.settings.DevelopmentSettings paused=false}
02-14 14:10:45.346 W/WindowManager(  207): updateFocusedWindowLocked newFocus=Window{409027b8 com.android.settings/com.android.settings.DevelopmentSettings paused=false} mode=3 mCurrentFocus = Window{409027b8 com.android.settings/com.android.settings.DevelopmentSettings paused=false}
02-14 14:10:46.057 D/PowerManagerService(  207): setTimeoutLocked now=181758 timeoutOverride=-1 nextState=3 when=187758
02-14 14:10:46.097 D/PowerManagerService(  207): setTimeoutLocked now=181796 timeoutOverride=-1 nextState=3 when=187796
02-14 14:10:46.157 W/WindowManager(  207): updateFocusedWindowLocked newFocus=Window{40834220 com.android.settings/com.android.settings.DevelopmentSettings paused=false} mode=3 mCurrentFocus = Window{409027b8 com.android.settings/com.android.settings.DevelopmentSettings paused=false}
02-14 14:10:46.167 W/InputManagerService(  207): Window already focused, ignoring focus gain of: com.android.internal.view.IInputMethodClient$Stub$Proxy@40666a68
02-14 14:10:46.177 E/NetlinkEvent(  116): NetlinkEvent::FindParam(): Parameter 'SWITCH_NAME' not found
02-14 14:10:46.177 E/NetlinkEvent(  116): NetlinkEvent::FindParam(): Parameter 'SWITCH_STATE' not found
02-14 14:10:46.177 W/Vold    (  116): Switch /devices/virtual/switch/usb_mass_storage event missing name/state info
02-14 14:10:46.177 D/Vold    (  116): usb_mass_storage function disabled
02-14 14:10:46.197 D/StatusBarPolicy(  317): onSignalStrengthsChanged:SignalStrength: 99 0 -102 -110 -97 -50 6 99 2147483647 2147483647 2147483647 2147483647 cdma for subscription0
02-14 14:10:46.197 D/StatusBarPolicy(  317): updateSignalStrength on subscription :0
02-14 14:10:46.207 D/StatusBarPolicy(  317): StatusBarPolocy::getIconLevel -EVDO
02-14 14:10:46.207 D/StatusBarPolicy(  317): getEvdoLevel_band_six -evdoDbm:-97
02-14 14:10:46.207 D/StatusBarPolicy(  317): getEvdoLevel_band_six -evdoEcio:-50
02-14 14:10:46.217 E/NetlinkEvent(  116): NetlinkEvent::FindParam(): Parameter 'SWITCH_NAME' not found
02-14 14:10:46.217 E/NetlinkEvent(  116): NetlinkEvent::FindParam(): Parameter 'SWITCH_STATE' not found
02-14 14:10:46.217 W/Vold    (  116): Switch /devices/virtual/switch/usb_connected event missing name/state info
02-14 14:10:46.227 E/NetlinkEvent(  116): NetlinkEvent::FindParam(): Parameter 'SWITCH_NAME' not found
02-14 14:10:46.227 E/NetlinkEvent(  116): NetlinkEvent::FindParam(): Parameter 'SWITCH_STATE' not found
02-14 14:10:46.227 W/Vold    (  116): Switch /devices/virtual/switch/usb_configuration event missing name/state info
02-14 14:10:46.227 E/NetlinkEvent(  116): NetlinkEvent::FindParam(): Parameter 'SWITCH_NAME' not found
02-14 14:10:46.227 E/NetlinkEvent(  116): NetlinkEvent::FindParam(): Parameter 'SWITCH_STATE' not found
02-14 14:10:46.227 W/Vold    (  116): Switch /devices/virtual/switch/usb_connected event missing name/state info
02-14 14:10:46.227 E/NetlinkEvent(  116): NetlinkEvent::FindParam(): Parameter 'SWITCH_NAME' not found
02-14 14:10:46.227 E/NetlinkEvent(  116): NetlinkEvent::FindParam(): Parameter 'SWITCH_STATE' not found
02-14 14:10:46.227 W/Vold    (  116): Switch /devices/virtual/switch/usb_configuration event missing name/state info
02-14 14:10:46.237 E/NetlinkEvent(  116): NetlinkEvent::FindParam(): Parameter 'SWITCH_NAME' not found
02-14 14:10:46.237 E/NetlinkEvent(  116): NetlinkEvent::FindParam(): Parameter 'SWITCH_STATE' not found
02-14 14:10:46.237 W/Vold    (  116): Switch /devices/virtual/switch/usb_mass_storage event missing name/state info
02-14 14:10:46.237 D/Vold    (  116): usb_mass_storage function enabled
02-14 14:10:46.747 D/PowerManagerService(  207): setTimeoutLocked now=182443 timeoutOverride=-1 nextState=3 when=188443
02-14 14:10:46.807 D/PowerManagerService(  207): setTimeoutLocked now=182508 timeoutOverride=-1 nextState=3 when=188508
02-14 14:10:48.479 D/StatusBarPolicy(  317): onSignalStrengthsChanged:SignalStrength: 99 0 -101 -80 -96 -30 7 99 2147483647 2147483647 2147483647 2147483647 cdma for subscription0
02-14 14:10:48.479 D/StatusBarPolicy(  317): updateSignalStrength on subscription :0
02-14 14:10:48.479 D/StatusBarPolicy(  317): StatusBarPolocy::getIconLevel -EVDO
02-14 14:10:48.479 D/StatusBarPolicy(  317): getEvdoLevel_band_six -evdoDbm:-96
02-14 14:10:48.479 D/StatusBarPolicy(  317): getEvdoLevel_band_six -evdoEcio:-30
02-14 14:10:48.979 D/PowerManagerService(  207): setTimeoutLocked now=184672 timeoutOverride=-1 nextState=3 when=190672
02-14 14:10:49.059 I/ActivityManager(  207): Starting: Intent { act=android.intent.action.MAIN cat=[android.intent.category.HOME] flg=0x10200000 cmp=com.android.launcher/com.android.launcher2.Launcher } from pid 207
02-14 14:10:49.059 W/WindowManager(  207): updateFocusedWindowLocked newFocus=Window{40834220 com.android.settings/com.android.settings.DevelopmentSettings paused=true} mode=3 mCurrentFocus = Window{40834220 com.android.settings/com.android.settings.DevelopmentSettings paused=true}
02-14 14:10:49.079 W/WindowManager(  207): updateFocusedWindowLocked newFocus=null mode=0 mCurrentFocus = Window{40834220 com.android.settings/com.android.settings.DevelopmentSettings paused=true}
02-14 14:10:49.099 W/WindowManager(  207): updateFocusedWindowLocked newFocus=null mode=3 mCurrentFocus = null
02-14 14:10:49.119 W/WindowManager(  207): updateFocusedWindowLocked newFocus=Window{40645950 com.android.launcher/com.android.launcher2.Launcher paused=false} mode=2 mCurrentFocus = null
02-14 14:10:49.119 W/WindowManager(  207): updateFocusedWindowLocked newFocus=Window{40645950 com.android.launcher/com.android.launcher2.Launcher paused=false} mode=2 mCurrentFocus = Window{40645950 com.android.launcher/com.android.launcher2.Launcher paused=false}
02-14 14:10:49.130 W/WindowManager(  207): updateFocusedWindowLocked newFocus=Window{40645950 com.android.launcher/com.android.launcher2.Launcher paused=false} mode=3 mCurrentFocus = Window{40645950 com.android.launcher/com.android.launcher2.Launcher paused=false}
02-14 14:10:49.630 D/ConnectivityService(  207): Dropping ConnectivityChange for WIFI: DISCONNECTED/SCANNING
02-14 14:10:50.130 D/PowerManagerService(  207): setTimeoutLocked now=185821 timeoutOverride=-1 nextState=3 when=191821
02-14 14:10:50.191 D/PowerManagerService(  207): setTimeoutLocked now=185881 timeoutOverride=-1 nextState=3 when=191881
02-14 14:10:50.211 I/ActivityManager(  207): Starting: Intent { act=android.intent.action.MAIN flg=0x10000000 cmp=com.android.contacts/.DialtactsActivity } from pid 419
02-14 14:10:50.231 W/WindowManager(  207): updateFocusedWindowLocked newFocus=Window{40645950 com.android.launcher/com.android.launcher2.Launcher paused=true} mode=3 mCurrentFocus = Window{40645950 com.android.launcher/com.android.launcher2.Launcher paused=true}
02-14 14:10:50.251 W/WindowManager(  207): updateFocusedWindowLocked newFocus=null mode=3 mCurrentFocus = Window{40645950 com.android.launcher/com.android.launcher2.Launcher paused=true}
02-14 14:10:50.261 W/WindowManager(  207): updateFocusedWindowLocked newFocus=null mode=0 mCurrentFocus = null
02-14 14:10:50.291 W/WindowManager(  207): updateFocusedWindowLocked newFocus=Window{405e5d98 com.android.contacts/com.android.contacts.DialtactsActivity paused=false} mode=2 mCurrentFocus = null
02-14 14:10:50.291 W/WindowManager(  207): updateFocusedWindowLocked newFocus=Window{405e5d98 com.android.contacts/com.android.contacts.DialtactsActivity paused=false} mode=2 mCurrentFocus = Window{405e5d98 com.android.contacts/com.android.contacts.DialtactsActivity paused=false}
02-14 14:10:50.311 W/WindowManager(  207): updateFocusedWindowLocked newFocus=Window{405e5d98 com.android.contacts/com.android.contacts.DialtactsActivity paused=false} mode=3 mCurrentFocus = Window{405e5d98 com.android.contacts/com.android.contacts.DialtactsActivity paused=false}
02-14 14:10:50.611 D/ConnectivityService(  207): Dropping ConnectivityChange for WIFI: DISCONNECTED/IDLE
02-14 14:10:50.691 D/StatusBarPolicy(  317): onSignalStrengthsChanged:SignalStrength: 99 0 -101 -80 -94 -40 7 99 2147483647 2147483647 2147483647 2147483647 cdma for subscription0
02-14 14:10:50.691 D/StatusBarPolicy(  317): updateSignalStrength on subscription :0
02-14 14:10:50.691 D/StatusBarPolicy(  317): StatusBarPolocy::getIconLevel -EVDO
02-14 14:10:50.691 D/StatusBarPolicy(  317): getEvdoLevel_band_six -evdoDbm:-94
02-14 14:10:50.691 D/StatusBarPolicy(  317): getEvdoLevel_band_six -evdoEcio:-40
02-14 14:10:51.312 D/PowerManagerService(  207): setTimeoutLocked now=186999 timeoutOverride=-1 nextState=3 when=192999
02-14 14:10:51.422 D/PowerManagerService(  207): setTimeoutLocked now=187112 timeoutOverride=-1 nextState=3 when=193112
02-14 14:10:51.852 D/PowerManagerService(  207): setTimeoutLocked now=187551 timeoutOverride=-1 nextState=3 when=193551
02-14 14:10:51.982 D/PowerManagerService(  207): setTimeoutLocked now=187688 timeoutOverride=-1 nextState=3 when=193688
02-14 14:10:52.443 D/PowerManagerService(  207): setTimeoutLocked now=188142 timeoutOverride=-1 nextState=3 when=194142
02-14 14:10:52.553 D/PowerManagerService(  207): setTimeoutLocked now=188253 timeoutOverride=-1 nextState=3 when=194253
02-14 14:10:52.923 D/StatusBarPolicy(  317): onSignalStrengthsChanged:SignalStrength: 99 0 -100 -95 -94 -40 7 99 2147483647 2147483647 2147483647 2147483647 cdma for subscription0
02-14 14:10:52.933 D/StatusBarPolicy(  317): updateSignalStrength on subscription :0
02-14 14:10:52.933 D/StatusBarPolicy(  317): StatusBarPolocy::getIconLevel -EVDO
02-14 14:10:52.933 D/StatusBarPolicy(  317): getEvdoLevel_band_six -evdoDbm:-94
02-14 14:10:52.943 D/StatusBarPolicy(  317): getEvdoLevel_band_six -evdoEcio:-40
02-14 14:10:53.354 D/PowerManagerService(  207): setTimeoutLocked now=189049 timeoutOverride=-1 nextState=3 when=195049
02-14 14:10:53.424 D/PowerManagerService(  207): setTimeoutLocked now=189122 timeoutOverride=-1 nextState=3 when=195122
02-14 14:10:53.864 D/PowerManagerService(  207): setTimeoutLocked now=189564 timeoutOverride=-1 nextState=3 when=195564
02-14 14:10:53.954 D/PowerManagerService(  207): setTimeoutLocked now=189649 timeoutOverride=-1 nextState=3 when=195649
02-14 14:10:55.175 D/StatusBarPolicy(  317): onSignalStrengthsChanged:SignalStrength: 99 0 -100 -95 -92 -40 7 99 2147483647 2147483647 2147483647 2147483647 cdma for subscription0
