02-14 14:09:27.230 D/StatusBarPolicy(  317): onServiceStateChanged:0 home Sprint  310099  IS95A CSS not supported 41 4139RoamInd: 1RoamStatus(sprint): 1DefRoamInd: 160EmergOnly: falsefor subscription :0
02-14 14:09:27.230 D/StatusBarPolicy(  317): updateSignalStrength on subscription :0
02-14 14:09:27.230 D/StatusBarPolicy(  317): StatusBarPolocy::getIconLevel -CDMA
02-14 14:09:27.230 D/StatusBarPolicy(  317): getCdmaLevel_band_six -cdmaDbm:-93
02-14 14:09:27.230 D/StatusBarPolicy(  317): getCdmaLevel_band_six -cdmaEcio:-70
02-14 14:09:27.230 D/StatusBarPolicy(  317): updateDataIcon subscription =0
02-14 14:09:27.240 I/TelephonyRegistry(  207): notifyServiceState: 0 home Sprint  310099  1xRTT CSS not supported 41 4139RoamInd: 1RoamStatus(sprint): 1DefRoamInd: 160EmergOnly: false
02-14 14:09:27.240 D/StatusBarPolicy(  317): onServiceStateChanged:0 home Sprint  310099  1xRTT CSS not supported 41 4139RoamInd: 1RoamStatus(sprint): 1DefRoamInd: 160EmergOnly: falsefor subscription :0
02-14 14:09:27.240 D/StatusBarPolicy(  317): updateSignalStrength on subscription :0
02-14 14:09:27.240 D/StatusBarPolicy(  317): StatusBarPolocy::getIconLevel -CDMA
02-14 14:09:27.240 D/StatusBarPolicy(  317): getCdmaLevel_band_six -cdmaDbm:-93
02-14 14:09:27.240 D/StatusBarPolicy(  317): getCdmaLevel_band_six -cdmaEcio:-70
02-14 14:09:27.250 D/StatusBarPolicy(  317): updateDataIcon subscription =0
02-14 14:09:27.310 I/TelephonyRegistry(  207): notifyDataConnection: anyState=0,default/INET,apnTypeState=1,iface=null,ip=null,gw=null,isDataConnectivityPossible=true,networkType=7,reason=radioTechnologyChanged
02-14 14:09:27.310 D/StatusBarPolicy(  317): StatusBarPolicy onDataConnectionStateChanged to 0for nw : 7on subscription : 0
02-14 14:09:27.310 D/StatusBarPolicy(  317): Data network type changed to:7
02-14 14:09:27.310 D/StatusBarPolicy(  317): updateDataIcon subscription =0
02-14 14:09:27.320 I/TelephonyRegistry(  207): notifyDataConnection: anyState=0,default/INET6,apnTypeState=0,iface=null,ip=null,gw=null,isDataConnectivityPossible=true,networkType=7,reason=radioTechnologyChanged
02-14 14:09:27.340 I/TelephonyRegistry(  207): notifyDataConnection: anyState=0,mms/INET,apnTypeState=0,iface=null,ip=null,gw=null,isDataConnectivityPossible=true,networkType=7,reason=radioTechnologyChanged
02-14 14:09:27.340 I/TelephonyRegistry(  207): notifyDataConnection: anyState=0,mms/INET6,apnTypeState=0,iface=null,ip=null,gw=null,isDataConnectivityPossible=true,networkType=7,reason=radioTechnologyChanged
02-14 14:09:27.350 I/TelephonyRegistry(  207): notifyDataConnection: anyState=0,supl/INET,apnTypeState=0,iface=null,ip=null,gw=null,isDataConnectivityPossible=true,networkType=7,reason=radioTechnologyChanged
02-14 14:09:27.360 I/TelephonyRegistry(  207): notifyDataConnection: anyState=0,supl/INET6,apnTypeState=0,iface=null,ip=null,gw=null,isDataConnectivityPossible=true,networkType=7,reason=radioTechnologyChanged
02-14 14:09:27.370 I/TelephonyRegistry(  207): notifyDataConnection: anyState=0,dun/INET,apnTypeState=0,iface=null,ip=null,gw=null,isDataConnectivityPossible=true,networkType=7,reason=radioTechnologyChanged
02-14 14:09:27.380 I/TelephonyRegistry(  207): notifyDataConnection: anyState=0,dun/INET6,apnTypeState=0,iface=null,ip=null,gw=null,isDataConnectivityPossible=true,networkType=7,reason=radioTechnologyChanged
02-14 14:09:27.390 I/TelephonyRegistry(  207): notifyDataConnection: anyState=0,hipri/INET,apnTypeState=0,iface=null,ip=null,gw=null,isDataConnectivityPossible=true,networkType=7,reason=radioTechnologyChanged
02-14 14:09:27.390 I/TelephonyRegistry(  207): notifyDataConnection: anyState=0,hipri/INET6,apnTypeState=0,iface=null,ip=null,gw=null,isDataConnectivityPossible=true,networkType=7,reason=radioTechnologyChanged
02-14 14:09:27.410 D/ConnectivityService(  207): ConnectivityChange for mobile: CONNECTING/CONNECTING
02-14 14:09:27.700 I/ActivityManager(  207): Start proc com.android.voicedialer for broadcast com.android.voicedialer/.VoiceDialerReceiver: pid=626 uid=10005 gids={3002}
02-14 14:09:27.750 I/ActivityManager(  207): Start proc com.swype.android.inputmethod for broadcast com.swype.android.inputmethod/.SwypeDataInitializer: pid=634 uid=10010 gids={1015}
02-14 14:09:27.860 D/PowerManagerService(  207): setTimeoutLocked now=103557 timeoutOverride=-1 nextState=0 when=110557
02-14 14:09:27.890 I/ActivityManager(  207): Start proc com.sprint.ce.updater for broadcast com.sprint.ce.updater/.BootCompletedReceiver: pid=642 uid=10012 gids={3003}
02-14 14:09:28.181 I/ActivityManager(  207): Start proc com.android.settings for broadcast com.android.qualcomm/.Dun_Autoboot: pid=650 uid=1000 gids={3002, 3001, 3003, 1015}
02-14 14:09:28.321 I/ActivityManager(  207): Start proc com.irdeto.providers.drm for broadcast com.irdeto.providers.drm/.OmaDrmReceiver: pid=658 uid=10024 gids={1015, 2001, 3003}
02-14 14:09:28.351 I/ActivityManager(  207): Start proc com.android.mms for broadcast com.android.mms/.transaction.MmsSystemEventReceiver: pid=665 uid=10030 gids={3003, 1015}
02-14 14:09:28.591 W/BackupManagerService(  207): dataChanged but no participant pkg='com.android.providers.settings' uid=10030
02-14 14:09:28.651 W/BackupManagerService(  207): dataChanged but no participant pkg='com.android.providers.settings' uid=10030
02-14 14:09:28.721 W/BackupManagerService(  207): dataChanged but no participant pkg='com.android.providers.settings' uid=10030
02-14 14:09:28.761 W/BackupManagerService(  207): dataChanged but no participant pkg='com.android.providers.settings' uid=10030
02-14 14:09:29.742 D/ConnectivityService(  207): Dropping ConnectivityChange for WIFI: DISCONNECTED/SCANNING
02-14 14:09:29.892 D/StatusBarPolicy(  317): onSignalStrengthsChanged:SignalStrength: 99 0 -93 -70 -93 -20 6 99 2147483647 2147483647 2147483647 2147483647 cdma for subscription0
02-14 14:09:29.892 D/StatusBarPolicy(  317): updateSignalStrength on subscription :0
02-14 14:09:29.902 D/StatusBarPolicy(  317): StatusBarPolocy::getIconLevel -CDMA
02-14 14:09:29.902 D/StatusBarPolicy(  317): getCdmaLevel_band_six -cdmaDbm:-93
02-14 14:09:29.902 D/StatusBarPolicy(  317): getCdmaLevel_band_six -cdmaEcio:-70
02-14 14:09:29.912 I/TelephonyRegistry(  207): notifyServiceState: 0 home Sprint  310099  1xRTT CSS not supported 41 4139RoamInd: 1RoamStatus(sprint): 1DefRoamInd: 160EmergOnly: false
02-14 14:09:29.912 D/StatusBarPolicy(  317): onServiceStateChanged:0 home Sprint  310099  1xRTT CSS not supported 41 4139RoamInd: 1RoamStatus(sprint): 1DefRoamInd: 160EmergOnly: falsefor subscription :0
02-14 14:09:29.912 D/StatusBarPolicy(  317): updateSignalStrength on subscription :0
02-14 14:09:29.922 D/StatusBarPolicy(  317): StatusBarPolocy::getIconLevel -CDMA
02-14 14:09:29.922 D/StatusBarPolicy(  317): getCdmaLevel_band_six -cdmaDbm:-93
02-14 14:09:29.922 D/StatusBarPolicy(  317): getCdmaLevel_band_six -cdmaEcio:-70
02-14 14:09:29.922 D/StatusBarPolicy(  317): updateDataIcon subscription =0
02-14 14:09:30.693 D/ConnectivityService(  207): Dropping ConnectivityChange for WIFI: DISCONNECTED/IDLE
02-14 14:09:30.723 W/BackupManagerService(  207): dataChanged but no participant pkg='com.android.providers.settings' uid=10030
02-14 14:09:32.275 D/StatusBarPolicy(  317): onSignalStrengthsChanged:SignalStrength: 99 0 -94 -80 -93 -20 7 99 2147483647 2147483647 2147483647 2147483647 cdma for subscription0
02-14 14:09:32.275 D/StatusBarPolicy(  317): updateSignalStrength on subscription :0
02-14 14:09:32.275 D/StatusBarPolicy(  317): StatusBarPolocy::getIconLevel -CDMA
02-14 14:09:32.275 D/StatusBarPolicy(  317): getCdmaLevel_band_six -cdmaDbm:-94
02-14 14:09:32.275 D/StatusBarPolicy(  317): getCdmaLevel_band_six -cdmaEcio:-80
02-14 14:09:33.586 W/BackupManagerService(  207): dataChanged but no participant pkg='com.android.providers.settings' uid=10030
02-14 14:09:33.656 W/BackupManagerService(  207): dataChanged but no participant pkg='com.android.providers.settings' uid=10030
02-14 14:09:33.706 W/BackupManagerService(  207): dataChanged but no participant pkg='com.android.providers.settings' uid=10030
02-14 14:09:33.746 W/BackupManagerService(  207): dataChanged but no participant pkg='com.android.providers.settings' uid=10030
02-14 14:09:33.786 W/BackupManagerService(  207): dataChanged but no participant pkg='com.android.providers.settings' uid=10030
02-14 14:09:33.856 W/BackupManagerService(  207): dataChanged but no participant pkg='com.android.providers.settings' uid=10030
02-14 14:09:33.906 W/BackupManagerService(  207): dataChanged but no participant pkg='com.android.providers.settings' uid=10030
02-14 14:09:33.946 W/BackupManagerService(  207): dataChanged but no participant pkg='com.android.providers.settings' uid=10030
02-14 14:09:33.996 W/BackupManagerService(  207): dataChanged but no participant pkg='com.android.providers.settings' uid=10030
02-14 14:09:34.046 W/BackupManagerService(  207): dataChanged but no participant pkg='com.android.providers.settings' uid=10030
02-14 14:09:34.086 W/BackupManagerService(  207): dataChanged but no participant pkg='com.android.providers.settings' uid=10030
02-14 14:09:34.136 W/BackupManagerService(  207): dataChanged but no participant pkg='com.android.providers.settings' uid=10030
02-14 14:09:34.196 W/BackupManagerService(  207): dataChanged but no participant pkg='com.android.providers.settings' uid=10030
02-14 14:09:34.497 D/StatusBarPolicy(  317): onSignalStrengthsChanged:SignalStrength: 99 0 -94 -80 -93 -30 7 99 2147483647 2147483647 2147483647 2147483647 cdma for subscription0
02-14 14:09:34.497 D/StatusBarPolicy(  317): updateSignalStrength on subscription :0
02-14 14:09:34.507 D/StatusBarPolicy(  317): StatusBarPolocy::getIconLevel -CDMA
02-14 14:09:34.507 D/StatusBarPolicy(  317): getCdmaLevel_band_six -cdmaDbm:-94
02-14 14:09:34.507 D/StatusBarPolicy(  317): getCdmaLevel_band_six -cdmaEcio:-80
02-14 14:09:35.267 I/TelephonyRegistry(  207): notifyServiceState: 0 home Sprint  310099  1xRTT CSS not supported 41 4139RoamInd: 1RoamStatus(sprint): 1DefRoamInd: 160EmergOnly: false
02-14 14:09:35.267 D/StatusBarPolicy(  317): onServiceStateChanged:0 home Sprint  310099  1xRTT CSS not supported 41 4139RoamInd: 1RoamStatus(sprint): 1DefRoamInd: 160EmergOnly: falsefor subscription :0
02-14 14:09:35.267 D/StatusBarPolicy(  317): updateSignalStrength on subscription :0
02-14 14:09:35.267 D/StatusBarPolicy(  317): StatusBarPolocy::getIconLevel -CDMA
02-14 14:09:35.267 D/StatusBarPolicy(  317): getCdmaLevel_band_six -cdmaDbm:-94
02-14 14:09:35.267 D/StatusBarPolicy(  317): getCdmaLevel_band_six -cdmaEcio:-80
02-14 14:09:35.267 D/StatusBarPolicy(  317): updateDataIcon subscription =0
02-14 14:09:35.287 I/TelephonyRegistry(  207): notifyServiceState: 0 home Sprint  310099  EvDo rev. A CSS not supported 41 4139RoamInd: 1RoamStatus(sprint): 1DefRoamInd: 160EmergOnly: false
02-14 14:09:35.287 D/StatusBarPolicy(  317): onServiceStateChanged:0 home Sprint  310099  EvDo rev. A CSS not supported 41 4139RoamInd: 1RoamStatus(sprint): 1DefRoamInd: 160EmergOnly: falsefor subscription :0
02-14 14:09:35.287 D/StatusBarPolicy(  317): updateSignalStrength on subscription :0
02-14 14:09:35.287 D/StatusBarPolicy(  317): StatusBarPolocy::getIconLevel -EVDO
02-14 14:09:35.287 D/StatusBarPolicy(  317): getEvdoLevel_band_six -evdoDbm:-93
02-14 14:09:35.287 D/StatusBarPolicy(  317): getEvdoLevel_band_six -evdoEcio:-30
02-14 14:09:35.287 D/StatusBarPolicy(  317): updateDataIcon subscription =0
02-14 14:09:35.307 I/TelephonyRegistry(  207): notifyDataConnection: anyState=0,default/INET,apnTypeState=1,iface=null,ip=null,gw=null,isDataConnectivityPossible=true,networkType=6,reason=radioTechnologyChanged
02-14 14:09:35.307 D/StatusBarPolicy(  317): StatusBarPolicy onDataConnectionStateChanged to 0for nw : 6on subscription : 0
02-14 14:09:35.307 D/StatusBarPolicy(  317): Data network type changed to:6
02-14 14:09:35.307 D/StatusBarPolicy(  317): updateDataIcon subscription =0
02-14 14:09:35.327 I/TelephonyRegistry(  207): notifyDataConnection: anyState=0,default/INET6,apnTypeState=0,iface=null,ip=null,gw=null,isDataConnectivityPossible=true,networkType=6,reason=radioTechnologyChanged
02-14 14:09:35.338 I/TelephonyRegistry(  207): notifyDataConnection: anyState=0,mms/INET,apnTypeState=0,iface=null,ip=null,gw=null,isDataConnectivityPossible=true,networkType=6,reason=radioTechnologyChanged
02-14 14:09:35.368 I/TelephonyRegistry(  207): notifyDataConnection: anyState=0,mms/INET6,apnTypeState=0,iface=null,ip=null,gw=null,isDataConnectivityPossible=true,networkType=6,reason=radioTechnologyChanged
02-14 14:09:35.378 I/TelephonyRegistry(  207): notifyDataConnection: anyState=0,supl/INET,apnTypeState=0,iface=null,ip=null,gw=null,isDataConnectivityPossible=true,networkType=6,reason=radioTechnologyChanged
02-14 14:09:35.378 I/TelephonyRegistry(  207): notifyDataConnection: anyState=0,supl/INET6,apnTypeState=0,iface=null,ip=null,gw=null,isDataConnectivityPossible=true,networkType=6,reason=radioTechnologyChanged
02-14 14:09:35.388 I/TelephonyRegistry(  207): notifyDataConnection: anyState=0,dun/INET,apnTypeState=0,iface=null,ip=null,gw=null,isDataConnectivityPossible=true,networkType=6,reason=radioTechnologyChanged
02-14 14:09:35.388 I/TelephonyRegistry(  207): notifyDataConnection: anyState=0,dun/INET6,apnTypeState=0,iface=null,ip=null,gw=null,isDataConnectivityPossible=true,networkType=6,reason=radioTechnologyChanged
02-14 14:09:35.418 I/TelephonyRegistry(  207): notifyDataConnection: anyState=0,hipri/INET,apnTypeState=0,iface=null,ip=null,gw=null,isDataConnectivityPossible=true,networkType=6,reason=radioTechnologyChanged
02-14 14:09:35.428 I/TelephonyRegistry(  207): notifyDataConnection: anyState=0,hipri/INET6,apnTypeState=0,iface=null,ip=null,gw=null,isDataConnectivityPossible=true,networkType=6,reason=radioTechnologyChanged
02-14 14:09:35.498 I/ActivityManager(  207): Start proc com.google.android.apps.maps:FriendService for broadcast com.google.android.apps.maps/com.google.googlenav.friend.android.ServiceReceiver: pid=684 uid=10033 gids={3003, 1015}
02-14 14:09:36.168 I/ActivityManager(  207): Start proc com.android.zte.HiddenMenu for broadcast com.android.zte.HiddenMenu/.CommandReceiver: pid=691 uid=1000 gids={3002, 3001, 3003, 1015}
02-14 14:09:36.278 I/ActivityManager(  207): No longer want com.google.android.apps.uploader (pid 453): hidden #16
02-14 14:09:36.308 I/ActivityManager(  207): No longer want com.google.android.gm (pid 463): hidden #16
02-14 14:09:36.409 I/ActivityManager(  207): Starting: Intent { flg=0x10000000 cmp=com.google.android.gsf/.update.SystemUpdateInstallDialog } from pid 387
02-14 14:09:36.429 W/WindowManager(  207): updateFocusedWindowLocked newFocus=null mode=0 mCurrentFocus = Window{40592050 com.sprint.w.installer/com.sprint.w.installer.WInstaller paused=true}
02-14 14:09:36.569 W/WindowManager(  207): updateFocusedWindowLocked newFocus=Window{40592050 com.sprint.w.installer/com.sprint.w.installer.WInstaller paused=false} mode=0 mCurrentFocus = null
02-14 14:09:36.569 W/InputManagerService(  207): Window already focused, ignoring focus gain of: com.android.internal.view.IInputMethodClient$Stub$Proxy@40afdb40
02-14 14:09:36.749 D/StatusBarPolicy(  317): onSignalStrengthsChanged:SignalStrength: 99 0 -94 -70 -93 -30 7 99 2147483647 2147483647 2147483647 2147483647 cdma for subscription0
02-14 14:09:36.749 D/StatusBarPolicy(  317): updateSignalStrength on subscription :0
02-14 14:09:36.749 D/StatusBarPolicy(  317): StatusBarPolocy::getIconLevel -EVDO
02-14 14:09:36.749 D/StatusBarPolicy(  317): getEvdoLevel_band_six -evdoDbm:-93
02-14 14:09:36.749 D/StatusBarPolicy(  317): getEvdoLevel_band_six -evdoEcio:-30
02-14 14:09:37.069 I/ActivityManager(  207): Force stopping package com.google.android.apps.maps uid=10033
02-14 14:09:37.219 I/ActivityManager(  207): Force stopping package com.google.android.youtube uid=10003
02-14 14:09:37.229 W/WindowManager(  207): updateFocusedWindowLocked newFocus=Window{40592050 com.sprint.w.installer/com.sprint.w.installer.WInstaller paused=false} mode=2 mCurrentFocus = Window{40592050 com.sprint.w.installer/com.sprint.w.installer.WInstaller paused=false}
02-14 14:09:37.229 W/WindowManager(  207): updateFocusedWindowLocked newFocus=Window{40592050 com.sprint.w.installer/com.sprint.w.installer.WInstaller paused=false} mode=2 mCurrentFocus = Window{40592050 com.sprint.w.installer/com.sprint.w.installer.WInstaller paused=false}
02-14 14:09:37.319 I/ActivityManager(  207): Start proc com.google.android.gm for broadcast com.google.android.gm/.MailIntentReceiver: pid=703 uid=10043 gids={3003, 1015}
02-14 14:09:37.319 I/ActivityManager(  207): Force stopping package com.android.vending uid=10022
02-14 14:09:37.670 I/ActivityManager(  207): Force stopping package com.google.android.voicesearch uid=10004
02-14 14:09:37.700 I/ActivityManager(  207): Start proc com.dataviz.docstogo for broadcast com.dataviz.docstogo/com.dataviz.dxtg.common.android.DTGPhoneBootReceiver: pid=715 uid=10049 gids={3003, 1015}
02-14 14:09:37.980 I/ActivityManager(  207): Force stopping package com.google.android.apps.books uid=10057
02-14 14:09:38.030 E/ActivityThread(  715): Failed to find provider info for com.dataviz.dxtg.common.android.bundleprovider
02-14 14:09:38.050 I/ActivityManager(  207): Process com.dataviz.docstogo (pid 715) has died.
02-14 14:09:38.411 I/ActivityManager(  207): Start proc com.android.camera for broadcast com.android.camera/.BootCamera: pid=726 uid=10052 gids={1006, 1015}
02-14 14:09:38.481 I/ActivityManager(  207): Start proc com.android.providers.calendar for broadcast com.android.providers.calendar/.CalendarReceiver: pid=733 uid=10053 gids={3003}
02-14 14:09:38.551 I/ActivityManager(  207): Start proc com.android.calendar for broadcast com.android.calendar/.AlertReceiver: pid=742 uid=10054 gids={3003}
02-14 14:09:38.721 I/ActivityManager(  207): Start proc com.google.android.apps.uploader for broadcast com.google.android.apps.uploader/.ConnectivityBroadcastReceiver: pid=752 uid=10031 gids={3003}
02-14 14:09:38.941 I/ActivityManager(  207): Start proc com.android.vending for broadcast com.android.vending/com.google.android.finsky.receivers.PersistentPackageMonitorReceiver: pid=765 uid=10022 gids={3003, 1015}
02-14 14:09:38.991 D/StatusBarPolicy(  317): onSignalStrengthsChanged:SignalStrength: 99 0 -94 -70 -93 -30 8 99 2147483647 2147483647 2147483647 2147483647 cdma for subscription0
02-14 14:09:38.991 D/StatusBarPolicy(  317): updateSignalStrength on subscription :0
02-14 14:09:38.991 D/StatusBarPolicy(  317): StatusBarPolocy::getIconLevel -EVDO
02-14 14:09:38.991 D/StatusBarPolicy(  317): getEvdoLevel_band_six -evdoDbm:-93
02-14 14:09:38.991 D/StatusBarPolicy(  317): getEvdoLevel_band_six -evdoEcio:-30
02-14 14:09:39.602 I/ActivityManager(  207): Start proc com.google.android.music:main for broadcast com.google.android.music/.store.MediaStoreImportService$Receiver: pid=788 uid=10028 gids={3003, 1015}
02-14 14:09:40.172 I/ActivityManager(  207): Start proc com.google.android.apps.maps:LocationFriendService for broadcast com.google.android.apps.maps/com.google.googlenav.friend.reporting.LocationReportingIntentReceiver: pid=800 uid=10033 gids={3003, 1015}
02-14 14:09:40.342 I/TelephonyRegistry(  207): notifyDataConnection: anyState=2,default/INET,apnTypeState=2,iface=rmnet0,ip=173.112.252.191,gw=173.112.252.129,isDataConnectivityPossible=true,networkType=6,reason=radioTechnologyChanged
02-14 14:09:40.342 D/StatusBarPolicy(  317): StatusBarPolicy onDataConnectionStateChanged to 2for nw : 6on subscription : 0
02-14 14:09:40.342 D/StatusBarPolicy(  317): Data network type changed to:6
02-14 14:09:40.342 D/StatusBarPolicy(  317): updateDataIcon subscription =0
02-14 14:09:40.352 I/TelephonyRegistry(  207): notifyDataConnection: anyState=2,mms/INET,apnTypeState=2,iface=rmnet0,ip=173.112.252.191,gw=173.112.252.129,isDataConnectivityPossible=true,networkType=6,reason=radioTechnologyChanged
02-14 14:09:40.382 D/ConnectivityService(  207): ConnectivityChange for mobile: CONNECTED/CONNECTED
02-14 14:09:40.382 D/ConnectivityService(  207): Got Network Connection Succ from Driver nwtype=0
02-14 14:09:40.382 D/ConnectivityService(  207): adding dns 68.28.67.132 for mobile
02-14 14:09:40.382 D/ConnectivityService(  207): adding dns 68.28.68.132 for mobile
02-14 14:09:40.392 I/TelephonyRegistry(  207): notifyDataConnection: anyState=2,supl/INET,apnTypeState=2,iface=rmnet0,ip=173.112.252.191,gw=173.112.252.129,isDataConnectivityPossible=true,networkType=6,reason=radioTechnologyChanged
02-14 14:09:40.392 D/NetdConnector(  207): SND -> {route replace def v4 rmnet0 173.112.252.129} {null}
02-14 14:09:40.402 I/TelephonyRegistry(  207): notifyDataConnection: anyState=2,hipri/INET,apnTypeState=2,iface=rmnet0,ip=173.112.252.191,gw=173.112.252.129,isDataConnectivityPossible=true,networkType=6,reason=radioTechnologyChanged
02-14 14:09:40.442 D/StatusBarPolicy(  317): updateDataIcon subscription =0
02-14 14:09:40.463 D/NetdConnector(  207): RCV <- {200 default route replace succeeded for [rmnet0 -4]}
02-14 14:09:40.463 D/NetdConnector(  207): RSP <- {200 default route replace succeeded for [rmnet0 -4]}
02-14 14:09:40.463 D/NetworkManagementService(  207): 200 default route replace succeeded for [rmnet0 -4]
02-14 14:09:40.463 D/StatusBarPolicy(  317): Data network type changed to:6
02-14 14:09:40.463 D/StatusBarPolicy(  317): updateDataIcon subscription =0
02-14 14:09:40.473 D/StatusBarPolicy(  317): updateSignalStrength on subscription :0
02-14 14:09:40.473 D/StatusBarPolicy(  317): StatusBarPolocy::getIconLevel -EVDO
02-14 14:09:40.473 D/StatusBarPolicy(  317): getEvdoLevel_band_six -evdoDbm:-93
02-14 14:09:40.473 D/StatusBarPolicy(  317): getEvdoLevel_band_six -evdoEcio:-30
02-14 14:09:40.653 I/ActivityManager(  207): No longer want com.qualcomm.privinit (pid 595): hidden #16
02-14 14:09:40.653 D/WifiService(  207): ACTION_SCREEN_OFF
02-14 14:09:40.663 D/WifiService(  207): setting ACTION_DEVICE_IDLE timer for 120,000 ms
02-14 14:09:41.103 W/BackupManagerService(  207): dataChanged but no participant pkg='com.android.providers.settings' uid=10024
02-14 14:09:41.203 D/RPC     (  207): 3000008c:00050000 sending call (XID 5).
02-14 14:09:41.203 D/RPC     (  207): 3000008c:00050000 received REPLY (XID 5), grabbing mutex to wake up client.
02-14 14:09:41.203 D/RPC     (  207): 3000008c:00050000 waiting for XDR input buffer to be consumed.
02-14 14:09:41.203 D/RPC     (  207): 3000008c:00050000 call success.
02-14 14:09:41.203 D/RPC     (  207): 3000008c:00050000 received CALL.
02-14 14:09:41.203 D/RPC     (  207): 3000008c:00050000 dispatching RPC call (XID 16, xdr 0x576618) for callback client 3100008c:00050001.
02-14 14:09:41.203 D/RPC     (  207): 3100008c:327681 sending RPC reply (XID 16)
02-14 14:09:41.203 D/RPC     (  207): 3000008c:00050000 sending call (XID 6).
02-14 14:09:41.213 D/RPC     (  207): 3000008c:00050000 received REPLY (XID 6), grabbing mutex to wake up client.
02-14 14:09:41.213 D/RPC     (  207): 3000008c:00050000 call success.
02-14 14:09:41.243 D/RPC     (  207): 3000008c:00050000 received CALL.
02-14 14:09:41.243 D/RPC     (  207): 3000008c:00050000 dispatching RPC call (XID 17, xdr 0x576618) for callback client 3100008c:00050001.
02-14 14:09:41.243 D/RPC     (  207): 3100008c:327681 sending RPC reply (XID 17)
02-14 14:09:41.463 I/ActivityManager(  207): No longer want com.swype.android.inputmethod (pid 634): hidden #16
02-14 14:09:41.514 D/RPC     (  207): 3000008c:00050000 sending call (XID 7).
02-14 14:09:41.534 D/RPC     (  207): 3000008c:00050000 received REPLY (XID 7), grabbing mutex to wake up client.
02-14 14:09:41.534 D/RPC     (  207): 3000008c:00050000 waiting for XDR input buffer to be consumed.
02-14 14:09:41.534 D/RPC     (  207): 3000008c:00050000 call success.
02-14 14:09:41.534 D/RPC     (  207): 3000008c:00050000 received CALL.
02-14 14:09:41.534 D/RPC     (  207): 3000008c:00050000 dispatching RPC call (XID 18, xdr 0x576618) for callback client 3100008c:00050001.
02-14 14:09:41.534 D/RPC     (  207): 3100008c:327681 sending RPC reply (XID 18)
02-14 14:09:41.684 D/PowerManagerService(  207): setTimeoutLocked now=117389 timeoutOverride=-1 nextState=0 when=124389
02-14 14:09:41.704 W/WindowManager(  207): updateFocusedWindowLocked newFocus=Window{406f0560 Keyguard paused=false} mode=3 mCurrentFocus = Window{40592050 com.sprint.w.installer/com.sprint.w.installer.WInstaller paused=false}
02-14 14:09:41.774 I/ActivityManager(  207): No longer want com.android.mms (pid 665): hidden #16
02-14 14:09:42.525 I/ActivityManager(  207): Start proc com.android.defcontainer for service com.android.defcontainer/.DefaultContainerService: pid=829 uid=10050 gids={1015, 2001}
02-14 14:09:42.655 W/WindowManager(  207): updateFocusedWindowLocked newFocus=Window{406f0560 Keyguard paused=false} mode=0 mCurrentFocus = Window{406f0560 Keyguard paused=false}
02-14 14:09:42.665 W/WindowManager(  207): updateFocusedWindowLocked newFocus=Window{406f0560 Keyguard paused=false} mode=3 mCurrentFocus = Window{406f0560 Keyguard paused=false}
02-14 14:09:42.675 W/WindowManager(  207): updateFocusedWindowLocked newFocus=Window{406f0560 Keyguard paused=false} mode=3 mCurrentFocus = Window{406f0560 Keyguard paused=false}
02-14 14:09:42.695 I/ActivityManager(  207): Start proc com.sprint.w.prefact for service com.sprint.w.prefact/.PreferredSetterService: pid=839 uid=10019 gids={}
02-14 14:09:42.705 W/WindowManager(  207): updateFocusedWindowLocked newFocus=Window{406f0560 Keyguard paused=false} mode=3 mCurrentFocus = Window{406f0560 Keyguard paused=false}
02-14 14:09:42.785 W/WindowManager(  207): updateFocusedWindowLocked newFocus=Window{406f0560 Keyguard paused=false} mode=0 mCurrentFocus = Window{406f0560 Keyguard paused=false}
02-14 14:09:42.975 I/PackageManager(  207): Adding preferred activity ComponentInfo{com.android.launcher/com.android.launcher2.Launcher}:
02-14 14:09:42.985 I/ActivityManager(  207): Starting: Intent { act=android.intent.action.MAIN cat=[android.intent.category.HOME] flg=0x10400000 cmp=com.android.launcher/com.android.launcher2.Launcher } from pid 839
02-14 14:09:43.165 W/ActivityManager(  207): No content provider found for: 
02-14 14:09:43.225 W/ActivityManager(  207): No content provider found for: 
02-14 14:09:43.646 W/BackupManagerService(  207): dataChanged but no participant pkg='com.android.providers.settings' uid=10024
02-14 14:09:43.726 D/WifiService(  207): ACTION_BATTERY_CHANGED pluggedType: 0
02-14 14:09:43.726 D/WifiService(  207): WifiHandler, MESSAGE_UPDATE_STATE
02-14 14:09:43.726 D/WifiService(  207): isAirplaneModeOn(): false
02-14 14:09:43.726 D/WifiService(  207): updateWifiState(), wifiEnabled: true, airplaneMode: false, wifiShouldBeEnabled: true, wifiShouldBeStarted: true, strongestLockMode: 1
02-14 14:09:43.726 D/WifiService(  207): WifiHandler, MESSAGE_ENABLE_WIFI, msg.arg1: 0, msg.arg2: 1000
02-14 14:09:43.726 D/WifiService(  207): WifiHandler, MESSAGE_START_WIFI, msg.arg1: 1
02-14 14:09:43.766 I/ActivityManager(  207): No longer want com.android.zte.HiddenMenu (pid 691): hidden #16
02-14 14:09:43.966 I/PackageManager(  207): Unpacking native libraries for /data/app/com.sprint.widget.tutorial-1.apk
02-14 14:09:44.046 I/ActivityManager(  207): Force stopping package com.sprint.widget.tutorial uid=10060
02-14 14:09:44.396 W/ActivityManager(  207): No content provider found for: 
02-14 14:09:44.416 W/ActivityManager(  207): No content provider found for: 
02-14 14:09:44.717 I/ActivityManager(  207): Start proc com.svox.pico for broadcast com.svox.pico/.VoiceDataInstallerReceiver: pid=850 uid=10021 gids={}
02-14 14:09:44.727 W/BackupManagerService(  207): dataChanged but no participant pkg='com.android.providers.settings' uid=10024
02-14 14:09:44.837 I/ActivityManager(  207): Start proc com.google.android.apps.maps for broadcast com.google.android.apps.maps/com.google.android.location.internal.NlpPackageUpdateReceiver: pid=857 uid=10033 gids={3003, 1015}
02-14 14:09:44.837 I/ActivityManager(  207): No longer want com.google.android.partnersetup (pid 548): hidden #16
02-14 14:09:45.117 I/ActivityManager(  207): No longer want com.android.camera (pid 726): hidden #16
02-14 14:09:45.247 W/BackupManagerService(  207): dataChanged but no participant pkg='com.android.providers.settings' uid=10024
02-14 14:09:45.527 I/ActivityManager(  207): No longer want com.android.calendar (pid 742): hidden #16
02-14 14:09:45.537 I/ActivityManager(  207): Start proc com.google.android.partnersetup for broadcast com.google.android.partnersetup/.AppInstalledReceiver: pid=865 uid=10041 gids={3003}
02-14 14:09:45.658 I/ActivityManager(  207): No longer want com.android.email (pid 567): hidden #16
02-14 14:09:45.658 D/WifiService(  207): ACTION_SCREEN_ON
02-14 14:09:45.658 D/WifiService(  207): WifiHandler, MESSAGE_UPDATE_STATE
02-14 14:09:45.658 D/WifiService(  207): isAirplaneModeOn(): false
02-14 14:09:45.658 D/WifiService(  207): updateWifiState(), wifiEnabled: true, airplaneMode: false, wifiShouldBeEnabled: true, wifiShouldBeStarted: true, strongestLockMode: 1
02-14 14:09:45.658 D/WifiService(  207): WifiHandler, MESSAGE_ENABLE_WIFI, msg.arg1: 0, msg.arg2: 1000
02-14 14:09:45.658 D/WifiService(  207): WifiHandler, MESSAGE_START_WIFI, msg.arg1: 1
02-14 14:09:45.678 D/StatusBarPolicy(  317): onSignalStrengthsChanged:SignalStrength: 99 0 -94 -85 -93 -60 8 99 2147483647 2147483647 2147483647 2147483647 cdma for subscription0
02-14 14:09:45.678 D/StatusBarPolicy(  317): updateSignalStrength on subscription :0
02-14 14:09:45.678 D/StatusBarPolicy(  317): StatusBarPolocy::getIconLevel -EVDO
02-14 14:09:45.678 D/StatusBarPolicy(  317): getEvdoLevel_band_six -evdoDbm:-93
02-14 14:09:45.678 D/StatusBarPolicy(  317): getEvdoLevel_band_six -evdoEcio:-60
02-14 14:09:45.698 D/ConnectivityService(  207): Dropping ConnectivityChange for WIFI: DISCONNECTED/SCANNING
02-14 14:09:45.718 I/TelephonyRegistry(  207): notifyServiceState: 0 home Sprint  310099  EvDo rev. A CSS not supported 41 4139RoamInd: 1RoamStatus(sprint): 1DefRoamInd: 160EmergOnly: false
02-14 14:09:45.718 D/StatusBarPolicy(  317): onServiceStateChanged:0 home Sprint  310099  EvDo rev. A CSS not supported 41 4139RoamInd: 1RoamStatus(sprint): 1DefRoamInd: 160EmergOnly: falsefor subscription :0
02-14 14:09:45.718 D/StatusBarPolicy(  317): updateSignalStrength on subscription :0
02-14 14:09:45.718 D/StatusBarPolicy(  317): StatusBarPolocy::getIconLevel -EVDO
02-14 14:09:45.718 D/StatusBarPolicy(  317): getEvdoLevel_band_six -evdoDbm:-93
02-14 14:09:45.718 D/StatusBarPolicy(  317): getEvdoLevel_band_six -evdoEcio:-60
02-14 14:09:45.718 D/StatusBarPolicy(  317): updateDataIcon subscription =0
02-14 14:09:46.008 D/StatusBarPolicy(  317): onSignalStrengthsChanged:SignalStrength: 99 0 -94 -85 -92 -40 7 99 2147483647 2147483647 2147483647 2147483647 cdma for subscription0
02-14 14:09:46.008 D/StatusBarPolicy(  317): updateSignalStrength on subscription :0
02-14 14:09:46.008 D/StatusBarPolicy(  317): StatusBarPolocy::getIconLevel -EVDO
02-14 14:09:46.008 D/StatusBarPolicy(  317): getEvdoLevel_band_six -evdoDbm:-92
02-14 14:09:46.008 D/StatusBarPolicy(  317): getEvdoLevel_band_six -evdoEcio:-40
02-14 14:09:46.328 I/ActivityManager(  207): Starting: Intent { act=com.sprint.ACTION_ALLOCATE_AND_BIND_ALL cat=[android.intent.category.DEFAULT] flg=0x10000000 cmp=com.android.launcher/com.android.launcher2.AppWidgetIdGenerator } from pid 471
02-14 14:09:46.328 W/WindowManager(  207): updateFocusedWindowLocked newFocus=Window{406f0560 Keyguard paused=false} mode=0 mCurrentFocus = Window{406f0560 Keyguard paused=false}
02-14 14:09:46.418 W/ActivityManager(  207): Launch timeout has expired, giving up wake lock!
02-14 14:09:46.428 I/ActivityManager(  207): Start proc com.sprint.widget.tutorial for broadcast com.sprint.widget.tutorial/.TutorialWidgetProvider1: pid=873 uid=10060 gids={1015}
02-14 14:09:46.518 I/ActivityManager(  207): No longer want com.android.providers.calendar (pid 733): hidden #16
02-14 14:09:46.639 I/PackageManager(  207): Unpacking native libraries for /data/app/com.sprint.voicemail-1.apk
02-14 14:09:46.669 D/ConnectivityService(  207): Dropping ConnectivityChange for WIFI: DISCONNECTED/IDLE
02-14 14:09:46.679 D/StatusBarPolicy(  317): updateDataIcon subscription =0
02-14 14:09:46.739 W/WindowManager(  207): updateFocusedWindowLocked newFocus=Window{406f0560 Keyguard paused=false} mode=0 mCurrentFocus = Window{406f0560 Keyguard paused=false}
02-14 14:09:46.769 D/PowerManagerService(  207): setTimeoutLocked now=122457 timeoutOverride=-1 nextState=3 when=128457
02-14 14:09:46.779 W/WindowManager(  207): updateFocusedWindowLocked newFocus=null mode=3 mCurrentFocus = Window{406f0560 Keyguard paused=false}
02-14 14:09:46.779 W/WindowManager(  207): updateFocusedWindowLocked newFocus=null mode=2 mCurrentFocus = null
02-14 14:09:46.789 D/PowerManagerService(  207): setTimeoutLocked now=122483 timeoutOverride=-1 nextState=3 when=128483
02-14 14:09:46.859 W/WindowManager(  207): updateFocusedWindowLocked newFocus=Window{40645950 com.android.launcher/com.android.launcher2.Launcher paused=false} mode=2 mCurrentFocus = null
02-14 14:09:46.899 I/ActivityManager(  207): Force stopping package com.sprint.voicemail uid=10061
02-14 14:09:47.199 W/WindowManager(  207): updateFocusedWindowLocked newFocus=Window{40645950 com.android.launcher/com.android.launcher2.Launcher paused=false} mode=2 mCurrentFocus = Window{40645950 com.android.launcher/com.android.launcher2.Launcher paused=false}
02-14 14:09:47.549 D/PowerManagerService(  207): setTimeoutLocked now=123245 timeoutOverride=-1 nextState=3 when=129245
02-14 14:09:47.660 D/PowerManagerService(  207): setTimeoutLocked now=123358 timeoutOverride=-1 nextState=3 when=129358
02-14 14:09:48.470 D/PowerManagerService(  207): setTimeoutLocked now=124165 timeoutOverride=-1 nextState=3 when=130165
02-14 14:09:50.022 D/StatusBarPolicy(  317): onSignalStrengthsChanged:SignalStrength: 99 0 -94 -85 -92 -50 6 99 2147483647 2147483647 2147483647 2147483647 cdma for subscription0
02-14 14:09:50.022 D/StatusBarPolicy(  317): updateSignalStrength on subscription :0
02-14 14:09:50.052 D/StatusBarPolicy(  317): StatusBarPolocy::getIconLevel -EVDO
02-14 14:09:50.052 D/StatusBarPolicy(  317): getEvdoLevel_band_six -evdoDbm:-92
02-14 14:09:50.052 D/StatusBarPolicy(  317): getEvdoLevel_band_six -evdoEcio:-50
02-14 14:09:50.062 I/ActivityManager(  207): No longer want com.cooliris.media (pid 602): hidden #16
02-14 14:09:50.102 I/ActivityManager(  207): Starting: Intent { act=android.intent.action.MAIN flg=0x10000000 cmp=com.android.contacts/.DialtactsActivity } from pid 419
02-14 14:09:50.112 W/WindowManager(  207): updateFocusedWindowLocked newFocus=Window{40645950 com.android.launcher/com.android.launcher2.Launcher paused=false} mode=3 mCurrentFocus = Window{40645950 com.android.launcher/com.android.launcher2.Launcher paused=false}
02-14 14:09:50.122 I/ActivityManager(  207): No longer want com.sprint.ce.updater (pid 642): hidden #16
02-14 14:09:50.152 W/WindowManager(  207): updateFocusedWindowLocked newFocus=null mode=0 mCurrentFocus = Window{40645950 com.android.launcher/com.android.launcher2.Launcher paused=true}
02-14 14:09:50.162 W/WindowManager(  207): updateFocusedWindowLocked newFocus=null mode=2 mCurrentFocus = null
02-14 14:09:50.162 W/WindowManager(  207): updateFocusedWindowLocked newFocus=null mode=2 mCurrentFocus = null
02-14 14:09:50.202 D/StatusBarPolicy(  317): onSignalStrengthsChanged:SignalStrength: 99 0 -96 -95 -92 -50 6 99 2147483647 2147483647 2147483647 2147483647 cdma for subscription0
02-14 14:09:50.202 D/StatusBarPolicy(  317): updateSignalStrength on subscription :0
02-14 14:09:50.202 D/StatusBarPolicy(  317): StatusBarPolocy::getIconLevel -EVDO
02-14 14:09:50.202 D/StatusBarPolicy(  317): getEvdoLevel_band_six -evdoDbm:-92
02-14 14:09:50.202 D/StatusBarPolicy(  317): getEvdoLevel_band_six -evdoEcio:-50
02-14 14:09:50.332 D/PowerManagerService(  207): setTimeoutLocked now=124213 timeoutOverride=-1 nextState=3 when=130213
02-14 14:09:50.332 D/PowerManagerService(  207): setTimeoutLocked now=124861 timeoutOverride=-1 nextState=3 when=130861
02-14 14:09:50.342 I/ActivityManager(  207): Starting: Intent { act=android.intent.action.MAIN flg=0x10000000 cmp=com.android.contacts/.DialtactsActivity } from pid 419
02-14 14:09:50.382 W/WindowManager(  207): updateFocusedWindowLocked newFocus=null mode=3 mCurrentFocus = null
02-14 14:09:52.424 D/StatusBarPolicy(  317): onSignalStrengthsChanged:SignalStrength: 99 0 -96 -95 -92 -50 5 99 2147483647 2147483647 2147483647 2147483647 cdma for subscription0
02-14 14:09:52.424 D/StatusBarPolicy(  317): updateSignalStrength on subscription :0
02-14 14:09:52.424 D/StatusBarPolicy(  317): StatusBarPolocy::getIconLevel -EVDO
02-14 14:09:52.424 D/StatusBarPolicy(  317): getEvdoLevel_band_six -evdoDbm:-92
02-14 14:09:52.424 D/StatusBarPolicy(  317): getEvdoLevel_band_six -evdoEcio:-50
02-14 14:09:52.494 W/WindowManager(  207): updateFocusedWindowLocked newFocus=Window{405e5d98 com.android.contacts/com.android.contacts.DialtactsActivity paused=false} mode=3 mCurrentFocus = null
02-14 14:09:52.554 D/PowerManagerService(  207): setTimeoutLocked now=124936 timeoutOverride=-1 nextState=3 when=130936
02-14 14:09:52.684 W/WindowManager(  207): updateFocusedWindowLocked newFocus=Window{405e5d98 com.android.contacts/com.android.contacts.DialtactsActivity paused=false} mode=3 mCurrentFocus = Window{405e5d98 com.android.contacts/com.android.contacts.DialtactsActivity paused=false}
02-14 14:09:53.375 I/ActivityManager(  207): Start proc com.google.android.voicesearch for broadcast com.google.android.voicesearch/.GservicesBroadcastReceiver: pid=896 uid=10004 gids={3003, 1015}
02-14 14:09:53.515 I/ActivityManager(  207): No longer want zte.com.cn.alarmclock (pid 611): hidden #16
02-14 14:09:53.555 I/ActivityManager(  207): Starting: Intent { flg=0x10000000 cmp=com.google.android.gsf/.update.SystemUpdateInstallDialog } from pid 387
02-14 14:09:53.565 W/WindowManager(  207): updateFocusedWindowLocked newFocus=null mode=0 mCurrentFocus = Window{405e5d98 com.android.contacts/com.android.contacts.DialtactsActivity paused=true}
02-14 14:09:53.675 W/WindowManager(  207): updateFocusedWindowLocked newFocus=Window{405e5d98 com.android.contacts/com.android.contacts.DialtactsActivity paused=false} mode=0 mCurrentFocus = null
02-14 14:09:53.725 W/WindowManager(  207): updateFocusedWindowLocked newFocus=Window{405e5d98 com.android.contacts/com.android.contacts.DialtactsActivity paused=false} mode=2 mCurrentFocus = Window{405e5d98 com.android.contacts/com.android.contacts.DialtactsActivity paused=false}
02-14 14:09:53.725 W/WindowManager(  207): updateFocusedWindowLocked newFocus=Window{405e5d98 com.android.contacts/com.android.contacts.DialtactsActivity paused=false} mode=2 mCurrentFocus = Window{405e5d98 com.android.contacts/com.android.contacts.DialtactsActivity paused=false}
02-14 14:09:53.735 W/InputManagerService(  207): Window already focused, ignoring focus gain of: com.android.internal.view.IInputMethodClient$Stub$Proxy@406eefe0
02-14 14:09:53.986 D/PowerManagerService(  207): setTimeoutLocked now=129687 timeoutOverride=-1 nextState=3 when=135687
02-14 14:09:54.066 D/PowerManagerService(  207): setTimeoutLocked now=129764 timeoutOverride=-1 nextState=3 when=135764
02-14 14:09:54.526 D/PowerManagerService(  207): setTimeoutLocked now=130228 timeoutOverride=-1 nextState=3 when=136228
02-14 14:09:54.566 I/TelephonyRegistry(  207): notifyMessageWaitingChanged: true
02-14 14:09:54.666 D/PowerManagerService(  207): setTimeoutLocked now=130365 timeoutOverride=-1 nextState=3 when=136365
02-14 14:09:55.117 I/ActivityManager(  207): Start proc com.sprint.ce.updater for service com.sprint.ce.updater/.UpdaterService: pid=915 uid=10012 gids={3003}
02-14 14:09:55.507 D/PowerManagerService(  207): setTimeoutLocked now=131207 timeoutOverride=-1 nextState=3 when=137207
02-14 14:09:55.567 D/PowerManagerService(  207): setTimeoutLocked now=131260 timeoutOverride=-1 nextState=3 when=137260
02-14 14:09:55.948 D/StatusBarPolicy(  317): onSignalStrengthsChanged:SignalStrength: 99 0 -93 -70 -100 -35 7 99 2147483647 2147483647 2147483647 2147483647 cdma for subscription0
02-14 14:09:55.948 D/StatusBarPolicy(  317): updateSignalStrength on subscription :0
02-14 14:09:55.948 D/StatusBarPolicy(  317): StatusBarPolocy::getIconLevel -EVDO
02-14 14:09:55.948 D/StatusBarPolicy(  317): getEvdoLevel_band_six -evdoDbm:-100
02-14 14:09:55.948 D/StatusBarPolicy(  317): getEvdoLevel_band_six -evdoEcio:-35
02-14 14:09:56.168 D/PowerManagerService(  207): setTimeoutLocked now=131860 timeoutOverride=-1 nextState=3 when=137860
02-14 14:09:56.278 D/PowerManagerService(  207): setTimeoutLocked now=131974 timeoutOverride=-1 nextState=3 when=137974
02-14 14:09:56.388 I/ActivityManager(  207): No longer want com.google.android.apps.maps:LocationFriendService (pid 800): hidden #16
02-14 14:09:56.859 I/ActivityManager(  207): No longer want com.google.android.apps.uploader (pid 752): hidden #16
02-14 14:09:56.889 D/PowerManagerService(  207): setTimeoutLocked now=132581 timeoutOverride=-1 nextState=3 when=138581
02-14 14:09:56.919 D/StatusBarPolicy(  317): onSignalStrengthsChanged:SignalStrength: 99 0 -93 -70 -98 -35 7 99 2147483647 2147483647 2147483647 2147483647 cdma for subscription0
02-14 14:09:56.919 D/StatusBarPolicy(  317): updateSignalStrength on subscription :0
02-14 14:09:56.919 D/StatusBarPolicy(  317): StatusBarPolocy::getIconLevel -EVDO
02-14 14:09:56.919 D/StatusBarPolicy(  317): getEvdoLevel_band_six -evdoDbm:-98
02-14 14:09:56.919 D/StatusBarPolicy(  317): getEvdoLevel_band_six -evdoEcio:-35
02-14 14:09:56.959 D/PowerManagerService(  207): setTimeoutLocked now=132655 timeoutOverride=-1 nextState=3 when=138655
02-14 14:09:57.759 D/PowerManagerService(  207): setTimeoutLocked now=133458 timeoutOverride=-1 nextState=3 when=139458
02-14 14:09:57.890 D/PowerManagerService(  207): setTimeoutLocked now=133585 timeoutOverride=-1 nextState=3 when=139585
02-14 14:09:57.900 I/ActivityManager(  207): Start proc com.cooliris.media for broadcast com.cooliris.media/com.cooliris.cache.BootReceiver: pid=941 uid=10046 gids={1015, 3003}
02-14 14:09:58.100 I/ActivityManager(  207): No longer want com.sprint.w.installer (pid 471): hidden #16
02-14 14:09:58.490 D/PowerManagerService(  207): setTimeoutLocked now=134189 timeoutOverride=-1 nextState=3 when=140189
02-14 14:09:58.590 D/PowerManagerService(  207): setTimeoutLocked now=134288 timeoutOverride=-1 nextState=3 when=140288
02-14 14:09:58.600 I/ActivityManager(  207): Start proc com.zte.emode for broadcast com.zte.emode/.MatchingReceiver: pid=951 uid=1000 gids={3002, 3001, 3003, 1015}
02-14 14:09:58.720 I/ActivityManager(  207): Starting: Intent { flg=0x10000000 cmp=com.zte.emode/.EmodeSubmenu (has extras) } from pid 951
02-14 14:09:58.730 W/WindowManager(  207): updateFocusedWindowLocked newFocus=Window{405e5d98 com.android.contacts/com.android.contacts.DialtactsActivity paused=false} mode=3 mCurrentFocus = Window{405e5d98 com.android.contacts/com.android.contacts.DialtactsActivity paused=false}
02-14 14:09:58.740 I/ActivityManager(  207): No longer want com.sprint.w.prefact (pid 839): hidden #16
02-14 14:09:58.750 W/WindowManager(  207): updateFocusedWindowLocked newFocus=null mode=0 mCurrentFocus = Window{405e5d98 com.android.contacts/com.android.contacts.DialtactsActivity paused=true}
02-14 14:09:58.770 W/WindowManager(  207): updateFocusedWindowLocked newFocus=null mode=2 mCurrentFocus = null
02-14 14:09:58.770 W/WindowManager(  207): updateFocusedWindowLocked newFocus=null mode=2 mCurrentFocus = null
02-14 14:09:58.911 W/WindowManager(  207): updateFocusedWindowLocked newFocus=Window{4055c628 com.zte.emode/com.zte.emode.EmodeSubmenu paused=false} mode=3 mCurrentFocus = null
02-14 14:09:58.951 W/WindowManager(  207): updateFocusedWindowLocked newFocus=Window{4055c628 com.zte.emode/com.zte.emode.EmodeSubmenu paused=false} mode=3 mCurrentFocus = Window{4055c628 com.zte.emode/com.zte.emode.EmodeSubmenu paused=false}
02-14 14:09:59.091 W/InputManagerService(  207): Starting input on non-focused client com.android.internal.view.IInputMethodClient$Stub$Proxy@406507f8 (uid=10007 pid=393)
02-14 14:09:59.091 W/WindowManager(  207): updateFocusedWindowLocked newFocus=Window{4055c628 com.zte.emode/com.zte.emode.EmodeSubmenu paused=false} mode=3 mCurrentFocus = Window{4055c628 com.zte.emode/com.zte.emode.EmodeSubmenu paused=false}
02-14 14:09:59.161 D/StatusBarPolicy(  317): onSignalStrengthsChanged:SignalStrength: 99 0 -93 -70 -96 -35 8 99 2147483647 2147483647 2147483647 2147483647 cdma for subscription0
02-14 14:09:59.161 D/StatusBarPolicy(  317): updateSignalStrength on subscription :0
02-14 14:09:59.161 D/StatusBarPolicy(  317): StatusBarPolocy::getIconLevel -EVDO
02-14 14:09:59.161 D/StatusBarPolicy(  317): getEvdoLevel_band_six -evdoDbm:-96
02-14 14:09:59.161 D/StatusBarPolicy(  317): getEvdoLevel_band_six -evdoEcio:-35
02-14 14:09:59.711 D/PowerManagerService(  207): setTimeoutLocked now=135403 timeoutOverride=-1 nextState=3 when=141403
02-14 14:09:59.731 D/WifiService(  207): ACTION_BATTERY_CHANGED pluggedType: 0
02-14 14:09:59.731 D/WifiService(  207): WifiHandler, MESSAGE_UPDATE_STATE
02-14 14:09:59.731 D/WifiService(  207): isAirplaneModeOn(): false
02-14 14:09:59.731 D/WifiService(  207): updateWifiState(), wifiEnabled: true, airplaneMode: false, wifiShouldBeEnabled: true, wifiShouldBeStarted: true, strongestLockMode: 1
02-14 14:09:59.731 D/WifiService(  207): WifiHandler, MESSAGE_ENABLE_WIFI, msg.arg1: 0, msg.arg2: 1000
02-14 14:09:59.731 D/WifiService(  207): WifiHandler, MESSAGE_START_WIFI, msg.arg1: 1
02-14 14:09:59.821 D/PowerManagerService(  207): setTimeoutLocked now=135515 timeoutOverride=-1 nextState=3 when=141515
02-14 14:09:59.972 D/StatusBarPolicy(  317): updateDataIcon subscription =0
02-14 14:09:59.982 I/ActivityManager(  207): Starting: Intent { flg=0x10000000 cmp=com.zte.emode/.DevInfo (has extras) } from pid 951
02-14 14:09:59.992 W/WindowManager(  207): updateFocusedWindowLocked newFocus=null mode=0 mCurrentFocus = Window{4055c628 com.zte.emode/com.zte.emode.EmodeSubmenu paused=true}
02-14 14:10:00.002 D/AlarmManager(  207): scheduleTimeTickEvent calendar=Tue Feb 14 14:11:00 CST 2012
02-14 14:10:00.002 D/AlarmManager(  207): calendar.getTimeInMillis()1329250260000
02-14 14:10:00.142 W/WindowManager(  207): updateFocusedWindowLocked newFocus=Window{40592050 com.zte.emode/com.zte.emode.DevInfo paused=false} mode=3 mCurrentFocus = null
02-14 14:10:00.172 W/WindowManager(  207): updateFocusedWindowLocked newFocus=Window{40592050 com.zte.emode/com.zte.emode.DevInfo paused=false} mode=2 mCurrentFocus = Window{40592050 com.zte.emode/com.zte.emode.DevInfo paused=false}
02-14 14:10:00.172 W/WindowManager(  207): updateFocusedWindowLocked newFocus=Window{40592050 com.zte.emode/com.zte.emode.DevInfo paused=false} mode=2 mCurrentFocus = Window{40592050 com.zte.emode/com.zte.emode.DevInfo paused=false}
02-14 14:10:00.182 W/WindowManager(  207): updateFocusedWindowLocked newFocus=Window{40592050 com.zte.emode/com.zte.emode.DevInfo paused=false} mode=3 mCurrentFocus = Window{40592050 com.zte.emode/com.zte.emode.DevInfo paused=false}
02-14 14:10:01.683 D/ConnectivityService(  207): Dropping ConnectivityChange for WIFI: DISCONNECTED/SCANNING
02-14 14:10:01.863 D/PowerManagerService(  207): setTimeoutLocked now=137565 timeoutOverride=-1 nextState=3 when=143565
02-14 14:10:01.923 W/WindowManager(  207): updateFocusedWindowLocked newFocus=Window{40592050 com.zte.emode/com.zte.emode.DevInfo paused=true} mode=0 mCurrentFocus = Window{40592050 com.zte.emode/com.zte.emode.DevInfo paused=true}
02-14 14:10:01.943 W/WindowManager(  207): updateFocusedWindowLocked newFocus=Window{4055c628 com.zte.emode/com.zte.emode.EmodeSubmenu paused=false} mode=3 mCurrentFocus = Window{40592050 com.zte.emode/com.zte.emode.DevInfo paused=false}
02-14 14:10:01.963 W/WindowManager(  207): updateFocusedWindowLocked newFocus=Window{4055c628 com.zte.emode/com.zte.emode.EmodeSubmenu paused=false} mode=2 mCurrentFocus = Window{4055c628 com.zte.emode/com.zte.emode.EmodeSubmenu paused=false}
02-14 14:10:01.963 W/WindowManager(  207): updateFocusedWindowLocked newFocus=Window{4055c628 com.zte.emode/com.zte.emode.EmodeSubmenu paused=false} mode=2 mCurrentFocus = Window{4055c628 com.zte.emode/com.zte.emode.EmodeSubmenu paused=false}
02-14 14:10:01.973 W/WindowManager(  207): updateFocusedWindowLocked newFocus=Window{4055c628 com.zte.emode/com.zte.emode.EmodeSubmenu paused=false} mode=3 mCurrentFocus = Window{4055c628 com.zte.emode/com.zte.emode.EmodeSubmenu paused=false}
02-14 14:10:02.124 W/WindowManager(  207): updateFocusedWindowLocked newFocus=Window{4055c628 com.zte.emode/com.zte.emode.EmodeSubmenu paused=false} mode=3 mCurrentFocus = Window{4055c628 com.zte.emode/com.zte.emode.EmodeSubmenu paused=false}
02-14 14:10:02.134 W/WindowManager(  207): updateFocusedWindowLocked newFocus=Window{4055c628 com.zte.emode/com.zte.emode.EmodeSubmenu paused=false} mode=0 mCurrentFocus = Window{4055c628 com.zte.emode/com.zte.emode.EmodeSubmenu paused=false}
02-14 14:10:02.534 D/PowerManagerService(  207): setTimeoutLocked now=138232 timeoutOverride=-1 nextState=3 when=144232
02-14 14:10:02.584 W/WindowManager(  207): updateFocusedWindowLocked newFocus=Window{4055c628 com.zte.emode/com.zte.emode.EmodeSubmenu paused=true} mode=0 mCurrentFocus = Window{4055c628 com.zte.emode/com.zte.emode.EmodeSubmenu paused=true}
02-14 14:10:02.614 W/WindowManager(  207): updateFocusedWindowLocked newFocus=Window{405e5d98 com.android.contacts/com.android.contacts.DialtactsActivity paused=false} mode=3 mCurrentFocus = Window{4055c628 com.zte.emode/com.zte.emode.EmodeSubmenu paused=true}
02-14 14:10:02.644 D/ConnectivityService(  207): Dropping ConnectivityChange for WIFI: DISCONNECTED/IDLE
