02-14 14:10:55.175 D/StatusBarPolicy(  317): updateSignalStrength on subscription :0
02-14 14:10:55.175 D/StatusBarPolicy(  317): StatusBarPolocy::getIconLevel -EVDO
02-14 14:10:55.185 D/StatusBarPolicy(  317): getEvdoLevel_band_six -evdoDbm:-92
02-14 14:10:55.185 D/StatusBarPolicy(  317): getEvdoLevel_band_six -evdoEcio:-40
02-14 14:10:55.306 I/WindowManager(  207): Setting rotation to 1, animFlags=0
02-14 14:10:55.336 I/ActivityManager(  207): Config changed: { scale=1.0 imsi=310/120 loc=en_US touch=3 keys=1/1/2 nav=1/1 orien=2 layout=18 uiMode=17 seq=5}
02-14 14:10:55.426 W/WindowManager(  207): updateFocusedWindowLocked newFocus=null mode=0 mCurrentFocus = Window{405e5d98 com.android.contacts/com.android.contacts.DialtactsActivity paused=false}
02-14 14:10:55.756 W/WindowManager(  207): updateFocusedWindowLocked newFocus=Window{40b6c578 com.android.contacts/com.android.contacts.DialtactsActivity paused=false} mode=3 mCurrentFocus = null
02-14 14:10:56.907 D/StatusBarPolicy(  317): updateDataIcon subscription =0
02-14 14:10:57.428 D/StatusBarPolicy(  317): onSignalStrengthsChanged:SignalStrength: 99 0 -90 -85 -91 -45 6 99 2147483647 2147483647 2147483647 2147483647 cdma for subscription0
02-14 14:10:57.428 D/StatusBarPolicy(  317): updateSignalStrength on subscription :0
02-14 14:10:57.428 D/StatusBarPolicy(  317): StatusBarPolocy::getIconLevel -EVDO
02-14 14:10:57.428 D/StatusBarPolicy(  317): getEvdoLevel_band_six -evdoDbm:-91
02-14 14:10:57.428 D/StatusBarPolicy(  317): getEvdoLevel_band_six -evdoEcio:-45
02-14 14:10:57.948 D/StatusBarPolicy(  317): updateDataIcon subscription =0
02-14 14:10:57.968 I/ActivityManager(  207): No longer want com.sprint.widget.tutorial (pid 873): hidden #16
02-14 14:10:58.969 D/StatusBarPolicy(  317): updateDataIcon subscription =0
02-14 14:10:59.339 I/WindowManager(  207): Setting rotation to 0, animFlags=0
02-14 14:10:59.359 I/ActivityManager(  207): Config changed: { scale=1.0 imsi=310/120 loc=en_US touch=3 keys=1/1/2 nav=1/1 orien=1 layout=18 uiMode=17 seq=6}
02-14 14:10:59.470 W/WindowManager(  207): updateFocusedWindowLocked newFocus=null mode=0 mCurrentFocus = Window{40b6c578 com.android.contacts/com.android.contacts.DialtactsActivity paused=false}
02-14 14:10:59.640 D/StatusBarPolicy(  317): onSignalStrengthsChanged:SignalStrength: 99 0 -90 -85 -90 -45 7 99 2147483647 2147483647 2147483647 2147483647 cdma for subscription0
02-14 14:10:59.640 D/StatusBarPolicy(  317): updateSignalStrength on subscription :0
02-14 14:10:59.640 D/StatusBarPolicy(  317): StatusBarPolocy::getIconLevel -EVDO
02-14 14:10:59.640 D/StatusBarPolicy(  317): getEvdoLevel_band_six -evdoDbm:-90
02-14 14:10:59.640 D/StatusBarPolicy(  317): getEvdoLevel_band_six -evdoEcio:-45
02-14 14:10:59.710 W/WindowManager(  207): updateFocusedWindowLocked newFocus=Window{405e5d98 com.android.contacts/com.android.contacts.DialtactsActivity paused=false} mode=3 mCurrentFocus = null
02-14 14:10:59.960 D/PowerManagerService(  207): setTimeoutLocked now=195650 timeoutOverride=-1 nextState=1 when=197650
02-14 14:11:00.000 D/AlarmManager(  207): scheduleTimeTickEvent calendar=Tue Feb 14 14:12:00 CST 2012
02-14 14:11:00.000 D/AlarmManager(  207): calendar.getTimeInMillis()1329250320000
02-14 14:11:01.892 D/StatusBarPolicy(  317): onSignalStrengthsChanged:SignalStrength: 99 0 -88 -70 -89 -20 8 99 2147483647 2147483647 2147483647 2147483647 cdma for subscription0
02-14 14:11:01.892 D/StatusBarPolicy(  317): updateSignalStrength on subscription :0
02-14 14:11:01.892 D/StatusBarPolicy(  317): StatusBarPolocy::getIconLevel -EVDO
02-14 14:11:01.892 D/StatusBarPolicy(  317): getEvdoLevel_band_six -evdoDbm:-89
02-14 14:11:01.892 D/StatusBarPolicy(  317): getEvdoLevel_band_six -evdoEcio:-20
02-14 14:11:01.962 D/PowerManagerService(  207): setTimeoutLocked now=197652 timeoutOverride=-1 nextState=0 when=204652
02-14 14:11:04.004 D/StatusBarPolicy(  317): updateDataIcon subscription =0
02-14 14:11:04.144 D/StatusBarPolicy(  317): onSignalStrengthsChanged:SignalStrength: 99 0 -88 -70 -89 -30 7 99 2147483647 2147483647 2147483647 2147483647 cdma for subscription0
02-14 14:11:04.144 D/StatusBarPolicy(  317): updateSignalStrength on subscription :0
02-14 14:11:04.154 D/StatusBarPolicy(  317): StatusBarPolocy::getIconLevel -EVDO
02-14 14:11:04.154 D/StatusBarPolicy(  317): getEvdoLevel_band_six -evdoDbm:-89
02-14 14:11:04.154 D/StatusBarPolicy(  317): getEvdoLevel_band_six -evdoEcio:-30
02-14 14:11:05.626 D/ConnectivityService(  207): Dropping ConnectivityChange for WIFI: DISCONNECTED/SCANNING
02-14 14:11:06.607 D/ConnectivityService(  207): Dropping ConnectivityChange for WIFI: DISCONNECTED/IDLE
02-14 14:11:08.619 D/StatusBarPolicy(  317): onSignalStrengthsChanged:SignalStrength: 99 0 -88 -70 -87 -15 7 99 2147483647 2147483647 2147483647 2147483647 cdma for subscription0
02-14 14:11:08.619 D/StatusBarPolicy(  317): updateSignalStrength on subscription :0
02-14 14:11:08.619 D/StatusBarPolicy(  317): StatusBarPolocy::getIconLevel -EVDO
02-14 14:11:08.639 D/StatusBarPolicy(  317): getEvdoLevel_band_six -evdoDbm:-87
02-14 14:11:08.639 D/StatusBarPolicy(  317): getEvdoLevel_band_six -evdoEcio:-15
02-14 14:11:09.349 D/WifiService(  207): ACTION_SCREEN_OFF
02-14 14:11:09.359 D/WifiService(  207): setting ACTION_DEVICE_IDLE timer for 120,000 ms
02-14 14:11:11.762 D/PowerManagerService(  207): setTimeoutLocked now=207445 timeoutOverride=-1 nextState=3 when=213445
02-14 14:11:11.782 W/WindowManager(  207): updateFocusedWindowLocked newFocus=Window{405e5d98 com.android.contacts/com.android.contacts.DialtactsActivity paused=false} mode=2 mCurrentFocus = Window{405e5d98 com.android.contacts/com.android.contacts.DialtactsActivity paused=false}
02-14 14:11:11.782 W/WindowManager(  207): updateFocusedWindowLocked newFocus=Window{405e5d98 com.android.contacts/com.android.contacts.DialtactsActivity paused=false} mode=2 mCurrentFocus = Window{405e5d98 com.android.contacts/com.android.contacts.DialtactsActivity paused=false}
02-14 14:11:11.792 D/WifiService(  207): ACTION_SCREEN_ON
02-14 14:11:11.792 D/WifiService(  207): WifiHandler, MESSAGE_UPDATE_STATE
02-14 14:11:11.792 D/WifiService(  207): isAirplaneModeOn(): false
02-14 14:11:11.792 D/WifiService(  207): updateWifiState(), wifiEnabled: true, airplaneMode: false, wifiShouldBeEnabled: true, wifiShouldBeStarted: true, strongestLockMode: 1
02-14 14:11:11.792 D/WifiService(  207): WifiHandler, MESSAGE_ENABLE_WIFI, msg.arg1: 0, msg.arg2: 1000
02-14 14:11:11.792 D/WifiService(  207): WifiHandler, MESSAGE_START_WIFI, msg.arg1: 1
02-14 14:11:11.822 D/StatusBarPolicy(  317): onSignalStrengthsChanged:SignalStrength: 99 0 -88 -70 -87 -50 7 99 2147483647 2147483647 2147483647 2147483647 cdma for subscription0
02-14 14:11:11.822 D/StatusBarPolicy(  317): updateSignalStrength on subscription :0
02-14 14:11:11.822 D/StatusBarPolicy(  317): StatusBarPolocy::getIconLevel -EVDO
02-14 14:11:11.822 D/StatusBarPolicy(  317): getEvdoLevel_band_six -evdoDbm:-87
02-14 14:11:11.822 D/StatusBarPolicy(  317): getEvdoLevel_band_six -evdoEcio:-50
02-14 14:11:11.842 I/TelephonyRegistry(  207): notifyServiceState: 0 home Sprint  310099  EvDo rev. A CSS not supported 41 4139RoamInd: 1RoamStatus(sprint): 1DefRoamInd: 160EmergOnly: false
02-14 14:11:11.842 D/StatusBarPolicy(  317): onServiceStateChanged:0 home Sprint  310099  EvDo rev. A CSS not supported 41 4139RoamInd: 1RoamStatus(sprint): 1DefRoamInd: 160EmergOnly: falsefor subscription :0
02-14 14:11:11.842 D/StatusBarPolicy(  317): updateSignalStrength on subscription :0
02-14 14:11:11.842 D/StatusBarPolicy(  317): StatusBarPolocy::getIconLevel -EVDO
02-14 14:11:11.842 D/StatusBarPolicy(  317): getEvdoLevel_band_six -evdoDbm:-87
02-14 14:11:11.842 D/StatusBarPolicy(  317): getEvdoLevel_band_six -evdoEcio:-50
02-14 14:11:11.842 D/StatusBarPolicy(  317): updateDataIcon subscription =0
02-14 14:11:13.083 D/StatusBarPolicy(  317): onSignalStrengthsChanged:SignalStrength: 99 0 -93 -135 -88 -60 6 99 2147483647 2147483647 2147483647 2147483647 cdma for subscription0
02-14 14:11:13.083 D/StatusBarPolicy(  317): updateSignalStrength on subscription :0
02-14 14:11:13.083 D/StatusBarPolicy(  317): StatusBarPolocy::getIconLevel -EVDO
02-14 14:11:13.083 D/StatusBarPolicy(  317): getEvdoLevel_band_six -evdoDbm:-88
02-14 14:11:13.083 D/StatusBarPolicy(  317): getEvdoLevel_band_six -evdoEcio:-60
02-14 14:11:13.834 D/PowerManagerService(  207): setTimeoutLocked now=209536 timeoutOverride=-1 nextState=3 when=215536
02-14 14:11:13.954 I/ActivityManager(  207): Starting: Intent { act=android.intent.action.MAIN cat=[android.intent.category.HOME] flg=0x10200000 cmp=com.android.launcher/com.android.launcher2.Launcher } from pid 207
02-14 14:11:13.964 W/WindowManager(  207): updateFocusedWindowLocked newFocus=Window{405e5d98 com.android.contacts/com.android.contacts.DialtactsActivity paused=true} mode=3 mCurrentFocus = Window{405e5d98 com.android.contacts/com.android.contacts.DialtactsActivity paused=true}
02-14 14:11:13.984 W/WindowManager(  207): updateFocusedWindowLocked newFocus=null mode=0 mCurrentFocus = Window{405e5d98 com.android.contacts/com.android.contacts.DialtactsActivity paused=true}
02-14 14:11:13.994 W/WindowManager(  207): updateFocusedWindowLocked newFocus=null mode=3 mCurrentFocus = null
02-14 14:11:14.014 W/WindowManager(  207): updateFocusedWindowLocked newFocus=Window{40645950 com.android.launcher/com.android.launcher2.Launcher paused=false} mode=2 mCurrentFocus = null
02-14 14:11:14.014 W/WindowManager(  207): updateFocusedWindowLocked newFocus=Window{40645950 com.android.launcher/com.android.launcher2.Launcher paused=false} mode=2 mCurrentFocus = Window{40645950 com.android.launcher/com.android.launcher2.Launcher paused=false}
02-14 14:11:14.024 W/WindowManager(  207): updateFocusedWindowLocked newFocus=Window{40645950 com.android.launcher/com.android.launcher2.Launcher paused=false} mode=3 mCurrentFocus = Window{40645950 com.android.launcher/com.android.launcher2.Launcher paused=false}
02-14 14:11:15.225 D/PowerManagerService(  207): setTimeoutLocked now=210922 timeoutOverride=-1 nextState=3 when=216922
02-14 14:11:15.235 W/WindowManager(  207): updateFocusedWindowLocked newFocus=Window{40854058 TrackingView paused=false} mode=3 mCurrentFocus = Window{40645950 com.android.launcher/com.android.launcher2.Launcher paused=false}
02-14 14:11:15.265 W/WindowManager(  207): updateFocusedWindowLocked newFocus=Window{405952c0 StatusBarExpanded paused=false} mode=3 mCurrentFocus = Window{40854058 TrackingView paused=false}
02-14 14:11:15.385 D/StatusBarPolicy(  317): onSignalStrengthsChanged:SignalStrength: 99 0 -93 -135 -89 -50 6 99 2147483647 2147483647 2147483647 2147483647 cdma for subscription0
02-14 14:11:15.385 D/StatusBarPolicy(  317): updateSignalStrength on subscription :0
02-14 14:11:15.385 D/StatusBarPolicy(  317): StatusBarPolocy::getIconLevel -EVDO
02-14 14:11:15.385 D/StatusBarPolicy(  317): getEvdoLevel_band_six -evdoDbm:-89
02-14 14:11:15.385 D/StatusBarPolicy(  317): getEvdoLevel_band_six -evdoEcio:-50
02-14 14:11:15.385 D/PowerManagerService(  207): setTimeoutLocked now=211085 timeoutOverride=-1 nextState=3 when=217085
02-14 14:11:16.656 D/PowerManagerService(  207): setTimeoutLocked now=212356 timeoutOverride=-1 nextState=3 when=218356
02-14 14:11:16.706 D/PowerManagerService(  207): setTimeoutLocked now=212407 timeoutOverride=-1 nextState=3 when=218407
02-14 14:11:16.716 I/ActivityManager(  207): Starting: Intent { cmp=com.sprint.zone/.PageAlerts bnds=[0,224][320,288] } from pid -1
02-14 14:11:16.716 W/ActivityManager(  207): startActivity called from non-Activity context; forcing Intent.FLAG_ACTIVITY_NEW_TASK for: Intent { cmp=com.sprint.zone/.PageAlerts bnds=[0,224][320,288] }
02-14 14:11:16.726 W/WindowManager(  207): updateFocusedWindowLocked newFocus=Window{405952c0 StatusBarExpanded paused=false} mode=3 mCurrentFocus = Window{405952c0 StatusBarExpanded paused=false}
02-14 14:11:16.776 W/WindowManager(  207): updateFocusedWindowLocked newFocus=Window{405952c0 StatusBarExpanded paused=false} mode=0 mCurrentFocus = Window{405952c0 StatusBarExpanded paused=false}
02-14 14:11:16.786 W/WindowManager(  207): updateFocusedWindowLocked newFocus=Window{405952c0 StatusBarExpanded paused=false} mode=2 mCurrentFocus = Window{405952c0 StatusBarExpanded paused=false}
02-14 14:11:16.796 W/WindowManager(  207): updateFocusedWindowLocked newFocus=Window{405952c0 StatusBarExpanded paused=false} mode=2 mCurrentFocus = Window{405952c0 StatusBarExpanded paused=false}
02-14 14:11:16.837 W/WindowManager(  207): updateFocusedWindowLocked newFocus=Window{405952c0 StatusBarExpanded paused=false} mode=3 mCurrentFocus = Window{405952c0 StatusBarExpanded paused=false}
02-14 14:11:16.857 D/StatusBarPolicy(  317): updateDataIcon subscription =0
02-14 14:11:16.947 W/WindowManager(  207): updateFocusedWindowLocked newFocus=Window{405952c0 StatusBarExpanded paused=false} mode=3 mCurrentFocus = Window{405952c0 StatusBarExpanded paused=false}
02-14 14:11:16.957 W/WindowManager(  207): updateFocusedWindowLocked newFocus=null mode=3 mCurrentFocus = Window{405952c0 StatusBarExpanded paused=false}
02-14 14:11:16.977 W/WindowManager(  207): updateFocusedWindowLocked newFocus=Window{4073a630 com.sprint.zone/com.sprint.zone.PageAlerts paused=false} mode=3 mCurrentFocus = null
02-14 14:11:17.037 W/WindowManager(  207): updateFocusedWindowLocked newFocus=Window{4073a630 com.sprint.zone/com.sprint.zone.PageAlerts paused=false} mode=3 mCurrentFocus = Window{4073a630 com.sprint.zone/com.sprint.zone.PageAlerts paused=false}
02-14 14:11:17.567 D/StatusBarPolicy(  317): onSignalStrengthsChanged:SignalStrength: 99 0 -93 -95 -89 -35 6 99 2147483647 2147483647 2147483647 2147483647 cdma for subscription0
02-14 14:11:17.567 D/StatusBarPolicy(  317): updateSignalStrength on subscription :0
02-14 14:11:17.567 D/StatusBarPolicy(  317): StatusBarPolocy::getIconLevel -EVDO
02-14 14:11:17.567 D/StatusBarPolicy(  317): getEvdoLevel_band_six -evdoDbm:-89
02-14 14:11:17.567 D/StatusBarPolicy(  317): getEvdoLevel_band_six -evdoEcio:-35
02-14 14:11:19.839 D/StatusBarPolicy(  317): onSignalStrengthsChanged:SignalStrength: 99 0 -93 -95 -90 -55 6 99 2147483647 2147483647 2147483647 2147483647 cdma for subscription0
02-14 14:11:19.839 D/StatusBarPolicy(  317): updateSignalStrength on subscription :0
02-14 14:11:19.849 D/StatusBarPolicy(  317): StatusBarPolocy::getIconLevel -EVDO
02-14 14:11:19.849 D/StatusBarPolicy(  317): getEvdoLevel_band_six -evdoDbm:-90
02-14 14:11:19.849 D/StatusBarPolicy(  317): getEvdoLevel_band_six -evdoEcio:-55
02-14 14:11:21.581 D/PowerManagerService(  207): setTimeoutLocked now=217268 timeoutOverride=-1 nextState=3 when=223268
02-14 14:11:21.631 D/ConnectivityService(  207): Dropping ConnectivityChange for WIFI: DISCONNECTED/SCANNING
02-14 14:11:21.691 I/ActivityManager(  207): Starting: Intent { act=android.intent.action.MAIN cat=[android.intent.category.HOME] flg=0x10200000 cmp=com.android.launcher/com.android.launcher2.Launcher } from pid 207
02-14 14:11:21.701 W/WindowManager(  207): updateFocusedWindowLocked newFocus=null mode=0 mCurrentFocus = Window{4073a630 com.sprint.zone/com.sprint.zone.PageAlerts paused=true}
02-14 14:11:21.711 W/WindowManager(  207): updateFocusedWindowLocked newFocus=null mode=3 mCurrentFocus = null
02-14 14:11:21.731 W/WindowManager(  207): updateFocusedWindowLocked newFocus=Window{40645950 com.android.launcher/com.android.launcher2.Launcher paused=false} mode=2 mCurrentFocus = null
02-14 14:11:21.731 W/WindowManager(  207): updateFocusedWindowLocked newFocus=Window{40645950 com.android.launcher/com.android.launcher2.Launcher paused=false} mode=2 mCurrentFocus = Window{40645950 com.android.launcher/com.android.launcher2.Launcher paused=false}
02-14 14:11:21.731 W/WindowManager(  207): updateFocusedWindowLocked newFocus=Window{40645950 com.android.launcher/com.android.launcher2.Launcher paused=false} mode=3 mCurrentFocus = Window{40645950 com.android.launcher/com.android.launcher2.Launcher paused=false}
02-14 14:11:22.042 D/StatusBarPolicy(  317): onSignalStrengthsChanged:SignalStrength: 99 0 -93 -70 -90 -65 6 99 2147483647 2147483647 2147483647 2147483647 cdma for subscription0
02-14 14:11:22.042 D/StatusBarPolicy(  317): updateSignalStrength on subscription :0
02-14 14:11:22.052 D/StatusBarPolicy(  317): StatusBarPolocy::getIconLevel -EVDO
02-14 14:11:22.052 D/StatusBarPolicy(  317): getEvdoLevel_band_six -evdoDbm:-90
02-14 14:11:22.052 D/StatusBarPolicy(  317): getEvdoLevel_band_six -evdoEcio:-65
02-14 14:11:22.252 D/PowerManagerService(  207): setTimeoutLocked now=217949 timeoutOverride=-1 nextState=3 when=223949
02-14 14:11:22.262 W/WindowManager(  207): updateFocusedWindowLocked newFocus=Window{40854058 TrackingView paused=false} mode=3 mCurrentFocus = Window{40645950 com.android.launcher/com.android.launcher2.Launcher paused=false}
02-14 14:11:22.272 W/WindowManager(  207): updateFocusedWindowLocked newFocus=Window{405952c0 StatusBarExpanded paused=false} mode=3 mCurrentFocus = Window{40854058 TrackingView paused=false}
02-14 14:11:22.382 D/PowerManagerService(  207): setTimeoutLocked now=218073 timeoutOverride=-1 nextState=3 when=224073
02-14 14:11:22.582 D/ConnectivityService(  207): Dropping ConnectivityChange for WIFI: DISCONNECTED/IDLE
02-14 14:11:22.872 D/PowerManagerService(  207): setTimeoutLocked now=218563 timeoutOverride=-1 nextState=3 when=224563
02-14 14:11:22.973 D/PowerManagerService(  207): setTimeoutLocked now=218675 timeoutOverride=-1 nextState=3 when=224675
02-14 14:11:22.973 I/ActivityManager(  207): Starting: Intent { dat=content://mms-sms/conversations/1 flg=0x34000000 cmp=com.android.mms/.ui.ComposeMessageActivity bnds=[0,159][320,223] } from pid -1
02-14 14:11:22.983 W/WindowManager(  207): updateFocusedWindowLocked newFocus=Window{405952c0 StatusBarExpanded paused=false} mode=3 mCurrentFocus = Window{405952c0 StatusBarExpanded paused=false}
02-14 14:11:23.023 W/WindowManager(  207): updateFocusedWindowLocked newFocus=Window{405952c0 StatusBarExpanded paused=false} mode=0 mCurrentFocus = Window{405952c0 StatusBarExpanded paused=false}
02-14 14:11:23.023 W/WindowManager(  207): updateFocusedWindowLocked newFocus=Window{405952c0 StatusBarExpanded paused=false} mode=2 mCurrentFocus = Window{405952c0 StatusBarExpanded paused=false}
02-14 14:11:23.023 W/WindowManager(  207): updateFocusedWindowLocked newFocus=Window{405952c0 StatusBarExpanded paused=false} mode=2 mCurrentFocus = Window{405952c0 StatusBarExpanded paused=false}
02-14 14:11:23.053 W/WindowManager(  207): updateFocusedWindowLocked newFocus=Window{405952c0 StatusBarExpanded paused=false} mode=3 mCurrentFocus = Window{405952c0 StatusBarExpanded paused=false}
02-14 14:11:23.223 W/WindowManager(  207): updateFocusedWindowLocked newFocus=Window{405952c0 StatusBarExpanded paused=false} mode=3 mCurrentFocus = Window{405952c0 StatusBarExpanded paused=false}
02-14 14:11:23.223 W/WindowManager(  207): updateFocusedWindowLocked newFocus=null mode=3 mCurrentFocus = Window{405952c0 StatusBarExpanded paused=false}
02-14 14:11:24.284 D/StatusBarPolicy(  317): onSignalStrengthsChanged:SignalStrength: 99 0 -93 -70 -91 -50 6 99 2147483647 2147483647 2147483647 2147483647 cdma for subscription0
02-14 14:11:24.284 D/StatusBarPolicy(  317): updateSignalStrength on subscription :0
02-14 14:11:24.284 D/StatusBarPolicy(  317): StatusBarPolocy::getIconLevel -EVDO
02-14 14:11:24.284 D/StatusBarPolicy(  317): getEvdoLevel_band_six -evdoDbm:-91
02-14 14:11:24.284 D/StatusBarPolicy(  317): getEvdoLevel_band_six -evdoEcio:-50
02-14 14:11:24.474 W/WindowManager(  207): updateFocusedWindowLocked newFocus=Window{409ad6f8 com.android.mms/com.android.mms.ui.ComposeMessageActivity paused=false} mode=3 mCurrentFocus = null
02-14 14:11:24.804 W/WindowManager(  207): updateFocusedWindowLocked newFocus=Window{409ad6f8 com.android.mms/com.android.mms.ui.ComposeMessageActivity paused=false} mode=3 mCurrentFocus = Window{409ad6f8 com.android.mms/com.android.mms.ui.ComposeMessageActivity paused=false}
02-14 14:11:25.955 D/StatusBarPolicy(  317): updateDataIcon subscription =0
02-14 14:11:26.546 D/StatusBarPolicy(  317): onSignalStrengthsChanged:SignalStrength: 99 0 -93 -70 -92 -75 6 99 2147483647 2147483647 2147483647 2147483647 cdma for subscription0
02-14 14:11:26.546 D/StatusBarPolicy(  317): updateSignalStrength on subscription :0
02-14 14:11:26.556 D/StatusBarPolicy(  317): StatusBarPolocy::getIconLevel -EVDO
02-14 14:11:26.556 D/StatusBarPolicy(  317): getEvdoLevel_band_six -evdoDbm:-92
02-14 14:11:26.556 D/StatusBarPolicy(  317): getEvdoLevel_band_six -evdoEcio:-75
02-14 14:11:28.308 D/StatusBarPolicy(  317): updateDataIcon subscription =0
02-14 14:11:28.808 D/StatusBarPolicy(  317): onSignalStrengthsChanged:SignalStrength: 99 0 -94 -95 -92 -40 6 99 2147483647 2147483647 2147483647 2147483647 cdma for subscription0
02-14 14:11:28.808 D/StatusBarPolicy(  317): updateSignalStrength on subscription :0
02-14 14:11:28.818 D/StatusBarPolicy(  317): StatusBarPolocy::getIconLevel -EVDO
02-14 14:11:28.818 D/StatusBarPolicy(  317): getEvdoLevel_band_six -evdoDbm:-92
02-14 14:11:28.818 D/StatusBarPolicy(  317): getEvdoLevel_band_six -evdoEcio:-40
02-14 14:11:28.978 D/PowerManagerService(  207): setTimeoutLocked now=224678 timeoutOverride=-1 nextState=1 when=226678
02-14 14:11:29.309 D/StatusBarPolicy(  317): updateDataIcon subscription =0
02-14 14:11:29.769 D/WifiService(  207): ACTION_BATTERY_CHANGED pluggedType: 0
02-14 14:11:29.769 D/WifiService(  207): WifiHandler, MESSAGE_UPDATE_STATE
02-14 14:11:29.769 D/WifiService(  207): isAirplaneModeOn(): false
02-14 14:11:29.769 D/WifiService(  207): updateWifiState(), wifiEnabled: true, airplaneMode: false, wifiShouldBeEnabled: true, wifiShouldBeStarted: true, strongestLockMode: 1
02-14 14:11:29.769 D/WifiService(  207): WifiHandler, MESSAGE_ENABLE_WIFI, msg.arg1: 0, msg.arg2: 1000
02-14 14:11:29.769 D/WifiService(  207): WifiHandler, MESSAGE_START_WIFI, msg.arg1: 1
02-14 14:11:30.990 D/PowerManagerService(  207): setTimeoutLocked now=226682 timeoutOverride=-1 nextState=0 when=233682
02-14 14:11:31.020 D/StatusBarPolicy(  317): onSignalStrengthsChanged:SignalStrength: 99 0 -94 -95 -92 -60 6 99 2147483647 2147483647 2147483647 2147483647 cdma for subscription0
02-14 14:11:31.020 D/StatusBarPolicy(  317): updateSignalStrength on subscription :0
02-14 14:11:31.030 D/StatusBarPolicy(  317): StatusBarPolocy::getIconLevel -EVDO
02-14 14:11:31.030 D/StatusBarPolicy(  317): getEvdoLevel_band_six -evdoDbm:-92
02-14 14:11:31.030 D/StatusBarPolicy(  317): getEvdoLevel_band_six -evdoEcio:-60
02-14 14:11:31.781 D/PowerManagerService(  207): setTimeoutLocked now=227479 timeoutOverride=-1 nextState=3 when=233479
02-14 14:11:31.921 D/PowerManagerService(  207): setTimeoutLocked now=227616 timeoutOverride=-1 nextState=3 when=233616
02-14 14:11:31.941 W/WindowManager(  207): updateFocusedWindowLocked newFocus=Window{409ad6f8 com.android.mms/com.android.mms.ui.ComposeMessageActivity paused=false} mode=3 mCurrentFocus = Window{409ad6f8 com.android.mms/com.android.mms.ui.ComposeMessageActivity paused=false}
02-14 14:11:32.352 W/WindowManager(  207): updateFocusedWindowLocked newFocus=Window{409ad6f8 com.android.mms/com.android.mms.ui.ComposeMessageActivity paused=false} mode=3 mCurrentFocus = Window{409ad6f8 com.android.mms/com.android.mms.ui.ComposeMessageActivity paused=false}
02-14 14:11:33.233 D/StatusBarPolicy(  317): onSignalStrengthsChanged:SignalStrength: 99 0 -94 -70 -92 -60 6 99 2147483647 2147483647 2147483647 2147483647 cdma for subscription0
02-14 14:11:33.233 D/StatusBarPolicy(  317): updateSignalStrength on subscription :0
02-14 14:11:33.233 D/StatusBarPolicy(  317): StatusBarPolocy::getIconLevel -EVDO
02-14 14:11:33.233 D/StatusBarPolicy(  317): getEvdoLevel_band_six -evdoDbm:-92
02-14 14:11:33.233 D/StatusBarPolicy(  317): getEvdoLevel_band_six -evdoEcio:-60
02-14 14:11:33.663 D/PowerManagerService(  207): setTimeoutLocked now=229359 timeoutOverride=-1 nextState=3 when=235359
02-14 14:11:33.683 W/WindowManager(  207): updateFocusedWindowLocked newFocus=Window{409ad6f8 com.android.mms/com.android.mms.ui.ComposeMessageActivity paused=false} mode=3 mCurrentFocus = Window{409ad6f8 com.android.mms/com.android.mms.ui.ComposeMessageActivity paused=false}
02-14 14:11:33.843 D/PowerManagerService(  207): setTimeoutLocked now=229520 timeoutOverride=-1 nextState=3 when=235520
02-14 14:11:34.123 W/WindowManager(  207): updateFocusedWindowLocked newFocus=Window{409ad6f8 com.android.mms/com.android.mms.ui.ComposeMessageActivity paused=false} mode=3 mCurrentFocus = Window{409ad6f8 com.android.mms/com.android.mms.ui.ComposeMessageActivity paused=false}
02-14 14:11:34.183 W/WindowManager(  207): updateFocusedWindowLocked newFocus=Window{409ad6f8 com.android.mms/com.android.mms.ui.ComposeMessageActivity paused=false} mode=3 mCurrentFocus = Window{409ad6f8 com.android.mms/com.android.mms.ui.ComposeMessageActivity paused=false}
02-14 14:11:34.334 D/PowerManagerService(  207): setTimeoutLocked now=230034 timeoutOverride=-1 nextState=3 when=236034
02-14 14:11:34.354 W/WindowManager(  207): updateFocusedWindowLocked newFocus=Window{409ad6f8 com.android.mms/com.android.mms.ui.ComposeMessageActivity paused=false} mode=3 mCurrentFocus = Window{409ad6f8 com.android.mms/com.android.mms.ui.ComposeMessageActivity paused=false}
02-14 14:11:34.474 D/PowerManagerService(  207): setTimeoutLocked now=230173 timeoutOverride=-1 nextState=3 when=236173
02-14 14:11:34.494 W/WindowManager(  207): updateFocusedWindowLocked newFocus=Window{409ad6f8 com.android.mms/com.android.mms.ui.ComposeMessageActivity paused=false} mode=3 mCurrentFocus = Window{409ad6f8 com.android.mms/com.android.mms.ui.ComposeMessageActivity paused=false}
02-14 14:11:34.884 D/PowerManagerService(  207): setTimeoutLocked now=230589 timeoutOverride=-1 nextState=3 when=236589
02-14 14:11:34.894 W/WindowManager(  207): updateFocusedWindowLocked newFocus=Window{409ad6f8 com.android.mms/com.android.mms.ui.ComposeMessageActivity paused=false} mode=3 mCurrentFocus = Window{409ad6f8 com.android.mms/com.android.mms.ui.ComposeMessageActivity paused=false}
02-14 14:11:35.004 D/PowerManagerService(  207): setTimeoutLocked now=230701 timeoutOverride=-1 nextState=3 when=236701
02-14 14:11:35.034 W/WindowManager(  207): updateFocusedWindowLocked newFocus=Window{409ad6f8 com.android.mms/com.android.mms.ui.ComposeMessageActivity paused=false} mode=3 mCurrentFocus = Window{409ad6f8 com.android.mms/com.android.mms.ui.ComposeMessageActivity paused=false}
02-14 14:11:35.194 W/WindowManager(  207): updateFocusedWindowLocked newFocus=Window{409ad6f8 com.android.mms/com.android.mms.ui.ComposeMessageActivity paused=false} mode=3 mCurrentFocus = Window{409ad6f8 com.android.mms/com.android.mms.ui.ComposeMessageActivity paused=false}
02-14 14:11:35.315 W/WindowManager(  207): updateFocusedWindowLocked newFocus=Window{409ad6f8 com.android.mms/com.android.mms.ui.ComposeMessageActivity paused=false} mode=3 mCurrentFocus = Window{409ad6f8 com.android.mms/com.android.mms.ui.ComposeMessageActivity paused=false}
02-14 14:11:35.395 D/PowerManagerService(  207): setTimeoutLocked now=231089 timeoutOverride=-1 nextState=3 when=237089
02-14 14:11:35.395 W/WindowManager(  207): updateFocusedWindowLocked newFocus=Window{409ad6f8 com.android.mms/com.android.mms.ui.ComposeMessageActivity paused=false} mode=3 mCurrentFocus = Window{409ad6f8 com.android.mms/com.android.mms.ui.ComposeMessageActivity paused=false}
02-14 14:11:35.475 D/StatusBarPolicy(  317): onSignalStrengthsChanged:SignalStrength: 99 0 -94 -70 -94 -60 2 99 2147483647 2147483647 2147483647 2147483647 cdma for subscription0
02-14 14:11:35.475 D/StatusBarPolicy(  317): updateSignalStrength on subscription :0
02-14 14:11:35.485 D/StatusBarPolicy(  317): StatusBarPolocy::getIconLevel -EVDO
02-14 14:11:35.485 D/StatusBarPolicy(  317): getEvdoLevel_band_six -evdoDbm:-94
02-14 14:11:35.485 D/StatusBarPolicy(  317): getEvdoLevel_band_six -evdoEcio:-60
02-14 14:11:35.505 W/WindowManager(  207): updateFocusedWindowLocked newFocus=Window{409ad6f8 com.android.mms/com.android.mms.ui.ComposeMessageActivity paused=false} mode=3 mCurrentFocus = Window{409ad6f8 com.android.mms/com.android.mms.ui.ComposeMessageActivity paused=false}
02-14 14:11:35.655 W/WindowManager(  207): updateFocusedWindowLocked newFocus=Window{409ad6f8 com.android.mms/com.android.mms.ui.ComposeMessageActivity paused=false} mode=3 mCurrentFocus = Window{409ad6f8 com.android.mms/com.android.mms.ui.ComposeMessageActivity paused=false}
02-14 14:11:35.755 D/PowerManagerService(  207): setTimeoutLocked now=231454 timeoutOverride=-1 nextState=3 when=237454
02-14 14:11:35.785 W/WindowManager(  207): updateFocusedWindowLocked newFocus=Window{409ad6f8 com.android.mms/com.android.mms.ui.ComposeMessageActivity paused=false} mode=3 mCurrentFocus = Window{409ad6f8 com.android.mms/com.android.mms.ui.ComposeMessageActivity paused=false}
02-14 14:11:35.875 W/WindowManager(  207): updateFocusedWindowLocked newFocus=Window{409ad6f8 com.android.mms/com.android.mms.ui.ComposeMessageActivity paused=false} mode=3 mCurrentFocus = Window{409ad6f8 com.android.mms/com.android.mms.ui.ComposeMessageActivity paused=false}
02-14 14:11:35.895 D/PowerManagerService(  207): setTimeoutLocked now=231591 timeoutOverride=-1 nextState=3 when=237591
02-14 14:11:36.065 W/WindowManager(  207): updateFocusedWindowLocked newFocus=Window{409ad6f8 com.android.mms/com.android.mms.ui.ComposeMessageActivity paused=false} mode=3 mCurrentFocus = Window{409ad6f8 com.android.mms/com.android.mms.ui.ComposeMessageActivity paused=false}
02-14 14:11:36.476 D/PowerManagerService(  207): setTimeoutLocked now=232172 timeoutOverride=-1 nextState=3 when=238172
02-14 14:11:36.556 W/WindowManager(  207): updateFocusedWindowLocked newFocus=Window{409ad6f8 com.android.mms/com.android.mms.ui.ComposeMessageActivity paused=false} mode=3 mCurrentFocus = Window{409ad6f8 com.android.mms/com.android.mms.ui.ComposeMessageActivity paused=false}
02-14 14:11:36.606 D/PowerManagerService(  207): setTimeoutLocked now=232306 timeoutOverride=-1 nextState=3 when=238306
02-14 14:11:36.626 W/WindowManager(  207): updateFocusedWindowLocked newFocus=Window{409ad6f8 com.android.mms/com.android.mms.ui.ComposeMessageActivity paused=false} mode=3 mCurrentFocus = Window{409ad6f8 com.android.mms/com.android.mms.ui.ComposeMessageActivity paused=false}
02-14 14:11:36.666 W/WindowManager(  207): updateFocusedWindowLocked newFocus=Window{409ad6f8 com.android.mms/com.android.mms.ui.ComposeMessageActivity paused=false} mode=3 mCurrentFocus = Window{409ad6f8 com.android.mms/com.android.mms.ui.ComposeMessageActivity paused=false}
02-14 14:11:36.776 W/WindowManager(  207): updateFocusedWindowLocked newFocus=Window{409ad6f8 com.android.mms/com.android.mms.ui.ComposeMessageActivity paused=false} mode=3 mCurrentFocus = Window{409ad6f8 com.android.mms/com.android.mms.ui.ComposeMessageActivity paused=false}
02-14 14:11:37.186 D/PowerManagerService(  207): setTimeoutLocked now=232886 timeoutOverride=-1 nextState=3 when=238886
02-14 14:11:37.196 W/WindowManager(  207): updateFocusedWindowLocked newFocus=Window{409ad6f8 com.android.mms/com.android.mms.ui.ComposeMessageActivity paused=false} mode=3 mCurrentFocus = Window{409ad6f8 com.android.mms/com.android.mms.ui.ComposeMessageActivity paused=false}
02-14 14:11:37.296 D/PowerManagerService(  207): setTimeoutLocked now=232997 timeoutOverride=-1 nextState=3 when=238997
02-14 14:11:37.327 W/WindowManager(  207): updateFocusedWindowLocked newFocus=Window{409ad6f8 com.android.mms/com.android.mms.ui.ComposeMessageActivity paused=false} mode=3 mCurrentFocus = Window{409ad6f8 com.android.mms/com.android.mms.ui.ComposeMessageActivity paused=false}
02-14 14:11:37.347 D/StatusBarPolicy(  317): updateDataIcon subscription =0
02-14 14:11:37.507 W/WindowManager(  207): updateFocusedWindowLocked newFocus=Window{409ad6f8 com.android.mms/com.android.mms.ui.ComposeMessageActivity paused=false} mode=3 mCurrentFocus = Window{409ad6f8 com.android.mms/com.android.mms.ui.ComposeMessageActivity paused=false}
02-14 14:11:37.607 D/ConnectivityService(  207): Dropping ConnectivityChange for WIFI: DISCONNECTED/SCANNING
02-14 14:11:37.677 W/WindowManager(  207): updateFocusedWindowLocked newFocus=Window{409ad6f8 com.android.mms/com.android.mms.ui.ComposeMessageActivity paused=false} mode=3 mCurrentFocus = Window{409ad6f8 com.android.mms/com.android.mms.ui.ComposeMessageActivity paused=false}
02-14 14:11:37.727 D/StatusBarPolicy(  317): onSignalStrengthsChanged:SignalStrength: 99 0 -120 -80 -120 -55 3 99 2147483647 2147483647 2147483647 2147483647 cdma for subscription0
02-14 14:11:37.727 D/StatusBarPolicy(  317): updateSignalStrength on subscription :0
02-14 14:11:37.727 D/StatusBarPolicy(  317): StatusBarPolocy::getIconLevel -EVDO
02-14 14:11:37.727 D/StatusBarPolicy(  317): getEvdoLevel_band_six -evdoDbm:-120
02-14 14:11:37.727 D/StatusBarPolicy(  317): getEvdoLevel_band_six -evdoEcio:-55
02-14 14:11:37.747 D/StatusBarPolicy(  317): onSignalStrengthsChanged:SignalStrength: 99 0 -94 -80 -95 -55 3 99 2147483647 2147483647 2147483647 2147483647 cdma for subscription0
02-14 14:11:37.747 D/StatusBarPolicy(  317): updateSignalStrength on subscription :0
02-14 14:11:37.747 D/StatusBarPolicy(  317): StatusBarPolocy::getIconLevel -EVDO
02-14 14:11:37.747 D/StatusBarPolicy(  317): getEvdoLevel_band_six -evdoDbm:-95
02-14 14:11:37.747 D/StatusBarPolicy(  317): getEvdoLevel_band_six -evdoEcio:-55
02-14 14:11:37.927 D/PowerManagerService(  207): setTimeoutLocked now=233626 timeoutOverride=-1 nextState=3 when=239626
02-14 14:11:37.967 W/WindowManager(  207): updateFocusedWindowLocked newFocus=Window{409ad6f8 com.android.mms/com.android.mms.ui.ComposeMessageActivity paused=false} mode=3 mCurrentFocus = Window{409ad6f8 com.android.mms/com.android.mms.ui.ComposeMessageActivity paused=false}
02-14 14:11:38.067 D/PowerManagerService(  207): setTimeoutLocked now=233762 timeoutOverride=-1 nextState=3 when=239762
02-14 14:11:38.097 W/WindowManager(  207): updateFocusedWindowLocked newFocus=Window{409ad6f8 com.android.mms/com.android.mms.ui.ComposeMessageActivity paused=false} mode=3 mCurrentFocus = Window{409ad6f8 com.android.mms/com.android.mms.ui.ComposeMessageActivity paused=false}
02-14 14:11:38.137 W/WindowManager(  207): updateFocusedWindowLocked newFocus=Window{409ad6f8 com.android.mms/com.android.mms.ui.ComposeMessageActivity paused=false} mode=3 mCurrentFocus = Window{409ad6f8 com.android.mms/com.android.mms.ui.ComposeMessageActivity paused=false}
02-14 14:11:38.277 W/WindowManager(  207): updateFocusedWindowLocked newFocus=Window{409ad6f8 com.android.mms/com.android.mms.ui.ComposeMessageActivity paused=false} mode=3 mCurrentFocus = Window{409ad6f8 com.android.mms/com.android.mms.ui.ComposeMessageActivity paused=false}
02-14 14:11:38.418 W/WindowManager(  207): updateFocusedWindowLocked newFocus=Window{409ad6f8 com.android.mms/com.android.mms.ui.ComposeMessageActivity paused=false} mode=3 mCurrentFocus = Window{409ad6f8 com.android.mms/com.android.mms.ui.ComposeMessageActivity paused=false}
02-14 14:11:38.468 D/PowerManagerService(  207): setTimeoutLocked now=234164 timeoutOverride=-1 nextState=3 when=240164
02-14 14:11:38.538 W/WindowManager(  207): updateFocusedWindowLocked newFocus=Window{409ad6f8 com.android.mms/com.android.mms.ui.ComposeMessageActivity paused=false} mode=3 mCurrentFocus = Window{409ad6f8 com.android.mms/com.android.mms.ui.ComposeMessageActivity paused=false}
02-14 14:11:38.568 D/ConnectivityService(  207): Dropping ConnectivityChange for WIFI: DISCONNECTED/IDLE
02-14 14:11:38.648 W/WindowManager(  207): updateFocusedWindowLocked newFocus=Window{409ad6f8 com.android.mms/com.android.mms.ui.ComposeMessageActivity paused=false} mode=3 mCurrentFocus = Window{409ad6f8 com.android.mms/com.android.mms.ui.ComposeMessageActivity paused=false}
02-14 14:11:38.708 D/PowerManagerService(  207): setTimeoutLocked now=234403 timeoutOverride=-1 nextState=3 when=240403
02-14 14:11:38.738 W/WindowManager(  207): updateFocusedWindowLocked newFocus=Window{409ad6f8 com.android.mms/com.android.mms.ui.ComposeMessageActivity paused=false} mode=3 mCurrentFocus = Window{409ad6f8 com.android.mms/com.android.mms.ui.ComposeMessageActivity paused=false}
02-14 14:11:38.968 D/PowerManagerService(  207): setTimeoutLocked now=234668 timeoutOverride=-1 nextState=3 when=240668
02-14 14:11:38.978 W/WindowManager(  207): updateFocusedWindowLocked newFocus=Window{409ad6f8 com.android.mms/com.android.mms.ui.ComposeMessageActivity paused=false} mode=3 mCurrentFocus = Window{409ad6f8 com.android.mms/com.android.mms.ui.ComposeMessageActivity paused=false}
02-14 14:11:39.108 W/WindowManager(  207): updateFocusedWindowLocked newFocus=Window{409ad6f8 com.android.mms/com.android.mms.ui.ComposeMessageActivity paused=false} mode=3 mCurrentFocus = Window{409ad6f8 com.android.mms/com.android.mms.ui.ComposeMessageActivity paused=false}
02-14 14:11:39.138 W/WindowManager(  207): updateFocusedWindowLocked newFocus=Window{409ad6f8 com.android.mms/com.android.mms.ui.ComposeMessageActivity paused=false} mode=3 mCurrentFocus = Window{409ad6f8 com.android.mms/com.android.mms.ui.ComposeMessageActivity paused=false}
02-14 14:11:39.258 D/PowerManagerService(  207): setTimeoutLocked now=234955 timeoutOverride=-1 nextState=3 when=240955
02-14 14:11:39.278 W/WindowManager(  207): updateFocusedWindowLocked newFocus=Window{409ad6f8 com.android.mms/com.android.mms.ui.ComposeMessageActivity paused=false} mode=3 mCurrentFocus = Window{409ad6f8 com.android.mms/com.android.mms.ui.ComposeMessageActivity paused=false}
02-14 14:11:39.308 W/WindowManager(  207): updateFocusedWindowLocked newFocus=Window{409ad6f8 com.android.mms/com.android.mms.ui.ComposeMessageActivity paused=false} mode=3 mCurrentFocus = Window{409ad6f8 com.android.mms/com.android.mms.ui.ComposeMessageActivity paused=false}
02-14 14:11:39.419 W/WindowManager(  207): updateFocusedWindowLocked newFocus=Window{409ad6f8 com.android.mms/com.android.mms.ui.ComposeMessageActivity paused=false} mode=3 mCurrentFocus = Window{409ad6f8 com.android.mms/com.android.mms.ui.ComposeMessageActivity paused=false}
02-14 14:11:39.639 D/PowerManagerService(  207): setTimeoutLocked now=235333 timeoutOverride=-1 nextState=3 when=241333
02-14 14:11:39.649 W/WindowManager(  207): updateFocusedWindowLocked newFocus=Window{409ad6f8 com.android.mms/com.android.mms.ui.ComposeMessageActivity paused=false} mode=3 mCurrentFocus = Window{409ad6f8 com.android.mms/com.android.mms.ui.ComposeMessageActivity paused=false}
02-14 14:11:39.779 W/WindowManager(  207): updateFocusedWindowLocked newFocus=Window{409ad6f8 com.android.mms/com.android.mms.ui.ComposeMessageActivity paused=false} mode=3 mCurrentFocus = Window{409ad6f8 com.android.mms/com.android.mms.ui.ComposeMessageActivity paused=false}
02-14 14:11:39.899 W/WindowManager(  207): updateFocusedWindowLocked newFocus=Window{409ad6f8 com.android.mms/com.android.mms.ui.ComposeMessageActivity paused=false} mode=3 mCurrentFocus = Window{409ad6f8 com.android.mms/com.android.mms.ui.ComposeMessageActivity paused=false}
02-14 14:11:39.959 D/StatusBarPolicy(  317): onSignalStrengthsChanged:SignalStrength: 99 0 -94 -80 -96 -55 2 99 2147483647 2147483647 2147483647 2147483647 cdma for subscription0
02-14 14:11:39.959 D/StatusBarPolicy(  317): updateSignalStrength on subscription :0
02-14 14:11:39.969 D/StatusBarPolicy(  317): StatusBarPolocy::getIconLevel -EVDO
02-14 14:11:39.969 D/StatusBarPolicy(  317): getEvdoLevel_band_six -evdoDbm:-96
02-14 14:11:39.969 D/StatusBarPolicy(  317): getEvdoLevel_band_six -evdoEcio:-55
02-14 14:11:40.009 D/PowerManagerService(  207): setTimeoutLocked now=235708 timeoutOverride=-1 nextState=3 when=241708
02-14 14:11:40.039 W/WindowManager(  207): updateFocusedWindowLocked newFocus=Window{409ad6f8 com.android.mms/com.android.mms.ui.ComposeMessageActivity paused=false} mode=3 mCurrentFocus = Window{409ad6f8 com.android.mms/com.android.mms.ui.ComposeMessageActivity paused=false}
02-14 14:11:40.059 W/WindowManager(  207): updateFocusedWindowLocked newFocus=Window{409ad6f8 com.android.mms/com.android.mms.ui.ComposeMessageActivity paused=false} mode=3 mCurrentFocus = Window{409ad6f8 com.android.mms/com.android.mms.ui.ComposeMessageActivity paused=false}
02-14 14:11:40.149 D/PowerManagerService(  207): setTimeoutLocked now=235846 timeoutOverride=-1 nextState=3 when=241846
02-14 14:11:40.189 W/WindowManager(  207): updateFocusedWindowLocked newFocus=Window{409ad6f8 com.android.mms/com.android.mms.ui.ComposeMessageActivity paused=false} mode=3 mCurrentFocus = Window{409ad6f8 com.android.mms/com.android.mms.ui.ComposeMessageActivity paused=false}
02-14 14:11:40.299 W/WindowManager(  207): updateFocusedWindowLocked newFocus=Window{409ad6f8 com.android.mms/com.android.mms.ui.ComposeMessageActivity paused=false} mode=3 mCurrentFocus = Window{409ad6f8 com.android.mms/com.android.mms.ui.ComposeMessageActivity paused=false}
02-14 14:11:40.400 W/WindowManager(  207): updateFocusedWindowLocked newFocus=Window{409ad6f8 com.android.mms/com.android.mms.ui.ComposeMessageActivity paused=false} mode=3 mCurrentFocus = Window{409ad6f8 com.android.mms/com.android.mms.ui.ComposeMessageActivity paused=false}
02-14 14:11:40.510 W/WindowManager(  207): updateFocusedWindowLocked newFocus=Window{409ad6f8 com.android.mms/com.android.mms.ui.ComposeMessageActivity paused=false} mode=3 mCurrentFocus = Window{409ad6f8 com.android.mms/com.android.mms.ui.ComposeMessageActivity paused=false}
02-14 14:11:40.580 D/PowerManagerService(  207): setTimeoutLocked now=236273 timeoutOverride=-1 nextState=3 when=242273
02-14 14:11:40.600 W/WindowManager(  207): updateFocusedWindowLocked newFocus=Window{409ad6f8 com.android.mms/com.android.mms.ui.ComposeMessageActivity paused=false} mode=3 mCurrentFocus = Window{409ad6f8 com.android.mms/com.android.mms.ui.ComposeMessageActivity paused=false}
02-14 14:11:40.720 D/PowerManagerService(  207): setTimeoutLocked now=236411 timeoutOverride=-1 nextState=3 when=242411
02-14 14:11:40.730 W/WindowManager(  207): updateFocusedWindowLocked newFocus=Window{409ad6f8 com.android.mms/com.android.mms.ui.ComposeMessageActivity paused=false} mode=3 mCurrentFocus = Window{409ad6f8 com.android.mms/com.android.mms.ui.ComposeMessageActivity paused=false}
02-14 14:11:40.860 W/WindowManager(  207): updateFocusedWindowLocked newFocus=Window{409ad6f8 com.android.mms/com.android.mms.ui.ComposeMessageActivity paused=false} mode=3 mCurrentFocus = Window{409ad6f8 com.android.mms/com.android.mms.ui.ComposeMessageActivity paused=false}
02-14 14:11:40.920 W/WindowManager(  207): updateFocusedWindowLocked newFocus=Window{409ad6f8 com.android.mms/com.android.mms.ui.ComposeMessageActivity paused=false} mode=3 mCurrentFocus = Window{409ad6f8 com.android.mms/com.android.mms.ui.ComposeMessageActivity paused=false}
02-14 14:11:41.030 W/WindowManager(  207): updateFocusedWindowLocked newFocus=Window{409ad6f8 com.android.mms/com.android.mms.ui.ComposeMessageActivity paused=false} mode=3 mCurrentFocus = Window{409ad6f8 com.android.mms/com.android.mms.ui.ComposeMessageActivity paused=false}
02-14 14:11:41.080 W/WindowManager(  207): updateFocusedWindowLocked newFocus=Window{409ad6f8 com.android.mms/com.android.mms.ui.ComposeMessageActivity paused=false} mode=3 mCurrentFocus = Window{409ad6f8 com.android.mms/com.android.mms.ui.ComposeMessageActivity paused=false}
02-14 14:11:41.160 D/PowerManagerService(  207): setTimeoutLocked now=236851 timeoutOverride=-1 nextState=3 when=242851
02-14 14:11:41.190 W/WindowManager(  207): updateFocusedWindowLocked newFocus=Window{409ad6f8 com.android.mms/com.android.mms.ui.ComposeMessageActivity paused=false} mode=3 mCurrentFocus = Window{409ad6f8 com.android.mms/com.android.mms.ui.ComposeMessageActivity paused=false}
02-14 14:11:41.240 D/PowerManagerService(  207): setTimeoutLocked now=236938 timeoutOverride=-1 nextState=3 when=242938
02-14 14:11:41.250 W/WindowManager(  207): updateFocusedWindowLocked newFocus=Window{409ad6f8 com.android.mms/com.android.mms.ui.ComposeMessageActivity paused=false} mode=3 mCurrentFocus = Window{409ad6f8 com.android.mms/com.android.mms.ui.ComposeMessageActivity paused=false}
02-14 14:11:41.350 W/WindowManager(  207): updateFocusedWindowLocked newFocus=Window{409ad6f8 com.android.mms/com.android.mms.ui.ComposeMessageActivity paused=false} mode=3 mCurrentFocus = Window{409ad6f8 com.android.mms/com.android.mms.ui.ComposeMessageActivity paused=false}
02-14 14:11:41.400 W/WindowManager(  207): updateFocusedWindowLocked newFocus=Window{409ad6f8 com.android.mms/com.android.mms.ui.ComposeMessageActivity paused=false} mode=3 mCurrentFocus = Window{409ad6f8 com.android.mms/com.android.mms.ui.ComposeMessageActivity paused=false}
02-14 14:11:41.551 W/WindowManager(  207): updateFocusedWindowLocked newFocus=Window{409ad6f8 com.android.mms/com.android.mms.ui.ComposeMessageActivity paused=false} mode=3 mCurrentFocus = Window{409ad6f8 com.android.mms/com.android.mms.ui.ComposeMessageActivity paused=false}
02-14 14:11:42.181 D/PowerManagerService(  207): setTimeoutLocked now=237876 timeoutOverride=-1 nextState=3 when=243876
02-14 14:11:42.191 W/WindowManager(  207): updateFocusedWindowLocked newFocus=Window{409ad6f8 com.android.mms/com.android.mms.ui.ComposeMessageActivity paused=false} mode=3 mCurrentFocus = Window{409ad6f8 com.android.mms/com.android.mms.ui.ComposeMessageActivity paused=false}
02-14 14:11:42.211 D/StatusBarPolicy(  317): onSignalStrengthsChanged:SignalStrength: 99 0 -95 -125 -97 -70 2 99 2147483647 2147483647 2147483647 2147483647 cdma for subscription0
02-14 14:11:42.211 D/StatusBarPolicy(  317): updateSignalStrength on subscription :0
02-14 14:11:42.211 D/StatusBarPolicy(  317): StatusBarPolocy::getIconLevel -EVDO
02-14 14:11:42.211 D/StatusBarPolicy(  317): getEvdoLevel_band_six -evdoDbm:-97
02-14 14:11:42.211 D/StatusBarPolicy(  317): getEvdoLevel_band_six -evdoEcio:-70
02-14 14:11:42.241 D/PowerManagerService(  207): setTimeoutLocked now=237938 timeoutOverride=-1 nextState=3 when=243938
02-14 14:11:42.271 W/WindowManager(  207): updateFocusedWindowLocked newFocus=Window{409ad6f8 com.android.mms/com.android.mms.ui.ComposeMessageActivity paused=false} mode=3 mCurrentFocus = Window{409ad6f8 com.android.mms/com.android.mms.ui.ComposeMessageActivity paused=false}
02-14 14:11:42.852 D/PowerManagerService(  207): setTimeoutLocked now=238548 timeoutOverride=-1 nextState=3 when=244548
02-14 14:11:42.862 W/WindowManager(  207): updateFocusedWindowLocked newFocus=Window{409ad6f8 com.android.mms/com.android.mms.ui.ComposeMessageActivity paused=false} mode=3 mCurrentFocus = Window{409ad6f8 com.android.mms/com.android.mms.ui.ComposeMessageActivity paused=false}
02-14 14:11:42.972 D/PowerManagerService(  207): setTimeoutLocked now=238660 timeoutOverride=-1 nextState=3 when=244660
02-14 14:11:42.992 W/WindowManager(  207): updateFocusedWindowLocked newFocus=Window{409ad6f8 com.android.mms/com.android.mms.ui.ComposeMessageActivity paused=false} mode=3 mCurrentFocus = Window{409ad6f8 com.android.mms/com.android.mms.ui.ComposeMessageActivity paused=false}
02-14 14:11:43.302 W/WindowManager(  207): updateFocusedWindowLocked newFocus=Window{409ad6f8 com.android.mms/com.android.mms.ui.ComposeMessageActivity paused=false} mode=3 mCurrentFocus = Window{409ad6f8 com.android.mms/com.android.mms.ui.ComposeMessageActivity paused=false}
02-14 14:11:43.372 D/PowerManagerService(  207): setTimeoutLocked now=239074 timeoutOverride=-1 nextState=3 when=245074
02-14 14:11:43.473 W/WindowManager(  207): updateFocusedWindowLocked newFocus=Window{409ad6f8 com.android.mms/com.android.mms.ui.ComposeMessageActivity paused=false} mode=3 mCurrentFocus = Window{409ad6f8 com.android.mms/com.android.mms.ui.ComposeMessageActivity paused=false}
02-14 14:11:44.023 D/PowerManagerService(  207): setTimeoutLocked now=239720 timeoutOverride=-1 nextState=3 when=245720
02-14 14:11:44.033 W/WindowManager(  207): updateFocusedWindowLocked newFocus=Window{409ad6f8 com.android.mms/com.android.mms.ui.ComposeMessageActivity paused=false} mode=3 mCurrentFocus = Window{409ad6f8 com.android.mms/com.android.mms.ui.ComposeMessageActivity paused=false}
02-14 14:11:44.093 D/PowerManagerService(  207): setTimeoutLocked now=239794 timeoutOverride=-1 nextState=3 when=245794
02-14 14:11:44.133 W/WindowManager(  207): updateFocusedWindowLocked newFocus=Window{409ad6f8 com.android.mms/com.android.mms.ui.ComposeMessageActivity paused=false} mode=3 mCurrentFocus = Window{409ad6f8 com.android.mms/com.android.mms.ui.ComposeMessageActivity paused=false}
02-14 14:11:44.484 W/WindowManager(  207): updateFocusedWindowLocked newFocus=Window{409ad6f8 com.android.mms/com.android.mms.ui.ComposeMessageActivity paused=false} mode=3 mCurrentFocus = Window{409ad6f8 com.android.mms/com.android.mms.ui.ComposeMessageActivity paused=false}
02-14 14:11:44.524 D/PowerManagerService(  207): setTimeoutLocked now=240221 timeoutOverride=-1 nextState=3 when=246221
02-14 14:11:44.554 W/WindowManager(  207): updateFocusedWindowLocked newFocus=Window{409ad6f8 com.android.mms/com.android.mms.ui.ComposeMessageActivity paused=false} mode=3 mCurrentFocus = Window{409ad6f8 com.android.mms/com.android.mms.ui.ComposeMessageActivity paused=false}
02-14 14:11:44.844 W/WindowManager(  207): updateFocusedWindowLocked newFocus=Window{409ad6f8 com.android.mms/com.android.mms.ui.ComposeMessageActivity paused=false} mode=3 mCurrentFocus = Window{409ad6f8 com.android.mms/com.android.mms.ui.ComposeMessageActivity paused=false}
02-14 14:11:44.964 D/PowerManagerService(  207): setTimeoutLocked now=240660 timeoutOverride=-1 nextState=3 when=246660
