02-14 14:14:46.331 W/WindowManager(  207): updateFocusedWindowLocked newFocus=Window{4094dce0 com.android.mms/com.android.mms.ui.MessagingPreferenceActivity paused=false} mode=2 mCurrentFocus = Window{4094dce0 com.android.mms/com.android.mms.ui.MessagingPreferenceActivity paused=false}
02-14 14:14:46.341 W/InputManagerService(  207): Window already focused, ignoring focus gain of: com.android.internal.view.IInputMethodClient$Stub$Proxy@408f1ed8
02-14 14:14:46.341 W/WindowManager(  207): updateFocusedWindowLocked newFocus=Window{4094dce0 com.android.mms/com.android.mms.ui.MessagingPreferenceActivity paused=false} mode=3 mCurrentFocus = Window{4094dce0 com.android.mms/com.android.mms.ui.MessagingPreferenceActivity paused=false}
02-14 14:14:48.163 D/StatusBarPolicy(  317): onSignalStrengthsChanged:SignalStrength: 99 0 -92 -75 -96 -55 2 99 2147483647 2147483647 2147483647 2147483647 cdma for subscription0
02-14 14:14:48.163 D/StatusBarPolicy(  317): updateSignalStrength on subscription :0
02-14 14:14:48.163 D/StatusBarPolicy(  317): StatusBarPolocy::getIconLevel -EVDO
02-14 14:14:48.173 D/StatusBarPolicy(  317): getEvdoLevel_band_six -evdoDbm:-96
02-14 14:14:48.173 D/StatusBarPolicy(  317): getEvdoLevel_band_six -evdoEcio:-55
02-14 14:14:49.074 D/PowerManagerService(  207): setTimeoutLocked now=424762 timeoutOverride=-1 nextState=3 when=430762
02-14 14:14:49.144 D/PowerManagerService(  207): setTimeoutLocked now=424846 timeoutOverride=-1 nextState=3 when=430846
02-14 14:14:49.334 W/WindowManager(  207): updateFocusedWindowLocked newFocus=Window{40602040 com.android.mms/com.android.mms.ui.MessagingPreferenceActivity paused=false} mode=1 mCurrentFocus = Window{4094dce0 com.android.mms/com.android.mms.ui.MessagingPreferenceActivity paused=false}
02-14 14:14:49.344 W/WindowManager(  207): updateFocusedWindowLocked newFocus=Window{40602040 com.android.mms/com.android.mms.ui.MessagingPreferenceActivity paused=false} mode=3 mCurrentFocus = Window{40602040 com.android.mms/com.android.mms.ui.MessagingPreferenceActivity paused=false}
02-14 14:14:49.414 D/ConnectivityService(  207): Dropping ConnectivityChange for WIFI: DISCONNECTED/SCANNING
02-14 14:14:49.584 W/WindowManager(  207): updateFocusedWindowLocked newFocus=Window{40602040 com.android.mms/com.android.mms.ui.MessagingPreferenceActivity paused=false} mode=3 mCurrentFocus = Window{40602040 com.android.mms/com.android.mms.ui.MessagingPreferenceActivity paused=false}
02-14 14:14:49.614 W/WindowManager(  207): updateFocusedWindowLocked newFocus=Window{40602040 com.android.mms/com.android.mms.ui.MessagingPreferenceActivity paused=false} mode=0 mCurrentFocus = Window{40602040 com.android.mms/com.android.mms.ui.MessagingPreferenceActivity paused=false}
02-14 14:14:50.065 D/PowerManagerService(  207): setTimeoutLocked now=425769 timeoutOverride=-1 nextState=3 when=431769
02-14 14:14:50.195 D/PowerManagerService(  207): setTimeoutLocked now=425890 timeoutOverride=-1 nextState=3 when=431890
02-14 14:14:50.205 W/WindowManager(  207): updateFocusedWindowLocked newFocus=Window{4094dce0 com.android.mms/com.android.mms.ui.MessagingPreferenceActivity paused=false} mode=3 mCurrentFocus = Window{40602040 com.android.mms/com.android.mms.ui.MessagingPreferenceActivity paused=false}
02-14 14:14:50.215 W/InputManagerService(  207): Window already focused, ignoring focus gain of: com.android.internal.view.IInputMethodClient$Stub$Proxy@40ad5088
02-14 14:14:50.375 D/ConnectivityService(  207): Dropping ConnectivityChange for WIFI: DISCONNECTED/IDLE
02-14 14:14:51.036 D/PowerManagerService(  207): setTimeoutLocked now=426736 timeoutOverride=-1 nextState=3 when=432736
02-14 14:14:51.356 D/PowerManagerService(  207): setTimeoutLocked now=427046 timeoutOverride=-1 nextState=3 when=433046
02-14 14:14:51.436 D/PowerManagerService(  207): setTimeoutLocked now=427134 timeoutOverride=-1 nextState=3 when=433134
02-14 14:14:51.786 D/PowerManagerService(  207): setTimeoutLocked now=427487 timeoutOverride=-1 nextState=3 when=433487
02-14 14:14:51.956 W/WindowManager(  207): updateFocusedWindowLocked newFocus=Window{40ad7ac8 com.android.mms/com.android.mms.ui.MessagingPreferenceActivity paused=false} mode=1 mCurrentFocus = Window{4094dce0 com.android.mms/com.android.mms.ui.MessagingPreferenceActivity paused=false}
02-14 14:14:51.976 W/WindowManager(  207): updateFocusedWindowLocked newFocus=Window{40ad7ac8 com.android.mms/com.android.mms.ui.MessagingPreferenceActivity paused=false} mode=3 mCurrentFocus = Window{40ad7ac8 com.android.mms/com.android.mms.ui.MessagingPreferenceActivity paused=false}
02-14 14:14:52.597 D/PowerManagerService(  207): setTimeoutLocked now=428298 timeoutOverride=-1 nextState=3 when=434298
02-14 14:14:52.727 D/PowerManagerService(  207): setTimeoutLocked now=428423 timeoutOverride=-1 nextState=3 when=434423
02-14 14:14:52.737 W/WindowManager(  207): updateFocusedWindowLocked newFocus=Window{4094dce0 com.android.mms/com.android.mms.ui.MessagingPreferenceActivity paused=false} mode=3 mCurrentFocus = Window{40ad7ac8 com.android.mms/com.android.mms.ui.MessagingPreferenceActivity paused=false}
02-14 14:14:52.737 W/InputManagerService(  207): Window already focused, ignoring focus gain of: com.android.internal.view.IInputMethodClient$Stub$Proxy@408d06a0
02-14 14:14:53.338 D/PowerManagerService(  207): setTimeoutLocked now=429033 timeoutOverride=-1 nextState=3 when=435033
02-14 14:14:53.648 D/PowerManagerService(  207): setTimeoutLocked now=429344 timeoutOverride=-1 nextState=3 when=435344
02-14 14:14:53.658 D/PowerManagerService(  207): setTimeoutLocked now=429356 timeoutOverride=-1 nextState=3 when=435356
02-14 14:14:54.859 D/PowerManagerService(  207): setTimeoutLocked now=430547 timeoutOverride=-1 nextState=3 when=436547
02-14 14:14:54.869 D/StatusBarPolicy(  317): onSignalStrengthsChanged:SignalStrength: 99 0 -92 -75 -96 -65 1 99 2147483647 2147483647 2147483647 2147483647 cdma for subscription0
02-14 14:14:54.869 D/StatusBarPolicy(  317): updateSignalStrength on subscription :0
02-14 14:14:54.869 D/StatusBarPolicy(  317): StatusBarPolocy::getIconLevel -EVDO
02-14 14:14:54.869 D/StatusBarPolicy(  317): getEvdoLevel_band_six -evdoDbm:-96
02-14 14:14:54.869 D/StatusBarPolicy(  317): getEvdoLevel_band_six -evdoEcio:-65
02-14 14:14:54.919 W/WindowManager(  207): updateFocusedWindowLocked newFocus=Window{4094dce0 com.android.mms/com.android.mms.ui.MessagingPreferenceActivity paused=true} mode=0 mCurrentFocus = Window{4094dce0 com.android.mms/com.android.mms.ui.MessagingPreferenceActivity paused=true}
02-14 14:14:54.939 W/WindowManager(  207): updateFocusedWindowLocked newFocus=Window{40ba3410 com.android.mms/com.android.mms.ui.ConversationList paused=false} mode=3 mCurrentFocus = Window{4094dce0 com.android.mms/com.android.mms.ui.MessagingPreferenceActivity paused=false}
02-14 14:14:55.170 W/WindowManager(  207): updateFocusedWindowLocked newFocus=Window{40ba3410 com.android.mms/com.android.mms.ui.ConversationList paused=false} mode=2 mCurrentFocus = Window{40ba3410 com.android.mms/com.android.mms.ui.ConversationList paused=false}
02-14 14:14:55.170 W/WindowManager(  207): updateFocusedWindowLocked newFocus=Window{40ba3410 com.android.mms/com.android.mms.ui.ConversationList paused=false} mode=2 mCurrentFocus = Window{40ba3410 com.android.mms/com.android.mms.ui.ConversationList paused=false}
02-14 14:14:55.210 W/WindowManager(  207): updateFocusedWindowLocked newFocus=Window{40ba3410 com.android.mms/com.android.mms.ui.ConversationList paused=false} mode=3 mCurrentFocus = Window{40ba3410 com.android.mms/com.android.mms.ui.ConversationList paused=false}
02-14 14:14:55.220 W/WindowManager(  207): updateFocusedWindowLocked newFocus=Window{40ba3410 com.android.mms/com.android.mms.ui.ConversationList paused=false} mode=3 mCurrentFocus = Window{40ba3410 com.android.mms/com.android.mms.ui.ConversationList paused=false}
02-14 14:14:55.220 W/WindowManager(  207): updateFocusedWindowLocked newFocus=Window{40ba3410 com.android.mms/com.android.mms.ui.ConversationList paused=false} mode=3 mCurrentFocus = Window{40ba3410 com.android.mms/com.android.mms.ui.ConversationList paused=false}
02-14 14:14:57.872 D/PowerManagerService(  207): setTimeoutLocked now=433559 timeoutOverride=-1 nextState=3 when=439559
02-14 14:14:57.972 I/ActivityManager(  207): Starting: Intent { act=android.intent.action.MAIN cat=[android.intent.category.HOME] flg=0x10200000 cmp=com.android.launcher/com.android.launcher2.Launcher } from pid 207
02-14 14:14:57.982 W/WindowManager(  207): updateFocusedWindowLocked newFocus=Window{40ba3410 com.android.mms/com.android.mms.ui.ConversationList paused=true} mode=3 mCurrentFocus = Window{40ba3410 com.android.mms/com.android.mms.ui.ConversationList paused=true}
02-14 14:14:58.002 W/WindowManager(  207): updateFocusedWindowLocked newFocus=null mode=0 mCurrentFocus = Window{40ba3410 com.android.mms/com.android.mms.ui.ConversationList paused=true}
02-14 14:14:58.042 W/WindowManager(  207): updateFocusedWindowLocked newFocus=null mode=3 mCurrentFocus = null
02-14 14:14:58.062 W/WindowManager(  207): updateFocusedWindowLocked newFocus=Window{40645950 com.android.launcher/com.android.launcher2.Launcher paused=false} mode=2 mCurrentFocus = null
02-14 14:14:58.062 W/WindowManager(  207): updateFocusedWindowLocked newFocus=Window{40645950 com.android.launcher/com.android.launcher2.Launcher paused=false} mode=2 mCurrentFocus = Window{40645950 com.android.launcher/com.android.launcher2.Launcher paused=false}
02-14 14:14:58.072 W/WindowManager(  207): updateFocusedWindowLocked newFocus=Window{40645950 com.android.launcher/com.android.launcher2.Launcher paused=false} mode=3 mCurrentFocus = Window{40645950 com.android.launcher/com.android.launcher2.Launcher paused=false}
02-14 14:14:59.364 D/StatusBarPolicy(  317): onSignalStrengthsChanged:SignalStrength: 99 0 -92 -75 -96 -45 3 99 2147483647 2147483647 2147483647 2147483647 cdma for subscription0
02-14 14:14:59.364 D/StatusBarPolicy(  317): updateSignalStrength on subscription :0
02-14 14:14:59.374 D/StatusBarPolicy(  317): StatusBarPolocy::getIconLevel -EVDO
02-14 14:14:59.374 D/StatusBarPolicy(  317): getEvdoLevel_band_six -evdoDbm:-96
02-14 14:14:59.374 D/StatusBarPolicy(  317): getEvdoLevel_band_six -evdoEcio:-45
02-14 14:14:59.994 D/AlarmManager(  207): scheduleTimeTickEvent calendar=Tue Feb 14 14:16:00 CST 2012
02-14 14:14:59.994 D/AlarmManager(  207): calendar.getTimeInMillis()1329250560000
02-14 14:15:01.235 D/PowerManagerService(  207): setTimeoutLocked now=436937 timeoutOverride=-1 nextState=3 when=442937
02-14 14:15:01.536 D/PowerManagerService(  207): setTimeoutLocked now=437239 timeoutOverride=-1 nextState=3 when=443239
02-14 14:15:01.586 D/StatusBarPolicy(  317): onSignalStrengthsChanged:SignalStrength: 99 0 -94 -90 -96 -45 3 99 2147483647 2147483647 2147483647 2147483647 cdma for subscription0
02-14 14:15:01.586 D/StatusBarPolicy(  317): updateSignalStrength on subscription :0
02-14 14:15:01.586 D/StatusBarPolicy(  317): StatusBarPolocy::getIconLevel -EVDO
02-14 14:15:01.586 D/StatusBarPolicy(  317): getEvdoLevel_band_six -evdoDbm:-96
02-14 14:15:01.586 D/StatusBarPolicy(  317): getEvdoLevel_band_six -evdoEcio:-45
02-14 14:15:01.796 W/WindowManager(  207): updateFocusedWindowLocked newFocus=Window{4058af30 DragView paused=false} mode=1 mCurrentFocus = Window{40645950 com.android.launcher/com.android.launcher2.Launcher paused=false}
02-14 14:15:01.806 W/WindowManager(  207): updateFocusedWindowLocked newFocus=Window{4058af30 DragView paused=false} mode=3 mCurrentFocus = Window{4058af30 DragView paused=false}
02-14 14:15:02.056 D/PowerManagerService(  207): setTimeoutLocked now=437753 timeoutOverride=-1 nextState=3 when=443753
02-14 14:15:02.567 D/PowerManagerService(  207): setTimeoutLocked now=438268 timeoutOverride=-1 nextState=3 when=444268
02-14 14:15:02.617 D/PowerManagerService(  207): setTimeoutLocked now=438318 timeoutOverride=-1 nextState=3 when=444318
02-14 14:15:02.637 I/ActivityManager(  207): Start proc com.sprint.widget.tutorial for broadcast com.sprint.widget.tutorial/.TutorialWidgetProvider3: pid=1260 uid=10060 gids={1015}
02-14 14:15:02.677 W/WindowManager(  207): updateFocusedWindowLocked newFocus=Window{40645950 com.android.launcher/com.android.launcher2.Launcher paused=false} mode=0 mCurrentFocus = Window{4058af30 DragView paused=false}
02-14 14:15:02.727 I/ActivityManager(  207): No longer want com.svox.pico (pid 850): hidden #16
02-14 14:15:03.047 D/PowerManagerService(  207): setTimeoutLocked now=438749 timeoutOverride=-1 nextState=3 when=444749
02-14 14:15:03.197 D/PowerManagerService(  207): setTimeoutLocked now=438896 timeoutOverride=-1 nextState=3 when=444896
02-14 14:15:03.848 D/StatusBarPolicy(  317): onSignalStrengthsChanged:SignalStrength: 99 0 -94 -80 -96 -45 3 99 2147483647 2147483647 2147483647 2147483647 cdma for subscription0
02-14 14:15:03.848 D/StatusBarPolicy(  317): updateSignalStrength on subscription :0
02-14 14:15:03.848 D/PowerManagerService(  207): setTimeoutLocked now=439546 timeoutOverride=-1 nextState=3 when=445546
02-14 14:15:03.848 D/StatusBarPolicy(  317): StatusBarPolocy::getIconLevel -EVDO
02-14 14:15:03.848 D/StatusBarPolicy(  317): getEvdoLevel_band_six -evdoDbm:-96
02-14 14:15:03.848 D/StatusBarPolicy(  317): getEvdoLevel_band_six -evdoEcio:-45
02-14 14:15:04.298 D/PowerManagerService(  207): setTimeoutLocked now=439995 timeoutOverride=-1 nextState=3 when=445995
02-14 14:15:04.379 W/WindowManager(  207): updateFocusedWindowLocked newFocus=Window{40592050 DragView paused=false} mode=1 mCurrentFocus = Window{40645950 com.android.launcher/com.android.launcher2.Launcher paused=false}
02-14 14:15:04.389 W/WindowManager(  207): updateFocusedWindowLocked newFocus=Window{40592050 DragView paused=false} mode=3 mCurrentFocus = Window{40592050 DragView paused=false}
02-14 14:15:04.809 D/PowerManagerService(  207): setTimeoutLocked now=440497 timeoutOverride=-1 nextState=3 when=446497
02-14 14:15:05.019 D/PowerManagerService(  207): setTimeoutLocked now=440713 timeoutOverride=-1 nextState=3 when=446713
02-14 14:15:05.059 W/WindowManager(  207): updateFocusedWindowLocked newFocus=Window{40645950 com.android.launcher/com.android.launcher2.Launcher paused=false} mode=0 mCurrentFocus = Window{40592050 DragView paused=false}
02-14 14:15:05.269 D/PowerManagerService(  207): setTimeoutLocked now=440962 timeoutOverride=-1 nextState=3 when=446962
02-14 14:15:05.390 D/ConnectivityService(  207): Dropping ConnectivityChange for WIFI: DISCONNECTED/SCANNING
02-14 14:15:05.810 D/PowerManagerService(  207): setTimeoutLocked now=441503 timeoutOverride=-1 nextState=3 when=447503
02-14 14:15:06.070 D/StatusBarPolicy(  317): onSignalStrengthsChanged:SignalStrength: 99 0 -94 -80 -97 -45 4 99 2147483647 2147483647 2147483647 2147483647 cdma for subscription0
02-14 14:15:06.070 D/StatusBarPolicy(  317): updateSignalStrength on subscription :0
02-14 14:15:06.080 D/StatusBarPolicy(  317): StatusBarPolocy::getIconLevel -EVDO
02-14 14:15:06.080 D/StatusBarPolicy(  317): getEvdoLevel_band_six -evdoDbm:-97
02-14 14:15:06.080 D/StatusBarPolicy(  317): getEvdoLevel_band_six -evdoEcio:-45
02-14 14:15:06.120 D/PowerManagerService(  207): setTimeoutLocked now=441816 timeoutOverride=-1 nextState=3 when=447816
02-14 14:15:06.370 D/ConnectivityService(  207): Dropping ConnectivityChange for WIFI: DISCONNECTED/IDLE
02-14 14:15:06.641 D/PowerManagerService(  207): setTimeoutLocked now=442330 timeoutOverride=-1 nextState=3 when=448330
02-14 14:15:06.991 D/PowerManagerService(  207): setTimeoutLocked now=442683 timeoutOverride=-1 nextState=3 when=448683
02-14 14:15:07.161 D/PowerManagerService(  207): setTimeoutLocked now=442858 timeoutOverride=-1 nextState=3 when=448858
02-14 14:15:07.632 D/PowerManagerService(  207): setTimeoutLocked now=443322 timeoutOverride=-1 nextState=3 when=449322
02-14 14:15:08.122 D/PowerManagerService(  207): setTimeoutLocked now=443825 timeoutOverride=-1 nextState=3 when=449825
02-14 14:15:08.132 D/PowerManagerService(  207): setTimeoutLocked now=443837 timeoutOverride=-1 nextState=3 when=449837
02-14 14:15:08.493 D/PowerManagerService(  207): setTimeoutLocked now=444188 timeoutOverride=-1 nextState=3 when=450188
02-14 14:15:08.893 D/PowerManagerService(  207): setTimeoutLocked now=444583 timeoutOverride=-1 nextState=3 when=450583
02-14 14:15:09.023 W/WindowManager(  207): updateFocusedWindowLocked newFocus=Window{40597790 DragView paused=false} mode=1 mCurrentFocus = Window{40645950 com.android.launcher/com.android.launcher2.Launcher paused=false}
02-14 14:15:09.033 W/WindowManager(  207): updateFocusedWindowLocked newFocus=Window{40597790 DragView paused=false} mode=3 mCurrentFocus = Window{40597790 DragView paused=false}
02-14 14:15:09.393 D/PowerManagerService(  207): setTimeoutLocked now=445092 timeoutOverride=-1 nextState=3 when=451092
02-14 14:15:09.834 D/PowerManagerService(  207): setTimeoutLocked now=445532 timeoutOverride=-1 nextState=3 when=451532
02-14 14:15:09.864 W/WindowManager(  207): updateFocusedWindowLocked newFocus=Window{40645950 com.android.launcher/com.android.launcher2.Launcher paused=false} mode=0 mCurrentFocus = Window{40597790 DragView paused=false}
02-14 14:15:10.134 D/PowerManagerService(  207): setTimeoutLocked now=445832 timeoutOverride=-1 nextState=3 when=451832
02-14 14:15:10.344 D/PowerManagerService(  207): setTimeoutLocked now=446046 timeoutOverride=-1 nextState=3 when=452046
02-14 14:15:10.545 D/StatusBarPolicy(  317): onSignalStrengthsChanged:SignalStrength: 99 0 -94 -80 -97 -55 3 99 2147483647 2147483647 2147483647 2147483647 cdma for subscription0
02-14 14:15:10.545 D/StatusBarPolicy(  317): updateSignalStrength on subscription :0
02-14 14:15:10.555 D/StatusBarPolicy(  317): StatusBarPolocy::getIconLevel -EVDO
02-14 14:15:10.555 D/StatusBarPolicy(  317): getEvdoLevel_band_six -evdoDbm:-97
02-14 14:15:10.555 D/StatusBarPolicy(  317): getEvdoLevel_band_six -evdoEcio:-55
02-14 14:15:10.635 D/PowerManagerService(  207): setTimeoutLocked now=446334 timeoutOverride=-1 nextState=3 when=452334
02-14 14:15:11.105 D/PowerManagerService(  207): setTimeoutLocked now=446799 timeoutOverride=-1 nextState=3 when=452799
02-14 14:15:11.415 D/PowerManagerService(  207): setTimeoutLocked now=447113 timeoutOverride=-1 nextState=3 when=453113
02-14 14:15:12.096 D/PowerManagerService(  207): setTimeoutLocked now=447797 timeoutOverride=-1 nextState=3 when=453797
02-14 14:15:12.466 D/PowerManagerService(  207): setTimeoutLocked now=448158 timeoutOverride=-1 nextState=3 when=454158
02-14 14:15:12.647 W/WindowManager(  207): updateFocusedWindowLocked newFocus=Window{4069de60 DragView paused=false} mode=1 mCurrentFocus = Window{40645950 com.android.launcher/com.android.launcher2.Launcher paused=false}
02-14 14:15:12.657 W/WindowManager(  207): updateFocusedWindowLocked newFocus=Window{4069de60 DragView paused=false} mode=3 mCurrentFocus = Window{4069de60 DragView paused=false}
02-14 14:15:12.787 D/StatusBarPolicy(  317): onSignalStrengthsChanged:SignalStrength: 99 0 -93 -70 -97 -55 3 99 2147483647 2147483647 2147483647 2147483647 cdma for subscription0
02-14 14:15:12.787 D/StatusBarPolicy(  317): updateSignalStrength on subscription :0
02-14 14:15:12.787 D/StatusBarPolicy(  317): StatusBarPolocy::getIconLevel -EVDO
02-14 14:15:12.787 D/StatusBarPolicy(  317): getEvdoLevel_band_six -evdoDbm:-97
02-14 14:15:12.787 D/StatusBarPolicy(  317): getEvdoLevel_band_six -evdoEcio:-55
02-14 14:15:12.997 D/PowerManagerService(  207): setTimeoutLocked now=448698 timeoutOverride=-1 nextState=3 when=454698
02-14 14:15:13.077 D/PowerManagerService(  207): setTimeoutLocked now=448774 timeoutOverride=-1 nextState=3 when=454774
02-14 14:15:13.107 W/WindowManager(  207): updateFocusedWindowLocked newFocus=Window{40645950 com.android.launcher/com.android.launcher2.Launcher paused=false} mode=0 mCurrentFocus = Window{4069de60 DragView paused=false}
02-14 14:15:13.407 D/PowerManagerService(  207): setTimeoutLocked now=449101 timeoutOverride=-1 nextState=3 when=455101
02-14 14:15:13.748 D/WifiService(  207): ACTION_BATTERY_CHANGED pluggedType: 0
02-14 14:15:13.748 D/WifiService(  207): WifiHandler, MESSAGE_UPDATE_STATE
02-14 14:15:13.748 D/WifiService(  207): isAirplaneModeOn(): false
02-14 14:15:13.748 D/WifiService(  207): updateWifiState(), wifiEnabled: true, airplaneMode: false, wifiShouldBeEnabled: true, wifiShouldBeStarted: true, strongestLockMode: 1
02-14 14:15:13.758 D/WifiService(  207): WifiHandler, MESSAGE_ENABLE_WIFI, msg.arg1: 0, msg.arg2: 1000
02-14 14:15:13.758 D/WifiService(  207): WifiHandler, MESSAGE_START_WIFI, msg.arg1: 1
02-14 14:15:13.998 D/PowerManagerService(  207): setTimeoutLocked now=449690 timeoutOverride=-1 nextState=3 when=455690
02-14 14:15:14.108 D/PowerManagerService(  207): setTimeoutLocked now=449803 timeoutOverride=-1 nextState=3 when=455803
02-14 14:15:14.518 D/PowerManagerService(  207): setTimeoutLocked now=450219 timeoutOverride=-1 nextState=3 when=456219
02-14 14:15:14.879 D/PowerManagerService(  207): setTimeoutLocked now=450570 timeoutOverride=-1 nextState=3 when=456570
02-14 14:15:15.059 D/StatusBarPolicy(  317): onSignalStrengthsChanged:SignalStrength: 99 0 -93 -70 -97 -65 3 99 2147483647 2147483647 2147483647 2147483647 cdma for subscription0
02-14 14:15:15.059 D/StatusBarPolicy(  317): updateSignalStrength on subscription :0
02-14 14:15:15.059 D/StatusBarPolicy(  317): StatusBarPolocy::getIconLevel -EVDO
02-14 14:15:15.069 D/StatusBarPolicy(  317): getEvdoLevel_band_six -evdoDbm:-97
02-14 14:15:15.089 D/StatusBarPolicy(  317): getEvdoLevel_band_six -evdoEcio:-65
02-14 14:15:15.109 W/WindowManager(  207): updateFocusedWindowLocked newFocus=Window{406cc350 DragView paused=false} mode=1 mCurrentFocus = Window{40645950 com.android.launcher/com.android.launcher2.Launcher paused=false}
02-14 14:15:15.119 W/WindowManager(  207): updateFocusedWindowLocked newFocus=Window{406cc350 DragView paused=false} mode=3 mCurrentFocus = Window{406cc350 DragView paused=false}
02-14 14:15:15.379 D/PowerManagerService(  207): setTimeoutLocked now=451070 timeoutOverride=-1 nextState=3 when=457070
02-14 14:15:15.650 D/PowerManagerService(  207): setTimeoutLocked now=451347 timeoutOverride=-1 nextState=3 when=457347
02-14 14:15:15.690 W/WindowManager(  207): updateFocusedWindowLocked newFocus=Window{40645950 com.android.launcher/com.android.launcher2.Launcher paused=false} mode=0 mCurrentFocus = Window{406cc350 DragView paused=false}
02-14 14:15:15.970 D/PowerManagerService(  207): setTimeoutLocked now=451662 timeoutOverride=-1 nextState=3 when=457662
02-14 14:15:16.420 D/PowerManagerService(  207): setTimeoutLocked now=452112 timeoutOverride=-1 nextState=3 when=458112
02-14 14:15:16.901 D/PowerManagerService(  207): setTimeoutLocked now=452593 timeoutOverride=-1 nextState=3 when=458593
02-14 14:15:17.001 D/PowerManagerService(  207): setTimeoutLocked now=452691 timeoutOverride=-1 nextState=3 when=458691
02-14 14:15:18.042 D/PowerManagerService(  207): setTimeoutLocked now=453725 timeoutOverride=-1 nextState=3 when=459725
02-14 14:15:18.122 W/WindowManager(  207): updateFocusedWindowLocked newFocus=Window{40771f30 AtchDlg:com.android.launcher/com.android.launcher2.Launcher paused=false} mode=1 mCurrentFocus = Window{40645950 com.android.launcher/com.android.launcher2.Launcher paused=false}
02-14 14:15:18.132 W/WindowManager(  207): updateFocusedWindowLocked newFocus=Window{40771f30 AtchDlg:com.android.launcher/com.android.launcher2.Launcher paused=false} mode=3 mCurrentFocus = Window{40771f30 AtchDlg:com.android.launcher/com.android.launcher2.Launcher paused=false}
02-14 14:15:19.523 D/StatusBarPolicy(  317): onSignalStrengthsChanged:SignalStrength: 99 0 -93 -70 -97 -45 3 99 2147483647 2147483647 2147483647 2147483647 cdma for subscription0
02-14 14:15:19.523 D/StatusBarPolicy(  317): updateSignalStrength on subscription :0
02-14 14:15:19.533 D/StatusBarPolicy(  317): StatusBarPolocy::getIconLevel -EVDO
02-14 14:15:19.533 D/StatusBarPolicy(  317): getEvdoLevel_band_six -evdoDbm:-97
02-14 14:15:19.533 D/StatusBarPolicy(  317): getEvdoLevel_band_six -evdoEcio:-45
02-14 14:15:19.904 D/PowerManagerService(  207): setTimeoutLocked now=455596 timeoutOverride=-1 nextState=3 when=461596
02-14 14:15:19.934 W/WindowManager(  207): updateFocusedWindowLocked newFocus=Window{40645950 com.android.launcher/com.android.launcher2.Launcher paused=false} mode=3 mCurrentFocus = Window{40771f30 AtchDlg:com.android.launcher/com.android.launcher2.Launcher paused=false}
02-14 14:15:19.944 W/InputManagerService(  207): Window already focused, ignoring focus gain of: com.android.internal.view.IInputMethodClient$Stub$Proxy@406248f8
02-14 14:15:20.004 D/PowerManagerService(  207): setTimeoutLocked now=455708 timeoutOverride=-1 nextState=3 when=461708
02-14 14:15:20.895 D/PowerManagerService(  207): setTimeoutLocked now=456592 timeoutOverride=-1 nextState=3 when=462592
02-14 14:15:21.015 D/PowerManagerService(  207): setTimeoutLocked now=456716 timeoutOverride=-1 nextState=3 when=462716
02-14 14:15:21.375 D/ConnectivityService(  207): Dropping ConnectivityChange for WIFI: DISCONNECTED/SCANNING
02-14 14:15:22.346 D/ConnectivityService(  207): Dropping ConnectivityChange for WIFI: DISCONNECTED/IDLE
02-14 14:15:24.008 D/StatusBarPolicy(  317): onSignalStrengthsChanged:SignalStrength: 99 0 -93 -70 -96 -30 3 99 2147483647 2147483647 2147483647 2147483647 cdma for subscription0
02-14 14:15:24.008 D/StatusBarPolicy(  317): updateSignalStrength on subscription :0
02-14 14:15:24.018 D/StatusBarPolicy(  317): StatusBarPolocy::getIconLevel -EVDO
02-14 14:15:24.018 D/StatusBarPolicy(  317): getEvdoLevel_band_six -evdoDbm:-96
02-14 14:15:24.018 D/StatusBarPolicy(  317): getEvdoLevel_band_six -evdoEcio:-30
02-14 14:15:25.559 D/PowerManagerService(  207): setTimeoutLocked now=461256 timeoutOverride=-1 nextState=3 when=467256
02-14 14:15:26.600 D/PowerManagerService(  207): setTimeoutLocked now=462282 timeoutOverride=-1 nextState=3 when=468282
02-14 14:15:26.710 W/WindowManager(  207): updateFocusedWindowLocked newFocus=Window{407744b8 AtchDlg:com.android.launcher/com.android.launcher2.Launcher paused=false} mode=1 mCurrentFocus = Window{40645950 com.android.launcher/com.android.launcher2.Launcher paused=false}
02-14 14:15:26.720 W/WindowManager(  207): updateFocusedWindowLocked newFocus=Window{407744b8 AtchDlg:com.android.launcher/com.android.launcher2.Launcher paused=false} mode=3 mCurrentFocus = Window{407744b8 AtchDlg:com.android.launcher/com.android.launcher2.Launcher paused=false}
02-14 14:15:27.351 D/PowerManagerService(  207): setTimeoutLocked now=463041 timeoutOverride=-1 nextState=3 when=469041
02-14 14:15:27.461 D/PowerManagerService(  207): setTimeoutLocked now=463152 timeoutOverride=-1 nextState=3 when=469152
02-14 14:15:27.471 I/ActivityManager(  207): Starting: Intent { act=android.settings.SETTINGS flg=0x10200000 cmp=com.android.settings/.Settings } from pid 419
02-14 14:15:27.491 W/WindowManager(  207): updateFocusedWindowLocked newFocus=null mode=0 mCurrentFocus = Window{407744b8 AtchDlg:com.android.launcher/com.android.launcher2.Launcher paused=false}
02-14 14:15:27.501 W/WindowManager(  207): updateFocusedWindowLocked newFocus=null mode=3 mCurrentFocus = null
02-14 14:15:27.501 W/WindowManager(  207): updateFocusedWindowLocked newFocus=null mode=3 mCurrentFocus = null
02-14 14:15:27.521 W/WindowManager(  207): updateFocusedWindowLocked newFocus=Window{4072b578 com.android.settings/com.android.settings.Settings paused=false} mode=2 mCurrentFocus = null
02-14 14:15:27.521 W/WindowManager(  207): updateFocusedWindowLocked newFocus=Window{4072b578 com.android.settings/com.android.settings.Settings paused=false} mode=2 mCurrentFocus = Window{4072b578 com.android.settings/com.android.settings.Settings paused=false}
02-14 14:15:27.551 W/WindowManager(  207): updateFocusedWindowLocked newFocus=Window{4072b578 com.android.settings/com.android.settings.Settings paused=false} mode=3 mCurrentFocus = Window{4072b578 com.android.settings/com.android.settings.Settings paused=false}
02-14 14:15:27.561 W/WindowManager(  207): updateFocusedWindowLocked newFocus=Window{4072b578 com.android.settings/com.android.settings.Settings paused=false} mode=3 mCurrentFocus = Window{4072b578 com.android.settings/com.android.settings.Settings paused=false}
02-14 14:15:28.262 D/PowerManagerService(  207): setTimeoutLocked now=463958 timeoutOverride=-1 nextState=3 when=469958
02-14 14:15:28.352 D/PowerManagerService(  207): setTimeoutLocked now=464043 timeoutOverride=-1 nextState=3 when=470043
02-14 14:15:29.543 D/PowerManagerService(  207): setTimeoutLocked now=465241 timeoutOverride=-1 nextState=3 when=471241
02-14 14:15:29.853 D/PowerManagerService(  207): setTimeoutLocked now=465551 timeoutOverride=-1 nextState=3 when=471551
02-14 14:15:29.873 D/PowerManagerService(  207): setTimeoutLocked now=465576 timeoutOverride=-1 nextState=3 when=471576
02-14 14:15:30.254 D/PowerManagerService(  207): setTimeoutLocked now=465955 timeoutOverride=-1 nextState=3 when=471955
02-14 14:15:30.544 D/PowerManagerService(  207): setTimeoutLocked now=466241 timeoutOverride=-1 nextState=3 when=472241
02-14 14:15:30.714 D/StatusBarPolicy(  317): onSignalStrengthsChanged:SignalStrength: 99 0 -93 -70 -94 -45 3 99 2147483647 2147483647 2147483647 2147483647 cdma for subscription0
02-14 14:15:30.714 D/StatusBarPolicy(  317): updateSignalStrength on subscription :0
02-14 14:15:30.714 D/StatusBarPolicy(  317): StatusBarPolocy::getIconLevel -EVDO
02-14 14:15:30.714 D/StatusBarPolicy(  317): getEvdoLevel_band_six -evdoDbm:-94
02-14 14:15:30.714 D/StatusBarPolicy(  317): getEvdoLevel_band_six -evdoEcio:-45
02-14 14:15:30.794 D/PowerManagerService(  207): setTimeoutLocked now=466492 timeoutOverride=-1 nextState=3 when=472492
02-14 14:15:31.365 D/PowerManagerService(  207): setTimeoutLocked now=467057 timeoutOverride=-1 nextState=3 when=473057
02-14 14:15:31.485 D/PowerManagerService(  207): setTimeoutLocked now=467183 timeoutOverride=-1 nextState=3 when=473183
02-14 14:15:31.505 I/ActivityManager(  207): Starting: Intent { cmp=com.android.providers.subscribedfeeds/com.android.settings.ManageAccountsSettings } from pid 650
02-14 14:15:31.515 W/WindowManager(  207): updateFocusedWindowLocked newFocus=null mode=0 mCurrentFocus = Window{4072b578 com.android.settings/com.android.settings.Settings paused=true}
02-14 14:15:31.575 W/WindowManager(  207): updateFocusedWindowLocked newFocus=Window{40857f20 com.android.providers.subscribedfeeds/com.android.settings.ManageAccountsSettings paused=false} mode=3 mCurrentFocus = null
02-14 14:15:31.635 W/WindowManager(  207): updateFocusedWindowLocked newFocus=Window{40857f20 com.android.providers.subscribedfeeds/com.android.settings.ManageAccountsSettings paused=false} mode=2 mCurrentFocus = Window{40857f20 com.android.providers.subscribedfeeds/com.android.settings.ManageAccountsSettings paused=false}
02-14 14:15:31.635 W/WindowManager(  207): updateFocusedWindowLocked newFocus=Window{40857f20 com.android.providers.subscribedfeeds/com.android.settings.ManageAccountsSettings paused=false} mode=2 mCurrentFocus = Window{40857f20 com.android.providers.subscribedfeeds/com.android.settings.ManageAccountsSettings paused=false}
02-14 14:15:31.665 W/WindowManager(  207): updateFocusedWindowLocked newFocus=Window{40857f20 com.android.providers.subscribedfeeds/com.android.settings.ManageAccountsSettings paused=false} mode=3 mCurrentFocus = Window{40857f20 com.android.providers.subscribedfeeds/com.android.settings.ManageAccountsSettings paused=false}
02-14 14:15:35.219 D/StatusBarPolicy(  317): onSignalStrengthsChanged:SignalStrength: 99 0 -93 -70 -95 -65 3 99 2147483647 2147483647 2147483647 2147483647 cdma for subscription0
02-14 14:15:35.219 D/StatusBarPolicy(  317): updateSignalStrength on subscription :0
02-14 14:15:35.219 D/StatusBarPolicy(  317): StatusBarPolocy::getIconLevel -EVDO
02-14 14:15:35.219 D/StatusBarPolicy(  317): getEvdoLevel_band_six -evdoDbm:-95
02-14 14:15:35.229 D/StatusBarPolicy(  317): getEvdoLevel_band_six -evdoEcio:-65
02-14 14:15:37.361 D/ConnectivityService(  207): Dropping ConnectivityChange for WIFI: DISCONNECTED/SCANNING
02-14 14:15:37.491 D/PowerManagerService(  207): setTimeoutLocked now=473187 timeoutOverride=-1 nextState=1 when=580187
02-14 14:15:37.831 D/PowerManagerService(  207): setTimeoutLocked now=473527 timeoutOverride=-1 nextState=3 when=479527
02-14 14:15:37.981 D/PowerManagerService(  207): setTimeoutLocked now=473674 timeoutOverride=-1 nextState=3 when=479674
02-14 14:15:37.981 I/ActivityManager(  207): Starting: Intent { act=android.settings.ADD_ACCOUNT_SETTINGS cmp=com.android.providers.subscribedfeeds/com.android.settings.AddAccountSettings (has extras) } from pid 207
02-14 14:15:37.991 W/WindowManager(  207): updateFocusedWindowLocked newFocus=null mode=0 mCurrentFocus = Window{40857f20 com.android.providers.subscribedfeeds/com.android.settings.ManageAccountsSettings paused=true}
02-14 14:15:38.021 W/WindowManager(  207): updateFocusedWindowLocked newFocus=Window{40c10340 com.android.providers.subscribedfeeds/com.android.settings.AddAccountSettings paused=false} mode=3 mCurrentFocus = null
02-14 14:15:38.061 W/WindowManager(  207): updateFocusedWindowLocked newFocus=Window{40c10340 com.android.providers.subscribedfeeds/com.android.settings.AddAccountSettings paused=false} mode=2 mCurrentFocus = Window{40c10340 com.android.providers.subscribedfeeds/com.android.settings.AddAccountSettings paused=false}
02-14 14:15:38.061 W/WindowManager(  207): updateFocusedWindowLocked newFocus=Window{40c10340 com.android.providers.subscribedfeeds/com.android.settings.AddAccountSettings paused=false} mode=2 mCurrentFocus = Window{40c10340 com.android.providers.subscribedfeeds/com.android.settings.AddAccountSettings paused=false}
02-14 14:15:38.061 W/WindowManager(  207): updateFocusedWindowLocked newFocus=Window{40c10340 com.android.providers.subscribedfeeds/com.android.settings.AddAccountSettings paused=false} mode=3 mCurrentFocus = Window{40c10340 com.android.providers.subscribedfeeds/com.android.settings.AddAccountSettings paused=false}
02-14 14:15:38.322 D/ConnectivityService(  207): Dropping ConnectivityChange for WIFI: DISCONNECTED/IDLE
02-14 14:15:39.603 D/PowerManagerService(  207): setTimeoutLocked now=475299 timeoutOverride=-1 nextState=3 when=481299
02-14 14:15:39.683 D/StatusBarPolicy(  317): onSignalStrengthsChanged:SignalStrength: 99 0 -93 -70 -95 -55 3 99 2147483647 2147483647 2147483647 2147483647 cdma for subscription0
02-14 14:15:39.683 D/StatusBarPolicy(  317): updateSignalStrength on subscription :0
02-14 14:15:39.683 D/StatusBarPolicy(  317): StatusBarPolocy::getIconLevel -EVDO
02-14 14:15:39.683 D/StatusBarPolicy(  317): getEvdoLevel_band_six -evdoDbm:-95
02-14 14:15:39.683 D/StatusBarPolicy(  317): getEvdoLevel_band_six -evdoEcio:-55
02-14 14:15:39.703 D/PowerManagerService(  207): setTimeoutLocked now=475400 timeoutOverride=-1 nextState=3 when=481400
02-14 14:15:39.943 I/ActivityManager(  207): Starting: Intent { cmp=com.google.android.gsf/.loginservice.LoginActivity (has extras) } from pid 207
02-14 14:15:39.943 W/WindowManager(  207): updateFocusedWindowLocked newFocus=null mode=0 mCurrentFocus = Window{40c10340 com.android.providers.subscribedfeeds/com.android.settings.AddAccountSettings paused=true}
02-14 14:15:39.963 I/ActivityManager(  207): Starting: Intent { cmp=com.google.android.gsf/.loginservice.RunSetupWizardActivity (has extras) } from pid 387
02-14 14:15:39.973 W/WindowManager(  207): updateFocusedWindowLocked newFocus=null mode=0 mCurrentFocus = null
02-14 14:15:39.983 W/WindowManager(  207): updateFocusedWindowLocked newFocus=null mode=3 mCurrentFocus = null
02-14 14:15:40.013 I/ActivityManager(  207): Starting: Intent { flg=0x80000 cmp=com.google.android.gsf/.login.AccountIntroActivity (has extras) } from pid 387
02-14 14:15:40.013 W/WindowManager(  207): updateFocusedWindowLocked newFocus=null mode=0 mCurrentFocus = null
02-14 14:15:40.344 W/WindowManager(  207): updateFocusedWindowLocked newFocus=Window{4094f888 com.google.android.gsf/com.google.android.gsf.login.AccountIntroActivity paused=false} mode=3 mCurrentFocus = null
02-14 14:15:40.384 W/WindowManager(  207): updateFocusedWindowLocked newFocus=Window{4094f888 com.google.android.gsf/com.google.android.gsf.login.AccountIntroActivity paused=false} mode=2 mCurrentFocus = Window{4094f888 com.google.android.gsf/com.google.android.gsf.login.AccountIntroActivity paused=false}
02-14 14:15:40.384 W/WindowManager(  207): updateFocusedWindowLocked newFocus=Window{4094f888 com.google.android.gsf/com.google.android.gsf.login.AccountIntroActivity paused=false} mode=2 mCurrentFocus = Window{4094f888 com.google.android.gsf/com.google.android.gsf.login.AccountIntroActivity paused=false}
02-14 14:15:40.394 W/WindowManager(  207): updateFocusedWindowLocked newFocus=Window{4094f888 com.google.android.gsf/com.google.android.gsf.login.AccountIntroActivity paused=false} mode=3 mCurrentFocus = Window{4094f888 com.google.android.gsf/com.google.android.gsf.login.AccountIntroActivity paused=false}
02-14 14:15:40.404 W/WindowManager(  207): updateFocusedWindowLocked newFocus=Window{4094f888 com.google.android.gsf/com.google.android.gsf.login.AccountIntroActivity paused=false} mode=3 mCurrentFocus = Window{4094f888 com.google.android.gsf/com.google.android.gsf.login.AccountIntroActivity paused=false}
02-14 14:15:41.435 D/PowerManagerService(  207): setTimeoutLocked now=477134 timeoutOverride=-1 nextState=3 when=483134
02-14 14:15:41.555 D/PowerManagerService(  207): setTimeoutLocked now=477256 timeoutOverride=-1 nextState=3 when=483256
02-14 14:15:41.585 I/ActivityManager(  207): Starting: Intent { cmp=com.google.android.gsf/.login.ChooseAccountActivity (has extras) } from pid 387
02-14 14:15:41.605 W/WindowManager(  207): updateFocusedWindowLocked newFocus=null mode=0 mCurrentFocus = Window{4094f888 com.google.android.gsf/com.google.android.gsf.login.AccountIntroActivity paused=true}
02-14 14:15:41.675 W/WindowManager(  207): updateFocusedWindowLocked newFocus=Window{407de2f8 com.google.android.gsf/com.google.android.gsf.login.ChooseAccountActivity paused=false} mode=3 mCurrentFocus = null
02-14 14:15:41.705 W/WindowManager(  207): updateFocusedWindowLocked newFocus=Window{407de2f8 com.google.android.gsf/com.google.android.gsf.login.ChooseAccountActivity paused=false} mode=2 mCurrentFocus = Window{407de2f8 com.google.android.gsf/com.google.android.gsf.login.ChooseAccountActivity paused=false}
02-14 14:15:41.705 W/WindowManager(  207): updateFocusedWindowLocked newFocus=Window{407de2f8 com.google.android.gsf/com.google.android.gsf.login.ChooseAccountActivity paused=false} mode=2 mCurrentFocus = Window{407de2f8 com.google.android.gsf/com.google.android.gsf.login.ChooseAccountActivity paused=false}
02-14 14:15:41.715 W/WindowManager(  207): updateFocusedWindowLocked newFocus=Window{407de2f8 com.google.android.gsf/com.google.android.gsf.login.ChooseAccountActivity paused=false} mode=3 mCurrentFocus = Window{407de2f8 com.google.android.gsf/com.google.android.gsf.login.ChooseAccountActivity paused=false}
02-14 14:15:43.747 D/WifiService(  207): ACTION_BATTERY_CHANGED pluggedType: 0
02-14 14:15:43.747 D/WifiService(  207): WifiHandler, MESSAGE_UPDATE_STATE
02-14 14:15:43.757 D/WifiService(  207): isAirplaneModeOn(): false
02-14 14:15:43.757 D/WifiService(  207): updateWifiState(), wifiEnabled: true, airplaneMode: false, wifiShouldBeEnabled: true, wifiShouldBeStarted: true, strongestLockMode: 1
02-14 14:15:43.757 D/WifiService(  207): WifiHandler, MESSAGE_ENABLE_WIFI, msg.arg1: 0, msg.arg2: 1000
02-14 14:15:43.757 D/WifiService(  207): WifiHandler, MESSAGE_START_WIFI, msg.arg1: 1
02-14 14:15:44.237 D/PowerManagerService(  207): setTimeoutLocked now=479932 timeoutOverride=-1 nextState=3 when=485932
02-14 14:15:44.327 D/PowerManagerService(  207): setTimeoutLocked now=480019 timeoutOverride=-1 nextState=3 when=486019
02-14 14:15:44.327 I/ActivityManager(  207): Starting: Intent { cmp=com.google.android.gsf/.login.LoginActivity (has extras) } from pid 387
02-14 14:15:44.338 W/WindowManager(  207): updateFocusedWindowLocked newFocus=null mode=0 mCurrentFocus = Window{407de2f8 com.google.android.gsf/com.google.android.gsf.login.ChooseAccountActivity paused=true}
02-14 14:15:44.418 W/WindowManager(  207): updateFocusedWindowLocked newFocus=Window{408b6e00 com.google.android.gsf/com.google.android.gsf.login.LoginActivity paused=false} mode=3 mCurrentFocus = null
02-14 14:15:44.438 W/WindowManager(  207): updateFocusedWindowLocked newFocus=Window{408b6e00 com.google.android.gsf/com.google.android.gsf.login.LoginActivity paused=false} mode=3 mCurrentFocus = Window{408b6e00 com.google.android.gsf/com.google.android.gsf.login.LoginActivity paused=false}
02-14 14:15:44.478 W/WindowManager(  207): updateFocusedWindowLocked newFocus=Window{408b6e00 com.google.android.gsf/com.google.android.gsf.login.LoginActivity paused=false} mode=2 mCurrentFocus = Window{408b6e00 com.google.android.gsf/com.google.android.gsf.login.LoginActivity paused=false}
02-14 14:15:44.478 W/WindowManager(  207): updateFocusedWindowLocked newFocus=Window{408b6e00 com.google.android.gsf/com.google.android.gsf.login.LoginActivity paused=false} mode=2 mCurrentFocus = Window{408b6e00 com.google.android.gsf/com.google.android.gsf.login.LoginActivity paused=false}
02-14 14:15:44.478 W/WindowManager(  207): updateFocusedWindowLocked newFocus=Window{408b6e00 com.google.android.gsf/com.google.android.gsf.login.LoginActivity paused=false} mode=3 mCurrentFocus = Window{408b6e00 com.google.android.gsf/com.google.android.gsf.login.LoginActivity paused=false}
02-14 14:15:46.329 D/PowerManagerService(  207): setTimeoutLocked now=482009 timeoutOverride=-1 nextState=3 when=488009
02-14 14:15:46.369 W/WindowManager(  207): updateFocusedWindowLocked newFocus=Window{408b6e00 com.google.android.gsf/com.google.android.gsf.login.LoginActivity paused=false} mode=3 mCurrentFocus = Window{408b6e00 com.google.android.gsf/com.google.android.gsf.login.LoginActivity paused=false}
02-14 14:15:46.390 W/WindowManager(  207): updateFocusedWindowLocked newFocus=Window{408b6e00 com.google.android.gsf/com.google.android.gsf.login.LoginActivity paused=false} mode=3 mCurrentFocus = Window{408b6e00 com.google.android.gsf/com.google.android.gsf.login.LoginActivity paused=false}
02-14 14:15:46.390 D/StatusBarPolicy(  317): onSignalStrengthsChanged:SignalStrength: 99 0 -93 -80 -95 -55 3 99 2147483647 2147483647 2147483647 2147483647 cdma for subscription0
02-14 14:15:46.390 D/StatusBarPolicy(  317): updateSignalStrength on subscription :0
02-14 14:15:46.400 D/StatusBarPolicy(  317): StatusBarPolocy::getIconLevel -EVDO
02-14 14:15:46.400 D/StatusBarPolicy(  317): getEvdoLevel_band_six -evdoDbm:-95
02-14 14:15:46.400 D/StatusBarPolicy(  317): getEvdoLevel_band_six -evdoEcio:-55
02-14 14:15:46.980 D/PowerManagerService(  207): setTimeoutLocked now=482632 timeoutOverride=-1 nextState=3 when=488632
02-14 14:15:47.671 D/PowerManagerService(  207): setTimeoutLocked now=483365 timeoutOverride=-1 nextState=3 when=489365
02-14 14:15:48.662 D/StatusBarPolicy(  317): onSignalStrengthsChanged:SignalStrength: 99 0 -93 -80 -96 -65 2 99 2147483647 2147483647 2147483647 2147483647 cdma for subscription0
02-14 14:15:48.662 D/StatusBarPolicy(  317): updateSignalStrength on subscription :0
02-14 14:15:48.672 D/StatusBarPolicy(  317): StatusBarPolocy::getIconLevel -EVDO
02-14 14:15:48.672 D/StatusBarPolicy(  317): getEvdoLevel_band_six -evdoDbm:-96
02-14 14:15:48.672 D/StatusBarPolicy(  317): getEvdoLevel_band_six -evdoEcio:-65
02-14 14:15:49.703 W/WindowManager(  207): updateFocusedWindowLocked newFocus=Window{408b6e00 com.google.android.gsf/com.google.android.gsf.login.LoginActivity paused=false} mode=3 mCurrentFocus = Window{408b6e00 com.google.android.gsf/com.google.android.gsf.login.LoginActivity paused=false}
02-14 14:15:50.143 D/PowerManagerService(  207): setTimeoutLocked now=485840 timeoutOverride=-1 nextState=3 when=491840
02-14 14:15:50.874 D/StatusBarPolicy(  317): onSignalStrengthsChanged:SignalStrength: 99 0 -94 -95 -97 -80 2 99 2147483647 2147483647 2147483647 2147483647 cdma for subscription0
02-14 14:15:50.874 D/StatusBarPolicy(  317): updateSignalStrength on subscription :0
02-14 14:15:50.874 D/StatusBarPolicy(  317): StatusBarPolocy::getIconLevel -EVDO
02-14 14:15:50.874 D/StatusBarPolicy(  317): getEvdoLevel_band_six -evdoDbm:-97
02-14 14:15:50.874 D/StatusBarPolicy(  317): getEvdoLevel_band_six -evdoEcio:-80
02-14 14:15:53.136 D/StatusBarPolicy(  317): onSignalStrengthsChanged:SignalStrength: 99 0 -94 -80 -97 -80 2 99 2147483647 2147483647 2147483647 2147483647 cdma for subscription0
02-14 14:15:53.136 D/StatusBarPolicy(  317): updateSignalStrength on subscription :0
02-14 14:15:53.136 D/StatusBarPolicy(  317): StatusBarPolocy::getIconLevel -EVDO
02-14 14:15:53.136 D/StatusBarPolicy(  317): getEvdoLevel_band_six -evdoDbm:-97
02-14 14:15:53.136 D/StatusBarPolicy(  317): getEvdoLevel_band_six -evdoEcio:-80
02-14 14:15:53.346 D/ConnectivityService(  207): Dropping ConnectivityChange for WIFI: DISCONNECTED/SCANNING
02-14 14:15:53.557 D/PowerManagerService(  207): setTimeoutLocked now=489252 timeoutOverride=-1 nextState=3 when=495252
02-14 14:15:53.617 D/PowerManagerService(  207): setTimeoutLocked now=489311 timeoutOverride=-1 nextState=3 when=495311
02-14 14:15:53.627 W/WindowManager(  207): updateFocusedWindowLocked newFocus=Window{408b6e00 com.google.android.gsf/com.google.android.gsf.login.LoginActivity paused=false} mode=3 mCurrentFocus = Window{408b6e00 com.google.android.gsf/com.google.android.gsf.login.LoginActivity paused=false}
02-14 14:15:53.687 W/WindowManager(  207): updateFocusedWindowLocked newFocus=Window{408b6e00 com.google.android.gsf/com.google.android.gsf.login.LoginActivity paused=false} mode=3 mCurrentFocus = Window{408b6e00 com.google.android.gsf/com.google.android.gsf.login.LoginActivity paused=false}
02-14 14:15:54.307 D/ConnectivityService(  207): Dropping ConnectivityChange for WIFI: DISCONNECTED/IDLE
02-14 14:15:55.378 D/StatusBarPolicy(  317): onSignalStrengthsChanged:SignalStrength: 99 0 -94 -80 -97 -35 2 99 2147483647 2147483647 2147483647 2147483647 cdma for subscription0
02-14 14:15:55.378 D/StatusBarPolicy(  317): updateSignalStrength on subscription :0
02-14 14:15:55.378 D/StatusBarPolicy(  317): StatusBarPolocy::getIconLevel -EVDO
02-14 14:15:55.378 D/StatusBarPolicy(  317): getEvdoLevel_band_six -evdoDbm:-97
02-14 14:15:55.378 D/StatusBarPolicy(  317): getEvdoLevel_band_six -evdoEcio:-35
02-14 14:15:55.588 D/PowerManagerService(  207): setTimeoutLocked now=491286 timeoutOverride=-1 nextState=3 when=497286
02-14 14:15:55.609 W/WindowManager(  207): updateFocusedWindowLocked newFocus=Window{408b6e00 com.google.android.gsf/com.google.android.gsf.login.LoginActivity paused=false} mode=3 mCurrentFocus = Window{408b6e00 com.google.android.gsf/com.google.android.gsf.login.LoginActivity paused=false}
02-14 14:15:55.679 D/PowerManagerService(  207): setTimeoutLocked now=491373 timeoutOverride=-1 nextState=3 when=497373
02-14 14:15:55.679 W/WindowManager(  207): updateFocusedWindowLocked newFocus=Window{408b6e00 com.google.android.gsf/com.google.android.gsf.login.LoginActivity paused=false} mode=3 mCurrentFocus = Window{408b6e00 com.google.android.gsf/com.google.android.gsf.login.LoginActivity paused=false}
02-14 14:15:55.699 W/WindowManager(  207): updateFocusedWindowLocked newFocus=Window{408b6e00 com.google.android.gsf/com.google.android.gsf.login.LoginActivity paused=false} mode=3 mCurrentFocus = Window{408b6e00 com.google.android.gsf/com.google.android.gsf.login.LoginActivity paused=false}
02-14 14:15:55.879 W/WindowManager(  207): updateFocusedWindowLocked newFocus=Window{408b6e00 com.google.android.gsf/com.google.android.gsf.login.LoginActivity paused=false} mode=3 mCurrentFocus = Window{408b6e00 com.google.android.gsf/com.google.android.gsf.login.LoginActivity paused=false}
02-14 14:15:55.989 W/WindowManager(  207): updateFocusedWindowLocked newFocus=Window{408b6e00 com.google.android.gsf/com.google.android.gsf.login.LoginActivity paused=false} mode=3 mCurrentFocus = Window{408b6e00 com.google.android.gsf/com.google.android.gsf.login.LoginActivity paused=false}
02-14 14:15:56.259 D/PowerManagerService(  207): setTimeoutLocked now=491955 timeoutOverride=-1 nextState=3 when=497955
02-14 14:15:56.269 W/WindowManager(  207): updateFocusedWindowLocked newFocus=Window{408b6e00 com.google.android.gsf/com.google.android.gsf.login.LoginActivity paused=false} mode=3 mCurrentFocus = Window{408b6e00 com.google.android.gsf/com.google.android.gsf.login.LoginActivity paused=false}
02-14 14:15:56.379 D/PowerManagerService(  207): setTimeoutLocked now=492077 timeoutOverride=-1 nextState=3 when=498077
02-14 14:15:56.389 W/WindowManager(  207): updateFocusedWindowLocked newFocus=Window{408b6e00 com.google.android.gsf/com.google.android.gsf.login.LoginActivity paused=false} mode=3 mCurrentFocus = Window{408b6e00 com.google.android.gsf/com.google.android.gsf.login.LoginActivity paused=false}
02-14 14:15:56.650 W/WindowManager(  207): updateFocusedWindowLocked newFocus=Window{408b6e00 com.google.android.gsf/com.google.android.gsf.login.LoginActivity paused=false} mode=3 mCurrentFocus = Window{408b6e00 com.google.android.gsf/com.google.android.gsf.login.LoginActivity paused=false}
02-14 14:15:56.760 W/WindowManager(  207): updateFocusedWindowLocked newFocus=Window{408b6e00 com.google.android.gsf/com.google.android.gsf.login.LoginActivity paused=false} mode=3 mCurrentFocus = Window{408b6e00 com.google.android.gsf/com.google.android.gsf.login.LoginActivity paused=false}
02-14 14:15:56.830 D/PowerManagerService(  207): setTimeoutLocked now=492529 timeoutOverride=-1 nextState=3 when=498529
