02-14 14:13:24.401 I/RILC    (  119): qmi_ril(0/119): [event] qcril_qmi_nas_dump_sign_strength_report ..LTE
02-14 14:13:24.401 I/RILC    (  119): qmi_ril(0/119): [event] qcril_qmi_nas_dump_sign_strength_report .. signalStrength 99, rsrp 2147483647, rsrq 2147483647, rsnnr 2147483647
02-14 14:13:24.401 I/RILC    (  119): qmi_ril(0/119): [event] qcril_qmi_nas_dump_sign_strength_report qcril_qmi_nas_dump_sign_strength_report completed
02-14 14:13:24.401 I/RILC    (  119): qmi_ril(0/119): [event] qcril_qmi_nas_propagate_known_signal_strength_ind .. conf res 0
02-14 14:13:24.401 D/RILC    (  119): qmi_ril(0/119): [event] qcril_send_unsol_response UI <--- RIL_UNSOL_SIGNAL_STRENGTH (1009) --- RIL [RID 0, Len 48, (null)]
02-14 14:13:24.401 I/RILC    (  119): qmi_ril(0/119): [event] qcril_qmi_nas_propagate_known_signal_strength_ind qcril_qmi_nas_propagate_known_signal_strength_ind completed 0
02-14 14:13:24.401 I/RILC    (  119): qmi_ril(0/119): [event] qcril_process_event Exit qcril_process_event() : <Unknown event> ?, err_no 0
02-14 14:13:24.401 D/RILC    (  119): qmi_ril(0/119): [event] qcril_event_main qcril_event_main(): Waiting...
02-14 14:13:24.411 I/RILC    (  119): qmi_ril(0/119): [main] qcril_qmi_util_convert_qmi_response_codes_to_ril_result_ex qcril_qmi_util_convert_qmi_response_codes_to_ril_result_ex ctx check 0
02-14 14:13:24.411 I/RILC    (  119): qmi_ril(0/119): [main] qcril_qmi_voice_technology_updated qcril_qmi_voice_technology_updated entered
02-14 14:13:24.411 I/RILC    (  119): qmi_ril(0/119): [main] qcril_qmi_voice_technology_updated ..nas_cached_info.serving_system valid 1
02-14 14:13:24.411 I/RILC    (  119): qmi_ril(0/119): [main] qcril_qmi_voice_technology_updated .. selected NW 1
02-14 14:13:24.411 I/RILC    (  119): qmi_ril(0/119): [main] qcril_qmi_voice_technology_updated .. NW state 1
02-14 14:13:24.411 I/RILC    (  119): qmi_ril(0/119): [main] qcril_qmi_mgr_voice_technology_updated qcril_qmi_mgr_voice_technology_updated entered
02-14 14:13:24.411 I/RILC    (  119): qmi_ril(0/119): [main] qcril_qmi_mgr_voice_technology_updated qcril_qmi_mgr_voice_technology_updated left 2
02-14 14:13:24.411 I/RILC    (  119): qmi_ril(0/119): [main] qcril_qmi_voice_technology_updated qcril_qmi_voice_technology_updated completed for 2
02-14 14:13:24.411 I/RILC    (  119): qmi_ril(0/119): [main] qmi_ril_nwr_update_reg_rej_legacy qmi_ril_nwr_update_reg_rej_legacy entered
02-14 14:13:24.411 I/RILC    (  119): qmi_ril(0/119): [main] qmi_ril_nwr_update_reg_rej_legacy .. ss srv reg state 1
02-14 14:13:24.411 I/RILC    (  119): qmi_ril(0/119): [main] qmi_ril_nwr_update_reg_rej_legacy .. reje CS cs_rejected 0
02-14 14:13:24.411 I/RILC    (  119): qmi_ril(0/119): [main] qmi_ril_nwr_update_reg_rej_legacy .. reje CS cs_reject_cause 0
02-14 14:13:24.411 I/RILC    (  119): qmi_ril(0/119): [main] qmi_ril_nwr_update_reg_rej_legacy .. reje PS ps_rejected 0
02-14 14:13:24.411 I/RILC    (  119): qmi_ril(0/119): [main] qmi_ril_nwr_update_reg_rej_legacy .. reje PS ps_reject_cause 0
02-14 14:13:24.411 I/RILC    (  119): qmi_ril(0/119): [main] qmi_ril_nwr_util_log_mccmnc_str .. reje mcc - 
02-14 14:13:24.411 I/RILC    (  119): qmi_ril(0/119): [main] qmi_ril_nwr_util_log_mccmnc_str .. reje mnc - 
02-14 14:13:24.411 I/RILC    (  119): qmi_ril(0/119): [main] qmi_ril_nwr_update_reg_rej_legacy qmi_ril_nwr_update_reg_rej_legacy completed
02-14 14:13:24.411 I/RILC    (  119): qmi_ril(0/119): [main] qcril_qmi_nas_fetch_serving_system_info qcril_qmi_nas_fetch_serving_system_info res 0 
02-14 14:13:24.411 I/RILC    (  119): qmi_ril(0/119): [main] qcril_qmi_util_convert_qmi_response_codes_to_ril_result_ex qcril_qmi_util_convert_qmi_response_codes_to_ril_result_ex ctx check 0
02-14 14:13:24.411 I/RILC    (  119): qmi_ril(0/119): [main] qcril_qmi_nas_update_voice_rte qcril_qmi_nas_update_voice_rte entered
02-14 14:13:24.411 I/RILC    (  119): qmi_ril(0/119): [main] qcril_qmi_nas_util_convert_nas_srv_status_to_ril_reg_status  qcril_qmi_nas_util_convert_nas_srv_status_to_ril_reg_status entered
02-14 14:13:24.411 D/RILC    (  119): qmi_ril(0/119): [main] qcril_qmi_util_retrieve_srv_status qcril_qmi_util_retrieve_srv_status completed with 2
02-14 14:13:24.411 I/RILC    (  119): qmi_ril(0/119): [main] qcril_qmi_nas_util_convert_nas_srv_status_to_ril_reg_status ... nas_srv_status 2, is_data 0, is_3gpp 0, is_hdr 0
02-14 14:13:24.411 I/RILC    (  119): qmi_ril(0/119): [main] qcril_qmi_nas_util_convert_nas_srv_status_to_ril_reg_status ... intermediate res 1 5
02-14 14:13:24.411 I/RILC    (  119): qmi_ril(0/119): [main] qcril_qmi_nas_util_convert_nas_srv_status_to_ril_reg_status ... common_sys_info 88896
02-14 14:13:24.411 I/RILC    (  119): qmi_ril(0/119): [main] qcril_qmi_nas_util_convert_nas_srv_status_to_ril_reg_status ... srv_capability_valid, srv_capability 1, 3
02-14 14:13:24.411 I/RILC    (  119): qmi_ril(0/119): [main] qcril_qmi_nas_util_convert_nas_srv_status_to_ril_reg_status ... srv_domain_valid, srv_domain 1, 3
02-14 14:13:24.411 I/RILC    (  119): qmi_ril(0/119): [main] qcril_qmi_nas_util_convert_nas_srv_status_to_ril_reg_status ... intermediate res 2 5
02-14 14:13:24.411 I/RILC    (  119): qmi_ril(0/119): [main] qcril_qmi_nas_util_convert_nas_srv_status_to_ril_reg_status ... hdr_only_sys_info 0
02-14 14:13:24.411 I/RILC    (  119): qmi_ril(0/119): [main] qcril_qmi_nas_util_convert_nas_srv_status_to_ril_reg_status ... intermediate res 3 5
02-14 14:13:24.411 I/RILC    (  119): qmi_ril(0/119): [main] qcril_qmi_nas_util_convert_nas_srv_status_to_ril_reg_status ... is_sys_forbidden_valid, is_sys_forbidden 1, 0
02-14 14:13:24.411 I/RILC    (  119): qmi_ril(0/119): [main] qcril_qmi_nas_util_convert_nas_srv_status_to_ril_reg_status qcril_qmi_nas_util_convert_nas_srv_status_to_ril_reg_status complete with 5
02-14 14:13:24.411 I/RILC    (  119): qmi_ril(0/119): [main] qcril_qmi_nas_util_convert_nas_srv_status_to_ril_reg_status  qcril_qmi_nas_util_convert_nas_srv_status_to_ril_reg_status entered
02-14 14:13:24.411 D/RILC    (  119): qmi_ril(0/119): [main] qcril_qmi_util_retrieve_srv_status qcril_qmi_util_retrieve_srv_status completed with 2
02-14 14:13:24.411 I/RILC    (  119): qmi_ril(0/119): [main] qcril_qmi_nas_util_convert_nas_srv_status_to_ril_reg_status ... nas_srv_status 2, is_data 1, is_3gpp 0, is_hdr 1
02-14 14:13:24.411 I/RILC    (  119): qmi_ril(0/119): [main] qcril_qmi_nas_util_convert_nas_srv_status_to_ril_reg_status ... intermediate res 1 1
02-14 14:13:24.411 I/RILC    (  119): qmi_ril(0/119): [main] qcril_qmi_nas_util_convert_nas_srv_status_to_ril_reg_status ... common_sys_info 115136
02-14 14:13:24.411 I/RILC    (  119): qmi_ril(0/119): [main] qcril_qmi_nas_util_convert_nas_srv_status_to_ril_reg_status ... srv_capability_valid, srv_capability 1, 2
02-14 14:13:24.411 I/RILC    (  119): qmi_ril(0/119): [main] qcril_qmi_nas_util_convert_nas_srv_status_to_ril_reg_status ... srv_domain_valid, srv_domain 1, 2
02-14 14:13:24.411 I/RILC    (  119): qmi_ril(0/119): [main] qcril_qmi_nas_util_convert_nas_srv_status_to_ril_reg_status ... intermediate res 2 1
02-14 14:13:24.411 I/RILC    (  119): qmi_ril(0/119): [main] qcril_qmi_nas_util_convert_nas_srv_status_to_ril_reg_status ... hdr_only_sys_info 115168
02-14 14:13:24.411 I/RILC    (  119): qmi_ril(0/119): [main] qcril_qmi_nas_util_convert_nas_srv_status_to_ril_reg_status ... hdr_active_prot_valid, hdr_personality_valid 1, 1
02-14 14:13:24.411 I/RILC    (  119): qmi_ril(0/119): [main] qcril_qmi_nas_util_convert_nas_srv_status_to_ril_reg_status ... intermediate res 3 1
02-14 14:13:24.411 I/RILC    (  119): qmi_ril(0/119): [main] qcril_qmi_nas_util_convert_nas_srv_status_to_ril_reg_status ... is_sys_forbidden_valid, is_sys_forbidden 1, 0
02-14 14:13:24.411 I/RILC    (  119): qmi_ril(0/119): [main] qcril_qmi_nas_util_convert_nas_srv_status_to_ril_reg_status qcril_qmi_nas_util_convert_nas_srv_status_to_ril_reg_status complete with 1
02-14 14:13:24.411 I/RILC    (  119): qmi_ril(0/119): [main] qcril_qmi_nas_update_voice_rte .. 1x reg 5
02-14 14:13:24.411 I/RILC    (  119): qmi_ril(0/119): [main] qcril_qmi_nas_update_voice_rte .. gsm reg 0
02-14 14:13:24.411 I/RILC    (  119): qmi_ril(0/119): [main] qcril_qmi_nas_update_voice_rte .. wcdma reg 0
02-14 14:13:24.411 I/RILC    (  119): qmi_ril(0/119): [main] qcril_qmi_nas_update_voice_rte .. lte reg 0
02-14 14:13:24.411 I/RILC    (  119): qmi_ril(0/119): [main] qcril_qmi_nas_update_voice_rte .. hdr reg 1
02-14 14:13:24.411 I/RILC    (  119): qmi_ril(0/119): [main] qcril_qmi_nas_update_voice_rte qcril_qmi_nas_update_voice_rte completed, new vrte 1
02-14 14:13:24.411 I/RILC    (  119): qmi_ril(0/119): [main] qcril_qmi_voice_technology_updated qcril_qmi_voice_technology_updated entered
02-14 14:13:24.411 I/RILC    (  119): qmi_ril(0/119): [main] qcril_qmi_voice_technology_updated ..nas_cached_info.serving_system valid 1
02-14 14:13:24.411 I/RILC    (  119): qmi_ril(0/119): [main] qcril_qmi_voice_technology_updated .. selected NW 1
02-14 14:13:24.411 I/RILC    (  119): qmi_ril(0/119): [main] qcril_qmi_voice_technology_updated .. NW state 1
02-14 14:13:24.411 I/RILC    (  119): qmi_ril(0/119): [main] qcril_qmi_mgr_voice_technology_updated qcril_qmi_mgr_voice_technology_updated entered
02-14 14:13:24.411 I/RILC    (  119): qmi_ril(0/119): [main] qcril_qmi_mgr_voice_technology_updated qcril_qmi_mgr_voice_technology_updated left 2
02-14 14:13:24.411 I/RILC    (  119): qmi_ril(0/119): [main] qcril_qmi_voice_technology_updated qcril_qmi_voice_technology_updated completed for 2
02-14 14:13:24.411 I/RILC    (  119): qmi_ril(0/119): [main] qmi_ril_nwr_update_reg_rej_from_sys_info qmi_ril_nwr_update_reg_rej_from_sys_info entered
02-14 14:13:24.411 I/RILC    (  119): qmi_ril(0/119): [main] qcril_qmi_nas_util_convert_nas_srv_status_to_ril_reg_status  qcril_qmi_nas_util_convert_nas_srv_status_to_ril_reg_status entered
02-14 14:13:24.411 D/RILC    (  119): qmi_ril(0/119): [main] qcril_qmi_util_retrieve_srv_status qcril_qmi_util_retrieve_srv_status completed with 2
02-14 14:13:24.411 I/RILC    (  119): qmi_ril(0/119): [main] qcril_qmi_nas_util_convert_nas_srv_status_to_ril_reg_status ... nas_srv_status 2, is_data 0, is_3gpp 0, is_hdr 0
02-14 14:13:24.411 I/RILC    (  119): qmi_ril(0/119): [main] qcril_qmi_nas_util_convert_nas_srv_status_to_ril_reg_status ... intermediate res 1 5
02-14 14:13:24.411 I/RILC    (  119): qmi_ril(0/119): [main] qcril_qmi_nas_util_convert_nas_srv_status_to_ril_reg_status ... common_sys_info 88896
02-14 14:13:24.411 I/RILC    (  119): qmi_ril(0/119): [main] qcril_qmi_nas_util_convert_nas_srv_status_to_ril_reg_status ... srv_capability_valid, srv_capability 1, 3
02-14 14:13:24.411 I/RILC    (  119): qmi_ril(0/119): [main] qcril_qmi_nas_util_convert_nas_srv_status_to_ril_reg_status ... srv_domain_valid, srv_domain 1, 3
02-14 14:13:24.411 I/RILC    (  119): qmi_ril(0/119): [main] qcril_qmi_nas_util_convert_nas_srv_status_to_ril_reg_status ... intermediate res 2 5
02-14 14:13:24.411 I/RILC    (  119): qmi_ril(0/119): [main] qcril_qmi_nas_util_convert_nas_srv_status_to_ril_reg_status ... hdr_only_sys_info 0
02-14 14:13:24.411 I/RILC    (  119): qmi_ril(0/119): [main] qcril_qmi_nas_util_convert_nas_srv_status_to_ril_reg_status ... intermediate res 3 5
02-14 14:13:24.411 I/RILC    (  119): qmi_ril(0/119): [main] qcril_qmi_nas_util_convert_nas_srv_status_to_ril_reg_status ... is_sys_forbidden_valid, is_sys_forbidden 1, 0
02-14 14:13:24.411 I/RILC    (  119): qmi_ril(0/119): [main] qcril_qmi_nas_util_convert_nas_srv_status_to_ril_reg_status qcril_qmi_nas_util_convert_nas_srv_status_to_ril_reg_status complete with 5
02-14 14:13:24.411 I/RILC    (  119): qmi_ril(0/119): [main] qcril_qmi_nas_util_convert_nas_srv_status_to_ril_reg_status  qcril_qmi_nas_util_convert_nas_srv_status_to_ril_reg_status entered
02-14 14:13:24.411 D/RILC    (  119): qmi_ril(0/119): [main] qcril_qmi_util_retrieve_srv_status qcril_qmi_util_retrieve_srv_status completed with 2
02-14 14:13:24.411 I/RILC    (  119): qmi_ril(0/119): [main] qcril_qmi_nas_util_convert_nas_srv_status_to_ril_reg_status ... nas_srv_status 2, is_data 0, is_3gpp 0, is_hdr 1
02-14 14:13:24.411 I/RILC    (  119): qmi_ril(0/119): [main] qcril_qmi_nas_util_convert_nas_srv_status_to_ril_reg_status ... intermediate res 1 1
02-14 14:13:24.411 I/RILC    (  119): qmi_ril(0/119): [main] qcril_qmi_nas_util_convert_nas_srv_status_to_ril_reg_status ... common_sys_info 115136
02-14 14:13:24.411 I/RILC    (  119): qmi_ril(0/119): [main] qcril_qmi_nas_util_convert_nas_srv_status_to_ril_reg_status ... srv_capability_valid, srv_capability 1, 2
02-14 14:13:24.411 I/RILC    (  119): qmi_ril(0/119): [main] qcril_qmi_nas_util_convert_nas_srv_status_to_ril_reg_status ... srv_domain_valid, srv_domain 1, 2
02-14 14:13:24.411 I/RILC    (  119): qmi_ril(0/119): [main] qcril_qmi_nas_util_convert_nas_srv_status_to_ril_reg_status ... intermediate res 2 0
02-14 14:13:24.411 I/RILC    (  119): qmi_ril(0/119): [main] qcril_qmi_nas_util_convert_nas_srv_status_to_ril_reg_status ... hdr_only_sys_info 115168
02-14 14:13:24.411 I/RILC    (  119): qmi_ril(0/119): [main] qcril_qmi_nas_util_convert_nas_srv_status_to_ril_reg_status ... intermediate res 3 0
02-14 14:13:24.411 I/RILC    (  119): qmi_ril(0/119): [main] qcril_qmi_nas_util_convert_nas_srv_status_to_ril_reg_status ... is_sys_forbidden_valid, is_sys_forbidden 1, 0
02-14 14:13:24.411 I/RILC    (  119): qmi_ril(0/119): [main] qcril_qmi_nas_util_convert_nas_srv_status_to_ril_reg_status qcril_qmi_nas_util_convert_nas_srv_status_to_ril_reg_status complete with 0
02-14 14:13:24.411 I/RILC    (  119): qmi_ril(0/119): [main] qmi_ril_nwr_update_reg_rej_from_sys_info .. 1x reg 5
02-14 14:13:24.411 I/RILC    (  119): qmi_ril(0/119): [main] qmi_ril_nwr_update_reg_rej_from_sys_info .. gsm reg 0
02-14 14:13:24.411 I/RILC    (  119): qmi_ril(0/119): [main] qmi_ril_nwr_update_reg_rej_from_sys_info .. wcdma reg 0
02-14 14:13:24.411 I/RILC    (  119): qmi_ril(0/119): [main] qmi_ril_nwr_update_reg_rej_from_sys_info .. lte reg 0
02-14 14:13:24.411 I/RILC    (  119): qmi_ril(0/119): [main] qmi_ril_nwr_update_reg_rej_from_sys_info .. hdr reg 0
02-14 14:13:24.411 I/RILC    (  119): qmi_ril(0/119): [main] qmi_ril_nwr_update_reg_rej_from_sys_info .. ext info is_reject_case 0, is_managed_roaming 0, reject_cause 0
02-14 14:13:24.411 I/RILC    (  119): qmi_ril(0/119): [main] qmi_ril_nwr_update_reg_rej_from_sys_info .. rte 1 reje CS cs_rejected 0
02-14 14:13:24.411 I/RILC    (  119): qmi_ril(0/119): [main] qmi_ril_nwr_update_reg_rej_from_sys_info .. rte 1 reje CS cs_reject_cause 0
02-14 14:13:24.411 I/RILC    (  119): qmi_ril(0/119): [main] qmi_ril_nwr_util_log_mccmnc_str .. reje mcc - 
02-14 14:13:24.411 I/RILC    (  119): qmi_ril(0/119): [main] qmi_ril_nwr_util_log_mccmnc_str .. reje mnc - 
02-14 14:13:24.411 I/RILC    (  119): qmi_ril(0/119): [main] qmi_ril_nwr_update_reg_rej_from_sys_info .. ext info is_reject_case 0, is_managed_roaming 0, reject_cause 0
02-14 14:13:24.411 I/RILC    (  119): qmi_ril(0/119): [main] qmi_ril_nwr_update_reg_rej_from_sys_info .. rte 2 reje CS cs_rejected 0
02-14 14:13:24.411 I/RILC    (  119): qmi_ril(0/119): [main] qmi_ril_nwr_update_reg_rej_from_sys_info .. rte 2 reje CS cs_reject_cause 0
02-14 14:13:24.411 I/RILC    (  119): qmi_ril(0/119): [main] qmi_ril_nwr_util_log_mccmnc_str .. reje mcc - 
02-14 14:13:24.411 I/RILC    (  119): qmi_ril(0/119): [main] qmi_ril_nwr_util_log_mccmnc_str .. reje mnc - 
02-14 14:13:24.411 I/RILC    (  119): qmi_ril(0/119): [main] qmi_ril_nwr_update_reg_rej_from_sys_info .. ext info is_reject_case 0, is_managed_roaming 0, reject_cause 0
02-14 14:13:24.411 I/RILC    (  119): qmi_ril(0/119): [main] qmi_ril_nwr_update_reg_rej_from_sys_info .. rte 3 reje CS cs_rejected 0
02-14 14:13:24.411 I/RILC    (  119): qmi_ril(0/119): [main] qmi_ril_nwr_update_reg_rej_from_sys_info .. rte 3 reje CS cs_reject_cause 0
02-14 14:13:24.411 I/RILC    (  119): qmi_ril(0/119): [main] qmi_ril_nwr_util_log_mccmnc_str .. reje mcc - 
02-14 14:13:24.411 I/RILC    (  119): qmi_ril(0/119): [main] qmi_ril_nwr_util_log_mccmnc_str .. reje mnc - 
02-14 14:13:24.411 I/RILC    (  119): qmi_ril(0/119): [main] qmi_ril_nwr_update_reg_rej_from_sys_info .. ext info is_reject_case 0, is_managed_roaming 0, reject_cause 0
02-14 14:13:24.411 I/RILC    (  119): qmi_ril(0/119): [main] qmi_ril_nwr_update_reg_rej_from_sys_info .. rte 4 reje CS cs_rejected 0
02-14 14:13:24.411 I/RILC    (  119): qmi_ril(0/119): [main] qmi_ril_nwr_update_reg_rej_from_sys_info .. rte 4 reje CS cs_reject_cause 0
02-14 14:13:24.411 I/RILC    (  119): qmi_ril(0/119): [main] qmi_ril_nwr_util_log_mccmnc_str .. reje mcc - 
02-14 14:13:24.411 I/RILC    (  119): qmi_ril(0/119): [main] qmi_ril_nwr_util_log_mccmnc_str .. reje mnc - 
02-14 14:13:24.411 I/RILC    (  119): qmi_ril(0/119): [main] qmi_ril_nwr_update_reg_rej_from_sys_info .. ext info is_reject_case 0, is_managed_roaming 0, reject_cause 0
02-14 14:13:24.411 I/RILC    (  119): qmi_ril(0/119): [main] qmi_ril_nwr_update_reg_rej_from_sys_info .. rte 5 reje CS cs_rejected 0
02-14 14:13:24.411 I/RILC    (  119): qmi_ril(0/119): [main] qmi_ril_nwr_update_reg_rej_from_sys_info .. rte 5 reje CS cs_reject_cause 0
02-14 14:13:24.411 I/RILC    (  119): qmi_ril(0/119): [main] qmi_ril_nwr_util_log_mccmnc_str .. reje mcc - 
02-14 14:13:24.411 I/RILC    (  119): qmi_ril(0/119): [main] qmi_ril_nwr_util_log_mccmnc_str .. reje mnc - 
02-14 14:13:24.411 I/RILC    (  119): qmi_ril(0/119): [main] qcril_qmi_nas_util_convert_nas_srv_status_to_ril_reg_status  qcril_qmi_nas_util_convert_nas_srv_status_to_ril_reg_status entered
02-14 14:13:24.411 D/RILC    (  119): qmi_ril(0/119): [main] qcril_qmi_util_retrieve_srv_status qcril_qmi_util_retrieve_srv_status completed with 2
02-14 14:13:24.411 I/RILC    (  119): qmi_ril(0/119): [main] qcril_qmi_nas_util_convert_nas_srv_status_to_ril_reg_status ... nas_srv_status 2, is_data 1, is_3gpp 0, is_hdr 0
02-14 14:13:24.411 I/RILC    (  119): qmi_ril(0/119): [main] qcril_qmi_nas_util_convert_nas_srv_status_to_ril_reg_status ... intermediate res 1 5
02-14 14:13:24.411 I/RILC    (  119): qmi_ril(0/119): [main] qcril_qmi_nas_util_convert_nas_srv_status_to_ril_reg_status ... common_sys_info 88896
02-14 14:13:24.411 I/RILC    (  119): qmi_ril(0/119): [main] qcril_qmi_nas_util_convert_nas_srv_status_to_ril_reg_status ... srv_capability_valid, srv_capability 1, 3
02-14 14:13:24.411 I/RILC    (  119): qmi_ril(0/119): [main] qcril_qmi_nas_util_convert_nas_srv_status_to_ril_reg_status ... srv_domain_valid, srv_domain 1, 3
02-14 14:13:24.411 I/RILC    (  119): qmi_ril(0/119): [main] qcril_qmi_nas_util_convert_nas_srv_status_to_ril_reg_status ... intermediate res 2 5
02-14 14:13:24.411 I/RILC    (  119): qmi_ril(0/119): [main] qcril_qmi_nas_util_convert_nas_srv_status_to_ril_reg_status ... hdr_only_sys_info 0
02-14 14:13:24.411 I/RILC    (  119): qmi_ril(0/119): [main] qcril_qmi_nas_util_convert_nas_srv_status_to_ril_reg_status ... intermediate res 3 5
02-14 14:13:24.411 I/RILC    (  119): qmi_ril(0/119): [main] qcril_qmi_nas_util_convert_nas_srv_status_to_ril_reg_status ... is_sys_forbidden_valid, is_sys_forbidden 1, 0
02-14 14:13:24.411 I/RILC    (  119): qmi_ril(0/119): [main] qcril_qmi_nas_util_convert_nas_srv_status_to_ril_reg_status qcril_qmi_nas_util_convert_nas_srv_status_to_ril_reg_status complete with 5
02-14 14:13:24.411 I/RILC    (  119): qmi_ril(0/119): [main] qcril_qmi_nas_util_convert_nas_srv_status_to_ril_reg_status  qcril_qmi_nas_util_convert_nas_srv_status_to_ril_reg_status entered
02-14 14:13:24.411 D/RILC    (  119): qmi_ril(0/119): [main] qcril_qmi_util_retrieve_srv_status qcril_qmi_util_retrieve_srv_status completed with 2
02-14 14:13:24.411 I/RILC    (  119): qmi_ril(0/119): [main] qcril_qmi_nas_util_convert_nas_srv_status_to_ril_reg_status ... nas_srv_status 2, is_data 1, is_3gpp 0, is_hdr 1
02-14 14:13:24.411 I/RILC    (  119): qmi_ril(0/119): [main] qcril_qmi_nas_util_convert_nas_srv_status_to_ril_reg_status ... intermediate res 1 1
02-14 14:13:24.411 I/RILC    (  119): qmi_ril(0/119): [main] qcril_qmi_nas_util_convert_nas_srv_status_to_ril_reg_status ... common_sys_info 115136
02-14 14:13:24.411 I/RILC    (  119): qmi_ril(0/119): [main] qcril_qmi_nas_util_convert_nas_srv_status_to_ril_reg_status ... srv_capability_valid, srv_capability 1, 2
02-14 14:13:24.411 I/RILC    (  119): qmi_ril(0/119): [main] qcril_qmi_nas_util_convert_nas_srv_status_to_ril_reg_status ... srv_domain_valid, srv_domain 1, 2
02-14 14:13:24.411 I/RILC    (  119): qmi_ril(0/119): [main] qcril_qmi_nas_util_convert_nas_srv_status_to_ril_reg_status ... intermediate res 2 1
02-14 14:13:24.411 I/RILC    (  119): qmi_ril(0/119): [main] qcril_qmi_nas_util_convert_nas_srv_status_to_ril_reg_status ... hdr_only_sys_info 115168
02-14 14:13:24.411 I/RILC    (  119): qmi_ril(0/119): [main] qcril_qmi_nas_util_convert_nas_srv_status_to_ril_reg_status ... hdr_active_prot_valid, hdr_personality_valid 1, 1
02-14 14:13:24.411 I/RILC    (  119): qmi_ril(0/119): [main] qcril_qmi_nas_util_convert_nas_srv_status_to_ril_reg_status ... intermediate res 3 1
02-14 14:13:24.411 I/RILC    (  119): qmi_ril(0/119): [main] qcril_qmi_nas_util_convert_nas_srv_status_to_ril_reg_status ... is_sys_forbidden_valid, is_sys_forbidden 1, 0
02-14 14:13:24.411 I/RILC    (  119): qmi_ril(0/119): [main] qcril_qmi_nas_util_convert_nas_srv_status_to_ril_reg_status qcril_qmi_nas_util_convert_nas_srv_status_to_ril_reg_status complete with 1
02-14 14:13:24.411 I/RILC    (  119): qmi_ril(0/119): [main] qmi_ril_nwr_update_reg_rej_from_sys_info .. 1x reg data 5
02-14 14:13:24.411 I/RILC    (  119): qmi_ril(0/119): [main] qmi_ril_nwr_update_reg_rej_from_sys_info .. gsm reg data 0
02-14 14:13:24.411 I/RILC    (  119): qmi_ril(0/119): [main] qmi_ril_nwr_update_reg_rej_from_sys_info .. wcdma reg data  0
02-14 14:13:24.411 I/RILC    (  119): qmi_ril(0/119): [main] qmi_ril_nwr_update_reg_rej_from_sys_info .. lte reg data 0
02-14 14:13:24.411 I/RILC    (  119): qmi_ril(0/119): [main] qmi_ril_nwr_update_reg_rej_from_sys_info .. hdr reg data 1
02-14 14:13:24.411 I/RILC    (  119): qmi_ril(0/119): [main] qmi_ril_nwr_update_reg_rej_from_sys_info .. rte 1 reje PS ps_rejected 0
02-14 14:13:24.411 I/RILC    (  119): qmi_ril(0/119): [main] qmi_ril_nwr_update_reg_rej_from_sys_info .. rte 1 reje PS ps_reject_cause 0
02-14 14:13:24.411 I/RILC    (  119): qmi_ril(0/119): [main] qmi_ril_nwr_util_log_mccmnc_str .. data reje mcc - 
02-14 14:13:24.411 I/RILC    (  119): qmi_ril(0/119): [main] qmi_ril_nwr_util_log_mccmnc_str .. data reje mnc - 
02-14 14:13:24.411 I/RILC    (  119): qmi_ril(0/119): [main] qmi_ril_nwr_update_reg_rej_from_sys_info .. rte 2 reje PS ps_rejected 0
02-14 14:13:24.411 I/RILC    (  119): qmi_ril(0/119): [main] qmi_ril_nwr_update_reg_rej_from_sys_info .. rte 2 reje PS ps_reject_cause 0
02-14 14:13:24.411 I/RILC    (  119): qmi_ril(0/119): [main] qmi_ril_nwr_util_log_mccmnc_str .. data reje mcc - 
02-14 14:13:24.411 I/RILC    (  119): qmi_ril(0/119): [main] qmi_ril_nwr_util_log_mccmnc_str .. data reje mnc - 
02-14 14:13:24.411 I/RILC    (  119): qmi_ril(0/119): [main] qmi_ril_nwr_update_reg_rej_from_sys_info .. rte 3 reje PS ps_rejected 0
02-14 14:13:24.411 I/RILC    (  119): qmi_ril(0/119): [main] qmi_ril_nwr_update_reg_rej_from_sys_info .. rte 3 reje PS ps_reject_cause 0
02-14 14:13:24.411 I/RILC    (  119): qmi_ril(0/119): [main] qmi_ril_nwr_util_log_mccmnc_str .. data reje mcc - 
02-14 14:13:24.411 I/RILC    (  119): qmi_ril(0/119): [main] qmi_ril_nwr_util_log_mccmnc_str .. data reje mnc - 
02-14 14:13:24.411 I/RILC    (  119): qmi_ril(0/119): [main] qmi_ril_nwr_update_reg_rej_from_sys_info .. rte 4 reje PS ps_rejected 0
02-14 14:13:24.411 I/RILC    (  119): qmi_ril(0/119): [main] qmi_ril_nwr_update_reg_rej_from_sys_info .. rte 4 reje PS ps_reject_cause 0
02-14 14:13:24.411 I/RILC    (  119): qmi_ril(0/119): [main] qmi_ril_nwr_util_log_mccmnc_str .. data reje mcc - 
02-14 14:13:24.411 I/RILC    (  119): qmi_ril(0/119): [main] qmi_ril_nwr_util_log_mccmnc_str .. data reje mnc - 
02-14 14:13:24.411 I/RILC    (  119): qmi_ril(0/119): [main] qmi_ril_nwr_update_reg_rej_from_sys_info .. rte 5 reje PS ps_rejected 0
02-14 14:13:24.411 I/RILC    (  119): qmi_ril(0/119): [main] qmi_ril_nwr_update_reg_rej_from_sys_info .. rte 5 reje PS ps_reject_cause 0
02-14 14:13:24.411 I/RILC    (  119): qmi_ril(0/119): [main] qmi_ril_nwr_util_log_mccmnc_str .. data reje mcc - 
02-14 14:13:24.411 I/RILC    (  119): qmi_ril(0/119): [main] qmi_ril_nwr_util_log_mccmnc_str .. data reje mnc - 
02-14 14:13:24.411 I/RILC    (  119): qmi_ril(0/119): [main] qmi_ril_nwr_update_reg_rej_from_sys_info qmi_ril_nwr_update_reg_rej_from_sys_info completed
02-14 14:13:24.411 I/RILC    (  119): qmi_ril(0/119): [main] qcril_qmi_nas_fetch_sys_info qcril_qmi_nas_fetch_sys_info res 0 
02-14 14:13:24.411 I/RILC    (  119): qmi_ril(0/119): [main] qcril_qmi_nas_request_registration_state qcril_qmi_nas_request_registration_state forming response
02-14 14:13:24.411 I/RILC    (  119): qmi_ril(0/119): [main] qcril_qmi_nas_request_registration_state ***zyj*** qcril_qmi_nas_request_registration_state nas_cached_info.serving_system->registration_state=1
02-14 14:13:24.411 I/RILC    (  119): qmi_ril(0/119): [main] qcril_qmi_nas_request_registration_state pre - cur reg state 1
02-14 14:13:24.411 I/RILC    (  119): qmi_ril(0/119): [main] qcril_qmi_nas_request_registration_state qcril_qmi_nas_request_registration_state cur reg state 1
02-14 14:13:24.411 I/RILC    (  119): qmi_ril(0/119): [main] qcril_qmi_nas_is_in_service_of_technology qcril_qmi_nas_is_in_service_of_technology entered
02-14 14:13:24.411 I/RILC    (  119): qmi_ril(0/119): [main] qcril_qmi_nas_is_in_service_of_technology qcril_qmi_nas_is_in_service_of_technology completed with 0
02-14 14:13:24.411 I/RILC    (  119): qmi_ril(0/119): [main] qcril_qmi_nas_is_in_service_of_technology qcril_qmi_nas_is_in_service_of_technology entered
02-14 14:13:24.411 I/RILC    (  119): qmi_ril(0/119): [main] qcril_qmi_nas_is_in_service_of_technology qcril_qmi_nas_is_in_service_of_technology completed with 0
02-14 14:13:24.411 I/RILC    (  119): qmi_ril(0/119): [main] qcril_qmi_nas_request_registration_state .. cdma p_rev valid 1
02-14 14:13:24.411 I/RILC    (  119): qmi_ril(0/119): [main] qcril_qmi_nas_request_registration_state .. cdma p_rev 6
02-14 14:13:24.411 I/RILC    (  119): qmi_ril(0/119): [main] qcril_qmi_nas_is_in_service_of_technology qcril_qmi_nas_is_in_service_of_technology entered
02-14 14:13:24.411 I/RILC    (  119): qmi_ril(0/119): [main] qcril_qmi_nas_is_in_service_of_technology qcril_qmi_nas_is_in_service_of_technology completed with 1
02-14 14:13:24.411 I/RILC    (  119): qmi_ril(0/119): [main] qcril_qmi_nas_request_registration_state .. rg 0 - 1
02-14 14:13:24.411 I/RILC    (  119): qmi_ril(0/119): [main] qcril_qmi_nas_request_registration_state .. rg 1 - 
02-14 14:13:24.411 I/RILC    (  119): qmi_ril(0/119): [main] qcril_qmi_nas_request_registration_state .. rg 2 - 
02-14 14:13:24.411 I/RILC    (  119): qmi_ril(0/119): [main] qcril_qmi_nas_request_registration_state .. rg 3 - 6
02-14 14:13:24.411 I/RILC    (  119): qmi_ril(0/119): [main] qcril_qmi_nas_request_registration_state .. rg 4 - 2771
02-14 14:13:24.411 I/RILC    (  119): qmi_ril(0/119): [main] qcril_qmi_nas_request_registration_state .. rg 5 - 560440
02-14 14:13:24.411 I/RILC    (  119): qmi_ril(0/119): [main] qcril_qmi_nas_request_registration_state .. rg 6 - -1362436
02-14 14:13:24.411 I/RILC    (  119): qmi_ril(0/119): [main] qcril_qmi_nas_request_registration_state .. rg 7 - 0
02-14 14:13:24.411 I/RILC    (  119): qmi_ril(0/119): [main] qcril_qmi_nas_request_registration_state .. rg 8 - 4139
02-14 14:13:24.411 I/RILC    (  119): qmi_ril(0/119): [main] qcril_qmi_nas_request_registration_state .. rg 9 - 41
02-14 14:13:24.411 I/RILC    (  119): qmi_ril(0/119): [main] qcril_qmi_nas_request_registration_state .. rg 10 - 1
02-14 14:13:24.411 I/RILC    (  119): qmi_ril(0/119): [main] qcril_qmi_nas_request_registration_state .. rg 11 - 1
02-14 14:13:24.411 I/RILC    (  119): qmi_ril(0/119): [main] qcril_qmi_nas_request_registration_state .. rg 12 - 160
02-14 14:13:24.411 I/RILC    (  119): qmi_ril(0/119): [main] qcril_qmi_nas_request_registration_state .. rg 13 - 0
02-14 14:13:24.411 I/RILC    (  119): qmi_ril(0/119): [main] qcril_qmi_nas_request_registration_state .. rg 14 - 0
02-14 14:13:24.411 I/RILC    (  119): qmi_ril(0/119): [main] qcril_reqlist_find [RID 0] Not found ReqList entry : token id 128
02-14 14:13:24.411 D/RILC    (  119): qmi_ril(0/119): [main] qcril_send_request_response UI <--- RIL_REQUEST_REGISTRATION_STATE (20) Complete --- RIL [RID 0, Token 128, Success, Len 60 ]
02-14 14:13:24.421 D/RILJ    (  332): [0128]< REGISTRATION_STATE {1,null,null,6,2771,560440,-1362436,0,4139,41,1,1,160,0,0}
02-14 14:13:24.421 D/CDMA    (  332): [CdmaServiceStateTracker] ***zyj*** roamingstaus:1
02-14 14:13:24.421 D/CDMA    (  332): [CdmaServiceStateTracker] ***zyj*** namMatch && mIsInPrll
02-14 14:13:24.421 D/CDMA    (  332): [CdmaServiceStateTracker] ***zyj*** ind <=2 set ind off
02-14 14:13:24.421 D/CDMA    (  332): [CdmaServiceStateTracker] Set CDMA Roaming Indicator to: 1. mCdmaRoaming = false, isPrlLoaded = true. namMatch = true , mIsInPrl = true, mRoamingIndicator = 1, mDefaultRoamingIndicator= 160
02-14 14:13:24.421 D/CDMA    (  332): [CdmaServiceStateTracker] Poll ServiceState done: oldSS=[0 home Sprint  310099  1xRTT CSS not supported 41 4139RoamInd: 1RoamStatus(sprint): 1DefRoamInd: 160EmergOnly: false] newSS=[0 home null  310099  1xRTT CSS not supported 41 4139RoamInd: 1RoamStatus(sprint): 1DefRoamInd: 160EmergOnly: false]
02-14 14:13:24.421 I/RILC    (  119): qmi_ril(0/119): [main] qcril_qmi_nas_request_registration_state .. need to report cs/ps bar 0
02-14 14:13:24.421 I/RILC    (  119): qmi_ril(0/119): [main] qcril_qmi_nas_request_registration_state qcril_qmi_nas_request_registration_state completed with 0
02-14 14:13:24.421 D/RILC    (  119): qmi_ril(0/119): [main] onRequest UI --- RIL_REQUEST_DATA_REGISTRATION_STATE (21) ---> RIL [RID 0, token id 129, data len 0]
02-14 14:13:24.421 I/RILC    (  119): qmi_ril(0/119): [main] qcril_qmi_nas_request_data_registration_state qcril_qmi_nas_request_data_registration_state entered
02-14 14:13:24.421 I/RILC    (  119): qmi_ril(0/119): [main] qcril_qmi_nas_is_in_service_of_technology qcril_qmi_nas_is_in_service_of_technology entered
02-14 14:13:24.421 I/RILC    (  119): qmi_ril(0/119): [main] qcril_qmi_nas_is_in_service_of_technology qcril_qmi_nas_is_in_service_of_technology completed with 0
02-14 14:13:24.421 I/RILC    (  119): qmi_ril(0/119): [main] qcril_qmi_nas_is_in_service_of_technology qcril_qmi_nas_is_in_service_of_technology entered
02-14 14:13:24.421 I/RILC    (  119): qmi_ril(0/119): [main] qcril_qmi_nas_is_in_service_of_technology qcril_qmi_nas_is_in_service_of_technology completed with 1
02-14 14:13:24.421 I/RILC    (  119): qmi_ril(0/119): [main] qcril_qmi_nas_request_data_registration_state  ... QMI NAS reg_state 1
02-14 14:13:24.421 I/RILC    (  119): qmi_ril(0/119): [main] qcril_qmi_nas_request_data_registration_state  ... cache valid for data_caps 1
02-14 14:13:24.421 I/RILC    (  119): qmi_ril(0/119): [main] qcril_qmi_nas_request_data_registration_state  ... cache valid for data_caps_len 2
02-14 14:13:24.421 I/RILC    (  119): qmi_ril(0/119): [main] qcril_qmi_nas_request_data_registration_state  ... ps attach state 1
02-14 14:13:24.421 I/RILC    (  119): qmi_ril(0/119): [main] qcril_qmi_nas_request_data_registration_state .. pre  cur reg state 1
02-14 14:13:24.421 I/RILC    (  119): qmi_ril(0/119): [main] qcril_qmi_nas_request_data_registration_state qcril_qmi_nas_request_data_registration_state cur reg state 1
02-14 14:13:24.421 I/RILC    (  119): qmi_ril(0/119): [main] qcril_qmi_nas_is_in_service_of_technology qcril_qmi_nas_is_in_service_of_technology entered
02-14 14:13:24.421 I/RILC    (  119): qmi_ril(0/119): [main] qcril_qmi_nas_is_in_service_of_technology qcril_qmi_nas_is_in_service_of_technology completed with 0
02-14 14:13:24.421 I/RILC    (  119): qmi_ril(0/119): [main] qcril_qmi_nas_is_in_service_of_technology qcril_qmi_nas_is_in_service_of_technology entered
02-14 14:13:24.421 I/RILC    (  119): qmi_ril(0/119): [main] qcril_qmi_nas_is_in_service_of_technology qcril_qmi_nas_is_in_service_of_technology completed with 0
02-14 14:13:24.421 I/RILC    (  119): qmi_ril(0/119): [main] qcril_qmi_nas_request_data_registration_state .. data caps 1, 2
02-14 14:13:24.421 I/RILC    (  119): qmi_ril(0/119): [main] qcril_qmi_nas_request_data_registration_state .. detailed info val 1
02-14 14:13:24.421 I/RILC    (  119): qmi_ril(0/119): [main] qcril_qmi_nas_request_data_registration_state .. detailed info srv_cap 3
02-14 14:13:24.421 I/RILC    (  119): qmi_ril(0/119): [main] qcril_qmi_nas_request_data_registration_state .. legacy data cap 6
02-14 14:13:24.421 I/RILC    (  119): qmi_ril(0/119): [main] qcril_qmi_nas_request_data_registration_state .. final legacy data cap 8
02-14 14:13:24.421 I/RILC    (  119): qmi_ril(0/119): [main] qcril_qmi_nas_request_data_registration_state .. ehrpd adjustment check 8
02-14 14:13:24.421 I/RILC    (  119): qmi_ril(0/119): [main] qcril_qmi_nas_request_data_registration_state .. detailed_service_info val, nas_cached_info.hdr_personality val  1, 1
02-14 14:13:24.421 I/RILC    (  119): qmi_ril(0/119): [main] qcril_qmi_nas_request_data_registration_state .. hdr status, hdr_hybrid  2, 1
02-14 14:13:24.421 I/RILC    (  119): qmi_ril(0/119): [main] qcril_qmi_nas_request_data_registration_state .. hdr_personality check 1
02-14 14:13:24.421 I/RILC    (  119): qmi_ril(0/119): [main] qcril_qmi_nas_request_data_registration_state .. rg 0 - 1
02-14 14:13:24.421 I/RILC    (  119): qmi_ril(0/119): [main] qcril_qmi_nas_request_data_registration_state .. rg 1 - 
02-14 14:13:24.421 I/RILC    (  119): qmi_ril(0/119): [main] qcril_qmi_nas_request_data_registration_state .. rg 2 - 
02-14 14:13:24.421 I/RILC    (  119): qmi_ril(0/119): [main] qcril_qmi_nas_request_data_registration_state .. rg 3 - 8
02-14 14:13:24.421 I/RILC    (  119): qmi_ril(0/119): [main] qcril_qmi_nas_request_data_registration_state .. rg 4 - 0
02-14 14:13:24.421 I/RILC    (  119): qmi_ril(0/119): [main] qcril_qmi_nas_request_data_registration_state .. rg 5 - 20
02-14 14:13:24.421 I/RILC    (  119): qmi_ril(0/119): [main] qcril_reqlist_find [RID 0] Not found ReqList entry : token id 129
02-14 14:13:24.421 D/RILC    (  119): qmi_ril(0/119): [main] qcril_send_request_response UI <--- RIL_REQUEST_DATA_REGISTRATION_STATE (21) Complete --- RIL [RID 0, Token 129, Success, Len 24 ]
02-14 14:13:24.421 D/RILJ    (  332): [0129]< DATA_REGISTRATION_STATE {1,null,null,8,0,20}
02-14 14:13:24.421 I/RILC    (  119): qmi_ril(0/119): [main] qcril_qmi_nas_request_data_registration_state qcril_qmi_nas_request_data_registration_state complete with 0
02-14 14:13:25.642 D/RIL_IMS (  332): sendText
02-14 14:13:25.652 D/SMS     (  332): Added message to the pending queue. Queue size is 1
02-14 14:13:25.652 D/RILJ    (  332): [0130]> RIL_REQUEST_CDMA_SEND_SMS
02-14 14:13:25.652 D/RILC    (  119): qmi_ril(0/119): [main] onRequest UI --- RIL_REQUEST_CDMA_SEND_SMS (87) ---> RIL [RID 0, token id 130, data len 372]
02-14 14:13:25.652 I/RILC    (  119): qmi_ril(0/119): [main] qcril_reqlist_find [RID 0] Not found ReqList entry : token id 130
02-14 14:13:25.652 I/RILC    (  119): qmi_ril(0/119): [main] qcril_reqlist_new_all [RID 0] Event RIL_REQUEST_CDMA_SEND_SMS(87), token id 130 [ 0x157d0], req id 11 : 
02-14 14:13:25.652 I/RILC    (  119): qmi_ril(0/119): [main] qcril_reqlist_new_all                        MID 0, pending receipt of <none>, state QCRIL_REQ_AWAITING_CALLBACK(2)
02-14 14:13:25.652 D/RILC    (  119): qmi_ril(0/119): [main] qcril_reqlist_print_all [RID 0] ReqList entries :
02-14 14:13:25.652 D/RILC    (  119): qmi_ril(0/119): [main] qcril_reqlist_print_all     RIL_REQUEST_CDMA_SEND_SMS (87), token id 130
02-14 14:13:27.864 I/RILC    (  119): qmi_ril(0/119): [qmi_cb] qcril_qmi_sms_command_cb qcril_qmi_sms_command_cb for msg_id 32 (QMI_WMS_RAW_SEND_REQ)
02-14 14:13:27.864 I/RILC    (  119): qmi_ril(0/119): [qmi_cb] qcril_reqlist_find_by_req_id [RID 0] Found ReqList entry : RIL_REQUEST_CDMA_SEND_SMS(87), token id 130
02-14 14:13:27.864 I/RILC    (  119): qmi_ril(0/119): [qmi_cb] qcril_mo_sms_cb QMI_WMS_RAW_SEND_RESP received: SUCCESS
02-14 14:13:27.864 I/RILC    (  119): qmi_ril(0/119): [qmi_cb] qcril_reqlist_find [RID 0] Found ReqList entry : RIL_REQUEST_CDMA_SEND_SMS(87), token id 130
02-14 14:13:27.864 I/RILC    (  119): qmi_ril(0/119): [qmi_cb] qcril_reqlist_free [RID 0] Deleted ReqList entry : token id 130 [0x157d0]
02-14 14:13:27.864 D/RILC    (  119): qmi_ril(0/119): [qmi_cb] qcril_reqlist_print_all [RID 0] ReqList entries : Empty 
02-14 14:13:27.864 D/RILC    (  119): qmi_ril(0/119): [qmi_cb] qcril_send_request_response UI <--- RIL_REQUEST_CDMA_SEND_SMS (87) Complete --- RIL [RID 0, Token 130, Success, Len 12 ]
02-14 14:13:27.864 D/RILJ    (  332): [0130]< RIL_REQUEST_CDMA_SEND_SMS { messageRef = 2, errorCode = -1, ackPdu = null}
02-14 14:13:27.864 D/SMS     (  332): SMS send complete. Broadcasting intent: PendingIntent{405faa20: android.os.BinderProxy@4061b138}
02-14 14:13:27.884 D/SMS     (  332): Removed message from pending queue. 0 left
02-14 14:13:28.125 I/RILC    (  119): qmi_ril(0/119): [qmi_cb] qcril_qmi_nas_unsolicited_indication_cb invoked msg 0x24
02-14 14:13:28.125 I/RILC    (  119): qmi_ril(0/119): [qmi_cb] qcril_qmi_nas_is_considered_registered qcril_qmi_nas_is_considered_registered entered
02-14 14:13:28.125 I/RILC    (  119): qmi_ril(0/119): [qmi_cb] qcril_qmi_nas_is_considered_registered qcril_qmi_nas_is_considered_registered completed with 1
02-14 14:13:28.125 I/RILC    (  119): qmi_ril(0/119): [qmi_cb] qcril_qmi_nas_serving_system_ind_conv_qmi2ril qcril_qmi_nas_serving_system_ind_conv_qmi2ril entered
02-14 14:13:28.125 I/RILC    (  119): qmi_ril(0/119): [qmi_cb] qcril_qmi_nas_serving_system_ind_conv_qmi2ril .. fundamental change 0
02-14 14:13:28.125 I/RILC    (  119): qmi_ril(0/119): [qmi_cb] qcril_qmi_voice_technology_updated qcril_qmi_voice_technology_updated entered
02-14 14:13:28.125 I/RILC    (  119): qmi_ril(0/119): [qmi_cb] qcril_qmi_voice_technology_updated ..nas_cached_info.serving_system valid 1
02-14 14:13:28.125 I/RILC    (  119): qmi_ril(0/119): [qmi_cb] qcril_qmi_voice_technology_updated .. selected NW 1
02-14 14:13:28.125 I/RILC    (  119): qmi_ril(0/119): [qmi_cb] qcril_qmi_voice_technology_updated .. NW state 1
02-14 14:13:28.125 I/RILC    (  119): qmi_ril(0/119): [qmi_cb] qcril_qmi_mgr_voice_technology_updated qcril_qmi_mgr_voice_technology_updated entered
02-14 14:13:28.125 I/RILC    (  119): qmi_ril(0/119): [qmi_cb] qcril_qmi_mgr_voice_technology_updated qcril_qmi_mgr_voice_technology_updated left 2
02-14 14:13:28.125 I/RILC    (  119): qmi_ril(0/119): [qmi_cb] qcril_qmi_voice_technology_updated qcril_qmi_voice_technology_updated completed for 2
02-14 14:13:28.125 I/RILC    (  119): qmi_ril(0/119): [qmi_cb] qmi_ril_nwr_update_reg_rej_legacy qmi_ril_nwr_update_reg_rej_legacy entered
02-14 14:13:28.125 I/RILC    (  119): qmi_ril(0/119): [qmi_cb] qmi_ril_nwr_update_reg_rej_legacy .. ss srv reg state 1
02-14 14:13:28.125 I/RILC    (  119): qmi_ril(0/119): [qmi_cb] qmi_ril_nwr_update_reg_rej_legacy .. reje CS cs_rejected 0
02-14 14:13:28.125 I/RILC    (  119): qmi_ril(0/119): [qmi_cb] qmi_ril_nwr_update_reg_rej_legacy .. reje CS cs_reject_cause 0
02-14 14:13:28.125 I/RILC    (  119): qmi_ril(0/119): [qmi_cb] qmi_ril_nwr_update_reg_rej_legacy .. reje PS ps_rejected 0
02-14 14:13:28.125 I/RILC    (  119): qmi_ril(0/119): [qmi_cb] qmi_ril_nwr_update_reg_rej_legacy .. reje PS ps_reject_cause 0
02-14 14:13:28.125 I/RILC    (  119): qmi_ril(0/119): [qmi_cb] qmi_ril_nwr_util_log_mccmnc_str .. reje mcc - 
02-14 14:13:28.125 I/RILC    (  119): qmi_ril(0/119): [qmi_cb] qmi_ril_nwr_util_log_mccmnc_str .. reje mnc - 
02-14 14:13:28.125 I/RILC    (  119): qmi_ril(0/119): [qmi_cb] qmi_ril_nwr_update_reg_rej_legacy qmi_ril_nwr_update_reg_rej_legacy completed
02-14 14:13:28.125 I/RILC    (  119): qmi_ril(0/119): [qmi_cb] qcril_qmi_nas_serving_system_ind_conv_qmi2ril qcril_qmi_nas_serving_system_ind_conv_qmi2ril serving_system cached 1
02-14 14:13:28.125 I/RILC    (  119): qmi_ril(0/119): [qmi_cb] qcril_qmi_nas_serving_system_ind_conv_qmi2ril qcril_qmi_nas_serving_system_ind_conv_qmi2ril roaming_indicator cached 1
02-14 14:13:28.125 I/RILC    (  119): qmi_ril(0/119): [qmi_cb] qcril_qmi_nas_serving_system_ind_conv_qmi2ril qcril_qmi_nas_serving_system_ind_conv_qmi2ril data_capabilities cached 1
02-14 14:13:28.125 I/RILC    (  119): qmi_ril(0/119): [qmi_cb] qcril_qmi_nas_serving_system_ind_conv_qmi2ril qcril_qmi_nas_serving_system_ind_conv_qmi2ril current_plmn cached 0
02-14 14:13:28.125 I/RILC    (  119): qmi_ril(0/119): [qmi_cb] qcril_qmi_nas_serving_system_ind_conv_qmi2ril qcril_qmi_nas_serving_system_ind_conv_qmi2ril mnc_includes_pcs_digit cached 0
02-14 14:13:28.125 I/RILC    (  119): qmi_ril(0/119): [qmi_cb] qcril_qmi_nas_serving_system_ind_conv_qmi2ril qcril_qmi_nas_serving_system_ind_conv_qmi2ril completed
02-14 14:13:28.125 I/RILC    (  119): qmi_ril(0/119): [qmi_cb] qcril_qmi_nas_is_considered_registered qcril_qmi_nas_is_considered_registered entered
02-14 14:13:28.125 I/RILC    (  119): qmi_ril(0/119): [qmi_cb] qcril_qmi_nas_is_considered_registered qcril_qmi_nas_is_considered_registered completed with 1
02-14 14:13:28.125 I/RILC    (  119): qmi_ril(0/119): [qmi_cb] qcril_qmi_nas_unsolicited_indication_cb .. operational state 3
02-14 14:13:28.125 D/RILC    (  119): qmi_ril(0/119): [qmi_cb] qcril_send_unsol_response UI <--- RIL_UNSOL_RESPONSE_NETWORK_STATE_CHANGED (1002) --- RIL [RID 0, Len 0, (null)]
02-14 14:13:28.125 I/RILC    (  119): qmi_ril(0/119): [qmi_cb] qcril_qmi_nas_unsolicited_indication_cb posted RIL indication 1002
02-14 14:13:28.125 D/RILC    (  119): qmi_ril(0/119): [qmi_cb] qcril_send_unsol_response UI <--- RIL_UNSOL_RESPONSE_DATA_NETWORK_STATE_CHANGED (1037) --- RIL [RID 0, Len 0, (null)]
02-14 14:13:28.125 I/RILC    (  119): qmi_ril(0/119): [qmi_cb] qcril_qmi_nas_unsolicited_indication_cb posted RIL indication 1037
02-14 14:13:28.125 I/RILC    (  119): qmi_ril(0/119): [qmi_cb] qcril_qmi_nas_unsolicited_indication_cb qcril_qmi_nas_unsolicited_indication_cb completed
02-14 14:13:28.125 D/RILJ    (  332): [UNSL]< UNSOL_RESPONSE_NETWORK_STATE_CHANGED
02-14 14:13:28.125 D/RILJ    (  332): [UNSL]< RIL_UNSOL_RESPONSE_DATA_NETWORK_STATE_CHANGED
02-14 14:13:28.125 D/RILJ    (  332): [0131]> OPERATOR
02-14 14:13:28.125 D/RILJ    (  332): [0132]> REGISTRATION_STATE
02-14 14:13:28.125 D/RILC    (  119): qmi_ril(0/119): [main] onRequest UI --- RIL_REQUEST_OPERATOR (22) ---> RIL [RID 0, token id 131, data len 0]
02-14 14:13:28.125 I/RILC    (  119): qmi_ril(0/119): [main] qcril_qmi_nas_request_operator qcril_qmi_nas_request_operator entered
02-14 14:13:28.125 I/RILC    (  119): qmi_ril(0/119): [main] qcril_qmi_nas_is_considered_registered qcril_qmi_nas_is_considered_registered entered
02-14 14:13:28.125 I/RILC    (  119): qmi_ril(0/119): [main] qcril_qmi_nas_is_considered_registered qcril_qmi_nas_is_considered_registered completed with 1
02-14 14:13:28.125 I/RILC    (  119): qmi_ril(0/119): [main] qcril_qmi_nas_is_in_service_of_technology qcril_qmi_nas_is_in_service_of_technology entered
02-14 14:13:28.125 I/RILC    (  119): qmi_ril(0/119): [main] qcril_qmi_nas_is_in_service_of_technology qcril_qmi_nas_is_in_service_of_technology completed with 0
02-14 14:13:28.125 I/RILC    (  119): qmi_ril(0/119): [main] qcril_qmi_nas_request_operator .. everything cached non sys_info 1
02-14 14:13:28.125 I/RILC    (  119): qmi_ril(0/119): [main] qcril_qmi_nas_request_operator ..mcc_mnc_ascii 310099
02-14 14:13:28.125 I/RILC    (  119): qmi_ril(0/119): [main] qcril_qmi_nas_fill_up_3gpp2_operator_name qcril_qmi_nas_fill_up_3gpp2_operator_name mcc 310 mnc 099 sid 4139 nid 41
02-14 14:13:28.125 D/RILC    (  119): qmi_ril(0/119): [main] qcril_qmi_nas2_find_3gpp2_static_operator_name UE Memory List does not contain the specified operator
02-14 14:13:28.125 I/RILC    (  119): qmi_ril(0/119): [main] qcril_qmi_nas_fill_up_3gpp2_operator_name ..will return static , 
02-14 14:13:28.125 I/RILC    (  119): qmi_ril(0/119): [main] qcril_qmi_nas_fill_up_3gpp2_operator_name qcril_qmi_nas_fill_up_3gpp2_operator_name completed with 0
02-14 14:13:28.125 D/RILJ    (  332): [0133]> DATA_REGISTRATION_STATE
02-14 14:13:28.135 I/RILC    (  119): qmi_ril(0/119): [main] qcril_qmi_util_convert_qmi_response_codes_to_ril_result_ex qcril_qmi_util_convert_qmi_response_codes_to_ril_result_ex ctx check 4
02-14 14:13:28.135 I/RILC    (  119): qmi_ril(0/119): [main] qcril_qmi_nas_request_operator 0, 0, 0
02-14 14:13:28.135 I/RILC    (  119): qmi_ril(0/119): [main] qcril_qmi_nas_request_operator nam name valid 1, len 12
02-14 14:13:28.135 I/RILC    (  119): qmi_ril(0/119): [main] qcril_qmi_nas_request_operator .. used_nam_name_len 12
02-14 14:13:28.135 I/RILC    (  119): qmi_ril(0/119): [main] qcril_qmi_nas_request_operator .. nam             
02-14 14:13:28.135 I/RILC    (  119): qmi_ril(0/119): [main] qcril_qmi_nas_request_operator .. res long             
02-14 14:13:28.135 I/RILC    (  119): qmi_ril(0/119): [main] qcril_qmi_nas_request_operator .. res short 
02-14 14:13:28.135 I/RILC    (  119): qmi_ril(0/119): [main] qcril_qmi_nas_request_operator .. res mcc_mnc 310099
02-14 14:13:28.135 I/RILC    (  119): qmi_ril(0/119): [main] qcril_qmi_nas_request_operator qcril_qmi_nas_request_operator long             
02-14 14:13:28.135 I/RILC    (  119): qmi_ril(0/119): [main] qcril_qmi_nas_request_operator qcril_qmi_nas_request_operator short 
02-14 14:13:28.135 I/RILC    (  119): qmi_ril(0/119): [main] qcril_qmi_nas_request_operator qcril_qmi_nas_request_operator mcc_mnc 310099
02-14 14:13:28.135 I/RILC    (  119): qmi_ril(0/119): [main] qcril_reqlist_find [RID 0] Not found ReqList entry : token id 131
02-14 14:13:28.135 D/RILC    (  119): qmi_ril(0/119): [main] qcril_send_request_response UI <--- RIL_REQUEST_OPERATOR (22) Complete --- RIL [RID 0, Token 131, Success, Len 12 ]
02-14 14:13:28.135 I/RILC    (  119): qmi_ril(0/119): [main] qcril_qmi_nas_request_operator qcril_qmi_nas_request_operator complete with 0
02-14 14:13:28.135 D/RILC    (  119): qmi_ril(0/119): [main] onRequest UI --- RIL_REQUEST_REGISTRATION_STATE (20) ---> RIL [RID 0, token id 132, data len 0]
02-14 14:13:28.135 I/RILC    (  119): qmi_ril(0/119): [main] qcril_qmi_nas_request_registration_state qcril_qmi_nas_request_registration_state entered
02-14 14:13:28.135 I/RILC    (  119): qmi_ril(0/119): [main] qcril_qmi_nas_is_in_service_of_technology qcril_qmi_nas_is_in_service_of_technology entered
02-14 14:13:28.135 I/RILC    (  119): qmi_ril(0/119): [main] qcril_qmi_nas_is_in_service_of_technology qcril_qmi_nas_is_in_service_of_technology completed with 0
02-14 14:13:28.135 I/RILC    (  119): qmi_ril(0/119): [main] qcril_qmi_nas_is_in_service_of_technology qcril_qmi_nas_is_in_service_of_technology entered
02-14 14:13:28.135 I/RILC    (  119): qmi_ril(0/119): [main] qcril_qmi_nas_is_in_service_of_technology qcril_qmi_nas_is_in_service_of_technology completed with 1
02-14 14:13:28.135 I/RILC    (  119): qmi_ril(0/119): [main] qcril_qmi_nas_request_registration_state qcril_qmi_nas_request_registration_state cache subrequest need 1
02-14 14:13:28.135 D/RILJ    (  332): [0131]< OPERATOR {            , , 310099}
02-14 14:13:28.135 I/RILC    (  119): qmi_ril(0/119): [main] qcril_qmi_util_convert_qmi_response_codes_to_ril_result_ex qcril_qmi_util_convert_qmi_response_codes_to_ril_result_ex ctx check 0
02-14 14:13:28.135 I/RILC    (  119): qmi_ril(0/119): [main] qcril_qmi_voice_technology_updated qcril_qmi_voice_technology_updated entered
02-14 14:13:28.135 I/RILC    (  119): qmi_ril(0/119): [main] qcril_qmi_voice_technology_updated ..nas_cached_info.serving_system valid 1
02-14 14:13:28.135 I/RILC    (  119): qmi_ril(0/119): [main] qcril_qmi_voice_technology_updated .. selected NW 1
02-14 14:13:28.135 I/RILC    (  119): qmi_ril(0/119): [main] qcril_qmi_voice_technology_updated .. NW state 1
02-14 14:13:28.135 I/RILC    (  119): qmi_ril(0/119): [main] qcril_qmi_mgr_voice_technology_updated qcril_qmi_mgr_voice_technology_updated entered
02-14 14:13:28.135 I/RILC    (  119): qmi_ril(0/119): [main] qcril_qmi_mgr_voice_technology_updated qcril_qmi_mgr_voice_technology_updated left 2
02-14 14:13:28.135 I/RILC    (  119): qmi_ril(0/119): [main] qcril_qmi_voice_technology_updated qcril_qmi_voice_technology_updated completed for 2
02-14 14:13:28.135 I/RILC    (  119): qmi_ril(0/119): [main] qmi_ril_nwr_update_reg_rej_legacy qmi_ril_nwr_update_reg_rej_legacy entered
02-14 14:13:28.135 I/RILC    (  119): qmi_ril(0/119): [main] qmi_ril_nwr_update_reg_rej_legacy .. ss srv reg state 1
02-14 14:13:28.135 I/RILC    (  119): qmi_ril(0/119): [main] qmi_ril_nwr_update_reg_rej_legacy .. reje CS cs_rejected 0
02-14 14:13:28.135 I/RILC    (  119): qmi_ril(0/119): [main] qmi_ril_nwr_update_reg_rej_legacy .. reje CS cs_reject_cause 0
02-14 14:13:28.135 I/RILC    (  119): qmi_ril(0/119): [main] qmi_ril_nwr_update_reg_rej_legacy .. reje PS ps_rejected 0
02-14 14:13:28.135 I/RILC    (  119): qmi_ril(0/119): [main] qmi_ril_nwr_update_reg_rej_legacy .. reje PS ps_reject_cause 0
02-14 14:13:28.135 I/RILC    (  119): qmi_ril(0/119): [main] qmi_ril_nwr_util_log_mccmnc_str .. reje mcc - 
02-14 14:13:28.135 I/RILC    (  119): qmi_ril(0/119): [main] qmi_ril_nwr_util_log_mccmnc_str .. reje mnc - 
02-14 14:13:28.135 I/RILC    (  119): qmi_ril(0/119): [main] qmi_ril_nwr_update_reg_rej_legacy qmi_ril_nwr_update_reg_rej_legacy completed
02-14 14:13:28.135 I/RILC    (  119): qmi_ril(0/119): [main] qcril_qmi_nas_fetch_serving_system_info qcril_qmi_nas_fetch_serving_system_info res 0 
