02-14 14:10:32.754 I/RILC    (  119): qmi_ril(0/119): [event] qcril_qmi_nas_propagate_known_signal_strength_ind qcril_qmi_nas_propagate_known_signal_strength_ind entered
02-14 14:10:32.754 I/RILC    (  119): qmi_ril(0/119): [event] qcril_qmi_nas_fetch_signal_strength_observations qcril_qmi_nas_fetch_signal_strength_observations entered
02-14 14:10:32.754 I/RILC    (  119): qmi_ril(0/119): [event] qcril_qmi_nas_fetch_signal_strength_observations ..req mask 32
02-14 14:10:32.754 I/RILC    (  119): qmi_ril(0/119): [event] qcril_qmi_nas_fetch_signal_strength_observations qcril_qmi_nas_request_signal_strength entered IF 32
02-14 14:10:32.754 I/RILC    (  119): qmi_ril(0/119): [event] qcril_qmi_nas_fetch_signal_strength_observations qcril_qmi_nas_request_signal_strength entered RIL_REQ_RES qmi_request.request__mask = 32
02-14 14:10:32.754 I/RILC    (  119): qmi_ril(0/119): [event] qcril_qmi_nas_fetch_signal_strength_observations qcril_qmi_nas_request_signal_strength entered IF QMI RESPONSE 32
02-14 14:10:32.754 I/RILC    (  119): qmi_ril(0/119): [event] qcril_qmi_util_convert_qmi_response_codes_to_ril_result_ex qcril_qmi_util_convert_qmi_response_codes_to_ril_result_ex ctx check 0
02-14 14:10:32.754 I/RILC    (  119): qmi_ril(0/119): [event] qcril_qmi_nas_fetch_signal_strength_observations qcril_qmi_nas_request_signal_strength entered IF UTIL_RES = SUCCESS 32
02-14 14:10:32.754 I/RILC    (  119): qmi_ril(0/119): [event] qcril_qmi_nas_fetch_signal_strength_observations qcril_qmi_nas_fetch_signal_strength_observations completed 0
02-14 14:10:32.754 I/RILC    (  119): qmi_ril(0/119): [event] qcril_qmi_nas_propagate_known_signal_strength_ind .. subfetch sig strength info 0
02-14 14:10:32.754 I/RILC    (  119): qmi_ril(0/119): [event] qcril_qmi_nas_dump_sign_strength_report qcril_qmi_nas_dump_sign_strength_report entered
02-14 14:10:32.754 I/RILC    (  119): qmi_ril(0/119): [event] qcril_qmi_nas_dump_sign_strength_report ..GW
02-14 14:10:32.754 I/RILC    (  119): qmi_ril(0/119): [event] qcril_qmi_nas_dump_sign_strength_report .. signalStrength 99, bitErrorRate 0
02-14 14:10:32.754 I/RILC    (  119): qmi_ril(0/119): [event] qcril_qmi_nas_dump_sign_strength_report ..CDMA
02-14 14:10:32.754 I/RILC    (  119): qmi_ril(0/119): [event] qcril_qmi_nas_dump_sign_strength_report .. dbm 101, ecio 110 
02-14 14:10:32.754 I/RILC    (  119): qmi_ril(0/119): [event] qcril_qmi_nas_dump_sign_strength_report ..EVDO
02-14 14:10:32.754 I/RILC    (  119): qmi_ril(0/119): [event] qcril_qmi_nas_dump_sign_strength_report .. dbm 107, ecio 35, signalNoiseRatio 7
02-14 14:10:32.754 I/RILC    (  119): qmi_ril(0/119): [event] qcril_qmi_nas_dump_sign_strength_report ..LTE
02-14 14:10:32.754 I/RILC    (  119): qmi_ril(0/119): [event] qcril_qmi_nas_dump_sign_strength_report .. signalStrength 99, rsrp 2147483647, rsrq 2147483647, rsnnr 2147483647
02-14 14:10:32.754 I/RILC    (  119): qmi_ril(0/119): [event] qcril_qmi_nas_dump_sign_strength_report qcril_qmi_nas_dump_sign_strength_report completed
02-14 14:10:32.754 I/RILC    (  119): qmi_ril(0/119): [event] qcril_qmi_nas_propagate_known_signal_strength_ind .. conf res 0
02-14 14:10:32.754 D/RILC    (  119): qmi_ril(0/119): [event] qcril_send_unsol_response UI <--- RIL_UNSOL_SIGNAL_STRENGTH (1009) --- RIL [RID 0, Len 48, (null)]
02-14 14:10:32.754 I/RILC    (  119): qmi_ril(0/119): [event] qcril_qmi_nas_propagate_known_signal_strength_ind qcril_qmi_nas_propagate_known_signal_strength_ind completed 0
02-14 14:10:32.754 I/RILC    (  119): qmi_ril(0/119): [event] qcril_process_event Exit qcril_process_event() : <Unknown event> ?, err_no 0
02-14 14:10:32.754 D/RILC    (  119): qmi_ril(0/119): [event] qcril_event_main qcril_event_main(): Waiting...
02-14 14:10:32.754 D/RILC    (  119): qmi_ril(0/119): [event] qcril_event_main qcril_event_main(): 1 items on queue
02-14 14:10:32.754 D/RILC    (  119): qmi_ril(0/119): [event] qcril_event_main qcril_event_main(): Waiting...
02-14 14:10:32.874 I/RILC    (  119): qmi_ril(0/119): [qmi_cb] qcril_qmi_sms_command_cb qcril_qmi_sms_command_cb for msg_id 55 (QMI_WMS_SEND_ACK_REQ)
02-14 14:10:32.874 I/RILC    (  119): qmi_ril(0/119): [qmi_cb] qcril_reqlist_find_by_req_id [RID 0] Found ReqList entry : RIL_REQUEST_CDMA_SMS_ACKNOWLEDGE(88), token id 79
02-14 14:10:32.874 I/RILC    (  119): qmi_ril(0/119): [qmi_cb] qcril_ack_cb QMI_WMS_SEND_ACK_RESP received: SUCCESS
02-14 14:10:32.874 I/RILC    (  119): qmi_ril(0/119): [qmi_cb] qcril_reqlist_find [RID 0] Found ReqList entry : RIL_REQUEST_CDMA_SMS_ACKNOWLEDGE(88), token id 79
02-14 14:10:32.874 I/RILC    (  119): qmi_ril(0/119): [qmi_cb] qcril_reqlist_free [RID 0] Deleted ReqList entry : token id 79 [0x1b430]
02-14 14:10:32.874 D/RILC    (  119): qmi_ril(0/119): [qmi_cb] qcril_reqlist_print_all [RID 0] ReqList entries : Empty 
02-14 14:10:32.874 D/RILC    (  119): qmi_ril(0/119): [qmi_cb] qcril_send_request_response UI <--- RIL_REQUEST_CDMA_SMS_ACKNOWLEDGE (88) Complete --- RIL [RID 0, Token 79, Success, Len 0 ]
02-14 14:10:32.874 D/RILJ    (  332): [0079]< RIL_REQUEST_CDMA_SMS_ACKNOWLEDGE 
02-14 14:10:33.454 I/RILC    (  119): qmi_ril(0/119): [qmi_cb] qcril_qmi_sms_unsol_ind_cb qcril_qmi_sms_unsol_ind_cb for msg_id 1 (QMI_WMS_EVENT_REPORT_IND)
02-14 14:10:33.454 I/RILC    (  119): qmi_ril(0/119): [qmi_cb] qcril_qmi_sms_unsol_ind_cb .. operational state 3
02-14 14:10:33.454 I/RILC    (  119): qmi_ril(0/119): [qmi_cb] qcril_sms_process_event_report_ind qcril_sms_process_event_report_ind entered
02-14 14:10:33.454 I/RILC    (  119): qmi_ril(0/119): [qmi_cb] qcril_sms_process_event_report_ind .. transfer_route_mt_message_valid 1
02-14 14:10:33.454 I/RILC    (  119): qmi_ril(0/119): [qmi_cb] qcril_sms_process_event_report_ind .. transfer_route_mt_message.format 0
02-14 14:10:33.454 D/RILC    (  119): qmi_ril(0/119): [qmi_cb] qcril_send_unsol_response UI <--- RIL_UNSOL_RESPONSE_CDMA_NEW_SMS (1020) --- RIL [RID 0, Len 372, (null)]
02-14 14:10:33.454 I/RILC    (  119): qmi_ril(0/119): [qmi_cb] qcril_sms_process_event_report_ind qcril_sms_process_event_report_ind completed
02-14 14:10:33.454 D/RILJ    (  332): [UNSL]< UNSOL_RESPONSE_CDMA_NEW_SMS
02-14 14:10:33.454 D/SMS     (  332): EVENT_NEW_SMS phone id :0
02-14 14:10:33.454 D/SMS     (  332): New SMS Message Received
02-14 14:10:33.474 D/RILJ    (  332): [0080]> RIL_REQUEST_CDMA_SMS_ACKNOWLEDGE true 0
02-14 14:10:33.474 D/RILC    (  119): qmi_ril(0/119): [main] onRequest UI --- RIL_REQUEST_CDMA_SMS_ACKNOWLEDGE (88) ---> RIL [RID 0, token id 80, data len 8]
02-14 14:10:33.474 I/RILC    (  119): qmi_ril(0/119): [main] qcril_reqlist_find [RID 0] Not found ReqList entry : token id 80
02-14 14:10:33.474 I/RILC    (  119): qmi_ril(0/119): [main] qcril_reqlist_new_all [RID 0] Event RIL_REQUEST_CDMA_SMS_ACKNOWLEDGE(88), token id 80 [ 0x1ab40], req id 7 : 
02-14 14:10:33.474 I/RILC    (  119): qmi_ril(0/119): [main] qcril_reqlist_new_all                        MID 0, pending receipt of <none>, state QCRIL_REQ_AWAITING_CALLBACK(2)
02-14 14:10:33.474 D/RILC    (  119): qmi_ril(0/119): [main] qcril_reqlist_print_all [RID 0] ReqList entries :
02-14 14:10:33.474 D/RILC    (  119): qmi_ril(0/119): [main] qcril_reqlist_print_all     RIL_REQUEST_CDMA_SMS_ACKNOWLEDGE (88), token id 80
02-14 14:10:33.644 W/CDMA    ( 1070): getProtocolIdentifier: is not supported in CDMA mode.
02-14 14:10:33.644 W/CDMA    ( 1070): isReplace: is not supported in CDMA mode.
02-14 14:10:33.644 W/CDMA    ( 1070): getProtocolIdentifier: is not supported in CDMA mode.
02-14 14:10:33.644 W/CDMA    ( 1070): isReplyPathPresent: is not supported in CDMA mode.
02-14 14:10:33.714 I/RILC    (  119): qmi_ril(0/119): [qmi_cb] qcril_qmi_sms_command_cb qcril_qmi_sms_command_cb for msg_id 55 (QMI_WMS_SEND_ACK_REQ)
02-14 14:10:33.714 I/RILC    (  119): qmi_ril(0/119): [qmi_cb] qcril_reqlist_find_by_req_id [RID 0] Found ReqList entry : RIL_REQUEST_CDMA_SMS_ACKNOWLEDGE(88), token id 80
02-14 14:10:33.714 I/RILC    (  119): qmi_ril(0/119): [qmi_cb] qcril_ack_cb QMI_WMS_SEND_ACK_RESP received: SUCCESS
02-14 14:10:33.714 I/RILC    (  119): qmi_ril(0/119): [qmi_cb] qcril_reqlist_find [RID 0] Found ReqList entry : RIL_REQUEST_CDMA_SMS_ACKNOWLEDGE(88), token id 80
02-14 14:10:33.714 I/RILC    (  119): qmi_ril(0/119): [qmi_cb] qcril_reqlist_free [RID 0] Deleted ReqList entry : token id 80 [0x1ab40]
02-14 14:10:33.714 D/RILC    (  119): qmi_ril(0/119): [qmi_cb] qcril_reqlist_print_all [RID 0] ReqList entries : Empty 
02-14 14:10:33.714 D/RILC    (  119): qmi_ril(0/119): [qmi_cb] qcril_send_request_response UI <--- RIL_REQUEST_CDMA_SMS_ACKNOWLEDGE (88) Complete --- RIL [RID 0, Token 80, Success, Len 0 ]
02-14 14:10:33.714 D/RILJ    (  332): [0080]< RIL_REQUEST_CDMA_SMS_ACKNOWLEDGE 
02-14 14:10:34.515 I/RILC    (  119): qmi_ril(0/119): [qmi_cb] qcril_qmi_sms_unsol_ind_cb qcril_qmi_sms_unsol_ind_cb for msg_id 1 (QMI_WMS_EVENT_REPORT_IND)
02-14 14:10:34.515 I/RILC    (  119): qmi_ril(0/119): [qmi_cb] qcril_qmi_sms_unsol_ind_cb .. operational state 3
02-14 14:10:34.515 I/RILC    (  119): qmi_ril(0/119): [qmi_cb] qcril_sms_process_event_report_ind qcril_sms_process_event_report_ind entered
02-14 14:10:34.515 I/RILC    (  119): qmi_ril(0/119): [qmi_cb] qcril_sms_process_event_report_ind .. transfer_route_mt_message_valid 1
02-14 14:10:34.515 I/RILC    (  119): qmi_ril(0/119): [qmi_cb] qcril_sms_process_event_report_ind .. transfer_route_mt_message.format 0
02-14 14:10:34.515 D/RILC    (  119): qmi_ril(0/119): [qmi_cb] qcril_send_unsol_response UI <--- RIL_UNSOL_RESPONSE_CDMA_NEW_SMS (1020) --- RIL [RID 0, Len 372, (null)]
02-14 14:10:34.515 I/RILC    (  119): qmi_ril(0/119): [qmi_cb] qcril_sms_process_event_report_ind qcril_sms_process_event_report_ind completed
02-14 14:10:34.515 D/RILJ    (  332): [UNSL]< UNSOL_RESPONSE_CDMA_NEW_SMS
02-14 14:10:34.515 D/SMS     (  332): EVENT_NEW_SMS phone id :0
02-14 14:10:34.515 D/SMS     (  332): New SMS Message Received
02-14 14:10:34.555 D/RILJ    (  332): [0081]> RIL_REQUEST_CDMA_SMS_ACKNOWLEDGE true 0
02-14 14:10:34.555 D/RILC    (  119): qmi_ril(0/119): [main] onRequest UI --- RIL_REQUEST_CDMA_SMS_ACKNOWLEDGE (88) ---> RIL [RID 0, token id 81, data len 8]
02-14 14:10:34.555 I/RILC    (  119): qmi_ril(0/119): [main] qcril_reqlist_find [RID 0] Not found ReqList entry : token id 81
02-14 14:10:34.555 I/RILC    (  119): qmi_ril(0/119): [main] qcril_reqlist_new_all [RID 0] Event RIL_REQUEST_CDMA_SMS_ACKNOWLEDGE(88), token id 81 [ 0x1b338], req id 8 : 
02-14 14:10:34.555 I/RILC    (  119): qmi_ril(0/119): [main] qcril_reqlist_new_all                        MID 0, pending receipt of <none>, state QCRIL_REQ_AWAITING_CALLBACK(2)
02-14 14:10:34.555 D/RILC    (  119): qmi_ril(0/119): [main] qcril_reqlist_print_all [RID 0] ReqList entries :
02-14 14:10:34.555 D/RILC    (  119): qmi_ril(0/119): [main] qcril_reqlist_print_all     RIL_REQUEST_CDMA_SMS_ACKNOWLEDGE (88), token id 81
02-14 14:10:34.735 W/CDMA    ( 1070): getProtocolIdentifier: is not supported in CDMA mode.
02-14 14:10:34.735 W/CDMA    ( 1070): isReplace: is not supported in CDMA mode.
02-14 14:10:34.735 W/CDMA    ( 1070): getProtocolIdentifier: is not supported in CDMA mode.
02-14 14:10:34.735 W/CDMA    ( 1070): isReplyPathPresent: is not supported in CDMA mode.
02-14 14:10:34.775 I/RILC    (  119): qmi_ril(0/119): [qmi_cb] qcril_qmi_sms_command_cb qcril_qmi_sms_command_cb for msg_id 55 (QMI_WMS_SEND_ACK_REQ)
02-14 14:10:34.775 I/RILC    (  119): qmi_ril(0/119): [qmi_cb] qcril_reqlist_find_by_req_id [RID 0] Found ReqList entry : RIL_REQUEST_CDMA_SMS_ACKNOWLEDGE(88), token id 81
02-14 14:10:34.775 I/RILC    (  119): qmi_ril(0/119): [qmi_cb] qcril_ack_cb QMI_WMS_SEND_ACK_RESP received: SUCCESS
02-14 14:10:34.775 I/RILC    (  119): qmi_ril(0/119): [qmi_cb] qcril_reqlist_find [RID 0] Found ReqList entry : RIL_REQUEST_CDMA_SMS_ACKNOWLEDGE(88), token id 81
02-14 14:10:34.775 I/RILC    (  119): qmi_ril(0/119): [qmi_cb] qcril_reqlist_free [RID 0] Deleted ReqList entry : token id 81 [0x1b338]
02-14 14:10:34.775 D/RILC    (  119): qmi_ril(0/119): [qmi_cb] qcril_reqlist_print_all [RID 0] ReqList entries : Empty 
02-14 14:10:34.775 D/RILC    (  119): qmi_ril(0/119): [qmi_cb] qcril_send_request_response UI <--- RIL_REQUEST_CDMA_SMS_ACKNOWLEDGE (88) Complete --- RIL [RID 0, Token 81, Success, Len 0 ]
02-14 14:10:34.775 D/RILJ    (  332): [0081]< RIL_REQUEST_CDMA_SMS_ACKNOWLEDGE 
02-14 14:10:34.946 I/RILC    (  119): qmi_ril(0/119): [qmi_cb] qcril_qmi_nas_unsolicited_indication_cb invoked msg 0x2
02-14 14:10:34.946 I/RILC    (  119): qmi_ril(0/119): [qmi_cb] qcril_qmi_nas_is_considered_registered qcril_qmi_nas_is_considered_registered entered
02-14 14:10:34.946 I/RILC    (  119): qmi_ril(0/119): [qmi_cb] qcril_qmi_nas_is_considered_registered qcril_qmi_nas_is_considered_registered completed with 1
02-14 14:10:34.946 I/RILC    (  119): qmi_ril(0/119): [qmi_cb] qcril_qmi_nas_event_report_ind_conv_qmi2ril qcril_qmi_nas_event_report_ind_conv_qmi2ril entered
02-14 14:10:34.946 I/RILC    (  119): qmi_ril(0/119): [qmi_cb] qcril_qmi_nas_event_report_ind_conv_qmi2ril .. reg reject valid 0
02-14 14:10:34.946 I/RILC    (  119): qmi_ril(0/119): [qmi_cb] qcril_qmi_nas_event_report_ind_conv_qmi2ril qcril_qmi_nas_event_report_ind_conv_qmi2ril completed
02-14 14:10:34.946 I/RILC    (  119): qmi_ril(0/119): [qmi_cb] qcril_qmi_nas_is_considered_registered qcril_qmi_nas_is_considered_registered entered
02-14 14:10:34.946 I/RILC    (  119): qmi_ril(0/119): [qmi_cb] qcril_qmi_nas_is_considered_registered qcril_qmi_nas_is_considered_registered completed with 1
02-14 14:10:34.946 D/RILC    (  119): qmi_ril(0/119): [qmi_cb] qcril_event_queue Event [<Unknown event> ?, 655370] data was NULL!
02-14 14:10:34.946 D/RILC    (  119): qmi_ril(0/119): [qmi_cb] qcril_event_queue RID 0 MID 0 Queued event <Unknown event> ? (0 bytes)
02-14 14:10:34.946 I/RILC    (  119): qmi_ril(0/119): [qmi_cb] qcril_qmi_nas_unsolicited_indication_cb .. operational state 3
02-14 14:10:34.946 I/RILC    (  119): qmi_ril(0/119): [qmi_cb] qcril_qmi_nas_unsolicited_indication_cb qcril_qmi_nas_unsolicited_indication_cb completed
02-14 14:10:34.946 D/RILC    (  119): qmi_ril(0/119): [qmi_cb] qcril_data_qmi_wds_ind_cb qcril_data_qmi_wds_ind_cb: ENTRY
02-14 14:10:34.946 I/RILC    (  119): qmi_ril(0/119): [qmi_cb] qcril_data_qmi_wds_ind_cb >>>>>> TRY LOCK QCRIL_DATA MUTEX 80210be4
02-14 14:10:34.946 I/RILC    (  119): qmi_ril(0/119): [qmi_cb] qcril_data_qmi_wds_ind_cb TRYLOCK QCRIL_DATA MUTEX 80210be4 result=0
02-14 14:10:34.946 D/RILC    (  119): qmi_ril(0/119): [qmi_cb] qcril_data_process_wds_ind qcril_data_process_wds_ind: entry
02-14 14:10:34.946 D/RILC    (  119): qmi_ril(0/119): [qmi_cb] qcril_data_process_wds_ind PHYSLINK went dormant
02-14 14:10:34.946 D/RILC    (  119): qmi_ril(0/119): [qmi_cb] qcril_data_post_qmi_events qcril_data_post_qmi_events: entry
02-14 14:10:34.946 D/RILC    (  119): qmi_ril(0/119): [qmi_cb] qcril_data_post_qmi_events >>>Mem debug>>>
02-14 14:10:34.946 D/RILC    (  119): qmi_ril(0/119): [qmi_cb] qcril_data_post_qmi_events event obj alloc
02-14 14:10:34.946 D/RILC    (  119): qmi_ril(0/119): [qmi_cb] qcril_data_post_qmi_events [0x1b348]
02-14 14:10:34.946 D/RILC    (  119): qmi_ril(0/119): [qmi_cb] qcril_data_post_qmi_events <<<Mem debug<<<
02-14 14:10:34.946 I/RILC    (  119): qmi_ril(0/119): [qmi_cb] qcril_data_post_qmi_events queue QCRIL DATA event for RIL Token [0] instance_id [0], and modem_id [0]
02-14 14:10:34.946 D/RILC    (  119): qmi_ril(0/119): [qmi_cb] qcril_event_queue RID 0 MID 0 Queued event DATA_EVENT_CALLBACK (16 bytes)
02-14 14:10:34.946 D/RILC    (  119): qmi_ril(0/119): [qmi_cb] qcril_data_post_qmi_events qcril_data_post_qmi_events: exit with success
02-14 14:10:34.946 D/RILC    (  119): qmi_ril(0/119): [qmi_cb] qcril_data_process_wds_ind qcril_data_process_wds_ind: exit with success
02-14 14:10:34.946 I/RILC    (  119): qmi_ril(0/119): [qmi_cb] qcril_data_qmi_wds_ind_cb <<<<<< UNLOCK QCRIL_DATA MUTEX 80210be4
02-14 14:10:34.946 I/RILC    (  119): qmi_ril(0/119): [qmi_cb] qcril_data_qmi_wds_ind_cb UNLOCK QCRIL_DATA MUTEX 80210be4 result=0
02-14 14:10:34.946 D/RILC    (  119): qmi_ril(0/119): [qmi_cb] qcril_data_qmi_wds_ind_cb qcril_data_qmi_wds_ind_cb: EXIT
02-14 14:10:34.946 D/RILC    (  119): qmi_ril(0/119): [event] qcril_event_main qcril_event_main(): 2 items on queue
02-14 14:10:34.946 D/RILC    (  119): qmi_ril(0/119): [event] qcril_event_main RID 0 MID 0 De-queued event <Unknown event> ? (655370)
02-14 14:10:34.946 D/RILC    (  119): qmi_ril(0/119): [event] qcril_process_event RIL <--- <Unknown event> ?(655370), RID 0, MID 0 --- AMSS
02-14 14:10:34.946 I/RILC    (  119): qmi_ril(0/119): [event] qcril_qmi_trigger_propagate_known_signal_strength_ind qcril_qmi_trigger_propagate_known_signal_strength_ind received
02-14 14:10:34.946 I/RILC    (  119): qmi_ril(0/119): [event] qcril_qmi_nas_propagate_known_signal_strength_ind qcril_qmi_nas_propagate_known_signal_strength_ind entered
02-14 14:10:34.946 I/RILC    (  119): qmi_ril(0/119): [event] qcril_qmi_nas_fetch_signal_strength_observations qcril_qmi_nas_fetch_signal_strength_observations entered
02-14 14:10:34.946 I/RILC    (  119): qmi_ril(0/119): [event] qcril_qmi_nas_fetch_signal_strength_observations ..req mask 48
02-14 14:10:34.946 I/RILC    (  119): qmi_ril(0/119): [event] qcril_qmi_nas_fetch_signal_strength_observations qcril_qmi_nas_request_signal_strength entered IF 48
02-14 14:10:34.946 I/RILC    (  119): qmi_ril(0/119): [event] qcril_qmi_nas_fetch_signal_strength_observations qcril_qmi_nas_request_signal_strength entered RIL_REQ_RES qmi_request.request__mask = 48
02-14 14:10:34.946 I/RILC    (  119): qmi_ril(0/119): [event] qcril_qmi_nas_fetch_signal_strength_observations qcril_qmi_nas_request_signal_strength entered IF QMI RESPONSE 48
02-14 14:10:34.956 I/RILC    (  119): qmi_ril(0/119): [event] qcril_qmi_util_convert_qmi_response_codes_to_ril_result_ex qcril_qmi_util_convert_qmi_response_codes_to_ril_result_ex ctx check 0
02-14 14:10:34.956 I/RILC    (  119): qmi_ril(0/119): [event] qcril_qmi_nas_fetch_signal_strength_observations qcril_qmi_nas_request_signal_strength entered IF UTIL_RES = SUCCESS 48
02-14 14:10:34.956 I/RILC    (  119): qmi_ril(0/119): [event] qcril_qmi_nas_fetch_signal_strength_observations qcril_qmi_nas_fetch_signal_strength_observations completed 0
02-14 14:10:34.956 I/RILC    (  119): qmi_ril(0/119): [event] qcril_qmi_nas_propagate_known_signal_strength_ind .. subfetch sig strength info 0
02-14 14:10:34.956 I/RILC    (  119): qmi_ril(0/119): [event] qcril_qmi_nas_dump_sign_strength_report qcril_qmi_nas_dump_sign_strength_report entered
02-14 14:10:34.956 I/RILC    (  119): qmi_ril(0/119): [event] qcril_qmi_nas_dump_sign_strength_report ..GW
02-14 14:10:34.956 I/RILC    (  119): qmi_ril(0/119): [event] qcril_qmi_nas_dump_sign_strength_report .. signalStrength 99, bitErrorRate 0
02-14 14:10:34.956 I/RILC    (  119): qmi_ril(0/119): [event] qcril_qmi_nas_dump_sign_strength_report ..CDMA
02-14 14:10:34.956 I/RILC    (  119): qmi_ril(0/119): [event] qcril_qmi_nas_dump_sign_strength_report .. dbm 101, ecio 110 
02-14 14:10:34.956 I/RILC    (  119): qmi_ril(0/119): [event] qcril_qmi_nas_dump_sign_strength_report ..EVDO
02-14 14:10:34.956 I/RILC    (  119): qmi_ril(0/119): [event] qcril_qmi_nas_dump_sign_strength_report .. dbm 107, ecio 35, signalNoiseRatio 7
02-14 14:10:34.956 I/RILC    (  119): qmi_ril(0/119): [event] qcril_qmi_nas_dump_sign_strength_report ..LTE
02-14 14:10:34.956 I/RILC    (  119): qmi_ril(0/119): [event] qcril_qmi_nas_dump_sign_strength_report .. signalStrength 99, rsrp 2147483647, rsrq 2147483647, rsnnr 2147483647
02-14 14:10:34.956 I/RILC    (  119): qmi_ril(0/119): [event] qcril_qmi_nas_dump_sign_strength_report qcril_qmi_nas_dump_sign_strength_report completed
02-14 14:10:34.956 I/RILC    (  119): qmi_ril(0/119): [event] qcril_qmi_nas_propagate_known_signal_strength_ind .. conf res 0
02-14 14:10:34.956 D/RILC    (  119): qmi_ril(0/119): [event] qcril_send_unsol_response UI <--- RIL_UNSOL_SIGNAL_STRENGTH (1009) --- RIL [RID 0, Len 48, (null)]
02-14 14:10:34.956 I/RILC    (  119): qmi_ril(0/119): [event] qcril_qmi_nas_propagate_known_signal_strength_ind qcril_qmi_nas_propagate_known_signal_strength_ind completed 0
02-14 14:10:34.956 I/RILC    (  119): qmi_ril(0/119): [event] qcril_process_event Exit qcril_process_event() : <Unknown event> ?, err_no 0
02-14 14:10:34.956 D/RILC    (  119): qmi_ril(0/119): [event] qcril_event_main RID 0 MID 0 De-queued event DATA_EVENT_CALLBACK (327682)
02-14 14:10:34.956 D/RILC    (  119): qmi_ril(0/119): [event] qcril_process_event RIL <--- DATA_EVENT_CALLBACK(327682), RID 0, MID 0 --- AMSS
02-14 14:10:34.956 D/RILC    (  119): qmi_ril(0/119): [event] qcril_data_event_hdlr qcril_data_event_hdlr: ENTRY
02-14 14:10:34.956 I/RILC    (  119): qmi_ril(0/119): [event] qcril_data_event_hdlr >>>>>> LOCK QCRIL_DATA MUTEX 80210be4
02-14 14:10:34.956 I/RILC    (  119): qmi_ril(0/119): [event] qcril_data_event_hdlr LOCK QCRIL_DATA MUTEX 80210be4 result=0
02-14 14:10:34.956 D/RILC    (  119): qmi_ril(0/119): [event] qcril_data_event_hdlr >>>Mem debug>>>
02-14 14:10:34.956 D/RILC    (  119): qmi_ril(0/119): [event] qcril_data_event_hdlr event obj
02-14 14:10:34.956 D/RILC    (  119): qmi_ril(0/119): [event] qcril_data_event_hdlr [0x1b348]
02-14 14:10:34.956 D/RILC    (  119): qmi_ril(0/119): [event] qcril_data_event_hdlr <<<Mem debug<<<
02-14 14:10:34.956 D/RILC    (  119): qmi_ril(0/119): [event] qcril_data_event_hdlr >>>Mem debug>>>
02-14 14:10:34.956 D/RILC    (  119): qmi_ril(0/119): [event] qcril_data_event_hdlr info_tbl
02-14 14:10:34.956 D/RILC    (  119): qmi_ril(0/119): [event] qcril_data_event_hdlr [0x80219620]
02-14 14:10:34.956 D/RILC    (  119): qmi_ril(0/119): [event] qcril_data_event_hdlr <<<Mem debug<<<
02-14 14:10:34.956 I/RILC    (  119): qmi_ril(0/119): [event] qcril_data_event_hdlr RIL REQ NOT pend
02-14 14:10:34.956 I/RILC    (  119): qmi_ril(0/119): [event] qcril_data_event_hdlr <<<DSI_EVT_PHYSLINK_DOWN_STATE: processing Started<<<
02-14 14:10:34.956 I/RILC    (  119): qmi_ril(0/119): [event] qcril_data_util_update_call_state >>>>>> LOCK QCRIL_DATA MUTEX 80210bdc
02-14 14:10:34.956 I/RILC    (  119): qmi_ril(0/119): [event] qcril_data_util_update_call_state LOCK QCRIL_DATA MUTEX 80210bdc result=0
02-14 14:10:34.956 I/RILC    (  119): qmi_ril(0/119): [event] qcril_data_util_update_call_state <<<<<< UNLOCK QCRIL_DATA MUTEX 80210bdc
02-14 14:10:34.956 I/RILC    (  119): qmi_ril(0/119): [event] qcril_data_util_update_call_state UNLOCK QCRIL_DATA MUTEX 80210bdc result=0
02-14 14:10:34.956 D/RILC    (  119): qmi_ril(0/119): [event] qcril_data_unsol_call_list_changed qcril_data_unsol_call_list_changed: ENTRY
02-14 14:10:34.956 D/RILC    (  119): qmi_ril(0/119): [event] qcril_data_unsol_call_list_changed sending RIL_UNSOL_DATA_CALL_LIST_CHANGED
02-14 14:10:34.956 D/RILC    (  119): qmi_ril(0/119): [event] qcril_send_unsol_response UI <--- RIL_UNSOL_DATA_CALL_LIST_CHANGED (1010) --- RIL [RID 0, Len 560, (null)]
02-14 14:10:34.956 D/RILC    (  119): qmi_ril(0/119): [event] qcril_data_unsol_call_list_changed qcril_data_unsol_call_list_changed: EXIT with succ
02-14 14:10:34.956 I/RILC    (  119): qmi_ril(0/119): [event] qcril_data_event_hdlr try event obj dealloc
02-14 14:10:34.956 D/RILC    (  119): qmi_ril(0/119): [event] qcril_data_event_hdlr qcril_data_event_hdlr: EXIT with suc
02-14 14:10:34.956 I/RILC    (  119): qmi_ril(0/119): [event] qcril_data_event_hdlr <<<<<< UNLOCK QCRIL_DATA MUTEX 80210be4
02-14 14:10:34.956 I/RILC    (  119): qmi_ril(0/119): [event] qcril_data_event_hdlr UNLOCK QCRIL_DATA MUTEX 80210be4 result=0
02-14 14:10:34.956 I/RILC    (  119): qmi_ril(0/119): [event] qcril_process_event Exit qcril_process_event() : DATA_EVENT_CALLBACK, err_no 0
02-14 14:10:34.956 D/RILC    (  119): qmi_ril(0/119): [event] qcril_event_main qcril_event_main(): Waiting...
02-14 14:10:34.956 D/RILJ    (  332): [UNSL]< UNSOL_DATA_CALL_LIST_CHANGED [DataCallState: { cid: 0, active: 1, type: , apn: , address: 173.112.252.191 }, DataCallState: { cid: 1, active: 0, type: null, apn: null, address: null }, DataCallState: { cid: 2, active: 0, type: null, apn: null, address: null }, DataCallState: { cid: 3, active: 0, type: null, apn: null, address: null }, DataCallState: { cid: 4, active: 0, type: null, apn: null, address: null }, DataCallState: { cid: 5, active: 0, type: null, apn: null, address: null }, DataCallState: { cid: 6, active: 0, type: null, apn: null, address: null }, DataCallState: { cid: 7, active: 0, type: null, apn: null, address: null }, DataCallState: { cid: 8, active: 0, type: null, apn: null, address: null }, DataCallState: { cid: 9, active: 0, type: null, apn: null, address: null }, DataCallState: { cid: 10, active: 0, type: null, apn: null, address: null }, DataCallState: { cid: 11, active: 0, type: null, apn: null, address: null }, DataCallState: { cid: 12, active: 0, type: null, apn: null, address: null }, DataCallState: { cid: 13, active: 0, type: null, apn: null, address: null }, DataCallState: { cid: 14, active: 0, type: null, apn: null, address: null }, DataCallState: { cid: 15, active: 0, type: null, apn: null, address: null }, DataCallState: { cid: 16, active: 0, type: null, apn: null, address: null }, DataCallState: { cid: 17, active: 0, type: null, apn: null, address: null }, DataCallState: { cid: 18, active: 0, type: null, apn: null, address: null }, DataCallState: { cid: 19, active: 0, type: null, apn: null, address: null }]
02-14 14:10:34.986 I/RILC    (  119): qmi_ril(0/119): [qmi_cb] qcril_qmi_nas_unsolicited_indication_cb invoked msg 0x2
02-14 14:10:34.986 I/RILC    (  119): qmi_ril(0/119): [qmi_cb] qcril_qmi_nas_is_considered_registered qcril_qmi_nas_is_considered_registered entered
02-14 14:10:34.986 I/RILC    (  119): qmi_ril(0/119): [qmi_cb] qcril_qmi_nas_is_considered_registered qcril_qmi_nas_is_considered_registered completed with 1
02-14 14:10:34.986 I/RILC    (  119): qmi_ril(0/119): [qmi_cb] qcril_qmi_nas_event_report_ind_conv_qmi2ril qcril_qmi_nas_event_report_ind_conv_qmi2ril entered
02-14 14:10:34.986 I/RILC    (  119): qmi_ril(0/119): [qmi_cb] qcril_qmi_nas_event_report_ind_conv_qmi2ril .. reg reject valid 0
02-14 14:10:34.986 I/RILC    (  119): qmi_ril(0/119): [qmi_cb] qcril_qmi_nas_event_report_ind_conv_qmi2ril qcril_qmi_nas_event_report_ind_conv_qmi2ril completed
02-14 14:10:34.986 I/RILC    (  119): qmi_ril(0/119): [qmi_cb] qcril_qmi_nas_is_considered_registered qcril_qmi_nas_is_considered_registered entered
02-14 14:10:34.986 I/RILC    (  119): qmi_ril(0/119): [qmi_cb] qcril_qmi_nas_is_considered_registered qcril_qmi_nas_is_considered_registered completed with 1
02-14 14:10:34.986 D/RILC    (  119): qmi_ril(0/119): [qmi_cb] qcril_event_queue Event [<Unknown event> ?, 655370] data was NULL!
02-14 14:10:34.986 D/RILC    (  119): qmi_ril(0/119): [qmi_cb] qcril_event_queue RID 0 MID 0 Queued event <Unknown event> ? (0 bytes)
02-14 14:10:34.986 I/RILC    (  119): qmi_ril(0/119): [qmi_cb] qcril_qmi_nas_unsolicited_indication_cb .. operational state 3
02-14 14:10:34.986 I/RILC    (  119): qmi_ril(0/119): [qmi_cb] qcril_qmi_nas_unsolicited_indication_cb qcril_qmi_nas_unsolicited_indication_cb completed
02-14 14:10:34.986 D/RILC    (  119): qmi_ril(0/119): [event] qcril_event_main qcril_event_main(): 1 items on queue
02-14 14:10:34.986 D/RILC    (  119): qmi_ril(0/119): [event] qcril_event_main RID 0 MID 0 De-queued event <Unknown event> ? (655370)
02-14 14:10:34.986 D/RILC    (  119): qmi_ril(0/119): [event] qcril_process_event RIL <--- <Unknown event> ?(655370), RID 0, MID 0 --- AMSS
02-14 14:10:34.986 I/RILC    (  119): qmi_ril(0/119): [event] qcril_qmi_trigger_propagate_known_signal_strength_ind qcril_qmi_trigger_propagate_known_signal_strength_ind received
02-14 14:10:34.986 I/RILC    (  119): qmi_ril(0/119): [event] qcril_qmi_nas_propagate_known_signal_strength_ind qcril_qmi_nas_propagate_known_signal_strength_ind entered
02-14 14:10:34.986 I/RILC    (  119): qmi_ril(0/119): [event] qcril_qmi_nas_fetch_signal_strength_observations qcril_qmi_nas_fetch_signal_strength_observations entered
02-14 14:10:34.986 I/RILC    (  119): qmi_ril(0/119): [event] qcril_qmi_nas_fetch_signal_strength_observations ..req mask 34
02-14 14:10:34.986 I/RILC    (  119): qmi_ril(0/119): [event] qcril_qmi_nas_fetch_signal_strength_observations qcril_qmi_nas_request_signal_strength entered IF 34
02-14 14:10:34.986 I/RILC    (  119): qmi_ril(0/119): [event] qcril_qmi_nas_fetch_signal_strength_observations qcril_qmi_nas_request_signal_strength entered RIL_REQ_RES qmi_request.request__mask = 34
02-14 14:10:34.986 I/RILC    (  119): qmi_ril(0/119): [event] qcril_qmi_nas_fetch_signal_strength_observations qcril_qmi_nas_request_signal_strength entered IF QMI RESPONSE 34
02-14 14:10:34.986 I/RILC    (  119): qmi_ril(0/119): [event] qcril_qmi_util_convert_qmi_response_codes_to_ril_result_ex qcril_qmi_util_convert_qmi_response_codes_to_ril_result_ex ctx check 0
02-14 14:10:34.986 I/RILC    (  119): qmi_ril(0/119): [event] qcril_qmi_nas_fetch_signal_strength_observations qcril_qmi_nas_request_signal_strength entered IF UTIL_RES = SUCCESS 34
02-14 14:10:34.986 I/RILC    (  119): qmi_ril(0/119): [event] qcril_qmi_nas_fetch_signal_strength_observations qcril_qmi_nas_fetch_signal_strength_observations completed 0
02-14 14:10:34.986 I/RILC    (  119): qmi_ril(0/119): [event] qcril_qmi_nas_propagate_known_signal_strength_ind .. subfetch sig strength info 0
02-14 14:10:34.986 I/RILC    (  119): qmi_ril(0/119): [event] qcril_qmi_nas_dump_sign_strength_report qcril_qmi_nas_dump_sign_strength_report entered
02-14 14:10:34.986 I/RILC    (  119): qmi_ril(0/119): [event] qcril_qmi_nas_dump_sign_strength_report ..GW
02-14 14:10:34.986 I/RILC    (  119): qmi_ril(0/119): [event] qcril_qmi_nas_dump_sign_strength_report .. signalStrength 99, bitErrorRate 0
02-14 14:10:34.986 I/RILC    (  119): qmi_ril(0/119): [event] qcril_qmi_nas_dump_sign_strength_report ..CDMA
02-14 14:10:34.986 I/RILC    (  119): qmi_ril(0/119): [event] qcril_qmi_nas_dump_sign_strength_report .. dbm 101, ecio 90 
02-14 14:10:34.986 I/RILC    (  119): qmi_ril(0/119): [event] qcril_qmi_nas_dump_sign_strength_report ..EVDO
02-14 14:10:34.986 I/RILC    (  119): qmi_ril(0/119): [event] qcril_qmi_nas_dump_sign_strength_report .. dbm 107, ecio 35, signalNoiseRatio 7
02-14 14:10:34.986 I/RILC    (  119): qmi_ril(0/119): [event] qcril_qmi_nas_dump_sign_strength_report ..LTE
02-14 14:10:34.986 I/RILC    (  119): qmi_ril(0/119): [event] qcril_qmi_nas_dump_sign_strength_report .. signalStrength 99, rsrp 2147483647, rsrq 2147483647, rsnnr 2147483647
02-14 14:10:34.986 I/RILC    (  119): qmi_ril(0/119): [event] qcril_qmi_nas_dump_sign_strength_report qcril_qmi_nas_dump_sign_strength_report completed
02-14 14:10:34.986 I/RILC    (  119): qmi_ril(0/119): [event] qcril_qmi_nas_propagate_known_signal_strength_ind .. conf res 0
02-14 14:10:34.986 D/RILC    (  119): qmi_ril(0/119): [event] qcril_send_unsol_response UI <--- RIL_UNSOL_SIGNAL_STRENGTH (1009) --- RIL [RID 0, Len 48, (null)]
02-14 14:10:34.986 I/RILC    (  119): qmi_ril(0/119): [event] qcril_qmi_nas_propagate_known_signal_strength_ind qcril_qmi_nas_propagate_known_signal_strength_ind completed 0
02-14 14:10:34.986 I/RILC    (  119): qmi_ril(0/119): [event] qcril_process_event Exit qcril_process_event() : <Unknown event> ?, err_no 0
02-14 14:10:34.986 D/RILC    (  119): qmi_ril(0/119): [event] qcril_event_main qcril_event_main(): Waiting...
02-14 14:10:37.238 I/RILC    (  119): qmi_ril(0/119): [qmi_cb] qcril_qmi_nas_unsolicited_indication_cb invoked msg 0x2
02-14 14:10:37.238 I/RILC    (  119): qmi_ril(0/119): [qmi_cb] qcril_qmi_nas_is_considered_registered qcril_qmi_nas_is_considered_registered entered
02-14 14:10:37.238 I/RILC    (  119): qmi_ril(0/119): [qmi_cb] qcril_qmi_nas_is_considered_registered qcril_qmi_nas_is_considered_registered completed with 1
02-14 14:10:37.238 I/RILC    (  119): qmi_ril(0/119): [qmi_cb] qcril_qmi_nas_event_report_ind_conv_qmi2ril qcril_qmi_nas_event_report_ind_conv_qmi2ril entered
02-14 14:10:37.238 I/RILC    (  119): qmi_ril(0/119): [qmi_cb] qcril_qmi_nas_event_report_ind_conv_qmi2ril .. reg reject valid 0
02-14 14:10:37.238 I/RILC    (  119): qmi_ril(0/119): [qmi_cb] qcril_qmi_nas_event_report_ind_conv_qmi2ril qcril_qmi_nas_event_report_ind_conv_qmi2ril completed
02-14 14:10:37.238 I/RILC    (  119): qmi_ril(0/119): [qmi_cb] qcril_qmi_nas_is_considered_registered qcril_qmi_nas_is_considered_registered entered
02-14 14:10:37.238 I/RILC    (  119): qmi_ril(0/119): [qmi_cb] qcril_qmi_nas_is_considered_registered qcril_qmi_nas_is_considered_registered completed with 1
02-14 14:10:37.238 D/RILC    (  119): qmi_ril(0/119): [qmi_cb] qcril_event_queue Event [<Unknown event> ?, 655370] data was NULL!
02-14 14:10:37.238 D/RILC    (  119): qmi_ril(0/119): [qmi_cb] qcril_event_queue RID 0 MID 0 Queued event <Unknown event> ? (0 bytes)
02-14 14:10:37.238 I/RILC    (  119): qmi_ril(0/119): [qmi_cb] qcril_qmi_nas_unsolicited_indication_cb .. operational state 3
02-14 14:10:37.238 I/RILC    (  119): qmi_ril(0/119): [qmi_cb] qcril_qmi_nas_unsolicited_indication_cb qcril_qmi_nas_unsolicited_indication_cb completed
02-14 14:10:37.238 D/RILC    (  119): qmi_ril(0/119): [event] qcril_event_main qcril_event_main(): 1 items on queue
02-14 14:10:37.238 D/RILC    (  119): qmi_ril(0/119): [event] qcril_event_main RID 0 MID 0 De-queued event <Unknown event> ? (655370)
02-14 14:10:37.238 D/RILC    (  119): qmi_ril(0/119): [event] qcril_process_event RIL <--- <Unknown event> ?(655370), RID 0, MID 0 --- AMSS
02-14 14:10:37.238 I/RILC    (  119): qmi_ril(0/119): [event] qcril_qmi_trigger_propagate_known_signal_strength_ind qcril_qmi_trigger_propagate_known_signal_strength_ind received
02-14 14:10:37.238 I/RILC    (  119): qmi_ril(0/119): [event] qcril_qmi_nas_propagate_known_signal_strength_ind qcril_qmi_nas_propagate_known_signal_strength_ind entered
02-14 14:10:37.238 I/RILC    (  119): qmi_ril(0/119): [event] qcril_qmi_nas_fetch_signal_strength_observations qcril_qmi_nas_fetch_signal_strength_observations entered
02-14 14:10:37.238 I/RILC    (  119): qmi_ril(0/119): [event] qcril_qmi_nas_fetch_signal_strength_observations ..req mask 35
02-14 14:10:37.238 I/RILC    (  119): qmi_ril(0/119): [event] qcril_qmi_nas_fetch_signal_strength_observations qcril_qmi_nas_request_signal_strength entered IF 35
02-14 14:10:37.238 I/RILC    (  119): qmi_ril(0/119): [event] qcril_qmi_nas_fetch_signal_strength_observations qcril_qmi_nas_request_signal_strength entered RIL_REQ_RES qmi_request.request__mask = 35
02-14 14:10:37.238 I/RILC    (  119): qmi_ril(0/119): [event] qcril_qmi_nas_fetch_signal_strength_observations qcril_qmi_nas_request_signal_strength entered IF QMI RESPONSE 35
02-14 14:10:37.238 I/RILC    (  119): qmi_ril(0/119): [event] qcril_qmi_util_convert_qmi_response_codes_to_ril_result_ex qcril_qmi_util_convert_qmi_response_codes_to_ril_result_ex ctx check 0
02-14 14:10:37.238 I/RILC    (  119): qmi_ril(0/119): [event] qcril_qmi_nas_fetch_signal_strength_observations qcril_qmi_nas_request_signal_strength entered IF UTIL_RES = SUCCESS 35
02-14 14:10:37.238 I/RILC    (  119): qmi_ril(0/119): [event] qcril_qmi_nas_fetch_signal_strength_observations qcril_qmi_nas_fetch_signal_strength_observations completed 0
02-14 14:10:37.238 I/RILC    (  119): qmi_ril(0/119): [event] qcril_qmi_nas_propagate_known_signal_strength_ind .. subfetch sig strength info 0
02-14 14:10:37.238 I/RILC    (  119): qmi_ril(0/119): [event] qcril_qmi_nas_dump_sign_strength_report qcril_qmi_nas_dump_sign_strength_report entered
02-14 14:10:37.238 I/RILC    (  119): qmi_ril(0/119): [event] qcril_qmi_nas_dump_sign_strength_report ..GW
02-14 14:10:37.238 I/RILC    (  119): qmi_ril(0/119): [event] qcril_qmi_nas_dump_sign_strength_report .. signalStrength 99, bitErrorRate 0
02-14 14:10:37.238 I/RILC    (  119): qmi_ril(0/119): [event] qcril_qmi_nas_dump_sign_strength_report ..CDMA
02-14 14:10:37.238 I/RILC    (  119): qmi_ril(0/119): [event] qcril_qmi_nas_dump_sign_strength_report .. dbm 101, ecio 90 
02-14 14:10:37.238 I/RILC    (  119): qmi_ril(0/119): [event] qcril_qmi_nas_dump_sign_strength_report ..EVDO
02-14 14:10:37.238 I/RILC    (  119): qmi_ril(0/119): [event] qcril_qmi_nas_dump_sign_strength_report .. dbm 108, ecio 25, signalNoiseRatio 7
02-14 14:10:37.238 I/RILC    (  119): qmi_ril(0/119): [event] qcril_qmi_nas_dump_sign_strength_report ..LTE
02-14 14:10:37.238 I/RILC    (  119): qmi_ril(0/119): [event] qcril_qmi_nas_dump_sign_strength_report .. signalStrength 99, rsrp 2147483647, rsrq 2147483647, rsnnr 2147483647
02-14 14:10:37.238 I/RILC    (  119): qmi_ril(0/119): [event] qcril_qmi_nas_dump_sign_strength_report qcril_qmi_nas_dump_sign_strength_report completed
02-14 14:10:37.238 I/RILC    (  119): qmi_ril(0/119): [event] qcril_qmi_nas_propagate_known_signal_strength_ind .. conf res 0
02-14 14:10:37.238 D/RILC    (  119): qmi_ril(0/119): [event] qcril_send_unsol_response UI <--- RIL_UNSOL_SIGNAL_STRENGTH (1009) --- RIL [RID 0, Len 48, (null)]
02-14 14:10:37.238 I/RILC    (  119): qmi_ril(0/119): [event] qcril_qmi_nas_propagate_known_signal_strength_ind qcril_qmi_nas_propagate_known_signal_strength_ind completed 0
02-14 14:10:37.238 I/RILC    (  119): qmi_ril(0/119): [event] qcril_process_event Exit qcril_process_event() : <Unknown event> ?, err_no 0
02-14 14:10:37.238 D/RILC    (  119): qmi_ril(0/119): [event] qcril_event_main qcril_event_main(): Waiting...
02-14 14:10:38.789 D/RILC    (  119): qmi_ril(0/119): [qmi_cb] qcril_data_qmi_wds_ind_cb qcril_data_qmi_wds_ind_cb: ENTRY
02-14 14:10:38.789 I/RILC    (  119): qmi_ril(0/119): [qmi_cb] qcril_data_qmi_wds_ind_cb >>>>>> TRY LOCK QCRIL_DATA MUTEX 80210be4
02-14 14:10:38.789 I/RILC    (  119): qmi_ril(0/119): [qmi_cb] qcril_data_qmi_wds_ind_cb TRYLOCK QCRIL_DATA MUTEX 80210be4 result=0
02-14 14:10:38.789 D/RILC    (  119): qmi_ril(0/119): [qmi_cb] qcril_data_process_wds_ind qcril_data_process_wds_ind: entry
02-14 14:10:38.789 D/RILC    (  119): qmi_ril(0/119): [qmi_cb] qcril_data_process_wds_ind PHYSLINK went active
02-14 14:10:38.789 D/RILC    (  119): qmi_ril(0/119): [qmi_cb] qcril_data_post_qmi_events qcril_data_post_qmi_events: entry
02-14 14:10:38.789 D/RILC    (  119): qmi_ril(0/119): [qmi_cb] qcril_data_post_qmi_events >>>Mem debug>>>
02-14 14:10:38.789 D/RILC    (  119): qmi_ril(0/119): [qmi_cb] qcril_data_post_qmi_events event obj alloc
02-14 14:10:38.789 D/RILC    (  119): qmi_ril(0/119): [qmi_cb] qcril_data_post_qmi_events [0x15e50]
02-14 14:10:38.789 D/RILC    (  119): qmi_ril(0/119): [qmi_cb] qcril_data_post_qmi_events <<<Mem debug<<<
02-14 14:10:38.789 I/RILC    (  119): qmi_ril(0/119): [qmi_cb] qcril_data_post_qmi_events queue QCRIL DATA event for RIL Token [0] instance_id [0], and modem_id [0]
02-14 14:10:38.789 D/RILC    (  119): qmi_ril(0/119): [qmi_cb] qcril_event_queue RID 0 MID 0 Queued event DATA_EVENT_CALLBACK (16 bytes)
02-14 14:10:38.789 D/RILC    (  119): qmi_ril(0/119): [qmi_cb] qcril_data_post_qmi_events qcril_data_post_qmi_events: exit with success
02-14 14:10:38.789 D/RILC    (  119): qmi_ril(0/119): [qmi_cb] qcril_data_process_wds_ind qcril_data_process_wds_ind: exit with success
02-14 14:10:38.789 I/RILC    (  119): qmi_ril(0/119): [qmi_cb] qcril_data_qmi_wds_ind_cb <<<<<< UNLOCK QCRIL_DATA MUTEX 80210be4
02-14 14:10:38.789 I/RILC    (  119): qmi_ril(0/119): [qmi_cb] qcril_data_qmi_wds_ind_cb UNLOCK QCRIL_DATA MUTEX 80210be4 result=0
02-14 14:10:38.789 D/RILC    (  119): qmi_ril(0/119): [qmi_cb] qcril_data_qmi_wds_ind_cb qcril_data_qmi_wds_ind_cb: EXIT
02-14 14:10:38.789 D/RILC    (  119): qmi_ril(0/119): [event] qcril_event_main qcril_event_main(): 1 items on queue
02-14 14:10:38.789 D/RILC    (  119): qmi_ril(0/119): [event] qcril_event_main RID 0 MID 0 De-queued event DATA_EVENT_CALLBACK (327682)
02-14 14:10:38.789 D/RILC    (  119): qmi_ril(0/119): [event] qcril_process_event RIL <--- DATA_EVENT_CALLBACK(327682), RID 0, MID 0 --- AMSS
02-14 14:10:38.789 D/RILC    (  119): qmi_ril(0/119): [event] qcril_data_event_hdlr qcril_data_event_hdlr: ENTRY
02-14 14:10:38.789 I/RILC    (  119): qmi_ril(0/119): [event] qcril_data_event_hdlr >>>>>> LOCK QCRIL_DATA MUTEX 80210be4
02-14 14:10:38.789 I/RILC    (  119): qmi_ril(0/119): [event] qcril_data_event_hdlr LOCK QCRIL_DATA MUTEX 80210be4 result=0
02-14 14:10:38.789 D/RILC    (  119): qmi_ril(0/119): [event] qcril_data_event_hdlr >>>Mem debug>>>
02-14 14:10:38.789 D/RILC    (  119): qmi_ril(0/119): [event] qcril_data_event_hdlr event obj
02-14 14:10:38.789 D/RILC    (  119): qmi_ril(0/119): [event] qcril_data_event_hdlr [0x15e50]
02-14 14:10:38.789 D/RILC    (  119): qmi_ril(0/119): [event] qcril_data_event_hdlr <<<Mem debug<<<
02-14 14:10:38.789 D/RILC    (  119): qmi_ril(0/119): [event] qcril_data_event_hdlr >>>Mem debug>>>
02-14 14:10:38.789 D/RILC    (  119): qmi_ril(0/119): [event] qcril_data_event_hdlr info_tbl
02-14 14:10:38.789 D/RILC    (  119): qmi_ril(0/119): [event] qcril_data_event_hdlr [0x80219620]
02-14 14:10:38.789 D/RILC    (  119): qmi_ril(0/119): [event] qcril_data_event_hdlr <<<Mem debug<<<
02-14 14:10:38.789 I/RILC    (  119): qmi_ril(0/119): [event] qcril_data_event_hdlr RIL REQ NOT pend
02-14 14:10:38.789 I/RILC    (  119): qmi_ril(0/119): [event] qcril_data_event_hdlr <<<DSI_EVT_PHYSLINK_UP_STATE: processing Started<<<
02-14 14:10:38.789 I/RILC    (  119): qmi_ril(0/119): [event] qcril_data_util_update_call_state >>>>>> LOCK QCRIL_DATA MUTEX 80210bdc
02-14 14:10:38.789 I/RILC    (  119): qmi_ril(0/119): [event] qcril_data_util_update_call_state LOCK QCRIL_DATA MUTEX 80210bdc result=0
02-14 14:10:38.789 I/RILC    (  119): qmi_ril(0/119): [event] qcril_data_util_update_call_state <<<<<< UNLOCK QCRIL_DATA MUTEX 80210bdc
02-14 14:10:38.789 I/RILC    (  119): qmi_ril(0/119): [event] qcril_data_util_update_call_state UNLOCK QCRIL_DATA MUTEX 80210bdc result=0
02-14 14:10:38.789 D/RILC    (  119): qmi_ril(0/119): [event] qcril_data_unsol_call_list_changed qcril_data_unsol_call_list_changed: ENTRY
02-14 14:10:38.789 D/RILC    (  119): qmi_ril(0/119): [event] qcril_data_unsol_call_list_changed sending RIL_UNSOL_DATA_CALL_LIST_CHANGED
02-14 14:10:38.789 D/RILC    (  119): qmi_ril(0/119): [event] qcril_send_unsol_response UI <--- RIL_UNSOL_DATA_CALL_LIST_CHANGED (1010) --- RIL [RID 0, Len 560, (null)]
02-14 14:10:38.789 D/RILC    (  119): qmi_ril(0/119): [event] qcril_data_unsol_call_list_changed qcril_data_unsol_call_list_changed: EXIT with succ
02-14 14:10:38.789 I/RILC    (  119): qmi_ril(0/119): [event] qcril_data_event_hdlr try event obj dealloc
02-14 14:10:38.789 D/RILC    (  119): qmi_ril(0/119): [event] qcril_data_event_hdlr qcril_data_event_hdlr: EXIT with suc
02-14 14:10:38.789 I/RILC    (  119): qmi_ril(0/119): [event] qcril_data_event_hdlr <<<<<< UNLOCK QCRIL_DATA MUTEX 80210be4
02-14 14:10:38.789 I/RILC    (  119): qmi_ril(0/119): [event] qcril_data_event_hdlr UNLOCK QCRIL_DATA MUTEX 80210be4 result=0
02-14 14:10:38.789 I/RILC    (  119): qmi_ril(0/119): [event] qcril_process_event Exit qcril_process_event() : DATA_EVENT_CALLBACK, err_no 0
02-14 14:10:38.789 D/RILC    (  119): qmi_ril(0/119): [event] qcril_event_main qcril_event_main(): Waiting...
02-14 14:10:38.789 D/RILJ    (  332): [UNSL]< UNSOL_DATA_CALL_LIST_CHANGED [DataCallState: { cid: 0, active: 2, type: , apn: , address: 173.112.252.191 }, DataCallState: { cid: 1, active: 0, type: null, apn: null, address: null }, DataCallState: { cid: 2, active: 0, type: null, apn: null, address: null }, DataCallState: { cid: 3, active: 0, type: null, apn: null, address: null }, DataCallState: { cid: 4, active: 0, type: null, apn: null, address: null }, DataCallState: { cid: 5, active: 0, type: null, apn: null, address: null }, DataCallState: { cid: 6, active: 0, type: null, apn: null, address: null }, DataCallState: { cid: 7, active: 0, type: null, apn: null, address: null }, DataCallState: { cid: 8, active: 0, type: null, apn: null, address: null }, DataCallState: { cid: 9, active: 0, type: null, apn: null, address: null }, DataCallState: { cid: 10, active: 0, type: null, apn: null, address: null }, DataCallState: { cid: 11, active: 0, type: null, apn: null, address: null }, DataCallState: { cid: 12, active: 0, type: null, apn: null, address: null }, DataCallState: { cid: 13, active: 0, type: null, apn: null, address: null }, DataCallState: { cid: 14, active: 0, type: null, apn: null, address: null }, DataCallState: { cid: 15, active: 0, type: null, apn: null, address: null }, DataCallState: { cid: 16, active: 0, type: null, apn: null, address: null }, DataCallState: { cid: 17, active: 0, type: null, apn: null, address: null }, DataCallState: { cid: 18, active: 0, type: null, apn: null, address: null }, DataCallState: { cid: 19, active: 0, type: null, apn: null, address: null }]
02-14 14:10:39.480 I/RILC    (  119): qmi_ril(0/119): [qmi_cb] qcril_qmi_nas_unsolicited_indication_cb invoked msg 0x2
02-14 14:10:39.480 I/RILC    (  119): qmi_ril(0/119): [qmi_cb] qcril_qmi_nas_is_considered_registered qcril_qmi_nas_is_considered_registered entered
02-14 14:10:39.480 I/RILC    (  119): qmi_ril(0/119): [qmi_cb] qcril_qmi_nas_is_considered_registered qcril_qmi_nas_is_considered_registered completed with 1
02-14 14:10:39.480 I/RILC    (  119): qmi_ril(0/119): [qmi_cb] qcril_qmi_nas_event_report_ind_conv_qmi2ril qcril_qmi_nas_event_report_ind_conv_qmi2ril entered
02-14 14:10:39.480 I/RILC    (  119): qmi_ril(0/119): [qmi_cb] qcril_qmi_nas_event_report_ind_conv_qmi2ril .. reg reject valid 0
02-14 14:10:39.480 I/RILC    (  119): qmi_ril(0/119): [qmi_cb] qcril_qmi_nas_event_report_ind_conv_qmi2ril qcril_qmi_nas_event_report_ind_conv_qmi2ril completed
02-14 14:10:39.480 I/RILC    (  119): qmi_ril(0/119): [qmi_cb] qcril_qmi_nas_is_considered_registered qcril_qmi_nas_is_considered_registered entered
02-14 14:10:39.480 I/RILC    (  119): qmi_ril(0/119): [qmi_cb] qcril_qmi_nas_is_considered_registered qcril_qmi_nas_is_considered_registered completed with 1
02-14 14:10:39.480 D/RILC    (  119): qmi_ril(0/119): [qmi_cb] qcril_event_queue Event [<Unknown event> ?, 655370] data was NULL!
02-14 14:10:39.480 D/RILC    (  119): qmi_ril(0/119): [event] qcril_event_main qcril_event_main(): 1 items on queue
02-14 14:10:39.480 D/RILC    (  119): qmi_ril(0/119): [event] qcril_event_main RID 0 MID 0 De-queued event <Unknown event> ? (655370)
02-14 14:10:39.480 D/RILC    (  119): qmi_ril(0/119): [event] qcril_process_event RIL <--- <Unknown event> ?(655370), RID 0, MID 0 --- AMSS
02-14 14:10:39.480 I/RILC    (  119): qmi_ril(0/119): [event] qcril_qmi_trigger_propagate_known_signal_strength_ind qcril_qmi_trigger_propagate_known_signal_strength_ind received
02-14 14:10:39.480 I/RILC    (  119): qmi_ril(0/119): [event] qcril_qmi_nas_propagate_known_signal_strength_ind qcril_qmi_nas_propagate_known_signal_strength_ind entered
02-14 14:10:39.480 I/RILC    (  119): qmi_ril(0/119): [event] qcril_qmi_nas_fetch_signal_strength_observations qcril_qmi_nas_fetch_signal_strength_observations entered
02-14 14:10:39.480 I/RILC    (  119): qmi_ril(0/119): [event] qcril_qmi_nas_fetch_signal_strength_observations ..req mask 33
02-14 14:10:39.480 I/RILC    (  119): qmi_ril(0/119): [event] qcril_qmi_nas_fetch_signal_strength_observations qcril_qmi_nas_request_signal_strength entered IF 33
02-14 14:10:39.480 I/RILC    (  119): qmi_ril(0/119): [event] qcril_qmi_nas_fetch_signal_strength_observations qcril_qmi_nas_request_signal_strength entered RIL_REQ_RES qmi_request.request__mask = 33
02-14 14:10:39.480 I/RILC    (  119): qmi_ril(0/119): [event] qcril_qmi_nas_fetch_signal_strength_observations qcril_qmi_nas_request_signal_strength entered IF QMI RESPONSE 33
02-14 14:10:39.480 D/RILC    (  119): qmi_ril(0/119): [qmi_cb] qcril_event_queue RID 0 MID 0 Queued event <Unknown event> ? (0 bytes)
02-14 14:10:39.480 I/RILC    (  119): qmi_ril(0/119): [qmi_cb] qcril_qmi_nas_unsolicited_indication_cb .. operational state 3
02-14 14:10:39.480 I/RILC    (  119): qmi_ril(0/119): [qmi_cb] qcril_qmi_nas_unsolicited_indication_cb qcril_qmi_nas_unsolicited_indication_cb completed
02-14 14:10:39.500 I/RILC    (  119): qmi_ril(0/119): [event] qcril_qmi_util_convert_qmi_response_codes_to_ril_result_ex qcril_qmi_util_convert_qmi_response_codes_to_ril_result_ex ctx check 0
02-14 14:10:39.500 I/RILC    (  119): qmi_ril(0/119): [event] qcril_qmi_nas_fetch_signal_strength_observations qcril_qmi_nas_request_signal_strength entered IF UTIL_RES = SUCCESS 33
02-14 14:10:39.500 I/RILC    (  119): qmi_ril(0/119): [event] qcril_qmi_nas_fetch_signal_strength_observations qcril_qmi_nas_fetch_signal_strength_observations completed 0
02-14 14:10:39.500 I/RILC    (  119): qmi_ril(0/119): [event] qcril_qmi_nas_propagate_known_signal_strength_ind .. subfetch sig strength info 0
02-14 14:10:39.500 I/RILC    (  119): qmi_ril(0/119): [event] qcril_qmi_nas_dump_sign_strength_report qcril_qmi_nas_dump_sign_strength_report entered
02-14 14:10:39.500 I/RILC    (  119): qmi_ril(0/119): [event] qcril_qmi_nas_dump_sign_strength_report ..GW
02-14 14:10:39.500 I/RILC    (  119): qmi_ril(0/119): [event] qcril_qmi_nas_dump_sign_strength_report .. signalStrength 99, bitErrorRate 0
02-14 14:10:39.500 I/RILC    (  119): qmi_ril(0/119): [event] qcril_qmi_nas_dump_sign_strength_report ..CDMA
02-14 14:10:39.500 I/RILC    (  119): qmi_ril(0/119): [event] qcril_qmi_nas_dump_sign_strength_report .. dbm 101, ecio 90 
02-14 14:10:39.500 I/RILC    (  119): qmi_ril(0/119): [event] qcril_qmi_nas_dump_sign_strength_report ..EVDO
02-14 14:10:39.500 I/RILC    (  119): qmi_ril(0/119): [event] qcril_qmi_nas_dump_sign_strength_report .. dbm 104, ecio 25, signalNoiseRatio 7
02-14 14:10:39.500 I/RILC    (  119): qmi_ril(0/119): [event] qcril_qmi_nas_dump_sign_strength_report ..LTE
