02-14 14:14:07.793 D/Bitmap  ( 1070):       android.view.View.buildDrawingCache(View.java:6577)
02-14 14:14:07.793 D/Bitmap  ( 1070):       android.view.View.getDrawingCache(View.java:6428)
02-14 14:14:07.793 D/Bitmap  ( 1070):       android.view.ViewGroup.drawChild(ViewGroup.java:1574)
02-14 14:14:07.793 D/Bitmap  ( 1070):       android.view.ViewGroup.dispatchDraw(ViewGroup.java:1376)
02-14 14:14:07.793 D/Bitmap  ( 1070):       android.widget.AbsListView.dispatchDraw(AbsListView.java:1480)
02-14 14:14:07.793 D/Bitmap  ( 1070):       android.widget.ListView.dispatchDraw(ListView.java:3138)
02-14 14:14:07.793 D/Bitmap  ( 1070):       android.view.View.draw(View.java:6986)
02-14 14:14:07.793 D/Bitmap  ( 1070):       android.widget.AbsListView.draw(AbsListView.java:2588)
02-14 14:14:07.793 D/Bitmap  ( 1070):       android.view.ViewGroup.drawChild(ViewGroup.java:1649)
02-14 14:14:07.793 D/Bitmap  ( 1070):       android.view.ViewGroup.dispatchDraw(ViewGroup.java:1376)
02-14 14:14:07.793 D/Bitmap  ( 1070):       android.view.View.draw(View.java:6883)
02-14 14:14:07.793 D/Bitmap  ( 1070):       android.widget.FrameLayout.draw(FrameLayout.java:357)
02-14 14:14:07.793 D/Bitmap  ( 1070):       android.view.ViewGroup.drawChild(ViewGroup.java:1649)
02-14 14:14:07.793 D/Bitmap  ( 1070):       android.view.ViewGroup.dispatchDraw(ViewGroup.java:1376)
02-14 14:14:07.793 D/Bitmap  ( 1070):       android.view.ViewGroup.drawChild(ViewGroup.java:1647)
02-14 14:14:07.793 D/Bitmap  ( 1070):       android.view.ViewGroup.dispatchDraw(ViewGroup.java:1376)
02-14 14:14:07.793 D/Bitmap  ( 1070):       android.view.View.draw(View.java:6883)
02-14 14:14:07.793 D/Bitmap  ( 1070):       android.widget.FrameLayout.draw(FrameLayout.java:357)
02-14 14:14:07.793 D/Bitmap  ( 1070):       com.android.internal.policy.impl.PhoneWindow$DecorView.draw(PhoneWindow.java:1866)
02-14 14:14:07.793 D/Bitmap  ( 1070):       android.view.ViewRoot.draw(ViewRoot.java:1526)
02-14 14:14:07.793 D/Bitmap  ( 1070):       android.view.ViewRoot.performTraversals(ViewRoot.java:1262)
02-14 14:14:07.793 D/Bitmap  ( 1070):       android.view.ViewRoot.handleMessage(ViewRoot.java:1864)
02-14 14:14:07.793 D/Bitmap  ( 1070):       android.os.Handler.dispatchMessage(Handler.java:99)
02-14 14:14:07.793 D/Bitmap  ( 1070):       android.os.Looper.loop(Looper.java:130)
02-14 14:14:07.793 D/Bitmap  ( 1070):       android.app.ActivityThread.main(ActivityThread.java:3704)
02-14 14:14:07.793 D/Bitmap  ( 1070):       java.lang.reflect.Method.invokeNative(Native Method)
02-14 14:14:07.793 D/Bitmap  ( 1070):       java.lang.reflect.Method.invoke(Method.java:507)
02-14 14:14:07.793 D/Bitmap  ( 1070):       com.android.internal.os.ZygoteInit$MethodAndArgsCaller.run(ZygoteInit.java:875)
02-14 14:14:07.793 D/Bitmap  ( 1070):       com.android.internal.os.ZygoteInit.main(ZygoteInit.java:633)
02-14 14:14:07.793 D/Bitmap  ( 1070):       dalvik.system.NativeStart.main(Native Method)
02-14 14:14:07.793 D/Bitmap  ( 1070): _
02-14 14:14:07.793 D/Bitmap  ( 1070): Detect unrecycled bitmap.
02-14 14:14:07.793 D/Bitmap  ( 1070):       Size: 40960 Bytes, Width: 320 , Height: 64 , Hash code: 1079943360
02-14 14:14:07.793 D/Bitmap  ( 1070):  This bimap was created in:
02-14 14:14:07.793 D/Bitmap  ( 1070):       android.graphics.Bitmap.<init>(Bitmap.java:136)
02-14 14:14:07.793 D/Bitmap  ( 1070):       android.graphics.Bitmap.nativeCreate(Native Method)
02-14 14:14:07.793 D/Bitmap  ( 1070):       android.graphics.Bitmap.createBitmap(Bitmap.java:547)
02-14 14:14:07.793 D/Bitmap  ( 1070):       android.view.View.buildDrawingCache(View.java:6577)
02-14 14:14:07.793 D/Bitmap  ( 1070):       android.view.View.getDrawingCache(View.java:6428)
02-14 14:14:07.793 D/Bitmap  ( 1070):       android.view.ViewGroup.drawChild(ViewGroup.java:1574)
02-14 14:14:07.793 D/Bitmap  ( 1070):       android.view.ViewGroup.dispatchDraw(ViewGroup.java:1376)
02-14 14:14:07.793 D/Bitmap  ( 1070):       android.widget.AbsListView.dispatchDraw(AbsListView.java:1480)
02-14 14:14:07.793 D/Bitmap  ( 1070):       android.widget.ListView.dispatchDraw(ListView.java:3138)
02-14 14:14:07.793 D/Bitmap  ( 1070):       android.view.View.draw(View.java:6986)
02-14 14:14:07.793 D/Bitmap  ( 1070):       android.widget.AbsListView.draw(AbsListView.java:2588)
02-14 14:14:07.793 D/Bitmap  ( 1070):       android.view.ViewGroup.drawChild(ViewGroup.java:1649)
02-14 14:14:07.793 D/Bitmap  ( 1070):       android.view.ViewGroup.dispatchDraw(ViewGroup.java:1376)
02-14 14:14:07.793 D/Bitmap  ( 1070):       android.view.View.draw(View.java:6883)
02-14 14:14:07.793 D/Bitmap  ( 1070):       android.widget.FrameLayout.draw(FrameLayout.java:357)
02-14 14:14:07.793 D/Bitmap  ( 1070):       android.view.ViewGroup.drawChild(ViewGroup.java:1649)
02-14 14:14:07.793 D/Bitmap  ( 1070):       android.view.ViewGroup.dispatchDraw(ViewGroup.java:1376)
02-14 14:14:07.793 D/Bitmap  ( 1070):       android.view.ViewGroup.drawChild(ViewGroup.java:1647)
02-14 14:14:07.793 D/Bitmap  ( 1070):       android.view.ViewGroup.dispatchDraw(ViewGroup.java:1376)
02-14 14:14:07.793 D/Bitmap  ( 1070):       android.view.View.draw(View.java:6883)
02-14 14:14:07.793 D/Bitmap  ( 1070):       android.widget.FrameLayout.draw(FrameLayout.java:357)
02-14 14:14:07.793 D/Bitmap  ( 1070):       com.android.internal.policy.impl.PhoneWindow$DecorView.draw(PhoneWindow.java:1866)
02-14 14:14:07.793 D/Bitmap  ( 1070):       android.view.ViewRoot.draw(ViewRoot.java:1526)
02-14 14:14:07.793 D/Bitmap  ( 1070):       android.view.ViewRoot.performTraversals(ViewRoot.java:1262)
02-14 14:14:07.793 D/Bitmap  ( 1070):       android.view.ViewRoot.handleMessage(ViewRoot.java:1864)
02-14 14:14:07.793 D/Bitmap  ( 1070):       android.os.Handler.dispatchMessage(Handler.java:99)
02-14 14:14:07.793 D/Bitmap  ( 1070):       android.os.Looper.loop(Looper.java:130)
02-14 14:14:07.793 D/Bitmap  ( 1070):       android.app.ActivityThread.main(ActivityThread.java:3704)
02-14 14:14:07.793 D/Bitmap  ( 1070):       java.lang.reflect.Method.invokeNative(Native Method)
02-14 14:14:07.793 D/Bitmap  ( 1070):       java.lang.reflect.Method.invoke(Method.java:507)
02-14 14:14:07.793 D/Bitmap  ( 1070):       com.android.internal.os.ZygoteInit$MethodAndArgsCaller.run(ZygoteInit.java:875)
02-14 14:14:07.793 D/Bitmap  ( 1070):       com.android.internal.os.ZygoteInit.main(ZygoteInit.java:633)
02-14 14:14:07.793 D/Bitmap  ( 1070):       dalvik.system.NativeStart.main(Native Method)
02-14 14:14:07.793 D/Bitmap  ( 1070): _
02-14 14:14:07.793 D/Bitmap  ( 1070): Detect unrecycled bitmap.
02-14 14:14:07.793 D/Bitmap  ( 1070):       Size: 49280 Bytes, Width: 320 , Height: 77 , Hash code: 1079205944
02-14 14:14:07.793 D/Bitmap  ( 1070):  This bimap was created in:
02-14 14:14:07.793 D/Bitmap  ( 1070):       android.graphics.Bitmap.<init>(Bitmap.java:136)
02-14 14:14:07.793 D/Bitmap  ( 1070):       android.graphics.Bitmap.nativeCreate(Native Method)
02-14 14:14:07.793 D/Bitmap  ( 1070):       android.graphics.Bitmap.createBitmap(Bitmap.java:547)
02-14 14:14:07.793 D/Bitmap  ( 1070):       android.view.View.buildDrawingCache(View.java:6577)
02-14 14:14:07.793 D/Bitmap  ( 1070):       android.view.View.getDrawingCache(View.java:6428)
02-14 14:14:07.793 D/Bitmap  ( 1070):       android.view.ViewGroup.drawChild(ViewGroup.java:1574)
02-14 14:14:07.793 D/Bitmap  ( 1070):       android.view.ViewGroup.dispatchDraw(ViewGroup.java:1376)
02-14 14:14:07.793 D/Bitmap  ( 1070):       android.widget.AbsListView.dispatchDraw(AbsListView.java:1480)
02-14 14:14:07.793 D/Bitmap  ( 1070):       android.widget.ListView.dispatchDraw(ListView.java:3138)
02-14 14:14:07.793 D/Bitmap  ( 1070):       android.view.View.draw(View.java:6986)
02-14 14:14:07.793 D/Bitmap  ( 1070):       android.widget.AbsListView.draw(AbsListView.java:2588)
02-14 14:14:07.793 D/Bitmap  ( 1070):       android.view.ViewGroup.drawChild(ViewGroup.java:1649)
02-14 14:14:07.793 D/Bitmap  ( 1070):       android.view.ViewGroup.dispatchDraw(ViewGroup.java:1376)
02-14 14:14:07.793 D/Bitmap  ( 1070):       android.view.View.draw(View.java:6883)
02-14 14:14:07.793 D/Bitmap  ( 1070):       android.widget.FrameLayout.draw(FrameLayout.java:357)
02-14 14:14:07.793 D/Bitmap  ( 1070):       android.view.ViewGroup.drawChild(ViewGroup.java:1649)
02-14 14:14:07.793 D/Bitmap  ( 1070):       android.view.ViewGroup.dispatchDraw(ViewGroup.java:1376)
02-14 14:14:07.793 D/Bitmap  ( 1070):       android.view.ViewGroup.drawChild(ViewGroup.java:1647)
02-14 14:14:07.793 D/Bitmap  ( 1070):       android.view.ViewGroup.dispatchDraw(ViewGroup.java:1376)
02-14 14:14:07.793 D/Bitmap  ( 1070):       android.view.View.draw(View.java:6883)
02-14 14:14:07.793 D/Bitmap  ( 1070):       android.widget.FrameLayout.draw(FrameLayout.java:357)
02-14 14:14:07.793 D/Bitmap  ( 1070):       com.android.internal.policy.impl.PhoneWindow$DecorView.draw(PhoneWindow.java:1866)
02-14 14:14:07.793 D/Bitmap  ( 1070):       android.view.ViewRoot.draw(ViewRoot.java:1526)
02-14 14:14:07.793 D/Bitmap  ( 1070):       android.view.ViewRoot.performTraversals(ViewRoot.java:1262)
02-14 14:14:07.793 D/Bitmap  ( 1070):       android.view.ViewRoot.handleMessage(ViewRoot.java:1864)
02-14 14:14:07.793 D/Bitmap  ( 1070):       android.os.Handler.dispatchMessage(Handler.java:99)
02-14 14:14:07.793 D/Bitmap  ( 1070):       android.os.Looper.loop(Looper.java:130)
02-14 14:14:07.793 D/Bitmap  ( 1070):       android.app.ActivityThread.main(ActivityThread.java:3704)
02-14 14:14:07.793 D/Bitmap  ( 1070):       java.lang.reflect.Method.invokeNative(Native Method)
02-14 14:14:07.793 D/Bitmap  ( 1070):       java.lang.reflect.Method.invoke(Method.java:507)
02-14 14:14:07.793 D/Bitmap  ( 1070):       com.android.internal.os.ZygoteInit$MethodAndArgsCaller.run(ZygoteInit.java:875)
02-14 14:14:07.793 D/Bitmap  ( 1070):       com.android.internal.os.ZygoteInit.main(ZygoteInit.java:633)
02-14 14:14:07.793 D/Bitmap  ( 1070):       dalvik.system.NativeStart.main(Native Method)
02-14 14:14:07.793 D/Bitmap  ( 1070): _
02-14 14:14:07.843 D/KeyguardViewMediator(  207): setHidden false
02-14 14:14:07.873 D/KeyguardViewMediator(  207): setHidden false
02-14 14:14:07.873 D/KeyguardViewMediator(  207): setHidden false
02-14 14:14:07.883 D/KeyguardViewMediator(  207): setHidden false
02-14 14:14:07.903 D/KeyguardViewMediator(  207): setHidden false
02-14 14:14:07.923 D/KeyguardViewMediator(  207): setHidden false
02-14 14:14:07.943 D/KeyguardViewMediator(  207): setHidden false
02-14 14:14:07.953 D/KeyguardViewMediator(  207): setHidden false
02-14 14:14:07.973 D/KeyguardViewMediator(  207): setHidden false
02-14 14:14:07.994 D/KeyguardViewMediator(  207): setHidden false
02-14 14:14:08.004 D/KeyguardViewMediator(  207): setHidden false
02-14 14:14:08.024 D/KeyguardViewMediator(  207): setHidden false
02-14 14:14:08.034 D/KeyguardViewMediator(  207): setHidden false
02-14 14:14:08.054 D/KeyguardViewMediator(  207): setHidden false
02-14 14:14:08.074 D/KeyguardViewMediator(  207): setHidden false
02-14 14:14:08.084 D/KeyguardViewMediator(  207): setHidden false
02-14 14:14:08.104 D/KeyguardViewMediator(  207): setHidden false
02-14 14:14:08.114 D/KeyguardViewMediator(  207): setHidden false
02-14 14:14:08.134 D/KeyguardViewMediator(  207): setHidden false
02-14 14:14:08.154 D/KeyguardViewMediator(  207): setHidden false
02-14 14:14:08.164 D/KeyguardViewMediator(  207): setHidden false
02-14 14:14:08.194 D/KeyguardViewMediator(  207): setHidden false
02-14 14:14:08.204 D/KeyguardViewMediator(  207): setHidden false
02-14 14:14:08.214 D/KeyguardViewMediator(  207): setHidden false
02-14 14:14:08.234 D/KeyguardViewMediator(  207): setHidden false
02-14 14:14:08.244 D/KeyguardViewMediator(  207): setHidden false
02-14 14:14:08.264 D/KeyguardViewMediator(  207): setHidden false
02-14 14:14:08.284 D/KeyguardViewMediator(  207): setHidden false
02-14 14:14:08.294 D/KeyguardViewMediator(  207): setHidden false
02-14 14:14:08.314 D/KeyguardViewMediator(  207): setHidden false
02-14 14:14:08.324 D/KeyguardViewMediator(  207): setHidden false
02-14 14:14:08.344 D/KeyguardViewMediator(  207): setHidden false
02-14 14:14:08.364 D/KeyguardViewMediator(  207): setHidden false
02-14 14:14:08.374 D/KeyguardViewMediator(  207): setHidden false
02-14 14:14:08.394 D/KeyguardViewMediator(  207): setHidden false
02-14 14:14:08.414 D/KeyguardViewMediator(  207): setHidden false
02-14 14:14:08.424 D/KeyguardViewMediator(  207): setHidden false
02-14 14:14:08.444 D/KeyguardViewMediator(  207): setHidden false
02-14 14:14:08.454 D/KeyguardViewMediator(  207): setHidden false
02-14 14:14:08.474 D/KeyguardViewMediator(  207): setHidden false
02-14 14:14:08.504 D/KeyguardViewMediator(  207): setHidden false
02-14 14:14:08.504 D/KeyguardViewMediator(  207): setHidden false
02-14 14:14:08.524 D/KeyguardViewMediator(  207): setHidden false
02-14 14:14:08.544 D/KeyguardViewMediator(  207): setHidden false
02-14 14:14:08.554 D/KeyguardViewMediator(  207): setHidden false
02-14 14:14:08.574 D/KeyguardViewMediator(  207): setHidden false
02-14 14:14:08.594 D/KeyguardViewMediator(  207): setHidden false
02-14 14:14:08.604 D/KeyguardViewMediator(  207): setHidden false
02-14 14:14:08.624 D/KeyguardViewMediator(  207): setHidden false
02-14 14:14:08.644 D/KeyguardViewMediator(  207): setHidden false
02-14 14:14:08.664 D/KeyguardViewMediator(  207): setHidden false
02-14 14:14:08.674 D/KeyguardViewMediator(  207): setHidden false
02-14 14:14:08.684 D/KeyguardViewMediator(  207): setHidden false
02-14 14:14:08.714 D/KeyguardViewMediator(  207): setHidden false
02-14 14:14:08.724 D/KeyguardViewMediator(  207): setHidden false
02-14 14:14:08.734 D/KeyguardViewMediator(  207): setHidden false
02-14 14:14:08.754 D/KeyguardViewMediator(  207): setHidden false
02-14 14:14:08.764 D/KeyguardViewMediator(  207): setHidden false
02-14 14:14:08.784 D/KeyguardViewMediator(  207): setHidden false
02-14 14:14:08.794 D/KeyguardViewMediator(  207): setHidden false
02-14 14:14:08.804 D/KeyguardViewMediator(  207): setHidden false
02-14 14:14:08.804 D/KeyguardViewMediator(  207): setHidden false
02-14 14:14:08.814 D/KeyguardViewMediator(  207): setHidden false
02-14 14:14:08.834 D/KeyguardViewMediator(  207): setHidden false
02-14 14:14:08.844 D/KeyguardViewMediator(  207): setHidden false
02-14 14:14:08.864 D/KeyguardViewMediator(  207): setHidden false
02-14 14:14:08.874 D/KeyguardViewMediator(  207): setHidden false
02-14 14:14:08.874 D/KeyguardViewMediator(  207): setHidden false
02-14 14:14:08.884 D/KeyguardViewMediator(  207): setHidden false
02-14 14:14:08.884 D/KeyguardViewMediator(  207): setHidden false
02-14 14:14:08.894 D/KeyguardViewMediator(  207): setHidden false
02-14 14:14:08.894 D/KeyguardViewMediator(  207): setHidden false
02-14 14:14:08.914 D/KeyguardViewMediator(  207): setHidden false
02-14 14:14:08.924 D/KeyguardViewMediator(  207): setHidden false
02-14 14:14:08.944 D/KeyguardViewMediator(  207): setHidden false
02-14 14:14:08.964 D/KeyguardViewMediator(  207): setHidden false
02-14 14:14:08.964 D/Bitmap  (  327): Detect unrecycled bitmap.
02-14 14:14:08.964 D/Bitmap  (  327):       Size: 270080 Bytes, Width: 320 , Height: 211 , Hash code: 1079355824
02-14 14:14:08.964 D/Bitmap  (  327):  This bimap was created in:
02-14 14:14:08.964 D/Bitmap  (  327):       android.graphics.Bitmap.<init>(Bitmap.java:136)
02-14 14:14:08.964 D/Bitmap  (  327):       android.graphics.Bitmap.nativeCreate(Native Method)
02-14 14:14:08.964 D/Bitmap  (  327):       android.graphics.Bitmap.createBitmap(Bitmap.java:547)
02-14 14:14:08.964 D/Bitmap  (  327):       com.android.inputmethod.latin.LatinKeyboardBaseView.onBufferDraw(LatinKeyboardBaseView.java:775)
02-14 14:14:08.964 D/Bitmap  (  327):       com.android.inputmethod.latin.LatinKeyboardBaseView.onDraw(LatinKeyboardBaseView.java:763)
02-14 14:14:08.964 D/Bitmap  (  327):       android.view.View.draw(View.java:6880)
02-14 14:14:08.964 D/Bitmap  (  327):       com.android.inputmethod.latin.LatinKeyboardView.draw(LatinKeyboardView.java:353)
02-14 14:14:08.964 D/Bitmap  (  327):       android.view.ViewGroup.drawChild(ViewGroup.java:1649)
02-14 14:14:08.964 D/Bitmap  (  327):       android.view.ViewGroup.dispatchDraw(ViewGroup.java:1376)
02-14 14:14:08.964 D/Bitmap  (  327):       android.view.ViewGroup.drawChild(ViewGroup.java:1647)
02-14 14:14:08.964 D/Bitmap  (  327):       android.view.ViewGroup.dispatchDraw(ViewGroup.java:1376)
02-14 14:14:08.964 D/Bitmap  (  327):       android.view.ViewGroup.drawChild(ViewGroup.java:1647)
02-14 14:14:08.964 D/Bitmap  (  327):       android.view.ViewGroup.dispatchDraw(ViewGroup.java:1376)
02-14 14:14:08.964 D/Bitmap  (  327):       android.view.ViewGroup.drawChild(ViewGroup.java:1647)
02-14 14:14:08.964 D/Bitmap  (  327):       android.view.ViewGroup.dispatchDraw(ViewGroup.java:1376)
02-14 14:14:08.964 D/Bitmap  (  327):       android.view.View.draw(View.java:6883)
02-14 14:14:08.964 D/Bitmap  (  327):       android.widget.FrameLayout.draw(FrameLayout.java:357)
02-14 14:14:08.964 D/Bitmap  (  327):       com.android.internal.policy.impl.PhoneWindow$DecorView.draw(PhoneWindow.java:1866)
02-14 14:14:08.964 D/Bitmap  (  327):       android.view.ViewRoot.draw(ViewRoot.java:1526)
02-14 14:14:08.964 D/Bitmap  (  327):       android.view.ViewRoot.performTraversals(ViewRoot.java:1262)
02-14 14:14:08.974 D/Bitmap  (  327):       android.view.ViewRoot.handleMessage(ViewRoot.java:1864)
02-14 14:14:08.974 D/Bitmap  (  327):       android.os.Handler.dispatchMessage(Handler.java:99)
02-14 14:14:08.974 D/Bitmap  (  327):       android.os.Looper.loop(Looper.java:130)
02-14 14:14:08.974 D/Bitmap  (  327):       android.app.ActivityThread.main(ActivityThread.java:3704)
02-14 14:14:08.974 D/Bitmap  (  327):       java.lang.reflect.Method.invokeNative(Native Method)
02-14 14:14:08.974 D/Bitmap  (  327):       java.lang.reflect.Method.invoke(Method.java:507)
02-14 14:14:08.974 D/Bitmap  (  327):       com.android.internal.os.ZygoteInit$MethodAndArgsCaller.run(ZygoteInit.java:875)
02-14 14:14:08.974 D/Bitmap  (  327):       com.android.internal.os.ZygoteInit.main(ZygoteInit.java:633)
02-14 14:14:08.974 D/Bitmap  (  327):       dalvik.system.NativeStart.main(Native Method)
02-14 14:14:08.974 D/Bitmap  (  327): _
02-14 14:14:08.974 D/KeyguardViewMediator(  207): setHidden false
02-14 14:14:08.994 D/KeyguardViewMediator(  207): setHidden false
02-14 14:14:08.994 D/KeyguardViewMediator(  207): setHidden false
02-14 14:14:09.005 D/KeyguardViewMediator(  207): setHidden false
02-14 14:14:09.035 D/KeyguardViewMediator(  207): setHidden false
02-14 14:14:09.045 D/KeyguardViewMediator(  207): setHidden false
02-14 14:14:09.055 D/KeyguardViewMediator(  207): setHidden false
02-14 14:14:09.075 D/KeyguardViewMediator(  207): setHidden false
02-14 14:14:09.085 D/KeyguardViewMediator(  207): setHidden false
02-14 14:14:09.105 D/KeyguardViewMediator(  207): setHidden false
02-14 14:14:09.125 D/KeyguardViewMediator(  207): setHidden false
02-14 14:14:09.135 D/KeyguardViewMediator(  207): setHidden false
02-14 14:14:09.155 D/KeyguardViewMediator(  207): setHidden false
02-14 14:14:09.165 D/KeyguardViewMediator(  207): setHidden false
02-14 14:14:09.185 D/KeyguardViewMediator(  207): setHidden false
02-14 14:14:09.205 D/KeyguardViewMediator(  207): setHidden false
02-14 14:14:09.215 D/KeyguardViewMediator(  207): setHidden false
02-14 14:14:09.965 W/KeyCharacterMap( 1070): No keyboard for id 0
02-14 14:14:09.965 W/KeyCharacterMap( 1070): Using default keymap: /system/usr/keychars/qwerty.kcm.bin
02-14 14:14:09.965 D/KeyguardViewMediator(  207): setHidden false
02-14 14:14:09.985 D/KeyguardViewMediator(  207): setHidden false
02-14 14:14:09.995 D/KeyguardViewMediator(  207): setHidden false
02-14 14:14:10.015 D/KeyguardViewMediator(  207): setHidden false
02-14 14:14:10.036 D/KeyguardViewMediator(  207): setHidden false
02-14 14:14:10.046 D/KeyguardViewMediator(  207): setHidden false
02-14 14:14:10.066 D/KeyguardViewMediator(  207): setHidden false
02-14 14:14:10.086 D/KeyguardViewMediator(  207): setHidden false
02-14 14:14:10.106 D/KeyguardViewMediator(  207): setHidden false
02-14 14:14:10.116 D/KeyguardViewMediator(  207): setHidden false
02-14 14:14:10.126 D/KeyguardViewMediator(  207): setHidden false
02-14 14:14:10.156 D/KeyguardViewMediator(  207): setHidden false
02-14 14:14:10.166 D/KeyguardViewMediator(  207): setHidden false
02-14 14:14:10.176 D/KeyguardViewMediator(  207): setHidden false
02-14 14:14:10.196 D/KeyguardViewMediator(  207): setHidden false
02-14 14:14:10.206 D/KeyguardViewMediator(  207): setHidden false
02-14 14:14:10.226 D/KeyguardViewMediator(  207): setHidden false
02-14 14:14:10.246 D/KeyguardViewMediator(  207): setHidden false
02-14 14:14:10.266 D/KeyguardViewMediator(  207): setHidden false
02-14 14:14:10.286 D/KeyguardViewMediator(  207): setHidden false
02-14 14:14:10.296 D/KeyguardViewMediator(  207): setHidden false
02-14 14:14:10.296 D/KeyguardViewMediator(  207): setHidden false
02-14 14:14:12.198 I/vDM     (  408): KeyCode = 4
02-14 14:14:12.198 I/vDM     (  408): Vdmc getInstance
02-14 14:14:12.198 I/vDM     (  408): Vdmc getInstance
02-14 14:14:12.198 D/DMC     (  408): MyCIMMI getInstance
02-14 14:14:12.198 I/vDM     (  408): Vdmc getInstance
02-14 14:14:12.288 D/KeyguardViewMediator(  207): setHidden false
02-14 14:14:12.288 I/vDM     (  408): KeyCode = 4
02-14 14:14:12.288 D/KeyguardViewMediator(  207): setHidden false
02-14 14:14:12.308 D/KeyguardViewMediator(  207): setHidden false
02-14 14:14:12.328 D/KeyguardViewMediator(  207): setHidden false
02-14 14:14:12.328 I/vDM     (  408): Vdmc getInstance
02-14 14:14:12.338 I/vDM     (  408): Vdmc getInstance
02-14 14:14:12.338 D/DMC     (  408): MyCIMMI getInstance
02-14 14:14:12.338 D/KeyguardViewMediator(  207): setHidden false
02-14 14:14:12.338 I/vDM     (  408): Vdmc getInstance
02-14 14:14:12.358 D/KeyguardViewMediator(  207): setHidden false
02-14 14:14:12.368 D/KeyguardViewMediator(  207): setHidden false
02-14 14:14:12.398 D/KeyguardViewMediator(  207): setHidden false
02-14 14:14:12.408 D/KeyguardViewMediator(  207): setHidden false
02-14 14:14:12.418 D/KeyguardViewMediator(  207): setHidden false
02-14 14:14:12.438 D/KeyguardViewMediator(  207): setHidden false
02-14 14:14:12.458 D/KeyguardViewMediator(  207): setHidden false
02-14 14:14:13.129 E/MmsCustom( 1070): mms config file_exist,,,custom_file_exist:true
02-14 14:14:13.259 D/KeyguardViewMediator(  207): setHidden false
02-14 14:14:13.269 D/KeyguardViewMediator(  207): setHidden false
02-14 14:14:13.289 D/KeyguardViewMediator(  207): setHidden false
02-14 14:14:13.299 D/KeyguardViewMediator(  207): setHidden false
02-14 14:14:13.319 D/KeyguardViewMediator(  207): setHidden false
02-14 14:14:13.339 D/KeyguardViewMediator(  207): setHidden false
02-14 14:14:13.349 D/KeyguardViewMediator(  207): setHidden false
02-14 14:14:13.369 D/KeyguardViewMediator(  207): setHidden false
02-14 14:14:13.389 D/KeyguardViewMediator(  207): setHidden false
02-14 14:14:13.399 D/KeyguardViewMediator(  207): setHidden false
02-14 14:14:13.419 D/KeyguardViewMediator(  207): setHidden false
02-14 14:14:13.429 D/KeyguardViewMediator(  207): setHidden false
02-14 14:14:13.439 D/KeyguardViewMediator(  207): setHidden false
02-14 14:14:15.801 D/Bitmap  ( 1070): Detect unrecycled bitmap.
02-14 14:14:15.801 D/Bitmap  ( 1070):       Size: 40960 Bytes, Width: 320 , Height: 64 , Hash code: 1080042744
02-14 14:14:15.801 D/Bitmap  ( 1070):  This bimap was created in:
02-14 14:14:15.801 D/Bitmap  ( 1070):       android.graphics.Bitmap.<init>(Bitmap.java:136)
02-14 14:14:15.801 D/Bitmap  ( 1070):       android.graphics.Bitmap.nativeCreate(Native Method)
02-14 14:14:15.801 D/Bitmap  ( 1070):       android.graphics.Bitmap.createBitmap(Bitmap.java:547)
02-14 14:14:15.801 D/Bitmap  ( 1070):       android.view.View.buildDrawingCache(View.java:6577)
02-14 14:14:15.801 D/Bitmap  ( 1070):       android.view.View.getDrawingCache(View.java:6428)
02-14 14:14:15.801 D/Bitmap  ( 1070):       android.view.ViewGroup.drawChild(ViewGroup.java:1574)
02-14 14:14:15.801 D/Bitmap  ( 1070):       android.view.ViewGroup.dispatchDraw(ViewGroup.java:1376)
02-14 14:14:15.801 D/Bitmap  ( 1070):       android.widget.AbsListView.dispatchDraw(AbsListView.java:1480)
02-14 14:14:15.801 D/Bitmap  ( 1070):       android.widget.ListView.dispatchDraw(ListView.java:3138)
02-14 14:14:15.801 D/Bitmap  ( 1070):       android.view.View.draw(View.java:6986)
02-14 14:14:15.801 D/Bitmap  ( 1070):       android.widget.AbsListView.draw(AbsListView.java:2588)
02-14 14:14:15.801 D/Bitmap  ( 1070):       android.view.ViewGroup.drawChild(ViewGroup.java:1649)
02-14 14:14:15.801 D/Bitmap  ( 1070):       android.view.ViewGroup.dispatchDraw(ViewGroup.java:1376)
02-14 14:14:15.801 D/Bitmap  ( 1070):       android.view.View.draw(View.java:6883)
02-14 14:14:15.801 D/Bitmap  ( 1070):       android.widget.FrameLayout.draw(FrameLayout.java:357)
02-14 14:14:15.801 D/Bitmap  ( 1070):       android.view.ViewGroup.drawChild(ViewGroup.java:1649)
02-14 14:14:15.801 D/Bitmap  ( 1070):       android.view.ViewGroup.dispatchDraw(ViewGroup.java:1376)
02-14 14:14:15.801 D/Bitmap  ( 1070):       android.view.ViewGroup.drawChild(ViewGroup.java:1647)
02-14 14:14:15.801 D/Bitmap  ( 1070):       android.view.ViewGroup.dispatchDraw(ViewGroup.java:1376)
02-14 14:14:15.801 D/Bitmap  ( 1070):       android.view.View.draw(View.java:6883)
02-14 14:14:15.801 D/Bitmap  ( 1070):       android.widget.FrameLayout.draw(FrameLayout.java:357)
02-14 14:14:15.801 D/Bitmap  ( 1070):       com.android.internal.policy.impl.PhoneWindow$DecorView.draw(PhoneWindow.java:1866)
02-14 14:14:15.801 D/Bitmap  ( 1070):       android.view.ViewRoot.draw(ViewRoot.java:1526)
02-14 14:14:15.801 D/Bitmap  ( 1070):       android.view.ViewRoot.performTraversals(ViewRoot.java:1262)
02-14 14:14:15.801 D/Bitmap  ( 1070):       android.view.ViewRoot.handleMessage(ViewRoot.java:1864)
02-14 14:14:15.801 D/Bitmap  ( 1070):       android.os.Handler.dispatchMessage(Handler.java:99)
02-14 14:14:15.801 D/Bitmap  ( 1070):       android.os.Looper.loop(Looper.java:130)
02-14 14:14:15.801 D/Bitmap  ( 1070):       android.app.ActivityThread.main(ActivityThread.java:3704)
02-14 14:14:15.801 D/Bitmap  ( 1070):       java.lang.reflect.Method.invokeNative(Native Method)
02-14 14:14:15.801 D/Bitmap  ( 1070):       java.lang.reflect.Method.invoke(Method.java:507)
02-14 14:14:15.801 D/Bitmap  ( 1070):       com.android.internal.os.ZygoteInit$MethodAndArgsCaller.run(ZygoteInit.java:875)
02-14 14:14:15.801 D/Bitmap  ( 1070):       com.android.internal.os.ZygoteInit.main(ZygoteInit.java:633)
02-14 14:14:15.801 D/Bitmap  ( 1070):       dalvik.system.NativeStart.main(Native Method)
02-14 14:14:15.801 D/Bitmap  ( 1070): _
02-14 14:14:15.811 D/Bitmap  ( 1070): Detect unrecycled bitmap.
02-14 14:14:15.811 D/Bitmap  ( 1070):       Size: 40960 Bytes, Width: 320 , Height: 64 , Hash code: 1079964368
02-14 14:14:15.811 D/Bitmap  ( 1070):  This bimap was created in:
02-14 14:14:15.811 D/Bitmap  ( 1070):       android.graphics.Bitmap.<init>(Bitmap.java:136)
02-14 14:14:15.811 D/Bitmap  ( 1070):       android.graphics.Bitmap.nativeCreate(Native Method)
02-14 14:14:15.811 D/Bitmap  ( 1070):       android.graphics.Bitmap.createBitmap(Bitmap.java:547)
02-14 14:14:15.811 D/Bitmap  ( 1070):       android.view.View.buildDrawingCache(View.java:6577)
02-14 14:14:15.811 D/Bitmap  ( 1070):       android.view.View.getDrawingCache(View.java:6428)
02-14 14:14:15.811 D/Bitmap  ( 1070):       android.view.ViewGroup.drawChild(ViewGroup.java:1574)
02-14 14:14:15.811 D/Bitmap  ( 1070):       android.view.ViewGroup.dispatchDraw(ViewGroup.java:1376)
02-14 14:14:15.811 D/Bitmap  ( 1070):       android.widget.AbsListView.dispatchDraw(AbsListView.java:1480)
02-14 14:14:15.811 D/Bitmap  ( 1070):       android.widget.ListView.dispatchDraw(ListView.java:3138)
02-14 14:14:15.811 D/Bitmap  ( 1070):       android.view.View.draw(View.java:6986)
02-14 14:14:15.811 D/Bitmap  ( 1070):       android.widget.AbsListView.draw(AbsListView.java:2588)
02-14 14:14:15.811 D/Bitmap  ( 1070):       android.view.ViewGroup.drawChild(ViewGroup.java:1649)
02-14 14:14:15.811 D/Bitmap  ( 1070):       android.view.ViewGroup.dispatchDraw(ViewGroup.java:1376)
02-14 14:14:15.811 D/Bitmap  ( 1070):       android.view.View.draw(View.java:6883)
02-14 14:14:15.811 D/Bitmap  ( 1070):       android.widget.FrameLayout.draw(FrameLayout.java:357)
02-14 14:14:15.811 D/Bitmap  ( 1070):       android.view.ViewGroup.drawChild(ViewGroup.java:1649)
02-14 14:14:15.811 D/Bitmap  ( 1070):       android.view.ViewGroup.dispatchDraw(ViewGroup.java:1376)
02-14 14:14:15.811 D/Bitmap  ( 1070):       android.view.ViewGroup.drawChild(ViewGroup.java:1647)
02-14 14:14:15.811 D/Bitmap  ( 1070):       android.view.ViewGroup.dispatchDraw(ViewGroup.java:1376)
02-14 14:14:15.811 D/Bitmap  ( 1070):       android.view.View.draw(View.java:6883)
02-14 14:14:15.811 D/Bitmap  ( 1070):       android.widget.FrameLayout.draw(FrameLayout.java:357)
02-14 14:14:15.811 D/Bitmap  ( 1070):       com.android.internal.policy.impl.PhoneWindow$DecorView.draw(PhoneWindow.java:1866)
02-14 14:14:15.811 D/Bitmap  ( 1070):       android.view.ViewRoot.draw(ViewRoot.java:1526)
02-14 14:14:15.811 D/Bitmap  ( 1070):       android.view.ViewRoot.performTraversals(ViewRoot.java:1262)
02-14 14:14:15.811 D/Bitmap  ( 1070):       android.view.ViewRoot.handleMessage(ViewRoot.java:1864)
02-14 14:14:15.811 D/Bitmap  ( 1070):       android.os.Handler.dispatchMessage(Handler.java:99)
02-14 14:14:15.811 D/Bitmap  ( 1070):       android.os.Looper.loop(Looper.java:130)
02-14 14:14:15.811 D/Bitmap  ( 1070):       android.app.ActivityThread.main(ActivityThread.java:3704)
02-14 14:14:15.811 D/Bitmap  ( 1070):       java.lang.reflect.Method.invokeNative(Native Method)
02-14 14:14:15.811 D/Bitmap  ( 1070):       java.lang.reflect.Method.invoke(Method.java:507)
02-14 14:14:15.811 D/Bitmap  ( 1070):       com.android.internal.os.ZygoteInit$MethodAndArgsCaller.run(ZygoteInit.java:875)
02-14 14:14:15.811 D/Bitmap  ( 1070):       com.android.internal.os.ZygoteInit.main(ZygoteInit.java:633)
02-14 14:14:15.811 D/Bitmap  ( 1070):       dalvik.system.NativeStart.main(Native Method)
02-14 14:14:15.811 D/Bitmap  ( 1070): _
02-14 14:14:15.811 D/Bitmap  ( 1070): Detect unrecycled bitmap.
02-14 14:14:15.811 D/Bitmap  ( 1070):       Size: 40960 Bytes, Width: 320 , Height: 64 , Hash code: 1079895048
02-14 14:14:15.811 D/Bitmap  ( 1070):  This bimap was created in:
02-14 14:14:15.811 D/Bitmap  ( 1070):       android.graphics.Bitmap.<init>(Bitmap.java:136)
02-14 14:14:15.811 D/Bitmap  ( 1070):       android.graphics.Bitmap.nativeCreate(Native Method)
02-14 14:14:15.821 D/Bitmap  ( 1070):       android.graphics.Bitmap.createBitmap(Bitmap.java:547)
02-14 14:14:15.821 D/Bitmap  ( 1070):       android.view.View.buildDrawingCache(View.java:6577)
02-14 14:14:15.821 D/Bitmap  ( 1070):       android.view.View.getDrawingCache(View.java:6428)
02-14 14:14:15.821 D/Bitmap  ( 1070):       android.view.ViewGroup.drawChild(ViewGroup.java:1574)
02-14 14:14:15.821 D/Bitmap  ( 1070):       android.view.ViewGroup.dispatchDraw(ViewGroup.java:1376)
02-14 14:14:15.821 D/Bitmap  ( 1070):       android.widget.AbsListView.dispatchDraw(AbsListView.java:1480)
02-14 14:14:15.821 D/Bitmap  ( 1070):       android.widget.ListView.dispatchDraw(ListView.java:3138)
02-14 14:14:15.821 D/Bitmap  ( 1070):       android.view.View.draw(View.java:6986)
02-14 14:14:15.821 D/Bitmap  ( 1070):       android.widget.AbsListView.draw(AbsListView.java:2588)
02-14 14:14:15.821 D/Bitmap  ( 1070):       android.view.ViewGroup.drawChild(ViewGroup.java:1649)
02-14 14:14:15.821 D/Bitmap  ( 1070):       android.view.ViewGroup.dispatchDraw(ViewGroup.java:1376)
02-14 14:14:15.821 D/Bitmap  ( 1070):       android.view.View.draw(View.java:6883)
02-14 14:14:15.821 D/Bitmap  ( 1070):       android.widget.FrameLayout.draw(FrameLayout.java:357)
02-14 14:14:15.821 D/Bitmap  ( 1070):       android.view.ViewGroup.drawChild(ViewGroup.java:1649)
02-14 14:14:15.821 D/Bitmap  ( 1070):       android.view.ViewGroup.dispatchDraw(ViewGroup.java:1376)
02-14 14:14:15.821 D/Bitmap  ( 1070):       android.view.ViewGroup.drawChild(ViewGroup.java:1647)
02-14 14:14:15.821 D/Bitmap  ( 1070):       android.view.ViewGroup.dispatchDraw(ViewGroup.java:1376)
02-14 14:14:15.821 D/Bitmap  ( 1070):       android.view.View.draw(View.java:6883)
02-14 14:14:15.821 D/Bitmap  ( 1070):       android.widget.FrameLayout.draw(FrameLayout.java:357)
02-14 14:14:15.821 D/Bitmap  ( 1070):       com.android.internal.policy.impl.PhoneWindow$DecorView.draw(PhoneWindow.java:1866)
02-14 14:14:15.821 D/Bitmap  ( 1070):       android.view.ViewRoot.draw(ViewRoot.java:1526)
02-14 14:14:15.821 D/Bitmap  ( 1070):       android.view.ViewRoot.performTraversals(ViewRoot.java:1262)
02-14 14:14:15.821 D/Bitmap  ( 1070):       android.view.ViewRoot.handleMessage(ViewRoot.java:1864)
02-14 14:14:15.821 D/Bitmap  ( 1070):       android.os.Handler.dispatchMessage(Handler.java:99)
02-14 14:14:15.821 D/Bitmap  ( 1070):       android.os.Looper.loop(Looper.java:130)
02-14 14:14:15.821 D/Bitmap  ( 1070):       android.app.ActivityThread.main(ActivityThread.java:3704)
02-14 14:14:15.821 D/Bitmap  ( 1070):       java.lang.reflect.Method.invokeNative(Native Method)
02-14 14:14:15.821 D/Bitmap  ( 1070):       java.lang.reflect.Method.invoke(Method.java:507)
02-14 14:14:15.821 D/Bitmap  ( 1070):       com.android.internal.os.ZygoteInit$MethodAndArgsCaller.run(ZygoteInit.java:875)
02-14 14:14:15.821 D/Bitmap  ( 1070):       com.android.internal.os.ZygoteInit.main(ZygoteInit.java:633)
02-14 14:14:15.821 D/Bitmap  ( 1070):       dalvik.system.NativeStart.main(Native Method)
02-14 14:14:15.821 D/Bitmap  ( 1070): _
02-14 14:14:15.821 D/Bitmap  ( 1070): Detect unrecycled bitmap.
02-14 14:14:15.821 D/Bitmap  ( 1070):       Size: 40960 Bytes, Width: 320 , Height: 64 , Hash code: 1079628584
02-14 14:14:15.821 D/Bitmap  ( 1070):  This bimap was created in:
02-14 14:14:15.821 D/Bitmap  ( 1070):       android.graphics.Bitmap.<init>(Bitmap.java:136)
02-14 14:14:15.821 D/Bitmap  ( 1070):       android.graphics.Bitmap.nativeCreate(Native Method)
02-14 14:14:15.821 D/Bitmap  ( 1070):       android.graphics.Bitmap.createBitmap(Bitmap.java:547)
02-14 14:14:15.821 D/Bitmap  ( 1070):       android.view.View.buildDrawingCache(View.java:6577)
02-14 14:14:15.821 D/Bitmap  ( 1070):       android.view.View.getDrawingCache(View.java:6428)
02-14 14:14:15.821 D/Bitmap  ( 1070):       android.view.ViewGroup.drawChild(ViewGroup.java:1574)
02-14 14:14:15.821 D/Bitmap  ( 1070):       android.view.ViewGroup.dispatchDraw(ViewGroup.java:1376)
02-14 14:14:15.821 D/Bitmap  ( 1070):       android.widget.AbsListView.dispatchDraw(AbsListView.java:1480)
02-14 14:14:15.821 D/Bitmap  ( 1070):       android.widget.ListView.dispatchDraw(ListView.java:3138)
02-14 14:14:15.821 D/Bitmap  ( 1070):       android.view.View.draw(View.java:6986)
02-14 14:14:15.821 D/Bitmap  ( 1070):       android.widget.AbsListView.draw(AbsListView.java:2588)
02-14 14:14:15.821 D/Bitmap  ( 1070):       android.view.ViewGroup.drawChild(ViewGroup.java:1649)
02-14 14:14:15.821 D/Bitmap  ( 1070):       android.view.ViewGroup.dispatchDraw(ViewGroup.java:1376)
02-14 14:14:15.821 D/Bitmap  ( 1070):       android.view.View.draw(View.java:6883)
02-14 14:14:15.821 D/Bitmap  ( 1070):       android.widget.FrameLayout.draw(FrameLayout.java:357)
02-14 14:14:15.821 D/Bitmap  ( 1070):       android.view.ViewGroup.drawChild(ViewGroup.java:1649)
02-14 14:14:15.821 D/Bitmap  ( 1070):       android.view.ViewGroup.dispatchDraw(ViewGroup.java:1376)
02-14 14:14:15.821 D/Bitmap  ( 1070):       android.view.ViewGroup.drawChild(ViewGroup.java:1647)
02-14 14:14:15.821 D/Bitmap  ( 1070):       android.view.ViewGroup.dispatchDraw(ViewGroup.java:1376)
02-14 14:14:15.821 D/Bitmap  ( 1070):       android.view.View.draw(View.java:6883)
02-14 14:14:15.821 D/Bitmap  ( 1070):       android.widget.FrameLayout.draw(FrameLayout.java:357)
02-14 14:14:15.821 D/Bitmap  ( 1070):       com.android.internal.policy.impl.PhoneWindow$DecorView.draw(PhoneWindow.java:1866)
02-14 14:14:15.821 D/Bitmap  ( 1070):       android.view.ViewRoot.draw(ViewRoot.java:1526)
02-14 14:14:15.821 D/Bitmap  ( 1070):       android.view.ViewRoot.performTraversals(ViewRoot.java:1262)
02-14 14:14:15.821 D/Bitmap  ( 1070):       android.view.ViewRoot.handleMessage(ViewRoot.java:1864)
02-14 14:14:15.821 D/Bitmap  ( 1070):       android.os.Handler.dispatchMessage(Handler.java:99)
02-14 14:14:15.821 D/Bitmap  ( 1070):       android.os.Looper.loop(Looper.java:130)
02-14 14:14:15.821 D/Bitmap  ( 1070):       android.app.ActivityThread.main(ActivityThread.java:3704)
02-14 14:14:15.821 D/Bitmap  ( 1070):       java.lang.reflect.Method.invokeNative(Native Method)
02-14 14:14:15.821 D/Bitmap  ( 1070):       java.lang.reflect.Method.invoke(Method.java:507)
02-14 14:14:15.821 D/Bitmap  ( 1070):       com.android.internal.os.ZygoteInit$MethodAndArgsCaller.run(ZygoteInit.java:875)
02-14 14:14:15.821 D/Bitmap  ( 1070):       com.android.internal.os.ZygoteInit.main(ZygoteInit.java:633)
02-14 14:14:15.821 D/Bitmap  ( 1070):       dalvik.system.NativeStart.main(Native Method)
02-14 14:14:15.821 D/Bitmap  ( 1070): _
02-14 14:14:17.383 D/Bitmap  (  393): Detect unrecycled bitmap.
02-14 14:14:17.383 D/Bitmap  (  393):       Size: 98560 Bytes, Width: 308 , Height: 80 , Hash code: 1080755864
02-14 14:14:17.383 D/Bitmap  (  393):  This bimap was created in:
02-14 14:14:17.383 D/Bitmap  (  393):       android.graphics.Bitmap.<init>(Bitmap.java:136)
02-14 14:14:17.383 D/Bitmap  (  393):       android.graphics.BitmapFactory.nativeDecodeAsset(Native Method)
02-14 14:14:17.383 D/Bitmap  (  393):       android.graphics.BitmapFactory.decodeStream(BitmapFactory.java:460)
02-14 14:14:17.383 D/Bitmap  (  393):       android.graphics.BitmapFactory.decodeResourceStream(BitmapFactory.java:336)
02-14 14:14:17.383 D/Bitmap  (  393):       android.graphics.drawable.Drawable.createFromResourceStream(Drawable.java:697)
02-14 14:14:17.383 D/Bitmap  (  393):       android.content.res.Resources.loadDrawable(Resources.java:1709)
02-14 14:14:17.383 D/Bitmap  (  393):       android.content.res.Resources.getDrawable(Resources.java:581)
02-14 14:14:17.383 D/Bitmap  (  393):       android.graphics.drawable.StateListDrawable.inflate(StateListDrawable.java:162)
02-14 14:14:17.383 D/Bitmap  (  393):       android.graphics.drawable.Drawable.createFromXmlInner(Drawable.java:787)
02-14 14:14:17.383 D/Bitmap  (  393):       android.graphics.drawable.Drawable.createFromXml(Drawable.java:728)
02-14 14:14:17.383 D/Bitmap  (  393):       android.content.res.Resources.loadDrawable(Resources.java:1694)
02-14 14:14:17.383 D/Bitmap  (  393):       android.content.res.TypedArray.getDrawable(TypedArray.java:601)
02-14 14:14:17.383 D/Bitmap  (  393):       android.view.View.<init>(View.java:1951)
02-14 14:14:17.383 D/Bitmap  (  393):       android.widget.TextView.<init>(TextView.java:361)
02-14 14:14:17.383 D/Bitmap  (  393):       android.widget.Button.<init>(Button.java:108)
02-14 14:14:17.383 D/Bitmap  (  393):       android.widget.Button.<init>(Button.java:104)
02-14 14:14:17.383 D/Bitmap  (  393):       java.lang.reflect.Constructor.constructNative(Native Method)
02-14 14:14:17.383 D/Bitmap  (  393):       java.lang.reflect.Constructor.newInstance(Constructor.java:415)
02-14 14:14:17.383 D/Bitmap  (  393):       android.view.LayoutInflater.createView(LayoutInflater.java:505)
02-14 14:14:17.383 D/Bitmap  (  393):       com.android.internal.policy.impl.PhoneLayoutInflater.onCreateView(PhoneLayoutInflater.java:56)
02-14 14:14:17.383 D/Bitmap  (  393):       android.view.LayoutInflater.createViewFromTag(LayoutInflater.java:568)
02-14 14:14:17.383 D/Bitmap  (  393):       android.view.LayoutInflater.rInflate(LayoutInflater.java:623)
02-14 14:14:17.383 D/Bitmap  (  393):       android.view.LayoutInflater.rInflate(LayoutInflater.java:626)
02-14 14:14:17.383 D/Bitmap  (  393):       android.view.LayoutInflater.inflate(LayoutInflater.java:408)
02-14 14:14:17.383 D/Bitmap  (  393):       android.view.LayoutInflater.inflate(LayoutInflater.java:320)
02-14 14:14:17.393 D/Bitmap  (  393):       android.view.LayoutInflater.inflate(LayoutInflater.java:276)
02-14 14:14:17.393 D/Bitmap  (  393):       com.android.contacts.smartdialer.DialerApp$DialerpadLinearLayout.<init>(DialerApp.java:339)
02-14 14:14:17.393 D/Bitmap  (  393):       com.android.contacts.smartdialer.DialerApp.onCreate(DialerApp.java:440)
02-14 14:14:17.393 D/Bitmap  (  393):       android.app.Instrumentation.callActivityOnCreate(Instrumentation.java:1047)
02-14 14:14:17.393 D/Bitmap  (  393):       android.app.ActivityThread.performLaunchActivity(ActivityThread.java:1632)
02-14 14:14:17.393 D/Bitmap  (  393):       android.app.ActivityThread.startActivityNow(ActivityThread.java:1508)
02-14 14:14:17.393 D/Bitmap  (  393):       android.app.LocalActivityManager.moveToState(LocalActivityManager.java:127)
02-14 14:14:17.393 D/Bitmap  (  393):       android.app.LocalActivityManager.startActivity(LocalActivityManager.java:339)
02-14 14:14:17.393 D/Bitmap  (  393):       android.widget.TabHost$IntentContentStrategy.getContentView(TabHost.java:676)
02-14 14:14:17.393 D/Bitmap  (  393):       android.widget.TabHost.setCurrentTab(TabHost.java:348)
02-14 14:14:17.393 D/Bitmap  (  393):       android.widget.TabHost.addTab(TabHost.java:227)
02-14 14:14:17.393 D/Bitmap  (  393):       com.android.contacts.DialtactsActivity.setupDialerTab(DialtactsActivity.java:183)
02-14 14:14:17.393 D/Bitmap  (  393):       com.android.contacts.DialtactsActivity.onCreate(DialtactsActivity.java:109)
02-14 14:14:17.393 D/Bitmap  (  393):       android.app.Instrumentation.callActivityOnCreate(Instrumentation.java:1047)
02-14 14:14:17.393 D/Bitmap  (  393):       android.app.ActivityThread.performLaunchActivity(ActivityThread.java:1632)
02-14 14:14:17.393 D/Bitmap  (  393):       android.app.ActivityThread.handleLaunchActivity(ActivityThread.java:1684)
02-14 14:14:17.393 D/Bitmap  (  393):       android.app.ActivityThread.handleRelaunchActivity(ActivityThread.java:2853)
02-14 14:14:17.393 D/Bitmap  (  393):       android.app.ActivityThread.access$1600(ActivityThread.java:123)
02-14 14:14:17.393 D/Bitmap  (  393):       android.app.ActivityThread$H.handleMessage(ActivityThread.java:952)
02-14 14:14:17.393 D/Bitmap  (  393):       android.os.Handler.dispatchMessage(Handler.java:99)
02-14 14:14:17.393 D/Bitmap  (  393):       android.os.Looper.loop(Looper.java:130)
02-14 14:14:17.393 D/Bitmap  (  393):       android.app.ActivityThread.main(ActivityThread.java:3704)
02-14 14:14:17.393 D/Bitmap  (  393):       java.lang.reflect.Method.invokeNative(Native Method)
02-14 14:14:17.393 D/Bitmap  (  393):       java.lang.reflect.Method.invoke(Method.java:507)
02-14 14:14:17.393 D/Bitmap  (  393):       com.android.internal.os.ZygoteInit$MethodAndArgsCaller.run(ZygoteInit.java:875)
02-14 14:14:17.393 D/Bitmap  (  393):       com.android.internal.os.ZygoteInit.main(ZygoteInit.java:633)
02-14 14:14:17.393 D/Bitmap  (  393):       dalvik.system.NativeStart.main(Native Method)
02-14 14:14:17.393 D/Bitmap  (  393): _
02-14 14:14:17.393 D/Bitmap  (  393): Detect unrecycled bitmap.
02-14 14:14:17.393 D/Bitmap  (  393):       Size: 98560 Bytes, Width: 308 , Height: 80 , Hash code: 1080743760
02-14 14:14:17.393 D/Bitmap  (  393):  This bimap was created in:
02-14 14:14:17.393 D/Bitmap  (  393):       android.graphics.Bitmap.<init>(Bitmap.java:136)
02-14 14:14:17.393 D/Bitmap  (  393):       android.graphics.BitmapFactory.nativeDecodeAsset(Native Method)
02-14 14:14:17.393 D/Bitmap  (  393):       android.graphics.BitmapFactory.decodeStream(BitmapFactory.java:460)
02-14 14:14:17.393 D/Bitmap  (  393):       android.graphics.BitmapFactory.decodeResourceStream(BitmapFactory.java:336)
02-14 14:14:17.393 D/Bitmap  (  393):       android.graphics.drawable.Drawable.createFromResourceStream(Drawable.java:697)
02-14 14:14:17.393 D/Bitmap  (  393):       android.content.res.Resources.loadDrawable(Resources.java:1709)
02-14 14:14:17.393 D/Bitmap  (  393):       android.content.res.Resources.getDrawable(Resources.java:581)
02-14 14:14:17.393 D/Bitmap  (  393):       android.graphics.drawable.StateListDrawable.inflate(StateListDrawable.java:162)
02-14 14:14:17.393 D/Bitmap  (  393):       android.graphics.drawable.Drawable.createFromXmlInner(Drawable.java:787)
02-14 14:14:17.393 D/Bitmap  (  393):       android.graphics.drawable.Drawable.createFromXml(Drawable.java:728)
02-14 14:14:17.393 D/Bitmap  (  393):       android.content.res.Resources.loadDrawable(Resources.java:1694)
02-14 14:14:17.393 D/Bitmap  (  393):       android.content.res.TypedArray.getDrawable(TypedArray.java:601)
02-14 14:14:17.393 D/Bitmap  (  393):       android.view.View.<init>(View.java:1951)
02-14 14:14:17.393 D/Bitmap  (  393):       android.widget.TextView.<init>(TextView.java:361)
02-14 14:14:17.393 D/Bitmap  (  393):       android.widget.Button.<init>(Button.java:108)
02-14 14:14:17.393 D/Bitmap  (  393):       android.widget.Button.<init>(Button.java:104)
02-14 14:14:17.393 D/Bitmap  (  393):       java.lang.reflect.Constructor.constructNative(Native Method)
02-14 14:14:17.393 D/Bitmap  (  393):       java.lang.reflect.Constructor.newInstance(Constructor.java:415)
02-14 14:14:17.393 D/Bitmap  (  393):       android.view.LayoutInflater.createView(LayoutInflater.java:505)
02-14 14:14:17.393 D/Bitmap  (  393):       com.android.internal.policy.impl.PhoneLayoutInflater.onCreateView(PhoneLayoutInflater.java:56)
02-14 14:14:17.393 D/Bitmap  (  393):       android.view.LayoutInflater.createViewFromTag(LayoutInflater.java:568)
02-14 14:14:17.393 D/Bitmap  (  393):       android.view.LayoutInflater.rInflate(LayoutInflater.java:623)
02-14 14:14:17.393 D/Bitmap  (  393):       android.view.LayoutInflater.rInflate(LayoutInflater.java:626)
02-14 14:14:17.393 D/Bitmap  (  393):       android.view.LayoutInflater.inflate(LayoutInflater.java:408)
02-14 14:14:17.393 D/Bitmap  (  393):       android.view.LayoutInflater.inflate(LayoutInflater.java:320)
02-14 14:14:17.393 D/Bitmap  (  393):       android.view.LayoutInflater.inflate(LayoutInflater.java:276)
02-14 14:14:17.393 D/Bitmap  (  393):       com.android.contacts.smartdialer.DialerApp$DialerpadLinearLayout.<init>(DialerApp.java:339)
02-14 14:14:17.393 D/Bitmap  (  393):       com.android.contacts.smartdialer.DialerApp.onCreate(DialerApp.java:440)
02-14 14:14:17.393 D/Bitmap  (  393):       android.app.Instrumentation.callActivityOnCreate(Instrumentation.java:1047)
02-14 14:14:17.393 D/Bitmap  (  393):       android.app.ActivityThread.performLaunchActivity(ActivityThread.java:1632)
02-14 14:14:17.393 D/Bitmap  (  393):       android.app.ActivityThread.startActivityNow(ActivityThread.java:1508)
02-14 14:14:17.393 D/Bitmap  (  393):       android.app.LocalActivityManager.moveToState(LocalActivityManager.java:127)
02-14 14:14:17.393 D/Bitmap  (  393):       android.app.LocalActivityManager.startActivity(LocalActivityManager.java:339)
02-14 14:14:17.393 D/Bitmap  (  393):       android.widget.TabHost$IntentContentStrategy.getContentView(TabHost.java:676)
02-14 14:14:17.393 D/Bitmap  (  393):       android.widget.TabHost.setCurrentTab(TabHost.java:348)
02-14 14:14:17.393 D/Bitmap  (  393):       android.widget.TabHost.addTab(TabHost.java:227)
02-14 14:14:17.393 D/Bitmap  (  393):       com.android.contacts.DialtactsActivity.setupDialerTab(DialtactsActivity.java:183)
02-14 14:14:17.393 D/Bitmap  (  393):       com.android.contacts.DialtactsActivity.onCreate(DialtactsActivity.java:109)
02-14 14:14:17.393 D/Bitmap  (  393):       android.app.Instrumentation.callActivityOnCreate(Instrumentation.java:1047)
02-14 14:14:17.393 D/Bitmap  (  393):       android.app.ActivityThread.performLaunchActivity(ActivityThread.java:1632)
02-14 14:14:17.393 D/Bitmap  (  393):       android.app.ActivityThread.handleLaunchActivity(ActivityThread.java:1684)
02-14 14:14:17.393 D/Bitmap  (  393):       android.app.ActivityThread.handleRelaunchActivity(ActivityThread.java:2853)
02-14 14:14:17.393 D/Bitmap  (  393):       android.app.ActivityThread.access$1600(ActivityThread.java:123)
02-14 14:14:17.393 D/Bitmap  (  393):       android.app.ActivityThread$H.handleMessage(ActivityThread.java:952)
02-14 14:14:17.393 D/Bitmap  (  393):       android.os.Handler.dispatchMessage(Handler.java:99)
02-14 14:14:17.393 D/Bitmap  (  393):       android.os.Looper.loop(Looper.java:130)
02-14 14:14:17.393 D/Bitmap  (  393):       android.app.ActivityThread.main(ActivityThread.java:3704)
02-14 14:14:17.403 D/Bitmap  (  393):       java.lang.reflect.Method.invokeNative(Native Method)
02-14 14:14:17.403 D/Bitmap  (  393):       java.lang.reflect.Method.invoke(Method.java:507)
02-14 14:14:17.403 D/Bitmap  (  393):       com.android.internal.os.ZygoteInit$MethodAndArgsCaller.run(ZygoteInit.java:875)
02-14 14:14:17.403 D/Bitmap  (  393):       com.android.internal.os.ZygoteInit.main(ZygoteInit.java:633)
02-14 14:14:17.403 D/Bitmap  (  393):       dalvik.system.NativeStart.main(Native Method)
02-14 14:14:17.403 D/Bitmap  (  393): _
02-14 14:14:17.403 D/Bitmap  (  393): Detect unrecycled bitmap.
02-14 14:14:17.403 D/Bitmap  (  393):       Size: 43200 Bytes, Width: 150 , Height: 72 , Hash code: 1079876168
02-14 14:14:17.403 D/Bitmap  (  393):  This bimap was created in:
02-14 14:14:17.403 D/Bitmap  (  393):       android.graphics.Bitmap.<init>(Bitmap.java:136)
02-14 14:14:17.403 D/Bitmap  (  393):       android.graphics.BitmapFactory.nativeDecodeAsset(Native Method)
02-14 14:14:17.403 D/Bitmap  (  393):       android.graphics.BitmapFactory.decodeStream(BitmapFactory.java:460)
