02-14 14:13:05.593 D/KeyguardViewMediator(  207): setHidden false
02-14 14:13:05.593 D/KeyguardViewMediator(  207): setHidden false
02-14 14:13:05.593 D/KeyguardViewMediator(  207): setHidden false
02-14 14:13:05.733 I/Mms/compose( 1070): SLIDESHOW updateSendButtonState enable = true
02-14 14:13:05.733 I/Mms/compose( 1070): SLIDESHOW setSendButtonText isMms = false
02-14 14:13:05.733 I/Mms/compose( 1070): SLIDESHOW setSendButtonText isMms = false
02-14 14:13:05.743 D/KeyguardViewMediator(  207): setHidden false
02-14 14:13:05.753 D/KeyguardViewMediator(  207): setHidden false
02-14 14:13:05.783 D/KeyguardViewMediator(  207): setHidden false
02-14 14:13:05.783 D/KeyguardViewMediator(  207): setHidden false
02-14 14:13:05.813 D/KeyguardViewMediator(  207): setHidden false
02-14 14:13:05.833 D/KeyguardViewMediator(  207): setHidden false
02-14 14:13:05.833 D/KeyguardViewMediator(  207): setHidden false
02-14 14:13:05.843 D/KeyguardViewMediator(  207): setHidden false
02-14 14:13:05.913 D/KeyguardViewMediator(  207): setHidden false
02-14 14:13:05.923 D/KeyguardViewMediator(  207): setHidden false
02-14 14:13:05.943 D/KeyguardViewMediator(  207): setHidden false
02-14 14:13:06.053 I/Mms/compose( 1070): SLIDESHOW updateSendButtonState enable = true
02-14 14:13:06.053 I/Mms/compose( 1070): SLIDESHOW setSendButtonText isMms = false
02-14 14:13:06.053 I/Mms/compose( 1070): SLIDESHOW setSendButtonText isMms = false
02-14 14:13:06.083 D/KeyguardViewMediator(  207): setHidden false
02-14 14:13:06.093 D/KeyguardViewMediator(  207): setHidden false
02-14 14:13:06.113 D/KeyguardViewMediator(  207): setHidden false
02-14 14:13:06.123 D/KeyguardViewMediator(  207): setHidden false
02-14 14:13:06.143 D/KeyguardViewMediator(  207): setHidden false
02-14 14:13:06.163 D/KeyguardViewMediator(  207): setHidden false
02-14 14:13:06.173 D/KeyguardViewMediator(  207): setHidden false
02-14 14:13:06.183 D/KeyguardViewMediator(  207): setHidden false
02-14 14:13:06.984 D/KeyguardViewMediator(  207): setHidden false
02-14 14:13:06.994 D/KeyguardViewMediator(  207): setHidden false
02-14 14:13:07.014 D/KeyguardViewMediator(  207): setHidden false
02-14 14:13:07.094 I/Mms/compose( 1070): SLIDESHOW updateSendButtonState enable = true
02-14 14:13:07.094 I/Mms/compose( 1070): SLIDESHOW setSendButtonText isMms = false
02-14 14:13:07.094 I/Mms/compose( 1070): SLIDESHOW setSendButtonText isMms = false
02-14 14:13:07.104 D/KeyguardViewMediator(  207): setHidden false
02-14 14:13:07.124 D/KeyguardViewMediator(  207): setHidden false
02-14 14:13:07.134 D/KeyguardViewMediator(  207): setHidden false
02-14 14:13:07.154 D/KeyguardViewMediator(  207): setHidden false
02-14 14:13:07.164 D/KeyguardViewMediator(  207): setHidden false
02-14 14:13:07.164 D/KeyguardViewMediator(  207): setHidden false
02-14 14:13:07.174 D/KeyguardViewMediator(  207): setHidden false
02-14 14:13:07.184 D/KeyguardViewMediator(  207): setHidden false
02-14 14:13:07.204 D/KeyguardViewMediator(  207): setHidden false
02-14 14:13:07.204 D/KeyguardViewMediator(  207): setHidden false
02-14 14:13:07.304 I/Mms/compose( 1070): SLIDESHOW updateSendButtonState enable = true
02-14 14:13:07.304 I/Mms/compose( 1070): SLIDESHOW setSendButtonText isMms = false
02-14 14:13:07.304 I/Mms/compose( 1070): SLIDESHOW setSendButtonText isMms = false
02-14 14:13:07.314 D/KeyguardViewMediator(  207): setHidden false
02-14 14:13:07.324 D/KeyguardViewMediator(  207): setHidden false
02-14 14:13:07.344 D/KeyguardViewMediator(  207): setHidden false
02-14 14:13:07.354 D/KeyguardViewMediator(  207): setHidden false
02-14 14:13:07.364 D/KeyguardViewMediator(  207): setHidden false
02-14 14:13:07.364 D/KeyguardViewMediator(  207): setHidden false
02-14 14:13:07.374 D/KeyguardViewMediator(  207): setHidden false
02-14 14:13:07.394 D/KeyguardViewMediator(  207): setHidden false
02-14 14:13:07.404 D/KeyguardViewMediator(  207): setHidden false
02-14 14:13:07.414 D/KeyguardViewMediator(  207): setHidden false
02-14 14:13:07.444 I/Mms/compose( 1070): SLIDESHOW updateSendButtonState enable = true
02-14 14:13:07.444 I/Mms/compose( 1070): SLIDESHOW setSendButtonText isMms = false
02-14 14:13:07.454 I/Mms/compose( 1070): SLIDESHOW setSendButtonText isMms = false
02-14 14:13:07.484 D/KeyguardViewMediator(  207): setHidden false
02-14 14:13:07.494 D/KeyguardViewMediator(  207): setHidden false
02-14 14:13:07.525 D/KeyguardViewMediator(  207): setHidden false
02-14 14:13:07.525 D/KeyguardViewMediator(  207): setHidden false
02-14 14:13:07.545 D/KeyguardViewMediator(  207): setHidden false
02-14 14:13:07.565 D/KeyguardViewMediator(  207): setHidden false
02-14 14:13:07.585 D/KeyguardViewMediator(  207): setHidden false
02-14 14:13:07.595 D/KeyguardViewMediator(  207): setHidden false
02-14 14:13:07.605 D/KeyguardViewMediator(  207): setHidden false
02-14 14:13:07.625 D/KeyguardViewMediator(  207): setHidden false
02-14 14:13:07.635 D/KeyguardViewMediator(  207): setHidden false
02-14 14:13:07.675 I/Mms/compose( 1070): SLIDESHOW updateSendButtonState enable = true
02-14 14:13:07.675 I/Mms/compose( 1070): SLIDESHOW setSendButtonText isMms = false
02-14 14:13:07.685 I/Mms/compose( 1070): SLIDESHOW setSendButtonText isMms = false
02-14 14:13:07.695 D/KeyguardViewMediator(  207): setHidden false
02-14 14:13:07.705 D/KeyguardViewMediator(  207): setHidden false
02-14 14:13:07.725 D/KeyguardViewMediator(  207): setHidden false
02-14 14:13:07.735 D/KeyguardViewMediator(  207): setHidden false
02-14 14:13:07.765 D/KeyguardViewMediator(  207): setHidden false
02-14 14:13:07.775 D/KeyguardViewMediator(  207): setHidden false
02-14 14:13:07.785 D/KeyguardViewMediator(  207): setHidden false
02-14 14:13:07.805 D/KeyguardViewMediator(  207): setHidden false
02-14 14:13:07.835 D/KeyguardViewMediator(  207): setHidden false
02-14 14:13:07.845 D/KeyguardViewMediator(  207): setHidden false
02-14 14:13:07.865 D/KeyguardViewMediator(  207): setHidden false
02-14 14:13:07.945 I/Mms/compose( 1070): SLIDESHOW updateSendButtonState enable = true
02-14 14:13:07.955 I/Mms/compose( 1070): SLIDESHOW setSendButtonText isMms = false
02-14 14:13:07.955 I/Mms/compose( 1070): SLIDESHOW setSendButtonText isMms = false
02-14 14:13:07.965 D/KeyguardViewMediator(  207): setHidden false
02-14 14:13:07.985 D/KeyguardViewMediator(  207): setHidden false
02-14 14:13:07.995 D/KeyguardViewMediator(  207): setHidden false
02-14 14:13:08.015 D/KeyguardViewMediator(  207): setHidden false
02-14 14:13:08.025 D/KeyguardViewMediator(  207): setHidden false
02-14 14:13:08.045 D/KeyguardViewMediator(  207): setHidden false
02-14 14:13:08.065 D/KeyguardViewMediator(  207): setHidden false
02-14 14:13:08.065 D/KeyguardViewMediator(  207): setHidden false
02-14 14:13:08.155 D/KeyguardViewMediator(  207): setHidden false
02-14 14:13:08.175 D/KeyguardViewMediator(  207): setHidden false
02-14 14:13:08.185 D/KeyguardViewMediator(  207): setHidden false
02-14 14:13:08.265 I/Mms/compose( 1070): SLIDESHOW updateSendButtonState enable = true
02-14 14:13:08.265 I/Mms/compose( 1070): SLIDESHOW setSendButtonText isMms = false
02-14 14:13:08.275 I/Mms/compose( 1070): SLIDESHOW setSendButtonText isMms = false
02-14 14:13:08.275 I/Mms/compose( 1070): SLIDESHOW updateSendButtonState enable = true
02-14 14:13:08.275 I/Mms/compose( 1070): SLIDESHOW setSendButtonText isMms = false
02-14 14:13:08.275 I/Mms/compose( 1070): SLIDESHOW setSendButtonText isMms = false
02-14 14:13:08.295 D/KeyguardViewMediator(  207): setHidden false
02-14 14:13:08.305 D/KeyguardViewMediator(  207): setHidden false
02-14 14:13:08.325 D/KeyguardViewMediator(  207): setHidden false
02-14 14:13:08.345 D/KeyguardViewMediator(  207): setHidden false
02-14 14:13:08.365 D/KeyguardViewMediator(  207): setHidden false
02-14 14:13:08.375 D/KeyguardViewMediator(  207): setHidden false
02-14 14:13:08.395 D/KeyguardViewMediator(  207): setHidden false
02-14 14:13:08.395 D/KeyguardViewMediator(  207): setHidden false
02-14 14:13:08.395 W/AlarmManager(  207): +++Alarm  wakeup phone ,pkg=com.locationlabs.v3client
02-14 14:13:08.395 I/V3Client(  353): got retry intent, retrying c2dm registration
02-14 14:13:08.395 I/V3Client(  353): Registering for push services. email:v3client@location-labs.com
02-14 14:13:08.405 W/AlarmManager(  207): +++alarm onSendFinished ,action=com.locationlabs.v3client.action.RETRY_C2DM_REGISTRATION
02-14 14:13:08.415 E/GTalkService(  387): asyncFetch: no username
02-14 14:13:08.415 D/C2DMRegistrar(  387): [C2DMRegistrar.38] AuthTokenCallback: account missing
02-14 14:13:08.415 I/V3Client(  353): Handling push registration
02-14 14:13:08.415 W/V3Client(  353): C2DM Registration error: ACCOUNT_MISSING
02-14 14:13:08.415 I/V3Client(  353): clearing push registration id
02-14 14:13:08.415 I/V3Client(  353): deleting push id on server
02-14 14:13:08.455 D/AlarmManager(  207): +++Alarm set:type=2 com.locationlabs.v3client  Trigger after:283017ms
02-14 14:13:08.786 D/KeyguardViewMediator(  207): setHidden false
02-14 14:13:08.806 D/KeyguardViewMediator(  207): setHidden false
02-14 14:13:08.816 D/KeyguardViewMediator(  207): setHidden false
02-14 14:13:08.896 I/Mms/compose( 1070): SLIDESHOW updateSendButtonState enable = true
02-14 14:13:08.896 I/Mms/compose( 1070): SLIDESHOW setSendButtonText isMms = false
02-14 14:13:08.906 I/Mms/compose( 1070): SLIDESHOW setSendButtonText isMms = false
02-14 14:13:08.916 D/KeyguardViewMediator(  207): setHidden false
02-14 14:13:08.936 D/KeyguardViewMediator(  207): setHidden false
02-14 14:13:08.946 D/KeyguardViewMediator(  207): setHidden false
02-14 14:13:08.956 D/KeyguardViewMediator(  207): setHidden false
02-14 14:13:08.956 D/KeyguardViewMediator(  207): setHidden false
02-14 14:13:08.966 D/KeyguardViewMediator(  207): setHidden false
02-14 14:13:08.986 D/KeyguardViewMediator(  207): setHidden false
02-14 14:13:09.006 D/KeyguardViewMediator(  207): setHidden false
02-14 14:13:09.016 D/KeyguardViewMediator(  207): setHidden false
02-14 14:13:09.016 D/KeyguardViewMediator(  207): setHidden false
02-14 14:13:09.066 I/Mms/compose( 1070): SLIDESHOW updateSendButtonState enable = true
02-14 14:13:09.066 I/Mms/compose( 1070): SLIDESHOW setSendButtonText isMms = false
02-14 14:13:09.066 I/Mms/compose( 1070): SLIDESHOW setSendButtonText isMms = false
02-14 14:13:09.066 D/KeyguardViewMediator(  207): setHidden false
02-14 14:13:09.086 D/KeyguardViewMediator(  207): setHidden false
02-14 14:13:09.106 D/KeyguardViewMediator(  207): setHidden false
02-14 14:13:09.116 D/KeyguardViewMediator(  207): setHidden false
02-14 14:13:09.136 D/KeyguardViewMediator(  207): setHidden false
02-14 14:13:09.156 D/KeyguardViewMediator(  207): setHidden false
02-14 14:13:09.176 D/KeyguardViewMediator(  207): setHidden false
02-14 14:13:09.176 D/KeyguardViewMediator(  207): setHidden false
02-14 14:13:09.306 D/KeyguardViewMediator(  207): setHidden false
02-14 14:13:09.316 D/KeyguardViewMediator(  207): setHidden false
02-14 14:13:09.336 D/KeyguardViewMediator(  207): setHidden false
02-14 14:13:09.426 I/Mms/compose( 1070): SLIDESHOW updateSendButtonState enable = true
02-14 14:13:09.426 I/Mms/compose( 1070): SLIDESHOW setSendButtonText isMms = false
02-14 14:13:09.426 I/Mms/compose( 1070): SLIDESHOW setSendButtonText isMms = false
02-14 14:13:09.436 I/Mms/compose( 1070): SLIDESHOW updateSendButtonState enable = true
02-14 14:13:09.436 I/Mms/compose( 1070): SLIDESHOW setSendButtonText isMms = false
02-14 14:13:09.446 I/Mms/compose( 1070): SLIDESHOW setSendButtonText isMms = false
02-14 14:13:09.456 D/KeyguardViewMediator(  207): setHidden false
02-14 14:13:09.476 D/KeyguardViewMediator(  207): setHidden false
02-14 14:13:09.496 D/KeyguardViewMediator(  207): setHidden false
02-14 14:13:09.506 D/KeyguardViewMediator(  207): setHidden false
02-14 14:13:09.526 D/KeyguardViewMediator(  207): setHidden false
02-14 14:13:09.546 D/KeyguardViewMediator(  207): setHidden false
02-14 14:13:09.557 D/KeyguardViewMediator(  207): setHidden false
02-14 14:13:09.567 D/KeyguardViewMediator(  207): setHidden false
02-14 14:13:09.607 D/KeyguardViewMediator(  207): setHidden false
02-14 14:13:09.627 D/KeyguardViewMediator(  207): setHidden false
02-14 14:13:09.647 D/KeyguardViewMediator(  207): setHidden false
02-14 14:13:09.787 I/Mms/compose( 1070): SLIDESHOW updateSendButtonState enable = true
02-14 14:13:09.787 I/Mms/compose( 1070): SLIDESHOW setSendButtonText isMms = false
02-14 14:13:09.787 I/Mms/compose( 1070): SLIDESHOW setSendButtonText isMms = false
02-14 14:13:09.807 D/KeyguardViewMediator(  207): setHidden false
02-14 14:13:09.827 D/KeyguardViewMediator(  207): setHidden false
02-14 14:13:09.847 D/KeyguardViewMediator(  207): setHidden false
02-14 14:13:09.857 D/KeyguardViewMediator(  207): setHidden false
02-14 14:13:09.877 D/KeyguardViewMediator(  207): setHidden false
02-14 14:13:09.887 D/KeyguardViewMediator(  207): setHidden false
02-14 14:13:09.897 D/KeyguardViewMediator(  207): setHidden false
02-14 14:13:09.897 D/KeyguardViewMediator(  207): setHidden false
02-14 14:13:09.907 D/KeyguardViewMediator(  207): setHidden false
02-14 14:13:09.917 D/KeyguardViewMediator(  207): setHidden false
02-14 14:13:09.997 I/Mms/compose( 1070): SLIDESHOW updateSendButtonState enable = true
02-14 14:13:09.997 I/Mms/compose( 1070): SLIDESHOW setSendButtonText isMms = false
02-14 14:13:10.007 I/Mms/compose( 1070): SLIDESHOW setSendButtonText isMms = false
02-14 14:13:10.017 D/KeyguardViewMediator(  207): setHidden false
02-14 14:13:10.027 D/KeyguardViewMediator(  207): setHidden false
02-14 14:13:10.047 D/KeyguardViewMediator(  207): setHidden false
02-14 14:13:10.057 D/KeyguardViewMediator(  207): setHidden false
02-14 14:13:10.077 D/KeyguardViewMediator(  207): setHidden false
02-14 14:13:10.097 D/KeyguardViewMediator(  207): setHidden false
02-14 14:13:10.107 D/KeyguardViewMediator(  207): setHidden false
02-14 14:13:10.107 D/KeyguardViewMediator(  207): setHidden false
02-14 14:13:10.137 D/KeyguardViewMediator(  207): setHidden false
02-14 14:13:10.147 D/KeyguardViewMediator(  207): setHidden false
02-14 14:13:10.157 D/KeyguardViewMediator(  207): setHidden false
02-14 14:13:10.257 I/Mms/compose( 1070): SLIDESHOW updateSendButtonState enable = true
02-14 14:13:10.257 I/Mms/compose( 1070): SLIDESHOW setSendButtonText isMms = false
02-14 14:13:10.257 I/Mms/compose( 1070): SLIDESHOW setSendButtonText isMms = false
02-14 14:13:10.267 D/KeyguardViewMediator(  207): setHidden false
02-14 14:13:10.277 D/KeyguardViewMediator(  207): setHidden false
02-14 14:13:10.297 D/KeyguardViewMediator(  207): setHidden false
02-14 14:13:10.307 D/KeyguardViewMediator(  207): setHidden false
02-14 14:13:10.327 D/KeyguardViewMediator(  207): setHidden false
02-14 14:13:10.347 D/KeyguardViewMediator(  207): setHidden false
02-14 14:13:10.367 D/KeyguardViewMediator(  207): setHidden false
02-14 14:13:10.367 D/KeyguardViewMediator(  207): setHidden false
02-14 14:13:10.497 D/KeyguardViewMediator(  207): setHidden false
02-14 14:13:10.517 D/KeyguardViewMediator(  207): setHidden false
02-14 14:13:10.527 D/KeyguardViewMediator(  207): setHidden false
02-14 14:13:10.618 I/Mms/compose( 1070): SLIDESHOW updateSendButtonState enable = true
02-14 14:13:10.618 I/Mms/compose( 1070): SLIDESHOW setSendButtonText isMms = false
02-14 14:13:10.618 I/Mms/compose( 1070): SLIDESHOW setSendButtonText isMms = false
02-14 14:13:10.628 I/Mms/compose( 1070): SLIDESHOW updateSendButtonState enable = true
02-14 14:13:10.628 I/Mms/compose( 1070): SLIDESHOW setSendButtonText isMms = false
02-14 14:13:10.638 I/Mms/compose( 1070): SLIDESHOW setSendButtonText isMms = false
02-14 14:13:10.648 D/KeyguardViewMediator(  207): setHidden false
02-14 14:13:10.668 D/KeyguardViewMediator(  207): setHidden false
02-14 14:13:10.688 D/KeyguardViewMediator(  207): setHidden false
02-14 14:13:10.698 D/KeyguardViewMediator(  207): setHidden false
02-14 14:13:10.708 D/KeyguardViewMediator(  207): setHidden false
02-14 14:13:10.728 D/KeyguardViewMediator(  207): setHidden false
02-14 14:13:10.748 D/KeyguardViewMediator(  207): setHidden false
02-14 14:13:10.748 D/KeyguardViewMediator(  207): setHidden false
02-14 14:13:10.968 W/KeyCharacterMap( 1070): No keyboard for id 0
02-14 14:13:10.978 W/KeyCharacterMap( 1070): Using default keymap: /system/usr/keychars/qwerty.kcm.bin
02-14 14:13:10.978 I/Mms/compose( 1070): SLIDESHOW updateSendButtonState enable = true
02-14 14:13:10.978 I/Mms/compose( 1070): SLIDESHOW setSendButtonText isMms = false
02-14 14:13:10.988 D/KeyguardViewMediator(  207): setHidden false
02-14 14:13:10.988 I/Mms/compose( 1070): SLIDESHOW setSendButtonText isMms = false
02-14 14:13:10.998 D/KeyguardViewMediator(  207): setHidden false
02-14 14:13:11.018 D/KeyguardViewMediator(  207): setHidden false
02-14 14:13:11.078 D/KeyguardViewMediator(  207): setHidden false
02-14 14:13:11.098 D/KeyguardViewMediator(  207): setHidden false
02-14 14:13:11.108 D/KeyguardViewMediator(  207): setHidden false
02-14 14:13:11.128 D/KeyguardViewMediator(  207): setHidden false
02-14 14:13:11.148 D/KeyguardViewMediator(  207): setHidden false
02-14 14:13:11.158 D/KeyguardViewMediator(  207): setHidden false
02-14 14:13:11.158 D/KeyguardViewMediator(  207): setHidden false
02-14 14:13:11.158 D/KeyguardViewMediator(  207): setHidden false
02-14 14:13:11.168 D/KeyguardViewMediator(  207): setHidden false
02-14 14:13:11.178 I/Mms/compose( 1070): SLIDESHOW updateSendButtonState enable = true
02-14 14:13:11.178 I/Mms/compose( 1070): SLIDESHOW setSendButtonText isMms = false
02-14 14:13:11.178 I/Mms/compose( 1070): SLIDESHOW setSendButtonText isMms = false
02-14 14:13:11.178 D/KeyguardViewMediator(  207): setHidden false
02-14 14:13:11.218 D/KeyguardViewMediator(  207): setHidden false
02-14 14:13:11.228 D/KeyguardViewMediator(  207): setHidden false
02-14 14:13:11.248 D/KeyguardViewMediator(  207): setHidden false
02-14 14:13:11.268 D/KeyguardViewMediator(  207): setHidden false
02-14 14:13:11.288 D/KeyguardViewMediator(  207): setHidden false
02-14 14:13:11.298 D/KeyguardViewMediator(  207): setHidden false
02-14 14:13:11.308 D/KeyguardViewMediator(  207): setHidden false
02-14 14:13:11.318 D/KeyguardViewMediator(  207): setHidden false
02-14 14:13:11.348 D/KeyguardViewMediator(  207): setHidden false
02-14 14:13:11.358 D/KeyguardViewMediator(  207): setHidden false
02-14 14:13:11.358 I/Mms/compose( 1070): SLIDESHOW updateSendButtonState enable = true
02-14 14:13:11.358 I/Mms/compose( 1070): SLIDESHOW setSendButtonText isMms = false
02-14 14:13:11.368 I/Mms/compose( 1070): SLIDESHOW setSendButtonText isMms = false
02-14 14:13:11.378 D/KeyguardViewMediator(  207): setHidden false
02-14 14:13:11.408 D/KeyguardViewMediator(  207): setHidden false
02-14 14:13:11.418 D/KeyguardViewMediator(  207): setHidden false
02-14 14:13:11.438 D/KeyguardViewMediator(  207): setHidden false
02-14 14:13:11.448 D/KeyguardViewMediator(  207): setHidden false
02-14 14:13:11.468 D/KeyguardViewMediator(  207): setHidden false
02-14 14:13:11.478 D/KeyguardViewMediator(  207): setHidden false
02-14 14:13:11.498 D/KeyguardViewMediator(  207): setHidden false
02-14 14:13:11.498 D/KeyguardViewMediator(  207): setHidden false
02-14 14:13:11.578 I/Mms/compose( 1070): SLIDESHOW updateSendButtonState enable = true
02-14 14:13:11.578 I/Mms/compose( 1070): SLIDESHOW setSendButtonText isMms = false
02-14 14:13:11.578 D/KeyguardViewMediator(  207): setHidden false
02-14 14:13:11.588 I/Mms/compose( 1070): SLIDESHOW setSendButtonText isMms = false
02-14 14:13:11.598 D/KeyguardViewMediator(  207): setHidden false
02-14 14:13:11.619 D/KeyguardViewMediator(  207): setHidden false
02-14 14:13:11.679 D/KeyguardViewMediator(  207): setHidden false
02-14 14:13:11.699 D/KeyguardViewMediator(  207): setHidden false
02-14 14:13:11.709 D/KeyguardViewMediator(  207): setHidden false
02-14 14:13:11.729 D/KeyguardViewMediator(  207): setHidden false
02-14 14:13:11.749 D/KeyguardViewMediator(  207): setHidden false
02-14 14:13:11.759 D/KeyguardViewMediator(  207): setHidden false
02-14 14:13:11.779 D/KeyguardViewMediator(  207): setHidden false
02-14 14:13:11.789 D/KeyguardViewMediator(  207): setHidden false
02-14 14:13:12.019 D/KeyguardViewMediator(  207): setHidden false
02-14 14:13:12.039 D/KeyguardViewMediator(  207): setHidden false
02-14 14:13:12.049 D/KeyguardViewMediator(  207): setHidden false
02-14 14:13:12.109 I/Mms/compose( 1070): SLIDESHOW updateSendButtonState enable = true
02-14 14:13:12.109 I/Mms/compose( 1070): SLIDESHOW setSendButtonText isMms = false
02-14 14:13:12.119 I/Mms/compose( 1070): SLIDESHOW setSendButtonText isMms = false
02-14 14:13:12.129 D/KeyguardViewMediator(  207): setHidden false
02-14 14:13:12.149 D/KeyguardViewMediator(  207): setHidden false
02-14 14:13:12.159 D/KeyguardViewMediator(  207): setHidden false
02-14 14:13:12.179 D/KeyguardViewMediator(  207): setHidden false
02-14 14:13:12.199 D/KeyguardViewMediator(  207): setHidden false
02-14 14:13:12.209 D/KeyguardViewMediator(  207): setHidden false
02-14 14:13:12.229 D/KeyguardViewMediator(  207): setHidden false
02-14 14:13:12.229 D/KeyguardViewMediator(  207): setHidden false
02-14 14:13:12.299 D/KeyguardViewMediator(  207): setHidden false
02-14 14:13:12.309 D/KeyguardViewMediator(  207): setHidden false
02-14 14:13:12.329 D/KeyguardViewMediator(  207): setHidden false
02-14 14:13:12.409 I/Mms/compose( 1070): SLIDESHOW updateSendButtonState enable = true
02-14 14:13:12.409 I/Mms/compose( 1070): SLIDESHOW setSendButtonText isMms = false
02-14 14:13:12.419 I/Mms/compose( 1070): SLIDESHOW setSendButtonText isMms = false
02-14 14:13:12.429 D/KeyguardViewMediator(  207): setHidden false
02-14 14:13:12.439 D/KeyguardViewMediator(  207): setHidden false
02-14 14:13:12.459 D/KeyguardViewMediator(  207): setHidden false
02-14 14:13:12.469 D/KeyguardViewMediator(  207): setHidden false
02-14 14:13:12.489 D/KeyguardViewMediator(  207): setHidden false
02-14 14:13:12.499 D/KeyguardViewMediator(  207): setHidden false
02-14 14:13:12.519 D/KeyguardViewMediator(  207): setHidden false
02-14 14:13:12.519 D/KeyguardViewMediator(  207): setHidden false
02-14 14:13:12.549 D/KeyguardViewMediator(  207): setHidden false
02-14 14:13:12.569 D/KeyguardViewMediator(  207): setHidden false
02-14 14:13:12.579 D/KeyguardViewMediator(  207): setHidden false
02-14 14:13:12.650 I/Mms/compose( 1070): SLIDESHOW updateSendButtonState enable = true
02-14 14:13:12.650 I/Mms/compose( 1070): SLIDESHOW setSendButtonText isMms = false
02-14 14:13:12.650 I/Mms/compose( 1070): SLIDESHOW setSendButtonText isMms = false
02-14 14:13:12.660 D/KeyguardViewMediator(  207): setHidden false
02-14 14:13:12.670 D/KeyguardViewMediator(  207): setHidden false
02-14 14:13:12.690 D/KeyguardViewMediator(  207): setHidden false
02-14 14:13:12.710 D/KeyguardViewMediator(  207): setHidden false
02-14 14:13:12.720 D/KeyguardViewMediator(  207): setHidden false
02-14 14:13:12.740 D/KeyguardViewMediator(  207): setHidden false
02-14 14:13:12.760 D/KeyguardViewMediator(  207): setHidden false
02-14 14:13:12.760 D/KeyguardViewMediator(  207): setHidden false
02-14 14:13:12.860 D/KeyguardViewMediator(  207): setHidden false
02-14 14:13:12.880 D/KeyguardViewMediator(  207): setHidden false
02-14 14:13:12.890 D/KeyguardViewMediator(  207): setHidden false
02-14 14:13:12.960 I/Mms/compose( 1070): SLIDESHOW updateSendButtonState enable = true
02-14 14:13:12.960 I/Mms/compose( 1070): SLIDESHOW setSendButtonText isMms = false
02-14 14:13:12.960 I/Mms/compose( 1070): SLIDESHOW setSendButtonText isMms = false
02-14 14:13:12.960 I/Mms/compose( 1070): SLIDESHOW updateSendButtonState enable = true
02-14 14:13:12.960 I/Mms/compose( 1070): SLIDESHOW setSendButtonText isMms = false
02-14 14:13:12.960 I/Mms/compose( 1070): SLIDESHOW setSendButtonText isMms = false
02-14 14:13:12.980 D/KeyguardViewMediator(  207): setHidden false
02-14 14:13:13.000 D/KeyguardViewMediator(  207): setHidden false
02-14 14:13:13.020 D/KeyguardViewMediator(  207): setHidden false
02-14 14:13:13.030 D/KeyguardViewMediator(  207): setHidden false
02-14 14:13:13.050 D/KeyguardViewMediator(  207): setHidden false
02-14 14:13:13.050 D/KeyguardViewMediator(  207): setHidden false
02-14 14:13:13.070 D/KeyguardViewMediator(  207): setHidden false
02-14 14:13:13.070 D/KeyguardViewMediator(  207): setHidden false
02-14 14:13:13.070 D/KeyguardViewMediator(  207): setHidden false
02-14 14:13:13.080 D/KeyguardViewMediator(  207): setHidden false
02-14 14:13:13.150 I/Mms/compose( 1070): SLIDESHOW updateSendButtonState enable = true
02-14 14:13:13.150 I/Mms/compose( 1070): SLIDESHOW setSendButtonText isMms = false
02-14 14:13:13.160 I/Mms/compose( 1070): SLIDESHOW setSendButtonText isMms = false
02-14 14:13:13.170 D/KeyguardViewMediator(  207): setHidden false
02-14 14:13:13.190 D/KeyguardViewMediator(  207): setHidden false
02-14 14:13:13.210 D/KeyguardViewMediator(  207): setHidden false
02-14 14:13:13.220 D/KeyguardViewMediator(  207): setHidden false
02-14 14:13:13.230 D/KeyguardViewMediator(  207): setHidden false
02-14 14:13:13.230 D/KeyguardViewMediator(  207): setHidden false
02-14 14:13:13.240 D/KeyguardViewMediator(  207): setHidden false
02-14 14:13:13.260 D/KeyguardViewMediator(  207): setHidden false
02-14 14:13:13.260 D/KeyguardViewMediator(  207): setHidden false
02-14 14:13:13.330 I/Mms/compose( 1070): SLIDESHOW updateSendButtonState enable = true
02-14 14:13:13.330 I/Mms/compose( 1070): SLIDESHOW setSendButtonText isMms = false
02-14 14:13:13.330 I/Mms/compose( 1070): SLIDESHOW setSendButtonText isMms = false
02-14 14:13:13.340 D/KeyguardViewMediator(  207): setHidden false
02-14 14:13:13.360 D/KeyguardViewMediator(  207): setHidden false
02-14 14:13:13.370 D/KeyguardViewMediator(  207): setHidden false
02-14 14:13:13.390 D/KeyguardViewMediator(  207): setHidden false
02-14 14:13:13.420 D/KeyguardViewMediator(  207): setHidden false
02-14 14:13:13.430 D/KeyguardViewMediator(  207): setHidden false
02-14 14:13:13.440 D/KeyguardViewMediator(  207): setHidden false
02-14 14:13:13.440 D/KeyguardViewMediator(  207): setHidden false
02-14 14:13:13.450 D/KeyguardViewMediator(  207): setHidden false
02-14 14:13:13.460 D/KeyguardViewMediator(  207): setHidden false
02-14 14:13:13.520 I/Mms/compose( 1070): SLIDESHOW updateSendButtonState enable = true
02-14 14:13:13.520 I/Mms/compose( 1070): SLIDESHOW setSendButtonText isMms = false
02-14 14:13:13.520 I/Mms/compose( 1070): SLIDESHOW setSendButtonText isMms = false
02-14 14:13:13.540 I/wpa_supplicant(  312): State: INACTIVE -> SCANNING
02-14 14:13:13.540 I/wpa_supplicant(  312): CTRL-EVENT-STATE-CHANGE id=-1 state=2 BSSID=00:00:00:00:00:00
02-14 14:13:13.540 D/NetworkStateTracker(  207): setDetailed state, old =IDLE and new state=SCANNING
02-14 14:13:13.540 D/KeyguardViewMediator(  207): setHidden false
02-14 14:13:13.560 D/KeyguardViewMediator(  207): setHidden false
02-14 14:13:13.570 D/KeyguardViewMediator(  207): setHidden false
02-14 14:13:13.590 D/KeyguardViewMediator(  207): setHidden false
02-14 14:13:13.610 D/KeyguardViewMediator(  207): setHidden false
02-14 14:13:13.620 D/KeyguardViewMediator(  207): setHidden false
02-14 14:13:13.640 D/KeyguardViewMediator(  207): setHidden false
02-14 14:13:13.661 D/KeyguardViewMediator(  207): setHidden false
02-14 14:13:14.341 D/KeyguardViewMediator(  207): setHidden false
02-14 14:13:14.361 D/KeyguardViewMediator(  207): setHidden false
02-14 14:13:14.381 D/KeyguardViewMediator(  207): setHidden false
02-14 14:13:14.421 I/Mms/compose( 1070): SLIDESHOW updateSendButtonState enable = true
02-14 14:13:14.421 I/Mms/compose( 1070): SLIDESHOW setSendButtonText isMms = false
02-14 14:13:14.431 I/Mms/compose( 1070): SLIDESHOW setSendButtonText isMms = false
02-14 14:13:14.441 D/KeyguardViewMediator(  207): setHidden false
02-14 14:13:14.461 D/KeyguardViewMediator(  207): setHidden false
02-14 14:13:14.471 D/KeyguardViewMediator(  207): setHidden false
02-14 14:13:14.491 D/KeyguardViewMediator(  207): setHidden false
02-14 14:13:14.491 I/wpa_supplicant(  312): State: SCANNING -> INACTIVE
02-14 14:13:14.491 I/wpa_supplicant(  312): CTRL-EVENT-STATE-CHANGE id=-1 state=1 BSSID=00:00:00:00:00:00
02-14 14:13:14.491 I/dun_service(  129): process rmnet event
02-14 14:13:14.491 I/dun_service(  129): Post event 4
02-14 14:13:14.491 I/dun_service(  129): received event: DUN_EVENT_RMNET_UP 
02-14 14:13:14.491 I/dun_service(  129): received event(DUN_EVENT_RMNET_UP) in state(DUN_STATE_USB_UNPLUG)
02-14 14:13:14.491 I/dun_service(  129): Ignoring the event DUN_EVENT_RMNET_UP in USB_UNPLUG_STATE
02-14 14:13:14.491 I/dun_service(  129): Moved to state(DUN_STATE_USB_UNPLUG)
02-14 14:13:14.501 D/NetworkStateTracker(  207): setDetailed state, old =SCANNING and new state=IDLE
02-14 14:13:14.501 D/WifiStateTracker(  207): setNotificationVisible() visible=false mNotificationShown=false force=false return.
02-14 14:13:14.511 D/KeyguardViewMediator(  207): setHidden false
02-14 14:13:14.521 D/KeyguardViewMediator(  207): setHidden false
02-14 14:13:14.541 D/KeyguardViewMediator(  207): setHidden false
02-14 14:13:14.541 D/KeyguardViewMediator(  207): setHidden false
02-14 14:13:17.765 D/KeyguardViewMediator(  207): setHidden false
02-14 14:13:17.775 D/KeyguardViewMediator(  207): setHidden false
02-14 14:13:17.795 D/KeyguardViewMediator(  207): setHidden false
02-14 14:13:17.905 D/KeyguardViewMediator(  207): setHidden false
02-14 14:13:17.925 D/KeyguardViewMediator(  207): setHidden false
02-14 14:13:17.935 D/KeyguardViewMediator(  207): setHidden false
02-14 14:13:17.955 D/KeyguardViewMediator(  207): setHidden false
02-14 14:13:17.965 D/KeyguardViewMediator(  207): setHidden false
02-14 14:13:17.985 D/KeyguardViewMediator(  207): setHidden false
02-14 14:13:18.005 D/KeyguardViewMediator(  207): setHidden false
02-14 14:13:18.005 D/KeyguardViewMediator(  207): setHidden false
02-14 14:13:18.045 D/KeyguardViewMediator(  207): setHidden false
02-14 14:13:18.055 D/KeyguardViewMediator(  207): setHidden false
02-14 14:13:18.065 D/KeyguardViewMediator(  207): setHidden false
02-14 14:13:18.205 D/KeyguardViewMediator(  207): setHidden false
02-14 14:13:18.215 D/KeyguardViewMediator(  207): setHidden false
02-14 14:13:18.235 D/KeyguardViewMediator(  207): setHidden false
02-14 14:13:18.255 D/KeyguardViewMediator(  207): setHidden false
02-14 14:13:18.275 D/KeyguardViewMediator(  207): setHidden false
02-14 14:13:18.295 D/KeyguardViewMediator(  207): setHidden false
02-14 14:13:18.295 D/KeyguardViewMediator(  207): setHidden false
02-14 14:13:18.315 D/KeyguardViewMediator(  207): setHidden false
02-14 14:13:18.846 D/KeyguardViewMediator(  207): setHidden false
02-14 14:13:18.856 D/KeyguardViewMediator(  207): setHidden false
02-14 14:13:18.866 D/KeyguardViewMediator(  207): setHidden false
02-14 14:13:18.876 I/Mms/compose( 1070): SLIDESHOW updateSendButtonState enable = true
02-14 14:13:18.876 I/Mms/compose( 1070): SLIDESHOW setSendButtonText isMms = false
02-14 14:13:18.876 I/Mms/compose( 1070): SLIDESHOW setSendButtonText isMms = false
02-14 14:13:18.886 D/KeyguardViewMediator(  207): setHidden false
02-14 14:13:18.906 D/KeyguardViewMediator(  207): setHidden false
02-14 14:13:18.926 D/KeyguardViewMediator(  207): setHidden false
02-14 14:13:18.936 D/KeyguardViewMediator(  207): setHidden false
02-14 14:13:18.956 D/KeyguardViewMediator(  207): setHidden false
02-14 14:13:18.976 D/KeyguardViewMediator(  207): setHidden false
02-14 14:13:18.986 D/KeyguardViewMediator(  207): setHidden false
02-14 14:13:18.986 D/KeyguardViewMediator(  207): setHidden false
02-14 14:13:19.406 E/rmt_storage(  137): [MyTag]open: fd=-1
02-14 14:13:19.406 E/rmt_storage(  137): block rmt_storage client thread
02-14 14:13:19.997 D/KeyguardViewMediator(  207): setHidden false
02-14 14:13:20.007 D/KeyguardViewMediator(  207): setHidden false
02-14 14:13:20.027 D/KeyguardViewMediator(  207): setHidden false
02-14 14:13:20.107 I/Mms/compose( 1070): SLIDESHOW updateSendButtonState enable = true
02-14 14:13:20.117 I/Mms/compose( 1070): SLIDESHOW setSendButtonText isMms = false
02-14 14:13:20.117 I/Mms/compose( 1070): SLIDESHOW setSendButtonText isMms = false
02-14 14:13:20.127 D/KeyguardViewMediator(  207): setHidden false
02-14 14:13:20.147 D/KeyguardViewMediator(  207): setHidden false
02-14 14:13:20.157 D/KeyguardViewMediator(  207): setHidden false
02-14 14:13:20.177 D/KeyguardViewMediator(  207): setHidden false
02-14 14:13:20.187 D/KeyguardViewMediator(  207): setHidden false
02-14 14:13:20.207 D/KeyguardViewMediator(  207): setHidden false
02-14 14:13:20.227 D/KeyguardViewMediator(  207): setHidden false
02-14 14:13:20.227 D/KeyguardViewMediator(  207): setHidden false
02-14 14:13:20.767 D/KeyguardViewMediator(  207): setHidden false
02-14 14:13:20.797 D/KeyguardViewMediator(  207): setHidden false
02-14 14:13:20.817 D/KeyguardViewMediator(  207): setHidden false
02-14 14:13:20.888 I/Mms/compose( 1070): SLIDESHOW updateSendButtonState enable = true
02-14 14:13:20.888 I/Mms/compose( 1070): SLIDESHOW setSendButtonText isMms = false
02-14 14:13:20.898 I/Mms/compose( 1070): SLIDESHOW setSendButtonText isMms = false
02-14 14:13:20.898 I/Mms/compose( 1070): SLIDESHOW updateSendButtonState enable = true
02-14 14:13:20.898 I/Mms/compose( 1070): SLIDESHOW setSendButtonText isMms = false
02-14 14:13:20.898 I/Mms/compose( 1070): SLIDESHOW setSendButtonText isMms = false
02-14 14:13:20.938 D/KeyguardViewMediator(  207): setHidden false
02-14 14:13:20.958 D/KeyguardViewMediator(  207): setHidden false
02-14 14:13:20.978 D/KeyguardViewMediator(  207): setHidden false
02-14 14:13:20.988 D/KeyguardViewMediator(  207): setHidden false
02-14 14:13:21.008 D/KeyguardViewMediator(  207): setHidden false
02-14 14:13:21.018 D/KeyguardViewMediator(  207): setHidden false
02-14 14:13:21.038 D/KeyguardViewMediator(  207): setHidden false
02-14 14:13:21.038 D/KeyguardViewMediator(  207): setHidden false
02-14 14:13:21.578 D/KeyguardViewMediator(  207): setHidden false
02-14 14:13:21.588 D/KeyguardViewMediator(  207): setHidden false
02-14 14:13:21.608 D/KeyguardViewMediator(  207): setHidden false
02-14 14:13:21.658 D/KeyguardViewMediator(  207): setHidden false
02-14 14:13:21.678 D/KeyguardViewMediator(  207): setHidden false
02-14 14:13:21.688 D/KeyguardViewMediator(  207): setHidden false
02-14 14:13:21.708 D/KeyguardViewMediator(  207): setHidden false
02-14 14:13:21.728 D/KeyguardViewMediator(  207): setHidden false
02-14 14:13:21.738 D/KeyguardViewMediator(  207): setHidden false
02-14 14:13:21.758 D/KeyguardViewMediator(  207): setHidden false
02-14 14:13:21.778 D/KeyguardViewMediator(  207): setHidden false
02-14 14:13:21.869 D/KeyguardViewMediator(  207): setHidden false
02-14 14:13:21.879 D/KeyguardViewMediator(  207): setHidden false
02-14 14:13:21.899 D/KeyguardViewMediator(  207): setHidden false
02-14 14:13:21.989 D/KeyguardViewMediator(  207): setHidden false
02-14 14:13:21.999 D/KeyguardViewMediator(  207): setHidden false
02-14 14:13:22.019 D/KeyguardViewMediator(  207): setHidden false
02-14 14:13:22.039 D/KeyguardViewMediator(  207): setHidden false
02-14 14:13:22.049 D/KeyguardViewMediator(  207): setHidden false
02-14 14:13:22.069 D/KeyguardViewMediator(  207): setHidden false
02-14 14:13:22.079 D/KeyguardViewMediator(  207): setHidden false
02-14 14:13:22.099 D/KeyguardViewMediator(  207): setHidden false
02-14 14:13:22.920 D/KeyguardViewMediator(  207): setHidden false
02-14 14:13:22.930 D/KeyguardViewMediator(  207): setHidden false
02-14 14:13:22.940 I/Mms/compose( 1070): SLIDESHOW updateSendButtonState enable = true
02-14 14:13:22.940 I/Mms/compose( 1070): SLIDESHOW setSendButtonText isMms = false
02-14 14:13:22.950 I/Mms/compose( 1070): SLIDESHOW setSendButtonText isMms = false
02-14 14:13:22.950 D/KeyguardViewMediator(  207): setHidden false
02-14 14:13:22.960 D/KeyguardViewMediator(  207): setHidden false
02-14 14:13:22.970 D/KeyguardViewMediator(  207): setHidden false
02-14 14:13:22.990 D/KeyguardViewMediator(  207): setHidden false
02-14 14:13:23.010 D/KeyguardViewMediator(  207): setHidden false
02-14 14:13:23.020 D/KeyguardViewMediator(  207): setHidden false
02-14 14:13:23.040 D/KeyguardViewMediator(  207): setHidden false
02-14 14:13:23.060 D/KeyguardViewMediator(  207): setHidden false
02-14 14:13:23.060 D/KeyguardViewMediator(  207): setHidden false
02-14 14:13:23.140 D/KeyguardViewMediator(  207): setHidden false
02-14 14:13:23.160 D/KeyguardViewMediator(  207): setHidden false
02-14 14:13:23.170 D/KeyguardViewMediator(  207): setHidden false
02-14 14:13:23.260 D/KeyguardViewMediator(  207): setHidden false
02-14 14:13:23.280 D/KeyguardViewMediator(  207): setHidden false
02-14 14:13:23.290 D/KeyguardViewMediator(  207): setHidden false
02-14 14:13:23.310 D/KeyguardViewMediator(  207): setHidden false
02-14 14:13:23.330 D/KeyguardViewMediator(  207): setHidden false
02-14 14:13:23.340 D/KeyguardViewMediator(  207): setHidden false
02-14 14:13:23.360 D/KeyguardViewMediator(  207): setHidden false
02-14 14:13:23.380 D/KeyguardViewMediator(  207): setHidden false
02-14 14:13:23.580 D/KeyguardViewMediator(  207): setHidden false
02-14 14:13:23.600 D/KeyguardViewMediator(  207): setHidden false
02-14 14:13:23.610 D/KeyguardViewMediator(  207): setHidden false
02-14 14:13:23.690 D/KeyguardViewMediator(  207): setHidden false
02-14 14:13:23.700 D/KeyguardViewMediator(  207): setHidden false
02-14 14:13:23.720 D/KeyguardViewMediator(  207): setHidden false
02-14 14:13:23.730 D/KeyguardViewMediator(  207): setHidden false
02-14 14:13:23.750 D/KeyguardViewMediator(  207): setHidden false
02-14 14:13:23.760 D/KeyguardViewMediator(  207): setHidden false
02-14 14:13:23.780 D/KeyguardViewMediator(  207): setHidden false
02-14 14:13:23.780 D/KeyguardViewMediator(  207): setHidden false
02-14 14:13:23.900 D/KeyguardViewMediator(  207): setHidden false
02-14 14:13:23.921 D/KeyguardViewMediator(  207): setHidden false
02-14 14:13:23.941 D/KeyguardViewMediator(  207): setHidden false
02-14 14:13:23.991 D/KeyguardViewMediator(  207): setHidden false
02-14 14:13:24.001 D/KeyguardViewMediator(  207): setHidden false
02-14 14:13:24.021 D/KeyguardViewMediator(  207): setHidden false
02-14 14:13:24.041 D/KeyguardViewMediator(  207): setHidden false
02-14 14:13:24.051 D/KeyguardViewMediator(  207): setHidden false
02-14 14:13:24.071 D/KeyguardViewMediator(  207): setHidden false
02-14 14:13:24.091 D/KeyguardViewMediator(  207): setHidden false
02-14 14:13:24.101 D/KeyguardViewMediator(  207): setHidden false
02-14 14:13:24.261 D/KeyguardViewMediator(  207): setHidden false
02-14 14:13:24.281 D/KeyguardViewMediator(  207): setHidden false
02-14 14:13:24.291 D/KeyguardViewMediator(  207): setHidden false
02-14 14:13:24.351 I/Mms/compose( 1070): SLIDESHOW updateSendButtonState enable = true
02-14 14:13:24.351 I/Mms/compose( 1070): SLIDESHOW setSendButtonText isMms = false
02-14 14:13:24.351 I/Mms/compose( 1070): SLIDESHOW setSendButtonText isMms = false
02-14 14:13:24.381 D/KeyguardViewMediator(  207): setHidden false
02-14 14:13:24.391 D/DATA    (  332): [DSST(0)] pollstate() : reason = data network state changed
02-14 14:13:24.401 D/KeyguardViewMediator(  207): setHidden false
02-14 14:13:24.411 D/KeyguardViewMediator(  207): setHidden false
02-14 14:13:24.431 D/KeyguardViewMediator(  207): setHidden false
02-14 14:13:24.441 D/MobileDataStateTracker(  207): [hipri]  MobileDataStateReceiver onReceive(): Entry.
02-14 14:13:24.441 D/MobileDataStateTracker(  207): [hipri]  intent.getAction()= android.intent.action.SERVICE_STATE
02-14 14:13:24.441 D/MobileDataStateTracker(  207): [hipri]  mEnabled = false
02-14 14:13:24.441 D/MobileDataStateTracker(  207): [dun]  MobileDataStateReceiver onReceive(): Entry.
02-14 14:13:24.441 D/MobileDataStateTracker(  207): [dun]  intent.getAction()= android.intent.action.SERVICE_STATE
02-14 14:13:24.441 D/MobileDataStateTracker(  207): [dun]  mEnabled = false
02-14 14:13:24.441 D/MobileDataStateTracker(  207): [supl]  MobileDataStateReceiver onReceive(): Entry.
02-14 14:13:24.441 D/MobileDataStateTracker(  207): [supl]  intent.getAction()= android.intent.action.SERVICE_STATE
02-14 14:13:24.441 D/MobileDataStateTracker(  207): [supl]  mEnabled = false
02-14 14:13:24.441 D/MobileDataStateTracker(  207): [mms]  MobileDataStateReceiver onReceive(): Entry.
02-14 14:13:24.441 D/MobileDataStateTracker(  207): [mms]  intent.getAction()= android.intent.action.SERVICE_STATE
02-14 14:13:24.441 D/MobileDataStateTracker(  207): [mms]  mEnabled = false
02-14 14:13:24.441 D/MobileDataStateTracker(  207): [default]  MobileDataStateReceiver onReceive(): Entry.
02-14 14:13:24.441 D/MobileDataStateTracker(  207): [default]  intent.getAction()= android.intent.action.SERVICE_STATE
02-14 14:13:24.441 D/MobileDataStateTracker(  207): [default]  mEnabled = true
02-14 14:13:24.451 D/CallManager(  332):  handleMessage (EVENT_SERVICE_STATE_CHANGED)
02-14 14:13:24.451 D/KeyguardViewMediator(  207): setHidden false
02-14 14:13:24.451 E/BT HS/HF(  332): SERVICE_STATE_CHANGED called
02-14 14:13:24.451 E/BT HS/HF(  332): updateServiceState called, sendUpdate:false  ServiceState:0 home Sprint  310099  EvDo rev. A CSS not supported 41 4139RoamInd: 1RoamStatus(sprint): 1DefRoamInd: 160EmergOnly: false
02-14 14:13:24.451 E/BT HS/HF(  332): service:1 mService:1
02-14 14:13:24.451 D/DATA    (  332): [DSST(0)]  registrationState = 1  radioTechnology = 8 reasonForDenial = 0
02-14 14:13:24.451 D/DATA    (  332): [DSST(0)]  set mNewDataConnectionState = 0
02-14 14:13:24.451 D/DATA    (  332): [DSST(0)]  mNewDataConnectionState : 0  mDataConnectionState : 0
02-14 14:13:24.451 D/DATA    (  332): [DSST(0)] Poll ServiceState done: oldSS=[0 home null null null  EvDo rev. A CSS not supported -1 -1RoamInd: -1RoamStatus(sprint): -1DefRoamInd: -1EmergOnly: false] newSS=[0 home null null null  EvDo rev. A CSS not supported -1 -1RoamInd: -1RoamStatus(sprint): -1DefRoamInd: -1EmergOnly: false]
02-14 14:13:24.451 D/DATA    (  332): [DSST(0)]  mDataConnectionState = 0
02-14 14:13:24.451 D/Mms     ( 1070): currentRoamingStatus:1
02-14 14:13:24.461 D/KeyguardViewMediator(  207): setHidden false
02-14 14:13:24.481 D/KeyguardViewMediator(  207): setHidden false
02-14 14:13:24.481 D/KeyguardViewMediator(  207): setHidden false
02-14 14:13:25.332 D/Mms/compose( 1070): isInternationalRoamingSMSChecked:true
02-14 14:13:25.332 D/Mms/compose( 1070): roamingStatus:1
02-14 14:13:25.342 I/Mms/compose( 1070): SLIDESHOW setSendButtonText isMms = false
02-14 14:13:25.342 I/Mms/compose( 1070): drawBottomPanel, inputmethod
02-14 14:13:25.342 D/Mms/compose( 1070): lyftest updateOtherAttachmentView
02-14 14:13:25.342 I/Mms/compose( 1070): SLIDESHOW updateSendButtonState enable = true
02-14 14:13:25.342 E/MmsCustom( 1070): mms config file_exist,,,custom_file_exist:true
02-14 14:13:25.342 D/SmsMessageSender( 1070): MmsCustom.file_exist()==true
02-14 14:13:25.352 I/Mms/compose( 1070): SLIDESHOW setSendButtonText isMms = false
02-14 14:13:25.392 E/HQB     ( 1070): onReceive  action received com.android.mms.transaction.SEND_MESSAGE
02-14 14:13:25.392 E/HQB     ( 1070): onReceiveWithPrivilege  action received com.android.mms.transaction.SEND_MESSAGE
02-14 14:13:25.422 D/MessageItem( 1070): MessageItem ,expiryDate = 0
02-14 14:13:25.432 D/TextView( 1070): Bug test dmz  setTextZTE Linkify.addLinksZTE is called  
02-14 14:13:25.462 D/MessageItem( 1070): MessageItem ,expiryDate = 0
02-14 14:13:25.462 D/TextView( 1070): Bug test dmz  setTextZTE Linkify.addLinksZTE is called  
02-14 14:13:25.502 D/Bitmap  (  327): Detect unrecycled bitmap.
02-14 14:13:25.512 D/Bitmap  (  327):       Size: 270080 Bytes, Width: 320 , Height: 211 , Hash code: 1079319928
02-14 14:13:25.512 D/Bitmap  (  327):  This bimap was created in:
02-14 14:13:25.512 D/Bitmap  (  327):       android.graphics.Bitmap.<init>(Bitmap.java:136)
02-14 14:13:25.512 D/Bitmap  (  327):       android.graphics.Bitmap.nativeCreate(Native Method)
02-14 14:13:25.512 D/Bitmap  (  327):       android.graphics.Bitmap.createBitmap(Bitmap.java:547)
02-14 14:13:25.512 D/Bitmap  (  327):       com.android.inputmethod.latin.LatinKeyboardBaseView.onBufferDraw(LatinKeyboardBaseView.java:775)
02-14 14:13:25.512 D/Bitmap  (  327):       com.android.inputmethod.latin.LatinKeyboardBaseView.onDraw(LatinKeyboardBaseView.java:763)
02-14 14:13:25.512 D/Bitmap  (  327):       android.view.View.draw(View.java:6880)
02-14 14:13:25.512 D/Bitmap  (  327):       com.android.inputmethod.latin.LatinKeyboardView.draw(LatinKeyboardView.java:353)
02-14 14:13:25.512 D/Bitmap  (  327):       android.view.ViewGroup.drawChild(ViewGroup.java:1649)
02-14 14:13:25.512 D/Bitmap  (  327):       android.view.ViewGroup.dispatchDraw(ViewGroup.java:1376)
02-14 14:13:25.512 D/Bitmap  (  327):       android.view.ViewGroup.drawChild(ViewGroup.java:1647)
02-14 14:13:25.512 D/Bitmap  (  327):       android.view.ViewGroup.dispatchDraw(ViewGroup.java:1376)
02-14 14:13:25.512 D/Bitmap  (  327):       android.view.ViewGroup.drawChild(ViewGroup.java:1647)
02-14 14:13:25.512 D/Bitmap  (  327):       android.view.ViewGroup.dispatchDraw(ViewGroup.java:1376)
02-14 14:13:25.512 D/Bitmap  (  327):       android.view.ViewGroup.drawChild(ViewGroup.java:1647)
02-14 14:13:25.512 D/Bitmap  (  327):       android.view.ViewGroup.dispatchDraw(ViewGroup.java:1376)
02-14 14:13:25.512 D/Bitmap  (  327):       android.view.View.draw(View.java:6883)
02-14 14:13:25.512 D/Bitmap  (  327):       android.widget.FrameLayout.draw(FrameLayout.java:357)
02-14 14:13:25.512 D/Bitmap  (  327):       com.android.internal.policy.impl.PhoneWindow$DecorView.draw(PhoneWindow.java:1866)
02-14 14:13:25.512 D/Bitmap  (  327):       android.view.ViewRoot.draw(ViewRoot.java:1526)
02-14 14:13:25.512 D/Bitmap  (  327):       android.view.ViewRoot.performTraversals(ViewRoot.java:1262)
02-14 14:13:25.512 D/Bitmap  (  327):       android.view.ViewRoot.handleMessage(ViewRoot.java:1864)
02-14 14:13:25.512 D/Bitmap  (  327):       android.os.Handler.dispatchMessage(Handler.java:99)
02-14 14:13:25.512 D/Bitmap  (  327):       android.os.Looper.loop(Looper.java:130)
02-14 14:13:25.512 D/Bitmap  (  327):       android.app.ActivityThread.main(ActivityThread.java:3704)
02-14 14:13:25.512 D/Bitmap  (  327):       java.lang.reflect.Method.invokeNative(Native Method)
02-14 14:13:25.512 D/Bitmap  (  327):       java.lang.reflect.Method.invoke(Method.java:507)
02-14 14:13:25.512 D/Bitmap  (  327):       com.android.internal.os.ZygoteInit$MethodAndArgsCaller.run(ZygoteInit.java:875)
02-14 14:13:25.512 D/Bitmap  (  327):       com.android.internal.os.ZygoteInit.main(ZygoteInit.java:633)
02-14 14:13:25.512 D/Bitmap  (  327):       dalvik.system.NativeStart.main(Native Method)
02-14 14:13:25.512 D/Bitmap  (  327): _
02-14 14:13:25.562 D/MessageItem( 1070): MessageItem ,expiryDate = 0
02-14 14:13:25.562 D/TextView( 1070): Bug test dmz  setTextZTE Linkify.addLinksZTE is called  
02-14 14:13:25.602 D/MessageItem( 1070): MessageItem ,expiryDate = 0
02-14 14:13:25.612 D/TextView( 1070): Bug test dmz  setTextZTE Linkify.addLinksZTE is called  
02-14 14:13:26.073 I/vDM     (  408): KeyCode = 4
02-14 14:13:26.073 I/vDM     (  408): Vdmc getInstance
02-14 14:13:26.073 I/vDM     (  408): Vdmc getInstance
02-14 14:13:26.073 D/DMC     (  408): MyCIMMI getInstance
02-14 14:13:26.073 I/vDM     (  408): Vdmc getInstance
02-14 14:13:26.163 D/KeyguardViewMediator(  207): setHidden false
02-14 14:13:26.173 D/KeyguardViewMediator(  207): setHidden false
02-14 14:13:26.173 I/vDM     (  408): KeyCode = 4
02-14 14:13:26.183 D/KeyguardViewMediator(  207): setHidden false
02-14 14:13:26.193 I/vDM     (  408): Vdmc getInstance
02-14 14:13:26.193 I/vDM     (  408): Vdmc getInstance
02-14 14:13:26.193 D/DMC     (  408): MyCIMMI getInstance
02-14 14:13:26.193 D/MessageItem( 1070): MessageItem ,expiryDate = 0
02-14 14:13:26.193 D/TextView( 1070): Bug test dmz  setTextZTE Linkify.addLinksZTE is called  
02-14 14:13:26.193 D/KeyguardViewMediator(  207): setHidden false
02-14 14:13:26.203 I/vDM     (  408): Vdmc getInstance
02-14 14:13:26.213 D/KeyguardViewMediator(  207): setHidden false
02-14 14:13:26.233 D/KeyguardViewMediator(  207): setHidden false
02-14 14:13:26.233 D/MessageItem( 1070): MessageItem ,expiryDate = 0
02-14 14:13:26.243 D/TextView( 1070): Bug test dmz  setTextZTE Linkify.addLinksZTE is called  
02-14 14:13:26.243 D/KeyguardViewMediator(  207): setHidden false
02-14 14:13:26.263 D/KeyguardViewMediator(  207): setHidden false
02-14 14:13:26.273 D/KeyguardViewMediator(  207): setHidden false
02-14 14:13:26.293 D/KeyguardViewMediator(  207): setHidden false
02-14 14:13:26.313 D/KeyguardViewMediator(  207): setHidden false
02-14 14:13:26.323 D/KeyguardViewMediator(  207): setHidden false
02-14 14:13:26.353 D/KeyguardViewMediator(  207): setHidden false
02-14 14:13:27.914 E/HQB     ( 1070): onReceive  action received com.android.mms.transaction.MESSAGE_SENT
02-14 14:13:27.914 E/HQB     ( 1070): onReceiveWithPrivilege  action received com.android.mms.transaction.MESSAGE_SENT
02-14 14:13:27.954 D/MAP.MapReceiver(  333): Got event in onReceiver com.broadcom.bt.service.map.sms.MESSAGE_SENT_BY_MMS_APP
02-14 14:13:27.984 D/MessageItem( 1070): MessageItem ,expiryDate = 0
02-14 14:13:27.984 D/TextView( 1070): Bug test dmz  setTextZTE Linkify.addLinksZTE is called  
02-14 14:13:27.994 D/MessageItem( 1070): MessageItem ,expiryDate = 0
02-14 14:13:28.005 D/TextView( 1070): Bug test dmz  setTextZTE Linkify.addLinksZTE is called  
02-14 14:13:28.035 D/MessageItem( 1070): MessageItem ,expiryDate = 0
02-14 14:13:28.035 D/TextView( 1070): Bug test dmz  setTextZTE Linkify.addLinksZTE is called  
02-14 14:13:28.045 D/MessageItem( 1070): MessageItem ,expiryDate = 0
02-14 14:13:28.045 D/TextView( 1070): Bug test dmz  setTextZTE Linkify.addLinksZTE is called  
02-14 14:13:28.125 D/DATA    (  332): [DSST(0)] pollstate() : reason = data network state changed
