02-14 14:10:07.199 D/CallLogProvider(  393): DIALER_CALLS
02-14 14:10:07.289 D/AudioTrack(  393): stop 0x4c1830
02-14 14:10:07.289 D/AudioFlinger(  121): stop(4098), calling thread 393
02-14 14:10:07.789 D/ToneGenerator(  393): startTone
02-14 14:10:07.789 D/AudioTrack(  393): start 0x4c1830
02-14 14:10:07.789 D/AudioFlinger(  121): start(4098), calling thread 393 session 23
02-14 14:10:07.799 D/SmartDialerActivity(  393): afterTextChanged
02-14 14:10:07.799 D/SmartDialerActivity(  393): afterTextChanged
02-14 14:10:07.819 E/EmodeControl(  951): -----------------phone info------------
02-14 14:10:07.819 E/EmodeControl(  951): productName=zte_fury
02-14 14:10:07.819 E/EmodeControl(  951): boardName=sean
02-14 14:10:07.819 E/EmodeControl(  951): isCapcitance=true
02-14 14:10:07.819 E/EmodeControl(  951): isHaveVoltameter=false
02-14 14:10:07.819 E/EmodeControl(  951): mFMTest_Type=1
02-14 14:10:07.819 E/EmodeControl(  951): is_clear_oem_partion=false
02-14 14:10:07.819 E/EmodeControl(  951): -----------------phone info------------
02-14 14:10:07.849 D/CallLogProvider(  393): DIALER_CALLS
02-14 14:10:07.869 D/AudioTrack(  393): stop 0x4c1830
02-14 14:10:07.869 D/AudioFlinger(  121): stop(4098), calling thread 393
02-14 14:10:08.600 I/V3Client(  353): SMS type C received
02-14 14:10:08.760 I/V3Client(  353): handling control message code C
02-14 14:10:08.810 I/MediaScanner(  486): doScanFile the temppath: /mnt/sdcard/DCIM/Camera/IMG_20120205_184427.jpg
02-14 14:10:08.880 I/MediaScanner(  486): doScanFile the temppath: /mnt/sdcard/DCIM/Camera/IMG_20120208_091150.jpg
02-14 14:10:08.960 D/SmartDialerActivity(  393): afterTextChanged
02-14 14:10:08.960 D/SmartDialerActivity(  393): afterTextChanged
02-14 14:10:08.960 D/CallLogProvider(  393): DIALER_CALLS
02-14 14:10:09.000 I/MediaScanner(  486): doScanFile the temppath: /mnt/sdcard/DCIM/Camera/IMG_20120205_184641.jpg
02-14 14:10:09.060 I/MediaScanner(  486): doScanFile the temppath: /mnt/sdcard/DCIM/Camera/IMG_20120205_184650.jpg
02-14 14:10:09.221 I/MediaScanner(  486): doScanFile the temppath: /mnt/sdcard/DCIM/Camera/IMG_20120208_105408.jpg
02-14 14:10:09.291 I/MediaScanner(  486): doScanFile the temppath: /mnt/sdcard/DCIM/Camera/Brandon_y_u_so_QR_Droid.png
02-14 14:10:09.361 I/MediaScanner(  486): doScanFile the temppath: /mnt/sdcard/DCIM/Camera/IMG_20120206_223047.jpg
02-14 14:10:09.431 I/MediaScanner(  486): doScanFile the temppath: /mnt/sdcard/DCIM/Camera/IMG_20120208_110200.jpg
02-14 14:10:09.501 I/MediaScanner(  486): doScanFile the temppath: /mnt/sdcard/DCIM/Camera/IMG_20120208_155542.jpg
02-14 14:10:09.591 I/MediaScanner(  486): doScanFile the temppath: /mnt/sdcard/DCIM/Camera/IMG_20120209_091354.jpg
02-14 14:10:09.671 I/MediaScanner(  486): doScanFile the temppath: /mnt/sdcard/DCIM/Camera/IMG_20120213_084906.jpg
02-14 14:10:09.761 I/MediaScanner(  486): doScanFile the temppath: /mnt/sdcard/DCIM/Camera/IMG_20120213_220641.jpg
02-14 14:10:09.811 I/DATA    (  332): [DCT(0) ] onDataCallListChanged:
02-14 14:10:09.811 I/DATA    (  332): [DCT(0) ] ---dc state list---
02-14 14:10:09.811 I/DATA    (  332): [DCT(0) ] DataCallState: { cid: 0, active: 1, type: , apn: , address: 173.112.252.191 }
02-14 14:10:09.811 I/DATA    (  332): [DCT(0) ] ---dc list---
02-14 14:10:09.811 I/DATA    (  332): [DCT(0) ] cid = 0, state = DcActiveState, bearerType = IP, ipaddress = 173.112.252.191, gw=173.112.252.129, dns=[68.28.67.132, 68.28.68.132]
02-14 14:10:09.911 I/MediaScanner(  486): doScanFile the temppath: /mnt/sdcard/download/RecordedMessage1.amr
02-14 14:10:09.931 E/PVMediaScanner(  486): processFile /mnt/sdcard/download/RecordedMessage1.amr mimeType: (null)
02-14 14:10:09.931 E/PVMediaScanner(  486): Start to test wheater the file is drm file = /mnt/sdcard/download/RecordedMessage1.amr
02-14 14:10:09.931 E/PVMediaScanner(  486): Start pfnDrmAPI_IsProtectedFile is good result =0
02-14 14:10:09.931 E/PVMediaScanner(  486): File is not a drm file.
02-14 14:10:10.041 I/MediaScanner(  486): doScanFile the temppath: /mnt/sdcard/download/RecordedMessage2.amr
02-14 14:10:10.051 E/PVMediaScanner(  486): processFile /mnt/sdcard/download/RecordedMessage2.amr mimeType: (null)
02-14 14:10:10.051 E/PVMediaScanner(  486): Start to test wheater the file is drm file = /mnt/sdcard/download/RecordedMessage2.amr
02-14 14:10:10.051 E/PVMediaScanner(  486): Start pfnDrmAPI_IsProtectedFile is good result =0
02-14 14:10:10.051 E/PVMediaScanner(  486): File is not a drm file.
02-14 14:10:10.091 I/MediaScanner(  486): doScanFile the temppath: /mnt/sdcard/download/RecordedMessage1-1.amr
02-14 14:10:10.091 E/PVMediaScanner(  486): processFile /mnt/sdcard/download/RecordedMessage1-1.amr mimeType: (null)
02-14 14:10:10.091 E/PVMediaScanner(  486): Start to test wheater the file is drm file = /mnt/sdcard/download/RecordedMessage1-1.amr
02-14 14:10:10.091 E/PVMediaScanner(  486): Start pfnDrmAPI_IsProtectedFile is good result =0
02-14 14:10:10.091 E/PVMediaScanner(  486): File is not a drm file.
02-14 14:10:10.151 I/MediaScanner(  486): doScanFile the temppath: /mnt/sdcard/download/RecordedMessage1-2.amr
02-14 14:10:10.161 E/PVMediaScanner(  486): processFile /mnt/sdcard/download/RecordedMessage1-2.amr mimeType: (null)
02-14 14:10:10.161 E/PVMediaScanner(  486): Start to test wheater the file is drm file = /mnt/sdcard/download/RecordedMessage1-2.amr
02-14 14:10:10.161 E/PVMediaScanner(  486): Start pfnDrmAPI_IsProtectedFile is good result =0
02-14 14:10:10.161 E/PVMediaScanner(  486): File is not a drm file.
02-14 14:10:10.212 I/MediaScanner(  486): doScanFile the temppath: /mnt/sdcard/download/378964_2629079119276_1024278583_32259313_1827078327_n.jpg
02-14 14:10:10.252 I/MediaScanner(  486): doScanFile the temppath: /mnt/sdcard/download/387203_2496428683098_1024278583_32210847_1187735892_n.jpg
02-14 14:10:10.312 I/MediaScanner(  486): doScanFile the temppath: /mnt/sdcard/download/390966_10150448324446855_653361854_8441084_1378165890_n.jpg
02-14 14:10:10.342 I/MediaScanner(  486): doScanFile the temppath: /mnt/sdcard/recordings/20111216201543.amr
02-14 14:10:10.342 E/PVMediaScanner(  486): processFile /mnt/sdcard/recordings/20111216201543.amr mimeType: (null)
02-14 14:10:10.342 E/PVMediaScanner(  486): Start to test wheater the file is drm file = /mnt/sdcard/recordings/20111216201543.amr
02-14 14:10:10.352 E/PVMediaScanner(  486): Start pfnDrmAPI_IsProtectedFile is good result =0
02-14 14:10:10.352 E/PVMediaScanner(  486): File is not a drm file.
02-14 14:10:10.442 I/MediaScanner(  486): doScanFile the temppath: /mnt/sdcard/recordings/20120208160047.amr
02-14 14:10:10.442 E/PVMediaScanner(  486): processFile /mnt/sdcard/recordings/20120208160047.amr mimeType: (null)
02-14 14:10:10.442 E/PVMediaScanner(  486): Start to test wheater the file is drm file = /mnt/sdcard/recordings/20120208160047.amr
02-14 14:10:10.442 E/PVMediaScanner(  486): Start pfnDrmAPI_IsProtectedFile is good result =0
02-14 14:10:10.442 E/PVMediaScanner(  486): File is not a drm file.
02-14 14:10:10.512 I/MediaScanner(  486): doScanFile the temppath: /mnt/sdcard/Notifications/hangout_ringtone.m4a
02-14 14:10:10.522 E/PVMediaScanner(  486): processFile /mnt/sdcard/Notifications/hangout_ringtone.m4a mimeType: (null)
02-14 14:10:10.522 E/PVMediaScanner(  486): Start to test wheater the file is drm file = /mnt/sdcard/Notifications/hangout_ringtone.m4a
02-14 14:10:10.522 E/PVMediaScanner(  486): Start pfnDrmAPI_IsProtectedFile is good result =0
02-14 14:10:10.522 E/PVMediaScanner(  486): File is not a drm file.
02-14 14:10:10.522 E/PVMediaScanner(  486): parseMP4::parseMP4 returned
02-14 14:10:10.522 E/PVMediaScanner(  486): mp4 error code is (95).
02-14 14:10:10.522 E/PVMediaScanner(  486): mp4 drm brand is (1295270176).
02-14 14:10:10.522 E/PVMediaScanner(  486): mp4 drm count is (1).
02-14 14:10:10.522 E/PVMediaScanner(  486): mp4 MEDIA_TYPE_AUDIO  hasAudio.
02-14 14:10:10.522 E/PVMediaScanner(  486): mp4 error hasAudio is (1),hasVideo is 0
02-14 14:10:10.522 E/PVMediaScanner(  486): mp4 MEDIA_TYPE_VISUAL  brand = 0
02-14 14:10:10.522 E/PVMediaScanner(  486): mp4 audio/mp4 
02-14 14:10:10.522 E/MediaScanner(  486): mp4 drm  setMimeType mimeType is (audio/mp4).
02-14 14:10:10.522 E/MediaScanner(  486): mp4 drm  setMimeType ret is (1).
02-14 14:10:10.522 E/PVMediaScanner(  486): mp4 result is 1 
02-14 14:10:10.572 I/DATA    (  332): [DCT(0) ] onDataCallListChanged:
02-14 14:10:10.572 I/DATA    (  332): [DCT(0) ] ---dc state list---
02-14 14:10:10.572 I/DATA    (  332): [DCT(0) ] DataCallState: { cid: 0, active: 2, type: , apn: , address: 173.112.252.191 }
02-14 14:10:10.572 I/DATA    (  332): [DCT(0) ] ---dc list---
02-14 14:10:10.572 I/DATA    (  332): [DCT(0) ] cid = 0, state = DcActiveState, bearerType = IP, ipaddress = 173.112.252.191, gw=173.112.252.129, dns=[68.28.67.132, 68.28.68.132]
02-14 14:10:10.632 I/MediaScanner(  486): doScanFile the temppath: /mnt/sdcard/bluetooth/04 10,000 Reasons (Bless the Lord).mp3
02-14 14:10:10.632 E/PVMediaScanner(  486): processFile /mnt/sdcard/bluetooth/04 10,000 Reasons (Bless the Lord).mp3 mimeType: (null)
02-14 14:10:10.632 E/PVMediaScanner(  486): Start to test wheater the file is drm file = /mnt/sdcard/bluetooth/04 10,000 Reasons (Bless the Lord).mp3
02-14 14:10:10.632 E/PVMediaScanner(  486): Start pfnDrmAPI_IsProtectedFile is good result =0
02-14 14:10:10.632 E/PVMediaScanner(  486): File is not a drm file.
02-14 14:10:10.632 E/PVMediaScanner(  486): IMpeg3File::ParseMp3File returned
02-14 14:10:10.892 D/AudioHardwareMSM7X30(  121): AudioStreamOutMSM72xx::standby()
02-14 14:10:10.892 D/AudioHardwareMSM7X30(  121): Deroute pcm out stream
02-14 14:10:10.892 D/AudioHardwareMSM7X30(  121): updateDeviceInfo: E rx_device 2 and tx_device 3
02-14 14:10:10.892 D/AudioHardwareMSM7X30(  121): No active voicecall/playback, disabling cur_rx 2
02-14 14:10:10.892 D/AudioHardwareMSM7X30(  121): value of device and enable is 2 0 ALSA dev id:3
02-14 14:10:10.902 D/AudioHardwareMSM7X30(  121): No active voicecall/recording, disabling cur_tx 3
02-14 14:10:10.902 D/AudioHardwareMSM7X30(  121): value of device and enable is 3 0 ALSA dev id:10
02-14 14:10:10.902 E/AudioHardwareMSM7X30(  121): There is no node in the routing table!
02-14 14:10:10.902 D/AudioHardwareMSM7X30(  121): updateDeviceInfo: X cur_rx 2 cur_tx 3
02-14 14:10:10.902 I/MediaScanner(  486): doScanFile the temppath: /mnt/sdcard/bluetooth/01 FOSS.mp3
02-14 14:10:10.902 E/PVMediaScanner(  486): processFile /mnt/sdcard/bluetooth/01 FOSS.mp3 mimeType: (null)
02-14 14:10:10.902 E/PVMediaScanner(  486): Start to test wheater the file is drm file = /mnt/sdcard/bluetooth/01 FOSS.mp3
02-14 14:10:10.912 E/PVMediaScanner(  486): Start pfnDrmAPI_IsProtectedFile is good result =0
02-14 14:10:10.912 E/PVMediaScanner(  486): File is not a drm file.
02-14 14:10:10.912 E/PVMediaScanner(  486): IMpeg3File::ParseMp3File returned
02-14 14:10:11.273 I/MediaScanner(  486): doScanFile the temppath: /mnt/sdcard/bluetooth/02 1000 miles.mp3
02-14 14:10:11.273 E/PVMediaScanner(  486): processFile /mnt/sdcard/bluetooth/02 1000 miles.mp3 mimeType: (null)
02-14 14:10:11.273 E/PVMediaScanner(  486): Start to test wheater the file is drm file = /mnt/sdcard/bluetooth/02 1000 miles.mp3
02-14 14:10:11.313 E/PVMediaScanner(  486): Start pfnDrmAPI_IsProtectedFile is good result =0
02-14 14:10:11.313 E/PVMediaScanner(  486): File is not a drm file.
02-14 14:10:11.313 E/PVMediaScanner(  486): IMpeg3File::ParseMp3File returned
02-14 14:10:11.483 I/MediaScanner(  486): doScanFile the temppath: /mnt/sdcard/bluetooth/03 pink rolex.mp3
02-14 14:10:11.483 E/PVMediaScanner(  486): processFile /mnt/sdcard/bluetooth/03 pink rolex.mp3 mimeType: (null)
02-14 14:10:11.483 E/PVMediaScanner(  486): Start to test wheater the file is drm file = /mnt/sdcard/bluetooth/03 pink rolex.mp3
02-14 14:10:11.493 E/PVMediaScanner(  486): Start pfnDrmAPI_IsProtectedFile is good result =0
02-14 14:10:11.493 E/PVMediaScanner(  486): File is not a drm file.
02-14 14:10:11.493 E/PVMediaScanner(  486): IMpeg3File::ParseMp3File returned
02-14 14:10:11.603 D/ToneGenerator(  393): startTone
02-14 14:10:11.603 D/AudioTrack(  393): start 0x4c1830
02-14 14:10:11.603 D/AudioFlinger(  121): start(4098), calling thread 393 session 23
02-14 14:10:11.603 D/SmartDialerActivity(  393): afterTextChanged
02-14 14:10:11.603 D/SmartDialerActivity(  393): afterTextChanged
02-14 14:10:11.613 D/CallLogProvider(  393): DIALER_CALLS
02-14 14:10:11.613 D/AudioHardwareMSM7X30(  121): value of device and enable is 2 1 ALSA dev id:3
02-14 14:10:11.693 D/AudioHardwareMSM7X30(  121): msm_route_stream(PCM_PLAY,5,3,1)
02-14 14:10:11.723 D/AudioTrack(  393): stop 0x4c1830
02-14 14:10:11.723 D/AudioFlinger(  121): stop(4098), calling thread 393
02-14 14:10:11.873 I/MediaScanner(  486): doScanFile the temppath: /mnt/sdcard/bluetooth/04 melt.mp3
02-14 14:10:11.873 E/PVMediaScanner(  486): processFile /mnt/sdcard/bluetooth/04 melt.mp3 mimeType: (null)
02-14 14:10:11.873 E/PVMediaScanner(  486): Start to test wheater the file is drm file = /mnt/sdcard/bluetooth/04 melt.mp3
02-14 14:10:11.873 E/PVMediaScanner(  486): Start pfnDrmAPI_IsProtectedFile is good result =0
02-14 14:10:11.873 E/PVMediaScanner(  486): File is not a drm file.
02-14 14:10:11.873 E/PVMediaScanner(  486): IMpeg3File::ParseMp3File returned
02-14 14:10:12.063 D/ToneGenerator(  393): startTone
02-14 14:10:12.063 D/AudioTrack(  393): start 0x4c1830
02-14 14:10:12.063 D/AudioFlinger(  121): start(4098), calling thread 393 session 23
02-14 14:10:12.063 D/SmartDialerActivity(  393): afterTextChanged
02-14 14:10:12.063 D/SmartDialerActivity(  393): afterTextChanged
02-14 14:10:12.073 E/EmodeControl(  951): -----------------phone info------------
02-14 14:10:12.073 E/EmodeControl(  951): productName=zte_fury
02-14 14:10:12.073 E/EmodeControl(  951): boardName=sean
02-14 14:10:12.073 E/EmodeControl(  951): isCapcitance=true
02-14 14:10:12.073 E/EmodeControl(  951): isHaveVoltameter=false
02-14 14:10:12.073 E/EmodeControl(  951): mFMTest_Type=1
02-14 14:10:12.073 E/EmodeControl(  951): is_clear_oem_partion=false
02-14 14:10:12.073 E/EmodeControl(  951): -----------------phone info------------
02-14 14:10:12.093 D/CallLogProvider(  393): DIALER_CALLS
02-14 14:10:12.173 D/AudioTrack(  393): stop 0x4c1830
02-14 14:10:12.173 D/AudioFlinger(  121): stop(4098), calling thread 393
02-14 14:10:12.644 I/MediaScanner(  486): doScanFile the temppath: /mnt/sdcard/bluetooth/05 tonight.mp3
02-14 14:10:12.644 E/PVMediaScanner(  486): processFile /mnt/sdcard/bluetooth/05 tonight.mp3 mimeType: (null)
02-14 14:10:12.644 E/PVMediaScanner(  486): Start to test wheater the file is drm file = /mnt/sdcard/bluetooth/05 tonight.mp3
02-14 14:10:12.644 E/PVMediaScanner(  486): Start pfnDrmAPI_IsProtectedFile is good result =0
02-14 14:10:12.644 E/PVMediaScanner(  486): File is not a drm file.
02-14 14:10:12.644 E/PVMediaScanner(  486): IMpeg3File::ParseMp3File returned
02-14 14:10:12.854 I/MediaScanner(  486): doScanFile the temppath: /mnt/sdcard/bluetooth/06 polyrhythm winter.mp3
02-14 14:10:12.864 E/PVMediaScanner(  486): processFile /mnt/sdcard/bluetooth/06 polyrhythm winter.mp3 mimeType: (null)
02-14 14:10:12.864 E/PVMediaScanner(  486): Start to test wheater the file is drm file = /mnt/sdcard/bluetooth/06 polyrhythm winter.mp3
02-14 14:10:12.864 E/PVMediaScanner(  486): Start pfnDrmAPI_IsProtectedFile is good result =0
02-14 14:10:12.864 E/PVMediaScanner(  486): File is not a drm file.
02-14 14:10:12.864 E/PVMediaScanner(  486): IMpeg3File::ParseMp3File returned
02-14 14:10:13.084 I/MediaScanner(  486): doScanFile the temppath: /mnt/sdcard/bluetooth/07 狂.mp3
02-14 14:10:13.084 E/PVMediaScanner(  486): processFile /mnt/sdcard/bluetooth/07 狂.mp3 mimeType: (null)
02-14 14:10:13.084 E/PVMediaScanner(  486): Start to test wheater the file is drm file = /mnt/sdcard/bluetooth/07 狂.mp3
02-14 14:10:13.084 E/PVMediaScanner(  486): Start pfnDrmAPI_IsProtectedFile is good result =0
02-14 14:10:13.084 E/PVMediaScanner(  486): File is not a drm file.
02-14 14:10:13.084 E/PVMediaScanner(  486): IMpeg3File::ParseMp3File returned
02-14 14:10:13.144 I/V3Client(  353): HTTP resp: 200 OK
02-14 14:10:13.144 I/V3Client(  353): CLAIM SUCCESS!
02-14 14:10:13.345 I/MediaScanner(  486): doScanFile the temppath: /mnt/sdcard/bluetooth/08 eighty six.mp3
02-14 14:10:13.345 E/PVMediaScanner(  486): processFile /mnt/sdcard/bluetooth/08 eighty six.mp3 mimeType: (null)
02-14 14:10:13.345 E/PVMediaScanner(  486): Start to test wheater the file is drm file = /mnt/sdcard/bluetooth/08 eighty six.mp3
02-14 14:10:13.345 E/PVMediaScanner(  486): Start pfnDrmAPI_IsProtectedFile is good result =0
02-14 14:10:13.345 E/PVMediaScanner(  486): File is not a drm file.
02-14 14:10:13.345 E/PVMediaScanner(  486): IMpeg3File::ParseMp3File returned
02-14 14:10:13.905 E/rmt_storage(  137): [MyTag]open: fd=-1
02-14 14:10:13.905 E/rmt_storage(  137): block rmt_storage client thread
02-14 14:10:14.025 I/MediaScanner(  486): doScanFile the temppath: /mnt/sdcard/bluetooth/09 crying.mp3
02-14 14:10:14.025 E/PVMediaScanner(  486): processFile /mnt/sdcard/bluetooth/09 crying.mp3 mimeType: (null)
02-14 14:10:14.025 E/PVMediaScanner(  486): Start to test wheater the file is drm file = /mnt/sdcard/bluetooth/09 crying.mp3
02-14 14:10:14.025 I/V3Client(  353): HTTP req: POST https://sparkle.locationlabs.com/client/v2/claim
02-14 14:10:14.055 E/PVMediaScanner(  486): Start pfnDrmAPI_IsProtectedFile is good result =0
02-14 14:10:14.055 E/PVMediaScanner(  486): File is not a drm file.
02-14 14:10:14.055 E/PVMediaScanner(  486): IMpeg3File::ParseMp3File returned
02-14 14:10:14.306 I/MediaScanner(  486): doScanFile the temppath: /mnt/sdcard/bluetooth/10 mimic.mp3
02-14 14:10:14.316 E/PVMediaScanner(  486): processFile /mnt/sdcard/bluetooth/10 mimic.mp3 mimeType: (null)
02-14 14:10:14.316 E/PVMediaScanner(  486): Start to test wheater the file is drm file = /mnt/sdcard/bluetooth/10 mimic.mp3
02-14 14:10:14.316 E/PVMediaScanner(  486): Start pfnDrmAPI_IsProtectedFile is good result =0
02-14 14:10:14.316 E/PVMediaScanner(  486): File is not a drm file.
02-14 14:10:14.316 E/PVMediaScanner(  486): IMpeg3File::ParseMp3File returned
02-14 14:10:14.546 I/MediaScanner(  486): doScanFile the temppath: /mnt/sdcard/bluetooth/11 1-4.mp3
02-14 14:10:14.546 E/PVMediaScanner(  486): processFile /mnt/sdcard/bluetooth/11 1-4.mp3 mimeType: (null)
02-14 14:10:14.546 E/PVMediaScanner(  486): Start to test wheater the file is drm file = /mnt/sdcard/bluetooth/11 1-4.mp3
02-14 14:10:14.566 E/PVMediaScanner(  486): Start pfnDrmAPI_IsProtectedFile is good result =0
02-14 14:10:14.566 E/PVMediaScanner(  486): File is not a drm file.
02-14 14:10:14.566 E/PVMediaScanner(  486): IMpeg3File::ParseMp3File returned
02-14 14:10:14.926 D/SmartDialerActivity(  393): afterTextChanged
02-14 14:10:14.926 D/SmartDialerActivity(  393): afterTextChanged
02-14 14:10:14.966 D/CallLogProvider(  393): DIALER_CALLS
02-14 14:10:15.126 D/SmartDialerActivity(  393): afterTextChanged
02-14 14:10:15.126 D/SmartDialerActivity(  393): afterTextChanged
02-14 14:10:15.126 D/CallLogProvider(  393): DIALER_CALLS
02-14 14:10:15.196 D/AudioHardwareMSM7X30(  121): AudioStreamOutMSM72xx::standby()
02-14 14:10:15.196 D/AudioHardwareMSM7X30(  121): Deroute pcm out stream
02-14 14:10:15.196 D/AudioHardwareMSM7X30(  121): updateDeviceInfo: E rx_device 2 and tx_device 3
02-14 14:10:15.196 D/AudioHardwareMSM7X30(  121): No active voicecall/playback, disabling cur_rx 2
02-14 14:10:15.196 D/AudioHardwareMSM7X30(  121): value of device and enable is 2 0 ALSA dev id:3
02-14 14:10:15.206 D/AudioHardwareMSM7X30(  121): No active voicecall/recording, disabling cur_tx 3
02-14 14:10:15.206 D/AudioHardwareMSM7X30(  121): value of device and enable is 3 0 ALSA dev id:10
02-14 14:10:15.206 E/AudioHardwareMSM7X30(  121): There is no node in the routing table!
02-14 14:10:15.206 D/AudioHardwareMSM7X30(  121): updateDeviceInfo: X cur_rx 2 cur_tx 3
02-14 14:10:15.286 D/SmartDialerActivity(  393): afterTextChanged
02-14 14:10:15.286 D/SmartDialerActivity(  393): afterTextChanged
02-14 14:10:15.307 D/CallLogProvider(  393): DIALER_CALLS
02-14 14:10:15.457 I/MediaScanner(  486): doScanFile the temppath: /mnt/sdcard/bluetooth/12 GSMD.mp3
02-14 14:10:15.457 E/PVMediaScanner(  486): processFile /mnt/sdcard/bluetooth/12 GSMD.mp3 mimeType: (null)
02-14 14:10:15.457 E/PVMediaScanner(  486): Start to test wheater the file is drm file = /mnt/sdcard/bluetooth/12 GSMD.mp3
02-14 14:10:15.477 E/PVMediaScanner(  486): Start pfnDrmAPI_IsProtectedFile is good result =0
02-14 14:10:15.477 E/PVMediaScanner(  486): File is not a drm file.
02-14 14:10:15.477 E/PVMediaScanner(  486): IMpeg3File::ParseMp3File returned
02-14 14:10:15.707 D/SmartDialerActivity(  393): afterTextChanged
02-14 14:10:15.707 D/SmartDialerActivity(  393): afterTextChanged
02-14 14:10:15.707 D/CallLogProvider(  393): DIALER_CALLS
02-14 14:10:15.727 I/MediaScanner(  486): doScanFile the temppath: /mnt/sdcard/bluetooth/13 temptation.mp3
02-14 14:10:15.727 E/PVMediaScanner(  486): processFile /mnt/sdcard/bluetooth/13 temptation.mp3 mimeType: (null)
02-14 14:10:15.727 E/PVMediaScanner(  486): Start to test wheater the file is drm file = /mnt/sdcard/bluetooth/13 temptation.mp3
02-14 14:10:15.727 E/PVMediaScanner(  486): Start pfnDrmAPI_IsProtectedFile is good result =0
02-14 14:10:15.727 E/PVMediaScanner(  486): File is not a drm file.
02-14 14:10:15.727 E/PVMediaScanner(  486): IMpeg3File::ParseMp3File returned
02-14 14:10:15.957 I/MediaScanner(  486): doScanFile the temppath: /mnt/sdcard/bluetooth/14 give up - 日本盤 Bonus Track -.mp3
02-14 14:10:15.957 E/PVMediaScanner(  486): processFile /mnt/sdcard/bluetooth/14 give up - 日本盤 Bonus Track -.mp3 mimeType: (null)
02-14 14:10:15.957 E/PVMediaScanner(  486): Start to test wheater the file is drm file = /mnt/sdcard/bluetooth/14 give up - 日本盤 Bonus Track -.mp3
02-14 14:10:15.957 E/PVMediaScanner(  486): Start pfnDrmAPI_IsProtectedFile is good result =0
02-14 14:10:15.957 E/PVMediaScanner(  486): File is not a drm file.
02-14 14:10:15.957 E/PVMediaScanner(  486): IMpeg3File::ParseMp3File returned
02-14 14:10:16.217 I/MediaScanner(  486): doScanFile the temppath: /mnt/sdcard/bluetooth/15 empty mind - 日本盤 Bonus Track -.mp3
02-14 14:10:16.217 E/PVMediaScanner(  486): processFile /mnt/sdcard/bluetooth/15 empty mind - 日本盤 Bonus Track -.mp3 mimeType: (null)
02-14 14:10:16.217 E/PVMediaScanner(  486): Start to test wheater the file is drm file = /mnt/sdcard/bluetooth/15 empty mind - 日本盤 Bonus Track -.mp3
02-14 14:10:16.217 E/PVMediaScanner(  486): Start pfnDrmAPI_IsProtectedFile is good result =0
02-14 14:10:16.217 E/PVMediaScanner(  486): File is not a drm file.
02-14 14:10:16.217 E/PVMediaScanner(  486): IMpeg3File::ParseMp3File returned
02-14 14:10:16.488 I/MediaScanner(  486): doScanFile the temppath: /mnt/sdcard/media/audio/notifications/facebook_ringtone_pop.m4a
02-14 14:10:16.498 E/PVMediaScanner(  486): processFile /mnt/sdcard/media/audio/notifications/facebook_ringtone_pop.m4a mimeType: (null)
02-14 14:10:16.498 E/PVMediaScanner(  486): Start to test wheater the file is drm file = /mnt/sdcard/media/audio/notifications/facebook_ringtone_pop.m4a
02-14 14:10:16.498 E/PVMediaScanner(  486): Start pfnDrmAPI_IsProtectedFile is good result =0
02-14 14:10:16.498 E/PVMediaScanner(  486): File is not a drm file.
02-14 14:10:16.498 E/PVMediaScanner(  486): parseMP4::parseMP4 returned
02-14 14:10:16.498 E/PVMediaScanner(  486): mp4 error code is (95).
02-14 14:10:16.498 E/PVMediaScanner(  486): mp4 drm brand is (1295270176).
02-14 14:10:16.498 E/PVMediaScanner(  486): mp4 drm count is (1).
02-14 14:10:16.498 E/PVMediaScanner(  486): mp4 MEDIA_TYPE_AUDIO  hasAudio.
02-14 14:10:16.498 E/PVMediaScanner(  486): mp4 error hasAudio is (1),hasVideo is 0
02-14 14:10:16.498 E/PVMediaScanner(  486): mp4 MEDIA_TYPE_VISUAL  brand = 0
02-14 14:10:16.498 E/PVMediaScanner(  486): mp4 audio/mp4 
02-14 14:10:16.498 E/MediaScanner(  486): mp4 drm  setMimeType mimeType is (audio/mp4).
02-14 14:10:16.498 E/MediaScanner(  486): mp4 drm  setMimeType ret is (1).
02-14 14:10:16.498 E/PVMediaScanner(  486): mp4 result is 1 
02-14 14:10:16.608 I/MediaScanner(  486): doScanFile the temppath: /mnt/sdcard/QrDroid/Brandon_y_u_so_QR_Droid.png
02-14 14:10:16.648 I/MediaScanner(  486): doScanFile the temppath: /mnt/sdcard/QrDroid/tmp/QR_Droid_86567.png
02-14 14:10:16.688 I/MediaScanner(  486): doScanFile the temppath: /mnt/sdcard/QrDroid/tmp/QR_Droid_14960.png
02-14 14:10:16.708 I/MediaScanner(  486): doScanFile the temppath: /mnt/sdcard/QrDroid/tmp/QR_Droid_78866.png
02-14 14:10:16.768 I/V3Client(  353): HTTP resp: 200 OK
02-14 14:10:16.768 I/V3Client(  353): CLAIM SUCCESS!
02-14 14:10:16.778 I/MediaScanner(  486): doScanFile the temppath: /mnt/sdcard/Nicholas Seron/Audio Files/Project 3.wav
02-14 14:10:16.778 E/PVMediaScanner(  486): processFile /mnt/sdcard/Nicholas Seron/Audio Files/Project 3.wav mimeType: (null)
02-14 14:10:16.778 E/PVMediaScanner(  486): Start to test wheater the file is drm file = /mnt/sdcard/Nicholas Seron/Audio Files/Project 3.wav
02-14 14:10:16.778 E/PVMediaScanner(  486): Start pfnDrmAPI_IsProtectedFile is good result =0
02-14 14:10:16.778 E/PVMediaScanner(  486): File is not a drm file.
02-14 14:10:16.948 I/MediaScanner(  486): doScanFile the temppath: /mnt/sdcard/Nicholas Seron/Audio Files/._Project 3.wav
02-14 14:10:17.479 I/V3Client(  353): HTTP req: GET https://sparkle.locationlabs.com/client/v2/settings
02-14 14:10:17.669 I/wpa_supplicant(  312): State: INACTIVE -> SCANNING
02-14 14:10:17.669 I/wpa_supplicant(  312): CTRL-EVENT-STATE-CHANGE id=-1 state=2 BSSID=00:00:00:00:00:00
02-14 14:10:17.669 D/NetworkStateTracker(  207): setDetailed state, old =IDLE and new state=SCANNING
02-14 14:10:18.049 D/ToneGenerator(  393): startTone
02-14 14:10:18.049 D/AudioTrack(  393): start 0x4c1830
02-14 14:10:18.049 D/AudioFlinger(  121): start(4098), calling thread 393 session 23
02-14 14:10:18.049 D/SmartDialerActivity(  393): afterTextChanged
02-14 14:10:18.049 D/SmartDialerActivity(  393): afterTextChanged
02-14 14:10:18.059 D/AudioHardwareMSM7X30(  121): value of device and enable is 2 1 ALSA dev id:3
02-14 14:10:18.079 D/CallLogProvider(  393): DIALER_CALLS
02-14 14:10:18.129 D/AudioHardwareMSM7X30(  121): msm_route_stream(PCM_PLAY,5,3,1)
02-14 14:10:18.159 D/AudioTrack(  393): stop 0x4c1830
02-14 14:10:18.159 D/AudioFlinger(  121): stop(4098), calling thread 393
02-14 14:10:18.249 D/ToneGenerator(  393): startTone
02-14 14:10:18.249 D/AudioTrack(  393): start 0x4c1830
02-14 14:10:18.249 D/AudioFlinger(  121): start(4098), calling thread 393 session 23
02-14 14:10:18.249 D/SmartDialerActivity(  393): afterTextChanged
02-14 14:10:18.249 D/SmartDialerActivity(  393): afterTextChanged
02-14 14:10:18.289 D/CallLogProvider(  393): DIALER_CALLS
02-14 14:10:18.319 I/MediaScanner(  486): doScanFile the temppath: /mnt/sdcard/JCCC Music Composition/._BlaBlaBlaHuaa.mp3
02-14 14:10:18.319 I/MediaScanner(  486): doScanFile the temppath: /mnt/sdcard/JCCC Music Composition/._Brandon Smith Project II 1.mp3
02-14 14:10:18.319 I/MediaScanner(  486): doScanFile the temppath: /mnt/sdcard/JCCC Music Composition/._Swamps of Light.mp3
02-14 14:10:18.319 I/MediaScanner(  486): doScanFile the temppath: /mnt/sdcard/JCCC Music Composition/BlaBlaBlaHuaa.mp3
02-14 14:10:18.319 E/PVMediaScanner(  486): processFile /mnt/sdcard/JCCC Music Composition/BlaBlaBlaHuaa.mp3 mimeType: (null)
02-14 14:10:18.319 E/PVMediaScanner(  486): Start to test wheater the file is drm file = /mnt/sdcard/JCCC Music Composition/BlaBlaBlaHuaa.mp3
02-14 14:10:18.319 D/AudioTrack(  393): stop 0x4c1830
02-14 14:10:18.319 D/AudioFlinger(  121): stop(4098), calling thread 393
02-14 14:10:18.319 E/PVMediaScanner(  486): Start pfnDrmAPI_IsProtectedFile is good result =0
02-14 14:10:18.319 E/PVMediaScanner(  486): File is not a drm file.
02-14 14:10:18.319 E/PVMediaScanner(  486): IMpeg3File::ParseMp3File returned
02-14 14:10:18.410 I/MediaScanner(  486): doScanFile the temppath: /mnt/sdcard/JCCC Music Composition/Brandon Smith Project II 1.mp3
02-14 14:10:18.410 E/PVMediaScanner(  486): processFile /mnt/sdcard/JCCC Music Composition/Brandon Smith Project II 1.mp3 mimeType: (null)
02-14 14:10:18.410 E/PVMediaScanner(  486): Start to test wheater the file is drm file = /mnt/sdcard/JCCC Music Composition/Brandon Smith Project II 1.mp3
02-14 14:10:18.410 E/PVMediaScanner(  486): Start pfnDrmAPI_IsProtectedFile is good result =0
02-14 14:10:18.410 E/PVMediaScanner(  486): File is not a drm file.
02-14 14:10:18.410 E/PVMediaScanner(  486): IMpeg3File::ParseMp3File returned
02-14 14:10:18.530 I/MediaScanner(  486): doScanFile the temppath: /mnt/sdcard/JCCC Music Composition/Swamps of Light.mp3
02-14 14:10:18.530 E/PVMediaScanner(  486): processFile /mnt/sdcard/JCCC Music Composition/Swamps of Light.mp3 mimeType: (null)
02-14 14:10:18.530 E/PVMediaScanner(  486): Start to test wheater the file is drm file = /mnt/sdcard/JCCC Music Composition/Swamps of Light.mp3
02-14 14:10:18.540 E/PVMediaScanner(  486): Start pfnDrmAPI_IsProtectedFile is good result =0
02-14 14:10:18.540 E/PVMediaScanner(  486): File is not a drm file.
02-14 14:10:18.540 E/PVMediaScanner(  486): IMpeg3File::ParseMp3File returned
02-14 14:10:18.630 I/wpa_supplicant(  312): State: SCANNING -> INACTIVE
02-14 14:10:18.630 I/wpa_supplicant(  312): CTRL-EVENT-STATE-CHANGE id=-1 state=1 BSSID=00:00:00:00:00:00
02-14 14:10:18.630 I/dun_service(  129): process rmnet event
02-14 14:10:18.630 I/dun_service(  129): Post event 4
02-14 14:10:18.630 I/dun_service(  129): received event: DUN_EVENT_RMNET_UP 
02-14 14:10:18.630 I/dun_service(  129): received event(DUN_EVENT_RMNET_UP) in state(DUN_STATE_USB_UNPLUG)
02-14 14:10:18.630 I/dun_service(  129): Ignoring the event DUN_EVENT_RMNET_UP in USB_UNPLUG_STATE
02-14 14:10:18.630 I/dun_service(  129): Moved to state(DUN_STATE_USB_UNPLUG)
02-14 14:10:18.630 D/NetworkStateTracker(  207): setDetailed state, old =SCANNING and new state=IDLE
02-14 14:10:18.630 D/WifiStateTracker(  207): setNotificationVisible() visible=false mNotificationShown=false force=false return.
02-14 14:10:18.710 D/ToneGenerator(  393): startTone
02-14 14:10:18.710 D/AudioTrack(  393): start 0x4c1830
02-14 14:10:18.710 D/AudioFlinger(  121): start(4098), calling thread 393 session 23
02-14 14:10:18.710 D/SmartDialerActivity(  393): afterTextChanged
02-14 14:10:18.710 D/SmartDialerActivity(  393): afterTextChanged
02-14 14:10:18.720 E/EmodeControl(  951): -----------------phone info------------
02-14 14:10:18.720 E/EmodeControl(  951): productName=zte_fury
02-14 14:10:18.720 E/EmodeControl(  951): boardName=sean
02-14 14:10:18.720 E/EmodeControl(  951): isCapcitance=true
02-14 14:10:18.720 E/EmodeControl(  951): isHaveVoltameter=false
02-14 14:10:18.720 E/EmodeControl(  951): mFMTest_Type=1
02-14 14:10:18.720 E/EmodeControl(  951): is_clear_oem_partion=false
02-14 14:10:18.720 E/EmodeControl(  951): -----------------phone info------------
02-14 14:10:18.730 D/KeyguardViewMediator(  207): setHidden false
02-14 14:10:18.740 D/KeyguardViewMediator(  207): setHidden false
02-14 14:10:18.750 D/CallLogProvider(  393): DIALER_CALLS
02-14 14:10:18.770 D/ToneGenerator(  393): stopTone
02-14 14:10:18.810 D/AudioTrack(  393): stop 0x4c1830
02-14 14:10:18.810 D/AudioFlinger(  121): stop(4098), calling thread 393
02-14 14:10:18.830 D/AudioTrack(  393): stop 0x4c1830
02-14 14:10:18.830 I/MediaScanner(  486): doScanFile the temppath: /mnt/sdcard/05 If you don't know what to do just -by- C418.mp3
02-14 14:10:18.830 E/PVMediaScanner(  486): processFile /mnt/sdcard/05 If you don't know what to do just -by- C418.mp3 mimeType: (null)
02-14 14:10:18.830 E/PVMediaScanner(  486): Start to test wheater the file is drm file = /mnt/sdcard/05 If you don't know what to do just -by- C418.mp3
02-14 14:10:18.830 E/PVMediaScanner(  486): Start pfnDrmAPI_IsProtectedFile is good result =0
02-14 14:10:18.830 E/PVMediaScanner(  486): File is not a drm file.
02-14 14:10:18.830 E/PVMediaScanner(  486): IMpeg3File::ParseMp3File returned
02-14 14:10:18.840 D/AudioFlinger(  121): remove track (4098) and delete from mixer
02-14 14:10:18.850 D/KeyguardViewMediator(  207): setHidden false
02-14 14:10:18.850 D/KeyguardViewMediator(  207): setHidden false
02-14 14:10:18.860 I/hubo    (  207): Activity {com.zte.emode/com.zte.emode.UsbSwitchTest}
02-14 14:10:18.860 D/KeyguardViewMediator(  207): setHidden false
02-14 14:10:18.880 D/KeyguardViewMediator(  207): setHidden false
02-14 14:10:18.900 D/KeyguardViewMediator(  207): setHidden false
02-14 14:10:18.910 D/KeyguardViewMediator(  207): setHidden false
02-14 14:10:18.930 D/KeyguardViewMediator(  207): setHidden false
02-14 14:10:18.940 D/PowerManagerService(  207): acquireWakeLock flags=0x1a tag=com.zte.emode.UsbSwitchTest
02-14 14:10:18.940 E/Emode   (  951): [14:10:18] com.zte.emode.UsbSwitchTest  onResume    WakeLock:acquire   =true
02-14 14:10:18.940 D/KeyguardViewMediator(  207): setHidden false
02-14 14:10:18.950 D/KeyguardViewMediator(  207): setHidden false
02-14 14:10:18.970 D/KeyguardViewMediator(  207): setHidden false
02-14 14:10:18.980 D/KeyguardViewMediator(  207): setHidden false
02-14 14:10:19.000 D/KeyguardViewMediator(  207): setHidden false
02-14 14:10:19.000 D/KeyguardViewMediator(  207): setHidden false
02-14 14:10:19.000 D/KeyguardViewMediator(  207): setHidden false
02-14 14:10:19.010 I/ActivityManager(  207): Displayed com.zte.emode/.UsbSwitchTest: +166ms
02-14 14:10:19.010 D/KeyguardViewMediator(  207): setHidden false
02-14 14:10:19.010 D/KeyguardViewMediator(  207): setHidden false
02-14 14:10:19.020 D/KeyguardViewMediator(  207): setHidden false
02-14 14:10:19.030 D/KeyguardViewMediator(  207): setHidden false
02-14 14:10:19.050 D/KeyguardViewMediator(  207): setHidden false
02-14 14:10:19.070 D/KeyguardViewMediator(  207): setHidden false
02-14 14:10:19.080 D/KeyguardViewMediator(  207): setHidden false
02-14 14:10:19.100 D/KeyguardViewMediator(  207): setHidden false
02-14 14:10:19.120 D/KeyguardViewMediator(  207): setHidden false
02-14 14:10:19.130 D/KeyguardViewMediator(  207): setHidden false
02-14 14:10:19.150 D/KeyguardViewMediator(  207): setHidden false
02-14 14:10:19.160 D/KeyguardViewMediator(  207): setHidden false
02-14 14:10:19.180 D/KeyguardViewMediator(  207): setHidden false
02-14 14:10:19.200 D/KeyguardViewMediator(  207): setHidden false
02-14 14:10:19.210 D/KeyguardViewMediator(  207): setHidden false
02-14 14:10:19.230 D/KeyguardViewMediator(  207): setHidden false
02-14 14:10:19.240 D/KeyguardViewMediator(  207): setHidden false
02-14 14:10:19.260 D/KeyguardViewMediator(  207): setHidden false
02-14 14:10:19.280 D/KeyguardViewMediator(  207): setHidden false
02-14 14:10:19.290 D/KeyguardViewMediator(  207): setHidden false
02-14 14:10:19.310 D/KeyguardViewMediator(  207): setHidden false
02-14 14:10:19.330 D/KeyguardViewMediator(  207): setHidden false
02-14 14:10:19.330 D/KeyguardViewMediator(  207): setHidden false
02-14 14:10:19.531 I/MediaScanner(  486): doScanFile the temppath: /mnt/sdcard/01 Too Soon -by- Benjamin Briggs.mp3
02-14 14:10:19.541 E/PVMediaScanner(  486): processFile /mnt/sdcard/01 Too Soon -by- Benjamin Briggs.mp3 mimeType: (null)
02-14 14:10:19.541 E/PVMediaScanner(  486): Start to test wheater the file is drm file = /mnt/sdcard/01 Too Soon -by- Benjamin Briggs.mp3
02-14 14:10:19.551 E/PVMediaScanner(  486): Start pfnDrmAPI_IsProtectedFile is good result =0
02-14 14:10:19.551 E/PVMediaScanner(  486): File is not a drm file.
02-14 14:10:19.551 E/PVMediaScanner(  486): IMpeg3File::ParseMp3File returned
02-14 14:10:19.591 D/PowerManagerService(  207): UnPartial  wakeLock  reactivate ,flags=0x1a tag=com.zte.emode.UsbSwitchTest
02-14 14:10:19.701 D/PowerManagerService(  207): UnPartial  wakeLock  reactivate ,flags=0x1a tag=com.zte.emode.UsbSwitchTest
02-14 14:10:19.711 I/dun_service(  129): The value returned from dun_getusbmodemstate_fromsys is 1 
02-14 14:10:19.711 I/dun_service(  129): Post event 1
02-14 14:10:19.711 I/dun_service(  129): received event: DUN_EVENT_USB_UNPLUG 
02-14 14:10:19.711 I/dun_service(  129): received event(DUN_EVENT_USB_UNPLUG) in state(DUN_STATE_USB_UNPLUG)
02-14 14:10:19.711 I/dun_service(  129): Ignoring the event DUN_EVENT_USB_UNPLUG in USB_UNPLUG_STATE
02-14 14:10:19.711 I/dun_service(  129): Moved to state(DUN_STATE_USB_UNPLUG)
02-14 14:10:19.711 I/dun_service(  129): The value returned from dun_getusbmodemstate_fromsys is 1 
02-14 14:10:19.711 I/dun_service(  129): Post event 1
02-14 14:10:19.711 I/dun_service(  129): received event: DUN_EVENT_USB_UNPLUG 
02-14 14:10:19.711 I/dun_service(  129): received event(DUN_EVENT_USB_UNPLUG) in state(DUN_STATE_USB_UNPLUG)
02-14 14:10:19.711 I/dun_service(  129): Ignoring the event DUN_EVENT_USB_UNPLUG in USB_UNPLUG_STATE
02-14 14:10:19.711 I/dun_service(  129): Moved to state(DUN_STATE_USB_UNPLUG)
02-14 14:10:19.711 I/dun_service(  129): The value returned from dun_getusbmodemstate_fromsys is 1 
02-14 14:10:19.711 I/dun_service(  129): Post event 1
02-14 14:10:19.711 I/dun_service(  129): received event: DUN_EVENT_USB_UNPLUG 
02-14 14:10:19.711 I/dun_service(  129): received event(DUN_EVENT_USB_UNPLUG) in state(DUN_STATE_USB_UNPLUG)
02-14 14:10:19.711 I/dun_service(  129): Ignoring the event DUN_EVENT_USB_UNPLUG in USB_UNPLUG_STATE
02-14 14:10:19.711 I/dun_service(  129): Moved to state(DUN_STATE_USB_UNPLUG)
02-14 14:10:19.711 I/dun_service(  129): The value returned from dun_getusbmodemstate_fromsys is 1 
02-14 14:10:19.711 I/dun_service(  129): Post event 1
02-14 14:10:19.711 I/dun_service(  129): received event: DUN_EVENT_USB_UNPLUG 
02-14 14:10:19.711 I/dun_service(  129): received event(DUN_EVENT_USB_UNPLUG) in state(DUN_STATE_USB_UNPLUG)
02-14 14:10:19.711 I/dun_service(  129): Ignoring the event DUN_EVENT_USB_UNPLUG in USB_UNPLUG_STATE
02-14 14:10:19.711 I/dun_service(  129): Moved to state(DUN_STATE_USB_UNPLUG)
02-14 14:10:19.711 I/dun_service(  129): The value returned from dun_getusbmodemstate_fromsys is 1 
02-14 14:10:19.711 I/dun_service(  129): Post event 1
02-14 14:10:19.711 I/dun_service(  129): received event: DUN_EVENT_USB_UNPLUG 
02-14 14:10:19.711 I/dun_service(  129): received event(DUN_EVENT_USB_UNPLUG) in state(DUN_STATE_USB_UNPLUG)
02-14 14:10:19.711 I/dun_service(  129): Ignoring the event DUN_EVENT_USB_UNPLUG in USB_UNPLUG_STATE
02-14 14:10:19.711 I/dun_service(  129): Moved to state(DUN_STATE_USB_UNPLUG)
02-14 14:10:19.711 I/dun_service(  129): The value returned from dun_getusbmodemstate_fromsys is 1 
02-14 14:10:19.711 I/dun_service(  129): Post event 1
02-14 14:10:19.711 I/dun_service(  129): received event: DUN_EVENT_USB_UNPLUG 
02-14 14:10:19.711 I/dun_service(  129): received event(DUN_EVENT_USB_UNPLUG) in state(DUN_STATE_USB_UNPLUG)
02-14 14:10:19.711 I/dun_service(  129): Ignoring the event DUN_EVENT_USB_UNPLUG in USB_UNPLUG_STATE
02-14 14:10:19.711 I/dun_service(  129): Moved to state(DUN_STATE_USB_UNPLUG)
02-14 14:10:19.711 I/dun_service(  129): The value returned from dun_getusbmodemstate_fromsys is 1 
02-14 14:10:19.711 I/dun_service(  129): Post event 1
02-14 14:10:19.711 I/dun_service(  129): received event: DUN_EVENT_USB_UNPLUG 
02-14 14:10:19.711 I/dun_service(  129): received event(DUN_EVENT_USB_UNPLUG) in state(DUN_STATE_USB_UNPLUG)
02-14 14:10:19.711 I/dun_service(  129): Ignoring the event DUN_EVENT_USB_UNPLUG in USB_UNPLUG_STATE
02-14 14:10:19.711 I/dun_service(  129): Moved to state(DUN_STATE_USB_UNPLUG)
02-14 14:10:19.721 I/dun_service(  129): The value returned from dun_getusbmodemstate_fromsys is 1 
02-14 14:10:19.721 I/dun_service(  129): Post event 1
02-14 14:10:19.721 I/dun_service(  129): received event: DUN_EVENT_USB_UNPLUG 
02-14 14:10:19.721 I/dun_service(  129): received event(DUN_EVENT_USB_UNPLUG) in state(DUN_STATE_USB_UNPLUG)
02-14 14:10:19.721 I/dun_service(  129): Ignoring the event DUN_EVENT_USB_UNPLUG in USB_UNPLUG_STATE
02-14 14:10:19.721 I/dun_service(  129): Moved to state(DUN_STATE_USB_UNPLUG)
02-14 14:10:19.721 I/dun_service(  129): The value returned from dun_getusbmodemstate_fromsys is 2 
02-14 14:10:19.721 I/dun_service(  129): The value returned from dun_getusbmodemstate_fromsys is 2 
02-14 14:10:19.721 I/dun_service(  129): The value returned from dun_getusbmodemstate_fromsys is 2 
02-14 14:10:19.721 I/dun_service(  129): The value returned from dun_getusbmodemstate_fromsys is 2 
02-14 14:10:19.731 I/dun_service(  129): The value returned from dun_getusbmodemstate_fromsys is 2 
02-14 14:10:19.731 I/dun_service(  129): The value returned from dun_getusbmodemstate_fromsys is 2 
02-14 14:10:19.731 I/dun_service(  129): The value returned from dun_getusbmodemstate_fromsys is 2 
02-14 14:10:19.821 I/MediaScanner(  486): doScanFile the temppath: /mnt/sdcard/02 Shine -by- Mint Julep.mp3
02-14 14:10:19.821 E/PVMediaScanner(  486): processFile /mnt/sdcard/02 Shine -by- Mint Julep.mp3 mimeType: (null)
02-14 14:10:19.821 E/PVMediaScanner(  486): Start to test wheater the file is drm file = /mnt/sdcard/02 Shine -by- Mint Julep.mp3
02-14 14:10:19.821 E/PVMediaScanner(  486): Start pfnDrmAPI_IsProtectedFile is good result =0
02-14 14:10:19.821 E/PVMediaScanner(  486): File is not a drm file.
02-14 14:10:19.821 E/PVMediaScanner(  486): IMpeg3File::ParseMp3File returned
02-14 14:10:19.951 I/MediaScanner(  486): doScanFile the temppath: /mnt/sdcard/03 Seagulls Screaming Kiss Her, Kiss -by- Dead Child Star.mp3
02-14 14:10:19.951 E/PVMediaScanner(  486): processFile /mnt/sdcard/03 Seagulls Screaming Kiss Her, Kiss -by- Dead Child Star.mp3 mimeType: (null)
02-14 14:10:19.951 E/PVMediaScanner(  486): Start to test wheater the file is drm file = /mnt/sdcard/03 Seagulls Screaming Kiss Her, Kiss -by- Dead Child Star.mp3
02-14 14:10:19.951 E/PVMediaScanner(  486): Start pfnDrmAPI_IsProtectedFile is good result =0
02-14 14:10:19.951 E/PVMediaScanner(  486): File is not a drm file.
02-14 14:10:19.951 E/PVMediaScanner(  486): IMpeg3File::ParseMp3File returned
02-14 14:10:20.251 I/MediaScanner(  486): doScanFile the temppath: /mnt/sdcard/04 A lot of People Cutting Grass on -by- Lullatone.mp3
02-14 14:10:20.251 E/PVMediaScanner(  486): processFile /mnt/sdcard/04 A lot of People Cutting Grass on -by- Lullatone.mp3 mimeType: (null)
02-14 14:10:20.251 E/PVMediaScanner(  486): Start to test wheater the file is drm file = /mnt/sdcard/04 A lot of People Cutting Grass on -by- Lullatone.mp3
02-14 14:10:20.251 E/PVMediaScanner(  486): Start pfnDrmAPI_IsProtectedFile is good result =0
02-14 14:10:20.251 E/PVMediaScanner(  486): File is not a drm file.
02-14 14:10:20.251 E/PVMediaScanner(  486): IMpeg3File::ParseMp3File returned
02-14 14:10:20.311 D/PowerManagerService(  207): UnPartial  wakeLock  reactivate ,flags=0x1a tag=com.zte.emode.UsbSwitchTest
02-14 14:10:20.311 I/vDM     (  408): KeyCode = 4
02-14 14:10:20.311 I/vDM     (  408): Vdmc getInstance
02-14 14:10:20.311 I/vDM     (  408): Vdmc getInstance
02-14 14:10:20.311 D/DMC     (  408): MyCIMMI getInstance
02-14 14:10:20.311 I/vDM     (  408): Vdmc getInstance
02-14 14:10:20.341 W/KeyCharacterMap(  951): Can't open keycharmap file
02-14 14:10:20.341 W/KeyCharacterMap(  951): Error loading keycharmap file '/system/usr/keychars/synaptics-rmi4-ts.kcm.bin'. hw.keyboards.262146.devname='synaptics-rmi4-ts'
02-14 14:10:20.341 W/KeyCharacterMap(  951): Using default keymap: /system/usr/keychars/qwerty.kcm.bin
02-14 14:10:20.351 I/MediaScanner(  486): doScanFile the temppath: /mnt/sdcard/06 Miss It So Much -by- Röyksopp.mp3
02-14 14:10:20.351 E/PVMediaScanner(  486): processFile /mnt/sdcard/06 Miss It So Much -by- Röyksopp.mp3 mimeType: (null)
02-14 14:10:20.351 E/PVMediaScanner(  486): Start to test wheater the file is drm file = /mnt/sdcard/06 Miss It So Much -by- Röyksopp.mp3
02-14 14:10:20.351 E/PVMediaScanner(  486): Start pfnDrmAPI_IsProtectedFile is good result =0
02-14 14:10:20.351 E/PVMediaScanner(  486): File is not a drm file.
02-14 14:10:20.351 E/PVMediaScanner(  486): IMpeg3File::ParseMp3File returned
02-14 14:10:20.391 I/vDM     (  408): KeyCode = 4
02-14 14:10:20.391 I/vDM     (  408): Vdmc getInstance
02-14 14:10:20.391 I/vDM     (  408): Vdmc getInstance
02-14 14:10:20.391 D/DMC     (  408): MyCIMMI getInstance
02-14 14:10:20.391 I/vDM     (  408): Vdmc getInstance
02-14 14:10:20.421 D/PowerManagerService(  207): releaseWakeLock flags=0x1a tag=com.zte.emode.UsbSwitchTest
02-14 14:10:20.421 E/Emode   (  951): [14:10:20] com.zte.emode.UsbSwitchTest  WakeLock:release
02-14 14:10:20.421 E/Emode   (  951): [14:10:20] com.zte.emode.UsbSwitchTest  onPause    WakeLock:release    =true
02-14 14:10:20.432 D/KeyguardViewMediator(  207): setHidden false
02-14 14:10:20.432 I/SmartDialerActivity(  393): onResume
02-14 14:10:20.432 D/AudioTrack(  393): Request AudioFlinger to create track
02-14 14:10:20.432 D/AudioFlinger(  121): createTrack() lSessionId: 24
02-14 14:10:20.432 D/AudioFlinger(  121): Track constructor name 4098, calling thread 393
02-14 14:10:20.432 I/SmartDialerActivity(  393): newData
02-14 14:10:20.442 D/CallLogProvider(  393): DIALER_CALLS
02-14 14:10:20.442 I/SmartDialerActivity(  393): showDialpadChooser:false
02-14 14:10:20.442 I/SmartDialerActivity(  393): Displaying normal Dialer UI.
02-14 14:10:20.452 D/KeyguardViewMediator(  207): setHidden false
02-14 14:10:20.452 I/hubo    (  207): Activity {com.android.contacts/com.android.contacts.DialtactsActivity}
02-14 14:10:20.452 D/KeyguardViewMediator(  207): setHidden false
02-14 14:10:20.472 D/KeyguardViewMediator(  207): setHidden false
02-14 14:10:20.502 D/KeyguardViewMediator(  207): setHidden false
02-14 14:10:20.502 D/KeyguardViewMediator(  207): setHidden false
02-14 14:10:20.512 D/KeyguardViewMediator(  207): setHidden false
02-14 14:10:20.512 D/KeyguardViewMediator(  207): setHidden false
02-14 14:10:20.532 D/KeyguardViewMediator(  207): setHidden false
02-14 14:10:20.552 D/KeyguardViewMediator(  207): setHidden false
02-14 14:10:20.552 I/MediaScanner(  486): doScanFile the temppath: /mnt/sdcard/07 Invisible Waves -by- Mint Julep.mp3
02-14 14:10:20.552 E/PVMediaScanner(  486): processFile /mnt/sdcard/07 Invisible Waves -by- Mint Julep.mp3 mimeType: (null)
02-14 14:10:20.552 E/PVMediaScanner(  486): Start to test wheater the file is drm file = /mnt/sdcard/07 Invisible Waves -by- Mint Julep.mp3
02-14 14:10:20.562 E/PVMediaScanner(  486): Start pfnDrmAPI_IsProtectedFile is good result =0
02-14 14:10:20.562 E/PVMediaScanner(  486): File is not a drm file.
02-14 14:10:20.562 E/PVMediaScanner(  486): IMpeg3File::ParseMp3File returned
02-14 14:10:20.562 D/KeyguardViewMediator(  207): setHidden false
02-14 14:10:20.582 D/KeyguardViewMediator(  207): setHidden false
02-14 14:10:20.602 D/KeyguardViewMediator(  207): setHidden false
02-14 14:10:20.612 D/KeyguardViewMediator(  207): setHidden false
02-14 14:10:20.632 D/KeyguardViewMediator(  207): setHidden false
02-14 14:10:20.652 D/KeyguardViewMediator(  207): setHidden false
02-14 14:10:20.662 D/KeyguardViewMediator(  207): setHidden false
02-14 14:10:20.672 D/KeyguardViewMediator(  207): setHidden false
02-14 14:10:20.672 D/KeyguardViewMediator(  207): setHidden false
02-14 14:10:20.832 I/MediaScanner(  486): doScanFile the temppath: /mnt/sdcard/08 No but Yes -by- C418.mp3
02-14 14:10:20.832 E/PVMediaScanner(  486): processFile /mnt/sdcard/08 No but Yes -by- C418.mp3 mimeType: (null)
02-14 14:10:20.832 E/PVMediaScanner(  486): Start to test wheater the file is drm file = /mnt/sdcard/08 No but Yes -by- C418.mp3
02-14 14:10:20.842 E/PVMediaScanner(  486): Start pfnDrmAPI_IsProtectedFile is good result =0
02-14 14:10:20.842 E/PVMediaScanner(  486): File is not a drm file.
02-14 14:10:20.842 E/PVMediaScanner(  486): IMpeg3File::ParseMp3File returned
02-14 14:10:20.972 I/MediaScanner(  486): doScanFile the temppath: /mnt/sdcard/09 Ah, It Was in the Garage After Al -by- Lullatone.mp3
02-14 14:10:20.972 E/PVMediaScanner(  486): processFile /mnt/sdcard/09 Ah, It Was in the Garage After Al -by- Lullatone.mp3 mimeType: (null)
02-14 14:10:20.972 E/PVMediaScanner(  486): Start to test wheater the file is drm file = /mnt/sdcard/09 Ah, It Was in the Garage After Al -by- Lullatone.mp3
02-14 14:10:20.992 E/PVMediaScanner(  486): Start pfnDrmAPI_IsProtectedFile is good result =0
02-14 14:10:20.992 E/PVMediaScanner(  486): File is not a drm file.
02-14 14:10:20.992 E/PVMediaScanner(  486): IMpeg3File::ParseMp3File returned
02-14 14:10:21.082 W/AlarmManager(  207): +++Alarm  wakeup phone ,pkg=com.locationlabs.v3client
02-14 14:10:21.092 I/V3Client(  353): got retry intent, retrying c2dm registration
02-14 14:10:21.092 I/V3Client(  353): Registering for push services. email:v3client@location-labs.com
02-14 14:10:21.092 W/AlarmManager(  207): +++alarm onSendFinished ,action=com.locationlabs.v3client.action.RETRY_C2DM_REGISTRATION
02-14 14:10:21.092 E/GTalkService(  387): asyncFetch: no username
02-14 14:10:21.092 D/C2DMRegistrar(  387): [C2DMRegistrar.36] AuthTokenCallback: account missing
02-14 14:10:21.102 I/V3Client(  353): Handling push registration
02-14 14:10:21.102 W/V3Client(  353): C2DM Registration error: ACCOUNT_MISSING
02-14 14:10:21.102 I/V3Client(  353): clearing push registration id
02-14 14:10:21.102 I/V3Client(  353): deleting push id on server
02-14 14:10:21.142 D/AlarmManager(  207): +++Alarm set:type=2 com.locationlabs.v3client  Trigger after:67195ms
02-14 14:10:21.202 I/MediaScanner(  486): doScanFile the temppath: /mnt/sdcard/10 depado -by- C418.mp3
02-14 14:10:21.202 E/PVMediaScanner(  486): processFile /mnt/sdcard/10 depado -by- C418.mp3 mimeType: (null)
02-14 14:10:21.202 E/PVMediaScanner(  486): Start to test wheater the file is drm file = /mnt/sdcard/10 depado -by- C418.mp3
02-14 14:10:21.222 E/PVMediaScanner(  486): Start pfnDrmAPI_IsProtectedFile is good result =0
02-14 14:10:21.222 E/PVMediaScanner(  486): File is not a drm file.
