02-14 14:11:45.515 D/Bitmap  (  618):       com.sprint.zone.data.DbAdapter.loadGlobalContent(DbAdapter.java:1447)
02-14 14:11:45.515 D/Bitmap  (  618):       com.sprint.zone.UpdateService.publishGlobalContent(UpdateService.java:168)
02-14 14:11:45.515 D/Bitmap  (  618):       com.sprint.zone.UpdateService.onHandleIntent(UpdateService.java:222)
02-14 14:11:45.515 D/Bitmap  (  618):       android.app.IntentService$ServiceHandler.handleMessage(IntentService.java:59)
02-14 14:11:45.515 D/Bitmap  (  618):       android.os.Handler.dispatchMessage(Handler.java:99)
02-14 14:11:45.515 D/Bitmap  (  618):       android.os.Looper.loop(Looper.java:130)
02-14 14:11:45.515 D/Bitmap  (  618):       android.os.HandlerThread.run(HandlerThread.java:60)
02-14 14:11:45.515 D/Bitmap  (  618): _
02-14 14:11:45.515 D/Bitmap  (  618): Detect unrecycled bitmap.
02-14 14:11:45.515 D/Bitmap  (  618):       Size: 1048576 Bytes, Width: 512 , Height: 512 , Hash code: 1080224328
02-14 14:11:45.515 D/Bitmap  (  618):  This bimap was created in:
02-14 14:11:45.515 D/Bitmap  (  618):       android.graphics.Bitmap.<init>(Bitmap.java:136)
02-14 14:11:45.515 D/Bitmap  (  618):       android.graphics.BitmapFactory.nativeDecodeByteArray(Native Method)
02-14 14:11:45.515 D/Bitmap  (  618):       android.graphics.BitmapFactory.decodeByteArray(BitmapFactory.java:405)
02-14 14:11:45.515 D/Bitmap  (  618):       android.graphics.BitmapFactory.decodeByteArray(BitmapFactory.java:418)
02-14 14:11:45.515 D/Bitmap  (  618):       com.sprint.zone.data.DbAdapter.cursorToFeature(DbAdapter.java:1305)
02-14 14:11:45.515 D/Bitmap  (  618):       com.sprint.zone.data.DbAdapter.getPageContent(DbAdapter.java:1242)
02-14 14:11:45.515 D/Bitmap  (  618):       com.sprint.zone.data.DbAdapter.loadGlobalContent(DbAdapter.java:1447)
02-14 14:11:45.515 D/Bitmap  (  618):       com.sprint.zone.UpdateService.publishGlobalContent(UpdateService.java:168)
02-14 14:11:45.515 D/Bitmap  (  618):       com.sprint.zone.UpdateService.onHandleIntent(UpdateService.java:222)
02-14 14:11:45.515 D/Bitmap  (  618):       android.app.IntentService$ServiceHandler.handleMessage(IntentService.java:59)
02-14 14:11:45.515 D/Bitmap  (  618):       android.os.Handler.dispatchMessage(Handler.java:99)
02-14 14:11:45.515 D/Bitmap  (  618):       android.os.Looper.loop(Looper.java:130)
02-14 14:11:45.515 D/Bitmap  (  618):       android.os.HandlerThread.run(HandlerThread.java:60)
02-14 14:11:45.515 D/Bitmap  (  618): _
02-14 14:11:45.515 D/Bitmap  (  618): Detect unrecycled bitmap.
02-14 14:11:45.515 D/Bitmap  (  618):       Size: 48400 Bytes, Width: 110 , Height: 110 , Hash code: 1079552248
02-14 14:11:45.515 D/Bitmap  (  618):  This bimap was created in:
02-14 14:11:45.515 D/Bitmap  (  618):       android.graphics.Bitmap.<init>(Bitmap.java:136)
02-14 14:11:45.525 D/Bitmap  (  618):       android.graphics.BitmapFactory.nativeDecodeByteArray(Native Method)
02-14 14:11:45.525 D/Bitmap  (  618):       android.graphics.BitmapFactory.decodeByteArray(BitmapFactory.java:405)
02-14 14:11:45.525 D/Bitmap  (  618):       android.graphics.BitmapFactory.decodeByteArray(BitmapFactory.java:418)
02-14 14:11:45.525 D/Bitmap  (  618):       com.sprint.zone.data.DbAdapter.cursorToFeature(DbAdapter.java:1305)
02-14 14:11:45.525 D/Bitmap  (  618):       com.sprint.zone.data.DbAdapter.getPageContent(DbAdapter.java:1242)
02-14 14:11:45.525 D/Bitmap  (  618):       com.sprint.zone.data.DbAdapter.loadGlobalContent(DbAdapter.java:1447)
02-14 14:11:45.525 D/Bitmap  (  618):       com.sprint.zone.UpdateService.publishGlobalContent(UpdateService.java:168)
02-14 14:11:45.525 D/Bitmap  (  618):       com.sprint.zone.UpdateService.onHandleIntent(UpdateService.java:222)
02-14 14:11:45.525 D/Bitmap  (  618):       android.app.IntentService$ServiceHandler.handleMessage(IntentService.java:59)
02-14 14:11:45.525 D/Bitmap  (  618):       android.os.Handler.dispatchMessage(Handler.java:99)
02-14 14:11:45.525 D/Bitmap  (  618):       android.os.Looper.loop(Looper.java:130)
02-14 14:11:45.525 D/Bitmap  (  618):       android.os.HandlerThread.run(HandlerThread.java:60)
02-14 14:11:45.525 D/Bitmap  (  618): _
02-14 14:11:45.655 D/KeyguardViewMediator(  207): setHidden false
02-14 14:11:45.665 D/KeyguardViewMediator(  207): setHidden false
02-14 14:11:45.685 D/KeyguardViewMediator(  207): setHidden false
02-14 14:11:45.715 D/KeyguardViewMediator(  207): setHidden false
02-14 14:11:45.735 D/KeyguardViewMediator(  207): setHidden false
02-14 14:11:45.745 D/KeyguardViewMediator(  207): setHidden false
02-14 14:11:45.765 D/KeyguardViewMediator(  207): setHidden false
02-14 14:11:45.785 D/KeyguardViewMediator(  207): setHidden false
02-14 14:11:45.795 D/KeyguardViewMediator(  207): setHidden false
02-14 14:11:45.815 D/KeyguardViewMediator(  207): setHidden false
02-14 14:11:45.815 D/KeyguardViewMediator(  207): setHidden false
02-14 14:11:45.815 D/Bitmap  (  618): Detect unrecycled bitmap.
02-14 14:11:45.815 D/Bitmap  (  618):       Size: 47432 Bytes, Width: 154 , Height: 154 , Hash code: 1079578520
02-14 14:11:45.815 D/Bitmap  (  618):  This bimap was created in:
02-14 14:11:45.815 D/Bitmap  (  618):       android.graphics.Bitmap.<init>(Bitmap.java:136)
02-14 14:11:45.815 D/Bitmap  (  618):       android.graphics.BitmapFactory.nativeDecodeByteArray(Native Method)
02-14 14:11:45.825 D/Bitmap  (  618):       android.graphics.BitmapFactory.decodeByteArray(BitmapFactory.java:405)
02-14 14:11:45.825 D/Bitmap  (  618):       android.graphics.BitmapFactory.decodeByteArray(BitmapFactory.java:418)
02-14 14:11:45.825 D/Bitmap  (  618):       com.sprint.zone.data.DbAdapter.cursorToFeature(DbAdapter.java:1305)
02-14 14:11:45.825 D/Bitmap  (  618):       com.sprint.zone.data.DbAdapter.getPageContent(DbAdapter.java:1242)
02-14 14:11:45.825 D/Bitmap  (  618):       com.sprint.zone.data.DbAdapter.loadGlobalContent(DbAdapter.java:1447)
02-14 14:11:45.825 D/Bitmap  (  618):       com.sprint.zone.UpdateService.publishGlobalContent(UpdateService.java:168)
02-14 14:11:45.825 D/Bitmap  (  618):       com.sprint.zone.UpdateService.onHandleIntent(UpdateService.java:222)
02-14 14:11:45.825 D/Bitmap  (  618):       android.app.IntentService$ServiceHandler.handleMessage(IntentService.java:59)
02-14 14:11:45.825 D/Bitmap  (  618):       android.os.Handler.dispatchMessage(Handler.java:99)
02-14 14:11:45.825 D/Bitmap  (  618):       android.os.Looper.loop(Looper.java:130)
02-14 14:11:45.825 D/Bitmap  (  618):       android.os.HandlerThread.run(HandlerThread.java:60)
02-14 14:11:45.825 D/Bitmap  (  618): _
02-14 14:11:45.825 D/Bitmap  (  618): Detect unrecycled bitmap.
02-14 14:11:45.825 D/Bitmap  (  618):       Size: 181476 Bytes, Width: 213 , Height: 213 , Hash code: 1079352328
02-14 14:11:45.825 D/Bitmap  (  618):  This bimap was created in:
02-14 14:11:45.825 D/Bitmap  (  618):       android.graphics.Bitmap.<init>(Bitmap.java:136)
02-14 14:11:45.825 D/Bitmap  (  618):       android.graphics.BitmapFactory.nativeDecodeByteArray(Native Method)
02-14 14:11:45.825 D/Bitmap  (  618):       android.graphics.BitmapFactory.decodeByteArray(BitmapFactory.java:405)
02-14 14:11:45.825 D/Bitmap  (  618):       android.graphics.BitmapFactory.decodeByteArray(BitmapFactory.java:418)
02-14 14:11:45.825 D/Bitmap  (  618):       com.sprint.zone.data.DbAdapter.cursorToFeature(DbAdapter.java:1305)
02-14 14:11:45.825 D/Bitmap  (  618):       com.sprint.zone.data.DbAdapter.getPageContent(DbAdapter.java:1242)
02-14 14:11:45.825 D/Bitmap  (  618):       com.sprint.zone.data.DbAdapter.loadGlobalContent(DbAdapter.java:1447)
02-14 14:11:45.825 D/Bitmap  (  618):       com.sprint.zone.UpdateService.publishGlobalContent(UpdateService.java:168)
02-14 14:11:45.825 D/Bitmap  (  618):       com.sprint.zone.UpdateService.onHandleIntent(UpdateService.java:222)
02-14 14:11:45.825 D/Bitmap  (  618):       android.app.IntentService$ServiceHandler.handleMessage(IntentService.java:59)
02-14 14:11:45.825 D/Bitmap  (  618):       android.os.Handler.dispatchMessage(Handler.java:99)
02-14 14:11:45.825 D/Bitmap  (  618):       android.os.Looper.loop(Looper.java:130)
02-14 14:11:45.825 D/Bitmap  (  618):       android.os.HandlerThread.run(HandlerThread.java:60)
02-14 14:11:45.825 D/Bitmap  (  618): _
02-14 14:11:45.825 D/Bitmap  (  618): Detect unrecycled bitmap.
02-14 14:11:45.825 D/Bitmap  (  618):       Size: 262144 Bytes, Width: 256 , Height: 256 , Hash code: 1079279296
02-14 14:11:45.825 D/Bitmap  (  618):  This bimap was created in:
02-14 14:11:45.825 D/Bitmap  (  618):       android.graphics.Bitmap.<init>(Bitmap.java:136)
02-14 14:11:45.825 D/Bitmap  (  618):       android.graphics.BitmapFactory.nativeDecodeByteArray(Native Method)
02-14 14:11:45.825 D/Bitmap  (  618):       android.graphics.BitmapFactory.decodeByteArray(BitmapFactory.java:405)
02-14 14:11:45.825 D/Bitmap  (  618):       android.graphics.BitmapFactory.decodeByteArray(BitmapFactory.java:418)
02-14 14:11:45.825 D/Bitmap  (  618):       com.sprint.zone.data.DbAdapter.cursorToFeature(DbAdapter.java:1305)
02-14 14:11:45.825 D/Bitmap  (  618):       com.sprint.zone.data.DbAdapter.getPageContent(DbAdapter.java:1242)
02-14 14:11:45.825 D/Bitmap  (  618):       com.sprint.zone.data.DbAdapter.loadGlobalContent(DbAdapter.java:1447)
02-14 14:11:45.825 D/Bitmap  (  618):       com.sprint.zone.UpdateService.publishGlobalContent(UpdateService.java:168)
02-14 14:11:45.825 D/Bitmap  (  618):       com.sprint.zone.UpdateService.onHandleIntent(UpdateService.java:222)
02-14 14:11:45.825 D/Bitmap  (  618):       android.app.IntentService$ServiceHandler.handleMessage(IntentService.java:59)
02-14 14:11:45.825 D/Bitmap  (  618):       android.os.Handler.dispatchMessage(Handler.java:99)
02-14 14:11:45.825 D/Bitmap  (  618):       android.os.Looper.loop(Looper.java:130)
02-14 14:11:45.825 D/Bitmap  (  618):       android.os.HandlerThread.run(HandlerThread.java:60)
02-14 14:11:45.825 D/Bitmap  (  618): _
02-14 14:11:45.825 D/Bitmap  (  618): Detect unrecycled bitmap.
02-14 14:11:45.825 D/Bitmap  (  618):       Size: 168100 Bytes, Width: 205 , Height: 205 , Hash code: 1079254552
02-14 14:11:45.825 D/Bitmap  (  618):  This bimap was created in:
02-14 14:11:45.825 D/Bitmap  (  618):       android.graphics.Bitmap.<init>(Bitmap.java:136)
02-14 14:11:45.825 D/Bitmap  (  618):       android.graphics.BitmapFactory.nativeDecodeByteArray(Native Method)
02-14 14:11:45.825 D/Bitmap  (  618):       android.graphics.BitmapFactory.decodeByteArray(BitmapFactory.java:405)
02-14 14:11:45.825 D/Bitmap  (  618):       android.graphics.BitmapFactory.decodeByteArray(BitmapFactory.java:418)
02-14 14:11:45.825 D/Bitmap  (  618):       com.sprint.zone.data.DbAdapter.cursorToFeature(DbAdapter.java:1305)
02-14 14:11:45.825 D/Bitmap  (  618):       com.sprint.zone.data.DbAdapter.getPageContent(DbAdapter.java:1242)
02-14 14:11:45.825 D/Bitmap  (  618):       com.sprint.zone.data.DbAdapter.loadGlobalContent(DbAdapter.java:1447)
02-14 14:11:45.825 D/Bitmap  (  618):       com.sprint.zone.UpdateService.publishGlobalContent(UpdateService.java:168)
02-14 14:11:45.825 D/Bitmap  (  618):       com.sprint.zone.UpdateService.onHandleIntent(UpdateService.java:222)
02-14 14:11:45.825 D/Bitmap  (  618):       android.app.IntentService$ServiceHandler.handleMessage(IntentService.java:59)
02-14 14:11:45.825 D/Bitmap  (  618):       android.os.Handler.dispatchMessage(Handler.java:99)
02-14 14:11:45.825 D/Bitmap  (  618):       android.os.Looper.loop(Looper.java:130)
02-14 14:11:45.825 D/Bitmap  (  618):       android.os.HandlerThread.run(HandlerThread.java:60)
02-14 14:11:45.835 D/Bitmap  (  618): _
02-14 14:11:45.835 D/Bitmap  (  618): Detect unrecycled bitmap.
02-14 14:11:45.835 D/Bitmap  (  618):       Size: 47432 Bytes, Width: 154 , Height: 154 , Hash code: 1079251240
02-14 14:11:45.835 D/Bitmap  (  618):  This bimap was created in:
02-14 14:11:45.835 D/Bitmap  (  618):       android.graphics.Bitmap.<init>(Bitmap.java:136)
02-14 14:11:45.835 D/Bitmap  (  618):       android.graphics.BitmapFactory.nativeDecodeByteArray(Native Method)
02-14 14:11:45.835 D/Bitmap  (  618):       android.graphics.BitmapFactory.decodeByteArray(BitmapFactory.java:405)
02-14 14:11:45.835 D/Bitmap  (  618):       android.graphics.BitmapFactory.decodeByteArray(BitmapFactory.java:418)
02-14 14:11:45.835 D/Bitmap  (  618):       com.sprint.zone.data.DbAdapter.cursorToFeature(DbAdapter.java:1305)
02-14 14:11:45.835 D/Bitmap  (  618):       com.sprint.zone.data.DbAdapter.getPageContent(DbAdapter.java:1242)
02-14 14:11:45.835 D/Bitmap  (  618):       com.sprint.zone.data.DbAdapter.loadGlobalContent(DbAdapter.java:1447)
02-14 14:11:45.835 D/Bitmap  (  618):       com.sprint.zone.UpdateService.publishGlobalContent(UpdateService.java:168)
02-14 14:11:45.835 D/Bitmap  (  618):       com.sprint.zone.UpdateService.onHandleIntent(UpdateService.java:222)
02-14 14:11:45.835 D/Bitmap  (  618):       android.app.IntentService$ServiceHandler.handleMessage(IntentService.java:59)
02-14 14:11:45.835 D/Bitmap  (  618):       android.os.Handler.dispatchMessage(Handler.java:99)
02-14 14:11:45.835 D/Bitmap  (  618):       android.os.Looper.loop(Looper.java:130)
02-14 14:11:45.835 D/Bitmap  (  618):       android.os.HandlerThread.run(HandlerThread.java:60)
02-14 14:11:45.835 D/Bitmap  (  618): _
02-14 14:11:45.835 D/Bitmap  (  618): Detect unrecycled bitmap.
02-14 14:11:45.835 D/Bitmap  (  618):       Size: 262144 Bytes, Width: 256 , Height: 256 , Hash code: 1079569136
02-14 14:11:45.835 D/Bitmap  (  618):  This bimap was created in:
02-14 14:11:45.835 D/Bitmap  (  618):       android.graphics.Bitmap.<init>(Bitmap.java:136)
02-14 14:11:45.835 D/Bitmap  (  618):       android.graphics.BitmapFactory.nativeDecodeByteArray(Native Method)
02-14 14:11:45.835 D/Bitmap  (  618):       android.graphics.BitmapFactory.decodeByteArray(BitmapFactory.java:405)
02-14 14:11:45.835 D/Bitmap  (  618):       android.graphics.BitmapFactory.decodeByteArray(BitmapFactory.java:418)
02-14 14:11:45.835 D/Bitmap  (  618):       com.sprint.zone.data.DbAdapter.cursorToFeature(DbAdapter.java:1305)
02-14 14:11:45.835 D/Bitmap  (  618):       com.sprint.zone.data.DbAdapter.getPageContent(DbAdapter.java:1242)
02-14 14:11:45.835 D/Bitmap  (  618):       com.sprint.zone.data.DbAdapter.loadGlobalContent(DbAdapter.java:1447)
02-14 14:11:45.835 D/Bitmap  (  618):       com.sprint.zone.UpdateService.publishGlobalContent(UpdateService.java:168)
02-14 14:11:45.835 D/Bitmap  (  618):       com.sprint.zone.UpdateService.onHandleIntent(UpdateService.java:222)
02-14 14:11:45.835 D/Bitmap  (  618):       android.app.IntentService$ServiceHandler.handleMessage(IntentService.java:59)
02-14 14:11:45.835 D/Bitmap  (  618):       android.os.Handler.dispatchMessage(Handler.java:99)
02-14 14:11:45.835 D/Bitmap  (  618):       android.os.Looper.loop(Looper.java:130)
02-14 14:11:45.835 D/Bitmap  (  618):       android.os.HandlerThread.run(HandlerThread.java:60)
02-14 14:11:45.835 D/Bitmap  (  618): _
02-14 14:11:45.835 D/Bitmap  (  618): Detect unrecycled bitmap.
02-14 14:11:45.835 D/Bitmap  (  618):       Size: 61504 Bytes, Width: 124 , Height: 124 , Hash code: 1079374328
02-14 14:11:45.835 D/Bitmap  (  618):  This bimap was created in:
02-14 14:11:45.835 D/Bitmap  (  618):       android.graphics.Bitmap.<init>(Bitmap.java:136)
02-14 14:11:45.835 D/Bitmap  (  618):       android.graphics.BitmapFactory.nativeDecodeByteArray(Native Method)
02-14 14:11:45.835 D/Bitmap  (  618):       android.graphics.BitmapFactory.decodeByteArray(BitmapFactory.java:405)
02-14 14:11:45.835 D/Bitmap  (  618):       android.graphics.BitmapFactory.decodeByteArray(BitmapFactory.java:418)
02-14 14:11:45.835 D/Bitmap  (  618):       com.sprint.zone.data.DbAdapter.cursorToFeature(DbAdapter.java:1305)
02-14 14:11:45.835 D/Bitmap  (  618):       com.sprint.zone.data.DbAdapter.getPageContent(DbAdapter.java:1242)
02-14 14:11:45.835 D/Bitmap  (  618):       com.sprint.zone.data.DbAdapter.loadGlobalContent(DbAdapter.java:1447)
02-14 14:11:45.835 D/Bitmap  (  618):       com.sprint.zone.UpdateService.publishGlobalContent(UpdateService.java:168)
02-14 14:11:45.835 D/Bitmap  (  618):       com.sprint.zone.UpdateService.onHandleIntent(UpdateService.java:222)
02-14 14:11:45.835 D/Bitmap  (  618):       android.app.IntentService$ServiceHandler.handleMessage(IntentService.java:59)
02-14 14:11:45.835 D/Bitmap  (  618):       android.os.Handler.dispatchMessage(Handler.java:99)
02-14 14:11:45.835 D/Bitmap  (  618):       android.os.Looper.loop(Looper.java:130)
02-14 14:11:45.835 D/Bitmap  (  618):       android.os.HandlerThread.run(HandlerThread.java:60)
02-14 14:11:45.835 D/Bitmap  (  618): _
02-14 14:11:45.835 D/Bitmap  (  618): Detect unrecycled bitmap.
02-14 14:11:45.835 D/Bitmap  (  618):       Size: 131072 Bytes, Width: 256 , Height: 256 , Hash code: 1079574728
02-14 14:11:45.835 D/Bitmap  (  618):  This bimap was created in:
02-14 14:11:45.835 D/Bitmap  (  618):       android.graphics.Bitmap.<init>(Bitmap.java:136)
02-14 14:11:45.835 D/Bitmap  (  618):       android.graphics.BitmapFactory.nativeDecodeByteArray(Native Method)
02-14 14:11:45.835 D/Bitmap  (  618):       android.graphics.BitmapFactory.decodeByteArray(BitmapFactory.java:405)
02-14 14:11:45.835 D/Bitmap  (  618):       android.graphics.BitmapFactory.decodeByteArray(BitmapFactory.java:418)
02-14 14:11:45.835 D/Bitmap  (  618):       com.sprint.zone.data.DbAdapter.cursorToFeature(DbAdapter.java:1305)
02-14 14:11:45.835 D/Bitmap  (  618):       com.sprint.zone.data.DbAdapter.getPageContent(DbAdapter.java:1242)
02-14 14:11:45.835 D/Bitmap  (  618):       com.sprint.zone.data.DbAdapter.loadGlobalContent(DbAdapter.java:1447)
02-14 14:11:45.835 D/Bitmap  (  618):       com.sprint.zone.UpdateService.publishGlobalContent(UpdateService.java:168)
02-14 14:11:45.835 D/Bitmap  (  618):       com.sprint.zone.UpdateService.onHandleIntent(UpdateService.java:222)
02-14 14:11:45.835 D/Bitmap  (  618):       android.app.IntentService$ServiceHandler.handleMessage(IntentService.java:59)
02-14 14:11:45.835 D/Bitmap  (  618):       android.os.Handler.dispatchMessage(Handler.java:99)
02-14 14:11:45.835 D/Bitmap  (  618):       android.os.Looper.loop(Looper.java:130)
02-14 14:11:45.835 D/Bitmap  (  618):       android.os.HandlerThread.run(HandlerThread.java:60)
02-14 14:11:45.835 D/Bitmap  (  618): _
02-14 14:11:45.835 D/Bitmap  (  618): Detect unrecycled bitmap.
02-14 14:11:45.845 D/Bitmap  (  618):       Size: 1048576 Bytes, Width: 512 , Height: 512 , Hash code: 1079753456
02-14 14:11:45.845 D/Bitmap  (  618):  This bimap was created in:
02-14 14:11:45.845 D/Bitmap  (  618):       android.graphics.Bitmap.<init>(Bitmap.java:136)
02-14 14:11:45.845 D/Bitmap  (  618):       android.graphics.BitmapFactory.nativeDecodeByteArray(Native Method)
02-14 14:11:45.845 D/Bitmap  (  618):       android.graphics.BitmapFactory.decodeByteArray(BitmapFactory.java:405)
02-14 14:11:45.845 D/Bitmap  (  618):       android.graphics.BitmapFactory.decodeByteArray(BitmapFactory.java:418)
02-14 14:11:45.845 D/Bitmap  (  618):       com.sprint.zone.data.DbAdapter.cursorToFeature(DbAdapter.java:1305)
02-14 14:11:45.845 D/Bitmap  (  618):       com.sprint.zone.data.DbAdapter.getPageContent(DbAdapter.java:1242)
02-14 14:11:45.845 D/Bitmap  (  618):       com.sprint.zone.data.DbAdapter.loadGlobalContent(DbAdapter.java:1447)
02-14 14:11:45.845 D/Bitmap  (  618):       com.sprint.zone.UpdateService.publishGlobalContent(UpdateService.java:168)
02-14 14:11:45.845 D/Bitmap  (  618):       com.sprint.zone.UpdateService.onHandleIntent(UpdateService.java:222)
02-14 14:11:45.845 D/Bitmap  (  618):       android.app.IntentService$ServiceHandler.handleMessage(IntentService.java:59)
02-14 14:11:45.845 D/Bitmap  (  618):       android.os.Handler.dispatchMessage(Handler.java:99)
02-14 14:11:45.845 D/Bitmap  (  618):       android.os.Looper.loop(Looper.java:130)
02-14 14:11:45.845 D/Bitmap  (  618):       android.os.HandlerThread.run(HandlerThread.java:60)
02-14 14:11:45.845 D/Bitmap  (  618): _
02-14 14:11:45.845 D/Bitmap  (  618): Detect unrecycled bitmap.
02-14 14:11:45.845 D/Bitmap  (  618):       Size: 1048576 Bytes, Width: 512 , Height: 512 , Hash code: 1079781904
02-14 14:11:45.845 D/Bitmap  (  618):  This bimap was created in:
02-14 14:11:45.845 D/Bitmap  (  618):       android.graphics.Bitmap.<init>(Bitmap.java:136)
02-14 14:11:45.845 D/Bitmap  (  618):       android.graphics.BitmapFactory.nativeDecodeByteArray(Native Method)
02-14 14:11:45.845 D/Bitmap  (  618):       android.graphics.BitmapFactory.decodeByteArray(BitmapFactory.java:405)
02-14 14:11:45.845 D/Bitmap  (  618):       android.graphics.BitmapFactory.decodeByteArray(BitmapFactory.java:418)
02-14 14:11:45.845 D/Bitmap  (  618):       com.sprint.zone.data.DbAdapter.cursorToFeature(DbAdapter.java:1305)
02-14 14:11:45.845 D/Bitmap  (  618):       com.sprint.zone.data.DbAdapter.getPageContent(DbAdapter.java:1242)
02-14 14:11:45.845 D/Bitmap  (  618):       com.sprint.zone.data.DbAdapter.loadGlobalContent(DbAdapter.java:1447)
02-14 14:11:45.845 D/Bitmap  (  618):       com.sprint.zone.UpdateService.publishGlobalContent(UpdateService.java:168)
02-14 14:11:45.845 D/Bitmap  (  618):       com.sprint.zone.UpdateService.onHandleIntent(UpdateService.java:222)
02-14 14:11:45.845 D/Bitmap  (  618):       android.app.IntentService$ServiceHandler.handleMessage(IntentService.java:59)
02-14 14:11:45.845 D/Bitmap  (  618):       android.os.Handler.dispatchMessage(Handler.java:99)
02-14 14:11:45.845 D/Bitmap  (  618):       android.os.Looper.loop(Looper.java:130)
02-14 14:11:45.845 D/Bitmap  (  618):       android.os.HandlerThread.run(HandlerThread.java:60)
02-14 14:11:45.845 D/Bitmap  (  618): _
02-14 14:11:45.845 D/Bitmap  (  618): Detect unrecycled bitmap.
02-14 14:11:45.845 D/Bitmap  (  618):       Size: 48400 Bytes, Width: 110 , Height: 110 , Hash code: 1079658784
02-14 14:11:45.845 D/Bitmap  (  618):  This bimap was created in:
02-14 14:11:45.845 D/Bitmap  (  618):       android.graphics.Bitmap.<init>(Bitmap.java:136)
02-14 14:11:45.845 D/Bitmap  (  618):       android.graphics.BitmapFactory.nativeDecodeByteArray(Native Method)
02-14 14:11:45.845 D/Bitmap  (  618):       android.graphics.BitmapFactory.decodeByteArray(BitmapFactory.java:405)
02-14 14:11:45.845 D/Bitmap  (  618):       android.graphics.BitmapFactory.decodeByteArray(BitmapFactory.java:418)
02-14 14:11:45.845 D/Bitmap  (  618):       com.sprint.zone.data.DbAdapter.cursorToFeature(DbAdapter.java:1305)
02-14 14:11:45.855 D/Bitmap  (  618):       com.sprint.zone.data.DbAdapter.getPageContent(DbAdapter.java:1242)
02-14 14:11:45.855 D/Bitmap  (  618):       com.sprint.zone.data.DbAdapter.loadGlobalContent(DbAdapter.java:1447)
02-14 14:11:45.855 D/Bitmap  (  618):       com.sprint.zone.UpdateService.publishGlobalContent(UpdateService.java:168)
02-14 14:11:45.855 D/Bitmap  (  618):       com.sprint.zone.UpdateService.onHandleIntent(UpdateService.java:222)
02-14 14:11:45.855 D/Bitmap  (  618):       android.app.IntentService$ServiceHandler.handleMessage(IntentService.java:59)
02-14 14:11:45.855 D/Bitmap  (  618):       android.os.Handler.dispatchMessage(Handler.java:99)
02-14 14:11:45.855 D/Bitmap  (  618):       android.os.Looper.loop(Looper.java:130)
02-14 14:11:45.855 D/Bitmap  (  618):       android.os.HandlerThread.run(HandlerThread.java:60)
02-14 14:11:45.855 D/Bitmap  (  618): _
02-14 14:11:46.195 D/KeyguardViewMediator(  207): setHidden false
02-14 14:11:46.215 D/KeyguardViewMediator(  207): setHidden false
02-14 14:11:46.235 D/KeyguardViewMediator(  207): setHidden false
02-14 14:11:46.315 I/Mms/compose( 1070): SLIDESHOW updateSendButtonState enable = true
02-14 14:11:46.315 I/Mms/compose( 1070): SLIDESHOW setSendButtonText isMms = false
02-14 14:11:46.315 I/Mms/compose( 1070): SLIDESHOW setSendButtonText isMms = false
02-14 14:11:46.315 I/Mms/compose( 1070): SLIDESHOW updateSendButtonState enable = true
02-14 14:11:46.315 I/Mms/compose( 1070): SLIDESHOW setSendButtonText isMms = false
02-14 14:11:46.325 I/Mms/compose( 1070): SLIDESHOW setSendButtonText isMms = false
02-14 14:11:46.325 D/KeyguardViewMediator(  207): setHidden false
02-14 14:11:46.345 D/KeyguardViewMediator(  207): setHidden false
02-14 14:11:46.365 D/KeyguardViewMediator(  207): setHidden false
02-14 14:11:46.375 D/KeyguardViewMediator(  207): setHidden false
02-14 14:11:46.395 D/KeyguardViewMediator(  207): setHidden false
02-14 14:11:46.415 D/KeyguardViewMediator(  207): setHidden false
02-14 14:11:46.425 D/KeyguardViewMediator(  207): setHidden false
02-14 14:11:46.425 D/KeyguardViewMediator(  207): setHidden false
02-14 14:11:47.016 I/DATA    (  332): [DCT(0) ] onDataCallListChanged:
02-14 14:11:47.016 I/DATA    (  332): [DCT(0) ] ---dc state list---
02-14 14:11:47.016 I/DATA    (  332): [DCT(0) ] DataCallState: { cid: 0, active: 1, type: , apn: , address: 173.112.252.191 }
02-14 14:11:47.016 I/DATA    (  332): [DCT(0) ] ---dc list---
02-14 14:11:47.016 I/DATA    (  332): [DCT(0) ] cid = 0, state = DcActiveState, bearerType = IP, ipaddress = 173.112.252.191, gw=173.112.252.129, dns=[68.28.67.132, 68.28.68.132]
02-14 14:11:47.597 D/Mms/compose( 1070): isInternationalRoamingSMSChecked:true
02-14 14:11:47.597 D/Mms/compose( 1070): roamingStatus:1
02-14 14:11:47.607 I/Mms/compose( 1070): SLIDESHOW setSendButtonText isMms = false
02-14 14:11:47.607 I/Mms/compose( 1070): drawBottomPanel, inputmethod
02-14 14:11:47.607 D/Mms/compose( 1070): lyftest updateOtherAttachmentView
02-14 14:11:47.607 I/Mms/compose( 1070): SLIDESHOW updateSendButtonState enable = true
02-14 14:11:47.617 E/MmsCustom( 1070): mms config file_exist,,,custom_file_exist:true
02-14 14:11:47.617 D/SmsMessageSender( 1070): MmsCustom.file_exist()==true
02-14 14:11:47.617 I/Mms/compose( 1070): SLIDESHOW setSendButtonText isMms = false
02-14 14:11:47.687 E/HQB     ( 1070): onReceive  action received com.android.mms.transaction.SEND_MESSAGE
02-14 14:11:47.687 E/HQB     ( 1070): onReceiveWithPrivilege  action received com.android.mms.transaction.SEND_MESSAGE
02-14 14:11:47.717 D/MessageItem( 1070): MessageItem ,expiryDate = 0
02-14 14:11:47.727 D/TextView( 1070): Bug test dmz  setTextZTE Linkify.addLinksZTE is called  
02-14 14:11:47.847 D/MessageItem( 1070): MessageItem ,expiryDate = 0
02-14 14:11:47.847 D/TextView( 1070): Bug test dmz  setTextZTE Linkify.addLinksZTE is called  
02-14 14:11:47.907 D/Bitmap  (  327): Detect unrecycled bitmap.
02-14 14:11:47.907 D/Bitmap  (  327):       Size: 270080 Bytes, Width: 320 , Height: 211 , Hash code: 1079460248
02-14 14:11:47.907 D/Bitmap  (  327):  This bimap was created in:
02-14 14:11:47.907 D/Bitmap  (  327):       android.graphics.Bitmap.<init>(Bitmap.java:136)
02-14 14:11:47.907 D/Bitmap  (  327):       android.graphics.Bitmap.nativeCreate(Native Method)
02-14 14:11:47.907 D/Bitmap  (  327):       android.graphics.Bitmap.createBitmap(Bitmap.java:547)
02-14 14:11:47.907 D/Bitmap  (  327):       com.android.inputmethod.latin.LatinKeyboardBaseView.onBufferDraw(LatinKeyboardBaseView.java:775)
02-14 14:11:47.907 D/Bitmap  (  327):       com.android.inputmethod.latin.LatinKeyboardBaseView.onDraw(LatinKeyboardBaseView.java:763)
02-14 14:11:47.907 D/Bitmap  (  327):       android.view.View.draw(View.java:6880)
02-14 14:11:47.907 D/Bitmap  (  327):       com.android.inputmethod.latin.LatinKeyboardView.draw(LatinKeyboardView.java:353)
02-14 14:11:47.907 D/Bitmap  (  327):       android.view.ViewGroup.drawChild(ViewGroup.java:1649)
02-14 14:11:47.907 D/Bitmap  (  327):       android.view.ViewGroup.dispatchDraw(ViewGroup.java:1376)
02-14 14:11:47.907 D/Bitmap  (  327):       android.view.ViewGroup.drawChild(ViewGroup.java:1647)
02-14 14:11:47.907 D/Bitmap  (  327):       android.view.ViewGroup.dispatchDraw(ViewGroup.java:1376)
02-14 14:11:47.907 D/Bitmap  (  327):       android.view.ViewGroup.drawChild(ViewGroup.java:1647)
02-14 14:11:47.907 D/Bitmap  (  327):       android.view.ViewGroup.dispatchDraw(ViewGroup.java:1376)
02-14 14:11:47.907 D/Bitmap  (  327):       android.view.ViewGroup.drawChild(ViewGroup.java:1647)
02-14 14:11:47.907 D/Bitmap  (  327):       android.view.ViewGroup.dispatchDraw(ViewGroup.java:1376)
02-14 14:11:47.907 D/Bitmap  (  327):       android.view.View.draw(View.java:6883)
02-14 14:11:47.907 D/Bitmap  (  327):       android.widget.FrameLayout.draw(FrameLayout.java:357)
02-14 14:11:47.907 D/Bitmap  (  327):       com.android.internal.policy.impl.PhoneWindow$DecorView.draw(PhoneWindow.java:1866)
02-14 14:11:47.917 D/Bitmap  (  327):       android.view.ViewRoot.draw(ViewRoot.java:1526)
02-14 14:11:47.917 D/Bitmap  (  327):       android.view.ViewRoot.performTraversals(ViewRoot.java:1262)
02-14 14:11:47.917 D/Bitmap  (  327):       android.view.ViewRoot.handleMessage(ViewRoot.java:1864)
02-14 14:11:47.917 D/Bitmap  (  327):       android.os.Handler.dispatchMessage(Handler.java:99)
02-14 14:11:47.917 D/Bitmap  (  327):       android.os.Looper.loop(Looper.java:130)
02-14 14:11:47.917 D/Bitmap  (  327):       android.app.ActivityThread.main(ActivityThread.java:3704)
02-14 14:11:47.917 D/Bitmap  (  327):       java.lang.reflect.Method.invokeNative(Native Method)
02-14 14:11:47.917 D/Bitmap  (  327):       java.lang.reflect.Method.invoke(Method.java:507)
02-14 14:11:47.917 D/Bitmap  (  327):       com.android.internal.os.ZygoteInit$MethodAndArgsCaller.run(ZygoteInit.java:875)
02-14 14:11:47.917 D/Bitmap  (  327):       com.android.internal.os.ZygoteInit.main(ZygoteInit.java:633)
02-14 14:11:47.917 D/Bitmap  (  327):       dalvik.system.NativeStart.main(Native Method)
02-14 14:11:47.917 D/Bitmap  (  327): _
02-14 14:11:47.967 D/MessageItem( 1070): MessageItem ,expiryDate = 0
02-14 14:11:47.967 D/TextView( 1070): Bug test dmz  setTextZTE Linkify.addLinksZTE is called  
02-14 14:11:47.997 D/MessageItem( 1070): MessageItem ,expiryDate = 0
02-14 14:11:47.997 D/TextView( 1070): Bug test dmz  setTextZTE Linkify.addLinksZTE is called  
02-14 14:11:48.367 I/vDM     (  408): KeyCode = 4
02-14 14:11:48.367 I/vDM     (  408): Vdmc getInstance
02-14 14:11:48.367 I/vDM     (  408): Vdmc getInstance
02-14 14:11:48.367 D/DMC     (  408): MyCIMMI getInstance
02-14 14:11:48.367 I/vDM     (  408): Vdmc getInstance
02-14 14:11:48.497 D/KeyguardViewMediator(  207): setHidden false
02-14 14:11:48.507 I/vDM     (  408): KeyCode = 4
02-14 14:11:48.507 D/KeyguardViewMediator(  207): setHidden false
02-14 14:11:48.517 D/KeyguardViewMediator(  207): setHidden false
02-14 14:11:48.527 D/MessageItem( 1070): MessageItem ,expiryDate = 0
02-14 14:11:48.527 D/TextView( 1070): Bug test dmz  setTextZTE Linkify.addLinksZTE is called  
02-14 14:11:48.527 D/KeyguardViewMediator(  207): setHidden false
02-14 14:11:48.537 I/vDM     (  408): Vdmc getInstance
02-14 14:11:48.537 D/MessageItem( 1070): MessageItem ,expiryDate = 0
02-14 14:11:48.537 D/TextView( 1070): Bug test dmz  setTextZTE Linkify.addLinksZTE is called  
02-14 14:11:48.547 D/TextView( 1070): Bug test dmz  setTextZTE Linkify.addLinksZTE is called  
02-14 14:11:48.547 D/KeyguardViewMediator(  207): setHidden false
02-14 14:11:48.547 I/vDM     (  408): Vdmc getInstance
02-14 14:11:48.547 D/DMC     (  408): MyCIMMI getInstance
02-14 14:11:48.547 I/vDM     (  408): Vdmc getInstance
02-14 14:11:48.567 D/KeyguardViewMediator(  207): setHidden false
02-14 14:11:48.577 D/KeyguardViewMediator(  207): setHidden false
02-14 14:11:48.598 D/KeyguardViewMediator(  207): setHidden false
02-14 14:11:48.608 D/KeyguardViewMediator(  207): setHidden false
02-14 14:11:48.628 D/KeyguardViewMediator(  207): setHidden false
02-14 14:11:48.648 D/KeyguardViewMediator(  207): setHidden false
02-14 14:11:48.658 D/KeyguardViewMediator(  207): setHidden false
02-14 14:11:48.678 D/KeyguardViewMediator(  207): setHidden false
02-14 14:11:50.269 E/HQB     ( 1070): onReceive  action received com.android.mms.transaction.MESSAGE_SENT
02-14 14:11:50.269 E/HQB     ( 1070): onReceiveWithPrivilege  action received com.android.mms.transaction.MESSAGE_SENT
02-14 14:11:50.299 D/MAP.MapReceiver(  333): Got event in onReceiver com.broadcom.bt.service.map.sms.MESSAGE_SENT_BY_MMS_APP
02-14 14:11:50.339 D/MessageItem( 1070): MessageItem ,expiryDate = 0
02-14 14:11:50.339 D/TextView( 1070): Bug test dmz  setTextZTE Linkify.addLinksZTE is called  
02-14 14:11:50.339 D/MessageItem( 1070): MessageItem ,expiryDate = 0
02-14 14:11:50.339 D/TextView( 1070): Bug test dmz  setTextZTE Linkify.addLinksZTE is called  
02-14 14:11:50.349 D/MessageItem( 1070): MessageItem ,expiryDate = 0
02-14 14:11:50.349 D/TextView( 1070): Bug test dmz  setTextZTE Linkify.addLinksZTE is called  
02-14 14:11:50.379 D/MessageItem( 1070): MessageItem ,expiryDate = 0
02-14 14:11:50.389 D/TextView( 1070): Bug test dmz  setTextZTE Linkify.addLinksZTE is called  
02-14 14:11:50.389 D/MessageItem( 1070): MessageItem ,expiryDate = 0
02-14 14:11:50.389 D/TextView( 1070): Bug test dmz  setTextZTE Linkify.addLinksZTE is called  
02-14 14:11:50.399 D/MessageItem( 1070): MessageItem ,expiryDate = 0
02-14 14:11:50.399 D/TextView( 1070): Bug test dmz  setTextZTE Linkify.addLinksZTE is called  
02-14 14:11:50.880 D/DATA    (  332): [DSST(0)] pollstate() : reason = data network state changed
02-14 14:11:50.910 D/MobileDataStateTracker(  207): [hipri]  MobileDataStateReceiver onReceive(): Entry.
02-14 14:11:50.910 D/MobileDataStateTracker(  207): [hipri]  intent.getAction()= android.intent.action.SERVICE_STATE
02-14 14:11:50.910 D/MobileDataStateTracker(  207): [hipri]  mEnabled = false
02-14 14:11:50.920 D/MobileDataStateTracker(  207): [dun]  MobileDataStateReceiver onReceive(): Entry.
02-14 14:11:50.920 D/MobileDataStateTracker(  207): [dun]  intent.getAction()= android.intent.action.SERVICE_STATE
02-14 14:11:50.920 D/MobileDataStateTracker(  207): [dun]  mEnabled = false
02-14 14:11:50.920 D/Mms     ( 1070): currentRoamingStatus:1
02-14 14:11:50.920 D/MobileDataStateTracker(  207): [supl]  MobileDataStateReceiver onReceive(): Entry.
02-14 14:11:50.920 D/MobileDataStateTracker(  207): [supl]  intent.getAction()= android.intent.action.SERVICE_STATE
02-14 14:11:50.920 D/MobileDataStateTracker(  207): [supl]  mEnabled = false
02-14 14:11:50.920 D/MobileDataStateTracker(  207): [mms]  MobileDataStateReceiver onReceive(): Entry.
02-14 14:11:50.920 D/MobileDataStateTracker(  207): [mms]  intent.getAction()= android.intent.action.SERVICE_STATE
02-14 14:11:50.920 D/MobileDataStateTracker(  207): [mms]  mEnabled = false
02-14 14:11:50.920 D/MobileDataStateTracker(  207): [default]  MobileDataStateReceiver onReceive(): Entry.
02-14 14:11:50.920 D/MobileDataStateTracker(  207): [default]  intent.getAction()= android.intent.action.SERVICE_STATE
02-14 14:11:50.920 D/MobileDataStateTracker(  207): [default]  mEnabled = true
02-14 14:11:50.930 D/CallManager(  332):  handleMessage (EVENT_SERVICE_STATE_CHANGED)
02-14 14:11:50.930 E/BT HS/HF(  332): SERVICE_STATE_CHANGED called
02-14 14:11:50.930 E/BT HS/HF(  332): updateServiceState called, sendUpdate:false  ServiceState:0 home Sprint  310099  EvDo rev. A CSS not supported 41 4139RoamInd: 1RoamStatus(sprint): 1DefRoamInd: 160EmergOnly: false
02-14 14:11:50.930 E/BT HS/HF(  332): service:1 mService:1
02-14 14:11:50.930 D/DATA    (  332): [DSST(0)]  registrationState = 1  radioTechnology = 8 reasonForDenial = 0
02-14 14:11:50.930 D/DATA    (  332): [DSST(0)]  set mNewDataConnectionState = 0
02-14 14:11:50.930 D/DATA    (  332): [DSST(0)]  mNewDataConnectionState : 0  mDataConnectionState : 0
02-14 14:11:50.930 D/DATA    (  332): [DSST(0)] Poll ServiceState done: oldSS=[0 home null null null  EvDo rev. A CSS not supported -1 -1RoamInd: -1RoamStatus(sprint): -1DefRoamInd: -1EmergOnly: false] newSS=[0 home null null null  EvDo rev. A CSS not supported -1 -1RoamInd: -1RoamStatus(sprint): -1DefRoamInd: -1EmergOnly: false]
02-14 14:11:50.930 D/DATA    (  332): [DSST(0)]  mDataConnectionState = 0
02-14 14:11:53.582 I/wpa_supplicant(  312): State: INACTIVE -> SCANNING
02-14 14:11:53.582 I/wpa_supplicant(  312): CTRL-EVENT-STATE-CHANGE id=-1 state=2 BSSID=00:00:00:00:00:00
02-14 14:11:53.582 D/NetworkStateTracker(  207): setDetailed state, old =IDLE and new state=SCANNING
02-14 14:11:54.533 I/dun_service(  129): process rmnet event
02-14 14:11:54.533 I/dun_service(  129): Post event 4
02-14 14:11:54.533 I/dun_service(  129): received event: DUN_EVENT_RMNET_UP 
02-14 14:11:54.533 I/dun_service(  129): received event(DUN_EVENT_RMNET_UP) in state(DUN_STATE_USB_UNPLUG)
02-14 14:11:54.533 I/dun_service(  129): Ignoring the event DUN_EVENT_RMNET_UP in USB_UNPLUG_STATE
02-14 14:11:54.533 I/dun_service(  129): Moved to state(DUN_STATE_USB_UNPLUG)
02-14 14:11:54.533 I/wpa_supplicant(  312): State: SCANNING -> INACTIVE
02-14 14:11:54.533 I/wpa_supplicant(  312): CTRL-EVENT-STATE-CHANGE id=-1 state=1 BSSID=00:00:00:00:00:00
02-14 14:11:54.543 D/WifiStateTracker(  207): setNotificationVisible() visible=false mNotificationShown=false force=false return.
02-14 14:11:54.553 D/NetworkStateTracker(  207): setDetailed state, old =SCANNING and new state=IDLE
02-14 14:11:56.365 D/PowerManagerService(  207): setPowerState: mPowerState=0x3 newState=0x1 noChangeLights=false reason=3
02-14 14:11:58.317 D/PowerManagerService(  207): setPowerState: mPowerState=0x1 newState=0x3 noChangeLights=false reason=2
02-14 14:11:58.357 D/Mms     ( 1070): [26] markAsRead: update read/seen for thread uri: content://mms-sms/conversations/1
02-14 14:11:58.367 E/Database(  332): Error updating seen=1 read=1 using UPDATE threads SET seen=?, read=? WHERE _id=1
02-14 14:11:58.377 D/Mms:app ( 1070): mCmasCursor.getCount() =0
02-14 14:11:58.377 D/Mms:app ( 1070): in updateCmasNotifications--unreadCMASCursor.getCount() <= 0
02-14 14:11:58.397 I/Mms:app ( 1070): pengzhe updateDownloadFailedNotification getDownloadFailedMessageCount =0
02-14 14:11:58.477 D/MessageItem( 1070): MessageItem ,expiryDate = 0
02-14 14:11:58.477 D/TextView( 1070): Bug test dmz  setTextZTE Linkify.addLinksZTE is called  
02-14 14:11:58.487 D/MessageItem( 1070): MessageItem ,expiryDate = 0
02-14 14:11:58.487 D/TextView( 1070): Bug test dmz  setTextZTE Linkify.addLinksZTE is called  
02-14 14:11:58.497 D/MessageItem( 1070): MessageItem ,expiryDate = 0
02-14 14:11:58.497 D/TextView( 1070): Bug test dmz  setTextZTE Linkify.addLinksZTE is called  
02-14 14:11:59.548 D/Mms:app ( 1070): mCmasCursor.getCount() =0
02-14 14:11:59.548 D/Mms:app ( 1070): in updateCmasNotifications--unreadCMASCursor.getCount() <= 0
02-14 14:11:59.568 I/Mms:app ( 1070): pengzhe updateDownloadFailedNotification getDownloadFailedMessageCount =0
02-14 14:11:59.919 D/DATA    (  332): [DSST(0)] pollstate() : reason = data network state changed
02-14 14:11:59.979 D/MobileDataStateTracker(  207): [hipri]  MobileDataStateReceiver onReceive(): Entry.
02-14 14:11:59.979 D/MobileDataStateTracker(  207): [hipri]  intent.getAction()= android.intent.action.SERVICE_STATE
02-14 14:11:59.979 D/MobileDataStateTracker(  207): [hipri]  mEnabled = false
02-14 14:11:59.979 D/MobileDataStateTracker(  207): [dun]  MobileDataStateReceiver onReceive(): Entry.
02-14 14:11:59.979 D/MobileDataStateTracker(  207): [dun]  intent.getAction()= android.intent.action.SERVICE_STATE
02-14 14:11:59.979 D/MobileDataStateTracker(  207): [dun]  mEnabled = false
02-14 14:11:59.979 D/MobileDataStateTracker(  207): [supl]  MobileDataStateReceiver onReceive(): Entry.
02-14 14:11:59.979 D/MobileDataStateTracker(  207): [supl]  intent.getAction()= android.intent.action.SERVICE_STATE
02-14 14:11:59.979 D/MobileDataStateTracker(  207): [supl]  mEnabled = false
02-14 14:11:59.989 D/MobileDataStateTracker(  207): [mms]  MobileDataStateReceiver onReceive(): Entry.
02-14 14:11:59.989 D/MobileDataStateTracker(  207): [mms]  intent.getAction()= android.intent.action.SERVICE_STATE
02-14 14:11:59.989 D/MobileDataStateTracker(  207): [mms]  mEnabled = false
02-14 14:11:59.989 D/MobileDataStateTracker(  207): [default]  MobileDataStateReceiver onReceive(): Entry.
02-14 14:11:59.989 D/MobileDataStateTracker(  207): [default]  intent.getAction()= android.intent.action.SERVICE_STATE
02-14 14:11:59.989 D/MobileDataStateTracker(  207): [default]  mEnabled = true
02-14 14:11:59.989 D/DATA    (  332): [DSST(0)]  registrationState = 1  radioTechnology = 8 reasonForDenial = 0
02-14 14:11:59.999 D/DATA    (  332): [DSST(0)]  set mNewDataConnectionState = 0
02-14 14:11:59.999 D/DATA    (  332): [DSST(0)]  mNewDataConnectionState : 0  mDataConnectionState : 0
02-14 14:11:59.999 D/DATA    (  332): [DSST(0)] Poll ServiceState done: oldSS=[0 home null null null  EvDo rev. A CSS not supported -1 -1RoamInd: -1RoamStatus(sprint): -1DefRoamInd: -1EmergOnly: false] newSS=[0 home null null null  EvDo rev. A CSS not supported -1 -1RoamInd: -1RoamStatus(sprint): -1DefRoamInd: -1EmergOnly: false]
02-14 14:11:59.999 D/DATA    (  332): [DSST(0)]  mDataConnectionState = 0
02-14 14:11:59.999 D/CallManager(  332):  handleMessage (EVENT_SERVICE_STATE_CHANGED)
02-14 14:11:59.999 E/BT HS/HF(  332): SERVICE_STATE_CHANGED called
02-14 14:11:59.999 D/KeyguardUpdateMonitor(  207): received broadcast android.intent.action.TIME_TICK
02-14 14:11:59.999 D/KeyguardUpdateMonitor(  207): handleTimeUpdate
02-14 14:12:00.009 E/BT HS/HF(  332): updateServiceState called, sendUpdate:false  ServiceState:0 home Sprint  310099  EvDo rev. A CSS not supported 41 4139RoamInd: 1RoamStatus(sprint): 1DefRoamInd: 160EmergOnly: false
02-14 14:12:00.009 E/BT HS/HF(  332): service:1 mService:1
02-14 14:12:00.019 D/Mms     ( 1070): currentRoamingStatus:1
02-14 14:12:02.521 D/DATA    (  332): [DSST(0)] pollstate() : reason = data network state changed
02-14 14:12:02.551 D/MobileDataStateTracker(  207): [hipri]  MobileDataStateReceiver onReceive(): Entry.
02-14 14:12:02.551 D/MobileDataStateTracker(  207): [hipri]  intent.getAction()= android.intent.action.SERVICE_STATE
02-14 14:12:02.551 D/MobileDataStateTracker(  207): [hipri]  mEnabled = false
02-14 14:12:02.561 D/MobileDataStateTracker(  207): [dun]  MobileDataStateReceiver onReceive(): Entry.
02-14 14:12:02.561 D/MobileDataStateTracker(  207): [dun]  intent.getAction()= android.intent.action.SERVICE_STATE
02-14 14:12:02.561 D/MobileDataStateTracker(  207): [dun]  mEnabled = false
02-14 14:12:02.561 D/Mms     ( 1070): currentRoamingStatus:1
02-14 14:12:02.561 D/MobileDataStateTracker(  207): [supl]  MobileDataStateReceiver onReceive(): Entry.
02-14 14:12:02.561 D/MobileDataStateTracker(  207): [supl]  intent.getAction()= android.intent.action.SERVICE_STATE
02-14 14:12:02.561 D/MobileDataStateTracker(  207): [supl]  mEnabled = false
02-14 14:12:02.561 D/MobileDataStateTracker(  207): [mms]  MobileDataStateReceiver onReceive(): Entry.
02-14 14:12:02.561 D/MobileDataStateTracker(  207): [mms]  intent.getAction()= android.intent.action.SERVICE_STATE
02-14 14:12:02.561 D/MobileDataStateTracker(  207): [mms]  mEnabled = false
02-14 14:12:02.561 D/MobileDataStateTracker(  207): [default]  MobileDataStateReceiver onReceive(): Entry.
02-14 14:12:02.561 D/MobileDataStateTracker(  207): [default]  intent.getAction()= android.intent.action.SERVICE_STATE
02-14 14:12:02.561 D/MobileDataStateTracker(  207): [default]  mEnabled = true
02-14 14:12:02.571 D/CallManager(  332):  handleMessage (EVENT_SERVICE_STATE_CHANGED)
02-14 14:12:02.571 E/BT HS/HF(  332): SERVICE_STATE_CHANGED called
02-14 14:12:02.571 E/BT HS/HF(  332): updateServiceState called, sendUpdate:false  ServiceState:0 home Sprint  310099  EvDo rev. A CSS not supported 41 4139RoamInd: 1RoamStatus(sprint): 1DefRoamInd: 160EmergOnly: false
02-14 14:12:02.571 E/BT HS/HF(  332): service:1 mService:1
02-14 14:12:02.581 D/DATA    (  332): [DSST(0)]  registrationState = 1  radioTechnology = 8 reasonForDenial = 0
02-14 14:12:02.581 D/DATA    (  332): [DSST(0)]  set mNewDataConnectionState = 0
02-14 14:12:02.581 D/DATA    (  332): [DSST(0)]  mNewDataConnectionState : 0  mDataConnectionState : 0
02-14 14:12:02.581 D/DATA    (  332): [DSST(0)] Poll ServiceState done: oldSS=[0 home null null null  EvDo rev. A CSS not supported -1 -1RoamInd: -1RoamStatus(sprint): -1DefRoamInd: -1EmergOnly: false] newSS=[0 home null null null  EvDo rev. A CSS not supported -1 -1RoamInd: -1RoamStatus(sprint): -1DefRoamInd: -1EmergOnly: false]
02-14 14:12:02.581 D/DATA    (  332): [DSST(0)]  mDataConnectionState = 0
02-14 14:12:05.014 D/DATA    (  332): [DSST(0)] pollstate() : reason = data network state changed
02-14 14:12:05.054 D/MobileDataStateTracker(  207): [hipri]  MobileDataStateReceiver onReceive(): Entry.
02-14 14:12:05.054 D/MobileDataStateTracker(  207): [hipri]  intent.getAction()= android.intent.action.SERVICE_STATE
02-14 14:12:05.054 D/MobileDataStateTracker(  207): [hipri]  mEnabled = false
02-14 14:12:05.054 D/MobileDataStateTracker(  207): [dun]  MobileDataStateReceiver onReceive(): Entry.
02-14 14:12:05.054 D/MobileDataStateTracker(  207): [dun]  intent.getAction()= android.intent.action.SERVICE_STATE
02-14 14:12:05.054 D/MobileDataStateTracker(  207): [dun]  mEnabled = false
02-14 14:12:05.064 D/MobileDataStateTracker(  207): [supl]  MobileDataStateReceiver onReceive(): Entry.
02-14 14:12:05.064 D/MobileDataStateTracker(  207): [supl]  intent.getAction()= android.intent.action.SERVICE_STATE
02-14 14:12:05.064 D/MobileDataStateTracker(  207): [supl]  mEnabled = false
02-14 14:12:05.064 D/MobileDataStateTracker(  207): [mms]  MobileDataStateReceiver onReceive(): Entry.
02-14 14:12:05.064 D/MobileDataStateTracker(  207): [mms]  intent.getAction()= android.intent.action.SERVICE_STATE
02-14 14:12:05.064 D/MobileDataStateTracker(  207): [mms]  mEnabled = false
02-14 14:12:05.074 D/MobileDataStateTracker(  207): [default]  MobileDataStateReceiver onReceive(): Entry.
02-14 14:12:05.074 D/MobileDataStateTracker(  207): [default]  intent.getAction()= android.intent.action.SERVICE_STATE
02-14 14:12:05.074 D/MobileDataStateTracker(  207): [default]  mEnabled = true
02-14 14:12:05.074 D/Mms     ( 1070): currentRoamingStatus:1
02-14 14:12:05.074 D/CallManager(  332):  handleMessage (EVENT_SERVICE_STATE_CHANGED)
02-14 14:12:05.074 E/BT HS/HF(  332): SERVICE_STATE_CHANGED called
02-14 14:12:05.074 E/BT HS/HF(  332): updateServiceState called, sendUpdate:false  ServiceState:0 home Sprint  310099  EvDo rev. A CSS not supported 41 4139RoamInd: 1RoamStatus(sprint): 1DefRoamInd: 160EmergOnly: false
02-14 14:12:05.074 E/BT HS/HF(  332): service:1 mService:1
02-14 14:12:05.074 D/DATA    (  332): [DSST(0)]  registrationState = 1  radioTechnology = 8 reasonForDenial = 0
02-14 14:12:05.074 D/DATA    (  332): [DSST(0)]  set mNewDataConnectionState = 0
02-14 14:12:05.074 D/DATA    (  332): [DSST(0)]  mNewDataConnectionState : 0  mDataConnectionState : 0
02-14 14:12:05.084 D/DATA    (  332): [DSST(0)] Poll ServiceState done: oldSS=[0 home null null null  EvDo rev. A CSS not supported -1 -1RoamInd: -1RoamStatus(sprint): -1DefRoamInd: -1EmergOnly: false] newSS=[0 home null null null  EvDo rev. A CSS not supported -1 -1RoamInd: -1RoamStatus(sprint): -1DefRoamInd: -1EmergOnly: false]
02-14 14:12:05.084 D/DATA    (  332): [DSST(0)]  mDataConnectionState = 0
02-14 14:12:07.866 D/PowerManagerService(  207): setPowerState: mPowerState=0x3 newState=0x1 noChangeLights=false reason=3
02-14 14:12:09.578 I/wpa_supplicant(  312): State: INACTIVE -> SCANNING
02-14 14:12:09.578 I/wpa_supplicant(  312): CTRL-EVENT-STATE-CHANGE id=-1 state=2 BSSID=00:00:00:00:00:00
02-14 14:12:09.578 D/NetworkStateTracker(  207): setDetailed state, old =IDLE and new state=SCANNING
02-14 14:12:10.159 D/DATA    (  332): [DSST(0)] pollstate() : reason = data network state changed
02-14 14:12:10.229 D/MobileDataStateTracker(  207): [hipri]  MobileDataStateReceiver onReceive(): Entry.
02-14 14:12:10.229 D/MobileDataStateTracker(  207): [hipri]  intent.getAction()= android.intent.action.SERVICE_STATE
02-14 14:12:10.229 D/MobileDataStateTracker(  207): [hipri]  mEnabled = false
02-14 14:12:10.229 D/MobileDataStateTracker(  207): [dun]  MobileDataStateReceiver onReceive(): Entry.
02-14 14:12:10.229 D/MobileDataStateTracker(  207): [dun]  intent.getAction()= android.intent.action.SERVICE_STATE
02-14 14:12:10.229 D/MobileDataStateTracker(  207): [dun]  mEnabled = false
02-14 14:12:10.229 D/Mms     ( 1070): currentRoamingStatus:1
02-14 14:12:10.239 D/MobileDataStateTracker(  207): [supl]  MobileDataStateReceiver onReceive(): Entry.
02-14 14:12:10.239 D/MobileDataStateTracker(  207): [supl]  intent.getAction()= android.intent.action.SERVICE_STATE
02-14 14:12:10.239 D/MobileDataStateTracker(  207): [supl]  mEnabled = false
02-14 14:12:10.239 D/MobileDataStateTracker(  207): [mms]  MobileDataStateReceiver onReceive(): Entry.
02-14 14:12:10.239 D/MobileDataStateTracker(  207): [mms]  intent.getAction()= android.intent.action.SERVICE_STATE
02-14 14:12:10.239 D/MobileDataStateTracker(  207): [mms]  mEnabled = false
02-14 14:12:10.239 D/MobileDataStateTracker(  207): [default]  MobileDataStateReceiver onReceive(): Entry.
02-14 14:12:10.239 D/MobileDataStateTracker(  207): [default]  intent.getAction()= android.intent.action.SERVICE_STATE
02-14 14:12:10.239 D/MobileDataStateTracker(  207): [default]  mEnabled = true
02-14 14:12:10.239 D/CallManager(  332):  handleMessage (EVENT_SERVICE_STATE_CHANGED)
02-14 14:12:10.239 E/BT HS/HF(  332): SERVICE_STATE_CHANGED called
02-14 14:12:10.239 E/BT HS/HF(  332): updateServiceState called, sendUpdate:false  ServiceState:0 home Sprint  310099  EvDo rev. A CSS not supported 41 4139RoamInd: 1RoamStatus(sprint): 1DefRoamInd: 160EmergOnly: false
02-14 14:12:10.239 E/BT HS/HF(  332): service:1 mService:1
02-14 14:12:10.249 D/DATA    (  332): [DSST(0)]  registrationState = 1  radioTechnology = 8 reasonForDenial = 0
02-14 14:12:10.249 D/DATA    (  332): [DSST(0)]  set mNewDataConnectionState = 0
02-14 14:12:10.249 D/DATA    (  332): [DSST(0)]  mNewDataConnectionState : 0  mDataConnectionState : 0
