02-14 14:14:17.403 D/Bitmap  (  393):       android.graphics.BitmapFactory.decodeResourceStream(BitmapFactory.java:336)
02-14 14:14:17.403 D/Bitmap  (  393):       android.graphics.drawable.Drawable.createFromResourceStream(Drawable.java:697)
02-14 14:14:17.403 D/Bitmap  (  393):       android.content.res.Resources.loadDrawable(Resources.java:1709)
02-14 14:14:17.403 D/Bitmap  (  393):       android.content.res.Resources.getDrawable(Resources.java:581)
02-14 14:14:17.403 D/Bitmap  (  393):       android.graphics.drawable.StateListDrawable.inflate(StateListDrawable.java:162)
02-14 14:14:17.403 D/Bitmap  (  393):       android.graphics.drawable.Drawable.createFromXmlInner(Drawable.java:787)
02-14 14:14:17.403 D/Bitmap  (  393):       android.graphics.drawable.Drawable.createFromXml(Drawable.java:728)
02-14 14:14:17.403 D/Bitmap  (  393):       android.content.res.Resources.loadDrawable(Resources.java:1694)
02-14 14:14:17.403 D/Bitmap  (  393):       android.content.res.TypedArray.getDrawable(TypedArray.java:601)
02-14 14:14:17.403 D/Bitmap  (  393):       android.view.View.<init>(View.java:1951)
02-14 14:14:17.403 D/Bitmap  (  393):       android.widget.ImageView.<init>(ImageView.java:112)
02-14 14:14:17.403 D/Bitmap  (  393):       android.widget.ImageButton.<init>(ImageButton.java:85)
02-14 14:14:17.403 D/Bitmap  (  393):       android.widget.ImageButton.<init>(ImageButton.java:81)
02-14 14:14:17.403 D/Bitmap  (  393):       java.lang.reflect.Constructor.constructNative(Native Method)
02-14 14:14:17.403 D/Bitmap  (  393):       java.lang.reflect.Constructor.newInstance(Constructor.java:415)
02-14 14:14:17.403 D/Bitmap  (  393):       android.view.LayoutInflater.createView(LayoutInflater.java:505)
02-14 14:14:17.403 D/Bitmap  (  393):       com.android.internal.policy.impl.PhoneLayoutInflater.onCreateView(PhoneLayoutInflater.java:56)
02-14 14:14:17.403 D/Bitmap  (  393):       android.view.LayoutInflater.createViewFromTag(LayoutInflater.java:568)
02-14 14:14:17.403 D/Bitmap  (  393):       android.view.LayoutInflater.rInflate(LayoutInflater.java:623)
02-14 14:14:17.403 D/Bitmap  (  393):       android.view.LayoutInflater.rInflate(LayoutInflater.java:626)
02-14 14:14:17.403 D/Bitmap  (  393):       android.view.LayoutInflater.parseInclude(LayoutInflater.java:707)
02-14 14:14:17.403 D/Bitmap  (  393):       android.view.LayoutInflater.rInflate(LayoutInflater.java:619)
02-14 14:14:17.403 D/Bitmap  (  393):       android.view.LayoutInflater.rInflate(LayoutInflater.java:626)
02-14 14:14:17.403 D/Bitmap  (  393):       android.view.LayoutInflater.rInflate(LayoutInflater.java:626)
02-14 14:14:17.403 D/Bitmap  (  393):       android.view.LayoutInflater.inflate(LayoutInflater.java:408)
02-14 14:14:17.403 D/Bitmap  (  393):       android.view.LayoutInflater.inflate(LayoutInflater.java:320)
02-14 14:14:17.403 D/Bitmap  (  393):       android.view.LayoutInflater.inflate(LayoutInflater.java:276)
02-14 14:14:17.403 D/Bitmap  (  393):       com.android.contacts.smartdialer.DialerApp$DialerpadLinearLayout.<init>(DialerApp.java:339)
02-14 14:14:17.403 D/Bitmap  (  393):       com.android.contacts.smartdialer.DialerApp.onCreate(DialerApp.java:440)
02-14 14:14:17.403 D/Bitmap  (  393):       android.app.Instrumentation.callActivityOnCreate(Instrumentation.java:1047)
02-14 14:14:17.403 D/Bitmap  (  393):       android.app.ActivityThread.performLaunchActivity(ActivityThread.java:1632)
02-14 14:14:17.403 D/Bitmap  (  393):       android.app.ActivityThread.startActivityNow(ActivityThread.java:1508)
02-14 14:14:17.403 D/Bitmap  (  393):       android.app.LocalActivityManager.moveToState(LocalActivityManager.java:127)
02-14 14:14:17.403 D/Bitmap  (  393):       android.app.LocalActivityManager.startActivity(LocalActivityManager.java:339)
02-14 14:14:17.403 D/Bitmap  (  393):       android.widget.TabHost$IntentContentStrategy.getContentView(TabHost.java:676)
02-14 14:14:17.403 D/Bitmap  (  393):       android.widget.TabHost.setCurrentTab(TabHost.java:348)
02-14 14:14:17.403 D/Bitmap  (  393):       android.widget.TabHost.addTab(TabHost.java:227)
02-14 14:14:17.403 D/Bitmap  (  393):       com.android.contacts.DialtactsActivity.setupDialerTab(DialtactsActivity.java:183)
02-14 14:14:17.403 D/Bitmap  (  393):       com.android.contacts.DialtactsActivity.onCreate(DialtactsActivity.java:109)
02-14 14:14:17.403 D/Bitmap  (  393):       android.app.Instrumentation.callActivityOnCreate(Instrumentation.java:1047)
02-14 14:14:17.403 D/Bitmap  (  393):       android.app.ActivityThread.performLaunchActivity(ActivityThread.java:1632)
02-14 14:14:17.403 D/Bitmap  (  393):       android.app.ActivityThread.handleLaunchActivity(ActivityThread.java:1684)
02-14 14:14:17.403 D/Bitmap  (  393):       android.app.ActivityThread.handleRelaunchActivity(ActivityThread.java:2853)
02-14 14:14:17.403 D/Bitmap  (  393):       android.app.ActivityThread.access$1600(ActivityThread.java:123)
02-14 14:14:17.403 D/Bitmap  (  393):       android.app.ActivityThread$H.handleMessage(ActivityThread.java:952)
02-14 14:14:17.403 D/Bitmap  (  393):       android.os.Handler.dispatchMessage(Handler.java:99)
02-14 14:14:17.403 D/Bitmap  (  393):       android.os.Looper.loop(Looper.java:130)
02-14 14:14:17.403 D/Bitmap  (  393):       android.app.ActivityThread.main(ActivityThread.java:3704)
02-14 14:14:17.403 D/Bitmap  (  393):       java.lang.reflect.Method.invokeNative(Native Method)
02-14 14:14:17.403 D/Bitmap  (  393):       java.lang.reflect.Method.invoke(Method.java:507)
02-14 14:14:17.403 D/Bitmap  (  393):       com.android.internal.os.ZygoteInit$MethodAndArgsCaller.run(ZygoteInit.java:875)
02-14 14:14:17.403 D/Bitmap  (  393):       com.android.internal.os.ZygoteInit.main(ZygoteInit.java:633)
02-14 14:14:17.403 D/Bitmap  (  393):       dalvik.system.NativeStart.main(Native Method)
02-14 14:14:17.403 D/Bitmap  (  393): _
02-14 14:14:17.403 D/Bitmap  (  393): Detect unrecycled bitmap.
02-14 14:14:17.403 D/Bitmap  (  393):       Size: 43200 Bytes, Width: 150 , Height: 72 , Hash code: 1079639816
02-14 14:14:17.403 D/Bitmap  (  393):  This bimap was created in:
02-14 14:14:17.403 D/Bitmap  (  393):       android.graphics.Bitmap.<init>(Bitmap.java:136)
02-14 14:14:17.403 D/Bitmap  (  393):       android.graphics.BitmapFactory.nativeDecodeAsset(Native Method)
02-14 14:14:17.403 D/Bitmap  (  393):       android.graphics.BitmapFactory.decodeStream(BitmapFactory.java:460)
02-14 14:14:17.403 D/Bitmap  (  393):       android.graphics.BitmapFactory.decodeResourceStream(BitmapFactory.java:336)
02-14 14:14:17.403 D/Bitmap  (  393):       android.graphics.drawable.Drawable.createFromResourceStream(Drawable.java:697)
02-14 14:14:17.403 D/Bitmap  (  393):       android.content.res.Resources.loadDrawable(Resources.java:1709)
02-14 14:14:17.413 D/Bitmap  (  393):       android.content.res.Resources.getDrawable(Resources.java:581)
02-14 14:14:17.413 D/Bitmap  (  393):       android.graphics.drawable.StateListDrawable.inflate(StateListDrawable.java:162)
02-14 14:14:17.413 D/Bitmap  (  393):       android.graphics.drawable.Drawable.createFromXmlInner(Drawable.java:787)
02-14 14:14:17.413 D/Bitmap  (  393):       android.graphics.drawable.Drawable.createFromXml(Drawable.java:728)
02-14 14:14:17.413 D/Bitmap  (  393):       android.content.res.Resources.loadDrawable(Resources.java:1694)
02-14 14:14:17.413 D/Bitmap  (  393):       android.content.res.TypedArray.getDrawable(TypedArray.java:601)
02-14 14:14:17.413 D/Bitmap  (  393):       android.view.View.<init>(View.java:1951)
02-14 14:14:17.413 D/Bitmap  (  393):       android.widget.ImageView.<init>(ImageView.java:112)
02-14 14:14:17.413 D/Bitmap  (  393):       android.widget.ImageButton.<init>(ImageButton.java:85)
02-14 14:14:17.413 D/Bitmap  (  393):       android.widget.ImageButton.<init>(ImageButton.java:81)
02-14 14:14:17.413 D/Bitmap  (  393):       java.lang.reflect.Constructor.constructNative(Native Method)
02-14 14:14:17.413 D/Bitmap  (  393):       java.lang.reflect.Constructor.newInstance(Constructor.java:415)
02-14 14:14:17.413 D/Bitmap  (  393):       android.view.LayoutInflater.createView(LayoutInflater.java:505)
02-14 14:14:17.413 D/Bitmap  (  393):       com.android.internal.policy.impl.PhoneLayoutInflater.onCreateView(PhoneLayoutInflater.java:56)
02-14 14:14:17.413 D/Bitmap  (  393):       android.view.LayoutInflater.createViewFromTag(LayoutInflater.java:568)
02-14 14:14:17.413 D/Bitmap  (  393):       android.view.LayoutInflater.rInflate(LayoutInflater.java:623)
02-14 14:14:17.413 D/Bitmap  (  393):       android.view.LayoutInflater.rInflate(LayoutInflater.java:626)
02-14 14:14:17.413 D/Bitmap  (  393):       android.view.LayoutInflater.parseInclude(LayoutInflater.java:707)
02-14 14:14:17.413 D/Bitmap  (  393):       android.view.LayoutInflater.rInflate(LayoutInflater.java:619)
02-14 14:14:17.413 D/Bitmap  (  393):       android.view.LayoutInflater.rInflate(LayoutInflater.java:626)
02-14 14:14:17.413 D/Bitmap  (  393):       android.view.LayoutInflater.rInflate(LayoutInflater.java:626)
02-14 14:14:17.413 D/Bitmap  (  393):       android.view.LayoutInflater.inflate(LayoutInflater.java:408)
02-14 14:14:17.413 D/Bitmap  (  393):       android.view.LayoutInflater.inflate(LayoutInflater.java:320)
02-14 14:14:17.413 D/Bitmap  (  393):       android.view.LayoutInflater.inflate(LayoutInflater.java:276)
02-14 14:14:17.413 D/Bitmap  (  393):       com.android.contacts.smartdialer.DialerApp$DialerpadLinearLayout.<init>(DialerApp.java:339)
02-14 14:14:17.413 D/Bitmap  (  393):       com.android.contacts.smartdialer.DialerApp.onCreate(DialerApp.java:440)
02-14 14:14:17.413 D/Bitmap  (  393):       android.app.Instrumentation.callActivityOnCreate(Instrumentation.java:1047)
02-14 14:14:17.413 D/Bitmap  (  393):       android.app.ActivityThread.performLaunchActivity(ActivityThread.java:1632)
02-14 14:14:17.413 D/Bitmap  (  393):       android.app.ActivityThread.startActivityNow(ActivityThread.java:1508)
02-14 14:14:17.413 D/Bitmap  (  393):       android.app.LocalActivityManager.moveToState(LocalActivityManager.java:127)
02-14 14:14:17.413 D/Bitmap  (  393):       android.app.LocalActivityManager.startActivity(LocalActivityManager.java:339)
02-14 14:14:17.413 D/Bitmap  (  393):       android.widget.TabHost$IntentContentStrategy.getContentView(TabHost.java:676)
02-14 14:14:17.413 D/Bitmap  (  393):       android.widget.TabHost.setCurrentTab(TabHost.java:348)
02-14 14:14:17.413 D/Bitmap  (  393):       android.widget.TabHost.addTab(TabHost.java:227)
02-14 14:14:17.413 D/Bitmap  (  393):       com.android.contacts.DialtactsActivity.setupDialerTab(DialtactsActivity.java:183)
02-14 14:14:17.413 D/Bitmap  (  393):       com.android.contacts.DialtactsActivity.onCreate(DialtactsActivity.java:109)
02-14 14:14:17.413 D/Bitmap  (  393):       android.app.Instrumentation.callActivityOnCreate(Instrumentation.java:1047)
02-14 14:14:17.413 D/Bitmap  (  393):       android.app.ActivityThread.performLaunchActivity(ActivityThread.java:1632)
02-14 14:14:17.413 D/Bitmap  (  393):       android.app.ActivityThread.handleLaunchActivity(ActivityThread.java:1684)
02-14 14:14:17.413 D/Bitmap  (  393):       android.app.ActivityThread.handleRelaunchActivity(ActivityThread.java:2853)
02-14 14:14:17.413 D/Bitmap  (  393):       android.app.ActivityThread.access$1600(ActivityThread.java:123)
02-14 14:14:17.413 D/Bitmap  (  393):       android.app.ActivityThread$H.handleMessage(ActivityThread.java:952)
02-14 14:14:17.413 D/Bitmap  (  393):       android.os.Handler.dispatchMessage(Handler.java:99)
02-14 14:14:17.413 D/Bitmap  (  393):       android.os.Looper.loop(Looper.java:130)
02-14 14:14:17.413 D/Bitmap  (  393):       android.app.ActivityThread.main(ActivityThread.java:3704)
02-14 14:14:17.413 D/Bitmap  (  393):       java.lang.reflect.Method.invokeNative(Native Method)
02-14 14:14:17.413 D/Bitmap  (  393):       java.lang.reflect.Method.invoke(Method.java:507)
02-14 14:14:17.413 D/Bitmap  (  393):       com.android.internal.os.ZygoteInit$MethodAndArgsCaller.run(ZygoteInit.java:875)
02-14 14:14:17.413 D/Bitmap  (  393):       com.android.internal.os.ZygoteInit.main(ZygoteInit.java:633)
02-14 14:14:17.413 D/Bitmap  (  393):       dalvik.system.NativeStart.main(Native Method)
02-14 14:14:17.413 D/Bitmap  (  393): _
02-14 14:14:17.413 D/Bitmap  (  393): Detect unrecycled bitmap.
02-14 14:14:17.413 D/Bitmap  (  393):       Size: 147200 Bytes, Width: 460 , Height: 80 , Hash code: 1080739968
02-14 14:14:17.413 D/Bitmap  (  393):  This bimap was created in:
02-14 14:14:17.413 D/Bitmap  (  393):       android.graphics.Bitmap.<init>(Bitmap.java:136)
02-14 14:14:17.413 D/Bitmap  (  393):       android.graphics.BitmapFactory.nativeDecodeAsset(Native Method)
02-14 14:14:17.413 D/Bitmap  (  393):       android.graphics.BitmapFactory.decodeStream(BitmapFactory.java:460)
02-14 14:14:17.413 D/Bitmap  (  393):       android.graphics.BitmapFactory.decodeResourceStream(BitmapFactory.java:336)
02-14 14:14:17.413 D/Bitmap  (  393):       android.graphics.drawable.Drawable.createFromResourceStream(Drawable.java:697)
02-14 14:14:17.413 D/Bitmap  (  393):       android.content.res.Resources.loadDrawable(Resources.java:1709)
02-14 14:14:17.413 D/Bitmap  (  393):       android.content.res.TypedArray.getDrawable(TypedArray.java:601)
02-14 14:14:17.413 D/Bitmap  (  393):       android.view.View.<init>(View.java:1951)
02-14 14:14:17.413 D/Bitmap  (  393):       android.widget.TextView.<init>(TextView.java:361)
02-14 14:14:17.413 D/Bitmap  (  393):       android.widget.EditText.<init>(EditText.java:58)
02-14 14:14:17.413 D/Bitmap  (  393):       android.widget.EditText.<init>(EditText.java:54)
02-14 14:14:17.413 D/Bitmap  (  393):       java.lang.reflect.Constructor.constructNative(Native Method)
02-14 14:14:17.413 D/Bitmap  (  393):       java.lang.reflect.Constructor.newInstance(Constructor.java:415)
02-14 14:14:17.413 D/Bitmap  (  393):       android.view.LayoutInflater.createView(LayoutInflater.java:505)
02-14 14:14:17.413 D/Bitmap  (  393):       com.android.internal.policy.impl.PhoneLayoutInflater.onCreateView(PhoneLayoutInflater.java:56)
02-14 14:14:17.413 D/Bitmap  (  393):       android.view.LayoutInflater.createViewFromTag(LayoutInflater.java:568)
02-14 14:14:17.413 D/Bitmap  (  393):       android.view.LayoutInflater.rInflate(LayoutInflater.java:623)
02-14 14:14:17.413 D/Bitmap  (  393):       android.view.LayoutInflater.rInflate(LayoutInflater.java:626)
02-14 14:14:17.413 D/Bitmap  (  393):       android.view.LayoutInflater.rInflate(LayoutInflater.java:626)
02-14 14:14:17.413 D/Bitmap  (  393):       android.view.LayoutInflater.rInflate(LayoutInflater.java:626)
02-14 14:14:17.413 D/Bitmap  (  393):       android.view.LayoutInflater.inflate(LayoutInflater.java:408)
02-14 14:14:17.413 D/Bitmap  (  393):       android.view.LayoutInflater.inflate(LayoutInflater.java:320)
02-14 14:14:17.413 D/Bitmap  (  393):       android.view.LayoutInflater.inflate(LayoutInflater.java:276)
02-14 14:14:17.413 D/Bitmap  (  393):       com.android.contacts.smartdialer.DialerApp$DialerpadLinearLayout.<init>(DialerApp.java:339)
02-14 14:14:17.413 D/Bitmap  (  393):       com.android.contacts.smartdialer.DialerApp.onCreate(DialerApp.java:440)
02-14 14:14:17.413 D/Bitmap  (  393):       android.app.Instrumentation.callActivityOnCreate(Instrumentation.java:1047)
02-14 14:14:17.413 D/Bitmap  (  393):       android.app.ActivityThread.performLaunchActivity(ActivityThread.java:1632)
02-14 14:14:17.413 D/Bitmap  (  393):       android.app.ActivityThread.startActivityNow(ActivityThread.java:1508)
02-14 14:14:17.413 D/Bitmap  (  393):       android.app.LocalActivityManager.moveToState(LocalActivityManager.java:127)
02-14 14:14:17.413 D/Bitmap  (  393):       android.app.LocalActivityManager.startActivity(LocalActivityManager.java:339)
02-14 14:14:17.413 D/Bitmap  (  393):       android.widget.TabHost$IntentContentStrategy.getContentView(TabHost.java:676)
02-14 14:14:17.413 D/Bitmap  (  393):       android.widget.TabHost.setCurrentTab(TabHost.java:348)
02-14 14:14:17.413 D/Bitmap  (  393):       android.widget.TabHost.addTab(TabHost.java:227)
02-14 14:14:17.413 D/Bitmap  (  393):       com.android.contacts.DialtactsActivity.setupDialerTab(DialtactsActivity.java:183)
02-14 14:14:17.413 D/Bitmap  (  393):       com.android.contacts.DialtactsActivity.onCreate(DialtactsActivity.java:109)
02-14 14:14:17.413 D/Bitmap  (  393):       android.app.Instrumentation.callActivityOnCreate(Instrumentation.java:1047)
02-14 14:14:17.413 D/Bitmap  (  393):       android.app.ActivityThread.performLaunchActivity(ActivityThread.java:1632)
02-14 14:14:17.413 D/Bitmap  (  393):       android.app.ActivityThread.handleLaunchActivity(ActivityThread.java:1684)
02-14 14:14:17.413 D/Bitmap  (  393):       android.app.ActivityThread.handleRelaunchActivity(ActivityThread.java:2853)
02-14 14:14:17.423 D/Bitmap  (  393):       android.app.ActivityThread.access$1600(ActivityThread.java:123)
02-14 14:14:17.423 D/Bitmap  (  393):       android.app.ActivityThread$H.handleMessage(ActivityThread.java:952)
02-14 14:14:17.423 D/Bitmap  (  393):       android.os.Handler.dispatchMessage(Handler.java:99)
02-14 14:14:17.423 D/Bitmap  (  393):       android.os.Looper.loop(Looper.java:130)
02-14 14:14:17.423 D/Bitmap  (  393):       android.app.ActivityThread.main(ActivityThread.java:3704)
02-14 14:14:17.423 D/Bitmap  (  393):       java.lang.reflect.Method.invokeNative(Native Method)
02-14 14:14:17.423 D/Bitmap  (  393):       java.lang.reflect.Method.invoke(Method.java:507)
02-14 14:14:17.423 D/Bitmap  (  393):       com.android.internal.os.ZygoteInit$MethodAndArgsCaller.run(ZygoteInit.java:875)
02-14 14:14:17.423 D/Bitmap  (  393):       com.android.internal.os.ZygoteInit.main(ZygoteInit.java:633)
02-14 14:14:17.423 D/Bitmap  (  393):       dalvik.system.NativeStart.main(Native Method)
02-14 14:14:17.423 D/Bitmap  (  393): _
02-14 14:14:17.423 D/Bitmap  (  393): Detect unrecycled bitmap.
02-14 14:14:17.423 D/Bitmap  (  393):       Size: 157440 Bytes, Width: 320 , Height: 123 , Hash code: 1080790792
02-14 14:14:17.423 D/Bitmap  (  393):  This bimap was created in:
02-14 14:14:17.423 D/Bitmap  (  393):       android.graphics.Bitmap.<init>(Bitmap.java:136)
02-14 14:14:17.423 D/Bitmap  (  393):       android.graphics.BitmapFactory.nativeDecodeAsset(Native Method)
02-14 14:14:17.423 D/Bitmap  (  393):       android.graphics.BitmapFactory.decodeStream(BitmapFactory.java:460)
02-14 14:14:17.423 D/Bitmap  (  393):       android.graphics.BitmapFactory.decodeResourceStream(BitmapFactory.java:336)
02-14 14:14:17.423 D/Bitmap  (  393):       android.graphics.drawable.Drawable.createFromResourceStream(Drawable.java:697)
02-14 14:14:17.423 D/Bitmap  (  393):       android.content.res.Resources.loadDrawable(Resources.java:1709)
02-14 14:14:17.423 D/Bitmap  (  393):       android.content.res.Resources.getDrawable(Resources.java:581)
02-14 14:14:17.423 D/Bitmap  (  393):       android.widget.AbsListView.setOverScrollMode(AbsListView.java:655)
02-14 14:14:17.423 D/Bitmap  (  393):       android.view.View.<init>(View.java:1879)
02-14 14:14:17.423 D/Bitmap  (  393):       android.view.View.<init>(View.java:1921)
02-14 14:14:17.423 D/Bitmap  (  393):       android.view.ViewGroup.<init>(ViewGroup.java:292)
02-14 14:14:17.423 D/Bitmap  (  393):       android.widget.AdapterView.<init>(AdapterView.java:228)
02-14 14:14:17.423 D/Bitmap  (  393):       android.widget.AbsListView.<init>(AbsListView.java:592)
02-14 14:14:17.423 D/Bitmap  (  393):       android.widget.ListView.<init>(ListView.java:163)
02-14 14:14:17.423 D/Bitmap  (  393):       android.widget.ListView.<init>(ListView.java:159)
02-14 14:14:17.423 D/Bitmap  (  393):       java.lang.reflect.Constructor.constructNative(Native Method)
02-14 14:14:17.423 D/Bitmap  (  393):       java.lang.reflect.Constructor.newInstance(Constructor.java:415)
02-14 14:14:17.423 D/Bitmap  (  393):       android.view.LayoutInflater.createView(LayoutInflater.java:505)
02-14 14:14:17.423 D/Bitmap  (  393):       com.android.internal.policy.impl.PhoneLayoutInflater.onCreateView(PhoneLayoutInflater.java:56)
02-14 14:14:17.423 D/Bitmap  (  393):       android.view.LayoutInflater.createViewFromTag(LayoutInflater.java:568)
02-14 14:14:17.423 D/Bitmap  (  393):       android.view.LayoutInflater.rInflate(LayoutInflater.java:623)
02-14 14:14:17.423 D/Bitmap  (  393):       android.view.LayoutInflater.rInflate(LayoutInflater.java:626)
02-14 14:14:17.423 D/Bitmap  (  393):       android.view.LayoutInflater.rInflate(LayoutInflater.java:626)
02-14 14:14:17.423 D/Bitmap  (  393):       android.view.LayoutInflater.inflate(LayoutInflater.java:408)
02-14 14:14:17.423 D/Bitmap  (  393):       android.view.LayoutInflater.inflate(LayoutInflater.java:320)
02-14 14:14:17.423 D/Bitmap  (  393):       android.view.LayoutInflater.inflate(LayoutInflater.java:276)
02-14 14:14:17.423 D/Bitmap  (  393):       com.android.contacts.smartdialer.DialerApp$DialerpadLinearLayout.<init>(DialerApp.java:339)
02-14 14:14:17.423 D/Bitmap  (  393):       com.android.contacts.smartdialer.DialerApp.onCreate(DialerApp.java:440)
02-14 14:14:17.423 D/Bitmap  (  393):       android.app.Instrumentation.callActivityOnCreate(Instrumentation.java:1047)
02-14 14:14:17.423 D/Bitmap  (  393):       android.app.ActivityThread.performLaunchActivity(ActivityThread.java:1632)
02-14 14:14:17.423 D/Bitmap  (  393):       android.app.ActivityThread.startActivityNow(ActivityThread.java:1508)
02-14 14:14:17.423 D/Bitmap  (  393):       android.app.LocalActivityManager.moveToState(LocalActivityManager.java:127)
02-14 14:14:17.423 D/Bitmap  (  393):       android.app.LocalActivityManager.startActivity(LocalActivityManager.java:339)
02-14 14:14:17.423 D/Bitmap  (  393):       android.widget.TabHost$IntentContentStrategy.getContentView(TabHost.java:676)
02-14 14:14:17.423 D/Bitmap  (  393):       android.widget.TabHost.setCurrentTab(TabHost.java:348)
02-14 14:14:17.423 D/Bitmap  (  393):       android.widget.TabHost.addTab(TabHost.java:227)
02-14 14:14:17.423 D/Bitmap  (  393):       com.android.contacts.DialtactsActivity.setupDialerTab(DialtactsActivity.java:183)
02-14 14:14:17.423 D/Bitmap  (  393):       com.android.contacts.DialtactsActivity.onCreate(DialtactsActivity.java:109)
02-14 14:14:17.423 D/Bitmap  (  393):       android.app.Instrumentation.callActivityOnCreate(Instrumentation.java:1047)
02-14 14:14:17.423 D/Bitmap  (  393):       android.app.ActivityThread.performLaunchActivity(ActivityThread.java:1632)
02-14 14:14:17.423 D/Bitmap  (  393):       android.app.ActivityThread.handleLaunchActivity(ActivityThread.java:1684)
02-14 14:14:17.423 D/Bitmap  (  393):       android.app.ActivityThread.handleRelaunchActivity(ActivityThread.java:2853)
02-14 14:14:17.423 D/Bitmap  (  393):       android.app.ActivityThread.access$1600(ActivityThread.java:123)
02-14 14:14:17.423 D/Bitmap  (  393):       android.app.ActivityThread$H.handleMessage(ActivityThread.java:952)
02-14 14:14:17.423 D/Bitmap  (  393):       android.os.Handler.dispatchMessage(Handler.java:99)
02-14 14:14:17.423 D/Bitmap  (  393):       android.os.Looper.loop(Looper.java:130)
02-14 14:14:17.423 D/Bitmap  (  393):       android.app.ActivityThread.main(ActivityThread.java:3704)
02-14 14:14:17.423 D/Bitmap  (  393):       java.lang.reflect.Method.invokeNative(Native Method)
02-14 14:14:17.423 D/Bitmap  (  393):       java.lang.reflect.Method.invoke(Method.java:507)
02-14 14:14:17.423 D/Bitmap  (  393):       com.android.internal.os.ZygoteInit$MethodAndArgsCaller.run(ZygoteInit.java:875)
02-14 14:14:17.423 D/Bitmap  (  393):       com.android.internal.os.ZygoteInit.main(ZygoteInit.java:633)
02-14 14:14:17.423 D/Bitmap  (  393):       dalvik.system.NativeStart.main(Native Method)
02-14 14:14:17.423 D/Bitmap  (  393): _
02-14 14:14:17.443 I/wpa_supplicant(  312): State: INACTIVE -> SCANNING
02-14 14:14:17.443 I/wpa_supplicant(  312): CTRL-EVENT-STATE-CHANGE id=-1 state=2 BSSID=00:00:00:00:00:00
02-14 14:14:17.443 D/NetworkStateTracker(  207): setDetailed state, old =IDLE and new state=SCANNING
02-14 14:14:18.394 I/dun_service(  129): process rmnet event
02-14 14:14:18.394 I/dun_service(  129): Post event 4
02-14 14:14:18.394 I/dun_service(  129): received event: DUN_EVENT_RMNET_UP 
02-14 14:14:18.394 I/dun_service(  129): received event(DUN_EVENT_RMNET_UP) in state(DUN_STATE_USB_UNPLUG)
02-14 14:14:18.394 I/dun_service(  129): Ignoring the event DUN_EVENT_RMNET_UP in USB_UNPLUG_STATE
02-14 14:14:18.394 I/dun_service(  129): Moved to state(DUN_STATE_USB_UNPLUG)
02-14 14:14:18.394 I/wpa_supplicant(  312): State: SCANNING -> INACTIVE
02-14 14:14:18.394 I/wpa_supplicant(  312): CTRL-EVENT-STATE-CHANGE id=-1 state=1 BSSID=00:00:00:00:00:00
02-14 14:14:18.404 D/WifiStateTracker(  207): setNotificationVisible() visible=false mNotificationShown=false force=false return.
02-14 14:14:18.414 D/NetworkStateTracker(  207): setDetailed state, old =SCANNING and new state=IDLE
02-14 14:14:29.735 I/dun_service(  129): The value returned from dun_getusbmodemstate_fromsys is 2 
02-14 14:14:29.745 D/KeyguardUpdateMonitor(  207): received broadcast android.intent.action.BATTERY_CHANGED
02-14 14:14:29.755 D/KeyguardUpdateMonitor(  207): handleBatteryUpdate
02-14 14:14:32.608 D/zhangzhengqian( 1070): MMS_AUTO_RETRIEVAL  MMS_RETRIEVAL_ROAMING changed
02-14 14:14:33.438 I/wpa_supplicant(  312): State: INACTIVE -> SCANNING
02-14 14:14:33.438 I/wpa_supplicant(  312): CTRL-EVENT-STATE-CHANGE id=-1 state=2 BSSID=00:00:00:00:00:00
02-14 14:14:33.438 D/NetworkStateTracker(  207): setDetailed state, old =IDLE and new state=SCANNING
02-14 14:14:34.389 I/wpa_supplicant(  312): State: SCANNING -> INACTIVE
02-14 14:14:34.389 I/wpa_supplicant(  312): CTRL-EVENT-STATE-CHANGE id=-1 state=1 BSSID=00:00:00:00:00:00
02-14 14:14:34.389 I/dun_service(  129): process rmnet event
02-14 14:14:34.389 I/dun_service(  129): Post event 4
02-14 14:14:34.389 I/dun_service(  129): received event: DUN_EVENT_RMNET_UP 
02-14 14:14:34.389 I/dun_service(  129): received event(DUN_EVENT_RMNET_UP) in state(DUN_STATE_USB_UNPLUG)
02-14 14:14:34.389 I/dun_service(  129): Ignoring the event DUN_EVENT_RMNET_UP in USB_UNPLUG_STATE
02-14 14:14:34.389 I/dun_service(  129): Moved to state(DUN_STATE_USB_UNPLUG)
02-14 14:14:34.399 D/NetworkStateTracker(  207): setDetailed state, old =SCANNING and new state=IDLE
02-14 14:14:34.399 D/WifiStateTracker(  207): setNotificationVisible() visible=false mNotificationShown=false force=false return.
02-14 14:14:36.281 D/KeyguardViewMediator(  207): setHidden false
02-14 14:14:36.291 I/hubo    (  207): Activity {android/com.android.internal.app.RingtonePickerActivity}
02-14 14:14:36.491 D/Bitmap  ( 1070): Detect unrecycled bitmap.
02-14 14:14:36.491 D/Bitmap  ( 1070):       Size: 40960 Bytes, Width: 320 , Height: 64 , Hash code: 1079307192
02-14 14:14:36.491 D/Bitmap  ( 1070):  This bimap was created in:
02-14 14:14:36.491 D/Bitmap  ( 1070):       android.graphics.Bitmap.<init>(Bitmap.java:136)
02-14 14:14:36.491 D/Bitmap  ( 1070):       android.graphics.Bitmap.nativeCreate(Native Method)
02-14 14:14:36.491 D/Bitmap  ( 1070):       android.graphics.Bitmap.createBitmap(Bitmap.java:547)
02-14 14:14:36.491 D/Bitmap  ( 1070):       android.view.View.buildDrawingCache(View.java:6577)
02-14 14:14:36.491 D/Bitmap  ( 1070):       android.view.View.getDrawingCache(View.java:6428)
02-14 14:14:36.491 D/Bitmap  ( 1070):       android.view.ViewGroup.drawChild(ViewGroup.java:1574)
02-14 14:14:36.491 D/Bitmap  ( 1070):       android.view.ViewGroup.dispatchDraw(ViewGroup.java:1376)
02-14 14:14:36.491 D/Bitmap  ( 1070):       android.widget.AbsListView.dispatchDraw(AbsListView.java:1480)
02-14 14:14:36.491 D/Bitmap  ( 1070):       android.widget.ListView.dispatchDraw(ListView.java:3138)
02-14 14:14:36.491 D/Bitmap  ( 1070):       android.view.View.draw(View.java:6986)
02-14 14:14:36.491 D/Bitmap  ( 1070):       android.widget.AbsListView.draw(AbsListView.java:2588)
02-14 14:14:36.491 D/Bitmap  ( 1070):       android.view.ViewGroup.drawChild(ViewGroup.java:1649)
02-14 14:14:36.491 D/Bitmap  ( 1070):       android.view.ViewGroup.dispatchDraw(ViewGroup.java:1376)
02-14 14:14:36.491 D/Bitmap  ( 1070):       android.view.View.draw(View.java:6883)
02-14 14:14:36.491 D/Bitmap  ( 1070):       android.widget.FrameLayout.draw(FrameLayout.java:357)
02-14 14:14:36.491 D/Bitmap  ( 1070):       android.view.ViewGroup.drawChild(ViewGroup.java:1649)
02-14 14:14:36.491 D/Bitmap  ( 1070):       android.view.ViewGroup.dispatchDraw(ViewGroup.java:1376)
02-14 14:14:36.491 D/Bitmap  ( 1070):       android.view.ViewGroup.drawChild(ViewGroup.java:1647)
02-14 14:14:36.491 D/Bitmap  ( 1070):       android.view.ViewGroup.dispatchDraw(ViewGroup.java:1376)
02-14 14:14:36.491 D/Bitmap  ( 1070):       android.view.View.draw(View.java:6883)
02-14 14:14:36.491 D/Bitmap  ( 1070):       android.widget.FrameLayout.draw(FrameLayout.java:357)
02-14 14:14:36.491 D/Bitmap  ( 1070):       com.android.internal.policy.impl.PhoneWindow$DecorView.draw(PhoneWindow.java:1866)
02-14 14:14:36.491 D/Bitmap  ( 1070):       android.view.ViewRoot.draw(ViewRoot.java:1526)
02-14 14:14:36.491 D/Bitmap  ( 1070):       android.view.ViewRoot.performTraversals(ViewRoot.java:1262)
02-14 14:14:36.491 D/Bitmap  ( 1070):       android.view.ViewRoot.handleMessage(ViewRoot.java:1864)
02-14 14:14:36.491 D/Bitmap  ( 1070):       android.os.Handler.dispatchMessage(Handler.java:99)
02-14 14:14:36.491 D/Bitmap  ( 1070):       android.os.Looper.loop(Looper.java:130)
02-14 14:14:36.491 D/Bitmap  ( 1070):       android.app.ActivityThread.main(ActivityThread.java:3704)
02-14 14:14:36.491 D/Bitmap  ( 1070):       java.lang.reflect.Method.invokeNative(Native Method)
02-14 14:14:36.491 D/Bitmap  ( 1070):       java.lang.reflect.Method.invoke(Method.java:507)
02-14 14:14:36.491 D/Bitmap  ( 1070):       com.android.internal.os.ZygoteInit$MethodAndArgsCaller.run(ZygoteInit.java:875)
02-14 14:14:36.491 D/Bitmap  ( 1070):       com.android.internal.os.ZygoteInit.main(ZygoteInit.java:633)
02-14 14:14:36.491 D/Bitmap  ( 1070):       dalvik.system.NativeStart.main(Native Method)
02-14 14:14:36.491 D/Bitmap  ( 1070): _
02-14 14:14:36.491 D/Bitmap  ( 1070): Detect unrecycled bitmap.
02-14 14:14:36.491 D/Bitmap  ( 1070):       Size: 40960 Bytes, Width: 320 , Height: 64 , Hash code: 1079509808
02-14 14:14:36.491 D/Bitmap  ( 1070):  This bimap was created in:
02-14 14:14:36.491 D/Bitmap  ( 1070):       android.graphics.Bitmap.<init>(Bitmap.java:136)
02-14 14:14:36.491 D/Bitmap  ( 1070):       android.graphics.Bitmap.nativeCreate(Native Method)
02-14 14:14:36.491 D/Bitmap  ( 1070):       android.graphics.Bitmap.createBitmap(Bitmap.java:547)
02-14 14:14:36.491 D/Bitmap  ( 1070):       android.view.View.buildDrawingCache(View.java:6577)
02-14 14:14:36.491 D/Bitmap  ( 1070):       android.view.View.getDrawingCache(View.java:6428)
02-14 14:14:36.491 D/Bitmap  ( 1070):       android.view.ViewGroup.drawChild(ViewGroup.java:1574)
02-14 14:14:36.491 D/Bitmap  ( 1070):       android.view.ViewGroup.dispatchDraw(ViewGroup.java:1376)
02-14 14:14:36.491 D/Bitmap  ( 1070):       android.widget.AbsListView.dispatchDraw(AbsListView.java:1480)
02-14 14:14:36.491 D/Bitmap  ( 1070):       android.widget.ListView.dispatchDraw(ListView.java:3138)
02-14 14:14:36.491 D/Bitmap  ( 1070):       android.view.View.draw(View.java:6986)
02-14 14:14:36.491 D/Bitmap  ( 1070):       android.widget.AbsListView.draw(AbsListView.java:2588)
02-14 14:14:36.491 D/Bitmap  ( 1070):       android.view.ViewGroup.drawChild(ViewGroup.java:1649)
02-14 14:14:36.491 D/Bitmap  ( 1070):       android.view.ViewGroup.dispatchDraw(ViewGroup.java:1376)
02-14 14:14:36.491 D/Bitmap  ( 1070):       android.view.View.draw(View.java:6883)
02-14 14:14:36.491 D/Bitmap  ( 1070):       android.widget.FrameLayout.draw(FrameLayout.java:357)
02-14 14:14:36.491 D/Bitmap  ( 1070):       android.view.ViewGroup.drawChild(ViewGroup.java:1649)
02-14 14:14:36.491 D/Bitmap  ( 1070):       android.view.ViewGroup.dispatchDraw(ViewGroup.java:1376)
02-14 14:14:36.491 D/Bitmap  ( 1070):       android.view.ViewGroup.drawChild(ViewGroup.java:1647)
02-14 14:14:36.491 D/Bitmap  ( 1070):       android.view.ViewGroup.dispatchDraw(ViewGroup.java:1376)
02-14 14:14:36.491 D/Bitmap  ( 1070):       android.view.View.draw(View.java:6883)
02-14 14:14:36.491 D/Bitmap  ( 1070):       android.widget.FrameLayout.draw(FrameLayout.java:357)
02-14 14:14:36.491 D/Bitmap  ( 1070):       com.android.internal.policy.impl.PhoneWindow$DecorView.draw(PhoneWindow.java:1866)
02-14 14:14:36.491 D/Bitmap  ( 1070):       android.view.ViewRoot.draw(ViewRoot.java:1526)
02-14 14:14:36.491 D/Bitmap  ( 1070):       android.view.ViewRoot.performTraversals(ViewRoot.java:1262)
02-14 14:14:36.491 D/Bitmap  ( 1070):       android.view.ViewRoot.handleMessage(ViewRoot.java:1864)
02-14 14:14:36.491 D/Bitmap  ( 1070):       android.os.Handler.dispatchMessage(Handler.java:99)
02-14 14:14:36.491 D/Bitmap  ( 1070):       android.os.Looper.loop(Looper.java:130)
02-14 14:14:36.491 D/Bitmap  ( 1070):       android.app.ActivityThread.main(ActivityThread.java:3704)
02-14 14:14:36.491 D/Bitmap  ( 1070):       java.lang.reflect.Method.invokeNative(Native Method)
02-14 14:14:36.491 D/Bitmap  ( 1070):       java.lang.reflect.Method.invoke(Method.java:507)
02-14 14:14:36.491 D/Bitmap  ( 1070):       com.android.internal.os.ZygoteInit$MethodAndArgsCaller.run(ZygoteInit.java:875)
02-14 14:14:36.491 D/Bitmap  ( 1070):       com.android.internal.os.ZygoteInit.main(ZygoteInit.java:633)
02-14 14:14:36.491 D/Bitmap  ( 1070):       dalvik.system.NativeStart.main(Native Method)
02-14 14:14:36.491 D/Bitmap  ( 1070): _
02-14 14:14:36.491 D/Bitmap  ( 1070): Detect unrecycled bitmap.
02-14 14:14:36.491 D/Bitmap  ( 1070):       Size: 40960 Bytes, Width: 320 , Height: 64 , Hash code: 1079313736
02-14 14:14:36.491 D/Bitmap  ( 1070):  This bimap was created in:
02-14 14:14:36.491 D/Bitmap  ( 1070):       android.graphics.Bitmap.<init>(Bitmap.java:136)
02-14 14:14:36.491 D/Bitmap  ( 1070):       android.graphics.Bitmap.nativeCreate(Native Method)
02-14 14:14:36.491 D/Bitmap  ( 1070):       android.graphics.Bitmap.createBitmap(Bitmap.java:547)
02-14 14:14:36.491 D/Bitmap  ( 1070):       android.view.View.buildDrawingCache(View.java:6577)
02-14 14:14:36.491 D/Bitmap  ( 1070):       android.view.View.getDrawingCache(View.java:6428)
02-14 14:14:36.491 D/Bitmap  ( 1070):       android.view.ViewGroup.drawChild(ViewGroup.java:1574)
02-14 14:14:36.491 D/Bitmap  ( 1070):       android.view.ViewGroup.dispatchDraw(ViewGroup.java:1376)
02-14 14:14:36.491 D/Bitmap  ( 1070):       android.widget.AbsListView.dispatchDraw(AbsListView.java:1480)
02-14 14:14:36.491 D/Bitmap  ( 1070):       android.widget.ListView.dispatchDraw(ListView.java:3138)
02-14 14:14:36.491 D/Bitmap  ( 1070):       android.view.View.draw(View.java:6986)
02-14 14:14:36.491 D/Bitmap  ( 1070):       android.widget.AbsListView.draw(AbsListView.java:2588)
02-14 14:14:36.491 D/Bitmap  ( 1070):       android.view.ViewGroup.drawChild(ViewGroup.java:1649)
02-14 14:14:36.491 D/Bitmap  ( 1070):       android.view.ViewGroup.dispatchDraw(ViewGroup.java:1376)
02-14 14:14:36.491 D/Bitmap  ( 1070):       android.view.View.draw(View.java:6883)
02-14 14:14:36.491 D/Bitmap  ( 1070):       android.widget.FrameLayout.draw(FrameLayout.java:357)
02-14 14:14:36.491 D/Bitmap  ( 1070):       android.view.ViewGroup.drawChild(ViewGroup.java:1649)
02-14 14:14:36.491 D/Bitmap  ( 1070):       android.view.ViewGroup.dispatchDraw(ViewGroup.java:1376)
02-14 14:14:36.491 D/Bitmap  ( 1070):       android.view.ViewGroup.drawChild(ViewGroup.java:1647)
02-14 14:14:36.491 D/Bitmap  ( 1070):       android.view.ViewGroup.dispatchDraw(ViewGroup.java:1376)
02-14 14:14:36.491 D/Bitmap  ( 1070):       android.view.View.draw(View.java:6883)
02-14 14:14:36.491 D/Bitmap  ( 1070):       android.widget.FrameLayout.draw(FrameLayout.java:357)
02-14 14:14:36.491 D/Bitmap  ( 1070):       com.android.internal.policy.impl.PhoneWindow$DecorView.draw(PhoneWindow.java:1866)
02-14 14:14:36.491 D/Bitmap  ( 1070):       android.view.ViewRoot.draw(ViewRoot.java:1526)
02-14 14:14:36.491 D/Bitmap  ( 1070):       android.view.ViewRoot.performTraversals(ViewRoot.java:1262)
02-14 14:14:36.491 D/Bitmap  ( 1070):       android.view.ViewRoot.handleMessage(ViewRoot.java:1864)
02-14 14:14:36.491 D/Bitmap  ( 1070):       android.os.Handler.dispatchMessage(Handler.java:99)
02-14 14:14:36.491 D/Bitmap  ( 1070):       android.os.Looper.loop(Looper.java:130)
02-14 14:14:36.491 D/Bitmap  ( 1070):       android.app.ActivityThread.main(ActivityThread.java:3704)
02-14 14:14:36.491 D/Bitmap  ( 1070):       java.lang.reflect.Method.invokeNative(Native Method)
02-14 14:14:36.491 D/Bitmap  ( 1070):       java.lang.reflect.Method.invoke(Method.java:507)
02-14 14:14:36.491 D/Bitmap  ( 1070):       com.android.internal.os.ZygoteInit$MethodAndArgsCaller.run(ZygoteInit.java:875)
02-14 14:14:36.491 D/Bitmap  ( 1070):       com.android.internal.os.ZygoteInit.main(ZygoteInit.java:633)
02-14 14:14:36.491 D/Bitmap  ( 1070):       dalvik.system.NativeStart.main(Native Method)
02-14 14:14:36.491 D/Bitmap  ( 1070): _
02-14 14:14:36.511 I/RingtonePickerActivity( 1070): onPrepareListView().mFirstTime = true mTempClickedPos = -1
02-14 14:14:36.541 D/KeyguardViewMediator(  207): setHidden false
02-14 14:14:36.571 D/KeyguardViewMediator(  207): setHidden false
02-14 14:14:36.591 D/KeyguardViewMediator(  207): setHidden false
02-14 14:14:36.591 D/KeyguardViewMediator(  207): setHidden false
02-14 14:14:36.601 D/KeyguardViewMediator(  207): setHidden false
02-14 14:14:36.611 D/KeyguardViewMediator(  207): setHidden false
02-14 14:14:36.621 D/KeyguardViewMediator(  207): setHidden false
02-14 14:14:36.641 D/KeyguardViewMediator(  207): setHidden false
02-14 14:14:36.651 D/KeyguardViewMediator(  207): setHidden false
02-14 14:14:36.671 D/KeyguardViewMediator(  207): setHidden false
02-14 14:14:36.692 D/KeyguardViewMediator(  207): setHidden false
02-14 14:14:36.702 D/KeyguardViewMediator(  207): setHidden false
02-14 14:14:36.722 D/KeyguardViewMediator(  207): setHidden false
02-14 14:14:36.732 D/KeyguardViewMediator(  207): setHidden false
02-14 14:14:36.752 D/KeyguardViewMediator(  207): setHidden false
02-14 14:14:36.772 D/KeyguardViewMediator(  207): setHidden false
02-14 14:14:36.772 I/ActivityManager(  207): Displayed android/com.android.internal.app.RingtonePickerActivity: +490ms
02-14 14:14:36.782 D/KeyguardViewMediator(  207): setHidden false
02-14 14:14:36.802 D/KeyguardViewMediator(  207): setHidden false
02-14 14:14:36.822 D/KeyguardViewMediator(  207): setHidden false
02-14 14:14:36.832 D/KeyguardViewMediator(  207): setHidden false
02-14 14:14:36.852 D/KeyguardViewMediator(  207): setHidden false
02-14 14:14:36.872 D/KeyguardViewMediator(  207): setHidden false
02-14 14:14:36.882 D/KeyguardViewMediator(  207): setHidden false
02-14 14:14:36.902 D/KeyguardViewMediator(  207): setHidden false
02-14 14:14:36.912 D/KeyguardViewMediator(  207): setHidden false
02-14 14:14:36.932 D/KeyguardViewMediator(  207): setHidden false
02-14 14:14:36.952 D/KeyguardViewMediator(  207): setHidden false
02-14 14:14:36.962 D/KeyguardViewMediator(  207): setHidden false
02-14 14:14:36.982 D/KeyguardViewMediator(  207): setHidden false
02-14 14:14:37.002 D/KeyguardViewMediator(  207): setHidden false
02-14 14:14:37.012 D/KeyguardViewMediator(  207): setHidden false
02-14 14:14:37.032 D/KeyguardViewMediator(  207): setHidden false
02-14 14:14:37.042 D/KeyguardViewMediator(  207): setHidden false
02-14 14:14:37.062 D/KeyguardViewMediator(  207): setHidden false
02-14 14:14:37.082 D/KeyguardViewMediator(  207): setHidden false
02-14 14:14:37.092 D/KeyguardViewMediator(  207): setHidden false
02-14 14:14:37.112 D/KeyguardViewMediator(  207): setHidden false
02-14 14:14:37.132 D/KeyguardViewMediator(  207): setHidden false
02-14 14:14:37.142 D/KeyguardViewMediator(  207): setHidden false
02-14 14:14:37.162 D/KeyguardViewMediator(  207): setHidden false
02-14 14:14:37.182 D/KeyguardViewMediator(  207): setHidden false
02-14 14:14:37.192 D/KeyguardViewMediator(  207): setHidden false
02-14 14:14:37.212 D/KeyguardViewMediator(  207): setHidden false
02-14 14:14:37.232 D/KeyguardViewMediator(  207): setHidden false
02-14 14:14:37.242 D/KeyguardViewMediator(  207): setHidden false
02-14 14:14:37.262 D/KeyguardViewMediator(  207): setHidden false
02-14 14:14:37.272 D/KeyguardViewMediator(  207): setHidden false
02-14 14:14:37.292 D/KeyguardViewMediator(  207): setHidden false
02-14 14:14:37.312 D/KeyguardViewMediator(  207): setHidden false
02-14 14:14:37.322 D/KeyguardViewMediator(  207): setHidden false
02-14 14:14:37.332 D/KeyguardViewMediator(  207): setHidden false
02-14 14:14:37.342 D/KeyguardViewMediator(  207): setHidden false
02-14 14:14:37.372 D/KeyguardViewMediator(  207): setHidden false
02-14 14:14:37.382 D/KeyguardViewMediator(  207): setHidden false
02-14 14:14:37.392 D/KeyguardViewMediator(  207): setHidden false
02-14 14:14:37.412 D/KeyguardViewMediator(  207): setHidden false
02-14 14:14:37.432 D/KeyguardViewMediator(  207): setHidden false
02-14 14:14:37.442 D/KeyguardViewMediator(  207): setHidden false
02-14 14:14:37.462 D/KeyguardViewMediator(  207): setHidden false
02-14 14:14:37.482 D/KeyguardViewMediator(  207): setHidden false
02-14 14:14:37.492 D/KeyguardViewMediator(  207): setHidden false
02-14 14:14:37.552 D/Bitmap  ( 1070): Detect unrecycled bitmap.
02-14 14:14:37.552 D/Bitmap  ( 1070):       Size: 74752 Bytes, Width: 292 , Height: 64 , Hash code: 1079296392
02-14 14:14:37.552 D/Bitmap  ( 1070):  This bimap was created in:
02-14 14:14:37.552 D/Bitmap  ( 1070):       android.graphics.Bitmap.<init>(Bitmap.java:136)
02-14 14:14:37.552 D/Bitmap  ( 1070):       android.graphics.Bitmap.nativeCreate(Native Method)
02-14 14:14:37.552 D/Bitmap  ( 1070):       android.graphics.Bitmap.createBitmap(Bitmap.java:547)
02-14 14:14:37.552 D/Bitmap  ( 1070):       android.view.View.buildDrawingCache(View.java:6577)
02-14 14:14:37.552 D/Bitmap  ( 1070):       android.view.View.getDrawingCache(View.java:6428)
02-14 14:14:37.552 D/Bitmap  ( 1070):       android.view.ViewGroup.drawChild(ViewGroup.java:1574)
02-14 14:14:37.552 D/Bitmap  ( 1070):       android.view.ViewGroup.dispatchDraw(ViewGroup.java:1376)
02-14 14:14:37.552 D/Bitmap  ( 1070):       android.widget.AbsListView.dispatchDraw(AbsListView.java:1480)
02-14 14:14:37.552 D/Bitmap  ( 1070):       android.widget.ListView.dispatchDraw(ListView.java:3138)
02-14 14:14:37.552 D/Bitmap  ( 1070):       android.view.View.draw(View.java:6986)
02-14 14:14:37.552 D/Bitmap  ( 1070):       android.widget.AbsListView.draw(AbsListView.java:2588)
02-14 14:14:37.552 D/Bitmap  ( 1070):       android.view.ViewGroup.drawChild(ViewGroup.java:1649)
02-14 14:14:37.552 D/Bitmap  ( 1070):       android.view.ViewGroup.dispatchDraw(ViewGroup.java:1376)
02-14 14:14:37.552 D/Bitmap  ( 1070):       android.view.View.draw(View.java:6883)
02-14 14:14:37.552 D/Bitmap  ( 1070):       android.view.ViewGroup.drawChild(ViewGroup.java:1649)
02-14 14:14:37.552 D/Bitmap  ( 1070):       android.view.ViewGroup.dispatchDraw(ViewGroup.java:1376)
02-14 14:14:37.552 D/Bitmap  ( 1070):       android.view.ViewGroup.drawChild(ViewGroup.java:1647)
02-14 14:14:37.552 D/Bitmap  ( 1070):       android.view.ViewGroup.dispatchDraw(ViewGroup.java:1376)
02-14 14:14:37.552 D/Bitmap  ( 1070):       android.view.ViewGroup.drawChild(ViewGroup.java:1647)
02-14 14:14:37.552 D/Bitmap  ( 1070):       android.view.ViewGroup.dispatchDraw(ViewGroup.java:1376)
02-14 14:14:37.552 D/Bitmap  ( 1070):       android.view.View.draw(View.java:6883)
02-14 14:14:37.552 D/Bitmap  ( 1070):       android.widget.FrameLayout.draw(FrameLayout.java:357)
02-14 14:14:37.552 D/Bitmap  ( 1070):       com.android.internal.policy.impl.PhoneWindow$DecorView.draw(PhoneWindow.java:1866)
02-14 14:14:37.552 D/Bitmap  ( 1070):       android.view.ViewRoot.draw(ViewRoot.java:1526)
02-14 14:14:37.552 D/Bitmap  ( 1070):       android.view.ViewRoot.performTraversals(ViewRoot.java:1262)
02-14 14:14:37.552 D/Bitmap  ( 1070):       android.view.ViewRoot.handleMessage(ViewRoot.java:1864)
02-14 14:14:37.552 D/Bitmap  ( 1070):       android.os.Handler.dispatchMessage(Handler.java:99)
02-14 14:14:37.552 D/Bitmap  ( 1070):       android.os.Looper.loop(Looper.java:130)
02-14 14:14:37.552 D/Bitmap  ( 1070):       android.app.ActivityThread.main(ActivityThread.java:3704)
02-14 14:14:37.552 D/Bitmap  ( 1070):       java.lang.reflect.Method.invokeNative(Native Method)
02-14 14:14:37.552 D/Bitmap  ( 1070):       java.lang.reflect.Method.invoke(Method.java:507)
02-14 14:14:37.552 D/Bitmap  ( 1070):       com.android.internal.os.ZygoteInit$MethodAndArgsCaller.run(ZygoteInit.java:875)
02-14 14:14:37.552 D/Bitmap  ( 1070):       com.android.internal.os.ZygoteInit.main(ZygoteInit.java:633)
02-14 14:14:37.552 D/Bitmap  ( 1070):       dalvik.system.NativeStart.main(Native Method)
02-14 14:14:37.552 D/Bitmap  ( 1070): _
02-14 14:14:37.552 D/Bitmap  ( 1070): Detect unrecycled bitmap.
02-14 14:14:37.552 D/Bitmap  ( 1070):       Size: 74752 Bytes, Width: 292 , Height: 64 , Hash code: 1079808624
02-14 14:14:37.552 D/Bitmap  ( 1070):  This bimap was created in:
02-14 14:14:37.552 D/Bitmap  ( 1070):       android.graphics.Bitmap.<init>(Bitmap.java:136)
02-14 14:14:37.552 D/Bitmap  ( 1070):       android.graphics.Bitmap.nativeCreate(Native Method)
02-14 14:14:37.552 D/Bitmap  ( 1070):       android.graphics.Bitmap.createBitmap(Bitmap.java:547)
02-14 14:14:37.552 D/Bitmap  ( 1070):       android.view.View.buildDrawingCache(View.java:6577)
02-14 14:14:37.552 D/Bitmap  ( 1070):       android.view.View.getDrawingCache(View.java:6428)
02-14 14:14:37.552 D/Bitmap  ( 1070):       android.view.ViewGroup.drawChild(ViewGroup.java:1574)
02-14 14:14:37.552 D/Bitmap  ( 1070):       android.view.ViewGroup.dispatchDraw(ViewGroup.java:1376)
02-14 14:14:37.552 D/Bitmap  ( 1070):       android.widget.AbsListView.dispatchDraw(AbsListView.java:1480)
02-14 14:14:37.552 D/Bitmap  ( 1070):       android.widget.ListView.dispatchDraw(ListView.java:3138)
02-14 14:14:37.552 D/Bitmap  ( 1070):       android.view.View.draw(View.java:6986)
02-14 14:14:37.552 D/Bitmap  ( 1070):       android.widget.AbsListView.draw(AbsListView.java:2588)
02-14 14:14:37.552 D/Bitmap  ( 1070):       android.view.ViewGroup.drawChild(ViewGroup.java:1649)
02-14 14:14:37.552 D/Bitmap  ( 1070):       android.view.ViewGroup.dispatchDraw(ViewGroup.java:1376)
02-14 14:14:37.552 D/Bitmap  ( 1070):       android.view.View.draw(View.java:6883)
02-14 14:14:37.552 D/Bitmap  ( 1070):       android.view.ViewGroup.drawChild(ViewGroup.java:1649)
02-14 14:14:37.552 D/Bitmap  ( 1070):       android.view.ViewGroup.dispatchDraw(ViewGroup.java:1376)
02-14 14:14:37.552 D/Bitmap  ( 1070):       android.view.ViewGroup.drawChild(ViewGroup.java:1647)
02-14 14:14:37.552 D/Bitmap  ( 1070):       android.view.ViewGroup.dispatchDraw(ViewGroup.java:1376)
02-14 14:14:37.552 D/Bitmap  ( 1070):       android.view.ViewGroup.drawChild(ViewGroup.java:1647)
02-14 14:14:37.552 D/Bitmap  ( 1070):       android.view.ViewGroup.dispatchDraw(ViewGroup.java:1376)
02-14 14:14:37.552 D/Bitmap  ( 1070):       android.view.View.draw(View.java:6883)
02-14 14:14:37.552 D/Bitmap  ( 1070):       android.widget.FrameLayout.draw(FrameLayout.java:357)
02-14 14:14:37.552 D/Bitmap  ( 1070):       com.android.internal.policy.impl.PhoneWindow$DecorView.draw(PhoneWindow.java:1866)
02-14 14:14:37.552 D/Bitmap  ( 1070):       android.view.ViewRoot.draw(ViewRoot.java:1526)
02-14 14:14:37.552 D/Bitmap  ( 1070):       android.view.ViewRoot.performTraversals(ViewRoot.java:1262)
02-14 14:14:37.552 D/Bitmap  ( 1070):       android.view.ViewRoot.handleMessage(ViewRoot.java:1864)
02-14 14:14:37.552 D/Bitmap  ( 1070):       android.os.Handler.dispatchMessage(Handler.java:99)
02-14 14:14:37.552 D/Bitmap  ( 1070):       android.os.Looper.loop(Looper.java:130)
02-14 14:14:37.552 D/Bitmap  ( 1070):       android.app.ActivityThread.main(ActivityThread.java:3704)
02-14 14:14:37.552 D/Bitmap  ( 1070):       java.lang.reflect.Method.invokeNative(Native Method)
02-14 14:14:37.552 D/Bitmap  ( 1070):       java.lang.reflect.Method.invoke(Method.java:507)
02-14 14:14:37.552 D/Bitmap  ( 1070):       com.android.internal.os.ZygoteInit$MethodAndArgsCaller.run(ZygoteInit.java:875)
02-14 14:14:37.552 D/Bitmap  ( 1070):       com.android.internal.os.ZygoteInit.main(ZygoteInit.java:633)
02-14 14:14:37.552 D/Bitmap  ( 1070):       dalvik.system.NativeStart.main(Native Method)
02-14 14:14:37.552 D/Bitmap  ( 1070): _
02-14 14:14:37.552 D/Bitmap  ( 1070): Detect unrecycled bitmap.
02-14 14:14:37.552 D/Bitmap  ( 1070):       Size: 74752 Bytes, Width: 292 , Height: 64 , Hash code: 1079960032
02-14 14:14:37.552 D/Bitmap  ( 1070):  This bimap was created in:
02-14 14:14:37.552 D/Bitmap  ( 1070):       android.graphics.Bitmap.<init>(Bitmap.java:136)
02-14 14:14:37.552 D/Bitmap  ( 1070):       android.graphics.Bitmap.nativeCreate(Native Method)
02-14 14:14:37.552 D/Bitmap  ( 1070):       android.graphics.Bitmap.createBitmap(Bitmap.java:547)
02-14 14:14:37.552 D/Bitmap  ( 1070):       android.view.View.buildDrawingCache(View.java:6577)
02-14 14:14:37.552 D/Bitmap  ( 1070):       android.view.View.getDrawingCache(View.java:6428)
02-14 14:14:37.552 D/Bitmap  ( 1070):       android.view.ViewGroup.drawChild(ViewGroup.java:1574)
02-14 14:14:37.552 D/Bitmap  ( 1070):       android.view.ViewGroup.dispatchDraw(ViewGroup.java:1376)
02-14 14:14:37.552 D/Bitmap  ( 1070):       android.widget.AbsListView.dispatchDraw(AbsListView.java:1480)
02-14 14:14:37.552 D/Bitmap  ( 1070):       android.widget.ListView.dispatchDraw(ListView.java:3138)
02-14 14:14:37.552 D/Bitmap  ( 1070):       android.view.View.draw(View.java:6986)
