02-14 14:10:21.222 E/PVMediaScanner(  486): IMpeg3File::ParseMp3File returned
02-14 14:10:21.442 W/KeyCharacterMap(  393): No keyboard for id 0
02-14 14:10:21.442 W/KeyCharacterMap(  393): Using default keymap: /system/usr/keychars/qwerty.kcm.bin
02-14 14:10:21.442 D/SmartDialerActivity(  393): afterTextChanged
02-14 14:10:21.442 D/SmartDialerActivity(  393): afterTextChanged
02-14 14:10:21.463 D/CallLogProvider(  393): DIALER_CALLS
02-14 14:10:21.643 D/SmartDialerActivity(  393): afterTextChanged
02-14 14:10:21.643 D/SmartDialerActivity(  393): afterTextChanged
02-14 14:10:21.663 D/CallLogProvider(  393): DIALER_CALLS
02-14 14:10:21.803 D/SmartDialerActivity(  393): afterTextChanged
02-14 14:10:21.803 D/SmartDialerActivity(  393): afterTextChanged
02-14 14:10:21.813 D/AudioHardwareMSM7X30(  121): AudioStreamOutMSM72xx::standby()
02-14 14:10:21.813 D/AudioHardwareMSM7X30(  121): Deroute pcm out stream
02-14 14:10:21.813 D/AudioHardwareMSM7X30(  121): updateDeviceInfo: E rx_device 2 and tx_device 3
02-14 14:10:21.813 D/AudioHardwareMSM7X30(  121): No active voicecall/playback, disabling cur_rx 2
02-14 14:10:21.813 D/AudioHardwareMSM7X30(  121): value of device and enable is 2 0 ALSA dev id:3
02-14 14:10:21.823 D/AudioHardwareMSM7X30(  121): No active voicecall/recording, disabling cur_tx 3
02-14 14:10:21.823 D/AudioHardwareMSM7X30(  121): value of device and enable is 3 0 ALSA dev id:10
02-14 14:10:21.823 E/AudioHardwareMSM7X30(  121): There is no node in the routing table!
02-14 14:10:21.823 D/AudioHardwareMSM7X30(  121): updateDeviceInfo: X cur_rx 2 cur_tx 3
02-14 14:10:21.823 D/CallLogProvider(  393): DIALER_CALLS
02-14 14:10:21.893 I/V3Client(  353): HTTP resp: 200 OK
02-14 14:10:21.983 D/SmartDialerActivity(  393): afterTextChanged
02-14 14:10:21.983 D/SmartDialerActivity(  393): afterTextChanged
02-14 14:10:21.993 D/CallLogProvider(  393): DIALER_CALLS
02-14 14:10:22.153 D/SmartDialerActivity(  393): afterTextChanged
02-14 14:10:22.153 D/SmartDialerActivity(  393): afterTextChanged
02-14 14:10:22.163 D/CallLogProvider(  393): DIALER_CALLS
02-14 14:10:22.273 D/AlarmManager(  207): +++Alarm set:type=2 com.locationlabs.v3client  Trigger after:552583646ms
02-14 14:10:22.273 I/V3Client(  353): next heartbeat scheduled for Mon Feb 20 23:40:05 CST 2012
02-14 14:10:22.293 D/SmartDialerActivity(  393): afterTextChanged
02-14 14:10:22.303 D/CallLogProvider(  393): DIALER_CALLS
02-14 14:10:22.383 I/V3Client(  353): HTTP req: POST https://sparkle.locationlabs.com/client/v3/notifications
02-14 14:10:22.904 D/ToneGenerator(  393): startTone
02-14 14:10:22.904 D/AudioTrack(  393): start 0x53e3d8
02-14 14:10:22.904 D/AudioFlinger(  121): start(4098), calling thread 393 session 24
02-14 14:10:22.914 D/SmartDialerActivity(  393): afterTextChanged
02-14 14:10:22.914 D/SmartDialerActivity(  393): afterTextChanged
02-14 14:10:22.924 D/CallLogProvider(  393): DIALER_CALLS
02-14 14:10:22.924 D/AudioHardwareMSM7X30(  121): value of device and enable is 2 1 ALSA dev id:3
02-14 14:10:22.994 D/AudioHardwareMSM7X30(  121): msm_route_stream(PCM_PLAY,5,3,1)
02-14 14:10:23.024 D/AudioTrack(  393): stop 0x53e3d8
02-14 14:10:23.054 D/AudioFlinger(  121): stop(4098), calling thread 393
02-14 14:10:23.144 D/ToneGenerator(  393): startTone
02-14 14:10:23.144 D/AudioTrack(  393): start 0x53e3d8
02-14 14:10:23.144 D/AudioFlinger(  121): start(4098), calling thread 393 session 24
02-14 14:10:23.154 D/SmartDialerActivity(  393): afterTextChanged
02-14 14:10:23.154 D/SmartDialerActivity(  393): afterTextChanged
02-14 14:10:23.174 D/CallLogProvider(  393): DIALER_CALLS
02-14 14:10:23.244 D/AudioTrack(  393): stop 0x53e3d8
02-14 14:10:23.244 D/AudioFlinger(  121): stop(4098), calling thread 393
02-14 14:10:24.085 I/V3Client(  353): HTTP resp: 200 OK
02-14 14:10:24.105 I/V3Client(  353): HTTP req: GET https://sparkle.locationlabs.com/client/v2/settings
02-14 14:10:24.646 D/ToneGenerator(  393): startTone
02-14 14:10:24.646 D/AudioTrack(  393): start 0x53e3d8
02-14 14:10:24.646 D/AudioFlinger(  121): start(4098), calling thread 393 session 24
02-14 14:10:24.656 D/SmartDialerActivity(  393): afterTextChanged
02-14 14:10:24.656 D/SmartDialerActivity(  393): afterTextChanged
02-14 14:10:24.656 D/CallLogProvider(  393): DIALER_CALLS
02-14 14:10:24.746 D/AudioTrack(  393): stop 0x53e3d8
02-14 14:10:24.746 D/AudioFlinger(  121): stop(4098), calling thread 393
02-14 14:10:24.836 D/ToneGenerator(  393): startTone
02-14 14:10:24.836 D/AudioTrack(  393): start 0x53e3d8
02-14 14:10:24.836 D/AudioFlinger(  121): start(4098), calling thread 393 session 24
02-14 14:10:24.846 D/SmartDialerActivity(  393): afterTextChanged
02-14 14:10:24.846 D/SmartDialerActivity(  393): afterTextChanged
02-14 14:10:24.856 D/CallLogProvider(  393): DIALER_CALLS
02-14 14:10:24.936 D/AudioTrack(  393): stop 0x53e3d8
02-14 14:10:24.936 D/AudioFlinger(  121): stop(4098), calling thread 393
02-14 14:10:25.506 D/MediaScanner(  486):  prescan time: 103ms
02-14 14:10:25.506 D/MediaScanner(  486):     scan time: 22274ms
02-14 14:10:25.506 D/MediaScanner(  486): postscan time: 4062ms
02-14 14:10:25.506 D/MediaScanner(  486):    total time: 26439ms
02-14 14:10:25.516 D/Gallery3D(  941): [BootReceiver]: Got intent with action android.intent.action.MEDIA_SCANNER_FINISHED
02-14 14:10:25.536 D/MediaScannerService(  486): done scanning volume external
02-14 14:10:26.007 E/ldr     (  486): getCompressedAlbumArtv want to printf the media compressed sucess
02-14 14:10:26.057 I/V3Client(  353): HTTP resp: 200 OK
02-14 14:10:26.127 I/V3Client(  353): Null data for Notification successful attempt already occured for this retry
02-14 14:10:26.137 D/ToneGenerator(  393): startTone
02-14 14:10:26.137 D/AudioTrack(  393): start 0x53e3d8
02-14 14:10:26.147 D/AudioFlinger(  121): start(4098), calling thread 393 session 24
02-14 14:10:26.147 D/SmartDialerActivity(  393): afterTextChanged
02-14 14:10:26.147 D/SmartDialerActivity(  393): afterTextChanged
02-14 14:10:26.147 D/CallLogProvider(  393): DIALER_CALLS
02-14 14:10:26.237 D/AudioTrack(  393): stop 0x53e3d8
02-14 14:10:26.237 D/AudioFlinger(  121): stop(4098), calling thread 393
02-14 14:10:26.447 D/ToneGenerator(  393): startTone
02-14 14:10:26.447 D/AudioTrack(  393): start 0x53e3d8
02-14 14:10:26.447 D/AudioFlinger(  121): start(4098), calling thread 393 session 24
02-14 14:10:26.447 D/SmartDialerActivity(  393): afterTextChanged
02-14 14:10:26.447 D/SmartDialerActivity(  393): afterTextChanged
02-14 14:10:26.457 D/CallLogProvider(  393): DIALER_CALLS
02-14 14:10:26.537 D/AudioTrack(  393): stop 0x53e3d8
02-14 14:10:26.537 D/AudioFlinger(  121): stop(4098), calling thread 393
02-14 14:10:26.638 E/ldr     (  486): getCompressedAlbumArtv want to printf the media compressed fail
02-14 14:10:26.638 E/ldr     (  486): makeThumbInternal want to printf the MediaProvider compress is null
02-14 14:10:26.718 D/ToneGenerator(  393): startTone
02-14 14:10:26.718 D/AudioTrack(  393): start 0x53e3d8
02-14 14:10:26.718 D/AudioFlinger(  121): start(4098), calling thread 393 session 24
02-14 14:10:26.718 D/SmartDialerActivity(  393): afterTextChanged
02-14 14:10:26.718 D/SmartDialerActivity(  393): afterTextChanged
02-14 14:10:26.728 E/EmodeControl(  951): -----------------phone info------------
02-14 14:10:26.728 E/EmodeControl(  951): productName=zte_fury
02-14 14:10:26.728 E/EmodeControl(  951): boardName=sean
02-14 14:10:26.728 E/EmodeControl(  951): isCapcitance=true
02-14 14:10:26.728 E/EmodeControl(  951): isHaveVoltameter=false
02-14 14:10:26.728 E/EmodeControl(  951): mFMTest_Type=1
02-14 14:10:26.728 E/EmodeControl(  951): is_clear_oem_partion=false
02-14 14:10:26.728 E/EmodeControl(  951): -----------------phone info------------
02-14 14:10:26.728 D/KeyguardViewMediator(  207): setHidden false
02-14 14:10:26.748 D/KeyguardViewMediator(  207): setHidden false
02-14 14:10:26.758 D/CallLogProvider(  393): DIALER_CALLS
02-14 14:10:26.768 D/ToneGenerator(  393): stopTone
02-14 14:10:26.808 D/AudioTrack(  393): stop 0x53e3d8
02-14 14:10:26.808 D/AudioFlinger(  121): stop(4098), calling thread 393
02-14 14:10:26.808 D/AudioTrack(  393): stop 0x53e3d8
02-14 14:10:26.838 D/KeyguardViewMediator(  207): setHidden false
02-14 14:10:26.838 D/KeyguardViewMediator(  207): setHidden false
02-14 14:10:26.838 I/hubo    (  207): Activity {com.zte.emode/com.zte.emode.logset}
02-14 14:10:26.838 D/AudioFlinger(  121): remove track (4098) and delete from mixer
02-14 14:10:26.848 D/QC_NV_ITEMS(  951): QcNvItems instance created.
02-14 14:10:26.848 I/QC_RIL_OEM_HOOK(  951): QcRilOemHook Service Created Successfully
02-14 14:10:26.848 D/KeyguardViewMediator(  207): setHidden false
02-14 14:10:26.868 D/KeyguardViewMediator(  207): setHidden false
02-14 14:10:26.878 D/PowerManagerService(  207): acquireWakeLock flags=0x1a tag=com.zte.emode.logset
02-14 14:10:26.878 E/Emode   (  951): [14:10:26] com.zte.emode.logset  onResume    WakeLock:acquire   =true
02-14 14:10:26.878 D/KeyguardViewMediator(  207): setHidden false
02-14 14:10:26.888 D/KeyguardViewMediator(  207): setHidden false
02-14 14:10:26.908 D/KeyguardViewMediator(  207): setHidden false
02-14 14:10:26.918 D/KeyguardViewMediator(  207): setHidden false
02-14 14:10:26.918 D/KeyguardViewMediator(  207): setHidden false
02-14 14:10:26.918 D/KeyguardViewMediator(  207): setHidden false
02-14 14:10:26.928 D/KeyguardViewMediator(  207): setHidden false
02-14 14:10:26.938 D/KeyguardViewMediator(  207): setHidden false
02-14 14:10:26.938 E/ldr     (  486): getCompressedAlbumArtv want to printf the media compressed fail
02-14 14:10:26.938 D/KeyguardViewMediator(  207): setHidden false
02-14 14:10:26.948 E/ldr     (  486): makeThumbInternal want to printf the MediaProvider compress is null
02-14 14:10:26.958 D/KeyguardViewMediator(  207): setHidden false
02-14 14:10:26.978 D/KeyguardViewMediator(  207): setHidden false
02-14 14:10:26.988 D/KeyguardViewMediator(  207): setHidden false
02-14 14:10:27.008 D/KeyguardViewMediator(  207): setHidden false
02-14 14:10:27.008 I/ActivityManager(  207): Displayed com.zte.emode/.logset: +186ms
02-14 14:10:27.018 D/KeyguardViewMediator(  207): setHidden false
02-14 14:10:27.038 D/KeyguardViewMediator(  207): setHidden false
02-14 14:10:27.058 D/KeyguardViewMediator(  207): setHidden false
02-14 14:10:27.068 D/KeyguardViewMediator(  207): setHidden false
02-14 14:10:27.088 D/KeyguardViewMediator(  207): setHidden false
02-14 14:10:27.108 D/KeyguardViewMediator(  207): setHidden false
02-14 14:10:27.118 D/KeyguardViewMediator(  207): setHidden false
02-14 14:10:27.138 D/KeyguardViewMediator(  207): setHidden false
02-14 14:10:27.148 D/KeyguardViewMediator(  207): setHidden false
02-14 14:10:27.168 D/KeyguardViewMediator(  207): setHidden false
02-14 14:10:27.188 D/KeyguardViewMediator(  207): setHidden false
02-14 14:10:27.198 D/KeyguardViewMediator(  207): setHidden false
02-14 14:10:27.218 D/KeyguardViewMediator(  207): setHidden false
02-14 14:10:27.238 D/KeyguardViewMediator(  207): setHidden false
02-14 14:10:27.248 D/KeyguardViewMediator(  207): setHidden false
02-14 14:10:27.248 D/KeyguardViewMediator(  207): setHidden false
02-14 14:10:27.298 E/ldr     (  486): getCompressedAlbumArtv want to printf the media compressed sucess
02-14 14:10:27.298 D/skia    (  486): --- decoder->decode returned false
02-14 14:10:27.508 E/ldr     (  486): getCompressedAlbumArtv want to printf the media compressed fail
02-14 14:10:27.508 E/ldr     (  486): makeThumbInternal want to printf the MediaProvider compress is null
02-14 14:10:27.598 D/PowerManagerService(  207): UnPartial  wakeLock  reactivate ,flags=0x1a tag=com.zte.emode.logset
02-14 14:10:27.629 E/ldr     (  486): getCompressedAlbumArtv want to printf the media compressed fail
02-14 14:10:27.639 E/ldr     (  486): makeThumbInternal want to printf the MediaProvider compress is null
02-14 14:10:27.699 D/PowerManagerService(  207): UnPartial  wakeLock  reactivate ,flags=0x1a tag=com.zte.emode.logset
02-14 14:10:27.729 E/Emode   (  951): USB: msg
02-14 14:10:28.269 E/ldr     (  486): getCompressedAlbumArtv want to printf the media compressed sucess
02-14 14:10:28.269 D/skia    (  486): --- SkImageDecoder::Factory returned null
02-14 14:10:28.389 D/PowerManagerService(  207): UnPartial  wakeLock  reactivate ,flags=0x1a tag=com.zte.emode.logset
02-14 14:10:28.399 I/vDM     (  408): KeyCode = 4
02-14 14:10:28.399 I/vDM     (  408): Vdmc getInstance
02-14 14:10:28.399 I/vDM     (  408): Vdmc getInstance
02-14 14:10:28.399 D/DMC     (  408): MyCIMMI getInstance
02-14 14:10:28.399 I/vDM     (  408): Vdmc getInstance
02-14 14:10:28.479 D/PowerManagerService(  207): releaseWakeLock flags=0x1a tag=com.zte.emode.logset
02-14 14:10:28.479 E/Emode   (  951): [14:10:28] com.zte.emode.logset  WakeLock:release
02-14 14:10:28.479 E/Emode   (  951): [14:10:28] com.zte.emode.logset  onPause    WakeLock:release    =true
02-14 14:10:28.479 D/KeyguardViewMediator(  207): setHidden false
02-14 14:10:28.489 I/SmartDialerActivity(  393): onResume
02-14 14:10:28.489 D/AudioTrack(  393): Request AudioFlinger to create track
02-14 14:10:28.489 D/AudioFlinger(  121): createTrack() lSessionId: 25
02-14 14:10:28.489 D/AudioFlinger(  121): Track constructor name 4098, calling thread 393
02-14 14:10:28.489 I/SmartDialerActivity(  393): newData
02-14 14:10:28.489 D/CallLogProvider(  393): DIALER_CALLS
02-14 14:10:28.499 I/vDM     (  408): KeyCode = 4
02-14 14:10:28.499 I/SmartDialerActivity(  393): showDialpadChooser:false
02-14 14:10:28.499 I/SmartDialerActivity(  393): Displaying normal Dialer UI.
02-14 14:10:28.499 D/KeyguardViewMediator(  207): setHidden false
02-14 14:10:28.509 I/hubo    (  207): Activity {com.android.contacts/com.android.contacts.DialtactsActivity}
02-14 14:10:28.509 D/KeyguardViewMediator(  207): setHidden false
02-14 14:10:28.529 I/vDM     (  408): Vdmc getInstance
02-14 14:10:28.529 I/vDM     (  408): Vdmc getInstance
02-14 14:10:28.539 D/DMC     (  408): MyCIMMI getInstance
02-14 14:10:28.539 I/vDM     (  408): Vdmc getInstance
02-14 14:10:28.539 D/KeyguardViewMediator(  207): setHidden false
02-14 14:10:28.549 D/KeyguardViewMediator(  207): setHidden false
02-14 14:10:28.549 D/KeyguardViewMediator(  207): setHidden false
02-14 14:10:28.559 D/KeyguardViewMediator(  207): setHidden false
02-14 14:10:28.559 D/KeyguardViewMediator(  207): setHidden false
02-14 14:10:28.579 D/KeyguardViewMediator(  207): setHidden false
02-14 14:10:28.589 D/KeyguardViewMediator(  207): setHidden false
02-14 14:10:28.609 D/KeyguardViewMediator(  207): setHidden false
02-14 14:10:28.619 D/KeyguardViewMediator(  207): setHidden false
02-14 14:10:28.640 D/KeyguardViewMediator(  207): setHidden false
02-14 14:10:28.660 D/KeyguardViewMediator(  207): setHidden false
02-14 14:10:28.680 D/KeyguardViewMediator(  207): setHidden false
02-14 14:10:28.690 D/KeyguardViewMediator(  207): setHidden false
02-14 14:10:28.710 D/KeyguardViewMediator(  207): setHidden false
02-14 14:10:28.720 D/KeyguardViewMediator(  207): setHidden false
02-14 14:10:28.750 D/KeyguardViewMediator(  207): setHidden false
02-14 14:10:28.760 D/KeyguardViewMediator(  207): setHidden false
02-14 14:10:28.940 I/vDM     (  408): KeyCode = 3
02-14 14:10:28.940 I/vDM     (  408): Vdmc getInstance
02-14 14:10:28.940 I/vDM     (  408): Vdmc getInstance
02-14 14:10:28.940 D/DMC     (  408): MyCIMMI getInstance
02-14 14:10:28.940 I/vDM     (  408): Vdmc getInstance
02-14 14:10:29.100 D/ToneGenerator(  393): stopTone
02-14 14:10:29.100 D/AudioTrack(  393): stop 0x53e3d8
02-14 14:10:29.100 D/AudioFlinger(  121): remove track (4098) and delete from mixer
02-14 14:10:29.110 D/Launcher(  419): Closing system Dialogs 
02-14 14:10:29.110 D/KeyguardViewMediator(  207): setHidden false
02-14 14:10:29.120 D/Launcher(  419): onNewIntent()android.intent.action.MAIN
02-14 14:10:29.120 D/Launcher(  419): Closing system Dialogs 
02-14 14:10:29.120 D/KeyguardViewMediator(  207): setHidden false
02-14 14:10:29.130 I/vDM     (  408): KeyCode = 3
02-14 14:10:29.130 I/vDM     (  408): Vdmc getInstance
02-14 14:10:29.130 I/vDM     (  408): Vdmc getInstance
02-14 14:10:29.130 D/DMC     (  408): MyCIMMI getInstance
02-14 14:10:29.130 I/vDM     (  408): Vdmc getInstance
02-14 14:10:29.130 D/Warhol  (  419): A pack appears to be installed -- skipping Installer
02-14 14:10:29.130 I/hubo    (  207): Activity {com.android.launcher/com.android.launcher2.Launcher}
02-14 14:10:29.140 D/KeyguardViewMediator(  207): setHidden false
02-14 14:10:29.150 D/Launcher.Model(  419): going to save icon bitmap for info=ShortcutInfo(title=Email)
02-14 14:10:29.160 D/KeyguardViewMediator(  207): setHidden false
02-14 14:10:29.170 D/KeyguardViewMediator(  207): setHidden false
02-14 14:10:29.170 D/Launcher.Model(  419): going to save icon bitmap for info=ShortcutInfo(title=Contacts)
02-14 14:10:29.180 D/KeyguardViewMediator(  207): setHidden false
02-14 14:10:29.180 D/KeyguardViewMediator(  207): setHidden false
02-14 14:10:29.190 D/KeyguardViewMediator(  207): setHidden false
02-14 14:10:29.210 D/Launcher.Model(  419): going to save icon bitmap for info=ShortcutInfo(title=Messaging)
02-14 14:10:29.210 D/KeyguardViewMediator(  207): setHidden false
02-14 14:10:29.220 D/Launcher.Model(  419): going to save icon bitmap for info=ShortcutInfo(title=Market)
02-14 14:10:29.230 D/KeyguardViewMediator(  207): setHidden false
02-14 14:10:29.240 D/KeyguardViewMediator(  207): setHidden false
02-14 14:10:29.260 D/KeyguardViewMediator(  207): setHidden false
02-14 14:10:29.280 D/KeyguardViewMediator(  207): setHidden false
02-14 14:10:29.290 D/KeyguardViewMediator(  207): setHidden false
02-14 14:10:29.310 D/KeyguardViewMediator(  207): setHidden false
02-14 14:10:29.320 D/KeyguardViewMediator(  207): setHidden false
02-14 14:10:29.340 D/KeyguardViewMediator(  207): setHidden false
02-14 14:10:29.360 D/KeyguardViewMediator(  207): setHidden false
02-14 14:10:29.370 D/KeyguardViewMediator(  207): setHidden false
02-14 14:10:29.390 D/KeyguardViewMediator(  207): setHidden false
02-14 14:10:29.400 D/KeyguardViewMediator(  207): setHidden false
02-14 14:10:29.420 D/KeyguardViewMediator(  207): setHidden false
02-14 14:10:29.440 D/KeyguardViewMediator(  207): setHidden false
02-14 14:10:29.450 D/KeyguardViewMediator(  207): setHidden false
02-14 14:10:29.470 D/KeyguardViewMediator(  207): setHidden false
02-14 14:10:29.490 D/KeyguardViewMediator(  207): setHidden false
02-14 14:10:29.821 D/AudioHardwareMSM7X30(  121): AudioStreamOutMSM72xx::standby()
02-14 14:10:29.821 D/AudioHardwareMSM7X30(  121): Deroute pcm out stream
02-14 14:10:29.821 D/AudioHardwareMSM7X30(  121): updateDeviceInfo: E rx_device 2 and tx_device 3
02-14 14:10:29.821 D/AudioHardwareMSM7X30(  121): No active voicecall/playback, disabling cur_rx 2
02-14 14:10:29.821 D/AudioHardwareMSM7X30(  121): value of device and enable is 2 0 ALSA dev id:3
02-14 14:10:29.831 D/AudioHardwareMSM7X30(  121): No active voicecall/recording, disabling cur_tx 3
02-14 14:10:29.831 D/AudioHardwareMSM7X30(  121): value of device and enable is 3 0 ALSA dev id:10
02-14 14:10:29.831 E/AudioHardwareMSM7X30(  121): There is no node in the routing table!
02-14 14:10:29.831 D/AudioHardwareMSM7X30(  121): updateDeviceInfo: X cur_rx 2 cur_tx 3
02-14 14:10:30.591 I/vDM     (  408): KeyCode = 3
02-14 14:10:30.631 D/Launcher(  419): Dissmis Preview for view :null ID:2131230735
02-14 14:10:30.631 D/Launcher(  419): Dissmis Preview for view :null ID:2131230736
02-14 14:10:30.631 D/Launcher(  419): Dissmis Preview for view :null ID:2131230739
02-14 14:10:30.631 D/Launcher(  419): Dissmis Preview for view :null ID:2131230741
02-14 14:10:30.631 D/Launcher(  419): onNewIntent()android.intent.action.MAIN
02-14 14:10:30.631 D/Launcher(  419): Closing system Dialogs 
02-14 14:10:30.661 D/Warhol  (  419): A pack appears to be installed -- skipping Installer
02-14 14:10:30.661 D/Launcher(  419): Closing system Dialogs 
02-14 14:10:30.722 I/vDM     (  408): Vdmc getInstance
02-14 14:10:30.722 I/vDM     (  408): Vdmc getInstance
02-14 14:10:30.722 D/DMC     (  408): MyCIMMI getInstance
02-14 14:10:30.722 I/vDM     (  408): Vdmc getInstance
02-14 14:10:30.722 I/vDM     (  408): KeyCode = 3
02-14 14:10:30.722 I/vDM     (  408): Vdmc getInstance
02-14 14:10:30.732 I/vDM     (  408): Vdmc getInstance
02-14 14:10:30.732 D/DMC     (  408): MyCIMMI getInstance
02-14 14:10:30.732 I/vDM     (  408): Vdmc getInstance
02-14 14:10:30.972 I/vDM     (  408): KeyCode = 82
02-14 14:10:30.972 I/vDM     (  408): Vdmc getInstance
02-14 14:10:30.982 I/vDM     (  408): Vdmc getInstance
02-14 14:10:30.982 D/DMC     (  408): MyCIMMI getInstance
02-14 14:10:30.982 I/vDM     (  408): Vdmc getInstance
02-14 14:10:31.002 W/KeyCharacterMap(  419): Can't open keycharmap file
02-14 14:10:31.002 W/KeyCharacterMap(  419): Error loading keycharmap file '/system/usr/keychars/synaptics-rmi4-ts.kcm.bin'. hw.keyboards.262146.devname='synaptics-rmi4-ts'
02-14 14:10:31.002 W/KeyCharacterMap(  419): Using default keymap: /system/usr/keychars/qwerty.kcm.bin
02-14 14:10:31.072 I/vDM     (  408): KeyCode = 82
02-14 14:10:31.092 I/vDM     (  408): Vdmc getInstance
02-14 14:10:31.092 I/vDM     (  408): Vdmc getInstance
02-14 14:10:31.092 D/DMC     (  408): MyCIMMI getInstance
02-14 14:10:31.092 I/vDM     (  408): Vdmc getInstance
02-14 14:10:31.262 D/KeyguardViewMediator(  207): setHidden false
02-14 14:10:31.412 D/KeyguardViewMediator(  207): setHidden false
02-14 14:10:31.412 D/KeyguardViewMediator(  207): setHidden false
02-14 14:10:31.432 D/KeyguardViewMediator(  207): setHidden false
02-14 14:10:31.442 D/KeyguardViewMediator(  207): setHidden false
02-14 14:10:31.462 D/KeyguardViewMediator(  207): setHidden false
02-14 14:10:31.472 D/KeyguardViewMediator(  207): setHidden false
02-14 14:10:31.492 D/KeyguardViewMediator(  207): setHidden false
02-14 14:10:31.512 D/KeyguardViewMediator(  207): setHidden false
02-14 14:10:31.522 D/KeyguardViewMediator(  207): setHidden false
02-14 14:10:31.542 D/KeyguardViewMediator(  207): setHidden false
02-14 14:10:31.562 D/KeyguardViewMediator(  207): setHidden false
02-14 14:10:31.572 D/KeyguardViewMediator(  207): setHidden false
02-14 14:10:31.592 D/KeyguardViewMediator(  207): setHidden false
02-14 14:10:31.933 D/KeyguardViewMediator(  207): setHidden false
02-14 14:10:31.943 D/KeyguardViewMediator(  207): setHidden false
02-14 14:10:31.963 D/Launcher(  419): onSaveInstanceState
02-14 14:10:31.963 D/Launcher(  419): Dissmis Preview for view :null ID:2131230735
02-14 14:10:31.963 D/Launcher(  419): Dissmis Preview for view :null ID:2131230736
02-14 14:10:31.963 D/Launcher(  419): Dissmis Preview for view :null ID:2131230739
02-14 14:10:31.963 D/Launcher(  419): Dissmis Preview for view :null ID:2131230741
02-14 14:10:31.983 D/KeyguardViewMediator(  207): setHidden false
02-14 14:10:31.983 D/KeyguardViewMediator(  207): setHidden false
02-14 14:10:31.993 I/hubo    (  207): Activity {com.android.settings/com.android.settings.Settings}
02-14 14:10:31.993 D/KeyguardViewMediator(  207): setHidden false
02-14 14:10:32.013 D/KeyguardViewMediator(  207): setHidden false
02-14 14:10:32.033 D/KeyguardViewMediator(  207): setHidden false
02-14 14:10:32.043 D/KeyguardViewMediator(  207): setHidden false
02-14 14:10:32.063 D/KeyguardViewMediator(  207): setHidden false
02-14 14:10:32.073 D/KeyguardViewMediator(  207): setHidden false
02-14 14:10:32.093 D/KeyguardViewMediator(  207): setHidden false
02-14 14:10:32.103 D/KeyguardViewMediator(  207): setHidden false
02-14 14:10:32.123 D/KeyguardViewMediator(  207): setHidden false
02-14 14:10:32.143 D/KeyguardViewMediator(  207): setHidden false
02-14 14:10:32.143 D/KeyguardViewMediator(  207): setHidden false
02-14 14:10:32.153 D/KeyguardViewMediator(  207): setHidden false
02-14 14:10:32.153 D/KeyguardViewMediator(  207): setHidden false
02-14 14:10:32.173 D/KeyguardViewMediator(  207): setHidden false
02-14 14:10:32.193 D/KeyguardViewMediator(  207): setHidden false
02-14 14:10:32.203 D/KeyguardViewMediator(  207): setHidden false
02-14 14:10:32.223 D/KeyguardViewMediator(  207): setHidden false
02-14 14:10:32.243 D/KeyguardViewMediator(  207): setHidden false
02-14 14:10:32.253 D/KeyguardViewMediator(  207): setHidden false
02-14 14:10:32.273 D/KeyguardViewMediator(  207): setHidden false
02-14 14:10:32.283 D/KeyguardViewMediator(  207): setHidden false
02-14 14:10:32.283 D/KeyguardViewMediator(  207): setHidden false
02-14 14:10:32.283 D/KeyguardViewMediator(  207): setHidden false
02-14 14:10:32.283 I/ActivityManager(  207): Displayed com.android.settings/.Settings: +323ms
02-14 14:10:32.283 D/KeyguardViewMediator(  207): setHidden false
02-14 14:10:32.293 D/KeyguardViewMediator(  207): setHidden false
02-14 14:10:32.303 D/KeyguardViewMediator(  207): setHidden false
02-14 14:10:32.313 D/KeyguardViewMediator(  207): setHidden false
02-14 14:10:32.323 D/KeyguardViewMediator(  207): setHidden false
02-14 14:10:32.343 D/KeyguardViewMediator(  207): setHidden false
02-14 14:10:32.353 D/KeyguardViewMediator(  207): setHidden false
02-14 14:10:32.373 D/KeyguardViewMediator(  207): setHidden false
02-14 14:10:32.383 D/KeyguardViewMediator(  207): setHidden false
02-14 14:10:32.403 D/KeyguardViewMediator(  207): setHidden false
02-14 14:10:32.423 D/KeyguardViewMediator(  207): setHidden false
02-14 14:10:32.443 D/KeyguardViewMediator(  207): setHidden false
02-14 14:10:32.453 D/KeyguardViewMediator(  207): setHidden false
02-14 14:10:32.463 D/KeyguardViewMediator(  207): setHidden false
02-14 14:10:32.483 I/V3Client(  353): SMS ignored
02-14 14:10:32.483 D/KeyguardViewMediator(  207): setHidden false
02-14 14:10:32.503 D/KeyguardViewMediator(  207): setHidden false
02-14 14:10:32.513 D/KeyguardViewMediator(  207): setHidden false
02-14 14:10:32.533 W/dalvikvm( 1070): Refusing to reopen boot DEX '/system/framework/OmaDrmClient.jar'
02-14 14:10:32.533 D/KeyguardViewMediator(  207): setHidden false
02-14 14:10:32.553 D/KeyguardViewMediator(  207): setHidden false
02-14 14:10:32.563 I/ActivityThread( 1070): Pub com.android.mms.SuggestionsProvider: com.android.mms.SuggestionsProvider
02-14 14:10:32.563 D/KeyguardViewMediator(  207): setHidden false
02-14 14:10:32.563 E/MmsCustom( 1070): Mms,MmsCustom
02-14 14:10:32.563 E/MmsCustom( 1070): Init before calling function of doPreSotred()
02-14 14:10:32.573 E/MmsCustom( 1070): mms config have been prestored before
02-14 14:10:32.573 E/MmsConfig( 1070): mUaProfUrl=http://device.sprintpcs.com/ZTE/ZTEN850KT/N850V1.0.0B11e1.rdf
02-14 14:10:32.583 D/KeyguardViewMediator(  207): setHidden false
02-14 14:10:32.603 D/KeyguardViewMediator(  207): setHidden false
02-14 14:10:32.613 D/KeyguardViewMediator(  207): setHidden false
02-14 14:10:32.613 D/KeyguardViewMediator(  207): setHidden false
02-14 14:10:32.633 E/HQB     ( 1070): onReceiveWithPrivilege  action received android.provider.Telephony.SMS_RECEIVED
02-14 14:10:32.663 D/Mms     ( 1070): currentRoamingStatus:1
02-14 14:10:32.663 D/Mms     ( 1070): mAutoSendHandler sendEmptyMessageDelayed
02-14 14:10:32.683 D/SmsReceiverService( 1070): isSelfRegSMS-teleService = 4098
02-14 14:10:32.683 D/SmsReceiverService( 1070): first =0
02-14 14:10:32.683 D/SmsReceiverService( 1070): possibleIndex =null
02-14 14:10:32.683 D/SmsReceiverService( 1070): processed indexString =null
02-14 14:10:32.693 D/SmsReceiverService( 1070): first =0
02-14 14:10:32.693 D/SmsReceiverService( 1070): possibleIndex =null
02-14 14:10:32.693 D/SmsReceiverService( 1070): processed indexString =null
02-14 14:10:32.723 D/MmsSmsProvider(  332): getThreadId:enter cursor.toAddressIds.size=1
02-14 14:10:32.723 D/MmsSmsProvider(  332): getThreadId:enter cursor.getCount()=0
02-14 14:10:32.734 D/MmsSmsProvider(  332): getThreadId:enter cursorAddr.getCount()=1needNewThread=false
02-14 14:10:32.824 D/MmsSmsProvider(  332): 111insertThread: created new thread_id 1 for recipientIds:1bccrecipientIds:numberOfRecipients:1
02-14 14:10:32.824 D/MmsSmsProvider(  332): getThreadId:after cursor.getCount()=1thread_id = 1
02-14 14:10:33.174 D/Mms:app ( 1070): in getIconResourceId cmasNo =0
02-14 14:10:33.174 D/Mms:app ( 1070): in getIconResourceId cmasNo = 0, cancel(notificationId)
02-14 14:10:33.404 E/lights  (  207):   g_haveAmberLed=0
02-14 14:10:33.404 E/lights  (  207):   red=0
02-14 14:10:33.404 E/lights  (  207):   green=255
02-14 14:10:33.404 E/lights  (  207):   blink=1
02-14 14:10:33.414 E/wlg     (  207): MediaPlayer.IsSdpFile  path = /system/notification_sound
02-14 14:10:33.414 E/wlg     (  207): MediaPlayer.IsSdpFile  path = /system/notification_sound
02-14 14:10:33.414 D/MediaPlayer(  207): DRM scheme =content
02-14 14:10:33.424 D/MediaPlayer(  207): DRM uri.toString() =content://settings/system/notification_sound
02-14 14:10:33.424 I/RingtoneManager(  207): getActualDefaultRingtoneUri().setting=notification_sound uriString=content://media/internal/audio/media/17
02-14 14:10:33.424 I/RingtoneManager(  207): TYPE_NOTIFICATION getActualDefaultRingtoneUri().volume = internal
02-14 14:10:33.424 D/DrmContent(  207): Uri=content://media/internal/audio/media/17
02-14 14:10:33.434 D/DrmContent(  207): ret=983062
02-14 14:10:33.444 D/MediaPlayer(  207): setDataSource(219, 0, 576460752303423487)
02-14 14:10:33.444 D/MediaPlayerService(  121): Create new client(15) from pid 207, fd=24, offset=0, length=576460752303423487, audioSessionId=26
02-14 14:10:33.444 E/MediaPlayerService(  121): ident is:1399285583, buf is:OggS
02-14 14:10:33.444 E/MediaPlayerService(  121):  create VorbisPlayer
02-14 14:10:33.464 I/V3Client(  353): SMS ignored
02-14 14:10:33.464 E/HQB     ( 1070): onReceiveWithPrivilege  action received android.provider.Telephony.SMS_RECEIVED
02-14 14:10:33.484 I/AudioService(  207):  AudioFocus  requestAudioFocus() from android.media.AudioManager@406f5bd8
02-14 14:10:33.484 E/wlg     (  207): MediaPlayer.start()  mIsStream = false
02-14 14:10:33.484 D/MediaPlayer(  207): start state 8
02-14 14:10:33.484 D/AudioTrack(  121): stop 0x5d298
02-14 14:10:33.484 D/AudioFlinger(  121): remove track (4099) and delete from mixer
02-14 14:10:33.484 D/AudioTrack(  121): Request AudioFlinger to create track
02-14 14:10:33.484 D/AudioFlinger(  121): createTrack() lSessionId: 26
02-14 14:10:33.484 D/AudioFlinger(  121): Track constructor name 4098, calling thread 121
02-14 14:10:33.484 D/AudioTrack(  121): start 0x1fde0
02-14 14:10:33.484 D/AudioFlinger(  121): start(4098), calling thread 121 session 26
02-14 14:10:33.494 D/AudioHardwareMSM7X30(  121): value of device and enable is 2 1 ALSA dev id:3
02-14 14:10:33.514 D/KeyguardViewMediator(  207): setHidden false
02-14 14:10:33.514 D/KeyguardViewMediator(  207): setHidden false
02-14 14:10:33.574 D/Bitmap  (  650): Detect unrecycled bitmap.
02-14 14:10:33.574 D/Bitmap  (  650):       Size: 40960 Bytes, Width: 320 , Height: 64 , Hash code: 1079634912
02-14 14:10:33.574 D/Bitmap  (  650):  This bimap was created in:
02-14 14:10:33.574 D/Bitmap  (  650):       android.graphics.Bitmap.<init>(Bitmap.java:136)
02-14 14:10:33.574 D/Bitmap  (  650):       android.graphics.Bitmap.nativeCreate(Native Method)
02-14 14:10:33.574 D/Bitmap  (  650):       android.graphics.Bitmap.createBitmap(Bitmap.java:547)
02-14 14:10:33.574 D/Bitmap  (  650):       android.view.View.buildDrawingCache(View.java:6577)
02-14 14:10:33.574 D/Bitmap  (  650):       android.view.View.getDrawingCache(View.java:6428)
02-14 14:10:33.574 D/Bitmap  (  650):       android.view.ViewGroup.drawChild(ViewGroup.java:1574)
02-14 14:10:33.574 D/Bitmap  (  650):       android.view.ViewGroup.dispatchDraw(ViewGroup.java:1376)
02-14 14:10:33.574 D/Bitmap  (  650):       android.widget.AbsListView.dispatchDraw(AbsListView.java:1480)
02-14 14:10:33.574 D/Bitmap  (  650):       android.widget.ListView.dispatchDraw(ListView.java:3138)
02-14 14:10:33.574 D/Bitmap  (  650):       android.view.View.draw(View.java:6986)
02-14 14:10:33.574 D/Bitmap  (  650):       android.widget.AbsListView.draw(AbsListView.java:2588)
02-14 14:10:33.574 D/Bitmap  (  650):       android.view.ViewGroup.drawChild(ViewGroup.java:1649)
02-14 14:10:33.584 D/Bitmap  (  650):       android.view.ViewGroup.dispatchDraw(ViewGroup.java:1376)
02-14 14:10:33.584 D/Bitmap  (  650):       android.view.View.draw(View.java:6883)
02-14 14:10:33.584 D/Bitmap  (  650):       android.widget.FrameLayout.draw(FrameLayout.java:357)
02-14 14:10:33.584 D/Bitmap  (  650):       android.view.ViewGroup.drawChild(ViewGroup.java:1649)
02-14 14:10:33.584 D/Bitmap  (  650):       android.view.ViewGroup.dispatchDraw(ViewGroup.java:1376)
02-14 14:10:33.584 D/Bitmap  (  650):       android.view.ViewGroup.drawChild(ViewGroup.java:1647)
02-14 14:10:33.584 D/Bitmap  (  650):       android.view.ViewGroup.dispatchDraw(ViewGroup.java:1376)
02-14 14:10:33.584 D/Bitmap  (  650):       android.view.View.draw(View.java:6883)
02-14 14:10:33.584 D/Bitmap  (  650):       android.widget.FrameLayout.draw(FrameLayout.java:357)
02-14 14:10:33.584 D/Bitmap  (  650):       com.android.internal.policy.impl.PhoneWindow$DecorView.draw(PhoneWindow.java:1866)
02-14 14:10:33.584 D/Bitmap  (  650):       android.view.ViewRoot.draw(ViewRoot.java:1526)
02-14 14:10:33.584 D/Bitmap  (  650):       android.view.ViewRoot.performTraversals(ViewRoot.java:1262)
02-14 14:10:33.584 D/Bitmap  (  650):       android.view.ViewRoot.handleMessage(ViewRoot.java:1864)
02-14 14:10:33.584 D/Bitmap  (  650):       android.os.Handler.dispatchMessage(Handler.java:99)
02-14 14:10:33.584 D/Bitmap  (  650):       android.os.Looper.loop(Looper.java:130)
02-14 14:10:33.584 D/Bitmap  (  650):       android.app.ActivityThread.main(ActivityThread.java:3704)
02-14 14:10:33.584 D/Bitmap  (  650):       java.lang.reflect.Method.invokeNative(Native Method)
02-14 14:10:33.584 D/Bitmap  (  650):       java.lang.reflect.Method.invoke(Method.java:507)
02-14 14:10:33.584 D/Bitmap  (  650):       com.android.internal.os.ZygoteInit$MethodAndArgsCaller.run(ZygoteInit.java:875)
02-14 14:10:33.584 D/Bitmap  (  650):       com.android.internal.os.ZygoteInit.main(ZygoteInit.java:633)
02-14 14:10:33.584 D/Bitmap  (  650):       dalvik.system.NativeStart.main(Native Method)
02-14 14:10:33.584 D/Bitmap  (  650): _
02-14 14:10:33.584 D/Bitmap  (  650): Detect unrecycled bitmap.
02-14 14:10:33.584 D/Bitmap  (  650):       Size: 40960 Bytes, Width: 320 , Height: 64 , Hash code: 1079577600
02-14 14:10:33.584 D/Bitmap  (  650):  This bimap was created in:
02-14 14:10:33.584 D/Bitmap  (  650):       android.graphics.Bitmap.<init>(Bitmap.java:136)
02-14 14:10:33.584 D/Bitmap  (  650):       android.graphics.Bitmap.nativeCreate(Native Method)
02-14 14:10:33.584 D/Bitmap  (  650):       android.graphics.Bitmap.createBitmap(Bitmap.java:547)
02-14 14:10:33.584 D/Bitmap  (  650):       android.view.View.buildDrawingCache(View.java:6577)
02-14 14:10:33.584 D/Bitmap  (  650):       android.view.View.getDrawingCache(View.java:6428)
02-14 14:10:33.584 D/Bitmap  (  650):       android.view.ViewGroup.drawChild(ViewGroup.java:1574)
02-14 14:10:33.584 D/Bitmap  (  650):       android.view.ViewGroup.dispatchDraw(ViewGroup.java:1376)
02-14 14:10:33.584 D/Bitmap  (  650):       android.widget.AbsListView.dispatchDraw(AbsListView.java:1480)
02-14 14:10:33.584 D/Bitmap  (  650):       android.widget.ListView.dispatchDraw(ListView.java:3138)
02-14 14:10:33.584 D/Bitmap  (  650):       android.view.View.draw(View.java:6986)
02-14 14:10:33.584 D/Bitmap  (  650):       android.widget.AbsListView.draw(AbsListView.java:2588)
02-14 14:10:33.584 D/Bitmap  (  650):       android.view.ViewGroup.drawChild(ViewGroup.java:1649)
02-14 14:10:33.584 D/Bitmap  (  650):       android.view.ViewGroup.dispatchDraw(ViewGroup.java:1376)
02-14 14:10:33.584 D/Bitmap  (  650):       android.view.View.draw(View.java:6883)
02-14 14:10:33.584 D/Bitmap  (  650):       android.widget.FrameLayout.draw(FrameLayout.java:357)
02-14 14:10:33.584 D/Bitmap  (  650):       android.view.ViewGroup.drawChild(ViewGroup.java:1649)
02-14 14:10:33.584 D/Bitmap  (  650):       android.view.ViewGroup.dispatchDraw(ViewGroup.java:1376)
02-14 14:10:33.584 D/Bitmap  (  650):       android.view.ViewGroup.drawChild(ViewGroup.java:1647)
02-14 14:10:33.584 D/Bitmap  (  650):       android.view.ViewGroup.dispatchDraw(ViewGroup.java:1376)
02-14 14:10:33.584 D/Bitmap  (  650):       android.view.View.draw(View.java:6883)
02-14 14:10:33.584 D/Bitmap  (  650):       android.widget.FrameLayout.draw(FrameLayout.java:357)
02-14 14:10:33.584 D/Bitmap  (  650):       com.android.internal.policy.impl.PhoneWindow$DecorView.draw(PhoneWindow.java:1866)
02-14 14:10:33.584 D/Bitmap  (  650):       android.view.ViewRoot.draw(ViewRoot.java:1526)
02-14 14:10:33.584 D/AudioHardwareMSM7X30(  121): msm_route_stream(PCM_PLAY,5,3,1)
02-14 14:10:33.584 W/AudioFlinger(  121): write blocked for 85 msecs, 1 delayed writes, thread 0x1b7f0
02-14 14:10:33.584 D/Bitmap  (  650):       android.view.ViewRoot.performTraversals(ViewRoot.java:1262)
02-14 14:10:33.584 D/Bitmap  (  650):       android.view.ViewRoot.handleMessage(ViewRoot.java:1864)
02-14 14:10:33.584 D/Bitmap  (  650):       android.os.Handler.dispatchMessage(Handler.java:99)
02-14 14:10:33.584 D/Bitmap  (  650):       android.os.Looper.loop(Looper.java:130)
02-14 14:10:33.584 D/Bitmap  (  650):       android.app.ActivityThread.main(ActivityThread.java:3704)
02-14 14:10:33.584 D/Bitmap  (  650):       java.lang.reflect.Method.invokeNative(Native Method)
02-14 14:10:33.584 D/Bitmap  (  650):       java.lang.reflect.Method.invoke(Method.java:507)
02-14 14:10:33.584 D/Bitmap  (  650):       com.android.internal.os.ZygoteInit$MethodAndArgsCaller.run(ZygoteInit.java:875)
02-14 14:10:33.584 D/Bitmap  (  650):       com.android.internal.os.ZygoteInit.main(ZygoteInit.java:633)
02-14 14:10:33.584 D/Bitmap  (  650):       dalvik.system.NativeStart.main(Native Method)
02-14 14:10:33.584 D/Bitmap  (  650): _
02-14 14:10:33.584 D/Bitmap  (  650): Detect unrecycled bitmap.
02-14 14:10:33.584 D/Bitmap  (  650):       Size: 40960 Bytes, Width: 320 , Height: 64 , Hash code: 1079027864
02-14 14:10:33.584 D/Bitmap  (  650):  This bimap was created in:
02-14 14:10:33.584 D/Bitmap  (  650):       android.graphics.Bitmap.<init>(Bitmap.java:136)
02-14 14:10:33.584 D/Bitmap  (  650):       android.graphics.Bitmap.nativeCreate(Native Method)
02-14 14:10:33.584 D/Bitmap  (  650):       android.graphics.Bitmap.createBitmap(Bitmap.java:547)
02-14 14:10:33.584 D/Bitmap  (  650):       android.view.View.buildDrawingCache(View.java:6577)
02-14 14:10:33.584 D/Bitmap  (  650):       android.view.View.getDrawingCache(View.java:6428)
02-14 14:10:33.584 D/Bitmap  (  650):       android.view.ViewGroup.drawChild(ViewGroup.java:1574)
02-14 14:10:33.584 D/Bitmap  (  650):       android.view.ViewGroup.dispatchDraw(ViewGroup.java:1376)
02-14 14:10:33.584 D/Bitmap  (  650):       android.widget.AbsListView.dispatchDraw(AbsListView.java:1480)
02-14 14:10:33.584 D/Bitmap  (  650):       android.widget.ListView.dispatchDraw(ListView.java:3138)
02-14 14:10:33.584 D/Bitmap  (  650):       android.view.View.draw(View.java:6986)
02-14 14:10:33.584 D/Bitmap  (  650):       android.widget.AbsListView.draw(AbsListView.java:2588)
02-14 14:10:33.584 D/Bitmap  (  650):       android.view.ViewGroup.drawChild(ViewGroup.java:1649)
02-14 14:10:33.584 D/Bitmap  (  650):       android.view.ViewGroup.dispatchDraw(ViewGroup.java:1376)
02-14 14:10:33.584 D/Bitmap  (  650):       android.view.View.draw(View.java:6883)
02-14 14:10:33.584 D/Bitmap  (  650):       android.widget.FrameLayout.draw(FrameLayout.java:357)
02-14 14:10:33.584 D/Bitmap  (  650):       android.view.ViewGroup.drawChild(ViewGroup.java:1649)
02-14 14:10:33.584 D/Bitmap  (  650):       android.view.ViewGroup.dispatchDraw(ViewGroup.java:1376)
02-14 14:10:33.584 D/Bitmap  (  650):       android.view.ViewGroup.drawChild(ViewGroup.java:1647)
02-14 14:10:33.584 D/Bitmap  (  650):       android.view.ViewGroup.dispatchDraw(ViewGroup.java:1376)
02-14 14:10:33.584 D/Bitmap  (  650):       android.view.View.draw(View.java:6883)
02-14 14:10:33.584 D/Bitmap  (  650):       android.widget.FrameLayout.draw(FrameLayout.java:357)
02-14 14:10:33.584 D/Bitmap  (  650):       com.android.internal.policy.impl.PhoneWindow$DecorView.draw(PhoneWindow.java:1866)
02-14 14:10:33.584 D/Bitmap  (  650):       android.view.ViewRoot.draw(ViewRoot.java:1526)
02-14 14:10:33.584 D/Bitmap  (  650):       android.view.ViewRoot.performTraversals(ViewRoot.java:1262)
02-14 14:10:33.584 D/Bitmap  (  650):       android.view.ViewRoot.handleMessage(ViewRoot.java:1864)
02-14 14:10:33.584 D/Bitmap  (  650):       android.os.Handler.dispatchMessage(Handler.java:99)
02-14 14:10:33.584 D/Bitmap  (  650):       android.os.Looper.loop(Looper.java:130)
02-14 14:10:33.584 D/Bitmap  (  650):       android.app.ActivityThread.main(ActivityThread.java:3704)
02-14 14:10:33.584 D/Bitmap  (  650):       java.lang.reflect.Method.invokeNative(Native Method)
02-14 14:10:33.584 D/Bitmap  (  650):       java.lang.reflect.Method.invoke(Method.java:507)
02-14 14:10:33.584 D/Bitmap  (  650):       com.android.internal.os.ZygoteInit$MethodAndArgsCaller.run(ZygoteInit.java:875)
02-14 14:10:33.584 D/Bitmap  (  650):       com.android.internal.os.ZygoteInit.main(ZygoteInit.java:633)
02-14 14:10:33.584 D/Bitmap  (  650):       dalvik.system.NativeStart.main(Native Method)
02-14 14:10:33.584 D/Bitmap  (  650): _
02-14 14:10:33.634 I/wpa_supplicant(  312): State: INACTIVE -> SCANNING
02-14 14:10:33.634 I/wpa_supplicant(  312): CTRL-EVENT-STATE-CHANGE id=-1 state=2 BSSID=00:00:00:00:00:00
02-14 14:10:33.634 D/NetworkStateTracker(  207): setDetailed state, old =IDLE and new state=SCANNING
02-14 14:10:33.644 D/SmsReceiverService( 1070): isSelfRegSMS-teleService = 4098
02-14 14:10:33.644 D/SmsReceiverService( 1070): first =0
02-14 14:10:33.644 D/SmsReceiverService( 1070): possibleIndex =null
02-14 14:10:33.644 D/SmsReceiverService( 1070): processed indexString =null
02-14 14:10:33.664 D/SmsReceiverService( 1070): first =0
02-14 14:10:33.664 D/SmsReceiverService( 1070): possibleIndex =null
02-14 14:10:33.664 D/SmsReceiverService( 1070): processed indexString =null
02-14 14:10:33.684 D/MmsSmsProvider(  332): getThreadId:enter cursor.toAddressIds.size=1
02-14 14:10:33.684 D/MmsSmsProvider(  332): getThreadId:enter cursor.getCount()=1
02-14 14:10:33.694 D/MmsSmsProvider(  332): getThreadId:enter cursorAddr.getCount()=1needNewThread=false
02-14 14:10:33.995 D/Mms:app ( 1070): in getIconResourceId cmasNo =0
02-14 14:10:33.995 D/Mms:app ( 1070): in getIconResourceId cmasNo = 0, cancel(notificationId)
02-14 14:10:34.095 D/KeyguardViewMediator(  207): setHidden false
02-14 14:10:34.105 D/KeyguardViewMediator(  207): setHidden false
02-14 14:10:34.115 E/lights  (  207):   g_haveAmberLed=0
02-14 14:10:34.115 E/lights  (  207):   red=0
02-14 14:10:34.115 E/lights  (  207):   green=0
02-14 14:10:34.115 E/lights  (  207):   blink=0
02-14 14:10:34.115 W/System.err(  207): java.lang.Exception: ldr print trace
02-14 14:10:34.115 W/System.err(  207): 	at android.media.MediaPlayer.stop(MediaPlayer.java:1119)
02-14 14:10:34.115 W/System.err(  207): 	at com.android.server.NotificationPlayer$CmdThread.run(NotificationPlayer.java:179)
02-14 14:10:34.115 D/MediaPlayer(  207): stop state 16
02-14 14:10:34.135 I/AudioService(  207):  AudioFocus  abandonAudioFocus() from android.media.AudioManager@406f5bd8
02-14 14:10:34.135 D/AudioTrack(  121): stop 0x1fde0
02-14 14:10:34.135 D/AudioFlinger(  121): stop(4098), calling thread 121
02-14 14:10:34.145 E/lights  (  207):   g_haveAmberLed=0
02-14 14:10:34.145 E/lights  (  207):   red=0
02-14 14:10:34.145 E/lights  (  207):   green=255
02-14 14:10:34.145 E/lights  (  207):   blink=1
02-14 14:10:34.145 E/wlg     (  207): MediaPlayer.IsSdpFile  path = /system/notification_sound
02-14 14:10:34.145 E/wlg     (  207): MediaPlayer.IsSdpFile  path = /system/notification_sound
02-14 14:10:34.145 D/MediaPlayer(  207): DRM scheme =content
02-14 14:10:34.145 D/MediaPlayer(  207): DRM uri.toString() =content://settings/system/notification_sound
02-14 14:10:34.145 I/RingtoneManager(  207): getActualDefaultRingtoneUri().setting=notification_sound uriString=content://media/internal/audio/media/17
02-14 14:10:34.145 I/RingtoneManager(  207): TYPE_NOTIFICATION getActualDefaultRingtoneUri().volume = internal
02-14 14:10:34.145 D/DrmContent(  207): Uri=content://media/internal/audio/media/17
02-14 14:10:34.155 D/AudioFlinger(  121): remove track (4098) and delete from mixer
02-14 14:10:34.165 D/DrmContent(  207): ret=983062
02-14 14:10:34.185 D/KeyguardViewMediator(  207): setHidden false
02-14 14:10:34.185 D/MediaPlayer(  207): setDataSource(231, 0, 576460752303423487)
02-14 14:10:34.185 D/MediaPlayerService(  121): Create new client(16) from pid 207, fd=25, offset=0, length=576460752303423487, audioSessionId=27
02-14 14:10:34.185 E/MediaPlayerService(  121): ident is:1399285583, buf is:OggS
02-14 14:10:34.185 E/MediaPlayerService(  121):  create VorbisPlayer
02-14 14:10:34.195 D/KeyguardViewMediator(  207): setHidden false
02-14 14:10:34.215 I/AudioService(  207):  AudioFocus  requestAudioFocus() from android.media.AudioManager@406f5bd8
02-14 14:10:34.215 E/wlg     (  207): MediaPlayer.start()  mIsStream = false
02-14 14:10:34.215 D/MediaPlayer(  207): start state 8
02-14 14:10:34.215 D/AudioTrack(  121): Request AudioFlinger to create track
02-14 14:10:34.215 D/AudioFlinger(  121): createTrack() lSessionId: 27
02-14 14:10:34.215 D/AudioFlinger(  121): Track constructor name 4098, calling thread 121
02-14 14:10:34.215 D/AudioTrack(  121): start 0x65308
02-14 14:10:34.215 D/AudioFlinger(  121): start(4098), calling thread 121 session 27
02-14 14:10:34.525 I/V3Client(  353): SMS ignored
02-14 14:10:34.535 E/HQB     ( 1070): onReceiveWithPrivilege  action received android.provider.Telephony.SMS_RECEIVED
02-14 14:10:34.595 I/wpa_supplicant(  312): State: SCANNING -> INACTIVE
02-14 14:10:34.595 I/wpa_supplicant(  312): CTRL-EVENT-STATE-CHANGE id=-1 state=1 BSSID=00:00:00:00:00:00
02-14 14:10:34.595 I/dun_service(  129): process rmnet event
02-14 14:10:34.595 I/dun_service(  129): Post event 4
02-14 14:10:34.595 I/dun_service(  129): received event: DUN_EVENT_RMNET_UP 
02-14 14:10:34.595 I/dun_service(  129): received event(DUN_EVENT_RMNET_UP) in state(DUN_STATE_USB_UNPLUG)
02-14 14:10:34.595 I/dun_service(  129): Ignoring the event DUN_EVENT_RMNET_UP in USB_UNPLUG_STATE
02-14 14:10:34.595 I/dun_service(  129): Moved to state(DUN_STATE_USB_UNPLUG)
02-14 14:10:34.595 D/NetworkStateTracker(  207): setDetailed state, old =SCANNING and new state=IDLE
02-14 14:10:34.595 D/WifiStateTracker(  207): setNotificationVisible() visible=false mNotificationShown=false force=false return.
02-14 14:10:34.735 D/SmsReceiverService( 1070): isSelfRegSMS-teleService = 4098
02-14 14:10:34.735 D/SmsReceiverService( 1070): first =0
02-14 14:10:34.735 D/SmsReceiverService( 1070): possibleIndex =null
02-14 14:10:34.735 D/SmsReceiverService( 1070): processed indexString =null
02-14 14:10:34.735 D/SmsReceiverService( 1070): first =0
02-14 14:10:34.735 D/SmsReceiverService( 1070): possibleIndex =null
02-14 14:10:34.735 D/SmsReceiverService( 1070): processed indexString =null
02-14 14:10:34.745 D/MmsSmsProvider(  332): getThreadId:enter cursor.toAddressIds.size=1
02-14 14:10:34.745 D/MmsSmsProvider(  332): getThreadId:enter cursor.getCount()=1
02-14 14:10:34.745 D/MmsSmsProvider(  332): getThreadId:enter cursorAddr.getCount()=1needNewThread=false
02-14 14:10:34.926 D/Mms:app ( 1070): in getIconResourceId cmasNo =0
02-14 14:10:34.926 D/Mms:app ( 1070): in getIconResourceId cmasNo = 0, cancel(notificationId)
02-14 14:10:34.936 E/ldr     (  486): getCompressedAlbumArtv want to printf the media compressed sucess
02-14 14:10:34.956 I/DATA    (  332): [DCT(0) ] onDataCallListChanged:
02-14 14:10:34.956 I/DATA    (  332): [DCT(0) ] ---dc state list---
02-14 14:10:34.956 I/DATA    (  332): [DCT(0) ] DataCallState: { cid: 0, active: 1, type: , apn: , address: 173.112.252.191 }
02-14 14:10:34.956 I/DATA    (  332): [DCT(0) ] ---dc list---
02-14 14:10:34.956 I/DATA    (  332): [DCT(0) ] cid = 0, state = DcActiveState, bearerType = IP, ipaddress = 173.112.252.191, gw=173.112.252.129, dns=[68.28.67.132, 68.28.68.132]
02-14 14:10:35.016 D/skia    (  486): --- SkImageDecoder::Factory returned null
02-14 14:10:35.236 D/KeyguardViewMediator(  207): setHidden false
02-14 14:10:35.246 D/KeyguardViewMediator(  207): setHidden false
02-14 14:10:35.246 E/lights  (  207):   g_haveAmberLed=0
02-14 14:10:35.246 E/lights  (  207):   red=0
02-14 14:10:35.246 E/lights  (  207):   green=0
02-14 14:10:35.246 E/lights  (  207):   blink=0
02-14 14:10:35.246 W/System.err(  207): java.lang.Exception: ldr print trace
02-14 14:10:35.246 W/System.err(  207): 	at android.media.MediaPlayer.stop(MediaPlayer.java:1119)
02-14 14:10:35.246 W/System.err(  207): 	at com.android.server.NotificationPlayer$CmdThread.run(NotificationPlayer.java:179)
02-14 14:10:35.246 D/MediaPlayer(  207): stop state 16
02-14 14:10:35.256 E/lights  (  207):   g_haveAmberLed=0
02-14 14:10:35.256 E/lights  (  207):   red=0
02-14 14:10:35.256 E/lights  (  207):   green=255
02-14 14:10:35.256 E/lights  (  207):   blink=1
02-14 14:10:35.276 I/AudioService(  207):  AudioFocus  abandonAudioFocus() from android.media.AudioManager@406f5bd8
02-14 14:10:35.276 W/MessageQueue(  207): null sending message to a Handler on a dead thread
02-14 14:10:35.276 W/MessageQueue(  207): java.lang.RuntimeException: null sending message to a Handler on a dead thread
02-14 14:10:35.276 W/MessageQueue(  207): 	at android.os.MessageQueue.enqueueMessage(MessageQueue.java:196)
02-14 14:10:35.276 W/MessageQueue(  207): 	at android.os.Looper.quit(Looper.java:192)
02-14 14:10:35.276 W/MessageQueue(  207): 	at com.android.server.NotificationPlayer.startSound(NotificationPlayer.java:133)
