02-14 14:15:46.580 D/KeyguardViewMediator(  207): setHidden false
02-14 14:15:46.600 D/KeyguardViewMediator(  207): setHidden false
02-14 14:15:46.610 D/KeyguardViewMediator(  207): setHidden false
02-14 14:15:46.630 D/KeyguardViewMediator(  207): setHidden false
02-14 14:15:46.650 D/KeyguardViewMediator(  207): setHidden false
02-14 14:15:46.660 D/KeyguardViewMediator(  207): setHidden false
02-14 14:15:46.680 I/RingtoneManager(  207): getActualDefaultRingtoneUri().setting=ringtone uriString=content://media/internal/audio/media/21
02-14 14:15:46.680 I/RingtoneManager(  207): TYPE_RINGTONE getActualDefaultRingtoneUri().volume = internal
02-14 14:15:46.690 D/KeyguardViewMediator(  207): setHidden false
02-14 14:15:46.690 I/vDM     (  408): KeyCode = 25
02-14 14:15:46.690 I/vDM     (  408): Vdmc getInstance
02-14 14:15:46.690 I/vDM     (  408): Vdmc getInstance
02-14 14:15:46.690 D/DMC     (  408): MyCIMMI getInstance
02-14 14:15:46.690 I/vDM     (  408): Vdmc getInstance
02-14 14:15:46.710 D/KeyguardViewMediator(  207): setHidden false
02-14 14:15:46.720 D/KeyguardViewMediator(  207): setHidden false
02-14 14:15:46.740 D/KeyguardViewMediator(  207): setHidden false
02-14 14:15:46.750 D/AudioTrack(  207): Request AudioFlinger to create track
02-14 14:15:46.750 D/AudioFlinger(  121): createTrack() lSessionId: 36
02-14 14:15:46.750 D/AudioFlinger(  121): Track constructor name 4099, calling thread 207
02-14 14:15:46.750 D/ToneGenerator(  207): startTone
02-14 14:15:46.750 D/AudioTrack(  207): start 0x60a8c8
02-14 14:15:46.750 D/AudioFlinger(  121): start(4099), calling thread 207 session 36
02-14 14:15:46.750 D/KeyguardViewMediator(  207): setHidden false
02-14 14:15:46.770 D/KeyguardViewMediator(  207): setHidden false
02-14 14:15:46.780 D/AudioTrack(  207): stop 0x60a8c8
02-14 14:15:46.780 D/AudioFlinger(  121): stop(4099), calling thread 207
02-14 14:15:46.790 D/KeyguardViewMediator(  207): setHidden false
02-14 14:15:46.800 I/vDM     (  408): KeyCode = 25
02-14 14:15:46.810 D/KeyguardViewMediator(  207): setHidden false
02-14 14:15:46.810 I/vDM     (  408): Vdmc getInstance
02-14 14:15:46.810 I/vDM     (  408): Vdmc getInstance
02-14 14:15:46.810 D/DMC     (  408): MyCIMMI getInstance
02-14 14:15:46.810 I/vDM     (  408): Vdmc getInstance
02-14 14:15:46.820 D/KeyguardViewMediator(  207): setHidden false
02-14 14:15:46.910 D/ToneGenerator(  207): stopTone
02-14 14:15:46.980 D/PowerManagerService(  207): UnPartial  wakeLock  reactivate ,flags=0xa tag=KEEP_SCREEN_ON_FLAG
02-14 14:15:46.980 I/RingtoneManager(  207): getActualDefaultRingtoneUri().setting=ringtone uriString=content://media/internal/audio/media/21
02-14 14:15:46.980 I/RingtoneManager(  207): TYPE_RINGTONE getActualDefaultRingtoneUri().volume = internal
02-14 14:15:47.010 I/vDM     (  408): KeyCode = 25
02-14 14:15:47.010 I/vDM     (  408): Vdmc getInstance
02-14 14:15:47.010 I/vDM     (  408): Vdmc getInstance
02-14 14:15:47.010 D/DMC     (  408): MyCIMMI getInstance
02-14 14:15:47.010 I/vDM     (  408): Vdmc getInstance
02-14 14:15:47.050 I/vDM     (  408): KeyCode = 25
02-14 14:15:47.050 I/vDM     (  408): Vdmc getInstance
02-14 14:15:47.050 I/vDM     (  408): Vdmc getInstance
02-14 14:15:47.050 D/DMC     (  408): MyCIMMI getInstance
02-14 14:15:47.050 I/vDM     (  408): Vdmc getInstance
02-14 14:15:47.310 I/RingtoneManager(  207): getActualDefaultRingtoneUri().setting=ringtone uriString=content://media/internal/audio/media/21
02-14 14:15:47.310 I/RingtoneManager(  207): TYPE_RINGTONE getActualDefaultRingtoneUri().volume = internal
02-14 14:15:47.320 I/vDM     (  408): KeyCode = 25
02-14 14:15:47.320 I/vDM     (  408): Vdmc getInstance
02-14 14:15:47.320 I/vDM     (  408): Vdmc getInstance
02-14 14:15:47.320 D/DMC     (  408): MyCIMMI getInstance
02-14 14:15:47.320 I/vDM     (  408): Vdmc getInstance
02-14 14:15:47.340 D/ToneGenerator(  207): startTone
02-14 14:15:47.340 D/AudioTrack(  207): start 0x60a8c8
02-14 14:15:47.340 D/AudioFlinger(  121): start(4099), calling thread 207 session 36
02-14 14:15:47.380 D/AudioTrack(  207): stop 0x60a8c8
02-14 14:15:47.380 D/AudioFlinger(  121): stop(4099), calling thread 207
02-14 14:15:47.411 I/vDM     (  408): KeyCode = 25
02-14 14:15:47.411 I/vDM     (  408): Vdmc getInstance
02-14 14:15:47.411 I/vDM     (  408): Vdmc getInstance
02-14 14:15:47.411 D/DMC     (  408): MyCIMMI getInstance
02-14 14:15:47.411 I/vDM     (  408): Vdmc getInstance
02-14 14:15:47.491 D/ToneGenerator(  207): stopTone
02-14 14:15:47.671 D/PowerManagerService(  207): UnPartial  wakeLock  reactivate ,flags=0xa tag=KEEP_SCREEN_ON_FLAG
02-14 14:15:47.691 D/KeyguardUpdateMonitor(  207): received broadcast android.media.RINGER_MODE_CHANGED
02-14 14:15:47.691 D/KeyguardUpdateMonitor(  207): handleRingerModeChange(1)
02-14 14:15:47.691 I/RingtoneManager(  207): getActualDefaultRingtoneUri().setting=ringtone uriString=content://media/internal/audio/media/21
02-14 14:15:47.691 I/RingtoneManager(  207): TYPE_RINGTONE getActualDefaultRingtoneUri().volume = internal
02-14 14:15:47.701 I/vDM     (  408): KeyCode = 25
02-14 14:15:47.701 I/vDM     (  408): Vdmc getInstance
02-14 14:15:47.701 I/vDM     (  408): Vdmc getInstance
02-14 14:15:47.701 D/DMC     (  408): MyCIMMI getInstance
02-14 14:15:47.701 I/vDM     (  408): Vdmc getInstance
02-14 14:15:47.711 D/ToneGenerator(  207): startTone
02-14 14:15:47.711 D/AudioTrack(  207): start 0x60a8c8
02-14 14:15:47.711 D/AudioFlinger(  121): start(4099), calling thread 207 session 36
02-14 14:15:47.731 D/AudioTrack(  207): stop 0x60a8c8
02-14 14:15:47.731 D/AudioFlinger(  121): stop(4099), calling thread 207
02-14 14:15:47.861 D/ToneGenerator(  207): stopTone
02-14 14:15:47.901 I/vDM     (  408): KeyCode = 25
02-14 14:15:47.901 I/vDM     (  408): Vdmc getInstance
02-14 14:15:47.901 I/vDM     (  408): Vdmc getInstance
02-14 14:15:47.901 D/DMC     (  408): MyCIMMI getInstance
02-14 14:15:47.911 I/vDM     (  408): Vdmc getInstance
02-14 14:15:48.191 D/ToneGenerator(  207): startTone
02-14 14:15:48.191 D/AudioTrack(  207): start 0x60a8c8
02-14 14:15:48.191 D/AudioFlinger(  121): start(4099), calling thread 207 session 36
02-14 14:15:48.221 D/AudioTrack(  207): stop 0x60a8c8
02-14 14:15:48.221 D/AudioFlinger(  121): stop(4099), calling thread 207
02-14 14:15:48.341 D/ToneGenerator(  207): stopTone
02-14 14:15:49.703 D/KeyguardViewMediator(  207): setHidden false
02-14 14:15:49.723 D/KeyguardViewMediator(  207): setHidden false
02-14 14:15:49.743 D/KeyguardViewMediator(  207): setHidden false
02-14 14:15:49.753 D/KeyguardViewMediator(  207): setHidden false
02-14 14:15:49.773 D/KeyguardViewMediator(  207): setHidden false
02-14 14:15:49.793 D/KeyguardViewMediator(  207): setHidden false
02-14 14:15:49.803 D/KeyguardViewMediator(  207): setHidden false
02-14 14:15:49.823 D/KeyguardViewMediator(  207): setHidden false
02-14 14:15:49.843 D/KeyguardViewMediator(  207): setHidden false
02-14 14:15:49.853 D/KeyguardViewMediator(  207): setHidden false
02-14 14:15:49.873 D/KeyguardViewMediator(  207): setHidden false
02-14 14:15:49.883 D/KeyguardViewMediator(  207): setHidden false
02-14 14:15:49.903 D/KeyguardViewMediator(  207): setHidden false
02-14 14:15:49.923 D/KeyguardViewMediator(  207): setHidden false
02-14 14:15:49.933 D/KeyguardViewMediator(  207): setHidden false
02-14 14:15:49.953 D/KeyguardViewMediator(  207): setHidden false
02-14 14:15:49.973 D/KeyguardViewMediator(  207): setHidden false
02-14 14:15:49.983 D/KeyguardViewMediator(  207): setHidden false
02-14 14:15:50.003 D/KeyguardViewMediator(  207): setHidden false
02-14 14:15:50.013 D/KeyguardViewMediator(  207): setHidden false
02-14 14:15:50.033 D/KeyguardViewMediator(  207): setHidden false
02-14 14:15:50.053 D/KeyguardViewMediator(  207): setHidden false
02-14 14:15:50.073 D/KeyguardViewMediator(  207): setHidden false
02-14 14:15:50.083 D/KeyguardViewMediator(  207): setHidden false
02-14 14:15:50.103 D/KeyguardViewMediator(  207): setHidden false
02-14 14:15:50.123 D/KeyguardViewMediator(  207): setHidden false
02-14 14:15:50.133 D/KeyguardViewMediator(  207): setHidden false
02-14 14:15:50.143 D/PowerManagerService(  207): UnPartial  wakeLock  reactivate ,flags=0xa tag=KEEP_SCREEN_ON_FLAG
02-14 14:15:50.143 D/PowerManagerService(  207): releaseWakeLock flags=0xa tag=KEEP_SCREEN_ON_FLAG
02-14 14:15:51.254 D/AudioHardwareMSM7X30(  121): AudioStreamOutMSM72xx::standby()
02-14 14:15:51.254 D/AudioHardwareMSM7X30(  121): Deroute pcm out stream
02-14 14:15:51.254 D/AudioHardwareMSM7X30(  121): updateDeviceInfo: E rx_device 2 and tx_device 3
02-14 14:15:51.254 D/AudioHardwareMSM7X30(  121): No active voicecall/playback, disabling cur_rx 2
02-14 14:15:51.254 D/AudioHardwareMSM7X30(  121): value of device and enable is 2 0 ALSA dev id:3
02-14 14:15:51.264 D/AudioHardwareMSM7X30(  121): No active voicecall/recording, disabling cur_tx 3
02-14 14:15:51.264 D/AudioHardwareMSM7X30(  121): value of device and enable is 3 0 ALSA dev id:10
02-14 14:15:51.264 E/AudioHardwareMSM7X30(  121): There is no node in the routing table!
02-14 14:15:51.264 D/AudioHardwareMSM7X30(  121): updateDeviceInfo: X cur_rx 2 cur_tx 3
02-14 14:15:53.336 I/wpa_supplicant(  312): State: INACTIVE -> SCANNING
02-14 14:15:53.336 I/wpa_supplicant(  312): CTRL-EVENT-STATE-CHANGE id=-1 state=2 BSSID=00:00:00:00:00:00
02-14 14:15:53.336 D/NetworkStateTracker(  207): setDetailed state, old =IDLE and new state=SCANNING
02-14 14:15:53.627 D/KeyguardViewMediator(  207): setHidden false
02-14 14:15:53.647 D/KeyguardViewMediator(  207): setHidden false
02-14 14:15:53.647 D/KeyguardViewMediator(  207): setHidden false
02-14 14:15:53.657 D/KeyguardViewMediator(  207): setHidden false
02-14 14:15:53.677 D/KeyguardViewMediator(  207): setHidden false
02-14 14:15:53.687 D/KeyguardViewMediator(  207): setHidden false
02-14 14:15:53.697 D/KeyguardViewMediator(  207): setHidden false
02-14 14:15:53.697 D/KeyguardViewMediator(  207): setHidden false
02-14 14:15:53.707 D/KeyguardViewMediator(  207): setHidden false
02-14 14:15:53.727 D/KeyguardViewMediator(  207): setHidden false
02-14 14:15:53.727 D/KeyguardViewMediator(  207): setHidden false
02-14 14:15:53.747 D/KeyguardViewMediator(  207): setHidden false
02-14 14:15:53.747 D/KeyguardViewMediator(  207): setHidden false
02-14 14:15:53.767 D/KeyguardViewMediator(  207): setHidden false
02-14 14:15:53.787 D/KeyguardViewMediator(  207): setHidden false
02-14 14:15:53.797 D/KeyguardViewMediator(  207): setHidden false
02-14 14:15:53.807 D/KeyguardViewMediator(  207): setHidden false
02-14 14:15:53.837 D/KeyguardViewMediator(  207): setHidden false
02-14 14:15:53.847 D/KeyguardViewMediator(  207): setHidden false
02-14 14:15:53.857 D/KeyguardViewMediator(  207): setHidden false
02-14 14:15:53.877 D/KeyguardViewMediator(  207): setHidden false
02-14 14:15:53.887 D/KeyguardViewMediator(  207): setHidden false
02-14 14:15:53.917 D/KeyguardViewMediator(  207): setHidden false
02-14 14:15:53.927 D/KeyguardViewMediator(  207): setHidden false
02-14 14:15:53.937 D/KeyguardViewMediator(  207): setHidden false
02-14 14:15:53.957 D/KeyguardViewMediator(  207): setHidden false
02-14 14:15:53.977 D/KeyguardViewMediator(  207): setHidden false
02-14 14:15:53.987 D/KeyguardViewMediator(  207): setHidden false
02-14 14:15:54.007 D/KeyguardViewMediator(  207): setHidden false
02-14 14:15:54.027 D/KeyguardViewMediator(  207): setHidden false
02-14 14:15:54.037 D/KeyguardViewMediator(  207): setHidden false
02-14 14:15:54.057 D/KeyguardViewMediator(  207): setHidden false
02-14 14:15:54.067 D/KeyguardViewMediator(  207): setHidden false
02-14 14:15:54.297 I/wpa_supplicant(  312): State: SCANNING -> INACTIVE
02-14 14:15:54.297 I/wpa_supplicant(  312): CTRL-EVENT-STATE-CHANGE id=-1 state=1 BSSID=00:00:00:00:00:00
02-14 14:15:54.297 I/dun_service(  129): process rmnet event
02-14 14:15:54.297 I/dun_service(  129): Post event 4
02-14 14:15:54.297 I/dun_service(  129): received event: DUN_EVENT_RMNET_UP 
02-14 14:15:54.297 I/dun_service(  129): received event(DUN_EVENT_RMNET_UP) in state(DUN_STATE_USB_UNPLUG)
02-14 14:15:54.297 I/dun_service(  129): Ignoring the event DUN_EVENT_RMNET_UP in USB_UNPLUG_STATE
02-14 14:15:54.297 I/dun_service(  129): Moved to state(DUN_STATE_USB_UNPLUG)
02-14 14:15:54.307 D/NetworkStateTracker(  207): setDetailed state, old =SCANNING and new state=IDLE
02-14 14:15:54.307 D/WifiStateTracker(  207): setNotificationVisible() visible=false mNotificationShown=false force=false return.
02-14 14:15:55.609 D/KeyguardViewMediator(  207): setHidden false
02-14 14:15:55.639 D/KeyguardViewMediator(  207): setHidden false
02-14 14:15:55.649 D/KeyguardViewMediator(  207): setHidden false
02-14 14:15:55.689 D/KeyguardViewMediator(  207): setHidden false
02-14 14:15:55.699 D/KeyguardViewMediator(  207): setHidden false
02-14 14:15:55.699 D/KeyguardViewMediator(  207): setHidden false
02-14 14:15:55.719 D/KeyguardViewMediator(  207): setHidden false
02-14 14:15:55.729 D/KeyguardViewMediator(  207): setHidden false
02-14 14:15:55.749 D/KeyguardViewMediator(  207): setHidden false
02-14 14:15:55.769 D/KeyguardViewMediator(  207): setHidden false
02-14 14:15:55.779 D/KeyguardViewMediator(  207): setHidden false
02-14 14:15:55.799 D/KeyguardViewMediator(  207): setHidden false
02-14 14:15:55.809 D/KeyguardViewMediator(  207): setHidden false
02-14 14:15:55.819 D/KeyguardViewMediator(  207): setHidden false
02-14 14:15:55.829 D/KeyguardViewMediator(  207): setHidden false
02-14 14:15:55.849 D/KeyguardViewMediator(  207): setHidden false
02-14 14:15:55.869 D/KeyguardViewMediator(  207): setHidden false
02-14 14:15:55.879 D/KeyguardViewMediator(  207): setHidden false
02-14 14:15:55.889 D/KeyguardViewMediator(  207): setHidden false
02-14 14:15:55.899 D/KeyguardViewMediator(  207): setHidden false
02-14 14:15:55.909 D/KeyguardViewMediator(  207): setHidden false
02-14 14:15:55.919 D/KeyguardViewMediator(  207): setHidden false
02-14 14:15:55.939 D/KeyguardViewMediator(  207): setHidden false
02-14 14:15:55.959 D/KeyguardViewMediator(  207): setHidden false
02-14 14:15:55.969 D/KeyguardViewMediator(  207): setHidden false
02-14 14:15:55.989 D/KeyguardViewMediator(  207): setHidden false
02-14 14:15:55.989 D/KeyguardViewMediator(  207): setHidden false
02-14 14:15:55.999 D/KeyguardViewMediator(  207): setHidden false
02-14 14:15:56.009 D/KeyguardViewMediator(  207): setHidden false
02-14 14:15:56.019 D/KeyguardViewMediator(  207): setHidden false
02-14 14:15:56.039 D/KeyguardViewMediator(  207): setHidden false
02-14 14:15:56.049 D/KeyguardViewMediator(  207): setHidden false
02-14 14:15:56.069 D/KeyguardViewMediator(  207): setHidden false
02-14 14:15:56.089 D/KeyguardViewMediator(  207): setHidden false
02-14 14:15:56.089 D/KeyguardViewMediator(  207): setHidden false
02-14 14:15:56.269 D/KeyguardViewMediator(  207): setHidden false
02-14 14:15:56.279 D/KeyguardViewMediator(  207): setHidden false
02-14 14:15:56.299 D/KeyguardViewMediator(  207): setHidden false
02-14 14:15:56.399 D/KeyguardViewMediator(  207): setHidden false
02-14 14:15:56.409 D/KeyguardViewMediator(  207): setHidden false
02-14 14:15:56.429 D/KeyguardViewMediator(  207): setHidden false
02-14 14:15:56.439 D/KeyguardViewMediator(  207): setHidden false
02-14 14:15:56.459 D/KeyguardViewMediator(  207): setHidden false
02-14 14:15:56.479 D/KeyguardViewMediator(  207): setHidden false
02-14 14:15:56.489 D/KeyguardViewMediator(  207): setHidden false
02-14 14:15:56.499 D/KeyguardViewMediator(  207): setHidden false
02-14 14:15:56.650 D/KeyguardViewMediator(  207): setHidden false
02-14 14:15:56.670 D/KeyguardViewMediator(  207): setHidden false
02-14 14:15:56.680 D/KeyguardViewMediator(  207): setHidden false
02-14 14:15:56.760 D/KeyguardViewMediator(  207): setHidden false
02-14 14:15:56.780 D/KeyguardViewMediator(  207): setHidden false
02-14 14:15:56.790 D/KeyguardViewMediator(  207): setHidden false
02-14 14:15:56.810 D/KeyguardViewMediator(  207): setHidden false
02-14 14:15:56.820 D/KeyguardViewMediator(  207): setHidden false
02-14 14:15:56.840 D/KeyguardViewMediator(  207): setHidden false
02-14 14:15:56.850 D/KeyguardViewMediator(  207): setHidden false
02-14 14:15:56.860 D/KeyguardViewMediator(  207): setHidden false
02-14 14:15:56.860 D/KeyguardViewMediator(  207): setHidden false
02-14 14:15:56.870 D/KeyguardViewMediator(  207): setHidden false
02-14 14:15:56.880 D/KeyguardViewMediator(  207): setHidden false
02-14 14:15:56.920 D/KeyguardViewMediator(  207): setHidden false
02-14 14:15:56.940 D/KeyguardViewMediator(  207): setHidden false
02-14 14:15:56.960 D/KeyguardViewMediator(  207): setHidden false
02-14 14:15:56.970 D/KeyguardViewMediator(  207): setHidden false
02-14 14:15:56.990 D/KeyguardViewMediator(  207): setHidden false
02-14 14:15:57.010 D/KeyguardViewMediator(  207): setHidden false
02-14 14:15:57.020 D/KeyguardViewMediator(  207): setHidden false
02-14 14:15:57.020 D/KeyguardViewMediator(  207): setHidden false
02-14 14:15:57.060 D/KeyguardViewMediator(  207): setHidden false
02-14 14:15:57.070 D/KeyguardViewMediator(  207): setHidden false
02-14 14:15:57.090 D/KeyguardViewMediator(  207): setHidden false
02-14 14:15:57.120 D/KeyguardViewMediator(  207): setHidden false
02-14 14:15:57.140 D/KeyguardViewMediator(  207): setHidden false
02-14 14:15:57.160 D/KeyguardViewMediator(  207): setHidden false
02-14 14:15:57.170 D/KeyguardViewMediator(  207): setHidden false
02-14 14:15:57.190 D/KeyguardViewMediator(  207): setHidden false
02-14 14:15:57.200 D/KeyguardViewMediator(  207): setHidden false
02-14 14:15:57.220 D/KeyguardViewMediator(  207): setHidden false
02-14 14:15:57.230 D/KeyguardViewMediator(  207): setHidden false
02-14 14:15:57.280 D/KeyguardViewMediator(  207): setHidden false
02-14 14:15:57.300 D/KeyguardViewMediator(  207): setHidden false
02-14 14:15:57.310 D/KeyguardViewMediator(  207): setHidden false
02-14 14:15:57.410 D/KeyguardViewMediator(  207): setHidden false
02-14 14:15:57.430 D/KeyguardViewMediator(  207): setHidden false
02-14 14:15:57.440 D/KeyguardViewMediator(  207): setHidden false
02-14 14:15:57.460 D/KeyguardViewMediator(  207): setHidden false
02-14 14:15:57.480 D/KeyguardViewMediator(  207): setHidden false
02-14 14:15:57.500 D/KeyguardViewMediator(  207): setHidden false
02-14 14:15:57.510 D/KeyguardViewMediator(  207): setHidden false
02-14 14:15:57.520 D/KeyguardViewMediator(  207): setHidden false
02-14 14:15:57.891 D/ToneGenerator(  207): stopTone
02-14 14:15:57.891 D/AudioTrack(  207): stop 0x60a8c8
02-14 14:15:57.891 D/AudioFlinger(  121): remove track (4099) and delete from mixer
02-14 14:15:58.641 D/KeyguardViewMediator(  207): setHidden false
02-14 14:15:58.661 D/KeyguardViewMediator(  207): setHidden false
02-14 14:15:58.671 D/KeyguardViewMediator(  207): setHidden false
02-14 14:15:58.782 D/Bitmap  (  327): Detect unrecycled bitmap.
02-14 14:15:58.782 D/Bitmap  (  327):       Size: 270080 Bytes, Width: 320 , Height: 211 , Hash code: 1079671864
02-14 14:15:58.782 D/Bitmap  (  327):  This bimap was created in:
02-14 14:15:58.782 D/Bitmap  (  327):       android.graphics.Bitmap.<init>(Bitmap.java:136)
02-14 14:15:58.782 D/Bitmap  (  327):       android.graphics.Bitmap.nativeCreate(Native Method)
02-14 14:15:58.782 D/Bitmap  (  327):       android.graphics.Bitmap.createBitmap(Bitmap.java:547)
02-14 14:15:58.782 D/Bitmap  (  327):       com.android.inputmethod.latin.LatinKeyboardBaseView.onBufferDraw(LatinKeyboardBaseView.java:775)
02-14 14:15:58.782 D/Bitmap  (  327):       com.android.inputmethod.latin.LatinKeyboardBaseView.onDraw(LatinKeyboardBaseView.java:763)
02-14 14:15:58.782 D/Bitmap  (  327):       android.view.View.draw(View.java:6880)
02-14 14:15:58.782 D/Bitmap  (  327):       com.android.inputmethod.latin.LatinKeyboardView.draw(LatinKeyboardView.java:353)
02-14 14:15:58.782 D/Bitmap  (  327):       android.view.ViewGroup.drawChild(ViewGroup.java:1649)
02-14 14:15:58.782 D/Bitmap  (  327):       android.view.ViewGroup.dispatchDraw(ViewGroup.java:1376)
02-14 14:15:58.782 D/Bitmap  (  327):       android.view.ViewGroup.drawChild(ViewGroup.java:1647)
02-14 14:15:58.782 D/Bitmap  (  327):       android.view.ViewGroup.dispatchDraw(ViewGroup.java:1376)
02-14 14:15:58.782 D/Bitmap  (  327):       android.view.ViewGroup.drawChild(ViewGroup.java:1647)
02-14 14:15:58.782 D/Bitmap  (  327):       android.view.ViewGroup.dispatchDraw(ViewGroup.java:1376)
02-14 14:15:58.782 D/Bitmap  (  327):       android.view.ViewGroup.drawChild(ViewGroup.java:1647)
02-14 14:15:58.782 D/Bitmap  (  327):       android.view.ViewGroup.dispatchDraw(ViewGroup.java:1376)
02-14 14:15:58.782 D/Bitmap  (  327):       android.view.View.draw(View.java:6883)
02-14 14:15:58.782 D/Bitmap  (  327):       android.widget.FrameLayout.draw(FrameLayout.java:357)
02-14 14:15:58.782 D/Bitmap  (  327):       com.android.internal.policy.impl.PhoneWindow$DecorView.draw(PhoneWindow.java:1866)
02-14 14:15:58.782 D/Bitmap  (  327):       android.view.ViewRoot.draw(ViewRoot.java:1526)
02-14 14:15:58.782 D/Bitmap  (  327):       android.view.ViewRoot.performTraversals(ViewRoot.java:1262)
02-14 14:15:58.782 D/Bitmap  (  327):       android.view.ViewRoot.handleMessage(ViewRoot.java:1864)
02-14 14:15:58.782 D/Bitmap  (  327):       android.os.Handler.dispatchMessage(Handler.java:99)
02-14 14:15:58.782 D/Bitmap  (  327):       android.os.Looper.loop(Looper.java:130)
02-14 14:15:58.782 D/Bitmap  (  327):       android.app.ActivityThread.main(ActivityThread.java:3704)
02-14 14:15:58.782 D/Bitmap  (  327):       java.lang.reflect.Method.invokeNative(Native Method)
02-14 14:15:58.782 D/Bitmap  (  327):       java.lang.reflect.Method.invoke(Method.java:507)
02-14 14:15:58.782 D/Bitmap  (  327):       com.android.internal.os.ZygoteInit$MethodAndArgsCaller.run(ZygoteInit.java:875)
02-14 14:15:58.782 D/Bitmap  (  327):       com.android.internal.os.ZygoteInit.main(ZygoteInit.java:633)
02-14 14:15:58.782 D/Bitmap  (  327):       dalvik.system.NativeStart.main(Native Method)
02-14 14:15:58.782 D/Bitmap  (  327): _
02-14 14:15:58.812 D/KeyguardViewMediator(  207): setHidden false
02-14 14:15:58.832 D/KeyguardViewMediator(  207): setHidden false
02-14 14:15:58.842 D/KeyguardViewMediator(  207): setHidden false
02-14 14:15:58.862 D/KeyguardViewMediator(  207): setHidden false
02-14 14:15:58.872 D/KeyguardViewMediator(  207): setHidden false
02-14 14:15:58.892 D/KeyguardViewMediator(  207): setHidden false
02-14 14:15:58.912 D/KeyguardViewMediator(  207): setHidden false
02-14 14:15:58.922 D/KeyguardViewMediator(  207): setHidden false
02-14 14:15:59.282 D/KeyguardViewMediator(  207): setHidden false
02-14 14:15:59.292 D/KeyguardViewMediator(  207): setHidden false
02-14 14:15:59.302 D/KeyguardViewMediator(  207): setHidden false
02-14 14:15:59.372 D/KeyguardViewMediator(  207): setHidden false
02-14 14:15:59.392 D/KeyguardViewMediator(  207): setHidden false
02-14 14:15:59.412 D/KeyguardViewMediator(  207): setHidden false
02-14 14:15:59.422 D/KeyguardViewMediator(  207): setHidden false
02-14 14:15:59.452 D/KeyguardViewMediator(  207): setHidden false
02-14 14:15:59.452 D/KeyguardViewMediator(  207): setHidden false
02-14 14:15:59.482 D/KeyguardViewMediator(  207): setHidden false
02-14 14:15:59.482 D/KeyguardViewMediator(  207): setHidden false
02-14 14:15:59.853 D/KeyguardViewMediator(  207): setHidden false
02-14 14:15:59.873 D/KeyguardViewMediator(  207): setHidden false
02-14 14:15:59.893 D/KeyguardViewMediator(  207): setHidden false
02-14 14:15:59.913 D/KeyguardViewMediator(  207): setHidden false
02-14 14:15:59.933 D/KeyguardViewMediator(  207): setHidden false
02-14 14:15:59.943 D/KeyguardViewMediator(  207): setHidden false
02-14 14:15:59.973 D/KeyguardViewMediator(  207): setHidden false
02-14 14:15:59.993 D/KeyguardViewMediator(  207): setHidden false
02-14 14:15:59.993 D/KeyguardUpdateMonitor(  207): received broadcast android.intent.action.TIME_TICK
02-14 14:15:59.993 D/KeyguardUpdateMonitor(  207): handleTimeUpdate
02-14 14:16:00.003 D/KeyguardViewMediator(  207): setHidden false
02-14 14:16:00.013 D/KeyguardViewMediator(  207): setHidden false
02-14 14:16:00.033 D/KeyguardViewMediator(  207): setHidden false
02-14 14:16:00.383 D/KeyguardViewMediator(  207): setHidden false
02-14 14:16:00.393 D/KeyguardViewMediator(  207): setHidden false
02-14 14:16:00.413 D/KeyguardViewMediator(  207): setHidden false
02-14 14:16:00.453 D/KeyguardViewMediator(  207): setHidden false
02-14 14:16:00.473 D/KeyguardViewMediator(  207): setHidden false
02-14 14:16:00.503 D/KeyguardViewMediator(  207): setHidden false
02-14 14:16:00.503 D/KeyguardViewMediator(  207): setHidden false
02-14 14:16:00.533 D/KeyguardViewMediator(  207): setHidden false
02-14 14:16:00.543 D/KeyguardViewMediator(  207): setHidden false
02-14 14:16:00.553 D/KeyguardViewMediator(  207): setHidden false
02-14 14:16:00.553 D/KeyguardViewMediator(  207): setHidden false
02-14 14:16:00.563 D/KeyguardViewMediator(  207): setHidden false
02-14 14:16:00.583 D/KeyguardViewMediator(  207): setHidden false
02-14 14:16:00.653 D/KeyguardViewMediator(  207): setHidden false
02-14 14:16:00.673 D/KeyguardViewMediator(  207): setHidden false
02-14 14:16:00.693 D/KeyguardViewMediator(  207): setHidden false
02-14 14:16:00.713 D/KeyguardViewMediator(  207): setHidden false
02-14 14:16:00.734 D/KeyguardViewMediator(  207): setHidden false
02-14 14:16:00.744 D/KeyguardViewMediator(  207): setHidden false
02-14 14:16:00.764 D/KeyguardViewMediator(  207): setHidden false
02-14 14:16:00.764 D/KeyguardViewMediator(  207): setHidden false
02-14 14:16:00.814 D/KeyguardViewMediator(  207): setHidden false
02-14 14:16:00.834 D/KeyguardViewMediator(  207): setHidden false
02-14 14:16:00.844 D/KeyguardViewMediator(  207): setHidden false
02-14 14:16:00.944 D/KeyguardViewMediator(  207): setHidden false
02-14 14:16:00.954 D/KeyguardViewMediator(  207): setHidden false
02-14 14:16:00.974 D/KeyguardViewMediator(  207): setHidden false
02-14 14:16:00.974 D/KeyguardViewMediator(  207): setHidden false
02-14 14:16:00.984 D/KeyguardViewMediator(  207): setHidden false
02-14 14:16:01.004 D/KeyguardViewMediator(  207): setHidden false
02-14 14:16:01.014 D/KeyguardViewMediator(  207): setHidden false
02-14 14:16:01.034 D/KeyguardViewMediator(  207): setHidden false
02-14 14:16:01.034 D/KeyguardViewMediator(  207): setHidden false
02-14 14:16:01.084 D/KeyguardViewMediator(  207): setHidden false
02-14 14:16:01.104 D/KeyguardViewMediator(  207): setHidden false
02-14 14:16:01.114 D/KeyguardViewMediator(  207): setHidden false
02-14 14:16:01.134 D/KeyguardViewMediator(  207): setHidden false
02-14 14:16:01.154 D/KeyguardViewMediator(  207): setHidden false
02-14 14:16:01.164 D/KeyguardViewMediator(  207): setHidden false
02-14 14:16:01.184 D/KeyguardViewMediator(  207): setHidden false
02-14 14:16:01.184 D/KeyguardViewMediator(  207): setHidden false
02-14 14:16:01.274 D/KeyguardViewMediator(  207): setHidden false
02-14 14:16:01.294 D/KeyguardViewMediator(  207): setHidden false
02-14 14:16:01.314 D/KeyguardViewMediator(  207): setHidden false
02-14 14:16:01.374 D/KeyguardViewMediator(  207): setHidden false
02-14 14:16:01.394 D/KeyguardViewMediator(  207): setHidden false
02-14 14:16:01.404 D/KeyguardViewMediator(  207): setHidden false
02-14 14:16:01.434 D/KeyguardViewMediator(  207): setHidden false
02-14 14:16:01.444 D/KeyguardViewMediator(  207): setHidden false
02-14 14:16:01.454 D/KeyguardViewMediator(  207): setHidden false
02-14 14:16:01.474 D/KeyguardViewMediator(  207): setHidden false
02-14 14:16:01.484 D/KeyguardViewMediator(  207): setHidden false
02-14 14:16:02.105 D/KeyguardViewMediator(  207): setHidden false
02-14 14:16:02.125 D/KeyguardViewMediator(  207): setHidden false
02-14 14:16:02.135 D/KeyguardViewMediator(  207): setHidden false
02-14 14:16:02.185 D/KeyguardViewMediator(  207): setHidden false
02-14 14:16:02.205 D/KeyguardViewMediator(  207): setHidden false
02-14 14:16:02.215 D/KeyguardViewMediator(  207): setHidden false
02-14 14:16:02.245 D/KeyguardViewMediator(  207): setHidden false
02-14 14:16:02.245 D/KeyguardViewMediator(  207): setHidden false
02-14 14:16:02.265 D/KeyguardViewMediator(  207): setHidden false
02-14 14:16:02.285 D/KeyguardViewMediator(  207): setHidden false
02-14 14:16:02.285 D/KeyguardViewMediator(  207): setHidden false
02-14 14:16:02.435 D/KeyguardViewMediator(  207): setHidden false
02-14 14:16:02.465 D/KeyguardViewMediator(  207): setHidden false
02-14 14:16:02.475 D/KeyguardViewMediator(  207): setHidden false
02-14 14:16:02.485 D/KeyguardViewMediator(  207): setHidden false
02-14 14:16:02.495 D/KeyguardViewMediator(  207): setHidden false
02-14 14:16:02.525 D/KeyguardViewMediator(  207): setHidden false
02-14 14:16:02.535 D/KeyguardViewMediator(  207): setHidden false
02-14 14:16:02.555 D/KeyguardViewMediator(  207): setHidden false
02-14 14:16:02.575 D/KeyguardViewMediator(  207): setHidden false
02-14 14:16:02.575 D/KeyguardViewMediator(  207): setHidden false
02-14 14:16:02.625 D/KeyguardViewMediator(  207): setHidden false
02-14 14:16:02.635 D/KeyguardViewMediator(  207): setHidden false
02-14 14:16:02.655 D/KeyguardViewMediator(  207): setHidden false
02-14 14:16:02.745 D/KeyguardViewMediator(  207): setHidden false
02-14 14:16:02.755 D/KeyguardViewMediator(  207): setHidden false
02-14 14:16:02.775 D/KeyguardViewMediator(  207): setHidden false
02-14 14:16:02.786 D/KeyguardViewMediator(  207): setHidden false
02-14 14:16:02.806 D/KeyguardViewMediator(  207): setHidden false
02-14 14:16:02.826 D/KeyguardViewMediator(  207): setHidden false
02-14 14:16:02.846 D/KeyguardViewMediator(  207): setHidden false
02-14 14:16:02.856 D/KeyguardViewMediator(  207): setHidden false
02-14 14:16:02.936 D/KeyguardViewMediator(  207): setHidden false
02-14 14:16:02.966 D/KeyguardViewMediator(  207): setHidden false
02-14 14:16:02.976 D/KeyguardViewMediator(  207): setHidden false
02-14 14:16:03.016 D/KeyguardViewMediator(  207): setHidden false
02-14 14:16:03.026 D/KeyguardViewMediator(  207): setHidden false
02-14 14:16:03.056 D/KeyguardViewMediator(  207): setHidden false
02-14 14:16:03.066 D/KeyguardViewMediator(  207): setHidden false
02-14 14:16:03.076 D/KeyguardViewMediator(  207): setHidden false
02-14 14:16:03.106 D/KeyguardViewMediator(  207): setHidden false
02-14 14:16:03.106 D/KeyguardViewMediator(  207): setHidden false
02-14 14:16:03.126 D/KeyguardViewMediator(  207): setHidden false
02-14 14:16:05.188 D/Bitmap  (  327): Detect unrecycled bitmap.
02-14 14:16:05.188 D/Bitmap  (  327):       Size: 270080 Bytes, Width: 320 , Height: 211 , Hash code: 1079347752
02-14 14:16:05.188 D/Bitmap  (  327):  This bimap was created in:
02-14 14:16:05.188 D/Bitmap  (  327):       android.graphics.Bitmap.<init>(Bitmap.java:136)
02-14 14:16:05.188 D/Bitmap  (  327):       android.graphics.Bitmap.nativeCreate(Native Method)
02-14 14:16:05.188 D/Bitmap  (  327):       android.graphics.Bitmap.createBitmap(Bitmap.java:547)
02-14 14:16:05.188 D/Bitmap  (  327):       com.android.inputmethod.latin.LatinKeyboardBaseView.onBufferDraw(LatinKeyboardBaseView.java:775)
02-14 14:16:05.188 D/Bitmap  (  327):       com.android.inputmethod.latin.LatinKeyboardBaseView.onDraw(LatinKeyboardBaseView.java:763)
02-14 14:16:05.188 D/Bitmap  (  327):       android.view.View.draw(View.java:6880)
02-14 14:16:05.188 D/Bitmap  (  327):       com.android.inputmethod.latin.LatinKeyboardView.draw(LatinKeyboardView.java:353)
02-14 14:16:05.188 D/Bitmap  (  327):       android.view.ViewGroup.drawChild(ViewGroup.java:1649)
02-14 14:16:05.188 D/Bitmap  (  327):       android.view.ViewGroup.dispatchDraw(ViewGroup.java:1376)
02-14 14:16:05.188 D/Bitmap  (  327):       android.view.ViewGroup.drawChild(ViewGroup.java:1647)
02-14 14:16:05.188 D/Bitmap  (  327):       android.view.ViewGroup.dispatchDraw(ViewGroup.java:1376)
02-14 14:16:05.188 D/Bitmap  (  327):       android.view.ViewGroup.drawChild(ViewGroup.java:1647)
02-14 14:16:05.188 D/Bitmap  (  327):       android.view.ViewGroup.dispatchDraw(ViewGroup.java:1376)
02-14 14:16:05.188 D/Bitmap  (  327):       android.view.ViewGroup.drawChild(ViewGroup.java:1647)
02-14 14:16:05.188 D/Bitmap  (  327):       android.view.ViewGroup.dispatchDraw(ViewGroup.java:1376)
02-14 14:16:05.188 D/Bitmap  (  327):       android.view.View.draw(View.java:6883)
02-14 14:16:05.188 D/Bitmap  (  327):       android.widget.FrameLayout.draw(FrameLayout.java:357)
02-14 14:16:05.188 D/Bitmap  (  327):       com.android.internal.policy.impl.PhoneWindow$DecorView.draw(PhoneWindow.java:1866)
02-14 14:16:05.188 D/Bitmap  (  327):       android.view.ViewRoot.draw(ViewRoot.java:1526)
02-14 14:16:05.188 D/Bitmap  (  327):       android.view.ViewRoot.performTraversals(ViewRoot.java:1262)
02-14 14:16:05.188 D/Bitmap  (  327):       android.view.ViewRoot.handleMessage(ViewRoot.java:1864)
02-14 14:16:05.188 D/Bitmap  (  327):       android.os.Handler.dispatchMessage(Handler.java:99)
02-14 14:16:05.188 D/Bitmap  (  327):       android.os.Looper.loop(Looper.java:130)
02-14 14:16:05.198 D/Bitmap  (  327):       android.app.ActivityThread.main(ActivityThread.java:3704)
02-14 14:16:05.198 D/Bitmap  (  327):       java.lang.reflect.Method.invokeNative(Native Method)
02-14 14:16:05.198 D/Bitmap  (  327):       java.lang.reflect.Method.invoke(Method.java:507)
02-14 14:16:05.198 D/Bitmap  (  327):       com.android.internal.os.ZygoteInit$MethodAndArgsCaller.run(ZygoteInit.java:875)
02-14 14:16:05.198 D/Bitmap  (  327):       com.android.internal.os.ZygoteInit.main(ZygoteInit.java:633)
02-14 14:16:05.198 D/Bitmap  (  327):       dalvik.system.NativeStart.main(Native Method)
02-14 14:16:05.198 D/Bitmap  (  327): _
