02-14 14:12:10.249 D/DATA    (  332): [DSST(0)] Poll ServiceState done: oldSS=[0 home null null null  EvDo rev. A CSS not supported -1 -1RoamInd: -1RoamStatus(sprint): -1DefRoamInd: -1EmergOnly: false] newSS=[0 home null null null  EvDo rev. A CSS not supported -1 -1RoamInd: -1RoamStatus(sprint): -1DefRoamInd: -1EmergOnly: false]
02-14 14:12:10.249 D/DATA    (  332): [DSST(0)]  mDataConnectionState = 0
02-14 14:12:10.549 I/dun_service(  129): process rmnet event
02-14 14:12:10.549 I/dun_service(  129): Post event 4
02-14 14:12:10.559 I/dun_service(  129): received event: DUN_EVENT_RMNET_UP 
02-14 14:12:10.559 I/dun_service(  129): received event(DUN_EVENT_RMNET_UP) in state(DUN_STATE_USB_UNPLUG)
02-14 14:12:10.559 I/dun_service(  129): Ignoring the event DUN_EVENT_RMNET_UP in USB_UNPLUG_STATE
02-14 14:12:10.559 I/dun_service(  129): Moved to state(DUN_STATE_USB_UNPLUG)
02-14 14:12:10.559 I/wpa_supplicant(  312): State: SCANNING -> INACTIVE
02-14 14:12:10.559 I/wpa_supplicant(  312): CTRL-EVENT-STATE-CHANGE id=-1 state=1 BSSID=00:00:00:00:00:00
02-14 14:12:10.559 D/WifiStateTracker(  207): setNotificationVisible() visible=false mNotificationShown=false force=false return.
02-14 14:12:10.569 D/NetworkStateTracker(  207): setDetailed state, old =SCANNING and new state=IDLE
02-14 14:12:13.732 I/dun_service(  129): The value returned from dun_getusbmodemstate_fromsys is 2 
02-14 14:12:13.762 D/KeyguardUpdateMonitor(  207): received broadcast android.intent.action.BATTERY_CHANGED
02-14 14:12:13.762 D/KeyguardUpdateMonitor(  207): handleBatteryUpdate
02-14 14:12:14.873 D/PowerManagerService(  207): setPowerState: mPowerState=0x1 newState=0x0 noChangeLights=false reason=3
02-14 14:12:15.223 D/PowerManagerService(  207): acquireWakeLock flags=0x1 tag=sleep_broadcast
02-14 14:12:15.223 D/PowerManagerService(  207): Go to standby ,PARTIAL_WAKE_LOCK tag = sleep_broadcast
02-14 14:12:15.223 D/KeyguardViewMediator(  207): onScreenTurnedOff(3)
02-14 14:12:15.223 D/AlarmManager(  207): +++Alarm set:type=2 android  Trigger after:5000ms
02-14 14:12:15.223 D/KeyguardViewMediator(  207): setting alarm to turn off keyguard, seq = 3
02-14 14:12:15.223 E/Sensors (  207): [HAL]ready to call enable(Accelerometer,0),AAAAAAAA
02-14 14:12:15.223 E/Sensors (  207): [HAL]ECS_IOCTL_APP_SET_AFLAG 	success,flags = 0
02-14 14:12:15.223 E/Sensors (  207): [HAL]After {mEnabled &= ~(1<<what)},mEnabled = 0
02-14 14:12:15.223 E/Sensors (  207): [HAL]After {(newState)<<what)},mEnabled = 0
02-14 14:12:15.223 E/Sensors (  207): [HAL]Closed /dev/akm8962_aot in enable(Accelerometer,0),mEnable = 0
02-14 14:12:15.223 D/PowerManagerService(  207): acquireWakeLock flags=0x1 tag=ActivityManager-Sleep
02-14 14:12:15.234 D/PowerManagerService(  207): releaseWakeLock flags=0x1 tag=ActivityManager-Sleep
02-14 14:12:15.254 D/AlarmManager(  207): +++Alarm set:type=0 android  Trigger after:119999ms
02-14 14:12:15.264 D/PowerManagerService(  207): acquireWakeLock flags=0x1 tag=RILJ
02-14 14:12:15.264 I/DATA    (  332): [DCT(0) ] intent received :android.intent.action.SCREEN_OFF
02-14 14:12:15.264 D/PowerManagerService(  207): releaseWakeLock flags=0x1 tag=RILJ
02-14 14:12:15.274 D/PowerManagerService(  207): releaseWakeLock flags=0x1 tag=sleep_broadcast
02-14 14:12:15.274 D/PowerManagerService(  207):  ALL PARTIAL wakeLock Released ! 
02-14 14:12:15.684 I/dun_service(  129): The value returned from dun_getusbmodemstate_fromsys is 2 
02-14 14:12:15.684 I/dun_service(  129): The value returned from dun_getusbmodemstate_fromsys is 2 
02-14 14:12:19.057 I/vDM     (  408): KeyCode = 26
02-14 14:12:19.067 D/PowerManagerService(  207): setPowerState: mPowerState=0x0 newState=0x3 noChangeLights=false reason=2
02-14 14:12:19.087 D/KeyguardViewMediator(  207): onScreenTurnedOn, seq = 4
02-14 14:12:19.087 D/KeyguardViewMediator(  207): notifyScreenOnLocked
02-14 14:12:19.087 D/KeyguardViewMediator(  207): handleNotifyScreenOn
02-14 14:12:19.087 E/Sensors (  207): [HAL]ready to call enable(Accelerometer,1),AAAAAAAA
02-14 14:12:19.087 E/Sensors (  207): [HAL]mEnabled = 0;ready to open /dev/akm8962_aot
02-14 14:12:19.097 E/Sensors (  207): [HAL]ECS_IOCTL_APP_SET_AFLAG 	success,flags = 1
02-14 14:12:19.097 E/Sensors (  207): [HAL]After {mEnabled &= ~(1<<what)},mEnabled = 0
02-14 14:12:19.097 E/Sensors (  207): [HAL]After {(newState)<<what)},mEnabled = 1
02-14 14:12:19.107 D/KeyguardViewMediator(  207): setHidden false
02-14 14:12:19.107 D/KeyguardViewMediator(  207): setHidden false
02-14 14:12:19.107 D/KeyguardViewMediator(  207): setHidden false
02-14 14:12:19.117 I/hubo    (  207): Activity {com.android.mms/com.android.mms.ui.ComposeMessageActivity}
02-14 14:12:19.127 I/DATA    (  332): [DCT(0) ] intent received :android.intent.action.SCREEN_ON
02-14 14:12:19.137 D/DATA    (  332): [DSST(0)] pollstate() : reason = data network state changed
02-14 14:12:19.147 I/DATA    (  332): [DCT(0) ] onDataCallListChanged:
02-14 14:12:19.147 I/DATA    (  332): [DCT(0) ] ---dc state list---
02-14 14:12:19.147 I/DATA    (  332): [DCT(0) ] DataCallState: { cid: 0, active: 1, type: , apn: , address: 173.112.252.191 }
02-14 14:12:19.157 I/DATA    (  332): [DCT(0) ] ---dc list---
02-14 14:12:19.157 I/DATA    (  332): [DCT(0) ] cid = 0, state = DcActiveState, bearerType = IP, ipaddress = 173.112.252.191, gw=173.112.252.129, dns=[68.28.67.132, 68.28.68.132]
02-14 14:12:19.187 D/MobileDataStateTracker(  207): [hipri]  MobileDataStateReceiver onReceive(): Entry.
02-14 14:12:19.187 D/MobileDataStateTracker(  207): [hipri]  intent.getAction()= android.intent.action.SERVICE_STATE
02-14 14:12:19.187 D/MobileDataStateTracker(  207): [hipri]  mEnabled = false
02-14 14:12:19.197 D/MobileDataStateTracker(  207): [dun]  MobileDataStateReceiver onReceive(): Entry.
02-14 14:12:19.197 D/MobileDataStateTracker(  207): [dun]  intent.getAction()= android.intent.action.SERVICE_STATE
02-14 14:12:19.197 D/MobileDataStateTracker(  207): [dun]  mEnabled = false
02-14 14:12:19.197 D/Mms     ( 1070): currentRoamingStatus:1
02-14 14:12:19.197 D/MobileDataStateTracker(  207): [supl]  MobileDataStateReceiver onReceive(): Entry.
02-14 14:12:19.197 D/MobileDataStateTracker(  207): [supl]  intent.getAction()= android.intent.action.SERVICE_STATE
02-14 14:12:19.197 D/MobileDataStateTracker(  207): [supl]  mEnabled = false
02-14 14:12:19.197 D/MobileDataStateTracker(  207): [mms]  MobileDataStateReceiver onReceive(): Entry.
02-14 14:12:19.197 D/MobileDataStateTracker(  207): [mms]  intent.getAction()= android.intent.action.SERVICE_STATE
02-14 14:12:19.197 D/MobileDataStateTracker(  207): [mms]  mEnabled = false
02-14 14:12:19.207 D/MobileDataStateTracker(  207): [default]  MobileDataStateReceiver onReceive(): Entry.
02-14 14:12:19.207 D/MobileDataStateTracker(  207): [default]  intent.getAction()= android.intent.action.SERVICE_STATE
02-14 14:12:19.207 D/MobileDataStateTracker(  207): [default]  mEnabled = true
02-14 14:12:19.207 D/CallManager(  332):  handleMessage (EVENT_SERVICE_STATE_CHANGED)
02-14 14:12:19.207 E/BT HS/HF(  332): SERVICE_STATE_CHANGED called
02-14 14:12:19.207 E/BT HS/HF(  332): updateServiceState called, sendUpdate:false  ServiceState:0 home Sprint  310099  EvDo rev. A CSS not supported 41 4139RoamInd: 1RoamStatus(sprint): 1DefRoamInd: 160EmergOnly: false
02-14 14:12:19.207 E/BT HS/HF(  332): service:1 mService:1
02-14 14:12:19.217 D/DATA    (  332): [DSST(0)]  registrationState = 1  radioTechnology = 8 reasonForDenial = 0
02-14 14:12:19.217 D/DATA    (  332): [DSST(0)]  set mNewDataConnectionState = 0
02-14 14:12:19.217 D/DATA    (  332): [DSST(0)]  mNewDataConnectionState : 0  mDataConnectionState : 0
02-14 14:12:19.217 D/DATA    (  332): [DSST(0)] Poll ServiceState done: oldSS=[0 home null null null  EvDo rev. A CSS not supported -1 -1RoamInd: -1RoamStatus(sprint): -1DefRoamInd: -1EmergOnly: false] newSS=[0 home null null null  EvDo rev. A CSS not supported -1 -1RoamInd: -1RoamStatus(sprint): -1DefRoamInd: -1EmergOnly: false]
02-14 14:12:19.217 D/DATA    (  332): [DSST(0)]  mDataConnectionState = 0
02-14 14:12:19.217 I/vDM     (  408): KeyCode = 26
02-14 14:12:20.228 W/AlarmManager(  207): +++Alarm  wakeup phone ,pkg=android
02-14 14:12:20.228 W/AlarmManager(  207): +++alarm onSendFinished ,action=com.android.internal.policy.impl.PhoneWindowManager.DELAYED_KEYGUARD
02-14 14:12:25.574 I/wpa_supplicant(  312): State: INACTIVE -> SCANNING
02-14 14:12:25.574 I/wpa_supplicant(  312): CTRL-EVENT-STATE-CHANGE id=-1 state=2 BSSID=00:00:00:00:00:00
02-14 14:12:25.574 D/NetworkStateTracker(  207): setDetailed state, old =IDLE and new state=SCANNING
02-14 14:12:26.545 I/dun_service(  129): process rmnet event
02-14 14:12:26.545 I/dun_service(  129): Post event 4
02-14 14:12:26.545 I/dun_service(  129): received event: DUN_EVENT_RMNET_UP 
02-14 14:12:26.545 I/dun_service(  129): received event(DUN_EVENT_RMNET_UP) in state(DUN_STATE_USB_UNPLUG)
02-14 14:12:26.545 I/dun_service(  129): Ignoring the event DUN_EVENT_RMNET_UP in USB_UNPLUG_STATE
02-14 14:12:26.545 I/dun_service(  129): Moved to state(DUN_STATE_USB_UNPLUG)
02-14 14:12:26.545 I/wpa_supplicant(  312): State: SCANNING -> INACTIVE
02-14 14:12:26.545 I/wpa_supplicant(  312): CTRL-EVENT-STATE-CHANGE id=-1 state=1 BSSID=00:00:00:00:00:00
02-14 14:12:26.545 D/WifiStateTracker(  207): setNotificationVisible() visible=false mNotificationShown=false force=false return.
02-14 14:12:26.555 D/NetworkStateTracker(  207): setDetailed state, old =SCANNING and new state=IDLE
02-14 14:12:29.267 D/PowerManagerService(  207): setPowerState: mPowerState=0x3 newState=0x1 noChangeLights=false reason=3
02-14 14:12:32.771 I/vDM     (  408): KeyCode = 3
02-14 14:12:32.771 D/PowerManagerService(  207): setPowerState: mPowerState=0x1 newState=0x3 noChangeLights=false reason=2
02-14 14:12:32.791 I/vDM     (  408): Vdmc getInstance
02-14 14:12:32.791 I/vDM     (  408): Vdmc getInstance
02-14 14:12:32.791 D/DMC     (  408): MyCIMMI getInstance
02-14 14:12:32.791 I/vDM     (  408): Vdmc getInstance
02-14 14:12:32.901 D/Launcher(  419): Closing system Dialogs 
02-14 14:12:32.901 D/KeyguardViewMediator(  207): setHidden false
02-14 14:12:32.901 I/vDM     (  408): KeyCode = 3
02-14 14:12:32.901 D/Launcher(  419): onNewIntent()android.intent.action.MAIN
02-14 14:12:32.901 D/Launcher(  419): Closing system Dialogs 
02-14 14:12:32.911 D/KeyguardViewMediator(  207): setHidden false
02-14 14:12:32.921 I/vDM     (  408): Vdmc getInstance
02-14 14:12:32.921 I/vDM     (  408): Vdmc getInstance
02-14 14:12:32.921 D/Warhol  (  419): A pack appears to be installed -- skipping Installer
02-14 14:12:32.921 I/hubo    (  207): Activity {com.android.launcher/com.android.launcher2.Launcher}
02-14 14:12:32.941 D/DMC     (  408): MyCIMMI getInstance
02-14 14:12:32.941 D/KeyguardViewMediator(  207): setHidden false
02-14 14:12:32.941 I/vDM     (  408): Vdmc getInstance
02-14 14:12:32.961 D/KeyguardViewMediator(  207): setHidden false
02-14 14:12:32.971 D/KeyguardViewMediator(  207): setHidden false
02-14 14:12:32.971 D/KeyguardViewMediator(  207): setHidden false
02-14 14:12:32.971 D/KeyguardViewMediator(  207): setHidden false
02-14 14:12:32.981 W/IInputConnectionWrapper( 1070): showStatusIcon on inactive InputConnection
02-14 14:12:32.991 D/KeyguardViewMediator(  207): setHidden false
02-14 14:12:33.011 D/KeyguardViewMediator(  207): setHidden false
02-14 14:12:33.021 D/KeyguardViewMediator(  207): setHidden false
02-14 14:12:33.041 D/KeyguardViewMediator(  207): setHidden false
02-14 14:12:33.061 D/KeyguardViewMediator(  207): setHidden false
02-14 14:12:33.071 D/KeyguardViewMediator(  207): setHidden false
02-14 14:12:33.091 D/KeyguardViewMediator(  207): setHidden false
02-14 14:12:33.111 D/KeyguardViewMediator(  207): setHidden false
02-14 14:12:33.121 D/KeyguardViewMediator(  207): setHidden false
02-14 14:12:33.141 D/KeyguardViewMediator(  207): setHidden false
02-14 14:12:33.151 D/KeyguardViewMediator(  207): setHidden false
02-14 14:12:33.191 D/DATA    (  332): [DSST(0)] pollstate() : reason = data network state changed
02-14 14:12:33.191 D/KeyguardViewMediator(  207): setHidden false
02-14 14:12:33.241 D/KeyguardViewMediator(  207): setHidden false
02-14 14:12:33.261 D/KeyguardViewMediator(  207): setHidden false
02-14 14:12:33.271 D/MobileDataStateTracker(  207): [hipri]  MobileDataStateReceiver onReceive(): Entry.
02-14 14:12:33.271 D/MobileDataStateTracker(  207): [hipri]  intent.getAction()= android.intent.action.SERVICE_STATE
02-14 14:12:33.271 D/MobileDataStateTracker(  207): [hipri]  mEnabled = false
02-14 14:12:33.281 D/MobileDataStateTracker(  207): [dun]  MobileDataStateReceiver onReceive(): Entry.
02-14 14:12:33.281 D/MobileDataStateTracker(  207): [dun]  intent.getAction()= android.intent.action.SERVICE_STATE
02-14 14:12:33.281 D/MobileDataStateTracker(  207): [dun]  mEnabled = false
02-14 14:12:33.281 D/MobileDataStateTracker(  207): [supl]  MobileDataStateReceiver onReceive(): Entry.
02-14 14:12:33.281 D/MobileDataStateTracker(  207): [supl]  intent.getAction()= android.intent.action.SERVICE_STATE
02-14 14:12:33.281 D/MobileDataStateTracker(  207): [supl]  mEnabled = false
02-14 14:12:33.281 D/MobileDataStateTracker(  207): [mms]  MobileDataStateReceiver onReceive(): Entry.
02-14 14:12:33.281 D/MobileDataStateTracker(  207): [mms]  intent.getAction()= android.intent.action.SERVICE_STATE
02-14 14:12:33.281 D/MobileDataStateTracker(  207): [mms]  mEnabled = false
02-14 14:12:33.281 D/MobileDataStateTracker(  207): [default]  MobileDataStateReceiver onReceive(): Entry.
02-14 14:12:33.281 D/MobileDataStateTracker(  207): [default]  intent.getAction()= android.intent.action.SERVICE_STATE
02-14 14:12:33.281 D/MobileDataStateTracker(  207): [default]  mEnabled = true
02-14 14:12:33.281 D/CallManager(  332):  handleMessage (EVENT_SERVICE_STATE_CHANGED)
02-14 14:12:33.291 E/BT HS/HF(  332): SERVICE_STATE_CHANGED called
02-14 14:12:33.291 E/BT HS/HF(  332): updateServiceState called, sendUpdate:false  ServiceState:0 home Sprint  310099  EvDo rev. A CSS not supported 41 4139RoamInd: 1RoamStatus(sprint): 1DefRoamInd: 160EmergOnly: false
02-14 14:12:33.291 D/KeyguardViewMediator(  207): setHidden false
02-14 14:12:33.291 E/BT HS/HF(  332): service:1 mService:1
02-14 14:12:33.301 D/DATA    (  332): [DSST(0)]  registrationState = 1  radioTechnology = 8 reasonForDenial = 0
02-14 14:12:33.301 D/DATA    (  332): [DSST(0)]  set mNewDataConnectionState = 0
02-14 14:12:33.301 D/DATA    (  332): [DSST(0)]  mNewDataConnectionState : 0  mDataConnectionState : 0
02-14 14:12:33.301 D/DATA    (  332): [DSST(0)] Poll ServiceState done: oldSS=[0 home null null null  EvDo rev. A CSS not supported -1 -1RoamInd: -1RoamStatus(sprint): -1DefRoamInd: -1EmergOnly: false] newSS=[0 home null null null  EvDo rev. A CSS not supported -1 -1RoamInd: -1RoamStatus(sprint): -1DefRoamInd: -1EmergOnly: false]
02-14 14:12:33.301 D/DATA    (  332): [DSST(0)]  mDataConnectionState = 0
02-14 14:12:33.321 D/Mms     ( 1070): currentRoamingStatus:1
02-14 14:12:33.521 I/vDM     (  408): KeyCode = 82
02-14 14:12:33.521 I/vDM     (  408): Vdmc getInstance
02-14 14:12:33.521 I/vDM     (  408): Vdmc getInstance
02-14 14:12:33.521 D/DMC     (  408): MyCIMMI getInstance
02-14 14:12:33.521 I/vDM     (  408): Vdmc getInstance
02-14 14:12:33.611 D/KeyguardViewMediator(  207): setHidden false
02-14 14:12:33.621 I/vDM     (  408): KeyCode = 82
02-14 14:12:33.621 I/vDM     (  408): Vdmc getInstance
02-14 14:12:33.621 I/vDM     (  408): Vdmc getInstance
02-14 14:12:33.621 D/DMC     (  408): MyCIMMI getInstance
02-14 14:12:33.621 I/vDM     (  408): Vdmc getInstance
02-14 14:12:33.631 D/KeyguardViewMediator(  207): setHidden false
02-14 14:12:33.641 D/KeyguardViewMediator(  207): setHidden false
02-14 14:12:33.651 D/KeyguardViewMediator(  207): setHidden false
02-14 14:12:33.671 D/KeyguardViewMediator(  207): setHidden false
02-14 14:12:33.682 D/KeyguardViewMediator(  207): setHidden false
02-14 14:12:33.702 D/KeyguardViewMediator(  207): setHidden false
02-14 14:12:33.712 D/KeyguardViewMediator(  207): setHidden false
02-14 14:12:33.732 D/KeyguardViewMediator(  207): setHidden false
02-14 14:12:33.752 D/KeyguardViewMediator(  207): setHidden false
02-14 14:12:33.762 D/KeyguardViewMediator(  207): setHidden false
02-14 14:12:33.782 D/KeyguardViewMediator(  207): setHidden false
02-14 14:12:33.792 D/KeyguardViewMediator(  207): setHidden false
02-14 14:12:33.812 D/KeyguardViewMediator(  207): setHidden false
02-14 14:12:34.702 D/KeyguardViewMediator(  207): setHidden false
02-14 14:12:34.723 D/KeyguardViewMediator(  207): setHidden false
02-14 14:12:34.723 D/Launcher(  419): onSaveInstanceState
02-14 14:12:34.723 D/Launcher(  419): Dissmis Preview for view :null ID:2131230735
02-14 14:12:34.723 D/Launcher(  419): Dissmis Preview for view :null ID:2131230736
02-14 14:12:34.723 D/Launcher(  419): Dissmis Preview for view :null ID:2131230739
02-14 14:12:34.723 D/Launcher(  419): Dissmis Preview for view :null ID:2131230741
02-14 14:12:34.733 D/KeyguardViewMediator(  207): setHidden false
02-14 14:12:34.733 D/KeyguardViewMediator(  207): setHidden false
02-14 14:12:34.743 D/KeyguardViewMediator(  207): setHidden false
02-14 14:12:34.753 D/KeyguardViewMediator(  207): setHidden false
02-14 14:12:34.753 D/KeyguardViewMediator(  207): setHidden false
02-14 14:12:34.763 I/hubo    (  207): Activity {com.android.settings/com.android.settings.Settings}
02-14 14:12:34.763 D/KeyguardViewMediator(  207): setHidden false
02-14 14:12:34.773 D/KeyguardViewMediator(  207): setHidden false
02-14 14:12:34.783 D/KeyguardViewMediator(  207): setHidden false
02-14 14:12:34.793 D/KeyguardViewMediator(  207): setHidden false
02-14 14:12:34.803 D/KeyguardViewMediator(  207): setHidden false
02-14 14:12:34.803 D/KeyguardViewMediator(  207): setHidden false
02-14 14:12:34.813 D/KeyguardViewMediator(  207): setHidden false
02-14 14:12:34.843 D/KeyguardViewMediator(  207): setHidden false
02-14 14:12:34.863 D/KeyguardViewMediator(  207): setHidden false
02-14 14:12:34.863 D/KeyguardViewMediator(  207): setHidden false
02-14 14:12:34.893 D/KeyguardViewMediator(  207): setHidden false
02-14 14:12:34.903 D/KeyguardViewMediator(  207): setHidden false
02-14 14:12:34.923 D/KeyguardViewMediator(  207): setHidden false
02-14 14:12:34.933 D/KeyguardViewMediator(  207): setHidden false
02-14 14:12:34.943 D/KeyguardViewMediator(  207): setHidden false
02-14 14:12:34.973 D/KeyguardViewMediator(  207): setHidden false
02-14 14:12:34.983 D/KeyguardViewMediator(  207): setHidden false
02-14 14:12:34.983 D/KeyguardViewMediator(  207): setHidden false
02-14 14:12:34.993 D/KeyguardViewMediator(  207): setHidden false
02-14 14:12:35.013 D/KeyguardViewMediator(  207): setHidden false
02-14 14:12:35.033 D/KeyguardViewMediator(  207): setHidden false
02-14 14:12:35.063 D/DATA    (  332): [DSST(0)] pollstate() : reason = data network state changed
02-14 14:12:35.063 D/KeyguardViewMediator(  207): setHidden false
02-14 14:12:35.083 D/KeyguardViewMediator(  207): setHidden false
02-14 14:12:35.103 D/KeyguardViewMediator(  207): setHidden false
02-14 14:12:35.103 D/KeyguardViewMediator(  207): setHidden false
02-14 14:12:35.113 D/MobileDataStateTracker(  207): [hipri]  MobileDataStateReceiver onReceive(): Entry.
02-14 14:12:35.113 D/MobileDataStateTracker(  207): [hipri]  intent.getAction()= android.intent.action.SERVICE_STATE
02-14 14:12:35.123 D/MobileDataStateTracker(  207): [hipri]  mEnabled = false
02-14 14:12:35.123 D/MobileDataStateTracker(  207): [dun]  MobileDataStateReceiver onReceive(): Entry.
02-14 14:12:35.123 D/MobileDataStateTracker(  207): [dun]  intent.getAction()= android.intent.action.SERVICE_STATE
02-14 14:12:35.123 D/MobileDataStateTracker(  207): [dun]  mEnabled = false
02-14 14:12:35.123 D/MobileDataStateTracker(  207): [supl]  MobileDataStateReceiver onReceive(): Entry.
02-14 14:12:35.123 D/MobileDataStateTracker(  207): [supl]  intent.getAction()= android.intent.action.SERVICE_STATE
02-14 14:12:35.123 D/MobileDataStateTracker(  207): [supl]  mEnabled = false
02-14 14:12:35.123 D/MobileDataStateTracker(  207): [mms]  MobileDataStateReceiver onReceive(): Entry.
02-14 14:12:35.123 D/MobileDataStateTracker(  207): [mms]  intent.getAction()= android.intent.action.SERVICE_STATE
02-14 14:12:35.123 D/MobileDataStateTracker(  207): [mms]  mEnabled = false
02-14 14:12:35.123 D/MobileDataStateTracker(  207): [default]  MobileDataStateReceiver onReceive(): Entry.
02-14 14:12:35.123 D/MobileDataStateTracker(  207): [default]  intent.getAction()= android.intent.action.SERVICE_STATE
02-14 14:12:35.123 D/MobileDataStateTracker(  207): [default]  mEnabled = true
02-14 14:12:35.133 D/CallManager(  332):  handleMessage (EVENT_SERVICE_STATE_CHANGED)
02-14 14:12:35.133 E/BT HS/HF(  332): SERVICE_STATE_CHANGED called
02-14 14:12:35.133 E/BT HS/HF(  332): updateServiceState called, sendUpdate:false  ServiceState:0 home Sprint  310099  EvDo rev. A CSS not supported 41 4139RoamInd: 1RoamStatus(sprint): 1DefRoamInd: 160EmergOnly: false
02-14 14:12:35.133 E/BT HS/HF(  332): service:1 mService:1
02-14 14:12:35.133 D/DATA    (  332): [DSST(0)]  registrationState = 1  radioTechnology = 8 reasonForDenial = 0
02-14 14:12:35.143 D/DATA    (  332): [DSST(0)]  set mNewDataConnectionState = 0
02-14 14:12:35.143 D/DATA    (  332): [DSST(0)]  mNewDataConnectionState : 0  mDataConnectionState : 0
02-14 14:12:35.143 D/DATA    (  332): [DSST(0)] Poll ServiceState done: oldSS=[0 home null null null  EvDo rev. A CSS not supported -1 -1RoamInd: -1RoamStatus(sprint): -1DefRoamInd: -1EmergOnly: false] newSS=[0 home null null null  EvDo rev. A CSS not supported -1 -1RoamInd: -1RoamStatus(sprint): -1DefRoamInd: -1EmergOnly: false]
02-14 14:12:35.143 D/DATA    (  332): [DSST(0)]  mDataConnectionState = 0
02-14 14:12:35.143 D/Mms     ( 1070): currentRoamingStatus:1
02-14 14:12:36.014 D/KeyguardViewMediator(  207): setHidden false
02-14 14:12:36.014 I/hubo    (  207): Activity {com.android.settings/com.android.settings.DisplaySettings}
02-14 14:12:36.064 D/DialogPreference(  650): mIsAdjustWindow : true
02-14 14:12:36.064 D/DialogPreference(  650): mIsAdjustWindow : true
02-14 14:12:36.074 D/DialogPreference(  650): mIsAdjustWindow : true
02-14 14:12:36.094 I/DisplaySettings(  650): onCreate mSupportMultiTouch=true
02-14 14:12:36.094 I/DisplaySettings(  650): onCreate mCalibration=Calibration Adjust the screen alignment
02-14 14:12:36.114 D/KeyguardViewMediator(  207): setHidden false
02-14 14:12:36.194 D/KeyguardViewMediator(  207): setHidden false
02-14 14:12:36.194 D/KeyguardViewMediator(  207): setHidden false
02-14 14:12:36.204 D/KeyguardViewMediator(  207): setHidden false
02-14 14:12:36.214 D/KeyguardViewMediator(  207): setHidden false
02-14 14:12:36.234 D/KeyguardViewMediator(  207): setHidden false
02-14 14:12:36.254 D/KeyguardViewMediator(  207): setHidden false
02-14 14:12:36.254 D/KeyguardViewMediator(  207): setHidden false
02-14 14:12:36.284 D/KeyguardViewMediator(  207): setHidden false
02-14 14:12:36.304 D/KeyguardViewMediator(  207): setHidden false
02-14 14:12:36.314 D/KeyguardViewMediator(  207): setHidden false
02-14 14:12:36.334 D/KeyguardViewMediator(  207): setHidden false
02-14 14:12:36.344 D/KeyguardViewMediator(  207): setHidden false
02-14 14:12:36.364 D/KeyguardViewMediator(  207): setHidden false
02-14 14:12:36.364 I/ActivityManager(  207): Displayed com.android.settings/.DisplaySettings: +360ms
02-14 14:12:36.384 D/KeyguardViewMediator(  207): setHidden false
02-14 14:12:37.085 D/KeyguardViewMediator(  207): setHidden false
02-14 14:12:37.105 D/KeyguardViewMediator(  207): setHidden false
02-14 14:12:37.105 D/KeyguardViewMediator(  207): setHidden false
02-14 14:12:37.125 D/KeyguardViewMediator(  207): setHidden false
02-14 14:12:37.145 D/KeyguardViewMediator(  207): setHidden false
02-14 14:12:37.155 D/KeyguardViewMediator(  207): setHidden false
02-14 14:12:37.175 D/KeyguardViewMediator(  207): setHidden false
02-14 14:12:37.185 D/KeyguardViewMediator(  207): setHidden false
02-14 14:12:37.205 D/KeyguardViewMediator(  207): setHidden false
02-14 14:12:37.225 D/KeyguardViewMediator(  207): setHidden false
02-14 14:12:37.235 D/KeyguardViewMediator(  207): setHidden false
02-14 14:12:37.255 D/KeyguardViewMediator(  207): setHidden false
02-14 14:12:37.265 D/KeyguardViewMediator(  207): setHidden false
02-14 14:12:37.285 D/KeyguardViewMediator(  207): setHidden false
02-14 14:12:37.305 D/KeyguardViewMediator(  207): setHidden false
02-14 14:12:37.315 D/KeyguardViewMediator(  207): setHidden false
02-14 14:12:37.335 D/KeyguardViewMediator(  207): setHidden false
02-14 14:12:37.355 D/KeyguardViewMediator(  207): setHidden false
02-14 14:12:37.365 D/KeyguardViewMediator(  207): setHidden false
02-14 14:12:37.385 D/KeyguardViewMediator(  207): setHidden false
02-14 14:12:37.405 D/KeyguardViewMediator(  207): setHidden false
02-14 14:12:37.415 D/KeyguardViewMediator(  207): setHidden false
02-14 14:12:37.435 D/KeyguardViewMediator(  207): setHidden false
02-14 14:12:37.445 D/KeyguardViewMediator(  207): setHidden false
02-14 14:12:37.465 D/KeyguardViewMediator(  207): setHidden false
02-14 14:12:37.485 D/KeyguardViewMediator(  207): setHidden false
02-14 14:12:37.495 D/KeyguardViewMediator(  207): setHidden false
02-14 14:12:37.515 D/KeyguardViewMediator(  207): setHidden false
02-14 14:12:37.525 D/KeyguardViewMediator(  207): setHidden false
02-14 14:12:37.545 D/KeyguardViewMediator(  207): setHidden false
02-14 14:12:37.565 D/KeyguardViewMediator(  207): setHidden false
02-14 14:12:37.575 D/KeyguardViewMediator(  207): setHidden false
02-14 14:12:37.595 D/KeyguardViewMediator(  207): setHidden false
02-14 14:12:37.605 D/KeyguardViewMediator(  207): setHidden false
02-14 14:12:37.625 D/KeyguardViewMediator(  207): setHidden false
02-14 14:12:37.645 D/KeyguardViewMediator(  207): setHidden false
02-14 14:12:37.655 D/KeyguardViewMediator(  207): setHidden false
02-14 14:12:37.675 D/KeyguardViewMediator(  207): setHidden false
02-14 14:12:37.695 D/KeyguardViewMediator(  207): setHidden false
02-14 14:12:37.705 D/KeyguardViewMediator(  207): setHidden false
02-14 14:12:37.725 D/KeyguardViewMediator(  207): setHidden false
02-14 14:12:37.735 D/KeyguardViewMediator(  207): setHidden false
02-14 14:12:37.765 D/KeyguardViewMediator(  207): setHidden false
02-14 14:12:37.775 D/KeyguardViewMediator(  207): setHidden false
02-14 14:12:37.796 D/KeyguardViewMediator(  207): setHidden false
02-14 14:12:37.816 D/KeyguardViewMediator(  207): setHidden false
02-14 14:12:37.826 D/KeyguardViewMediator(  207): setHidden false
02-14 14:12:37.846 D/KeyguardViewMediator(  207): setHidden false
02-14 14:12:37.866 D/KeyguardViewMediator(  207): setHidden false
02-14 14:12:37.876 D/KeyguardViewMediator(  207): setHidden false
02-14 14:12:37.886 D/KeyguardViewMediator(  207): setHidden false
02-14 14:12:37.916 D/KeyguardViewMediator(  207): setHidden false
02-14 14:12:37.926 D/KeyguardViewMediator(  207): setHidden false
02-14 14:12:37.946 D/KeyguardViewMediator(  207): setHidden false
02-14 14:12:37.966 D/KeyguardViewMediator(  207): setHidden false
02-14 14:12:37.976 D/KeyguardViewMediator(  207): setHidden false
02-14 14:12:37.996 D/KeyguardViewMediator(  207): setHidden false
02-14 14:12:38.006 D/KeyguardViewMediator(  207): setHidden false
02-14 14:12:38.016 D/KeyguardViewMediator(  207): setHidden false
02-14 14:12:38.336 D/DATA    (  332): [DSST(0)] pollstate() : reason = data network state changed
02-14 14:12:38.376 D/MobileDataStateTracker(  207): [hipri]  MobileDataStateReceiver onReceive(): Entry.
02-14 14:12:38.376 D/MobileDataStateTracker(  207): [hipri]  intent.getAction()= android.intent.action.SERVICE_STATE
02-14 14:12:38.376 D/MobileDataStateTracker(  207): [hipri]  mEnabled = false
02-14 14:12:38.376 D/MobileDataStateTracker(  207): [dun]  MobileDataStateReceiver onReceive(): Entry.
02-14 14:12:38.376 D/MobileDataStateTracker(  207): [dun]  intent.getAction()= android.intent.action.SERVICE_STATE
02-14 14:12:38.376 D/MobileDataStateTracker(  207): [dun]  mEnabled = false
02-14 14:12:38.376 D/MobileDataStateTracker(  207): [supl]  MobileDataStateReceiver onReceive(): Entry.
02-14 14:12:38.376 D/MobileDataStateTracker(  207): [supl]  intent.getAction()= android.intent.action.SERVICE_STATE
02-14 14:12:38.376 D/MobileDataStateTracker(  207): [supl]  mEnabled = false
02-14 14:12:38.386 D/MobileDataStateTracker(  207): [mms]  MobileDataStateReceiver onReceive(): Entry.
02-14 14:12:38.386 D/MobileDataStateTracker(  207): [mms]  intent.getAction()= android.intent.action.SERVICE_STATE
02-14 14:12:38.386 D/MobileDataStateTracker(  207): [mms]  mEnabled = false
02-14 14:12:38.386 D/MobileDataStateTracker(  207): [default]  MobileDataStateReceiver onReceive(): Entry.
02-14 14:12:38.386 D/MobileDataStateTracker(  207): [default]  intent.getAction()= android.intent.action.SERVICE_STATE
02-14 14:12:38.386 D/MobileDataStateTracker(  207): [default]  mEnabled = true
02-14 14:12:38.386 D/CallManager(  332):  handleMessage (EVENT_SERVICE_STATE_CHANGED)
02-14 14:12:38.386 E/BT HS/HF(  332): SERVICE_STATE_CHANGED called
02-14 14:12:38.386 E/BT HS/HF(  332): updateServiceState called, sendUpdate:false  ServiceState:0 home Sprint  310099  EvDo rev. A CSS not supported 41 4139RoamInd: 1RoamStatus(sprint): 1DefRoamInd: 160EmergOnly: false
02-14 14:12:38.386 E/BT HS/HF(  332): service:1 mService:1
02-14 14:12:38.396 D/DATA    (  332): [DSST(0)]  registrationState = 1  radioTechnology = 8 reasonForDenial = 0
02-14 14:12:38.396 D/DATA    (  332): [DSST(0)]  set mNewDataConnectionState = 0
02-14 14:12:38.396 D/DATA    (  332): [DSST(0)]  mNewDataConnectionState : 0  mDataConnectionState : 0
02-14 14:12:38.396 D/DATA    (  332): [DSST(0)] Poll ServiceState done: oldSS=[0 home null null null  EvDo rev. A CSS not supported -1 -1RoamInd: -1RoamStatus(sprint): -1DefRoamInd: -1EmergOnly: false] newSS=[0 home null null null  EvDo rev. A CSS not supported -1 -1RoamInd: -1RoamStatus(sprint): -1DefRoamInd: -1EmergOnly: false]
02-14 14:12:38.396 D/DATA    (  332): [DSST(0)]  mDataConnectionState = 0
02-14 14:12:38.436 D/Mms     ( 1070): currentRoamingStatus:1
02-14 14:12:38.857 D/KeyguardViewMediator(  207): setHidden false
02-14 14:12:40.468 I/V3Client(  353): SMS ignored
02-14 14:12:40.478 E/HQB     ( 1070): onReceiveWithPrivilege  action received android.provider.Telephony.SMS_RECEIVED
02-14 14:12:40.498 D/SmsReceiverService( 1070): isSelfRegSMS-teleService = 4098
02-14 14:12:40.498 D/SmsReceiverService( 1070): first =0
02-14 14:12:40.498 D/SmsReceiverService( 1070): possibleIndex =null
02-14 14:12:40.498 D/SmsReceiverService( 1070): processed indexString =null
02-14 14:12:40.498 D/SmsReceiverService( 1070): first =0
02-14 14:12:40.498 D/SmsReceiverService( 1070): possibleIndex =null
02-14 14:12:40.498 D/SmsReceiverService( 1070): processed indexString =null
02-14 14:12:40.508 D/MmsSmsProvider(  332): getThreadId:enter cursor.toAddressIds.size=1
02-14 14:12:40.508 D/MmsSmsProvider(  332): getThreadId:enter cursor.getCount()=1
02-14 14:12:40.518 D/MmsSmsProvider(  332): getThreadId:enter cursorAddr.getCount()=1needNewThread=false
02-14 14:12:40.578 D/Mms:app ( 1070): in getIconResourceId cmasNo =0
02-14 14:12:40.578 D/Mms:app ( 1070): in getIconResourceId cmasNo = 0, cancel(notificationId)
02-14 14:12:40.618 E/lights  (  207):   g_haveAmberLed=0
02-14 14:12:40.618 E/lights  (  207):   red=0
02-14 14:12:40.618 E/lights  (  207):   green=255
02-14 14:12:40.618 E/lights  (  207):   blink=1
02-14 14:12:40.628 E/wlg     (  207): MediaPlayer.IsSdpFile  path = /system/notification_sound
02-14 14:12:40.628 E/wlg     (  207): MediaPlayer.IsSdpFile  path = /system/notification_sound
02-14 14:12:40.628 D/MediaPlayer(  207): DRM scheme =content
02-14 14:12:40.628 D/MediaPlayer(  207): DRM uri.toString() =content://settings/system/notification_sound
02-14 14:12:40.628 I/RingtoneManager(  207): getActualDefaultRingtoneUri().setting=notification_sound uriString=content://media/internal/audio/media/17
02-14 14:12:40.628 I/RingtoneManager(  207): TYPE_NOTIFICATION getActualDefaultRingtoneUri().volume = internal
02-14 14:12:40.628 D/DrmContent(  207): Uri=content://media/internal/audio/media/17
02-14 14:12:40.758 D/DrmContent(  207): ret=983062
02-14 14:12:40.768 D/MediaPlayer(  207): setDataSource(146, 0, 576460752303423487)
02-14 14:12:40.768 D/MediaPlayerService(  121): Create new client(18) from pid 207, fd=24, offset=0, length=576460752303423487, audioSessionId=33
02-14 14:12:40.768 E/MediaPlayerService(  121): ident is:1399285583, buf is:OggS
02-14 14:12:40.768 E/MediaPlayerService(  121):  create VorbisPlayer
02-14 14:12:40.788 I/AudioService(  207):  AudioFocus  requestAudioFocus() from android.media.AudioManager@406f5bd8
02-14 14:12:40.788 E/wlg     (  207): MediaPlayer.start()  mIsStream = false
02-14 14:12:40.788 D/MediaPlayer(  207): start state 8
02-14 14:12:40.788 D/AudioTrack(  121): Request AudioFlinger to create track
02-14 14:12:40.788 D/AudioFlinger(  121): createTrack() lSessionId: 33
02-14 14:12:40.788 D/AudioFlinger(  121): Track constructor name 4098, calling thread 121
02-14 14:12:40.788 D/AudioTrack(  121): start 0x644d0
02-14 14:12:40.788 D/AudioFlinger(  121): start(4098), calling thread 121 session 33
02-14 14:12:40.798 D/KeyguardViewMediator(  207): setHidden false
02-14 14:12:40.798 D/KeyguardViewMediator(  207): setHidden false
02-14 14:12:40.798 D/AudioHardwareMSM7X30(  121): value of device and enable is 2 1 ALSA dev id:3
02-14 14:12:40.879 D/AudioHardwareMSM7X30(  121): msm_route_stream(PCM_PLAY,5,3,1)
02-14 14:12:40.949 D/DATA    (  332): [DSST(0)] pollstate() : reason = data network state changed
02-14 14:12:40.989 D/MobileDataStateTracker(  207): [hipri]  MobileDataStateReceiver onReceive(): Entry.
02-14 14:12:40.989 D/MobileDataStateTracker(  207): [hipri]  intent.getAction()= android.intent.action.SERVICE_STATE
02-14 14:12:40.989 D/MobileDataStateTracker(  207): [hipri]  mEnabled = false
02-14 14:12:40.989 D/MobileDataStateTracker(  207): [dun]  MobileDataStateReceiver onReceive(): Entry.
02-14 14:12:40.989 D/MobileDataStateTracker(  207): [dun]  intent.getAction()= android.intent.action.SERVICE_STATE
02-14 14:12:40.989 D/MobileDataStateTracker(  207): [dun]  mEnabled = false
02-14 14:12:40.999 D/MobileDataStateTracker(  207): [supl]  MobileDataStateReceiver onReceive(): Entry.
02-14 14:12:40.999 D/MobileDataStateTracker(  207): [supl]  intent.getAction()= android.intent.action.SERVICE_STATE
02-14 14:12:40.999 D/MobileDataStateTracker(  207): [supl]  mEnabled = false
02-14 14:12:40.999 D/MobileDataStateTracker(  207): [mms]  MobileDataStateReceiver onReceive(): Entry.
02-14 14:12:40.999 D/MobileDataStateTracker(  207): [mms]  intent.getAction()= android.intent.action.SERVICE_STATE
02-14 14:12:40.999 D/MobileDataStateTracker(  207): [mms]  mEnabled = false
02-14 14:12:40.999 D/MobileDataStateTracker(  207): [default]  MobileDataStateReceiver onReceive(): Entry.
02-14 14:12:40.999 D/MobileDataStateTracker(  207): [default]  intent.getAction()= android.intent.action.SERVICE_STATE
02-14 14:12:40.999 D/MobileDataStateTracker(  207): [default]  mEnabled = true
02-14 14:12:41.009 D/CallManager(  332):  handleMessage (EVENT_SERVICE_STATE_CHANGED)
02-14 14:12:41.009 E/BT HS/HF(  332): SERVICE_STATE_CHANGED called
02-14 14:12:41.009 E/BT HS/HF(  332): updateServiceState called, sendUpdate:false  ServiceState:0 home Sprint  310099  EvDo rev. A CSS not supported 41 4139RoamInd: 1RoamStatus(sprint): 1DefRoamInd: 160EmergOnly: false
02-14 14:12:41.009 E/BT HS/HF(  332): service:1 mService:1
02-14 14:12:41.019 D/DATA    (  332): [DSST(0)]  registrationState = 1  radioTechnology = 8 reasonForDenial = 0
02-14 14:12:41.019 D/DATA    (  332): [DSST(0)]  set mNewDataConnectionState = 0
02-14 14:12:41.019 D/DATA    (  332): [DSST(0)]  mNewDataConnectionState : 0  mDataConnectionState : 0
02-14 14:12:41.019 D/DATA    (  332): [DSST(0)] Poll ServiceState done: oldSS=[0 home null null null  EvDo rev. A CSS not supported -1 -1RoamInd: -1RoamStatus(sprint): -1DefRoamInd: -1EmergOnly: false] newSS=[0 home null null null  EvDo rev. A CSS not supported -1 -1RoamInd: -1RoamStatus(sprint): -1DefRoamInd: -1EmergOnly: false]
02-14 14:12:41.019 D/DATA    (  332): [DSST(0)]  mDataConnectionState = 0
02-14 14:12:41.039 D/Mms     ( 1070): currentRoamingStatus:1
02-14 14:12:41.569 I/wpa_supplicant(  312): State: INACTIVE -> SCANNING
02-14 14:12:41.569 I/wpa_supplicant(  312): CTRL-EVENT-STATE-CHANGE id=-1 state=2 BSSID=00:00:00:00:00:00
02-14 14:12:41.569 D/NetworkStateTracker(  207): setDetailed state, old =IDLE and new state=SCANNING
02-14 14:12:42.540 I/dun_service(  129): process rmnet event
02-14 14:12:42.550 I/dun_service(  129): Post event 4
02-14 14:12:42.550 I/dun_service(  129): received event: DUN_EVENT_RMNET_UP 
02-14 14:12:42.550 I/dun_service(  129): received event(DUN_EVENT_RMNET_UP) in state(DUN_STATE_USB_UNPLUG)
02-14 14:12:42.550 I/dun_service(  129): Ignoring the event DUN_EVENT_RMNET_UP in USB_UNPLUG_STATE
02-14 14:12:42.550 I/dun_service(  129): Moved to state(DUN_STATE_USB_UNPLUG)
02-14 14:12:42.550 I/wpa_supplicant(  312): State: SCANNING -> INACTIVE
02-14 14:12:42.550 I/wpa_supplicant(  312): CTRL-EVENT-STATE-CHANGE id=-1 state=1 BSSID=00:00:00:00:00:00
02-14 14:12:42.550 D/WifiStateTracker(  207): setNotificationVisible() visible=false mNotificationShown=false force=false return.
02-14 14:12:42.560 D/NetworkStateTracker(  207): setDetailed state, old =SCANNING and new state=IDLE
02-14 14:12:42.630 D/AudioTrack(  121): stop 0x644d0
02-14 14:12:42.630 D/AudioFlinger(  121): stop(4098), calling thread 121
02-14 14:12:42.630 I/AudioService(  207):  AudioFocus  abandonAudioFocus() from android.media.AudioManager@406f5bd8
02-14 14:12:43.741 I/dun_service(  129): The value returned from dun_getusbmodemstate_fromsys is 2 
02-14 14:12:43.751 D/KeyguardUpdateMonitor(  207): received broadcast android.intent.action.BATTERY_CHANGED
02-14 14:12:43.751 D/KeyguardUpdateMonitor(  207): handleBatteryUpdate
02-14 14:12:44.152 D/Bitmap  (  317): Detect unrecycled bitmap.
02-14 14:12:44.152 D/Bitmap  (  317):       Size: 83200 Bytes, Width: 320 , Height: 65 , Hash code: 1079625936
02-14 14:12:44.152 D/Bitmap  (  317):  This bimap was created in:
02-14 14:12:44.152 D/Bitmap  (  317):       android.graphics.Bitmap.<init>(Bitmap.java:136)
02-14 14:12:44.152 D/Bitmap  (  317):       android.graphics.Bitmap.nativeCreate(Native Method)
02-14 14:12:44.152 D/Bitmap  (  317):       android.graphics.Bitmap.createBitmap(Bitmap.java:547)
02-14 14:12:44.152 D/Bitmap  (  317):       android.view.View.buildDrawingCache(View.java:6577)
02-14 14:12:44.152 D/Bitmap  (  317):       android.view.View.getDrawingCache(View.java:6428)
02-14 14:12:44.152 D/Bitmap  (  317):       android.view.ViewGroup.drawChild(ViewGroup.java:1574)
02-14 14:12:44.152 D/Bitmap  (  317):       android.view.ViewGroup.dispatchDraw(ViewGroup.java:1376)
02-14 14:12:44.152 D/Bitmap  (  317):       android.view.ViewGroup.drawChild(ViewGroup.java:1647)
02-14 14:12:44.152 D/Bitmap  (  317):       android.view.ViewGroup.dispatchDraw(ViewGroup.java:1376)
02-14 14:12:44.152 D/Bitmap  (  317):       android.view.ViewGroup.drawChild(ViewGroup.java:1647)
02-14 14:12:44.152 D/Bitmap  (  317):       android.view.ViewGroup.dispatchDraw(ViewGroup.java:1376)
02-14 14:12:44.152 D/Bitmap  (  317):       android.view.View.draw(View.java:6883)
02-14 14:12:44.152 D/Bitmap  (  317):       android.widget.FrameLayout.draw(FrameLayout.java:357)
02-14 14:12:44.152 D/Bitmap  (  317):       android.widget.ScrollView.draw(ScrollView.java:1417)
02-14 14:12:44.152 D/Bitmap  (  317):       android.view.ViewGroup.drawChild(ViewGroup.java:1649)
02-14 14:12:44.152 D/Bitmap  (  317):       android.view.ViewGroup.dispatchDraw(ViewGroup.java:1376)
02-14 14:12:44.152 D/Bitmap  (  317):       android.view.ViewGroup.drawChild(ViewGroup.java:1647)
02-14 14:12:44.152 D/Bitmap  (  317):       android.view.ViewGroup.dispatchDraw(ViewGroup.java:1376)
02-14 14:12:44.152 D/Bitmap  (  317):       android.view.ViewGroup.drawChild(ViewGroup.java:1647)
02-14 14:12:44.152 D/Bitmap  (  317):       android.view.ViewGroup.dispatchDraw(ViewGroup.java:1376)
02-14 14:12:44.152 D/Bitmap  (  317):       android.view.View.draw(View.java:6883)
02-14 14:12:44.152 D/Bitmap  (  317):       android.widget.FrameLayout.draw(FrameLayout.java:357)
02-14 14:12:44.152 D/Bitmap  (  317):       android.view.ViewGroup.drawChild(ViewGroup.java:1649)
02-14 14:12:44.152 D/Bitmap  (  317):       android.view.ViewGroup.dispatchDraw(ViewGroup.java:1376)
02-14 14:12:44.152 D/Bitmap  (  317):       android.view.View.draw(View.java:6883)
02-14 14:12:44.152 D/Bitmap  (  317):       android.widget.FrameLayout.draw(FrameLayout.java:357)
02-14 14:12:44.152 D/Bitmap  (  317):       com.android.internal.policy.impl.PhoneWindow$DecorView.draw(PhoneWindow.java:1866)
02-14 14:12:44.152 D/Bitmap  (  317):       android.view.ViewRoot.draw(ViewRoot.java:1526)
02-14 14:12:44.152 D/Bitmap  (  317):       android.view.ViewRoot.performTraversals(ViewRoot.java:1262)
02-14 14:12:44.152 D/Bitmap  (  317):       android.view.ViewRoot.handleMessage(ViewRoot.java:1864)
02-14 14:12:44.152 D/Bitmap  (  317):       android.os.Handler.dispatchMessage(Handler.java:99)
02-14 14:12:44.152 D/Bitmap  (  317):       android.os.Looper.loop(Looper.java:130)
02-14 14:12:44.152 D/Bitmap  (  317):       android.app.ActivityThread.main(ActivityThread.java:3704)
02-14 14:12:44.152 D/Bitmap  (  317):       java.lang.reflect.Method.invokeNative(Native Method)
02-14 14:12:44.152 D/Bitmap  (  317):       java.lang.reflect.Method.invoke(Method.java:507)
02-14 14:12:44.152 D/Bitmap  (  317):       com.android.internal.os.ZygoteInit$MethodAndArgsCaller.run(ZygoteInit.java:875)
02-14 14:12:44.152 D/Bitmap  (  317):       com.android.internal.os.ZygoteInit.main(ZygoteInit.java:633)
02-14 14:12:44.152 D/Bitmap  (  317):       dalvik.system.NativeStart.main(Native Method)
02-14 14:12:44.152 D/Bitmap  (  317): _
02-14 14:12:45.733 D/AudioHardwareMSM7X30(  121): AudioStreamOutMSM72xx::standby()
02-14 14:12:45.733 D/AudioHardwareMSM7X30(  121): Deroute pcm out stream
02-14 14:12:45.733 D/AudioHardwareMSM7X30(  121): updateDeviceInfo: E rx_device 2 and tx_device 3
02-14 14:12:45.733 D/AudioHardwareMSM7X30(  121): No active voicecall/playback, disabling cur_rx 2
02-14 14:12:45.733 D/AudioHardwareMSM7X30(  121): value of device and enable is 2 0 ALSA dev id:3
02-14 14:12:45.743 D/AudioHardwareMSM7X30(  121): No active voicecall/recording, disabling cur_tx 3
02-14 14:12:45.743 D/AudioHardwareMSM7X30(  121): value of device and enable is 3 0 ALSA dev id:10
02-14 14:12:45.743 E/AudioHardwareMSM7X30(  121): There is no node in the routing table!
02-14 14:12:45.743 D/AudioHardwareMSM7X30(  121): updateDeviceInfo: X cur_rx 2 cur_tx 3
02-14 14:12:45.763 D/KeyguardViewMediator(  207): setHidden false
02-14 14:12:45.783 D/KeyguardViewMediator(  207): setHidden false
02-14 14:12:45.803 D/KeyguardViewMediator(  207): setHidden false
02-14 14:12:45.823 D/KeyguardViewMediator(  207): setHidden false
02-14 14:12:45.843 D/KeyguardViewMediator(  207): setHidden false
02-14 14:12:45.843 D/KeyguardViewMediator(  207): setHidden false
02-14 14:12:45.873 D/KeyguardViewMediator(  207): setHidden false
02-14 14:12:45.883 D/KeyguardViewMediator(  207): setHidden false
02-14 14:12:45.893 D/KeyguardViewMediator(  207): setHidden false
02-14 14:12:45.923 D/KeyguardViewMediator(  207): setHidden false
02-14 14:12:45.923 D/KeyguardViewMediator(  207): setHidden false
02-14 14:12:45.953 D/KeyguardViewMediator(  207): setHidden false
02-14 14:12:45.953 D/KeyguardViewMediator(  207): setHidden false
02-14 14:12:50.077 D/BrightnessPreference(  650): onDialogClosed() sendBroadcast(intent) updateSettingsWidget
02-14 14:12:50.188 D/SettingsAppWidgetProvider(  650): onReceive() updateWidget()
02-14 14:12:50.218 D/Bitmap  (  650): Detect unrecycled bitmap.
02-14 14:12:50.218 D/Bitmap  (  650):       Size: 157440 Bytes, Width: 320 , Height: 123 , Hash code: 1079811056
02-14 14:12:50.218 D/Bitmap  (  650):  This bimap was created in:
02-14 14:12:50.218 D/Bitmap  (  650):       android.graphics.Bitmap.<init>(Bitmap.java:136)
02-14 14:12:50.218 D/Bitmap  (  650):       android.graphics.BitmapFactory.nativeDecodeAsset(Native Method)
02-14 14:12:50.218 D/Bitmap  (  650):       android.graphics.BitmapFactory.decodeStream(BitmapFactory.java:460)
02-14 14:12:50.218 D/Bitmap  (  650):       android.graphics.BitmapFactory.decodeResourceStream(BitmapFactory.java:336)
02-14 14:12:50.218 D/Bitmap  (  650):       android.graphics.drawable.Drawable.createFromResourceStream(Drawable.java:697)
02-14 14:12:50.218 D/Bitmap  (  650):       android.content.res.Resources.loadDrawable(Resources.java:1709)
02-14 14:12:50.218 D/Bitmap  (  650):       android.content.res.Resources.getDrawable(Resources.java:581)
02-14 14:12:50.218 D/Bitmap  (  650):       android.widget.AbsListView.setOverScrollMode(AbsListView.java:655)
02-14 14:12:50.218 D/Bitmap  (  650):       android.view.View.<init>(View.java:1879)
02-14 14:12:50.218 D/Bitmap  (  650):       android.view.View.<init>(View.java:1921)
02-14 14:12:50.218 D/Bitmap  (  650):       android.view.ViewGroup.<init>(ViewGroup.java:292)
02-14 14:12:50.218 D/Bitmap  (  650):       android.widget.AdapterView.<init>(AdapterView.java:228)
02-14 14:12:50.218 D/Bitmap  (  650):       android.widget.AbsListView.<init>(AbsListView.java:592)
02-14 14:12:50.218 D/Bitmap  (  650):       android.widget.ListView.<init>(ListView.java:163)
02-14 14:12:50.218 D/Bitmap  (  650):       android.widget.ListView.<init>(ListView.java:159)
02-14 14:12:50.218 D/Bitmap  (  650):       java.lang.reflect.Constructor.constructNative(Native Method)
02-14 14:12:50.218 D/Bitmap  (  650):       java.lang.reflect.Constructor.newInstance(Constructor.java:415)
02-14 14:12:50.218 D/Bitmap  (  650):       android.view.LayoutInflater.createView(LayoutInflater.java:505)
02-14 14:12:50.218 D/Bitmap  (  650):       com.android.internal.policy.impl.PhoneLayoutInflater.onCreateView(PhoneLayoutInflater.java:56)
02-14 14:12:50.218 D/Bitmap  (  650):       android.view.LayoutInflater.createViewFromTag(LayoutInflater.java:568)
02-14 14:12:50.218 D/Bitmap  (  650):       android.view.LayoutInflater.inflate(LayoutInflater.java:386)
02-14 14:12:50.218 D/Bitmap  (  650):       android.view.LayoutInflater.inflate(LayoutInflater.java:320)
02-14 14:12:50.218 D/Bitmap  (  650):       android.view.LayoutInflater.inflate(LayoutInflater.java:276)
02-14 14:12:50.218 D/Bitmap  (  650):       com.android.internal.policy.impl.PhoneWindow.setContentView(PhoneWindow.java:207)
02-14 14:12:50.218 D/Bitmap  (  650):       android.app.Activity.setContentView(Activity.java:1657)
02-14 14:12:50.218 D/Bitmap  (  650):       android.preference.PreferenceActivity.onCreate(PreferenceActivity.java:107)
02-14 14:12:50.218 D/Bitmap  (  650):       com.android.settings.ApplicationSettings.onCreate(ApplicationSettings.java:55)
02-14 14:12:50.218 D/Bitmap  (  650):       android.app.Instrumentation.callActivityOnCreate(Instrumentation.java:1047)
02-14 14:12:50.218 D/Bitmap  (  650):       android.app.ActivityThread.performLaunchActivity(ActivityThread.java:1632)
02-14 14:12:50.218 D/Bitmap  (  650):       android.app.ActivityThread.handleLaunchActivity(ActivityThread.java:1684)
02-14 14:12:50.218 D/Bitmap  (  650):       android.app.ActivityThread.access$1500(ActivityThread.java:123)
02-14 14:12:50.218 D/Bitmap  (  650):       android.app.ActivityThread$H.handleMessage(ActivityThread.java:948)
02-14 14:12:50.218 D/Bitmap  (  650):       android.os.Handler.dispatchMessage(Handler.java:99)
02-14 14:12:50.218 D/Bitmap  (  650):       android.os.Looper.loop(Looper.java:130)
02-14 14:12:50.218 D/Bitmap  (  650):       android.app.ActivityThread.main(ActivityThread.java:3704)
02-14 14:12:50.218 D/Bitmap  (  650):       java.lang.reflect.Method.invokeNative(Native Method)
02-14 14:12:50.218 D/Bitmap  (  650):       java.lang.reflect.Method.invoke(Method.java:507)
02-14 14:12:50.218 D/Bitmap  (  650):       com.android.internal.os.ZygoteInit$MethodAndArgsCaller.run(ZygoteInit.java:875)
02-14 14:12:50.218 D/Bitmap  (  650):       com.android.internal.os.ZygoteInit.main(ZygoteInit.java:633)
02-14 14:12:50.218 D/Bitmap  (  650):       dalvik.system.NativeStart.main(Native Method)
02-14 14:12:50.218 D/Bitmap  (  650): _
02-14 14:12:51.639 E/lights  (  207):   g_haveAmberLed=0
02-14 14:12:51.639 E/lights  (  207):   red=0
02-14 14:12:51.639 E/lights  (  207):   green=0
02-14 14:12:51.639 E/lights  (  207):   blink=0
02-14 14:12:51.649 D/KeyguardViewMediator(  207): setHidden false
02-14 14:12:51.659 W/System.err(  207): java.lang.Exception: ldr print trace
02-14 14:12:51.659 W/System.err(  207): 	at android.media.MediaPlayer.stop(MediaPlayer.java:1119)
02-14 14:12:51.659 W/System.err(  207): 	at com.android.server.NotificationPlayer$CmdThread.run(NotificationPlayer.java:179)
02-14 14:12:51.659 D/MediaPlayer(  207): stop state 128
02-14 14:12:51.659 D/AudioTrack(  121): stop 0x644d0
02-14 14:12:51.659 D/AudioFlinger(  121): remove track (4098) and delete from mixer
02-14 14:12:51.659 I/AudioService(  207):  AudioFocus  abandonAudioFocus() from android.media.AudioManager@406f5bd8
02-14 14:12:51.679 D/KeyguardViewMediator(  207): setHidden false
02-14 14:12:51.709 D/KeyguardViewMediator(  207): setHidden false
02-14 14:12:51.719 D/KeyguardViewMediator(  207): setHidden false
02-14 14:12:51.739 D/KeyguardViewMediator(  207): setHidden false
02-14 14:12:51.739 D/KeyguardViewMediator(  207): setHidden false
02-14 14:12:51.749 D/KeyguardViewMediator(  207): setHidden false
02-14 14:12:51.759 D/KeyguardViewMediator(  207): setHidden false
02-14 14:12:51.759 D/KeyguardViewMediator(  207): setHidden false
02-14 14:12:51.789 D/KeyguardViewMediator(  207): setHidden false
