02-14 14:11:29.219 D/Bitmap  (  618):       com.sprint.zone.data.DbAdapter.getPageContent(DbAdapter.java:1242)
02-14 14:11:29.219 D/Bitmap  (  618):       com.sprint.zone.data.DbAdapter.loadGlobalContent(DbAdapter.java:1447)
02-14 14:11:29.219 D/Bitmap  (  618):       com.sprint.zone.UpdateService.publishGlobalContent(UpdateService.java:168)
02-14 14:11:29.219 D/Bitmap  (  618):       com.sprint.zone.UpdateService.onHandleIntent(UpdateService.java:222)
02-14 14:11:29.219 D/Bitmap  (  618):       android.app.IntentService$ServiceHandler.handleMessage(IntentService.java:59)
02-14 14:11:29.229 D/Bitmap  (  618):       android.os.Handler.dispatchMessage(Handler.java:99)
02-14 14:11:29.229 D/Bitmap  (  618):       android.os.Looper.loop(Looper.java:130)
02-14 14:11:29.229 D/Bitmap  (  618):       android.os.HandlerThread.run(HandlerThread.java:60)
02-14 14:11:29.229 D/Bitmap  (  618): _
02-14 14:11:29.229 D/Bitmap  (  618): Detect unrecycled bitmap.
02-14 14:11:29.229 D/Bitmap  (  618):       Size: 1048576 Bytes, Width: 512 , Height: 512 , Hash code: 1079237632
02-14 14:11:29.229 D/Bitmap  (  618):  This bimap was created in:
02-14 14:11:29.229 D/Bitmap  (  618):       android.graphics.Bitmap.<init>(Bitmap.java:136)
02-14 14:11:29.229 D/Bitmap  (  618):       android.graphics.BitmapFactory.nativeDecodeByteArray(Native Method)
02-14 14:11:29.229 D/Bitmap  (  618):       android.graphics.BitmapFactory.decodeByteArray(BitmapFactory.java:405)
02-14 14:11:29.229 D/Bitmap  (  618):       android.graphics.BitmapFactory.decodeByteArray(BitmapFactory.java:418)
02-14 14:11:29.229 D/Bitmap  (  618):       com.sprint.zone.data.DbAdapter.cursorToFeature(DbAdapter.java:1305)
02-14 14:11:29.229 D/Bitmap  (  618):       com.sprint.zone.data.DbAdapter.getPageContent(DbAdapter.java:1242)
02-14 14:11:29.229 D/Bitmap  (  618):       com.sprint.zone.data.DbAdapter.loadGlobalContent(DbAdapter.java:1447)
02-14 14:11:29.229 D/Bitmap  (  618):       com.sprint.zone.UpdateService.publishGlobalContent(UpdateService.java:168)
02-14 14:11:29.229 D/Bitmap  (  618):       com.sprint.zone.UpdateService.onHandleIntent(UpdateService.java:222)
02-14 14:11:29.229 D/Bitmap  (  618):       android.app.IntentService$ServiceHandler.handleMessage(IntentService.java:59)
02-14 14:11:29.229 D/Bitmap  (  618):       android.os.Handler.dispatchMessage(Handler.java:99)
02-14 14:11:29.229 D/Bitmap  (  618):       android.os.Looper.loop(Looper.java:130)
02-14 14:11:29.229 D/Bitmap  (  618):       android.os.HandlerThread.run(HandlerThread.java:60)
02-14 14:11:29.229 D/Bitmap  (  618): _
02-14 14:11:29.229 D/Bitmap  (  618): Detect unrecycled bitmap.
02-14 14:11:29.229 D/Bitmap  (  618):       Size: 1048576 Bytes, Width: 512 , Height: 512 , Hash code: 1080453256
02-14 14:11:29.229 D/Bitmap  (  618):  This bimap was created in:
02-14 14:11:29.229 D/Bitmap  (  618):       android.graphics.Bitmap.<init>(Bitmap.java:136)
02-14 14:11:29.229 D/Bitmap  (  618):       android.graphics.BitmapFactory.nativeDecodeByteArray(Native Method)
02-14 14:11:29.229 D/Bitmap  (  618):       android.graphics.BitmapFactory.decodeByteArray(BitmapFactory.java:405)
02-14 14:11:29.229 D/Bitmap  (  618):       android.graphics.BitmapFactory.decodeByteArray(BitmapFactory.java:418)
02-14 14:11:29.229 D/Bitmap  (  618):       com.sprint.zone.data.DbAdapter.cursorToFeature(DbAdapter.java:1305)
02-14 14:11:29.229 D/Bitmap  (  618):       com.sprint.zone.data.DbAdapter.getPageContent(DbAdapter.java:1242)
02-14 14:11:29.229 D/Bitmap  (  618):       com.sprint.zone.data.DbAdapter.loadGlobalContent(DbAdapter.java:1447)
02-14 14:11:29.229 D/Bitmap  (  618):       com.sprint.zone.UpdateService.publishGlobalContent(UpdateService.java:168)
02-14 14:11:29.229 D/Bitmap  (  618):       com.sprint.zone.UpdateService.onHandleIntent(UpdateService.java:222)
02-14 14:11:29.229 D/Bitmap  (  618):       android.app.IntentService$ServiceHandler.handleMessage(IntentService.java:59)
02-14 14:11:29.229 D/Bitmap  (  618):       android.os.Handler.dispatchMessage(Handler.java:99)
02-14 14:11:29.229 D/Bitmap  (  618):       android.os.Looper.loop(Looper.java:130)
02-14 14:11:29.229 D/Bitmap  (  618):       android.os.HandlerThread.run(HandlerThread.java:60)
02-14 14:11:29.229 D/Bitmap  (  618): _
02-14 14:11:29.229 D/Bitmap  (  618): Detect unrecycled bitmap.
02-14 14:11:29.229 D/Bitmap  (  618):       Size: 48400 Bytes, Width: 110 , Height: 110 , Hash code: 1080586952
02-14 14:11:29.229 D/Bitmap  (  618):  This bimap was created in:
02-14 14:11:29.229 D/Bitmap  (  618):       android.graphics.Bitmap.<init>(Bitmap.java:136)
02-14 14:11:29.229 D/Bitmap  (  618):       android.graphics.BitmapFactory.nativeDecodeByteArray(Native Method)
02-14 14:11:29.229 D/Bitmap  (  618):       android.graphics.BitmapFactory.decodeByteArray(BitmapFactory.java:405)
02-14 14:11:29.229 D/Bitmap  (  618):       android.graphics.BitmapFactory.decodeByteArray(BitmapFactory.java:418)
02-14 14:11:29.229 D/Bitmap  (  618):       com.sprint.zone.data.DbAdapter.cursorToFeature(DbAdapter.java:1305)
02-14 14:11:29.229 D/Bitmap  (  618):       com.sprint.zone.data.DbAdapter.getPageContent(DbAdapter.java:1242)
02-14 14:11:29.229 D/Bitmap  (  618):       com.sprint.zone.data.DbAdapter.loadGlobalContent(DbAdapter.java:1447)
02-14 14:11:29.229 D/Bitmap  (  618):       com.sprint.zone.UpdateService.publishGlobalContent(UpdateService.java:168)
02-14 14:11:29.229 D/Bitmap  (  618):       com.sprint.zone.UpdateService.onHandleIntent(UpdateService.java:222)
02-14 14:11:29.229 D/Bitmap  (  618):       android.app.IntentService$ServiceHandler.handleMessage(IntentService.java:59)
02-14 14:11:29.229 D/Bitmap  (  618):       android.os.Handler.dispatchMessage(Handler.java:99)
02-14 14:11:29.229 D/Bitmap  (  618):       android.os.Looper.loop(Looper.java:130)
02-14 14:11:29.229 D/Bitmap  (  618):       android.os.HandlerThread.run(HandlerThread.java:60)
02-14 14:11:29.229 D/Bitmap  (  618): _
02-14 14:11:29.379 D/QC_NV_ITEMS(  618): QcNvItems instance created.
02-14 14:11:29.379 I/QC_RIL_OEM_HOOK(  618): QcRilOemHook Service Created Successfully
02-14 14:11:29.379 E/QC_NV_ITEMS(  618): ### getMipDataProfile, slot = 1
02-14 14:11:29.379 D/QC_NV_ITEMS(  618): ### doNvRead(465, 1)
02-14 14:11:29.379 D/QC_RIL_OEM_HOOK(  618): sendRilOemHookMsg: itemIdTemp-47
02-14 14:11:29.389 D/QC_NV_ITEMS(  618): Received(465,1): 011f7a7465746573746163636f756e7432323140737072696e747063732e636f6d000000000000000000000000000000000000000000000000000000000000000000000000000000000001d204000001d20400000100000000ffffffff4c591c44
02-14 14:11:29.389 D/QC_NV_ITEMS(  618): 011f7a7465746573746163636f756e7432323140737072696e747063732e636f6d000000000000000000000000000000000000000000000000000000000000000000000000000000000001d204000001d20400000100000000ffffffff4c591c44
02-14 14:11:29.389 E/QmiItemTypes(  618):  index= 1
02-14 14:11:29.389 E/QmiItemTypes(  618):  nai len= 31
02-14 14:11:29.389 E/QmiItemTypes(  618):  nai str= ztetestaccount221@sprintpcs.com
02-14 14:11:29.389 E/QmiItemTypes(  618):  mMnHaSpiSet= true
02-14 14:11:29.389 E/QmiItemTypes(  618):  mMnHaSpi= 1234
02-14 14:11:29.389 E/QmiItemTypes(  618):  mMnAaaSpiSet= true
02-14 14:11:29.389 E/QmiItemTypes(  618):  mMnAaaSpi= 1234
02-14 14:11:29.389 E/QmiItemTypes(  618):  mRvsTnl= true
02-14 14:11:29.389 E/QmiItemTypes(  618):  home_addr= 0.0.0.0
02-14 14:11:29.389 E/QmiItemTypes(  618):  primary_ha_addr= 255.255.255.255
02-14 14:11:29.389 E/QmiItemTypes(  618):  secondary_ha_addr= 68.28.89.76
02-14 14:11:29.729 I/dun_service(  129): The value returned from dun_getusbmodemstate_fromsys is 2 
02-14 14:11:29.759 D/KeyguardUpdateMonitor(  207): received broadcast android.intent.action.BATTERY_CHANGED
02-14 14:11:29.759 D/KeyguardUpdateMonitor(  207): handleBatteryUpdate
02-14 14:11:29.959 I/MobileZone_Updater(  618): schedule: interval=86400000, now=1329250289959, last_update_ms=0, next_run=1329250409959
02-14 14:11:29.959 I/MobileZone_Updater(  618): scheduled the updater for every 1440 mins.
02-14 14:11:29.959 I/MobileZone_Updater(  618): skipping (same or newer version installed): com.sprint.zone;versionCode(installed)=300026;versionCode(new)=3008
02-14 14:11:29.959 I/MobileZone_Updater(  618): No updates available
02-14 14:11:29.969 I/MobileZone_Updater(  618): schedule: interval=86400000, now=1329250289978, last_update_ms=1329250289969, next_run=1329336689969
02-14 14:11:29.969 I/MobileZone_Updater(  618): scheduled the updater for every 1440 mins.
02-14 14:11:30.990 D/PowerManagerService(  207): setPowerState: mPowerState=0x3 newState=0x1 noChangeLights=false reason=3
02-14 14:11:31.781 D/PowerManagerService(  207): setPowerState: mPowerState=0x1 newState=0x3 noChangeLights=false reason=2
02-14 14:11:31.801 D/Mms:app ( 1070): mCmasCursor.getCount() =0
02-14 14:11:31.801 D/Mms:app ( 1070): in updateCmasNotifications--unreadCMASCursor.getCount() <= 0
02-14 14:11:31.831 I/Mms:app ( 1070): pengzhe updateDownloadFailedNotification getDownloadFailedMessageCount =0
02-14 14:11:31.951 D/KeyguardViewMediator(  207): setHidden false
02-14 14:11:31.961 D/KeyguardViewMediator(  207): setHidden false
02-14 14:11:31.971 D/KeyguardViewMediator(  207): setHidden false
02-14 14:11:31.971 D/KeyguardViewMediator(  207): setHidden false
02-14 14:11:31.991 D/KeyguardViewMediator(  207): setHidden false
02-14 14:11:32.001 D/KeyguardViewMediator(  207): setHidden false
02-14 14:11:32.021 D/KeyguardViewMediator(  207): setHidden false
02-14 14:11:32.031 D/KeyguardViewMediator(  207): setHidden false
02-14 14:11:32.051 D/KeyguardViewMediator(  207): setHidden false
02-14 14:11:32.071 D/KeyguardViewMediator(  207): setHidden false
02-14 14:11:32.081 D/KeyguardViewMediator(  207): setHidden false
02-14 14:11:32.101 D/KeyguardViewMediator(  207): setHidden false
02-14 14:11:32.111 D/KeyguardViewMediator(  207): setHidden false
02-14 14:11:32.131 D/KeyguardViewMediator(  207): setHidden false
02-14 14:11:32.151 D/KeyguardViewMediator(  207): setHidden false
02-14 14:11:32.161 D/KeyguardViewMediator(  207): setHidden false
02-14 14:11:32.182 D/KeyguardViewMediator(  207): setHidden false
02-14 14:11:32.192 D/KeyguardViewMediator(  207): setHidden false
02-14 14:11:32.212 D/KeyguardViewMediator(  207): setHidden false
02-14 14:11:32.232 D/KeyguardViewMediator(  207): setHidden false
02-14 14:11:32.242 D/KeyguardViewMediator(  207): setHidden false
02-14 14:11:32.262 D/KeyguardViewMediator(  207): setHidden false
02-14 14:11:32.272 D/KeyguardViewMediator(  207): setHidden false
02-14 14:11:32.292 D/KeyguardViewMediator(  207): setHidden false
02-14 14:11:32.312 D/KeyguardViewMediator(  207): setHidden false
02-14 14:11:32.322 D/KeyguardViewMediator(  207): setHidden false
02-14 14:11:32.342 D/KeyguardViewMediator(  207): setHidden false
02-14 14:11:32.352 D/KeyguardViewMediator(  207): setHidden false
02-14 14:11:32.372 D/KeyguardViewMediator(  207): setHidden false
02-14 14:11:32.372 D/KeyguardViewMediator(  207): setHidden false
02-14 14:11:32.382 D/KeyguardViewMediator(  207): setHidden false
02-14 14:11:32.392 D/TextView( 1070): Bug test dmz  setTextZTE Linkify.addLinksZTE is called  
02-14 14:11:32.412 D/KeyguardViewMediator(  207): setHidden false
02-14 14:11:32.432 D/TextView( 1070): Bug test dmz  setTextZTE Linkify.addLinksZTE is called  
02-14 14:11:32.442 D/KeyguardViewMediator(  207): setHidden false
02-14 14:11:32.542 D/KeyguardViewMediator(  207): setHidden false
02-14 14:11:32.552 D/KeyguardViewMediator(  207): setHidden false
02-14 14:11:32.572 D/KeyguardViewMediator(  207): setHidden false
02-14 14:11:32.582 D/KeyguardViewMediator(  207): setHidden false
02-14 14:11:32.602 D/KeyguardViewMediator(  207): setHidden false
02-14 14:11:32.622 D/KeyguardViewMediator(  207): setHidden false
02-14 14:11:32.632 D/KeyguardViewMediator(  207): setHidden false
02-14 14:11:32.652 D/KeyguardViewMediator(  207): setHidden false
02-14 14:11:32.662 D/KeyguardViewMediator(  207): setHidden false
02-14 14:11:32.682 D/KeyguardViewMediator(  207): setHidden false
02-14 14:11:32.702 D/KeyguardViewMediator(  207): setHidden false
02-14 14:11:32.712 D/KeyguardViewMediator(  207): setHidden false
02-14 14:11:33.683 D/KeyguardViewMediator(  207): setHidden false
02-14 14:11:33.713 D/KeyguardViewMediator(  207): setHidden false
02-14 14:11:33.723 D/KeyguardViewMediator(  207): setHidden false
02-14 14:11:34.093 I/Mms/compose( 1070): SLIDESHOW updateSendButtonState enable = true
02-14 14:11:34.093 I/Mms/compose( 1070): SLIDESHOW setSendButtonText isMms = false
02-14 14:11:34.093 I/Mms/compose( 1070): SLIDESHOW setSendButtonText isMms = false
02-14 14:11:34.123 D/KeyguardViewMediator(  207): setHidden false
02-14 14:11:34.143 D/KeyguardViewMediator(  207): setHidden false
02-14 14:11:34.163 I/Mms/compose( 1070): SLIDESHOW updateSendButtonState enable = true
02-14 14:11:34.163 D/KeyguardViewMediator(  207): setHidden false
02-14 14:11:34.163 I/Mms/compose( 1070): SLIDESHOW setSendButtonText isMms = false
02-14 14:11:34.163 I/Mms/compose( 1070): SLIDESHOW setSendButtonText isMms = false
02-14 14:11:34.173 D/KeyguardViewMediator(  207): setHidden false
02-14 14:11:34.183 D/KeyguardViewMediator(  207): setHidden false
02-14 14:11:34.193 D/KeyguardViewMediator(  207): setHidden false
02-14 14:11:34.203 D/KeyguardViewMediator(  207): setHidden false
02-14 14:11:34.223 D/KeyguardViewMediator(  207): setHidden false
02-14 14:11:34.244 D/KeyguardViewMediator(  207): setHidden false
02-14 14:11:34.254 D/KeyguardViewMediator(  207): setHidden false
02-14 14:11:34.274 D/KeyguardViewMediator(  207): setHidden false
02-14 14:11:34.274 D/KeyguardViewMediator(  207): setHidden false
02-14 14:11:34.284 D/QC_NV_ITEMS(  618): QcNvItems instance created.
02-14 14:11:34.284 I/QC_RIL_OEM_HOOK(  618): QcRilOemHook Service Created Successfully
02-14 14:11:34.284 E/QC_NV_ITEMS(  618): ### getMipDataProfile, slot = 1
02-14 14:11:34.284 D/QC_NV_ITEMS(  618): ### doNvRead(465, 1)
02-14 14:11:34.284 D/QC_RIL_OEM_HOOK(  618): sendRilOemHookMsg: itemIdTemp-47
02-14 14:11:34.284 D/KeyguardViewMediator(  207): setHidden false
02-14 14:11:34.294 D/QC_NV_ITEMS(  618): Received(465,1): 011f7a7465746573746163636f756e7432323140737072696e747063732e636f6d000000000000000000000000000000000000000000000000000000000000000000000000000000000001d204000001d20400000100000000ffffffff4c591c44
02-14 14:11:34.294 D/QC_NV_ITEMS(  618): 011f7a7465746573746163636f756e7432323140737072696e747063732e636f6d000000000000000000000000000000000000000000000000000000000000000000000000000000000001d204000001d20400000100000000ffffffff4c591c44
02-14 14:11:34.294 E/QmiItemTypes(  618):  index= 1
02-14 14:11:34.294 E/QmiItemTypes(  618):  nai len= 31
02-14 14:11:34.304 E/QmiItemTypes(  618):  nai str= ztetestaccount221@sprintpcs.com
02-14 14:11:34.304 E/QmiItemTypes(  618):  mMnHaSpiSet= true
02-14 14:11:34.304 E/QmiItemTypes(  618):  mMnHaSpi= 1234
02-14 14:11:34.304 E/QmiItemTypes(  618):  mMnAaaSpiSet= true
02-14 14:11:34.304 E/QmiItemTypes(  618):  mMnAaaSpi= 1234
02-14 14:11:34.304 E/QmiItemTypes(  618):  mRvsTnl= true
02-14 14:11:34.304 E/QmiItemTypes(  618):  home_addr= 0.0.0.0
02-14 14:11:34.304 E/QmiItemTypes(  618):  primary_ha_addr= 255.255.255.255
02-14 14:11:34.304 E/QmiItemTypes(  618):  secondary_ha_addr= 68.28.89.76
02-14 14:11:34.304 D/KeyguardViewMediator(  207): setHidden false
02-14 14:11:34.324 D/KeyguardViewMediator(  207): setHidden false
02-14 14:11:34.334 D/KeyguardViewMediator(  207): setHidden false
02-14 14:11:34.354 D/KeyguardViewMediator(  207): setHidden false
02-14 14:11:34.364 D/KeyguardViewMediator(  207): setHidden false
02-14 14:11:34.374 D/KeyguardViewMediator(  207): setHidden false
02-14 14:11:34.384 D/KeyguardViewMediator(  207): setHidden false
02-14 14:11:34.394 D/KeyguardViewMediator(  207): setHidden false
02-14 14:11:34.414 D/KeyguardViewMediator(  207): setHidden false
02-14 14:11:34.434 D/KeyguardViewMediator(  207): setHidden false
02-14 14:11:34.444 D/KeyguardViewMediator(  207): setHidden false
02-14 14:11:34.454 D/KeyguardViewMediator(  207): setHidden false
02-14 14:11:34.484 I/Mms/compose( 1070): SLIDESHOW updateSendButtonState enable = true
02-14 14:11:34.484 I/Mms/compose( 1070): SLIDESHOW setSendButtonText isMms = false
02-14 14:11:34.484 I/Mms/compose( 1070): SLIDESHOW setSendButtonText isMms = false
02-14 14:11:34.504 D/KeyguardViewMediator(  207): setHidden false
02-14 14:11:34.514 D/KeyguardViewMediator(  207): setHidden false
02-14 14:11:34.544 D/KeyguardViewMediator(  207): setHidden false
02-14 14:11:34.554 D/KeyguardViewMediator(  207): setHidden false
02-14 14:11:34.574 D/KeyguardViewMediator(  207): setHidden false
02-14 14:11:34.584 D/KeyguardViewMediator(  207): setHidden false
02-14 14:11:34.594 D/KeyguardViewMediator(  207): setHidden false
02-14 14:11:34.604 D/KeyguardViewMediator(  207): setHidden false
02-14 14:11:34.894 D/KeyguardViewMediator(  207): setHidden false
02-14 14:11:34.914 D/KeyguardViewMediator(  207): setHidden false
02-14 14:11:34.934 D/KeyguardViewMediator(  207): setHidden false
02-14 14:11:35.004 I/Mms/compose( 1070): SLIDESHOW updateSendButtonState enable = true
02-14 14:11:35.004 I/Mms/compose( 1070): SLIDESHOW setSendButtonText isMms = false
02-14 14:11:35.004 I/Mms/compose( 1070): SLIDESHOW setSendButtonText isMms = false
02-14 14:11:35.014 I/Mms/compose( 1070): SLIDESHOW updateSendButtonState enable = true
02-14 14:11:35.014 I/Mms/compose( 1070): SLIDESHOW setSendButtonText isMms = false
02-14 14:11:35.014 I/Mms/compose( 1070): SLIDESHOW setSendButtonText isMms = false
02-14 14:11:35.034 D/KeyguardViewMediator(  207): setHidden false
02-14 14:11:35.054 D/KeyguardViewMediator(  207): setHidden false
02-14 14:11:35.074 D/KeyguardViewMediator(  207): setHidden false
02-14 14:11:35.094 D/KeyguardViewMediator(  207): setHidden false
02-14 14:11:35.104 D/KeyguardViewMediator(  207): setHidden false
02-14 14:11:35.124 D/KeyguardViewMediator(  207): setHidden false
02-14 14:11:35.144 D/KeyguardViewMediator(  207): setHidden false
02-14 14:11:35.144 D/KeyguardViewMediator(  207): setHidden false
02-14 14:11:35.204 D/KeyguardViewMediator(  207): setHidden false
02-14 14:11:35.204 D/KeyguardViewMediator(  207): setHidden false
02-14 14:11:35.224 D/KeyguardViewMediator(  207): setHidden false
02-14 14:11:35.295 I/Mms/compose( 1070): SLIDESHOW updateSendButtonState enable = true
02-14 14:11:35.295 I/Mms/compose( 1070): SLIDESHOW setSendButtonText isMms = false
02-14 14:11:35.305 I/Mms/compose( 1070): SLIDESHOW setSendButtonText isMms = false
02-14 14:11:35.315 D/KeyguardViewMediator(  207): setHidden false
02-14 14:11:35.335 D/KeyguardViewMediator(  207): setHidden false
02-14 14:11:35.355 D/KeyguardViewMediator(  207): setHidden false
02-14 14:11:35.365 D/KeyguardViewMediator(  207): setHidden false
02-14 14:11:35.385 D/KeyguardViewMediator(  207): setHidden false
02-14 14:11:35.395 D/KeyguardViewMediator(  207): setHidden false
02-14 14:11:35.415 D/KeyguardViewMediator(  207): setHidden false
02-14 14:11:35.415 D/KeyguardViewMediator(  207): setHidden false
02-14 14:11:35.425 D/KeyguardViewMediator(  207): setHidden false
02-14 14:11:35.445 D/KeyguardViewMediator(  207): setHidden false
02-14 14:11:35.485 I/Mms/compose( 1070): SLIDESHOW updateSendButtonState enable = true
02-14 14:11:35.495 I/Mms/compose( 1070): SLIDESHOW setSendButtonText isMms = false
02-14 14:11:35.495 I/Mms/compose( 1070): SLIDESHOW setSendButtonText isMms = false
02-14 14:11:35.505 D/KeyguardViewMediator(  207): setHidden false
02-14 14:11:35.525 D/KeyguardViewMediator(  207): setHidden false
02-14 14:11:35.535 D/KeyguardViewMediator(  207): setHidden false
02-14 14:11:35.565 D/KeyguardViewMediator(  207): setHidden false
02-14 14:11:35.575 D/KeyguardViewMediator(  207): setHidden false
02-14 14:11:35.595 D/KeyguardViewMediator(  207): setHidden false
02-14 14:11:35.605 D/KeyguardViewMediator(  207): setHidden false
02-14 14:11:35.615 D/KeyguardViewMediator(  207): setHidden false
02-14 14:11:35.655 D/KeyguardViewMediator(  207): setHidden false
02-14 14:11:35.675 D/KeyguardViewMediator(  207): setHidden false
02-14 14:11:35.695 D/KeyguardViewMediator(  207): setHidden false
02-14 14:11:35.765 I/Mms/compose( 1070): SLIDESHOW updateSendButtonState enable = true
02-14 14:11:35.765 I/Mms/compose( 1070): SLIDESHOW setSendButtonText isMms = false
02-14 14:11:35.765 I/Mms/compose( 1070): SLIDESHOW setSendButtonText isMms = false
02-14 14:11:35.785 D/KeyguardViewMediator(  207): setHidden false
02-14 14:11:35.805 D/KeyguardViewMediator(  207): setHidden false
02-14 14:11:35.815 D/KeyguardViewMediator(  207): setHidden false
02-14 14:11:35.835 D/KeyguardViewMediator(  207): setHidden false
02-14 14:11:35.845 D/KeyguardViewMediator(  207): setHidden false
02-14 14:11:35.875 D/KeyguardViewMediator(  207): setHidden false
02-14 14:11:35.885 D/KeyguardViewMediator(  207): setHidden false
02-14 14:11:35.885 D/KeyguardViewMediator(  207): setHidden false
02-14 14:11:35.895 D/KeyguardViewMediator(  207): setHidden false
02-14 14:11:35.915 D/KeyguardViewMediator(  207): setHidden false
02-14 14:11:36.065 D/KeyguardViewMediator(  207): setHidden false
02-14 14:11:36.085 D/KeyguardViewMediator(  207): setHidden false
02-14 14:11:36.095 D/KeyguardViewMediator(  207): setHidden false
02-14 14:11:36.115 D/KeyguardViewMediator(  207): setHidden false
02-14 14:11:36.135 D/KeyguardViewMediator(  207): setHidden false
02-14 14:11:36.145 D/KeyguardViewMediator(  207): setHidden false
02-14 14:11:36.165 D/KeyguardViewMediator(  207): setHidden false
02-14 14:11:36.165 D/KeyguardViewMediator(  207): setHidden false
02-14 14:11:36.566 D/KeyguardViewMediator(  207): setHidden false
02-14 14:11:36.576 D/KeyguardViewMediator(  207): setHidden false
02-14 14:11:36.586 D/KeyguardViewMediator(  207): setHidden false
02-14 14:11:36.616 I/Mms/compose( 1070): SLIDESHOW updateSendButtonState enable = true
02-14 14:11:36.616 I/Mms/compose( 1070): SLIDESHOW setSendButtonText isMms = false
02-14 14:11:36.616 I/Mms/compose( 1070): SLIDESHOW setSendButtonText isMms = false
02-14 14:11:36.626 D/KeyguardViewMediator(  207): setHidden false
02-14 14:11:36.636 D/KeyguardViewMediator(  207): setHidden false
02-14 14:11:36.656 D/KeyguardViewMediator(  207): setHidden false
02-14 14:11:36.666 D/KeyguardViewMediator(  207): setHidden false
02-14 14:11:36.676 D/KeyguardViewMediator(  207): setHidden false
02-14 14:11:36.676 D/KeyguardViewMediator(  207): setHidden false
02-14 14:11:36.686 D/KeyguardViewMediator(  207): setHidden false
02-14 14:11:36.706 D/KeyguardViewMediator(  207): setHidden false
02-14 14:11:36.726 D/KeyguardViewMediator(  207): setHidden false
02-14 14:11:36.726 D/KeyguardViewMediator(  207): setHidden false
02-14 14:11:36.776 D/KeyguardViewMediator(  207): setHidden false
02-14 14:11:36.786 D/KeyguardViewMediator(  207): setHidden false
02-14 14:11:36.806 D/KeyguardViewMediator(  207): setHidden false
02-14 14:11:36.826 D/KeyguardViewMediator(  207): setHidden false
02-14 14:11:36.836 D/KeyguardViewMediator(  207): setHidden false
02-14 14:11:36.856 D/KeyguardViewMediator(  207): setHidden false
02-14 14:11:36.876 D/KeyguardViewMediator(  207): setHidden false
02-14 14:11:36.876 D/KeyguardViewMediator(  207): setHidden false
02-14 14:11:37.206 D/KeyguardViewMediator(  207): setHidden false
02-14 14:11:37.216 D/KeyguardViewMediator(  207): setHidden false
02-14 14:11:37.226 D/KeyguardViewMediator(  207): setHidden false
02-14 14:11:37.307 I/Mms/compose( 1070): SLIDESHOW updateSendButtonState enable = true
02-14 14:11:37.307 I/Mms/compose( 1070): SLIDESHOW setSendButtonText isMms = false
02-14 14:11:37.307 I/Mms/compose( 1070): SLIDESHOW setSendButtonText isMms = false
02-14 14:11:37.327 D/KeyguardViewMediator(  207): setHidden false
02-14 14:11:37.337 D/KeyguardViewMediator(  207): setHidden false
02-14 14:11:37.357 D/KeyguardViewMediator(  207): setHidden false
02-14 14:11:37.377 D/KeyguardViewMediator(  207): setHidden false
02-14 14:11:37.387 D/KeyguardViewMediator(  207): setHidden false
02-14 14:11:37.407 D/KeyguardViewMediator(  207): setHidden false
02-14 14:11:37.417 D/KeyguardViewMediator(  207): setHidden false
02-14 14:11:37.427 D/KeyguardViewMediator(  207): setHidden false
02-14 14:11:37.517 D/KeyguardViewMediator(  207): setHidden false
02-14 14:11:37.537 D/KeyguardViewMediator(  207): setHidden false
02-14 14:11:37.547 D/KeyguardViewMediator(  207): setHidden false
02-14 14:11:37.607 I/wpa_supplicant(  312): State: INACTIVE -> SCANNING
02-14 14:11:37.607 I/wpa_supplicant(  312): CTRL-EVENT-STATE-CHANGE id=-1 state=2 BSSID=00:00:00:00:00:00
02-14 14:11:37.607 D/NetworkStateTracker(  207): setDetailed state, old =IDLE and new state=SCANNING
02-14 14:11:37.647 I/Mms/compose( 1070): SLIDESHOW updateSendButtonState enable = true
02-14 14:11:37.647 I/Mms/compose( 1070): SLIDESHOW setSendButtonText isMms = false
02-14 14:11:37.647 I/Mms/compose( 1070): SLIDESHOW setSendButtonText isMms = false
02-14 14:11:37.657 I/Mms/compose( 1070): SLIDESHOW updateSendButtonState enable = true
02-14 14:11:37.657 I/Mms/compose( 1070): SLIDESHOW setSendButtonText isMms = false
02-14 14:11:37.657 I/Mms/compose( 1070): SLIDESHOW setSendButtonText isMms = false
02-14 14:11:37.677 D/KeyguardViewMediator(  207): setHidden false
02-14 14:11:37.687 D/KeyguardViewMediator(  207): setHidden false
02-14 14:11:37.707 D/KeyguardViewMediator(  207): setHidden false
02-14 14:11:37.727 D/KeyguardViewMediator(  207): setHidden false
02-14 14:11:37.737 D/KeyguardViewMediator(  207): setHidden false
02-14 14:11:37.757 D/KeyguardViewMediator(  207): setHidden false
02-14 14:11:37.777 D/KeyguardViewMediator(  207): setHidden false
02-14 14:11:37.777 D/KeyguardViewMediator(  207): setHidden false
02-14 14:11:37.967 D/KeyguardViewMediator(  207): setHidden false
02-14 14:11:37.987 D/KeyguardViewMediator(  207): setHidden false
02-14 14:11:37.997 D/KeyguardViewMediator(  207): setHidden false
02-14 14:11:38.087 I/Mms/compose( 1070): SLIDESHOW updateSendButtonState enable = true
02-14 14:11:38.087 I/Mms/compose( 1070): SLIDESHOW setSendButtonText isMms = false
02-14 14:11:38.087 I/Mms/compose( 1070): SLIDESHOW setSendButtonText isMms = false
02-14 14:11:38.097 D/KeyguardViewMediator(  207): setHidden false
02-14 14:11:38.107 D/KeyguardViewMediator(  207): setHidden false
02-14 14:11:38.127 D/KeyguardViewMediator(  207): setHidden false
02-14 14:11:38.137 D/KeyguardViewMediator(  207): setHidden false
02-14 14:11:38.147 D/KeyguardViewMediator(  207): setHidden false
02-14 14:11:38.147 D/KeyguardViewMediator(  207): setHidden false
02-14 14:11:38.157 D/KeyguardViewMediator(  207): setHidden false
02-14 14:11:38.177 D/KeyguardViewMediator(  207): setHidden false
02-14 14:11:38.197 D/KeyguardViewMediator(  207): setHidden false
02-14 14:11:38.197 D/KeyguardViewMediator(  207): setHidden false
02-14 14:11:38.257 I/Mms/compose( 1070): SLIDESHOW updateSendButtonState enable = true
02-14 14:11:38.257 I/Mms/compose( 1070): SLIDESHOW setSendButtonText isMms = false
02-14 14:11:38.257 I/Mms/compose( 1070): SLIDESHOW setSendButtonText isMms = false
02-14 14:11:38.277 D/KeyguardViewMediator(  207): setHidden false
02-14 14:11:38.287 D/KeyguardViewMediator(  207): setHidden false
02-14 14:11:38.307 D/KeyguardViewMediator(  207): setHidden false
02-14 14:11:38.327 D/KeyguardViewMediator(  207): setHidden false
02-14 14:11:38.338 D/KeyguardViewMediator(  207): setHidden false
02-14 14:11:38.358 D/KeyguardViewMediator(  207): setHidden false
02-14 14:11:38.368 D/KeyguardViewMediator(  207): setHidden false
02-14 14:11:38.378 D/KeyguardViewMediator(  207): setHidden false
02-14 14:11:38.418 D/KeyguardViewMediator(  207): setHidden false
02-14 14:11:38.448 D/KeyguardViewMediator(  207): setHidden false
02-14 14:11:38.458 D/KeyguardViewMediator(  207): setHidden false
02-14 14:11:38.518 I/Mms/compose( 1070): SLIDESHOW updateSendButtonState enable = true
02-14 14:11:38.518 I/Mms/compose( 1070): SLIDESHOW setSendButtonText isMms = false
02-14 14:11:38.528 I/Mms/compose( 1070): SLIDESHOW setSendButtonText isMms = false
02-14 14:11:38.538 D/KeyguardViewMediator(  207): setHidden false
02-14 14:11:38.558 D/KeyguardViewMediator(  207): setHidden false
02-14 14:11:38.558 I/wpa_supplicant(  312): State: SCANNING -> INACTIVE
02-14 14:11:38.558 I/wpa_supplicant(  312): CTRL-EVENT-STATE-CHANGE id=-1 state=1 BSSID=00:00:00:00:00:00
02-14 14:11:38.568 I/dun_service(  129): process rmnet event
02-14 14:11:38.568 I/dun_service(  129): Post event 4
02-14 14:11:38.568 I/dun_service(  129): received event: DUN_EVENT_RMNET_UP 
02-14 14:11:38.568 I/dun_service(  129): received event(DUN_EVENT_RMNET_UP) in state(DUN_STATE_USB_UNPLUG)
02-14 14:11:38.568 I/dun_service(  129): Ignoring the event DUN_EVENT_RMNET_UP in USB_UNPLUG_STATE
02-14 14:11:38.568 I/dun_service(  129): Moved to state(DUN_STATE_USB_UNPLUG)
02-14 14:11:38.568 D/NetworkStateTracker(  207): setDetailed state, old =SCANNING and new state=IDLE
02-14 14:11:38.568 D/WifiStateTracker(  207): setNotificationVisible() visible=false mNotificationShown=false force=false return.
02-14 14:11:38.578 D/KeyguardViewMediator(  207): setHidden false
02-14 14:11:38.588 D/KeyguardViewMediator(  207): setHidden false
02-14 14:11:38.608 D/KeyguardViewMediator(  207): setHidden false
02-14 14:11:38.628 D/KeyguardViewMediator(  207): setHidden false
02-14 14:11:38.648 D/KeyguardViewMediator(  207): setHidden false
02-14 14:11:38.648 D/KeyguardViewMediator(  207): setHidden false
02-14 14:11:38.648 D/KeyguardViewMediator(  207): setHidden false
02-14 14:11:38.668 D/KeyguardViewMediator(  207): setHidden false
02-14 14:11:38.678 D/KeyguardViewMediator(  207): setHidden false
02-14 14:11:38.708 I/Mms/compose( 1070): SLIDESHOW updateSendButtonState enable = true
02-14 14:11:38.708 I/Mms/compose( 1070): SLIDESHOW setSendButtonText isMms = false
02-14 14:11:38.708 I/Mms/compose( 1070): SLIDESHOW setSendButtonText isMms = false
02-14 14:11:38.718 I/Mms/compose( 1070): SLIDESHOW updateSendButtonState enable = true
02-14 14:11:38.718 I/Mms/compose( 1070): SLIDESHOW setSendButtonText isMms = false
02-14 14:11:38.728 I/Mms/compose( 1070): SLIDESHOW setSendButtonText isMms = false
02-14 14:11:38.738 D/KeyguardViewMediator(  207): setHidden false
02-14 14:11:38.758 D/KeyguardViewMediator(  207): setHidden false
02-14 14:11:38.778 D/KeyguardViewMediator(  207): setHidden false
02-14 14:11:38.788 D/KeyguardViewMediator(  207): setHidden false
02-14 14:11:38.808 D/KeyguardViewMediator(  207): setHidden false
02-14 14:11:38.818 D/KeyguardViewMediator(  207): setHidden false
02-14 14:11:38.838 D/KeyguardViewMediator(  207): setHidden false
02-14 14:11:38.838 D/KeyguardViewMediator(  207): setHidden false
02-14 14:11:38.988 D/KeyguardViewMediator(  207): setHidden false
02-14 14:11:39.008 D/KeyguardViewMediator(  207): setHidden false
02-14 14:11:39.018 D/KeyguardViewMediator(  207): setHidden false
02-14 14:11:39.088 I/Mms/compose( 1070): SLIDESHOW updateSendButtonState enable = true
02-14 14:11:39.088 I/Mms/compose( 1070): SLIDESHOW setSendButtonText isMms = false
02-14 14:11:39.088 I/Mms/compose( 1070): SLIDESHOW setSendButtonText isMms = false
02-14 14:11:39.108 D/KeyguardViewMediator(  207): setHidden false
02-14 14:11:39.128 D/KeyguardViewMediator(  207): setHidden false
02-14 14:11:39.148 D/KeyguardViewMediator(  207): setHidden false
02-14 14:11:39.158 D/KeyguardViewMediator(  207): setHidden false
02-14 14:11:39.168 D/KeyguardViewMediator(  207): setHidden false
02-14 14:11:39.178 D/KeyguardViewMediator(  207): setHidden false
02-14 14:11:39.198 D/KeyguardViewMediator(  207): setHidden false
02-14 14:11:39.198 D/KeyguardViewMediator(  207): setHidden false
02-14 14:11:39.268 I/Mms/compose( 1070): SLIDESHOW updateSendButtonState enable = true
02-14 14:11:39.268 I/Mms/compose( 1070): SLIDESHOW setSendButtonText isMms = false
02-14 14:11:39.268 I/Mms/compose( 1070): SLIDESHOW setSendButtonText isMms = false
02-14 14:11:39.288 D/KeyguardViewMediator(  207): setHidden false
02-14 14:11:39.298 D/KeyguardViewMediator(  207): setHidden false
02-14 14:11:39.308 D/KeyguardViewMediator(  207): setHidden false
02-14 14:11:39.328 D/KeyguardViewMediator(  207): setHidden false
02-14 14:11:39.328 D/KeyguardViewMediator(  207): setHidden false
02-14 14:11:39.338 D/KeyguardViewMediator(  207): setHidden false
02-14 14:11:39.359 D/KeyguardViewMediator(  207): setHidden false
02-14 14:11:39.369 D/KeyguardViewMediator(  207): setHidden false
02-14 14:11:39.379 D/KeyguardViewMediator(  207): setHidden false
02-14 14:11:39.409 I/Mms/compose( 1070): SLIDESHOW updateSendButtonState enable = true
02-14 14:11:39.409 I/Mms/compose( 1070): SLIDESHOW setSendButtonText isMms = false
02-14 14:11:39.409 I/Mms/compose( 1070): SLIDESHOW setSendButtonText isMms = false
02-14 14:11:39.429 D/KeyguardViewMediator(  207): setHidden false
02-14 14:11:39.439 D/KeyguardViewMediator(  207): setHidden false
02-14 14:11:39.459 D/KeyguardViewMediator(  207): setHidden false
02-14 14:11:39.469 D/KeyguardViewMediator(  207): setHidden false
02-14 14:11:39.489 D/KeyguardViewMediator(  207): setHidden false
02-14 14:11:39.509 D/KeyguardViewMediator(  207): setHidden false
02-14 14:11:39.519 D/KeyguardViewMediator(  207): setHidden false
02-14 14:11:39.529 D/KeyguardViewMediator(  207): setHidden false
02-14 14:11:39.649 D/KeyguardViewMediator(  207): setHidden false
02-14 14:11:39.669 D/KeyguardViewMediator(  207): setHidden false
02-14 14:11:39.679 D/KeyguardViewMediator(  207): setHidden false
02-14 14:11:39.749 I/Mms/compose( 1070): SLIDESHOW updateSendButtonState enable = true
02-14 14:11:39.749 I/Mms/compose( 1070): SLIDESHOW setSendButtonText isMms = false
02-14 14:11:39.759 I/Mms/compose( 1070): SLIDESHOW setSendButtonText isMms = false
02-14 14:11:39.769 I/Mms/compose( 1070): SLIDESHOW updateSendButtonState enable = true
02-14 14:11:39.769 I/Mms/compose( 1070): SLIDESHOW setSendButtonText isMms = false
02-14 14:11:39.769 I/Mms/compose( 1070): SLIDESHOW setSendButtonText isMms = false
02-14 14:11:39.789 D/KeyguardViewMediator(  207): setHidden false
02-14 14:11:39.799 D/KeyguardViewMediator(  207): setHidden false
02-14 14:11:39.819 D/KeyguardViewMediator(  207): setHidden false
02-14 14:11:39.829 D/KeyguardViewMediator(  207): setHidden false
02-14 14:11:39.849 D/KeyguardViewMediator(  207): setHidden false
02-14 14:11:39.859 D/KeyguardViewMediator(  207): setHidden false
02-14 14:11:39.879 D/KeyguardViewMediator(  207): setHidden false
02-14 14:11:39.889 D/KeyguardViewMediator(  207): setHidden false
02-14 14:11:39.899 D/KeyguardViewMediator(  207): setHidden false
02-14 14:11:39.909 D/KeyguardViewMediator(  207): setHidden false
02-14 14:11:39.929 D/KeyguardViewMediator(  207): setHidden false
02-14 14:11:40.019 I/Mms/compose( 1070): SLIDESHOW updateSendButtonState enable = true
02-14 14:11:40.019 I/Mms/compose( 1070): SLIDESHOW setSendButtonText isMms = false
02-14 14:11:40.019 I/Mms/compose( 1070): SLIDESHOW setSendButtonText isMms = false
02-14 14:11:40.039 D/KeyguardViewMediator(  207): setHidden false
02-14 14:11:40.049 D/KeyguardViewMediator(  207): setHidden false
02-14 14:11:40.059 D/KeyguardViewMediator(  207): setHidden false
02-14 14:11:40.069 D/KeyguardViewMediator(  207): setHidden false
02-14 14:11:40.079 D/KeyguardViewMediator(  207): setHidden false
02-14 14:11:40.089 D/KeyguardViewMediator(  207): setHidden false
02-14 14:11:40.099 D/KeyguardViewMediator(  207): setHidden false
02-14 14:11:40.119 D/KeyguardViewMediator(  207): setHidden false
02-14 14:11:40.139 D/KeyguardViewMediator(  207): setHidden false
02-14 14:11:40.139 D/KeyguardViewMediator(  207): setHidden false
02-14 14:11:40.169 I/Mms/compose( 1070): SLIDESHOW updateSendButtonState enable = true
02-14 14:11:40.169 I/Mms/compose( 1070): SLIDESHOW setSendButtonText isMms = false
02-14 14:11:40.169 I/Mms/compose( 1070): SLIDESHOW setSendButtonText isMms = false
02-14 14:11:40.189 D/KeyguardViewMediator(  207): setHidden false
02-14 14:11:40.199 D/KeyguardViewMediator(  207): setHidden false
02-14 14:11:40.219 D/KeyguardViewMediator(  207): setHidden false
02-14 14:11:40.239 D/KeyguardViewMediator(  207): setHidden false
02-14 14:11:40.249 D/KeyguardViewMediator(  207): setHidden false
02-14 14:11:40.269 D/KeyguardViewMediator(  207): setHidden false
02-14 14:11:40.279 D/KeyguardViewMediator(  207): setHidden false
02-14 14:11:40.289 D/KeyguardViewMediator(  207): setHidden false
02-14 14:11:40.299 D/KeyguardViewMediator(  207): setHidden false
02-14 14:11:40.309 D/KeyguardViewMediator(  207): setHidden false
02-14 14:11:40.329 D/KeyguardViewMediator(  207): setHidden false
02-14 14:11:40.380 I/Mms/compose( 1070): SLIDESHOW updateSendButtonState enable = true
02-14 14:11:40.380 I/Mms/compose( 1070): SLIDESHOW setSendButtonText isMms = false
02-14 14:11:40.380 I/Mms/compose( 1070): SLIDESHOW setSendButtonText isMms = false
02-14 14:11:40.400 D/KeyguardViewMediator(  207): setHidden false
02-14 14:11:40.410 D/KeyguardViewMediator(  207): setHidden false
02-14 14:11:40.430 D/KeyguardViewMediator(  207): setHidden false
02-14 14:11:40.450 D/KeyguardViewMediator(  207): setHidden false
02-14 14:11:40.460 D/KeyguardViewMediator(  207): setHidden false
02-14 14:11:40.480 D/KeyguardViewMediator(  207): setHidden false
02-14 14:11:40.500 D/KeyguardViewMediator(  207): setHidden false
02-14 14:11:40.510 D/KeyguardViewMediator(  207): setHidden false
02-14 14:11:40.510 D/KeyguardViewMediator(  207): setHidden false
02-14 14:11:40.520 D/KeyguardViewMediator(  207): setHidden false
02-14 14:11:40.540 D/KeyguardViewMediator(  207): setHidden false
02-14 14:11:40.580 I/Mms/compose( 1070): SLIDESHOW updateSendButtonState enable = true
02-14 14:11:40.580 I/Mms/compose( 1070): SLIDESHOW setSendButtonText isMms = false
02-14 14:11:40.590 I/Mms/compose( 1070): SLIDESHOW setSendButtonText isMms = false
02-14 14:11:40.600 D/KeyguardViewMediator(  207): setHidden false
02-14 14:11:40.620 D/KeyguardViewMediator(  207): setHidden false
02-14 14:11:40.640 D/KeyguardViewMediator(  207): setHidden false
02-14 14:11:40.650 D/KeyguardViewMediator(  207): setHidden false
02-14 14:11:40.670 D/KeyguardViewMediator(  207): setHidden false
02-14 14:11:40.680 D/KeyguardViewMediator(  207): setHidden false
02-14 14:11:40.700 D/KeyguardViewMediator(  207): setHidden false
02-14 14:11:40.700 D/KeyguardViewMediator(  207): setHidden false
02-14 14:11:40.730 D/KeyguardViewMediator(  207): setHidden false
02-14 14:11:40.740 D/KeyguardViewMediator(  207): setHidden false
02-14 14:11:40.750 D/KeyguardViewMediator(  207): setHidden false
02-14 14:11:40.820 I/Mms/compose( 1070): SLIDESHOW updateSendButtonState enable = true
02-14 14:11:40.820 I/Mms/compose( 1070): SLIDESHOW setSendButtonText isMms = false
02-14 14:11:40.820 I/Mms/compose( 1070): SLIDESHOW setSendButtonText isMms = false
02-14 14:11:40.830 I/Mms/compose( 1070): SLIDESHOW updateSendButtonState enable = true
02-14 14:11:40.830 I/Mms/compose( 1070): SLIDESHOW setSendButtonText isMms = false
02-14 14:11:40.840 I/Mms/compose( 1070): SLIDESHOW setSendButtonText isMms = false
02-14 14:11:40.860 D/KeyguardViewMediator(  207): setHidden false
02-14 14:11:40.870 D/KeyguardViewMediator(  207): setHidden false
02-14 14:11:40.890 D/KeyguardViewMediator(  207): setHidden false
02-14 14:11:40.910 D/KeyguardViewMediator(  207): setHidden false
02-14 14:11:40.920 D/KeyguardViewMediator(  207): setHidden false
02-14 14:11:40.930 D/KeyguardViewMediator(  207): setHidden false
02-14 14:11:40.930 D/KeyguardViewMediator(  207): setHidden false
02-14 14:11:40.940 D/KeyguardViewMediator(  207): setHidden false
02-14 14:11:40.950 D/KeyguardViewMediator(  207): setHidden false
02-14 14:11:41.010 I/Mms/compose( 1070): SLIDESHOW updateSendButtonState enable = true
02-14 14:11:41.010 I/Mms/compose( 1070): SLIDESHOW setSendButtonText isMms = false
02-14 14:11:41.010 I/Mms/compose( 1070): SLIDESHOW setSendButtonText isMms = false
02-14 14:11:41.030 D/KeyguardViewMediator(  207): setHidden false
02-14 14:11:41.040 D/KeyguardViewMediator(  207): setHidden false
02-14 14:11:41.060 D/KeyguardViewMediator(  207): setHidden false
02-14 14:11:41.080 D/KeyguardViewMediator(  207): setHidden false
02-14 14:11:41.090 D/KeyguardViewMediator(  207): setHidden false
02-14 14:11:41.090 D/KeyguardViewMediator(  207): setHidden false
02-14 14:11:41.100 D/KeyguardViewMediator(  207): setHidden false
02-14 14:11:41.130 D/KeyguardViewMediator(  207): setHidden false
02-14 14:11:41.130 D/KeyguardViewMediator(  207): setHidden false
02-14 14:11:41.160 I/Mms/compose( 1070): SLIDESHOW updateSendButtonState enable = true
02-14 14:11:41.160 I/Mms/compose( 1070): SLIDESHOW setSendButtonText isMms = false
02-14 14:11:41.160 I/Mms/compose( 1070): SLIDESHOW setSendButtonText isMms = false
02-14 14:11:41.190 D/KeyguardViewMediator(  207): setHidden false
02-14 14:11:41.200 D/KeyguardViewMediator(  207): setHidden false
02-14 14:11:41.220 D/KeyguardViewMediator(  207): setHidden false
02-14 14:11:41.240 D/KeyguardViewMediator(  207): setHidden false
02-14 14:11:41.250 D/KeyguardViewMediator(  207): setHidden false
02-14 14:11:41.260 D/KeyguardViewMediator(  207): setHidden false
02-14 14:11:41.270 D/KeyguardViewMediator(  207): setHidden false
02-14 14:11:41.270 D/KeyguardViewMediator(  207): setHidden false
02-14 14:11:41.280 D/KeyguardViewMediator(  207): setHidden false
02-14 14:11:41.340 I/Mms/compose( 1070): SLIDESHOW updateSendButtonState enable = true
02-14 14:11:41.340 I/Mms/compose( 1070): SLIDESHOW setSendButtonText isMms = false
02-14 14:11:41.340 I/Mms/compose( 1070): SLIDESHOW setSendButtonText isMms = false
02-14 14:11:41.350 D/KeyguardViewMediator(  207): setHidden false
02-14 14:11:41.360 D/KeyguardViewMediator(  207): setHidden false
02-14 14:11:41.380 D/KeyguardViewMediator(  207): setHidden false
02-14 14:11:41.400 D/KeyguardViewMediator(  207): setHidden false
02-14 14:11:41.400 D/KeyguardViewMediator(  207): setHidden false
02-14 14:11:41.421 D/KeyguardViewMediator(  207): setHidden false
02-14 14:11:41.431 D/KeyguardViewMediator(  207): setHidden false
02-14 14:11:41.441 D/KeyguardViewMediator(  207): setHidden false
02-14 14:11:41.451 D/KeyguardViewMediator(  207): setHidden false
02-14 14:11:41.531 I/Mms/compose( 1070): SLIDESHOW updateSendButtonState enable = true
02-14 14:11:41.531 I/Mms/compose( 1070): SLIDESHOW setSendButtonText isMms = false
02-14 14:11:41.551 I/Mms/compose( 1070): SLIDESHOW setSendButtonText isMms = false
02-14 14:11:41.551 D/KeyguardViewMediator(  207): setHidden false
02-14 14:11:41.601 D/KeyguardViewMediator(  207): setHidden false
02-14 14:11:41.601 D/KeyguardViewMediator(  207): setHidden false
02-14 14:11:41.621 D/KeyguardViewMediator(  207): setHidden false
02-14 14:11:41.631 D/KeyguardViewMediator(  207): setHidden false
02-14 14:11:41.651 D/KeyguardViewMediator(  207): setHidden false
02-14 14:11:41.721 D/KeyguardViewMediator(  207): setHidden false
02-14 14:11:41.741 D/Bitmap  (  618): Detect unrecycled bitmap.
02-14 14:11:41.741 D/Bitmap  (  618):       Size: 168100 Bytes, Width: 205 , Height: 205 , Hash code: 1079681312
02-14 14:11:41.741 D/Bitmap  (  618):  This bimap was created in:
02-14 14:11:41.741 D/Bitmap  (  618):       android.graphics.Bitmap.<init>(Bitmap.java:136)
02-14 14:11:41.741 D/Bitmap  (  618):       android.graphics.BitmapFactory.nativeDecodeStream(Native Method)
02-14 14:11:41.741 D/Bitmap  (  618):       android.graphics.BitmapFactory.decodeStream(BitmapFactory.java:470)
02-14 14:11:41.741 D/Bitmap  (  618):       android.graphics.BitmapFactory.decodeStream(BitmapFactory.java:525)
02-14 14:11:41.741 D/Bitmap  (  618):       com.sprint.zone.http.HttpClient.getPhotoBitmap(HttpClient.java:177)
02-14 14:11:41.741 D/Bitmap  (  618):       com.sprint.zone.UpdateService.updateContent(UpdateService.java:870)
02-14 14:11:41.741 D/Bitmap  (  618):       com.sprint.zone.UpdateService.performUpdate(UpdateService.java:337)
02-14 14:11:41.741 D/Bitmap  (  618):       com.sprint.zone.UpdateService.onHandleIntent(UpdateService.java:219)
02-14 14:11:41.741 D/Bitmap  (  618):       android.app.IntentService$ServiceHandler.handleMessage(IntentService.java:59)
02-14 14:11:41.741 D/Bitmap  (  618):       android.os.Handler.dispatchMessage(Handler.java:99)
02-14 14:11:41.741 D/Bitmap  (  618):       android.os.Looper.loop(Looper.java:130)
02-14 14:11:41.741 D/Bitmap  (  618):       android.os.HandlerThread.run(HandlerThread.java:60)
02-14 14:11:41.741 D/Bitmap  (  618): _
02-14 14:11:41.741 D/Bitmap  (  618): Detect unrecycled bitmap.
02-14 14:11:41.741 D/Bitmap  (  618):       Size: 47432 Bytes, Width: 154 , Height: 154 , Hash code: 1080304112
02-14 14:11:41.741 D/Bitmap  (  618):  This bimap was created in:
02-14 14:11:41.741 D/Bitmap  (  618):       android.graphics.Bitmap.<init>(Bitmap.java:136)
02-14 14:11:41.741 D/Bitmap  (  618):       android.graphics.BitmapFactory.nativeDecodeByteArray(Native Method)
02-14 14:11:41.741 D/Bitmap  (  618):       android.graphics.BitmapFactory.decodeByteArray(BitmapFactory.java:405)
02-14 14:11:41.741 D/Bitmap  (  618):       android.graphics.BitmapFactory.decodeByteArray(BitmapFactory.java:418)
02-14 14:11:41.741 D/Bitmap  (  618):       com.sprint.zone.data.DbAdapter.cursorToFeature(DbAdapter.java:1305)
02-14 14:11:41.741 D/Bitmap  (  618):       com.sprint.zone.data.DbAdapter.getFeatureItems(DbAdapter.java:1121)
02-14 14:11:41.741 D/Bitmap  (  618):       com.sprint.zone.UpdateService.updateContent(UpdateService.java:861)
02-14 14:11:41.741 D/Bitmap  (  618):       com.sprint.zone.UpdateService.performUpdate(UpdateService.java:337)
02-14 14:11:41.741 D/Bitmap  (  618):       com.sprint.zone.UpdateService.onHandleIntent(UpdateService.java:219)
02-14 14:11:41.741 D/Bitmap  (  618):       android.app.IntentService$ServiceHandler.handleMessage(IntentService.java:59)
02-14 14:11:41.741 D/Bitmap  (  618):       android.os.Handler.dispatchMessage(Handler.java:99)
02-14 14:11:41.741 D/Bitmap  (  618):       android.os.Looper.loop(Looper.java:130)
02-14 14:11:41.741 D/Bitmap  (  618):       android.os.HandlerThread.run(HandlerThread.java:60)
02-14 14:11:41.741 D/Bitmap  (  618): _
02-14 14:11:41.741 D/Bitmap  (  618): Detect unrecycled bitmap.
02-14 14:11:41.741 D/Bitmap  (  618):       Size: 181476 Bytes, Width: 213 , Height: 213 , Hash code: 1079284840
02-14 14:11:41.741 D/Bitmap  (  618):  This bimap was created in:
02-14 14:11:41.741 D/Bitmap  (  618):       android.graphics.Bitmap.<init>(Bitmap.java:136)
02-14 14:11:41.741 D/Bitmap  (  618):       android.graphics.BitmapFactory.nativeDecodeByteArray(Native Method)
02-14 14:11:41.741 D/Bitmap  (  618):       android.graphics.BitmapFactory.decodeByteArray(BitmapFactory.java:405)
02-14 14:11:41.741 D/Bitmap  (  618):       android.graphics.BitmapFactory.decodeByteArray(BitmapFactory.java:418)
02-14 14:11:41.741 D/Bitmap  (  618):       com.sprint.zone.data.DbAdapter.cursorToFeature(DbAdapter.java:1305)
02-14 14:11:41.741 D/Bitmap  (  618):       com.sprint.zone.data.DbAdapter.getFeatureItems(DbAdapter.java:1121)
02-14 14:11:41.741 D/Bitmap  (  618):       com.sprint.zone.UpdateService.updateContent(UpdateService.java:861)
02-14 14:11:41.741 D/Bitmap  (  618):       com.sprint.zone.UpdateService.performUpdate(UpdateService.java:337)
02-14 14:11:41.741 D/Bitmap  (  618):       com.sprint.zone.UpdateService.onHandleIntent(UpdateService.java:219)
02-14 14:11:41.741 D/Bitmap  (  618):       android.app.IntentService$ServiceHandler.handleMessage(IntentService.java:59)
02-14 14:11:41.741 D/Bitmap  (  618):       android.os.Handler.dispatchMessage(Handler.java:99)
02-14 14:11:41.741 D/Bitmap  (  618):       android.os.Looper.loop(Looper.java:130)
02-14 14:11:41.741 D/Bitmap  (  618):       android.os.HandlerThread.run(HandlerThread.java:60)
02-14 14:11:41.741 D/Bitmap  (  618): _
02-14 14:11:41.741 D/Bitmap  (  618): Detect unrecycled bitmap.
02-14 14:11:41.741 D/Bitmap  (  618):       Size: 262144 Bytes, Width: 256 , Height: 256 , Hash code: 1079445416
02-14 14:11:41.741 D/Bitmap  (  618):  This bimap was created in:
02-14 14:11:41.741 D/Bitmap  (  618):       android.graphics.Bitmap.<init>(Bitmap.java:136)
02-14 14:11:41.741 D/Bitmap  (  618):       android.graphics.BitmapFactory.nativeDecodeByteArray(Native Method)
02-14 14:11:41.741 D/Bitmap  (  618):       android.graphics.BitmapFactory.decodeByteArray(BitmapFactory.java:405)
02-14 14:11:41.741 D/Bitmap  (  618):       android.graphics.BitmapFactory.decodeByteArray(BitmapFactory.java:418)
02-14 14:11:41.741 D/Bitmap  (  618):       com.sprint.zone.data.DbAdapter.cursorToFeature(DbAdapter.java:1305)
02-14 14:11:41.741 D/Bitmap  (  618):       com.sprint.zone.data.DbAdapter.getFeatureItems(DbAdapter.java:1121)
02-14 14:11:41.741 D/Bitmap  (  618):       com.sprint.zone.UpdateService.updateContent(UpdateService.java:861)
02-14 14:11:41.741 D/Bitmap  (  618):       com.sprint.zone.UpdateService.performUpdate(UpdateService.java:337)
02-14 14:11:41.741 D/Bitmap  (  618):       com.sprint.zone.UpdateService.onHandleIntent(UpdateService.java:219)
02-14 14:11:41.741 D/Bitmap  (  618):       android.app.IntentService$ServiceHandler.handleMessage(IntentService.java:59)
02-14 14:11:41.741 D/Bitmap  (  618):       android.os.Handler.dispatchMessage(Handler.java:99)
02-14 14:11:41.741 D/Bitmap  (  618):       android.os.Looper.loop(Looper.java:130)
02-14 14:11:41.741 D/Bitmap  (  618):       android.os.HandlerThread.run(HandlerThread.java:60)
02-14 14:11:41.741 D/Bitmap  (  618): _
02-14 14:11:41.741 D/Bitmap  (  618): Detect unrecycled bitmap.
02-14 14:11:41.741 D/Bitmap  (  618):       Size: 47432 Bytes, Width: 154 , Height: 154 , Hash code: 1079256552
02-14 14:11:41.741 D/Bitmap  (  618):  This bimap was created in:
02-14 14:11:41.741 D/Bitmap  (  618):       android.graphics.Bitmap.<init>(Bitmap.java:136)
