02-14 14:13:28.165 D/MobileDataStateTracker(  207): [hipri]  MobileDataStateReceiver onReceive(): Entry.
02-14 14:13:28.165 D/MobileDataStateTracker(  207): [hipri]  intent.getAction()= android.intent.action.SERVICE_STATE
02-14 14:13:28.165 D/MobileDataStateTracker(  207): [hipri]  mEnabled = false
02-14 14:13:28.165 D/MobileDataStateTracker(  207): [dun]  MobileDataStateReceiver onReceive(): Entry.
02-14 14:13:28.165 D/MobileDataStateTracker(  207): [dun]  intent.getAction()= android.intent.action.SERVICE_STATE
02-14 14:13:28.165 D/MobileDataStateTracker(  207): [dun]  mEnabled = false
02-14 14:13:28.165 D/Mms     ( 1070): currentRoamingStatus:1
02-14 14:13:28.175 D/MobileDataStateTracker(  207): [supl]  MobileDataStateReceiver onReceive(): Entry.
02-14 14:13:28.175 D/MobileDataStateTracker(  207): [supl]  intent.getAction()= android.intent.action.SERVICE_STATE
02-14 14:13:28.175 D/MobileDataStateTracker(  207): [supl]  mEnabled = false
02-14 14:13:28.175 D/MobileDataStateTracker(  207): [mms]  MobileDataStateReceiver onReceive(): Entry.
02-14 14:13:28.175 D/MobileDataStateTracker(  207): [mms]  intent.getAction()= android.intent.action.SERVICE_STATE
02-14 14:13:28.175 D/MobileDataStateTracker(  207): [mms]  mEnabled = false
02-14 14:13:28.175 D/MobileDataStateTracker(  207): [default]  MobileDataStateReceiver onReceive(): Entry.
02-14 14:13:28.175 D/MobileDataStateTracker(  207): [default]  intent.getAction()= android.intent.action.SERVICE_STATE
02-14 14:13:28.175 D/MobileDataStateTracker(  207): [default]  mEnabled = true
02-14 14:13:28.175 D/CallManager(  332):  handleMessage (EVENT_SERVICE_STATE_CHANGED)
02-14 14:13:28.175 E/BT HS/HF(  332): SERVICE_STATE_CHANGED called
02-14 14:13:28.175 E/BT HS/HF(  332): updateServiceState called, sendUpdate:false  ServiceState:0 home Sprint  310099  EvDo rev. A CSS not supported 41 4139RoamInd: 1RoamStatus(sprint): 1DefRoamInd: 160EmergOnly: false
02-14 14:13:28.175 E/BT HS/HF(  332): service:1 mService:1
02-14 14:13:28.185 D/DATA    (  332): [DSST(0)]  registrationState = 1  radioTechnology = 8 reasonForDenial = 0
02-14 14:13:28.185 D/DATA    (  332): [DSST(0)]  set mNewDataConnectionState = 0
02-14 14:13:28.185 D/DATA    (  332): [DSST(0)]  mNewDataConnectionState : 0  mDataConnectionState : 0
02-14 14:13:28.185 D/DATA    (  332): [DSST(0)] Poll ServiceState done: oldSS=[0 home null null null  EvDo rev. A CSS not supported -1 -1RoamInd: -1RoamStatus(sprint): -1DefRoamInd: -1EmergOnly: false] newSS=[0 home null null null  EvDo rev. A CSS not supported -1 -1RoamInd: -1RoamStatus(sprint): -1DefRoamInd: -1EmergOnly: false]
02-14 14:13:28.185 D/DATA    (  332): [DSST(0)]  mDataConnectionState = 0
02-14 14:13:29.516 I/wpa_supplicant(  312): State: INACTIVE -> SCANNING
02-14 14:13:29.516 I/wpa_supplicant(  312): CTRL-EVENT-STATE-CHANGE id=-1 state=2 BSSID=00:00:00:00:00:00
02-14 14:13:29.516 D/NetworkStateTracker(  207): setDetailed state, old =IDLE and new state=SCANNING
02-14 14:13:30.467 I/dun_service(  129): process rmnet event
02-14 14:13:30.467 I/dun_service(  129): Post event 4
02-14 14:13:30.467 I/dun_service(  129): received event: DUN_EVENT_RMNET_UP 
02-14 14:13:30.467 I/dun_service(  129): received event(DUN_EVENT_RMNET_UP) in state(DUN_STATE_USB_UNPLUG)
02-14 14:13:30.467 I/dun_service(  129): Ignoring the event DUN_EVENT_RMNET_UP in USB_UNPLUG_STATE
02-14 14:13:30.467 I/dun_service(  129): Moved to state(DUN_STATE_USB_UNPLUG)
02-14 14:13:30.477 I/wpa_supplicant(  312): State: SCANNING -> INACTIVE
02-14 14:13:30.477 I/wpa_supplicant(  312): CTRL-EVENT-STATE-CHANGE id=-1 state=1 BSSID=00:00:00:00:00:00
02-14 14:13:30.477 D/WifiStateTracker(  207): setNotificationVisible() visible=false mNotificationShown=false force=false return.
02-14 14:13:30.477 D/NetworkStateTracker(  207): setDetailed state, old =SCANNING and new state=IDLE
02-14 14:13:34.070 D/PowerManagerService(  207): setPowerState: mPowerState=0x3 newState=0x1 noChangeLights=false reason=3
02-14 14:13:34.671 D/DATA    (  332): [DSST(0)] pollstate() : reason = data network state changed
02-14 14:13:34.741 D/MobileDataStateTracker(  207): [hipri]  MobileDataStateReceiver onReceive(): Entry.
02-14 14:13:34.741 D/MobileDataStateTracker(  207): [hipri]  intent.getAction()= android.intent.action.SERVICE_STATE
02-14 14:13:34.741 D/MobileDataStateTracker(  207): [hipri]  mEnabled = false
02-14 14:13:34.751 D/MobileDataStateTracker(  207): [dun]  MobileDataStateReceiver onReceive(): Entry.
02-14 14:13:34.751 D/MobileDataStateTracker(  207): [dun]  intent.getAction()= android.intent.action.SERVICE_STATE
02-14 14:13:34.751 D/MobileDataStateTracker(  207): [dun]  mEnabled = false
02-14 14:13:34.751 D/Mms     ( 1070): currentRoamingStatus:1
02-14 14:13:34.751 D/MobileDataStateTracker(  207): [supl]  MobileDataStateReceiver onReceive(): Entry.
02-14 14:13:34.751 D/MobileDataStateTracker(  207): [supl]  intent.getAction()= android.intent.action.SERVICE_STATE
02-14 14:13:34.751 D/MobileDataStateTracker(  207): [supl]  mEnabled = false
02-14 14:13:34.751 D/MobileDataStateTracker(  207): [mms]  MobileDataStateReceiver onReceive(): Entry.
02-14 14:13:34.751 D/MobileDataStateTracker(  207): [mms]  intent.getAction()= android.intent.action.SERVICE_STATE
02-14 14:13:34.751 D/MobileDataStateTracker(  207): [mms]  mEnabled = false
02-14 14:13:34.751 D/MobileDataStateTracker(  207): [default]  MobileDataStateReceiver onReceive(): Entry.
02-14 14:13:34.751 D/MobileDataStateTracker(  207): [default]  intent.getAction()= android.intent.action.SERVICE_STATE
02-14 14:13:34.751 D/MobileDataStateTracker(  207): [default]  mEnabled = true
02-14 14:13:34.761 D/CallManager(  332):  handleMessage (EVENT_SERVICE_STATE_CHANGED)
02-14 14:13:34.761 E/BT HS/HF(  332): SERVICE_STATE_CHANGED called
02-14 14:13:34.761 E/BT HS/HF(  332): updateServiceState called, sendUpdate:false  ServiceState:0 home Sprint  310099  EvDo rev. A CSS not supported 41 4139RoamInd: 1RoamStatus(sprint): 1DefRoamInd: 160EmergOnly: false
02-14 14:13:34.761 E/BT HS/HF(  332): service:1 mService:1
02-14 14:13:34.761 D/DATA    (  332): [DSST(0)]  registrationState = 1  radioTechnology = 8 reasonForDenial = 0
02-14 14:13:34.761 D/DATA    (  332): [DSST(0)]  set mNewDataConnectionState = 0
02-14 14:13:34.761 D/DATA    (  332): [DSST(0)]  mNewDataConnectionState : 0  mDataConnectionState : 0
02-14 14:13:34.771 D/DATA    (  332): [DSST(0)] Poll ServiceState done: oldSS=[0 home null null null  EvDo rev. A CSS not supported -1 -1RoamInd: -1RoamStatus(sprint): -1DefRoamInd: -1EmergOnly: false] newSS=[0 home null null null  EvDo rev. A CSS not supported -1 -1RoamInd: -1RoamStatus(sprint): -1DefRoamInd: -1EmergOnly: false]
02-14 14:13:34.771 D/DATA    (  332): [DSST(0)]  mDataConnectionState = 0
02-14 14:13:38.665 D/PowerManagerService(  207): setPowerState: mPowerState=0x1 newState=0x3 noChangeLights=false reason=2
02-14 14:13:38.665 I/vDM     (  408): KeyCode = 3
02-14 14:13:38.665 I/vDM     (  408): Vdmc getInstance
02-14 14:13:38.665 I/vDM     (  408): Vdmc getInstance
02-14 14:13:38.665 D/DMC     (  408): MyCIMMI getInstance
02-14 14:13:38.665 I/vDM     (  408): Vdmc getInstance
02-14 14:13:38.795 D/Launcher(  419): Closing system Dialogs 
02-14 14:13:38.815 D/Mms     ( 1070): [39] markAsRead: update read/seen for thread uri: content://mms-sms/conversations/1
02-14 14:13:38.825 E/Database(  332): Error updating seen=1 read=1 using UPDATE threads SET seen=?, read=? WHERE _id=1
02-14 14:13:38.835 D/KeyguardViewMediator(  207): setHidden false
02-14 14:13:38.835 D/Launcher(  419): onNewIntent()android.intent.action.MAIN
02-14 14:13:38.835 D/Launcher(  419): Closing system Dialogs 
02-14 14:13:38.845 D/KeyguardViewMediator(  207): setHidden false
02-14 14:13:38.845 D/Warhol  (  419): A pack appears to be installed -- skipping Installer
02-14 14:13:38.845 I/hubo    (  207): Activity {com.android.launcher/com.android.launcher2.Launcher}
02-14 14:13:38.865 D/KeyguardViewMediator(  207): setHidden false
02-14 14:13:38.865 D/Mms:app ( 1070): mCmasCursor.getCount() =0
02-14 14:13:38.865 D/Mms:app ( 1070): in updateCmasNotifications--unreadCMASCursor.getCount() <= 0
02-14 14:13:38.905 I/vDM     (  408): KeyCode = 3
02-14 14:13:38.915 D/KeyguardViewMediator(  207): setHidden false
02-14 14:13:38.925 D/KeyguardViewMediator(  207): setHidden false
02-14 14:13:38.935 D/KeyguardViewMediator(  207): setHidden false
02-14 14:13:38.945 I/vDM     (  408): Vdmc getInstance
02-14 14:13:38.945 I/vDM     (  408): Vdmc getInstance
02-14 14:13:38.945 D/DMC     (  408): MyCIMMI getInstance
02-14 14:13:38.945 I/vDM     (  408): Vdmc getInstance
02-14 14:13:38.955 D/KeyguardViewMediator(  207): setHidden false
02-14 14:13:38.965 D/KeyguardViewMediator(  207): setHidden false
02-14 14:13:38.975 I/Mms:app ( 1070): pengzhe updateDownloadFailedNotification getDownloadFailedMessageCount =0
02-14 14:13:38.985 D/KeyguardViewMediator(  207): setHidden false
02-14 14:13:38.995 W/IInputConnectionWrapper( 1070): showStatusIcon on inactive InputConnection
02-14 14:13:38.995 D/KeyguardViewMediator(  207): setHidden false
02-14 14:13:39.005 D/KeyguardViewMediator(  207): setHidden false
02-14 14:13:39.015 D/MessageItem( 1070): MessageItem ,expiryDate = 0
02-14 14:13:39.015 D/KeyguardViewMediator(  207): setHidden false
02-14 14:13:39.015 D/TextView( 1070): Bug test dmz  setTextZTE Linkify.addLinksZTE is called  
02-14 14:13:39.025 D/MessageItem( 1070): MessageItem ,expiryDate = 0
02-14 14:13:39.035 D/TextView( 1070): Bug test dmz  setTextZTE Linkify.addLinksZTE is called  
02-14 14:13:39.035 D/KeyguardViewMediator(  207): setHidden false
02-14 14:13:39.045 D/KeyguardViewMediator(  207): setHidden false
02-14 14:13:39.075 D/KeyguardViewMediator(  207): setHidden false
02-14 14:13:39.085 D/KeyguardViewMediator(  207): setHidden false
02-14 14:13:39.105 D/KeyguardViewMediator(  207): setHidden false
02-14 14:13:39.115 D/KeyguardViewMediator(  207): setHidden false
02-14 14:13:39.135 D/KeyguardViewMediator(  207): setHidden false
02-14 14:13:39.155 D/KeyguardViewMediator(  207): setHidden false
02-14 14:13:39.165 D/KeyguardViewMediator(  207): setHidden false
02-14 14:13:39.185 D/KeyguardViewMediator(  207): setHidden false
02-14 14:13:39.205 D/KeyguardViewMediator(  207): setHidden false
02-14 14:13:39.215 D/KeyguardViewMediator(  207): setHidden false
02-14 14:13:39.235 D/KeyguardViewMediator(  207): setHidden false
02-14 14:13:39.255 D/KeyguardViewMediator(  207): setHidden false
02-14 14:13:39.366 I/vDM     (  408): KeyCode = 82
02-14 14:13:39.366 I/vDM     (  408): Vdmc getInstance
02-14 14:13:39.366 I/vDM     (  408): Vdmc getInstance
02-14 14:13:39.366 D/DMC     (  408): MyCIMMI getInstance
02-14 14:13:39.366 I/vDM     (  408): Vdmc getInstance
02-14 14:13:39.456 D/KeyguardViewMediator(  207): setHidden false
02-14 14:13:39.456 I/vDM     (  408): KeyCode = 82
02-14 14:13:39.476 D/KeyguardViewMediator(  207): setHidden false
02-14 14:13:39.476 D/KeyguardViewMediator(  207): setHidden false
02-14 14:13:39.476 I/vDM     (  408): Vdmc getInstance
02-14 14:13:39.476 I/vDM     (  408): Vdmc getInstance
02-14 14:13:39.476 D/DMC     (  408): MyCIMMI getInstance
02-14 14:13:39.476 I/vDM     (  408): Vdmc getInstance
02-14 14:13:39.486 D/KeyguardViewMediator(  207): setHidden false
02-14 14:13:39.506 D/KeyguardViewMediator(  207): setHidden false
02-14 14:13:39.516 D/KeyguardViewMediator(  207): setHidden false
02-14 14:13:39.546 D/KeyguardViewMediator(  207): setHidden false
02-14 14:13:39.556 D/KeyguardViewMediator(  207): setHidden false
02-14 14:13:39.576 D/KeyguardViewMediator(  207): setHidden false
02-14 14:13:39.586 D/KeyguardViewMediator(  207): setHidden false
02-14 14:13:39.606 D/KeyguardViewMediator(  207): setHidden false
02-14 14:13:39.616 D/KeyguardViewMediator(  207): setHidden false
02-14 14:13:39.636 D/KeyguardViewMediator(  207): setHidden false
02-14 14:13:39.656 D/KeyguardViewMediator(  207): setHidden false
02-14 14:13:39.776 D/DATA    (  332): [DSST(0)] pollstate() : reason = data network state changed
02-14 14:13:39.826 D/MobileDataStateTracker(  207): [hipri]  MobileDataStateReceiver onReceive(): Entry.
02-14 14:13:39.826 D/MobileDataStateTracker(  207): [hipri]  intent.getAction()= android.intent.action.SERVICE_STATE
02-14 14:13:39.826 D/MobileDataStateTracker(  207): [hipri]  mEnabled = false
02-14 14:13:39.826 D/MobileDataStateTracker(  207): [dun]  MobileDataStateReceiver onReceive(): Entry.
02-14 14:13:39.826 D/MobileDataStateTracker(  207): [dun]  intent.getAction()= android.intent.action.SERVICE_STATE
02-14 14:13:39.826 D/MobileDataStateTracker(  207): [dun]  mEnabled = false
02-14 14:13:39.836 D/MobileDataStateTracker(  207): [supl]  MobileDataStateReceiver onReceive(): Entry.
02-14 14:13:39.836 D/MobileDataStateTracker(  207): [supl]  intent.getAction()= android.intent.action.SERVICE_STATE
02-14 14:13:39.836 D/MobileDataStateTracker(  207): [supl]  mEnabled = false
02-14 14:13:39.836 D/MobileDataStateTracker(  207): [mms]  MobileDataStateReceiver onReceive(): Entry.
02-14 14:13:39.836 D/MobileDataStateTracker(  207): [mms]  intent.getAction()= android.intent.action.SERVICE_STATE
02-14 14:13:39.836 D/MobileDataStateTracker(  207): [mms]  mEnabled = false
02-14 14:13:39.836 D/MobileDataStateTracker(  207): [default]  MobileDataStateReceiver onReceive(): Entry.
02-14 14:13:39.836 D/MobileDataStateTracker(  207): [default]  intent.getAction()= android.intent.action.SERVICE_STATE
02-14 14:13:39.836 D/MobileDataStateTracker(  207): [default]  mEnabled = true
02-14 14:13:39.836 D/CallManager(  332):  handleMessage (EVENT_SERVICE_STATE_CHANGED)
02-14 14:13:39.836 E/BT HS/HF(  332): SERVICE_STATE_CHANGED called
02-14 14:13:39.836 E/BT HS/HF(  332): updateServiceState called, sendUpdate:false  ServiceState:0 home Sprint  310099  EvDo rev. A CSS not supported 41 4139RoamInd: 1RoamStatus(sprint): 1DefRoamInd: 160EmergOnly: false
02-14 14:13:39.836 E/BT HS/HF(  332): service:1 mService:1
02-14 14:13:39.846 D/DATA    (  332): [DSST(0)]  registrationState = 1  radioTechnology = 8 reasonForDenial = 0
02-14 14:13:39.846 D/DATA    (  332): [DSST(0)]  set mNewDataConnectionState = 0
02-14 14:13:39.846 D/DATA    (  332): [DSST(0)]  mNewDataConnectionState : 0  mDataConnectionState : 0
02-14 14:13:39.846 D/DATA    (  332): [DSST(0)] Poll ServiceState done: oldSS=[0 home null null null  EvDo rev. A CSS not supported -1 -1RoamInd: -1RoamStatus(sprint): -1DefRoamInd: -1EmergOnly: false] newSS=[0 home null null null  EvDo rev. A CSS not supported -1 -1RoamInd: -1RoamStatus(sprint): -1DefRoamInd: -1EmergOnly: false]
02-14 14:13:39.846 D/DATA    (  332): [DSST(0)]  mDataConnectionState = 0
02-14 14:13:39.856 D/Mms     ( 1070): currentRoamingStatus:1
02-14 14:13:40.186 D/KeyguardViewMediator(  207): setHidden false
02-14 14:13:40.186 D/Launcher(  419): onSaveInstanceState
02-14 14:13:40.186 D/Launcher(  419): Dissmis Preview for view :null ID:2131230735
02-14 14:13:40.186 D/Launcher(  419): Dissmis Preview for view :null ID:2131230736
02-14 14:13:40.186 D/Launcher(  419): Dissmis Preview for view :null ID:2131230739
02-14 14:13:40.186 D/Launcher(  419): Dissmis Preview for view :null ID:2131230741
02-14 14:13:40.196 D/KeyguardViewMediator(  207): setHidden false
02-14 14:13:40.196 D/KeyguardViewMediator(  207): setHidden false
02-14 14:13:40.206 D/KeyguardViewMediator(  207): setHidden false
02-14 14:13:40.216 D/KeyguardViewMediator(  207): setHidden false
02-14 14:13:40.216 I/hubo    (  207): Activity {com.android.settings/com.android.settings.Settings}
02-14 14:13:40.226 D/KeyguardViewMediator(  207): setHidden false
02-14 14:13:40.236 D/KeyguardViewMediator(  207): setHidden false
02-14 14:13:40.246 D/KeyguardViewMediator(  207): setHidden false
02-14 14:13:40.256 D/KeyguardViewMediator(  207): setHidden false
02-14 14:13:40.266 D/KeyguardViewMediator(  207): setHidden false
02-14 14:13:40.266 D/KeyguardViewMediator(  207): setHidden false
02-14 14:13:40.276 D/KeyguardViewMediator(  207): setHidden false
02-14 14:13:40.286 D/KeyguardViewMediator(  207): setHidden false
02-14 14:13:40.307 D/KeyguardViewMediator(  207): setHidden false
02-14 14:13:40.327 D/KeyguardViewMediator(  207): setHidden false
02-14 14:13:40.347 D/KeyguardViewMediator(  207): setHidden false
02-14 14:13:40.357 D/KeyguardViewMediator(  207): setHidden false
02-14 14:13:40.377 D/KeyguardViewMediator(  207): setHidden false
02-14 14:13:40.397 D/KeyguardViewMediator(  207): setHidden false
02-14 14:13:40.407 D/KeyguardViewMediator(  207): setHidden false
02-14 14:13:40.427 D/KeyguardViewMediator(  207): setHidden false
02-14 14:13:40.437 D/KeyguardViewMediator(  207): setHidden false
02-14 14:13:40.457 D/KeyguardViewMediator(  207): setHidden false
02-14 14:13:40.467 D/KeyguardViewMediator(  207): setHidden false
02-14 14:13:40.487 D/KeyguardViewMediator(  207): setHidden false
02-14 14:13:40.497 D/KeyguardViewMediator(  207): setHidden false
02-14 14:13:40.517 D/KeyguardViewMediator(  207): setHidden false
02-14 14:13:40.537 D/KeyguardViewMediator(  207): setHidden false
02-14 14:13:40.547 D/KeyguardViewMediator(  207): setHidden false
02-14 14:13:40.557 D/KeyguardViewMediator(  207): setHidden false
02-14 14:13:41.037 D/KeyguardViewMediator(  207): setHidden false
02-14 14:13:41.037 I/hubo    (  207): Activity {com.android.settings/com.android.settings.DisplaySettings}
02-14 14:13:41.047 D/DialogPreference(  650): mIsAdjustWindow : true
02-14 14:13:41.047 D/DialogPreference(  650): mIsAdjustWindow : true
02-14 14:13:41.047 D/DialogPreference(  650): mIsAdjustWindow : true
02-14 14:13:41.047 I/DisplaySettings(  650): onCreate mSupportMultiTouch=true
02-14 14:13:41.047 I/DisplaySettings(  650): onCreate mCalibration=Calibration Adjust the screen alignment
02-14 14:13:41.057 D/KeyguardViewMediator(  207): setHidden false
02-14 14:13:41.107 D/KeyguardViewMediator(  207): setHidden false
02-14 14:13:41.117 D/KeyguardViewMediator(  207): setHidden false
02-14 14:13:41.117 D/KeyguardViewMediator(  207): setHidden false
02-14 14:13:41.127 D/KeyguardViewMediator(  207): setHidden false
02-14 14:13:41.137 D/KeyguardViewMediator(  207): setHidden false
02-14 14:13:41.157 D/KeyguardViewMediator(  207): setHidden false
02-14 14:13:41.177 D/KeyguardViewMediator(  207): setHidden false
02-14 14:13:41.187 D/KeyguardViewMediator(  207): setHidden false
02-14 14:13:41.207 D/KeyguardViewMediator(  207): setHidden false
02-14 14:13:41.217 D/KeyguardViewMediator(  207): setHidden false
02-14 14:13:41.237 D/KeyguardViewMediator(  207): setHidden false
02-14 14:13:41.257 D/KeyguardViewMediator(  207): setHidden false
02-14 14:13:41.277 D/KeyguardViewMediator(  207): setHidden false
02-14 14:13:41.287 D/KeyguardViewMediator(  207): setHidden false
02-14 14:13:41.297 I/ActivityManager(  207): Displayed com.android.settings/.DisplaySettings: +266ms
02-14 14:13:41.307 D/KeyguardViewMediator(  207): setHidden false
02-14 14:13:43.550 D/KeyguardViewMediator(  207): setHidden false
02-14 14:13:43.570 D/KeyguardViewMediator(  207): setHidden false
02-14 14:13:43.590 D/KeyguardViewMediator(  207): setHidden false
02-14 14:13:43.590 D/KeyguardViewMediator(  207): setHidden false
02-14 14:13:43.600 D/KeyguardViewMediator(  207): setHidden false
02-14 14:13:43.600 D/KeyguardViewMediator(  207): setHidden false
02-14 14:13:43.620 D/KeyguardViewMediator(  207): setHidden false
02-14 14:13:43.630 D/KeyguardViewMediator(  207): setHidden false
02-14 14:13:43.650 D/KeyguardViewMediator(  207): setHidden false
02-14 14:13:43.670 D/KeyguardViewMediator(  207): setHidden false
02-14 14:13:43.680 D/KeyguardViewMediator(  207): setHidden false
02-14 14:13:43.700 D/KeyguardViewMediator(  207): setHidden false
02-14 14:13:43.710 D/KeyguardViewMediator(  207): setHidden false
02-14 14:13:43.730 I/dun_service(  129): The value returned from dun_getusbmodemstate_fromsys is 2 
02-14 14:13:43.740 D/KeyguardViewMediator(  207): setHidden false
02-14 14:13:43.740 D/KeyguardUpdateMonitor(  207): received broadcast android.intent.action.BATTERY_CHANGED
02-14 14:13:43.750 D/KeyguardUpdateMonitor(  207): handleBatteryUpdate
02-14 14:13:43.760 D/KeyguardViewMediator(  207): setHidden false
02-14 14:13:43.770 D/KeyguardViewMediator(  207): setHidden false
02-14 14:13:43.790 D/KeyguardViewMediator(  207): setHidden false
02-14 14:13:43.810 D/KeyguardViewMediator(  207): setHidden false
02-14 14:13:43.820 D/KeyguardViewMediator(  207): setHidden false
02-14 14:13:43.840 D/KeyguardViewMediator(  207): setHidden false
02-14 14:13:43.860 D/KeyguardViewMediator(  207): setHidden false
02-14 14:13:43.870 D/KeyguardViewMediator(  207): setHidden false
02-14 14:13:43.890 D/KeyguardViewMediator(  207): setHidden false
02-14 14:13:43.910 D/KeyguardViewMediator(  207): setHidden false
02-14 14:13:43.920 D/KeyguardViewMediator(  207): setHidden false
02-14 14:13:43.940 D/KeyguardViewMediator(  207): setHidden false
02-14 14:13:43.950 D/KeyguardViewMediator(  207): setHidden false
02-14 14:13:43.970 D/KeyguardViewMediator(  207): setHidden false
02-14 14:13:43.990 D/KeyguardViewMediator(  207): setHidden false
02-14 14:13:44.000 D/KeyguardViewMediator(  207): setHidden false
02-14 14:13:44.020 D/KeyguardViewMediator(  207): setHidden false
02-14 14:13:44.040 D/KeyguardViewMediator(  207): setHidden false
02-14 14:13:44.050 D/KeyguardViewMediator(  207): setHidden false
02-14 14:13:44.070 D/KeyguardViewMediator(  207): setHidden false
02-14 14:13:44.080 D/KeyguardViewMediator(  207): setHidden false
02-14 14:13:44.100 D/KeyguardViewMediator(  207): setHidden false
02-14 14:13:44.120 D/KeyguardViewMediator(  207): setHidden false
02-14 14:13:44.130 D/KeyguardViewMediator(  207): setHidden false
02-14 14:13:44.150 D/KeyguardViewMediator(  207): setHidden false
02-14 14:13:44.170 D/KeyguardViewMediator(  207): setHidden false
02-14 14:13:44.180 D/KeyguardViewMediator(  207): setHidden false
02-14 14:13:44.200 D/KeyguardViewMediator(  207): setHidden false
02-14 14:13:44.210 D/KeyguardViewMediator(  207): setHidden false
02-14 14:13:44.230 D/KeyguardViewMediator(  207): setHidden false
02-14 14:13:44.250 D/KeyguardViewMediator(  207): setHidden false
02-14 14:13:44.260 D/KeyguardViewMediator(  207): setHidden false
02-14 14:13:44.280 D/KeyguardViewMediator(  207): setHidden false
02-14 14:13:44.300 D/KeyguardViewMediator(  207): setHidden false
02-14 14:13:44.310 D/KeyguardViewMediator(  207): setHidden false
02-14 14:13:44.330 D/KeyguardViewMediator(  207): setHidden false
02-14 14:13:44.340 D/KeyguardViewMediator(  207): setHidden false
02-14 14:13:44.360 D/KeyguardViewMediator(  207): setHidden false
02-14 14:13:44.380 D/KeyguardViewMediator(  207): setHidden false
02-14 14:13:44.390 D/KeyguardViewMediator(  207): setHidden false
02-14 14:13:44.411 D/KeyguardViewMediator(  207): setHidden false
02-14 14:13:44.431 D/KeyguardViewMediator(  207): setHidden false
02-14 14:13:44.441 D/KeyguardViewMediator(  207): setHidden false
02-14 14:13:44.461 D/KeyguardViewMediator(  207): setHidden false
02-14 14:13:44.471 D/KeyguardViewMediator(  207): setHidden false
02-14 14:13:44.491 D/KeyguardViewMediator(  207): setHidden false
02-14 14:13:44.971 D/Bitmap  (  650): Detect unrecycled bitmap.
02-14 14:13:44.971 D/Bitmap  (  650):       Size: 74752 Bytes, Width: 292 , Height: 64 , Hash code: 1079720392
02-14 14:13:44.971 D/Bitmap  (  650):  This bimap was created in:
02-14 14:13:44.971 D/Bitmap  (  650):       android.graphics.Bitmap.<init>(Bitmap.java:136)
02-14 14:13:44.971 D/Bitmap  (  650):       android.graphics.Bitmap.nativeCreate(Native Method)
02-14 14:13:44.971 D/Bitmap  (  650):       android.graphics.Bitmap.createBitmap(Bitmap.java:547)
02-14 14:13:44.971 D/Bitmap  (  650):       android.view.View.buildDrawingCache(View.java:6577)
02-14 14:13:44.971 D/Bitmap  (  650):       android.view.View.getDrawingCache(View.java:6428)
02-14 14:13:44.971 D/Bitmap  (  650):       android.view.ViewGroup.drawChild(ViewGroup.java:1574)
02-14 14:13:44.971 D/Bitmap  (  650):       android.view.ViewGroup.dispatchDraw(ViewGroup.java:1376)
02-14 14:13:44.971 D/Bitmap  (  650):       android.widget.AbsListView.dispatchDraw(AbsListView.java:1480)
02-14 14:13:44.971 D/Bitmap  (  650):       android.widget.ListView.dispatchDraw(ListView.java:3138)
02-14 14:13:44.971 D/Bitmap  (  650):       android.view.View.draw(View.java:6986)
02-14 14:13:44.971 D/Bitmap  (  650):       android.widget.AbsListView.draw(AbsListView.java:2588)
02-14 14:13:44.971 D/Bitmap  (  650):       android.view.ViewGroup.drawChild(ViewGroup.java:1649)
02-14 14:13:44.971 D/Bitmap  (  650):       android.view.ViewGroup.dispatchDraw(ViewGroup.java:1376)
02-14 14:13:44.971 D/Bitmap  (  650):       android.view.View.draw(View.java:6883)
02-14 14:13:44.971 D/Bitmap  (  650):       android.view.ViewGroup.drawChild(ViewGroup.java:1649)
02-14 14:13:44.971 D/Bitmap  (  650):       android.view.ViewGroup.dispatchDraw(ViewGroup.java:1376)
02-14 14:13:44.971 D/Bitmap  (  650):       android.view.ViewGroup.drawChild(ViewGroup.java:1647)
02-14 14:13:44.971 D/Bitmap  (  650):       android.view.ViewGroup.dispatchDraw(ViewGroup.java:1376)
02-14 14:13:44.971 D/Bitmap  (  650):       android.view.ViewGroup.drawChild(ViewGroup.java:1647)
02-14 14:13:44.971 D/Bitmap  (  650):       android.view.ViewGroup.dispatchDraw(ViewGroup.java:1376)
02-14 14:13:44.971 D/Bitmap  (  650):       android.view.View.draw(View.java:6883)
02-14 14:13:44.971 D/Bitmap  (  650):       android.widget.FrameLayout.draw(FrameLayout.java:357)
02-14 14:13:44.971 D/Bitmap  (  650):       com.android.internal.policy.impl.PhoneWindow$DecorView.draw(PhoneWindow.java:1866)
02-14 14:13:44.971 D/Bitmap  (  650):       android.view.ViewRoot.draw(ViewRoot.java:1526)
02-14 14:13:44.971 D/Bitmap  (  650):       android.view.ViewRoot.performTraversals(ViewRoot.java:1262)
02-14 14:13:44.971 D/Bitmap  (  650):       android.view.ViewRoot.handleMessage(ViewRoot.java:1864)
02-14 14:13:44.971 D/Bitmap  (  650):       android.os.Handler.dispatchMessage(Handler.java:99)
02-14 14:13:44.971 D/Bitmap  (  650):       android.os.Looper.loop(Looper.java:130)
02-14 14:13:44.971 D/Bitmap  (  650):       android.app.ActivityThread.main(ActivityThread.java:3704)
02-14 14:13:44.971 D/Bitmap  (  650):       java.lang.reflect.Method.invokeNative(Native Method)
02-14 14:13:44.971 D/Bitmap  (  650):       java.lang.reflect.Method.invoke(Method.java:507)
02-14 14:13:44.971 D/Bitmap  (  650):       com.android.internal.os.ZygoteInit$MethodAndArgsCaller.run(ZygoteInit.java:875)
02-14 14:13:44.971 D/Bitmap  (  650):       com.android.internal.os.ZygoteInit.main(ZygoteInit.java:633)
02-14 14:13:44.971 D/Bitmap  (  650):       dalvik.system.NativeStart.main(Native Method)
02-14 14:13:44.971 D/Bitmap  (  650): _
02-14 14:13:45.502 I/wpa_supplicant(  312): State: INACTIVE -> SCANNING
02-14 14:13:45.502 I/wpa_supplicant(  312): CTRL-EVENT-STATE-CHANGE id=-1 state=2 BSSID=00:00:00:00:00:00
02-14 14:13:45.502 D/NetworkStateTracker(  207): setDetailed state, old =IDLE and new state=SCANNING
02-14 14:13:45.602 D/KeyguardViewMediator(  207): setHidden false
02-14 14:13:45.622 D/KeyguardViewMediator(  207): setHidden false
02-14 14:13:45.632 D/KeyguardViewMediator(  207): setHidden false
02-14 14:13:45.652 D/KeyguardViewMediator(  207): setHidden false
02-14 14:13:45.672 D/KeyguardViewMediator(  207): setHidden false
02-14 14:13:45.682 D/KeyguardViewMediator(  207): setHidden false
02-14 14:13:45.702 D/KeyguardViewMediator(  207): setHidden false
02-14 14:13:45.712 D/KeyguardViewMediator(  207): setHidden false
02-14 14:13:45.732 D/KeyguardViewMediator(  207): setHidden false
02-14 14:13:45.752 D/KeyguardViewMediator(  207): setHidden false
02-14 14:13:45.762 D/KeyguardViewMediator(  207): setHidden false
02-14 14:13:45.782 D/KeyguardViewMediator(  207): setHidden false
02-14 14:13:45.802 D/KeyguardViewMediator(  207): setHidden false
02-14 14:13:45.812 D/KeyguardViewMediator(  207): setHidden false
02-14 14:13:46.452 I/dun_service(  129): process rmnet event
02-14 14:13:46.452 I/dun_service(  129): Post event 4
02-14 14:13:46.452 I/dun_service(  129): received event: DUN_EVENT_RMNET_UP 
02-14 14:13:46.452 I/dun_service(  129): received event(DUN_EVENT_RMNET_UP) in state(DUN_STATE_USB_UNPLUG)
02-14 14:13:46.452 I/dun_service(  129): Ignoring the event DUN_EVENT_RMNET_UP in USB_UNPLUG_STATE
02-14 14:13:46.452 I/dun_service(  129): Moved to state(DUN_STATE_USB_UNPLUG)
02-14 14:13:46.452 I/wpa_supplicant(  312): State: SCANNING -> INACTIVE
02-14 14:13:46.452 I/wpa_supplicant(  312): CTRL-EVENT-STATE-CHANGE id=-1 state=1 BSSID=00:00:00:00:00:00
02-14 14:13:46.463 D/WifiStateTracker(  207): setNotificationVisible() visible=false mNotificationShown=false force=false return.
02-14 14:13:46.463 D/NetworkStateTracker(  207): setDetailed state, old =SCANNING and new state=IDLE
02-14 14:13:53.519 I/vDM     (  408): KeyCode = 4
02-14 14:13:53.519 I/vDM     (  408): Vdmc getInstance
02-14 14:13:53.519 I/vDM     (  408): Vdmc getInstance
02-14 14:13:53.519 D/DMC     (  408): MyCIMMI getInstance
02-14 14:13:53.519 I/vDM     (  408): Vdmc getInstance
02-14 14:13:53.529 W/KeyCharacterMap(  650): Can't open keycharmap file
02-14 14:13:53.529 W/KeyCharacterMap(  650): Error loading keycharmap file '/system/usr/keychars/synaptics-rmi4-ts.kcm.bin'. hw.keyboards.262146.devname='synaptics-rmi4-ts'
02-14 14:13:53.529 W/KeyCharacterMap(  650): Using default keymap: /system/usr/keychars/qwerty.kcm.bin
02-14 14:13:53.640 I/vDM     (  408): KeyCode = 4
02-14 14:13:53.640 I/vDM     (  408): Vdmc getInstance
02-14 14:13:53.650 D/KeyguardViewMediator(  207): setHidden false
02-14 14:13:53.650 I/hubo    (  207): Activity {com.android.settings/com.android.settings.Settings}
02-14 14:13:53.650 I/vDM     (  408): Vdmc getInstance
02-14 14:13:53.650 D/KeyguardViewMediator(  207): setHidden false
02-14 14:13:53.660 D/DMC     (  408): MyCIMMI getInstance
02-14 14:13:53.660 I/vDM     (  408): Vdmc getInstance
02-14 14:13:53.670 D/KeyguardViewMediator(  207): setHidden false
02-14 14:13:53.680 D/KeyguardViewMediator(  207): setHidden false
02-14 14:13:53.680 D/KeyguardViewMediator(  207): setHidden false
02-14 14:13:53.690 D/KeyguardViewMediator(  207): setHidden false
02-14 14:13:53.690 D/KeyguardViewMediator(  207): setHidden false
02-14 14:13:53.700 D/KeyguardViewMediator(  207): setHidden false
02-14 14:13:53.700 D/KeyguardViewMediator(  207): setHidden false
02-14 14:13:53.720 D/KeyguardViewMediator(  207): setHidden false
02-14 14:13:53.740 D/KeyguardViewMediator(  207): setHidden false
02-14 14:13:53.750 D/KeyguardViewMediator(  207): setHidden false
02-14 14:13:53.770 D/KeyguardViewMediator(  207): setHidden false
02-14 14:13:53.780 D/KeyguardViewMediator(  207): setHidden false
02-14 14:13:53.800 D/KeyguardViewMediator(  207): setHidden false
02-14 14:13:53.820 D/KeyguardViewMediator(  207): setHidden false
02-14 14:13:53.830 D/KeyguardViewMediator(  207): setHidden false
02-14 14:13:53.850 D/KeyguardViewMediator(  207): setHidden false
02-14 14:13:53.860 D/KeyguardViewMediator(  207): setHidden false
02-14 14:13:56.242 I/vDM     (  408): KeyCode = 3
02-14 14:13:56.252 I/vDM     (  408): Vdmc getInstance
02-14 14:13:56.252 I/vDM     (  408): Vdmc getInstance
02-14 14:13:56.252 D/DMC     (  408): MyCIMMI getInstance
02-14 14:13:56.252 I/vDM     (  408): Vdmc getInstance
02-14 14:13:56.322 I/vDM     (  408): KeyCode = 3
02-14 14:13:56.342 D/KeyguardViewMediator(  207): setHidden false
02-14 14:13:56.352 D/Launcher(  419): Closing system Dialogs 
02-14 14:13:56.352 D/Launcher(  419): onNewIntent()android.intent.action.MAIN
02-14 14:13:56.352 D/Launcher(  419): Closing system Dialogs 
02-14 14:13:56.352 I/hubo    (  207): Activity {com.android.launcher/com.android.launcher2.Launcher}
02-14 14:13:56.372 I/vDM     (  408): Vdmc getInstance
02-14 14:13:56.372 D/Warhol  (  419): A pack appears to be installed -- skipping Installer
02-14 14:13:56.372 D/KeyguardViewMediator(  207): setHidden false
02-14 14:13:56.372 I/vDM     (  408): Vdmc getInstance
02-14 14:13:56.372 D/DMC     (  408): MyCIMMI getInstance
02-14 14:13:56.372 I/vDM     (  408): Vdmc getInstance
02-14 14:13:56.382 D/KeyguardViewMediator(  207): setHidden false
02-14 14:13:56.402 D/KeyguardViewMediator(  207): setHidden false
02-14 14:13:56.402 D/KeyguardViewMediator(  207): setHidden false
02-14 14:13:56.402 D/KeyguardViewMediator(  207): setHidden false
02-14 14:13:56.422 D/KeyguardViewMediator(  207): setHidden false
02-14 14:13:56.432 D/KeyguardViewMediator(  207): setHidden false
02-14 14:13:56.452 D/KeyguardViewMediator(  207): setHidden false
02-14 14:13:56.482 D/KeyguardViewMediator(  207): setHidden false
02-14 14:13:56.492 D/KeyguardViewMediator(  207): setHidden false
02-14 14:13:56.512 D/KeyguardViewMediator(  207): setHidden false
02-14 14:13:56.522 D/KeyguardViewMediator(  207): setHidden false
02-14 14:13:56.542 D/KeyguardViewMediator(  207): setHidden false
02-14 14:13:56.562 D/KeyguardViewMediator(  207): setHidden false
02-14 14:13:56.572 D/KeyguardViewMediator(  207): setHidden false
02-14 14:13:56.592 D/KeyguardViewMediator(  207): setHidden false
02-14 14:13:56.602 D/KeyguardViewMediator(  207): setHidden false
02-14 14:13:56.642 D/KeyguardViewMediator(  207): setHidden false
02-14 14:13:56.652 D/KeyguardViewMediator(  207): setHidden false
02-14 14:13:56.672 D/KeyguardViewMediator(  207): setHidden false
02-14 14:13:56.702 D/KeyguardViewMediator(  207): setHidden false
02-14 14:13:56.702 D/KeyguardViewMediator(  207): setHidden false
02-14 14:13:56.713 D/KeyguardViewMediator(  207): setHidden false
02-14 14:13:57.483 D/Launcher(  419): onSaveInstanceState
02-14 14:13:57.483 D/Launcher(  419): Dissmis Preview for view :null ID:2131230735
02-14 14:13:57.483 D/Launcher(  419): Dissmis Preview for view :null ID:2131230736
02-14 14:13:57.483 D/Launcher(  419): Dissmis Preview for view :null ID:2131230739
02-14 14:13:57.483 D/Launcher(  419): Dissmis Preview for view :null ID:2131230741
02-14 14:13:57.493 D/KeyguardViewMediator(  207): setHidden false
02-14 14:13:57.493 D/KeyguardViewMediator(  207): setHidden false
02-14 14:13:57.493 I/hubo    (  207): Activity {com.android.mms/com.android.mms.ui.ComposeMessageActivity}
02-14 14:13:57.513 I/Mms/compose( 1070): SLIDESHOW setSendButtonText isMms = false
02-14 14:13:57.513 I/Mms/compose( 1070): drawBottomPanel, inputmethod
02-14 14:13:57.513 D/Mms/compose( 1070): lyftest updateOtherAttachmentView
02-14 14:13:57.513 I/Mms/compose( 1070): SLIDESHOW updateSendButtonState enable = true
02-14 14:13:57.513 I/Mms/compose( 1070): SLIDESHOW setSendButtonText isMms = false
02-14 14:13:57.513 I/Mms/compose( 1070): SLIDESHOW setSendButtonText isMms = false
02-14 14:13:57.513 E/Mms/compose( 1070): In loadMessageContent() after drawBottomPanel()
02-14 14:13:57.523 D/KeyguardViewMediator(  207): setHidden false
02-14 14:13:57.573 D/MessageItem( 1070): MessageItem ,expiryDate = 0
02-14 14:13:57.583 D/TextView( 1070): Bug test dmz  setTextZTE Linkify.addLinksZTE is called  
02-14 14:13:57.603 D/MessageItem( 1070): MessageItem ,expiryDate = 0
02-14 14:13:57.603 D/TextView( 1070): Bug test dmz  setTextZTE Linkify.addLinksZTE is called  
02-14 14:13:57.633 D/KeyguardViewMediator(  207): setHidden false
02-14 14:13:57.633 D/KeyguardViewMediator(  207): setHidden false
02-14 14:13:57.643 D/KeyguardViewMediator(  207): setHidden false
02-14 14:13:57.663 D/KeyguardViewMediator(  207): setHidden false
02-14 14:13:57.673 D/Mms:app ( 1070): mCmasCursor.getCount() =0
02-14 14:13:57.673 D/Mms:app ( 1070): in updateCmasNotifications--unreadCMASCursor.getCount() <= 0
02-14 14:13:57.683 D/KeyguardViewMediator(  207): setHidden false
02-14 14:13:57.693 D/KeyguardViewMediator(  207): setHidden false
02-14 14:13:57.703 I/Mms:app ( 1070): pengzhe updateDownloadFailedNotification getDownloadFailedMessageCount =0
02-14 14:13:57.713 D/KeyguardViewMediator(  207): setHidden false
02-14 14:13:57.734 D/KeyguardViewMediator(  207): setHidden false
02-14 14:13:57.744 D/KeyguardViewMediator(  207): setHidden false
02-14 14:13:57.764 D/KeyguardViewMediator(  207): setHidden false
02-14 14:13:57.774 D/KeyguardViewMediator(  207): setHidden false
02-14 14:13:57.794 D/KeyguardViewMediator(  207): setHidden false
02-14 14:13:57.804 D/KeyguardViewMediator(  207): setHidden false
02-14 14:13:57.814 D/KeyguardViewMediator(  207): setHidden false
02-14 14:13:57.824 D/KeyguardViewMediator(  207): setHidden false
02-14 14:13:57.854 D/KeyguardViewMediator(  207): setHidden false
02-14 14:13:57.864 D/KeyguardViewMediator(  207): setHidden false
02-14 14:13:57.884 D/KeyguardViewMediator(  207): setHidden false
02-14 14:13:57.894 D/KeyguardViewMediator(  207): setHidden false
02-14 14:13:57.914 D/KeyguardViewMediator(  207): setHidden false
02-14 14:13:57.934 D/KeyguardViewMediator(  207): setHidden false
02-14 14:13:57.944 D/KeyguardViewMediator(  207): setHidden false
02-14 14:13:57.964 D/KeyguardViewMediator(  207): setHidden false
02-14 14:13:57.974 D/KeyguardViewMediator(  207): setHidden false
02-14 14:13:58.094 W/KeyCharacterMap( 1070): Can't open keycharmap file
02-14 14:13:58.094 W/KeyCharacterMap( 1070): Error loading keycharmap file '/system/usr/keychars/synaptics-rmi4-ts.kcm.bin'. hw.keyboards.262146.devname='synaptics-rmi4-ts'
02-14 14:13:58.094 W/KeyCharacterMap( 1070): Using default keymap: /system/usr/keychars/qwerty.kcm.bin
02-14 14:13:58.104 I/vDM     (  408): KeyCode = 4
02-14 14:13:58.114 D/KeyguardViewMediator(  207): setHidden false
02-14 14:13:58.124 I/hubo    (  207): Activity {com.android.launcher/com.android.launcher2.Launcher}
02-14 14:13:58.124 I/vDM     (  408): Vdmc getInstance
02-14 14:13:58.124 I/vDM     (  408): Vdmc getInstance
02-14 14:13:58.124 D/DMC     (  408): MyCIMMI getInstance
02-14 14:13:58.124 I/vDM     (  408): Vdmc getInstance
02-14 14:13:58.134 D/Warhol  (  419): A pack appears to be installed -- skipping Installer
02-14 14:13:58.144 D/KeyguardViewMediator(  207): setHidden false
02-14 14:13:58.154 W/IInputConnectionWrapper( 1070): showStatusIcon on inactive InputConnection
02-14 14:13:58.154 I/vDM     (  408): KeyCode = 4
02-14 14:13:58.164 I/vDM     (  408): Vdmc getInstance
02-14 14:13:58.164 I/vDM     (  408): Vdmc getInstance
02-14 14:13:58.164 D/KeyguardViewMediator(  207): setHidden false
02-14 14:13:58.174 D/DMC     (  408): MyCIMMI getInstance
02-14 14:13:58.174 I/vDM     (  408): Vdmc getInstance
02-14 14:13:58.174 D/KeyguardViewMediator(  207): setHidden false
02-14 14:13:58.184 D/KeyguardViewMediator(  207): setHidden false
02-14 14:13:58.184 D/KeyguardViewMediator(  207): setHidden false
02-14 14:13:58.204 D/KeyguardViewMediator(  207): setHidden false
02-14 14:13:58.224 D/KeyguardViewMediator(  207): setHidden false
02-14 14:13:58.234 D/KeyguardViewMediator(  207): setHidden false
02-14 14:13:58.254 D/KeyguardViewMediator(  207): setHidden false
02-14 14:13:58.274 D/KeyguardViewMediator(  207): setHidden false
02-14 14:13:58.284 D/KeyguardViewMediator(  207): setHidden false
02-14 14:13:58.304 D/KeyguardViewMediator(  207): setHidden false
02-14 14:13:58.314 D/KeyguardViewMediator(  207): setHidden false
02-14 14:13:58.334 D/KeyguardViewMediator(  207): setHidden false
02-14 14:13:58.354 D/KeyguardViewMediator(  207): setHidden false
02-14 14:13:58.364 D/KeyguardViewMediator(  207): setHidden false
02-14 14:13:58.384 D/KeyguardViewMediator(  207): setHidden false
02-14 14:13:58.394 D/KeyguardViewMediator(  207): setHidden false
02-14 14:13:58.414 D/KeyguardViewMediator(  207): setHidden false
02-14 14:13:58.434 D/KeyguardViewMediator(  207): setHidden false
02-14 14:13:58.444 D/KeyguardViewMediator(  207): setHidden false
02-14 14:13:58.464 D/KeyguardViewMediator(  207): setHidden false
02-14 14:13:58.484 D/KeyguardViewMediator(  207): setHidden false
02-14 14:13:58.494 D/KeyguardViewMediator(  207): setHidden false
02-14 14:13:58.554 D/KeyguardViewMediator(  207): setHidden false
02-14 14:13:58.564 D/KeyguardViewMediator(  207): setHidden false
02-14 14:13:59.645 D/KeyguardViewMediator(  207): setHidden false
02-14 14:13:59.655 D/Launcher(  419): onSaveInstanceState
02-14 14:13:59.665 D/Launcher(  419): Dissmis Preview for view :null ID:2131230735
02-14 14:13:59.665 D/KeyguardViewMediator(  207): setHidden false
02-14 14:13:59.665 D/Launcher(  419): Dissmis Preview for view :null ID:2131230736
02-14 14:13:59.665 D/Launcher(  419): Dissmis Preview for view :null ID:2131230739
02-14 14:13:59.665 D/Launcher(  419): Dissmis Preview for view :null ID:2131230741
02-14 14:13:59.675 D/KeyguardViewMediator(  207): setHidden false
02-14 14:13:59.685 D/KeyguardViewMediator(  207): setHidden false
02-14 14:13:59.685 I/hubo    (  207): Activity {com.android.mms/com.android.mms.ui.ConversationList}
02-14 14:13:59.685 D/KeyguardViewMediator(  207): setHidden false
02-14 14:13:59.705 D/KeyguardViewMediator(  207): setHidden false
02-14 14:13:59.715 D/KeyguardViewMediator(  207): setHidden false
02-14 14:13:59.725 D/KeyguardViewMediator(  207): setHidden false
02-14 14:13:59.735 D/KeyguardViewMediator(  207): setHidden false
02-14 14:13:59.745 D/KeyguardViewMediator(  207): setHidden false
02-14 14:13:59.755 D/MmsSmsProvider(  332): delete:URI_MATCHER.match(uri)=11
02-14 14:13:59.765 D/ConversationList( 1070): unreadPresidentialCursor.getCount() =0
02-14 14:13:59.765 D/LockScreen(  207): intent.getAction=android.intent.action.presidential_cmas_alert_stop
02-14 14:13:59.765 D/LockScreen(  207): intent.getAction=android.intent.action.presidential_cmas_alert_stop
02-14 14:13:59.765 D/LockScreen(  207): intent.getAction=android.intent.action.presidential_cmas_alert_stop
02-14 14:13:59.765 D/KeyguardViewMediator(  207): setHidden false
02-14 14:13:59.775 D/KeyguardViewMediator(  207): setHidden false
02-14 14:13:59.786 D/KeyguardViewMediator(  207): setHidden false
02-14 14:13:59.806 D/KeyguardViewMediator(  207): setHidden false
02-14 14:13:59.816 I/Mms:app ( 1070): pengzhe updateDownloadFailedNotification getDownloadFailedMessageCount =0
02-14 14:13:59.816 D/KeyguardViewMediator(  207): setHidden false
02-14 14:13:59.836 D/KeyguardViewMediator(  207): setHidden false
02-14 14:13:59.856 D/KeyguardViewMediator(  207): setHidden false
02-14 14:13:59.866 D/KeyguardViewMediator(  207): setHidden false
02-14 14:13:59.876 D/Mms     ( 1070): [1] Conversation get() RECIPIENT==: 1
02-14 14:13:59.876 D/Mms     ( 1070): [1] Conversation get() DATE==: 1329250407000
02-14 14:13:59.886 D/KeyguardViewMediator(  207): setHidden false
02-14 14:13:59.896 D/KeyguardViewMediator(  207): setHidden false
02-14 14:13:59.916 D/KeyguardViewMediator(  207): setHidden false
02-14 14:13:59.936 D/KeyguardViewMediator(  207): setHidden false
02-14 14:13:59.946 D/KeyguardViewMediator(  207): setHidden false
02-14 14:13:59.966 D/KeyguardViewMediator(  207): setHidden false
02-14 14:13:59.976 D/KeyguardViewMediator(  207): setHidden false
02-14 14:13:59.976 D/KeyguardViewMediator(  207): setHidden false
02-14 14:13:59.986 D/KeyguardViewMediator(  207): setHidden false
02-14 14:13:59.986 I/ActivityManager(  207): Displayed com.android.mms/.ui.ConversationList: +318ms
02-14 14:13:59.986 D/KeyguardViewMediator(  207): setHidden false
02-14 14:13:59.986 D/KeyguardViewMediator(  207): setHidden false
02-14 14:13:59.996 D/KeyguardUpdateMonitor(  207): received broadcast android.intent.action.TIME_TICK
02-14 14:13:59.996 D/KeyguardUpdateMonitor(  207): handleTimeUpdate
02-14 14:14:00.006 D/KeyguardViewMediator(  207): setHidden false
02-14 14:14:00.016 D/KeyguardViewMediator(  207): setHidden false
02-14 14:14:00.036 D/KeyguardViewMediator(  207): setHidden false
02-14 14:14:00.056 D/KeyguardViewMediator(  207): setHidden false
02-14 14:14:00.076 D/KeyguardViewMediator(  207): setHidden false
02-14 14:14:00.086 D/KeyguardViewMediator(  207): setHidden false
02-14 14:14:00.096 D/KeyguardViewMediator(  207): setHidden false
02-14 14:14:00.116 D/KeyguardViewMediator(  207): setHidden false
02-14 14:14:00.136 D/KeyguardViewMediator(  207): setHidden false
02-14 14:14:00.146 D/KeyguardViewMediator(  207): setHidden false
02-14 14:14:00.166 D/KeyguardViewMediator(  207): setHidden false
02-14 14:14:00.186 D/KeyguardViewMediator(  207): setHidden false
02-14 14:14:00.206 D/KeyguardViewMediator(  207): setHidden false
02-14 14:14:00.216 D/KeyguardViewMediator(  207): setHidden false
02-14 14:14:00.226 D/KeyguardViewMediator(  207): setHidden false
02-14 14:14:00.256 D/KeyguardViewMediator(  207): setHidden false
02-14 14:14:00.266 D/KeyguardViewMediator(  207): setHidden false
02-14 14:14:00.276 D/KeyguardViewMediator(  207): setHidden false
02-14 14:14:00.306 D/KeyguardViewMediator(  207): setHidden false
02-14 14:14:00.316 D/KeyguardViewMediator(  207): setHidden false
02-14 14:14:00.326 D/KeyguardViewMediator(  207): setHidden false
02-14 14:14:01.107 I/vDM     (  408): KeyCode = 82
02-14 14:14:01.117 I/vDM     (  408): Vdmc getInstance
02-14 14:14:01.117 I/vDM     (  408): Vdmc getInstance
02-14 14:14:01.117 D/DMC     (  408): MyCIMMI getInstance
02-14 14:14:01.117 I/vDM     (  408): Vdmc getInstance
02-14 14:14:01.127 W/KeyCharacterMap( 1070): Can't open keycharmap file
02-14 14:14:01.127 W/KeyCharacterMap( 1070): Error loading keycharmap file '/system/usr/keychars/synaptics-rmi4-ts.kcm.bin'. hw.keyboards.262146.devname='synaptics-rmi4-ts'
02-14 14:14:01.127 W/KeyCharacterMap( 1070): Using default keymap: /system/usr/keychars/qwerty.kcm.bin
02-14 14:14:01.227 I/vDM     (  408): KeyCode = 82
02-14 14:14:01.227 I/vDM     (  408): Vdmc getInstance
02-14 14:14:01.227 I/vDM     (  408): Vdmc getInstance
02-14 14:14:01.227 D/DMC     (  408): MyCIMMI getInstance
02-14 14:14:01.227 I/vDM     (  408): Vdmc getInstance
02-14 14:14:01.317 D/KeyguardViewMediator(  207): setHidden false
02-14 14:14:01.337 D/KeyguardViewMediator(  207): setHidden false
02-14 14:14:01.347 D/KeyguardViewMediator(  207): setHidden false
02-14 14:14:01.357 D/KeyguardViewMediator(  207): setHidden false
02-14 14:14:01.377 D/KeyguardViewMediator(  207): setHidden false
02-14 14:14:01.397 D/KeyguardViewMediator(  207): setHidden false
02-14 14:14:01.407 D/KeyguardViewMediator(  207): setHidden false
02-14 14:14:01.427 D/KeyguardViewMediator(  207): setHidden false
02-14 14:14:01.437 D/KeyguardViewMediator(  207): setHidden false
02-14 14:14:01.457 D/KeyguardViewMediator(  207): setHidden false
02-14 14:14:01.467 I/wpa_supplicant(  312): State: INACTIVE -> SCANNING
02-14 14:14:01.477 I/wpa_supplicant(  312): CTRL-EVENT-STATE-CHANGE id=-1 state=2 BSSID=00:00:00:00:00:00
02-14 14:14:01.477 D/NetworkStateTracker(  207): setDetailed state, old =IDLE and new state=SCANNING
02-14 14:14:01.477 D/KeyguardViewMediator(  207): setHidden false
02-14 14:14:01.497 D/KeyguardViewMediator(  207): setHidden false
02-14 14:14:01.507 D/KeyguardViewMediator(  207): setHidden false
02-14 14:14:02.258 D/KeyguardViewMediator(  207): setHidden false
02-14 14:14:02.268 I/hubo    (  207): Activity {com.android.mms/com.android.mms.ui.MessagingPreferenceActivity}
02-14 14:14:02.268 D/KeyguardViewMediator(  207): setHidden false
02-14 14:14:02.298 D/DialogPreference( 1070): mIsAdjustWindow : true
02-14 14:14:02.308 E/MmsCustom( 1070): mms config file_exist,,,custom_file_exist:true
02-14 14:14:02.328 D/KeyguardViewMediator(  207): setHidden false
02-14 14:14:02.408 D/KeyguardViewMediator(  207): setHidden false
02-14 14:14:02.408 D/KeyguardViewMediator(  207): setHidden false
02-14 14:14:02.418 D/KeyguardViewMediator(  207): setHidden false
02-14 14:14:02.418 D/KeyguardViewMediator(  207): setHidden false
02-14 14:14:02.428 I/wpa_supplicant(  312): State: SCANNING -> INACTIVE
02-14 14:14:02.428 I/wpa_supplicant(  312): CTRL-EVENT-STATE-CHANGE id=-1 state=1 BSSID=00:00:00:00:00:00
02-14 14:14:02.428 I/dun_service(  129): process rmnet event
02-14 14:14:02.428 I/dun_service(  129): Post event 4
02-14 14:14:02.428 I/dun_service(  129): received event: DUN_EVENT_RMNET_UP 
02-14 14:14:02.428 I/dun_service(  129): received event(DUN_EVENT_RMNET_UP) in state(DUN_STATE_USB_UNPLUG)
02-14 14:14:02.428 I/dun_service(  129): Ignoring the event DUN_EVENT_RMNET_UP in USB_UNPLUG_STATE
02-14 14:14:02.428 I/dun_service(  129): Moved to state(DUN_STATE_USB_UNPLUG)
02-14 14:14:02.428 D/NetworkStateTracker(  207): setDetailed state, old =SCANNING and new state=IDLE
02-14 14:14:02.428 D/WifiStateTracker(  207): setNotificationVisible() visible=false mNotificationShown=false force=false return.
02-14 14:14:02.438 D/KeyguardViewMediator(  207): setHidden false
02-14 14:14:02.448 D/KeyguardViewMediator(  207): setHidden false
02-14 14:14:02.468 D/KeyguardViewMediator(  207): setHidden false
02-14 14:14:02.488 D/KeyguardViewMediator(  207): setHidden false
02-14 14:14:02.498 D/KeyguardViewMediator(  207): setHidden false
02-14 14:14:02.518 D/KeyguardViewMediator(  207): setHidden false
02-14 14:14:02.538 D/KeyguardViewMediator(  207): setHidden false
02-14 14:14:02.548 D/KeyguardViewMediator(  207): setHidden false
02-14 14:14:02.568 D/KeyguardViewMediator(  207): setHidden false
02-14 14:14:02.588 D/KeyguardViewMediator(  207): setHidden false
02-14 14:14:02.598 D/KeyguardViewMediator(  207): setHidden false
02-14 14:14:02.608 I/ActivityManager(  207): Displayed com.android.mms/.ui.MessagingPreferenceActivity: +348ms
02-14 14:14:02.618 D/KeyguardViewMediator(  207): setHidden false
02-14 14:14:07.793 D/Bitmap  ( 1070): Detect unrecycled bitmap.
02-14 14:14:07.793 D/Bitmap  ( 1070):       Size: 49280 Bytes, Width: 320 , Height: 77 , Hash code: 1079696848
02-14 14:14:07.793 D/Bitmap  ( 1070):  This bimap was created in:
02-14 14:14:07.793 D/Bitmap  ( 1070):       android.graphics.Bitmap.<init>(Bitmap.java:136)
02-14 14:14:07.793 D/Bitmap  ( 1070):       android.graphics.Bitmap.nativeCreate(Native Method)
02-14 14:14:07.793 D/Bitmap  ( 1070):       android.graphics.Bitmap.createBitmap(Bitmap.java:547)
