02-14 14:11:13.964 D/Launcher(  419): Closing system Dialogs 
02-14 14:11:13.964 D/KeyguardViewMediator(  207): setHidden false
02-14 14:11:13.974 D/Launcher(  419): onNewIntent()android.intent.action.MAIN
02-14 14:11:13.974 D/Launcher(  419): Closing system Dialogs 
02-14 14:11:13.974 I/vDM     (  408): KeyCode = 3
02-14 14:11:13.984 D/KeyguardViewMediator(  207): setHidden false
02-14 14:11:13.984 I/hubo    (  207): Activity {com.android.launcher/com.android.launcher2.Launcher}
02-14 14:11:13.994 D/Warhol  (  419): A pack appears to be installed -- skipping Installer
02-14 14:11:13.994 D/KeyguardViewMediator(  207): setHidden false
02-14 14:11:14.014 D/KeyguardViewMediator(  207): setHidden false
02-14 14:11:14.014 I/vDM     (  408): Vdmc getInstance
02-14 14:11:14.014 D/KeyguardViewMediator(  207): setHidden false
02-14 14:11:14.024 I/vDM     (  408): Vdmc getInstance
02-14 14:11:14.024 D/DMC     (  408): MyCIMMI getInstance
02-14 14:11:14.024 I/vDM     (  408): Vdmc getInstance
02-14 14:11:14.024 D/KeyguardViewMediator(  207): setHidden false
02-14 14:11:14.024 D/KeyguardViewMediator(  207): setHidden false
02-14 14:11:14.044 D/KeyguardViewMediator(  207): setHidden false
02-14 14:11:14.054 D/KeyguardViewMediator(  207): setHidden false
02-14 14:11:14.074 D/KeyguardViewMediator(  207): setHidden false
02-14 14:11:14.104 D/KeyguardViewMediator(  207): setHidden false
02-14 14:11:14.104 D/KeyguardViewMediator(  207): setHidden false
02-14 14:11:14.134 D/KeyguardViewMediator(  207): setHidden false
02-14 14:11:14.144 D/KeyguardViewMediator(  207): setHidden false
02-14 14:11:14.154 D/KeyguardViewMediator(  207): setHidden false
02-14 14:11:14.174 D/KeyguardViewMediator(  207): setHidden false
02-14 14:11:14.194 D/KeyguardViewMediator(  207): setHidden false
02-14 14:11:14.214 D/KeyguardViewMediator(  207): setHidden false
02-14 14:11:14.224 D/KeyguardViewMediator(  207): setHidden false
02-14 14:11:14.234 D/KeyguardViewMediator(  207): setHidden false
02-14 14:11:14.254 W/AlarmManager(  207): +++Alarm  wakeup phone ,pkg=android
02-14 14:11:14.264 W/AlarmManager(  207): +++alarm onSendFinished ,action=com.android.internal.policy.impl.PhoneWindowManager.DELAYED_KEYGUARD
02-14 14:11:14.264 D/KeyguardViewMediator(  207): setHidden false
02-14 14:11:14.284 D/KeyguardViewMediator(  207): setHidden false
02-14 14:11:14.304 D/KeyguardViewMediator(  207): setHidden false
02-14 14:11:14.314 D/KeyguardViewMediator(  207): setHidden false
02-14 14:11:14.344 D/KeyguardViewMediator(  207): setHidden false
02-14 14:11:15.225 E/lights  (  207):   g_haveAmberLed=0
02-14 14:11:15.225 E/lights  (  207):   red=0
02-14 14:11:15.225 E/lights  (  207):   green=0
02-14 14:11:15.225 E/lights  (  207):   blink=0
02-14 14:11:15.235 D/KeyguardViewMediator(  207): setHidden false
02-14 14:11:15.235 W/System.err(  207): java.lang.Exception: ldr print trace
02-14 14:11:15.235 W/System.err(  207): 	at android.media.MediaPlayer.stop(MediaPlayer.java:1119)
02-14 14:11:15.235 W/System.err(  207): 	at com.android.server.NotificationPlayer$CmdThread.run(NotificationPlayer.java:179)
02-14 14:11:15.245 D/MediaPlayer(  207): stop state 128
02-14 14:11:15.245 D/AudioTrack(  121): stop 0x64a00
02-14 14:11:15.245 D/AudioFlinger(  121): remove track (4098) and delete from mixer
02-14 14:11:15.245 I/AudioService(  207):  AudioFocus  abandonAudioFocus() from android.media.AudioManager@406f5bd8
02-14 14:11:15.265 D/KeyguardViewMediator(  207): setHidden false
02-14 14:11:15.365 D/KeyguardViewMediator(  207): setHidden false
02-14 14:11:15.385 D/KeyguardViewMediator(  207): setHidden false
02-14 14:11:15.395 D/KeyguardViewMediator(  207): setHidden false
02-14 14:11:15.415 D/KeyguardViewMediator(  207): setHidden false
02-14 14:11:15.415 D/KeyguardViewMediator(  207): setHidden false
02-14 14:11:15.445 D/KeyguardViewMediator(  207): setHidden false
02-14 14:11:15.445 D/KeyguardViewMediator(  207): setHidden false
02-14 14:11:15.455 D/KeyguardViewMediator(  207): setHidden false
02-14 14:11:15.465 D/KeyguardViewMediator(  207): setHidden false
02-14 14:11:15.475 D/KeyguardViewMediator(  207): setHidden false
02-14 14:11:15.475 D/KeyguardViewMediator(  207): setHidden false
02-14 14:11:15.495 D/KeyguardViewMediator(  207): setHidden false
02-14 14:11:15.495 D/KeyguardViewMediator(  207): setHidden false
02-14 14:11:15.505 D/KeyguardViewMediator(  207): setHidden false
02-14 14:11:15.515 D/KeyguardViewMediator(  207): setHidden false
02-14 14:11:15.525 D/Bitmap  (  618): Detect unrecycled bitmap.
02-14 14:11:15.525 D/Bitmap  (  618):       Size: 94864 Bytes, Width: 154 , Height: 154 , Hash code: 1079729056
02-14 14:11:15.525 D/Bitmap  (  618):  This bimap was created in:
02-14 14:11:15.535 D/Bitmap  (  618):       android.graphics.Bitmap.<init>(Bitmap.java:136)
02-14 14:11:15.535 D/Bitmap  (  618):       android.graphics.BitmapFactory.nativeDecodeStream(Native Method)
02-14 14:11:15.535 D/Bitmap  (  618):       android.graphics.BitmapFactory.decodeStream(BitmapFactory.java:470)
02-14 14:11:15.535 D/Bitmap  (  618):       android.graphics.BitmapFactory.decodeStream(BitmapFactory.java:525)
02-14 14:11:15.535 D/Bitmap  (  618):       com.sprint.zone.http.HttpClient.getPhotoBitmap(HttpClient.java:177)
02-14 14:11:15.535 D/Bitmap  (  618):       com.sprint.zone.UpdateService.updateContent(UpdateService.java:847)
02-14 14:11:15.535 D/Bitmap  (  618):       com.sprint.zone.UpdateService.performUpdate(UpdateService.java:337)
02-14 14:11:15.535 D/Bitmap  (  618):       com.sprint.zone.UpdateService.onHandleIntent(UpdateService.java:219)
02-14 14:11:15.535 D/Bitmap  (  618):       android.app.IntentService$ServiceHandler.handleMessage(IntentService.java:59)
02-14 14:11:15.535 D/Bitmap  (  618):       android.os.Handler.dispatchMessage(Handler.java:99)
02-14 14:11:15.535 D/Bitmap  (  618):       android.os.Looper.loop(Looper.java:130)
02-14 14:11:15.535 D/Bitmap  (  618):       android.os.HandlerThread.run(HandlerThread.java:60)
02-14 14:11:15.535 D/Bitmap  (  618): _
02-14 14:11:15.535 D/Bitmap  (  618): Detect unrecycled bitmap.
02-14 14:11:15.535 D/Bitmap  (  618):       Size: 181476 Bytes, Width: 213 , Height: 213 , Hash code: 1079375824
02-14 14:11:15.535 D/Bitmap  (  618):  This bimap was created in:
02-14 14:11:15.535 D/Bitmap  (  618):       android.graphics.Bitmap.<init>(Bitmap.java:136)
02-14 14:11:15.535 D/Bitmap  (  618):       android.graphics.BitmapFactory.nativeDecodeStream(Native Method)
02-14 14:11:15.535 D/Bitmap  (  618):       android.graphics.BitmapFactory.decodeStream(BitmapFactory.java:470)
02-14 14:11:15.535 D/Bitmap  (  618):       android.graphics.BitmapFactory.decodeStream(BitmapFactory.java:525)
02-14 14:11:15.535 D/Bitmap  (  618):       com.sprint.zone.http.HttpClient.getPhotoBitmap(HttpClient.java:177)
02-14 14:11:15.535 D/Bitmap  (  618):       com.sprint.zone.UpdateService.updateContent(UpdateService.java:847)
02-14 14:11:15.535 D/Bitmap  (  618):       com.sprint.zone.UpdateService.performUpdate(UpdateService.java:337)
02-14 14:11:15.535 D/Bitmap  (  618):       com.sprint.zone.UpdateService.onHandleIntent(UpdateService.java:219)
02-14 14:11:15.535 D/Bitmap  (  618):       android.app.IntentService$ServiceHandler.handleMessage(IntentService.java:59)
02-14 14:11:15.535 D/Bitmap  (  618):       android.os.Handler.dispatchMessage(Handler.java:99)
02-14 14:11:15.535 D/Bitmap  (  618):       android.os.Looper.loop(Looper.java:130)
02-14 14:11:15.535 D/Bitmap  (  618):       android.os.HandlerThread.run(HandlerThread.java:60)
02-14 14:11:15.535 D/Bitmap  (  618): _
02-14 14:11:15.535 D/Bitmap  (  618): Detect unrecycled bitmap.
02-14 14:11:15.535 D/Bitmap  (  618):       Size: 262144 Bytes, Width: 256 , Height: 256 , Hash code: 1079738056
02-14 14:11:15.535 D/Bitmap  (  618):  This bimap was created in:
02-14 14:11:15.535 D/Bitmap  (  618):       android.graphics.Bitmap.<init>(Bitmap.java:136)
02-14 14:11:15.535 D/Bitmap  (  618):       android.graphics.BitmapFactory.nativeDecodeStream(Native Method)
02-14 14:11:15.535 D/Bitmap  (  618):       android.graphics.BitmapFactory.decodeStream(BitmapFactory.java:470)
02-14 14:11:15.545 D/Bitmap  (  618):       android.graphics.BitmapFactory.decodeStream(BitmapFactory.java:525)
02-14 14:11:15.545 D/Bitmap  (  618):       com.sprint.zone.http.HttpClient.getPhotoBitmap(HttpClient.java:177)
02-14 14:11:15.545 D/Bitmap  (  618):       com.sprint.zone.UpdateService.updateContent(UpdateService.java:847)
02-14 14:11:15.545 D/Bitmap  (  618):       com.sprint.zone.UpdateService.performUpdate(UpdateService.java:337)
02-14 14:11:15.545 D/Bitmap  (  618):       com.sprint.zone.UpdateService.onHandleIntent(UpdateService.java:219)
02-14 14:11:15.545 D/Bitmap  (  618):       android.app.IntentService$ServiceHandler.handleMessage(IntentService.java:59)
02-14 14:11:15.545 D/Bitmap  (  618):       android.os.Handler.dispatchMessage(Handler.java:99)
02-14 14:11:15.545 D/Bitmap  (  618):       android.os.Looper.loop(Looper.java:130)
02-14 14:11:15.545 D/Bitmap  (  618):       android.os.HandlerThread.run(HandlerThread.java:60)
02-14 14:11:15.545 D/Bitmap  (  618): _
02-14 14:11:15.545 D/Bitmap  (  618): Detect unrecycled bitmap.
02-14 14:11:15.545 D/Bitmap  (  618):       Size: 94864 Bytes, Width: 154 , Height: 154 , Hash code: 1079529744
02-14 14:11:15.545 D/Bitmap  (  618):  This bimap was created in:
02-14 14:11:15.545 D/Bitmap  (  618):       android.graphics.Bitmap.<init>(Bitmap.java:136)
02-14 14:11:15.545 D/Bitmap  (  618):       android.graphics.BitmapFactory.nativeDecodeStream(Native Method)
02-14 14:11:15.545 D/Bitmap  (  618):       android.graphics.BitmapFactory.decodeStream(BitmapFactory.java:470)
02-14 14:11:15.545 D/Bitmap  (  618):       android.graphics.BitmapFactory.decodeStream(BitmapFactory.java:525)
02-14 14:11:15.545 D/Bitmap  (  618):       com.sprint.zone.http.HttpClient.getPhotoBitmap(HttpClient.java:177)
02-14 14:11:15.545 D/Bitmap  (  618):       com.sprint.zone.UpdateService.updateContent(UpdateService.java:847)
02-14 14:11:15.545 D/Bitmap  (  618):       com.sprint.zone.UpdateService.performUpdate(UpdateService.java:337)
02-14 14:11:15.545 D/Bitmap  (  618):       com.sprint.zone.UpdateService.onHandleIntent(UpdateService.java:219)
02-14 14:11:15.545 D/Bitmap  (  618):       android.app.IntentService$ServiceHandler.handleMessage(IntentService.java:59)
02-14 14:11:15.545 D/Bitmap  (  618):       android.os.Handler.dispatchMessage(Handler.java:99)
02-14 14:11:15.545 D/Bitmap  (  618):       android.os.Looper.loop(Looper.java:130)
02-14 14:11:15.545 D/Bitmap  (  618):       android.os.HandlerThread.run(HandlerThread.java:60)
02-14 14:11:15.545 D/Bitmap  (  618): _
02-14 14:11:15.545 D/Bitmap  (  618): Detect unrecycled bitmap.
02-14 14:11:15.545 D/Bitmap  (  618):       Size: 262144 Bytes, Width: 256 , Height: 256 , Hash code: 1079749904
02-14 14:11:15.545 D/Bitmap  (  618):  This bimap was created in:
02-14 14:11:15.545 D/Bitmap  (  618):       android.graphics.Bitmap.<init>(Bitmap.java:136)
02-14 14:11:15.545 D/Bitmap  (  618):       android.graphics.BitmapFactory.nativeDecodeStream(Native Method)
02-14 14:11:15.545 D/Bitmap  (  618):       android.graphics.BitmapFactory.decodeStream(BitmapFactory.java:470)
02-14 14:11:15.545 D/Bitmap  (  618):       android.graphics.BitmapFactory.decodeStream(BitmapFactory.java:525)
02-14 14:11:15.545 D/Bitmap  (  618):       com.sprint.zone.http.HttpClient.getPhotoBitmap(HttpClient.java:177)
02-14 14:11:15.545 D/Bitmap  (  618):       com.sprint.zone.UpdateService.updateContent(UpdateService.java:847)
02-14 14:11:15.545 D/Bitmap  (  618):       com.sprint.zone.UpdateService.performUpdate(UpdateService.java:337)
02-14 14:11:15.545 D/Bitmap  (  618):       com.sprint.zone.UpdateService.onHandleIntent(UpdateService.java:219)
02-14 14:11:15.545 D/Bitmap  (  618):       android.app.IntentService$ServiceHandler.handleMessage(IntentService.java:59)
02-14 14:11:15.545 D/Bitmap  (  618):       android.os.Handler.dispatchMessage(Handler.java:99)
02-14 14:11:15.545 D/Bitmap  (  618):       android.os.Looper.loop(Looper.java:130)
02-14 14:11:15.545 D/Bitmap  (  618):       android.os.HandlerThread.run(HandlerThread.java:60)
02-14 14:11:15.545 D/Bitmap  (  618): _
02-14 14:11:15.545 D/Bitmap  (  618): Detect unrecycled bitmap.
02-14 14:11:15.545 D/Bitmap  (  618):       Size: 61504 Bytes, Width: 124 , Height: 124 , Hash code: 1079314008
02-14 14:11:15.545 D/Bitmap  (  618):  This bimap was created in:
02-14 14:11:15.545 D/Bitmap  (  618):       android.graphics.Bitmap.<init>(Bitmap.java:136)
02-14 14:11:15.545 D/Bitmap  (  618):       android.graphics.BitmapFactory.nativeDecodeStream(Native Method)
02-14 14:11:15.555 D/Bitmap  (  618):       android.graphics.BitmapFactory.decodeStream(BitmapFactory.java:470)
02-14 14:11:15.555 D/Bitmap  (  618):       android.graphics.BitmapFactory.decodeStream(BitmapFactory.java:525)
02-14 14:11:15.555 D/Bitmap  (  618):       com.sprint.zone.http.HttpClient.getPhotoBitmap(HttpClient.java:177)
02-14 14:11:15.555 D/Bitmap  (  618):       com.sprint.zone.UpdateService.updateContent(UpdateService.java:847)
02-14 14:11:15.555 D/Bitmap  (  618):       com.sprint.zone.UpdateService.performUpdate(UpdateService.java:337)
02-14 14:11:15.555 D/Bitmap  (  618):       com.sprint.zone.UpdateService.onHandleIntent(UpdateService.java:219)
02-14 14:11:15.555 D/Bitmap  (  618):       android.app.IntentService$ServiceHandler.handleMessage(IntentService.java:59)
02-14 14:11:15.555 D/Bitmap  (  618):       android.os.Handler.dispatchMessage(Handler.java:99)
02-14 14:11:15.555 D/Bitmap  (  618):       android.os.Looper.loop(Looper.java:130)
02-14 14:11:15.555 D/Bitmap  (  618):       android.os.HandlerThread.run(HandlerThread.java:60)
02-14 14:11:15.555 D/Bitmap  (  618): _
02-14 14:11:15.555 D/Bitmap  (  618): Detect unrecycled bitmap.
02-14 14:11:15.555 D/Bitmap  (  618):       Size: 262144 Bytes, Width: 256 , Height: 256 , Hash code: 1079860688
02-14 14:11:15.555 D/Bitmap  (  618):  This bimap was created in:
02-14 14:11:15.555 D/Bitmap  (  618):       android.graphics.Bitmap.<init>(Bitmap.java:136)
02-14 14:11:15.555 D/Bitmap  (  618):       android.graphics.BitmapFactory.nativeDecodeStream(Native Method)
02-14 14:11:15.555 D/Bitmap  (  618):       android.graphics.BitmapFactory.decodeStream(BitmapFactory.java:470)
02-14 14:11:15.555 D/Bitmap  (  618):       android.graphics.BitmapFactory.decodeStream(BitmapFactory.java:525)
02-14 14:11:15.555 D/Bitmap  (  618):       com.sprint.zone.http.HttpClient.getPhotoBitmap(HttpClient.java:177)
02-14 14:11:15.555 D/Bitmap  (  618):       com.sprint.zone.UpdateService.updateContent(UpdateService.java:847)
02-14 14:11:15.555 D/Bitmap  (  618):       com.sprint.zone.UpdateService.performUpdate(UpdateService.java:337)
02-14 14:11:15.555 D/Bitmap  (  618):       com.sprint.zone.UpdateService.onHandleIntent(UpdateService.java:219)
02-14 14:11:15.555 D/Bitmap  (  618):       android.app.IntentService$ServiceHandler.handleMessage(IntentService.java:59)
02-14 14:11:15.555 D/Bitmap  (  618):       android.os.Handler.dispatchMessage(Handler.java:99)
02-14 14:11:15.555 D/Bitmap  (  618):       android.os.Looper.loop(Looper.java:130)
02-14 14:11:15.555 D/Bitmap  (  618):       android.os.HandlerThread.run(HandlerThread.java:60)
02-14 14:11:15.555 D/Bitmap  (  618): _
02-14 14:11:15.555 D/Bitmap  (  618): Detect unrecycled bitmap.
02-14 14:11:15.555 D/Bitmap  (  618):       Size: 1048576 Bytes, Width: 512 , Height: 512 , Hash code: 1079788096
02-14 14:11:15.555 D/Bitmap  (  618):  This bimap was created in:
02-14 14:11:15.555 D/Bitmap  (  618):       android.graphics.Bitmap.<init>(Bitmap.java:136)
02-14 14:11:15.555 D/Bitmap  (  618):       android.graphics.BitmapFactory.nativeDecodeStream(Native Method)
02-14 14:11:15.565 D/Bitmap  (  618):       android.graphics.BitmapFactory.decodeStream(BitmapFactory.java:470)
02-14 14:11:15.565 D/Bitmap  (  618):       android.graphics.BitmapFactory.decodeStream(BitmapFactory.java:525)
02-14 14:11:15.565 D/Bitmap  (  618):       com.sprint.zone.http.HttpClient.getPhotoBitmap(HttpClient.java:177)
02-14 14:11:15.565 D/Bitmap  (  618):       com.sprint.zone.UpdateService.updateContent(UpdateService.java:847)
02-14 14:11:15.565 D/Bitmap  (  618):       com.sprint.zone.UpdateService.performUpdate(UpdateService.java:337)
02-14 14:11:15.565 D/Bitmap  (  618):       com.sprint.zone.UpdateService.onHandleIntent(UpdateService.java:219)
02-14 14:11:15.565 D/Bitmap  (  618):       android.app.IntentService$ServiceHandler.handleMessage(IntentService.java:59)
02-14 14:11:15.565 D/Bitmap  (  618):       android.os.Handler.dispatchMessage(Handler.java:99)
02-14 14:11:15.565 D/Bitmap  (  618):       android.os.Looper.loop(Looper.java:130)
02-14 14:11:15.565 D/Bitmap  (  618):       android.os.HandlerThread.run(HandlerThread.java:60)
02-14 14:11:15.565 D/Bitmap  (  618): _
02-14 14:11:15.565 D/Bitmap  (  618): Detect unrecycled bitmap.
02-14 14:11:15.565 D/Bitmap  (  618):       Size: 1048576 Bytes, Width: 512 , Height: 512 , Hash code: 1079757888
02-14 14:11:15.565 D/Bitmap  (  618):  This bimap was created in:
02-14 14:11:15.565 D/Bitmap  (  618):       android.graphics.Bitmap.<init>(Bitmap.java:136)
02-14 14:11:15.565 D/Bitmap  (  618):       android.graphics.BitmapFactory.nativeDecodeStream(Native Method)
02-14 14:11:15.565 D/Bitmap  (  618):       android.graphics.BitmapFactory.decodeStream(BitmapFactory.java:470)
02-14 14:11:15.565 D/Bitmap  (  618):       android.graphics.BitmapFactory.decodeStream(BitmapFactory.java:525)
02-14 14:11:15.565 D/Bitmap  (  618):       com.sprint.zone.http.HttpClient.getPhotoBitmap(HttpClient.java:177)
02-14 14:11:15.565 D/Bitmap  (  618):       com.sprint.zone.UpdateService.updateContent(UpdateService.java:847)
02-14 14:11:15.565 D/Bitmap  (  618):       com.sprint.zone.UpdateService.performUpdate(UpdateService.java:337)
02-14 14:11:15.565 D/Bitmap  (  618):       com.sprint.zone.UpdateService.onHandleIntent(UpdateService.java:219)
02-14 14:11:15.565 D/Bitmap  (  618):       android.app.IntentService$ServiceHandler.handleMessage(IntentService.java:59)
02-14 14:11:15.565 D/Bitmap  (  618):       android.os.Handler.dispatchMessage(Handler.java:99)
02-14 14:11:15.565 D/Bitmap  (  618):       android.os.Looper.loop(Looper.java:130)
02-14 14:11:15.565 D/Bitmap  (  618):       android.os.HandlerThread.run(HandlerThread.java:60)
02-14 14:11:15.565 D/Bitmap  (  618): _
02-14 14:11:15.565 D/Bitmap  (  618): Detect unrecycled bitmap.
02-14 14:11:15.565 D/Bitmap  (  618):       Size: 48400 Bytes, Width: 110 , Height: 110 , Hash code: 1079792928
02-14 14:11:15.565 D/Bitmap  (  618):  This bimap was created in:
02-14 14:11:15.565 D/Bitmap  (  618):       android.graphics.Bitmap.<init>(Bitmap.java:136)
02-14 14:11:15.565 D/Bitmap  (  618):       android.graphics.BitmapFactory.nativeDecodeStream(Native Method)
02-14 14:11:15.565 D/Bitmap  (  618):       android.graphics.BitmapFactory.decodeStream(BitmapFactory.java:470)
02-14 14:11:15.565 D/Bitmap  (  618):       android.graphics.BitmapFactory.decodeStream(BitmapFactory.java:525)
02-14 14:11:15.575 D/Bitmap  (  618):       com.sprint.zone.http.HttpClient.getPhotoBitmap(HttpClient.java:177)
02-14 14:11:15.575 D/Bitmap  (  618):       com.sprint.zone.UpdateService.updateContent(UpdateService.java:847)
02-14 14:11:15.575 D/Bitmap  (  618):       com.sprint.zone.UpdateService.performUpdate(UpdateService.java:337)
02-14 14:11:15.575 D/Bitmap  (  618):       com.sprint.zone.UpdateService.onHandleIntent(UpdateService.java:219)
02-14 14:11:15.575 D/Bitmap  (  618):       android.app.IntentService$ServiceHandler.handleMessage(IntentService.java:59)
02-14 14:11:15.575 D/Bitmap  (  618):       android.os.Handler.dispatchMessage(Handler.java:99)
02-14 14:11:15.575 D/Bitmap  (  618):       android.os.Looper.loop(Looper.java:130)
02-14 14:11:15.575 D/Bitmap  (  618):       android.os.HandlerThread.run(HandlerThread.java:60)
02-14 14:11:15.575 D/Bitmap  (  618): _
02-14 14:11:16.726 D/Launcher(  419): onSaveInstanceState
02-14 14:11:16.726 D/Launcher(  419): Dissmis Preview for view :null ID:2131230735
02-14 14:11:16.726 D/Launcher(  419): Dissmis Preview for view :null ID:2131230736
02-14 14:11:16.726 D/Launcher(  419): Dissmis Preview for view :null ID:2131230739
02-14 14:11:16.726 D/Launcher(  419): Dissmis Preview for view :null ID:2131230741
02-14 14:11:16.736 D/KeyguardViewMediator(  207): setHidden false
02-14 14:11:16.756 D/KeyguardViewMediator(  207): setHidden false
02-14 14:11:16.756 D/KeyguardViewMediator(  207): setHidden false
02-14 14:11:16.766 D/KeyguardViewMediator(  207): setHidden false
02-14 14:11:16.776 D/KeyguardViewMediator(  207): setHidden false
02-14 14:11:16.796 D/KeyguardViewMediator(  207): setHidden false
02-14 14:11:16.796 D/KeyguardViewMediator(  207): setHidden false
02-14 14:11:16.807 I/hubo    (  207): Activity {com.sprint.zone/com.sprint.zone.PageAlerts}
02-14 14:11:16.837 D/KeyguardViewMediator(  207): setHidden false
02-14 14:11:16.847 D/KeyguardViewMediator(  207): setHidden false
02-14 14:11:16.857 D/KeyguardViewMediator(  207): setHidden false
02-14 14:11:16.867 D/KeyguardViewMediator(  207): setHidden false
02-14 14:11:16.867 D/KeyguardViewMediator(  207): setHidden false
02-14 14:11:16.897 D/KeyguardViewMediator(  207): setHidden false
02-14 14:11:16.907 D/KeyguardViewMediator(  207): setHidden false
02-14 14:11:16.917 D/KeyguardViewMediator(  207): setHidden false
02-14 14:11:16.917 D/KeyguardViewMediator(  207): setHidden false
02-14 14:11:16.927 D/KeyguardViewMediator(  207): setHidden false
02-14 14:11:16.937 D/KeyguardViewMediator(  207): setHidden false
02-14 14:11:16.957 D/KeyguardViewMediator(  207): setHidden false
02-14 14:11:16.957 D/KeyguardViewMediator(  207): setHidden false
02-14 14:11:16.987 D/KeyguardViewMediator(  207): setHidden false
02-14 14:11:17.037 D/KeyguardViewMediator(  207): setHidden false
02-14 14:11:17.037 D/KeyguardViewMediator(  207): setHidden false
02-14 14:11:17.037 I/ActivityManager(  207): Displayed com.sprint.zone/.PageAlerts: +283ms
02-14 14:11:17.037 D/KeyguardViewMediator(  207): setHidden false
02-14 14:11:17.057 D/KeyguardViewMediator(  207): setHidden false
02-14 14:11:17.067 D/KeyguardViewMediator(  207): setHidden false
02-14 14:11:17.087 D/KeyguardViewMediator(  207): setHidden false
02-14 14:11:17.107 D/KeyguardViewMediator(  207): setHidden false
02-14 14:11:17.117 D/KeyguardViewMediator(  207): setHidden false
02-14 14:11:17.137 D/KeyguardViewMediator(  207): setHidden false
02-14 14:11:17.157 D/KeyguardViewMediator(  207): setHidden false
02-14 14:11:17.167 D/KeyguardViewMediator(  207): setHidden false
02-14 14:11:17.187 D/KeyguardViewMediator(  207): setHidden false
02-14 14:11:17.207 D/KeyguardViewMediator(  207): setHidden false
02-14 14:11:17.227 D/KeyguardViewMediator(  207): setHidden false
02-14 14:11:17.237 D/KeyguardViewMediator(  207): setHidden false
02-14 14:11:17.257 D/KeyguardViewMediator(  207): setHidden false
02-14 14:11:17.277 D/KeyguardViewMediator(  207): setHidden false
02-14 14:11:17.287 D/KeyguardViewMediator(  207): setHidden false
02-14 14:11:17.307 D/KeyguardViewMediator(  207): setHidden false
02-14 14:11:17.317 D/KeyguardViewMediator(  207): setHidden false
02-14 14:11:17.337 D/KeyguardViewMediator(  207): setHidden false
02-14 14:11:17.357 D/KeyguardViewMediator(  207): setHidden false
02-14 14:11:17.357 D/KeyguardViewMediator(  207): setHidden false
02-14 14:11:21.581 I/vDM     (  408): KeyCode = 3
02-14 14:11:21.581 I/vDM     (  408): Vdmc getInstance
02-14 14:11:21.581 I/vDM     (  408): Vdmc getInstance
02-14 14:11:21.581 D/DMC     (  408): MyCIMMI getInstance
02-14 14:11:21.581 I/vDM     (  408): Vdmc getInstance
02-14 14:11:21.631 I/wpa_supplicant(  312): State: INACTIVE -> SCANNING
02-14 14:11:21.631 I/wpa_supplicant(  312): CTRL-EVENT-STATE-CHANGE id=-1 state=2 BSSID=00:00:00:00:00:00
02-14 14:11:21.631 D/NetworkStateTracker(  207): setDetailed state, old =IDLE and new state=SCANNING
02-14 14:11:21.691 I/vDM     (  408): KeyCode = 3
02-14 14:11:21.691 I/vDM     (  408): Vdmc getInstance
02-14 14:11:21.691 I/vDM     (  408): Vdmc getInstance
02-14 14:11:21.691 D/DMC     (  408): MyCIMMI getInstance
02-14 14:11:21.691 I/vDM     (  408): Vdmc getInstance
02-14 14:11:21.701 D/Launcher(  419): Closing system Dialogs 
02-14 14:11:21.701 D/Launcher(  419): onNewIntent()android.intent.action.MAIN
02-14 14:11:21.701 D/Launcher(  419): Closing system Dialogs 
02-14 14:11:21.701 D/KeyguardViewMediator(  207): setHidden false
02-14 14:11:21.701 I/hubo    (  207): Activity {com.android.launcher/com.android.launcher2.Launcher}
02-14 14:11:21.711 D/Warhol  (  419): A pack appears to be installed -- skipping Installer
02-14 14:11:21.711 D/KeyguardViewMediator(  207): setHidden false
02-14 14:11:21.721 D/KeyguardViewMediator(  207): setHidden false
02-14 14:11:21.731 D/KeyguardViewMediator(  207): setHidden false
02-14 14:11:21.731 D/KeyguardViewMediator(  207): setHidden false
02-14 14:11:21.741 D/KeyguardViewMediator(  207): setHidden false
02-14 14:11:21.761 D/KeyguardViewMediator(  207): setHidden false
02-14 14:11:21.771 D/KeyguardViewMediator(  207): setHidden false
02-14 14:11:21.791 D/KeyguardViewMediator(  207): setHidden false
02-14 14:11:21.811 D/KeyguardViewMediator(  207): setHidden false
02-14 14:11:21.821 D/KeyguardViewMediator(  207): setHidden false
02-14 14:11:21.841 D/KeyguardViewMediator(  207): setHidden false
02-14 14:11:21.851 D/KeyguardViewMediator(  207): setHidden false
02-14 14:11:21.871 D/KeyguardViewMediator(  207): setHidden false
02-14 14:11:21.891 D/KeyguardViewMediator(  207): setHidden false
02-14 14:11:21.911 D/KeyguardViewMediator(  207): setHidden false
02-14 14:11:21.932 D/KeyguardViewMediator(  207): setHidden false
02-14 14:11:21.952 D/KeyguardViewMediator(  207): setHidden false
02-14 14:11:21.962 D/KeyguardViewMediator(  207): setHidden false
02-14 14:11:21.982 D/KeyguardViewMediator(  207): setHidden false
02-14 14:11:21.992 D/KeyguardViewMediator(  207): setHidden false
02-14 14:11:22.012 D/KeyguardViewMediator(  207): setHidden false
02-14 14:11:22.032 D/KeyguardViewMediator(  207): setHidden false
02-14 14:11:22.052 D/KeyguardViewMediator(  207): setHidden false
02-14 14:11:22.262 D/KeyguardViewMediator(  207): setHidden false
02-14 14:11:22.272 D/KeyguardViewMediator(  207): setHidden false
02-14 14:11:22.292 D/KeyguardViewMediator(  207): setHidden false
02-14 14:11:22.302 D/KeyguardViewMediator(  207): setHidden false
02-14 14:11:22.302 D/KeyguardViewMediator(  207): setHidden false
02-14 14:11:22.312 D/KeyguardViewMediator(  207): setHidden false
02-14 14:11:22.332 D/KeyguardViewMediator(  207): setHidden false
02-14 14:11:22.332 D/KeyguardViewMediator(  207): setHidden false
02-14 14:11:22.342 D/KeyguardViewMediator(  207): setHidden false
02-14 14:11:22.352 D/KeyguardViewMediator(  207): setHidden false
02-14 14:11:22.382 D/KeyguardViewMediator(  207): setHidden false
02-14 14:11:22.382 D/KeyguardViewMediator(  207): setHidden false
02-14 14:11:22.392 D/KeyguardViewMediator(  207): setHidden false
02-14 14:11:22.402 D/KeyguardViewMediator(  207): setHidden false
02-14 14:11:22.422 D/KeyguardViewMediator(  207): setHidden false
02-14 14:11:22.432 D/KeyguardViewMediator(  207): setHidden false
02-14 14:11:22.442 D/KeyguardViewMediator(  207): setHidden false
02-14 14:11:22.442 D/KeyguardViewMediator(  207): setHidden false
02-14 14:11:22.462 D/KeyguardViewMediator(  207): setHidden false
02-14 14:11:22.462 D/KeyguardViewMediator(  207): setHidden false
02-14 14:11:22.472 D/KeyguardViewMediator(  207): setHidden false
02-14 14:11:22.482 D/KeyguardViewMediator(  207): setHidden false
02-14 14:11:22.492 D/KeyguardViewMediator(  207): setHidden false
02-14 14:11:22.492 D/KeyguardViewMediator(  207): setHidden false
02-14 14:11:22.512 D/KeyguardViewMediator(  207): setHidden false
02-14 14:11:22.512 D/KeyguardViewMediator(  207): setHidden false
02-14 14:11:22.522 D/KeyguardViewMediator(  207): setHidden false
02-14 14:11:22.532 D/KeyguardViewMediator(  207): setHidden false
02-14 14:11:22.582 I/wpa_supplicant(  312): State: SCANNING -> INACTIVE
02-14 14:11:22.582 I/wpa_supplicant(  312): CTRL-EVENT-STATE-CHANGE id=-1 state=1 BSSID=00:00:00:00:00:00
02-14 14:11:22.582 I/dun_service(  129): process rmnet event
02-14 14:11:22.582 I/dun_service(  129): Post event 4
02-14 14:11:22.582 I/dun_service(  129): received event: DUN_EVENT_RMNET_UP 
02-14 14:11:22.582 I/dun_service(  129): received event(DUN_EVENT_RMNET_UP) in state(DUN_STATE_USB_UNPLUG)
02-14 14:11:22.582 I/dun_service(  129): Ignoring the event DUN_EVENT_RMNET_UP in USB_UNPLUG_STATE
02-14 14:11:22.582 I/dun_service(  129): Moved to state(DUN_STATE_USB_UNPLUG)
02-14 14:11:22.582 D/NetworkStateTracker(  207): setDetailed state, old =SCANNING and new state=IDLE
02-14 14:11:22.582 D/WifiStateTracker(  207): setNotificationVisible() visible=false mNotificationShown=false force=false return.
02-14 14:11:22.983 D/KeyguardViewMediator(  207): setHidden false
02-14 14:11:22.993 D/Launcher(  419): onSaveInstanceState
02-14 14:11:22.993 D/Launcher(  419): Dissmis Preview for view :null ID:2131230735
02-14 14:11:22.993 D/Launcher(  419): Dissmis Preview for view :null ID:2131230736
02-14 14:11:22.993 D/Launcher(  419): Dissmis Preview for view :null ID:2131230739
02-14 14:11:22.993 D/Launcher(  419): Dissmis Preview for view :null ID:2131230741
02-14 14:11:23.013 D/KeyguardViewMediator(  207): setHidden false
02-14 14:11:23.023 D/KeyguardViewMediator(  207): setHidden false
02-14 14:11:23.023 D/KeyguardViewMediator(  207): setHidden false
02-14 14:11:23.023 D/KeyguardViewMediator(  207): setHidden false
02-14 14:11:23.033 I/hubo    (  207): Activity {com.android.mms/com.android.mms.ui.ComposeMessageActivity}
02-14 14:11:23.053 D/KeyguardViewMediator(  207): setHidden false
02-14 14:11:23.053 D/KeyguardViewMediator(  207): setHidden false
02-14 14:11:23.063 D/KeyguardViewMediator(  207): setHidden false
02-14 14:11:23.063 D/KeyguardViewMediator(  207): setHidden false
02-14 14:11:23.073 D/KeyguardViewMediator(  207): setHidden false
02-14 14:11:23.073 D/KeyguardViewMediator(  207): setHidden false
02-14 14:11:23.083 D/KeyguardViewMediator(  207): setHidden false
02-14 14:11:23.093 D/KeyguardViewMediator(  207): setHidden false
02-14 14:11:23.093 D/KeyguardViewMediator(  207): setHidden false
02-14 14:11:23.103 D/KeyguardViewMediator(  207): setHidden false
02-14 14:11:23.113 D/KeyguardViewMediator(  207): setHidden false
02-14 14:11:23.123 D/KeyguardViewMediator(  207): setHidden false
02-14 14:11:23.123 D/KeyguardViewMediator(  207): setHidden false
02-14 14:11:23.143 D/KeyguardViewMediator(  207): setHidden false
02-14 14:11:23.143 D/KeyguardViewMediator(  207): setHidden false
02-14 14:11:23.153 D/KeyguardViewMediator(  207): setHidden false
02-14 14:11:23.163 D/KeyguardViewMediator(  207): setHidden false
02-14 14:11:23.173 D/KeyguardViewMediator(  207): setHidden false
02-14 14:11:23.173 D/KeyguardViewMediator(  207): setHidden false
02-14 14:11:23.183 D/KeyguardViewMediator(  207): setHidden false
02-14 14:11:23.193 D/KeyguardViewMediator(  207): setHidden false
02-14 14:11:23.213 D/KeyguardViewMediator(  207): setHidden false
02-14 14:11:23.213 D/KeyguardViewMediator(  207): setHidden false
02-14 14:11:23.223 D/KeyguardViewMediator(  207): setHidden false
02-14 14:11:23.223 D/KeyguardViewMediator(  207): setHidden false
02-14 14:11:23.413 D/Mms     ( 1070): [1] Conversation get() RECIPIENT==: 1
02-14 14:11:23.413 D/Mms     ( 1070): [1] Conversation get() DATE==: 1329250234000
02-14 14:11:23.413 W/Mms/cache( 1070): RecipientId 1 not in cache!
02-14 14:11:24.394 D/Mms/compose( 1070): dxf:initCcAndBcc enter 
02-14 14:11:24.394 D/Mms/compose( 1070): dxf:initCcAndBcc exit 
02-14 14:11:24.394 I/Mms/compose( 1070): SLIDESHOW updateSendButtonState enable = true
02-14 14:11:24.394 I/Mms/compose( 1070): SLIDESHOW setSendButtonText isMms = false
02-14 14:11:24.404 I/Mms/compose( 1070): SLIDESHOW setSendButtonText isMms = false
02-14 14:11:24.404 I/Mms/compose( 1070): drawBottomPanel, inputmethod
02-14 14:11:24.404 D/Mms/compose( 1070): lyftest updateOtherAttachmentView
02-14 14:11:24.414 I/Mms/compose( 1070): SLIDESHOW updateSendButtonState enable = true
02-14 14:11:24.414 I/Mms/compose( 1070): SLIDESHOW setSendButtonText isMms = false
02-14 14:11:24.424 I/Mms/compose( 1070): SLIDESHOW setSendButtonText isMms = false
02-14 14:11:24.444 I/Mms/compose( 1070): SLIDESHOW setSendButtonText isMms = false
02-14 14:11:24.444 I/Mms/compose( 1070): drawBottomPanel, inputmethod
02-14 14:11:24.444 D/Mms/compose( 1070): lyftest updateOtherAttachmentView
02-14 14:11:24.444 I/Mms/compose( 1070): SLIDESHOW updateSendButtonState enable = true
02-14 14:11:24.444 I/Mms/compose( 1070): SLIDESHOW setSendButtonText isMms = false
02-14 14:11:24.454 I/Mms/compose( 1070): SLIDESHOW setSendButtonText isMms = false
02-14 14:11:24.454 E/Mms/compose( 1070): In loadMessageContent() after drawBottomPanel()
02-14 14:11:24.474 D/KeyguardViewMediator(  207): setHidden false
02-14 14:11:24.544 D/MessageItem( 1070): MessageItem ,expiryDate = 0
02-14 14:11:24.654 D/TextView( 1070): Bug test dmz  setTextZTE Linkify.addLinksZTE is called  
02-14 14:11:24.684 D/MessageItem( 1070): MessageItem ,expiryDate = 0
02-14 14:11:24.684 D/TextView( 1070): Bug test dmz  setTextZTE Linkify.addLinksZTE is called  
02-14 14:11:24.694 D/MessageItem( 1070): MessageItem ,expiryDate = 0
02-14 14:11:24.704 D/TextView( 1070): Bug test dmz  setTextZTE Linkify.addLinksZTE is called  
02-14 14:11:24.734 D/Mms     ( 1070): [19] markAsRead: update read/seen for thread uri: content://mms-sms/conversations/1
02-14 14:11:24.764 E/Database(  332): Error updating seen=1 read=1 using UPDATE threads SET seen=?, read=? WHERE _id=1
02-14 14:11:24.784 D/Mms:app ( 1070): mCmasCursor.getCount() =0
02-14 14:11:24.784 D/Mms:app ( 1070): in updateCmasNotifications--unreadCMASCursor.getCount() <= 0
02-14 14:11:24.794 D/KeyguardViewMediator(  207): setHidden false
02-14 14:11:24.794 D/KeyguardViewMediator(  207): setHidden false
02-14 14:11:24.794 I/ActivityManager(  207): Displayed com.android.mms/.ui.ComposeMessageActivity: +1s797ms
02-14 14:11:24.804 D/KeyguardViewMediator(  207): setHidden false
02-14 14:11:24.814 D/KeyguardViewMediator(  207): setHidden false
02-14 14:11:24.834 D/KeyguardViewMediator(  207): setHidden false
02-14 14:11:24.844 D/KeyguardViewMediator(  207): setHidden false
02-14 14:11:24.854 D/KeyguardViewMediator(  207): setHidden false
02-14 14:11:24.864 D/KeyguardViewMediator(  207): setHidden false
02-14 14:11:24.864 D/KeyguardViewMediator(  207): setHidden false
02-14 14:11:24.874 D/MessageItem( 1070): MessageItem ,expiryDate = 0
02-14 14:11:24.874 D/TextView( 1070): Bug test dmz  setTextZTE Linkify.addLinksZTE is called  
02-14 14:11:24.874 D/MessageItem( 1070): MessageItem ,expiryDate = 0
02-14 14:11:24.884 D/TextView( 1070): Bug test dmz  setTextZTE Linkify.addLinksZTE is called  
02-14 14:11:24.884 D/KeyguardViewMediator(  207): setHidden false
02-14 14:11:24.894 I/Mms:app ( 1070): pengzhe updateDownloadFailedNotification getDownloadFailedMessageCount =0
02-14 14:11:24.894 D/KeyguardViewMediator(  207): setHidden false
02-14 14:11:24.914 D/MessageItem( 1070): MessageItem ,expiryDate = 0
02-14 14:11:24.914 D/TextView( 1070): Bug test dmz  setTextZTE Linkify.addLinksZTE is called  
02-14 14:11:24.914 D/KeyguardViewMediator(  207): setHidden false
02-14 14:11:24.934 D/KeyguardViewMediator(  207): setHidden false
02-14 14:11:24.954 D/KeyguardViewMediator(  207): setHidden false
02-14 14:11:24.964 D/KeyguardViewMediator(  207): setHidden false
02-14 14:11:24.984 D/KeyguardViewMediator(  207): setHidden false
02-14 14:11:24.994 D/KeyguardViewMediator(  207): setHidden false
02-14 14:11:25.015 D/KeyguardViewMediator(  207): setHidden false
02-14 14:11:25.035 D/KeyguardViewMediator(  207): setHidden false
02-14 14:11:25.045 D/KeyguardViewMediator(  207): setHidden false
02-14 14:11:25.065 D/KeyguardViewMediator(  207): setHidden false
02-14 14:11:25.085 D/KeyguardViewMediator(  207): setHidden false
02-14 14:11:25.095 D/KeyguardViewMediator(  207): setHidden false
02-14 14:11:25.115 D/KeyguardViewMediator(  207): setHidden false
02-14 14:11:25.135 D/KeyguardViewMediator(  207): setHidden false
02-14 14:11:25.135 D/KeyguardViewMediator(  207): setHidden false
02-14 14:11:25.945 I/DATA    (  332): [DCT(0) ] onDataCallListChanged:
02-14 14:11:25.955 I/DATA    (  332): [DCT(0) ] ---dc state list---
02-14 14:11:25.955 I/DATA    (  332): [DCT(0) ] DataCallState: { cid: 0, active: 1, type: , apn: , address: 173.112.252.191 }
02-14 14:11:25.955 I/DATA    (  332): [DCT(0) ] ---dc list---
02-14 14:11:25.955 I/DATA    (  332): [DCT(0) ] cid = 0, state = DcActiveState, bearerType = IP, ipaddress = 173.112.252.191, gw=173.112.252.129, dns=[68.28.67.132, 68.28.68.132]
02-14 14:11:28.308 I/DATA    (  332): [DCT(0) ] onDataCallListChanged:
02-14 14:11:28.308 I/DATA    (  332): [DCT(0) ] ---dc state list---
02-14 14:11:28.308 I/DATA    (  332): [DCT(0) ] DataCallState: { cid: 0, active: 2, type: , apn: , address: 173.112.252.191 }
02-14 14:11:28.308 I/DATA    (  332): [DCT(0) ] ---dc list---
02-14 14:11:28.308 I/DATA    (  332): [DCT(0) ] cid = 0, state = DcActiveState, bearerType = IP, ipaddress = 173.112.252.191, gw=173.112.252.129, dns=[68.28.67.132, 68.28.68.132]
02-14 14:11:28.338 W/AlarmManager(  207): +++Alarm  wakeup phone ,pkg=com.locationlabs.v3client
02-14 14:11:28.338 I/V3Client(  353): got retry intent, retrying c2dm registration
02-14 14:11:28.338 I/V3Client(  353): Registering for push services. email:v3client@location-labs.com
02-14 14:11:28.348 W/AlarmManager(  207): +++alarm onSendFinished ,action=com.locationlabs.v3client.action.RETRY_C2DM_REGISTRATION
02-14 14:11:28.358 E/GTalkService(  387): asyncFetch: no username
02-14 14:11:28.358 D/C2DMRegistrar(  387): [C2DMRegistrar.37] AuthTokenCallback: account missing
02-14 14:11:28.358 I/V3Client(  353): Handling push registration
02-14 14:11:28.358 W/V3Client(  353): C2DM Registration error: ACCOUNT_MISSING
02-14 14:11:28.358 I/V3Client(  353): clearing push registration id
02-14 14:11:28.358 I/V3Client(  353): deleting push id on server
02-14 14:11:28.378 D/AlarmManager(  207): +++Alarm set:type=2 com.locationlabs.v3client  Trigger after:100019ms
02-14 14:11:28.418 D/Bitmap  (  618): Detect unrecycled bitmap.
02-14 14:11:28.418 D/Bitmap  (  618):       Size: 47432 Bytes, Width: 154 , Height: 154 , Hash code: 1079162832
02-14 14:11:28.418 D/Bitmap  (  618):  This bimap was created in:
02-14 14:11:28.418 D/Bitmap  (  618):       android.graphics.Bitmap.<init>(Bitmap.java:136)
02-14 14:11:28.418 D/Bitmap  (  618):       android.graphics.BitmapFactory.nativeDecodeByteArray(Native Method)
02-14 14:11:28.418 D/Bitmap  (  618):       android.graphics.BitmapFactory.decodeByteArray(BitmapFactory.java:405)
02-14 14:11:28.418 D/Bitmap  (  618):       android.graphics.BitmapFactory.decodeByteArray(BitmapFactory.java:418)
02-14 14:11:28.418 D/Bitmap  (  618):       com.sprint.zone.data.DbAdapter.cursorToFeature(DbAdapter.java:1305)
02-14 14:11:28.418 D/Bitmap  (  618):       com.sprint.zone.data.DbAdapter.getPageContent(DbAdapter.java:1242)
02-14 14:11:28.418 D/Bitmap  (  618):       com.sprint.zone.data.DbAdapter.loadGlobalContent(DbAdapter.java:1447)
02-14 14:11:28.418 D/Bitmap  (  618):       com.sprint.zone.UpdateService.publishGlobalContent(UpdateService.java:168)
02-14 14:11:28.418 D/Bitmap  (  618):       com.sprint.zone.UpdateService.onHandleIntent(UpdateService.java:222)
02-14 14:11:28.418 D/Bitmap  (  618):       android.app.IntentService$ServiceHandler.handleMessage(IntentService.java:59)
02-14 14:11:28.418 D/Bitmap  (  618):       android.os.Handler.dispatchMessage(Handler.java:99)
02-14 14:11:28.418 D/Bitmap  (  618):       android.os.Looper.loop(Looper.java:130)
02-14 14:11:28.418 D/Bitmap  (  618):       android.os.HandlerThread.run(HandlerThread.java:60)
02-14 14:11:28.418 D/Bitmap  (  618): _
02-14 14:11:28.418 D/Bitmap  (  618): Detect unrecycled bitmap.
02-14 14:11:28.418 D/Bitmap  (  618):       Size: 181476 Bytes, Width: 213 , Height: 213 , Hash code: 1079264112
02-14 14:11:28.418 D/Bitmap  (  618):  This bimap was created in:
02-14 14:11:28.418 D/Bitmap  (  618):       android.graphics.Bitmap.<init>(Bitmap.java:136)
02-14 14:11:28.418 D/Bitmap  (  618):       android.graphics.BitmapFactory.nativeDecodeByteArray(Native Method)
02-14 14:11:28.418 D/Bitmap  (  618):       android.graphics.BitmapFactory.decodeByteArray(BitmapFactory.java:405)
02-14 14:11:28.418 D/Bitmap  (  618):       android.graphics.BitmapFactory.decodeByteArray(BitmapFactory.java:418)
02-14 14:11:28.418 D/Bitmap  (  618):       com.sprint.zone.data.DbAdapter.cursorToFeature(DbAdapter.java:1305)
02-14 14:11:28.418 D/Bitmap  (  618):       com.sprint.zone.data.DbAdapter.getPageContent(DbAdapter.java:1242)
02-14 14:11:28.418 D/Bitmap  (  618):       com.sprint.zone.data.DbAdapter.loadGlobalContent(DbAdapter.java:1447)
02-14 14:11:28.418 D/Bitmap  (  618):       com.sprint.zone.UpdateService.publishGlobalContent(UpdateService.java:168)
02-14 14:11:28.418 D/Bitmap  (  618):       com.sprint.zone.UpdateService.onHandleIntent(UpdateService.java:222)
02-14 14:11:28.418 D/Bitmap  (  618):       android.app.IntentService$ServiceHandler.handleMessage(IntentService.java:59)
02-14 14:11:28.418 D/Bitmap  (  618):       android.os.Handler.dispatchMessage(Handler.java:99)
02-14 14:11:28.418 D/Bitmap  (  618):       android.os.Looper.loop(Looper.java:130)
02-14 14:11:28.418 D/Bitmap  (  618):       android.os.HandlerThread.run(HandlerThread.java:60)
02-14 14:11:28.418 D/Bitmap  (  618): _
02-14 14:11:28.428 D/Bitmap  (  618): Detect unrecycled bitmap.
02-14 14:11:28.428 D/Bitmap  (  618):       Size: 262144 Bytes, Width: 256 , Height: 256 , Hash code: 1080362296
02-14 14:11:28.428 D/Bitmap  (  618):  This bimap was created in:
02-14 14:11:28.428 D/Bitmap  (  618):       android.graphics.Bitmap.<init>(Bitmap.java:136)
02-14 14:11:28.428 D/Bitmap  (  618):       android.graphics.BitmapFactory.nativeDecodeByteArray(Native Method)
02-14 14:11:28.428 D/Bitmap  (  618):       android.graphics.BitmapFactory.decodeByteArray(BitmapFactory.java:405)
02-14 14:11:28.428 D/Bitmap  (  618):       android.graphics.BitmapFactory.decodeByteArray(BitmapFactory.java:418)
02-14 14:11:28.428 D/Bitmap  (  618):       com.sprint.zone.data.DbAdapter.cursorToFeature(DbAdapter.java:1305)
02-14 14:11:28.428 D/Bitmap  (  618):       com.sprint.zone.data.DbAdapter.getPageContent(DbAdapter.java:1242)
02-14 14:11:28.428 D/Bitmap  (  618):       com.sprint.zone.data.DbAdapter.loadGlobalContent(DbAdapter.java:1447)
02-14 14:11:28.428 D/Bitmap  (  618):       com.sprint.zone.UpdateService.publishGlobalContent(UpdateService.java:168)
02-14 14:11:28.428 D/Bitmap  (  618):       com.sprint.zone.UpdateService.onHandleIntent(UpdateService.java:222)
02-14 14:11:28.428 D/Bitmap  (  618):       android.app.IntentService$ServiceHandler.handleMessage(IntentService.java:59)
02-14 14:11:28.428 D/Bitmap  (  618):       android.os.Handler.dispatchMessage(Handler.java:99)
02-14 14:11:28.428 D/Bitmap  (  618):       android.os.Looper.loop(Looper.java:130)
02-14 14:11:28.428 D/Bitmap  (  618):       android.os.HandlerThread.run(HandlerThread.java:60)
02-14 14:11:28.428 D/Bitmap  (  618): _
02-14 14:11:28.428 D/Bitmap  (  618): Detect unrecycled bitmap.
02-14 14:11:28.428 D/Bitmap  (  618):       Size: 47432 Bytes, Width: 154 , Height: 154 , Hash code: 1080354456
02-14 14:11:28.428 D/Bitmap  (  618):  This bimap was created in:
02-14 14:11:28.428 D/Bitmap  (  618):       android.graphics.Bitmap.<init>(Bitmap.java:136)
02-14 14:11:28.428 D/Bitmap  (  618):       android.graphics.BitmapFactory.nativeDecodeByteArray(Native Method)
02-14 14:11:28.428 D/Bitmap  (  618):       android.graphics.BitmapFactory.decodeByteArray(BitmapFactory.java:405)
02-14 14:11:28.428 D/Bitmap  (  618):       android.graphics.BitmapFactory.decodeByteArray(BitmapFactory.java:418)
02-14 14:11:28.428 D/Bitmap  (  618):       com.sprint.zone.data.DbAdapter.cursorToFeature(DbAdapter.java:1305)
02-14 14:11:28.428 D/Bitmap  (  618):       com.sprint.zone.data.DbAdapter.getPageContent(DbAdapter.java:1242)
02-14 14:11:28.428 D/Bitmap  (  618):       com.sprint.zone.data.DbAdapter.loadGlobalContent(DbAdapter.java:1447)
02-14 14:11:28.428 D/Bitmap  (  618):       com.sprint.zone.UpdateService.publishGlobalContent(UpdateService.java:168)
02-14 14:11:28.428 D/Bitmap  (  618):       com.sprint.zone.UpdateService.onHandleIntent(UpdateService.java:222)
02-14 14:11:28.428 D/Bitmap  (  618):       android.app.IntentService$ServiceHandler.handleMessage(IntentService.java:59)
02-14 14:11:28.428 D/Bitmap  (  618):       android.os.Handler.dispatchMessage(Handler.java:99)
02-14 14:11:28.428 D/Bitmap  (  618):       android.os.Looper.loop(Looper.java:130)
02-14 14:11:28.428 D/Bitmap  (  618):       android.os.HandlerThread.run(HandlerThread.java:60)
02-14 14:11:28.428 D/Bitmap  (  618): _
02-14 14:11:28.428 D/Bitmap  (  618): Detect unrecycled bitmap.
02-14 14:11:28.428 D/Bitmap  (  618):       Size: 262144 Bytes, Width: 256 , Height: 256 , Hash code: 1080348552
02-14 14:11:28.428 D/Bitmap  (  618):  This bimap was created in:
02-14 14:11:28.428 D/Bitmap  (  618):       android.graphics.Bitmap.<init>(Bitmap.java:136)
02-14 14:11:28.428 D/Bitmap  (  618):       android.graphics.BitmapFactory.nativeDecodeByteArray(Native Method)
02-14 14:11:28.428 D/Bitmap  (  618):       android.graphics.BitmapFactory.decodeByteArray(BitmapFactory.java:405)
02-14 14:11:28.438 D/Bitmap  (  618):       android.graphics.BitmapFactory.decodeByteArray(BitmapFactory.java:418)
02-14 14:11:28.438 D/Bitmap  (  618):       com.sprint.zone.data.DbAdapter.cursorToFeature(DbAdapter.java:1305)
02-14 14:11:28.438 D/Bitmap  (  618):       com.sprint.zone.data.DbAdapter.getPageContent(DbAdapter.java:1242)
02-14 14:11:28.438 D/Bitmap  (  618):       com.sprint.zone.data.DbAdapter.loadGlobalContent(DbAdapter.java:1447)
02-14 14:11:28.438 D/Bitmap  (  618):       com.sprint.zone.UpdateService.publishGlobalContent(UpdateService.java:168)
02-14 14:11:28.438 D/Bitmap  (  618):       com.sprint.zone.UpdateService.onHandleIntent(UpdateService.java:222)
02-14 14:11:28.438 D/Bitmap  (  618):       android.app.IntentService$ServiceHandler.handleMessage(IntentService.java:59)
02-14 14:11:28.438 D/Bitmap  (  618):       android.os.Handler.dispatchMessage(Handler.java:99)
02-14 14:11:28.438 D/Bitmap  (  618):       android.os.Looper.loop(Looper.java:130)
02-14 14:11:28.438 D/Bitmap  (  618):       android.os.HandlerThread.run(HandlerThread.java:60)
02-14 14:11:28.438 D/Bitmap  (  618): _
02-14 14:11:28.438 D/Bitmap  (  618): Detect unrecycled bitmap.
02-14 14:11:28.438 D/Bitmap  (  618):       Size: 61504 Bytes, Width: 124 , Height: 124 , Hash code: 1080341832
02-14 14:11:28.438 D/Bitmap  (  618):  This bimap was created in:
02-14 14:11:28.438 D/Bitmap  (  618):       android.graphics.Bitmap.<init>(Bitmap.java:136)
02-14 14:11:28.438 D/Bitmap  (  618):       android.graphics.BitmapFactory.nativeDecodeByteArray(Native Method)
02-14 14:11:28.438 D/Bitmap  (  618):       android.graphics.BitmapFactory.decodeByteArray(BitmapFactory.java:405)
02-14 14:11:28.438 D/Bitmap  (  618):       android.graphics.BitmapFactory.decodeByteArray(BitmapFactory.java:418)
02-14 14:11:28.438 D/Bitmap  (  618):       com.sprint.zone.data.DbAdapter.cursorToFeature(DbAdapter.java:1305)
02-14 14:11:28.438 D/Bitmap  (  618):       com.sprint.zone.data.DbAdapter.getPageContent(DbAdapter.java:1242)
02-14 14:11:28.438 D/Bitmap  (  618):       com.sprint.zone.data.DbAdapter.loadGlobalContent(DbAdapter.java:1447)
02-14 14:11:28.438 D/Bitmap  (  618):       com.sprint.zone.UpdateService.publishGlobalContent(UpdateService.java:168)
02-14 14:11:28.438 D/Bitmap  (  618):       com.sprint.zone.UpdateService.onHandleIntent(UpdateService.java:222)
02-14 14:11:28.438 D/Bitmap  (  618):       android.app.IntentService$ServiceHandler.handleMessage(IntentService.java:59)
02-14 14:11:28.438 D/Bitmap  (  618):       android.os.Handler.dispatchMessage(Handler.java:99)
02-14 14:11:28.438 D/Bitmap  (  618):       android.os.Looper.loop(Looper.java:130)
02-14 14:11:28.438 D/Bitmap  (  618):       android.os.HandlerThread.run(HandlerThread.java:60)
02-14 14:11:28.438 D/Bitmap  (  618): _
02-14 14:11:28.438 D/Bitmap  (  618): Detect unrecycled bitmap.
02-14 14:11:28.438 D/Bitmap  (  618):       Size: 131072 Bytes, Width: 256 , Height: 256 , Hash code: 1079279672
02-14 14:11:28.438 D/Bitmap  (  618):  This bimap was created in:
02-14 14:11:28.438 D/Bitmap  (  618):       android.graphics.Bitmap.<init>(Bitmap.java:136)
02-14 14:11:28.438 D/Bitmap  (  618):       android.graphics.BitmapFactory.nativeDecodeByteArray(Native Method)
02-14 14:11:28.438 D/Bitmap  (  618):       android.graphics.BitmapFactory.decodeByteArray(BitmapFactory.java:405)
02-14 14:11:28.438 D/Bitmap  (  618):       android.graphics.BitmapFactory.decodeByteArray(BitmapFactory.java:418)
02-14 14:11:28.438 D/Bitmap  (  618):       com.sprint.zone.data.DbAdapter.cursorToFeature(DbAdapter.java:1305)
02-14 14:11:28.438 D/Bitmap  (  618):       com.sprint.zone.data.DbAdapter.getPageContent(DbAdapter.java:1242)
02-14 14:11:28.438 D/Bitmap  (  618):       com.sprint.zone.data.DbAdapter.loadGlobalContent(DbAdapter.java:1447)
02-14 14:11:28.438 D/Bitmap  (  618):       com.sprint.zone.UpdateService.publishGlobalContent(UpdateService.java:168)
02-14 14:11:28.438 D/Bitmap  (  618):       com.sprint.zone.UpdateService.onHandleIntent(UpdateService.java:222)
02-14 14:11:28.438 D/Bitmap  (  618):       android.app.IntentService$ServiceHandler.handleMessage(IntentService.java:59)
