02-14 14:12:51.789 D/KeyguardViewMediator(  207): setHidden false
02-14 14:12:51.799 D/KeyguardViewMediator(  207): setHidden false
02-14 14:12:51.809 D/KeyguardViewMediator(  207): setHidden false
02-14 14:12:51.819 D/KeyguardViewMediator(  207): setHidden false
02-14 14:12:51.829 D/KeyguardViewMediator(  207): setHidden false
02-14 14:12:51.889 D/KeyguardViewMediator(  207): setHidden false
02-14 14:12:51.899 D/KeyguardViewMediator(  207): setHidden false
02-14 14:12:51.929 D/KeyguardViewMediator(  207): setHidden false
02-14 14:12:51.939 D/KeyguardViewMediator(  207): setHidden false
02-14 14:12:51.959 D/KeyguardViewMediator(  207): setHidden false
02-14 14:12:51.969 D/KeyguardViewMediator(  207): setHidden false
02-14 14:12:51.979 D/KeyguardViewMediator(  207): setHidden false
02-14 14:12:51.989 D/KeyguardViewMediator(  207): setHidden false
02-14 14:12:52.560 D/KeyguardViewMediator(  207): setHidden false
02-14 14:12:52.570 D/KeyguardViewMediator(  207): setHidden false
02-14 14:12:52.570 D/KeyguardViewMediator(  207): setHidden false
02-14 14:12:52.570 I/hubo    (  207): Activity {com.android.mms/com.android.mms.ui.ComposeMessageActivity}
02-14 14:12:52.580 D/KeyguardViewMediator(  207): setHidden false
02-14 14:12:52.590 D/KeyguardViewMediator(  207): setHidden false
02-14 14:12:52.590 D/KeyguardViewMediator(  207): setHidden false
02-14 14:12:52.590 D/KeyguardViewMediator(  207): setHidden false
02-14 14:12:52.620 I/Mms/compose( 1070): SLIDESHOW setSendButtonText isMms = false
02-14 14:12:52.620 I/Mms/compose( 1070): drawBottomPanel, inputmethod
02-14 14:12:52.620 D/Mms/compose( 1070): lyftest updateOtherAttachmentView
02-14 14:12:52.620 D/KeyguardViewMediator(  207): setHidden false
02-14 14:12:52.630 I/Mms/compose( 1070): SLIDESHOW updateSendButtonState enable = true
02-14 14:12:52.630 I/Mms/compose( 1070): SLIDESHOW setSendButtonText isMms = false
02-14 14:12:52.630 I/Mms/compose( 1070): SLIDESHOW setSendButtonText isMms = false
02-14 14:12:52.630 D/KeyguardViewMediator(  207): setHidden false
02-14 14:12:52.640 D/KeyguardViewMediator(  207): setHidden false
02-14 14:12:52.640 E/Mms/compose( 1070): In loadMessageContent() after drawBottomPanel()
02-14 14:12:52.650 D/KeyguardViewMediator(  207): setHidden false
02-14 14:12:52.650 D/KeyguardViewMediator(  207): setHidden false
02-14 14:12:52.660 D/KeyguardViewMediator(  207): setHidden false
02-14 14:12:52.660 D/KeyguardViewMediator(  207): setHidden false
02-14 14:12:52.670 D/KeyguardViewMediator(  207): setHidden false
02-14 14:12:52.680 D/KeyguardViewMediator(  207): setHidden false
02-14 14:12:52.690 D/KeyguardViewMediator(  207): setHidden false
02-14 14:12:52.690 D/KeyguardViewMediator(  207): setHidden false
02-14 14:12:52.700 D/KeyguardViewMediator(  207): setHidden false
02-14 14:12:52.700 D/KeyguardViewMediator(  207): setHidden false
02-14 14:12:52.710 D/KeyguardViewMediator(  207): setHidden false
02-14 14:12:52.720 D/KeyguardViewMediator(  207): setHidden false
02-14 14:12:52.730 D/KeyguardViewMediator(  207): setHidden false
02-14 14:12:52.740 D/KeyguardViewMediator(  207): setHidden false
02-14 14:12:52.740 D/MessageItem( 1070): MessageItem ,expiryDate = 0
02-14 14:12:52.740 D/KeyguardViewMediator(  207): setHidden false
02-14 14:12:52.750 D/KeyguardViewMediator(  207): setHidden false
02-14 14:12:52.760 D/KeyguardViewMediator(  207): setHidden false
02-14 14:12:52.770 D/TextView( 1070): Bug test dmz  setTextZTE Linkify.addLinksZTE is called  
02-14 14:12:52.770 D/KeyguardViewMediator(  207): setHidden false
02-14 14:12:52.780 D/KeyguardViewMediator(  207): setHidden false
02-14 14:12:52.790 D/KeyguardViewMediator(  207): setHidden false
02-14 14:12:52.850 D/MessageItem( 1070): MessageItem ,expiryDate = 0
02-14 14:12:52.850 D/TextView( 1070): Bug test dmz  setTextZTE Linkify.addLinksZTE is called  
02-14 14:12:52.870 D/MessageItem( 1070): MessageItem ,expiryDate = 0
02-14 14:12:52.870 D/TextView( 1070): Bug test dmz  setTextZTE Linkify.addLinksZTE is called  
02-14 14:12:52.900 D/KeyguardViewMediator(  207): setHidden false
02-14 14:12:52.910 D/KeyguardViewMediator(  207): setHidden false
02-14 14:12:52.910 D/KeyguardViewMediator(  207): setHidden false
02-14 14:12:52.920 D/KeyguardViewMediator(  207): setHidden false
02-14 14:12:52.930 D/KeyguardViewMediator(  207): setHidden false
02-14 14:12:52.950 D/KeyguardViewMediator(  207): setHidden false
02-14 14:12:52.960 D/Mms     ( 1070): [32] markAsRead: update read/seen for thread uri: content://mms-sms/conversations/1
02-14 14:12:52.960 E/Database(  332): Error updating seen=1 read=1 using UPDATE threads SET seen=?, read=? WHERE _id=1
02-14 14:12:52.970 D/KeyguardViewMediator(  207): setHidden false
02-14 14:12:52.980 D/KeyguardViewMediator(  207): setHidden false
02-14 14:12:52.980 D/Mms:app ( 1070): mCmasCursor.getCount() =0
02-14 14:12:52.980 D/Mms:app ( 1070): in updateCmasNotifications--unreadCMASCursor.getCount() <= 0
02-14 14:12:53.000 D/KeyguardViewMediator(  207): setHidden false
02-14 14:12:53.010 I/Mms:app ( 1070): pengzhe updateDownloadFailedNotification getDownloadFailedMessageCount =0
02-14 14:12:53.020 D/KeyguardViewMediator(  207): setHidden false
02-14 14:12:53.030 D/KeyguardViewMediator(  207): setHidden false
02-14 14:12:53.050 D/KeyguardViewMediator(  207): setHidden false
02-14 14:12:53.060 D/KeyguardViewMediator(  207): setHidden false
02-14 14:12:53.060 D/KeyguardViewMediator(  207): setHidden false
02-14 14:12:53.070 D/KeyguardViewMediator(  207): setHidden false
02-14 14:12:53.080 D/KeyguardViewMediator(  207): setHidden false
02-14 14:12:53.090 D/MessageItem( 1070): MessageItem ,expiryDate = 0
02-14 14:12:53.090 D/TextView( 1070): Bug test dmz  setTextZTE Linkify.addLinksZTE is called  
02-14 14:12:53.100 D/MessageItem( 1070): MessageItem ,expiryDate = 0
02-14 14:12:53.100 D/TextView( 1070): Bug test dmz  setTextZTE Linkify.addLinksZTE is called  
02-14 14:12:53.110 D/MessageItem( 1070): MessageItem ,expiryDate = 0
02-14 14:12:53.110 D/TextView( 1070): Bug test dmz  setTextZTE Linkify.addLinksZTE is called  
02-14 14:12:53.821 D/Mms:app ( 1070): mCmasCursor.getCount() =0
02-14 14:12:53.821 D/Mms:app ( 1070): in updateCmasNotifications--unreadCMASCursor.getCount() <= 0
02-14 14:12:53.841 I/Mms:app ( 1070): pengzhe updateDownloadFailedNotification getDownloadFailedMessageCount =0
02-14 14:12:53.991 D/KeyguardViewMediator(  207): setHidden false
02-14 14:12:54.011 D/KeyguardViewMediator(  207): setHidden false
02-14 14:12:54.011 D/KeyguardViewMediator(  207): setHidden false
02-14 14:12:54.031 D/KeyguardViewMediator(  207): setHidden false
02-14 14:12:54.031 D/KeyguardViewMediator(  207): setHidden false
02-14 14:12:54.031 D/KeyguardViewMediator(  207): setHidden false
02-14 14:12:54.051 D/KeyguardViewMediator(  207): setHidden false
02-14 14:12:54.061 D/KeyguardViewMediator(  207): setHidden false
02-14 14:12:54.071 D/MessageItem( 1070): MessageItem ,expiryDate = 0
02-14 14:12:54.081 D/KeyguardViewMediator(  207): setHidden false
02-14 14:12:54.081 D/KeyguardViewMediator(  207): setHidden false
02-14 14:12:54.091 D/TextView( 1070): Bug test dmz  setTextZTE Linkify.addLinksZTE is called  
02-14 14:12:54.101 D/KeyguardViewMediator(  207): setHidden false
02-14 14:12:54.101 D/KeyguardViewMediator(  207): setHidden false
02-14 14:12:54.111 D/TextView( 1070): Bug test dmz  setTextZTE Linkify.addLinksZTE is called  
02-14 14:12:54.121 D/KeyguardViewMediator(  207): setHidden false
02-14 14:12:54.131 D/KeyguardViewMediator(  207): setHidden false
02-14 14:12:54.141 D/KeyguardViewMediator(  207): setHidden false
02-14 14:12:54.151 D/KeyguardViewMediator(  207): setHidden false
02-14 14:12:54.171 D/KeyguardViewMediator(  207): setHidden false
02-14 14:12:54.182 D/KeyguardViewMediator(  207): setHidden false
02-14 14:12:54.202 D/KeyguardViewMediator(  207): setHidden false
02-14 14:12:54.222 D/KeyguardViewMediator(  207): setHidden false
02-14 14:12:54.232 D/KeyguardViewMediator(  207): setHidden false
02-14 14:12:54.252 D/KeyguardViewMediator(  207): setHidden false
02-14 14:12:54.262 D/KeyguardViewMediator(  207): setHidden false
02-14 14:12:54.282 D/KeyguardViewMediator(  207): setHidden false
02-14 14:12:54.302 D/KeyguardViewMediator(  207): setHidden false
02-14 14:12:54.312 D/KeyguardViewMediator(  207): setHidden false
02-14 14:12:54.332 D/KeyguardViewMediator(  207): setHidden false
02-14 14:12:54.342 D/KeyguardViewMediator(  207): setHidden false
02-14 14:12:54.362 D/KeyguardViewMediator(  207): setHidden false
02-14 14:12:54.382 D/KeyguardViewMediator(  207): setHidden false
02-14 14:12:54.392 D/KeyguardViewMediator(  207): setHidden false
02-14 14:12:54.412 D/KeyguardViewMediator(  207): setHidden false
02-14 14:12:54.432 D/KeyguardViewMediator(  207): setHidden false
02-14 14:12:54.442 D/KeyguardViewMediator(  207): setHidden false
02-14 14:12:55.403 D/KeyguardViewMediator(  207): setHidden false
02-14 14:12:55.413 D/KeyguardViewMediator(  207): setHidden false
02-14 14:12:55.433 D/KeyguardViewMediator(  207): setHidden false
02-14 14:12:55.513 I/Mms/compose( 1070): SLIDESHOW updateSendButtonState enable = true
02-14 14:12:55.513 I/Mms/compose( 1070): SLIDESHOW setSendButtonText isMms = false
02-14 14:12:55.513 I/Mms/compose( 1070): SLIDESHOW setSendButtonText isMms = false
02-14 14:12:55.523 D/KeyguardViewMediator(  207): setHidden false
02-14 14:12:55.543 D/KeyguardViewMediator(  207): setHidden false
02-14 14:12:55.543 D/KeyguardViewMediator(  207): setHidden false
02-14 14:12:55.563 D/KeyguardViewMediator(  207): setHidden false
02-14 14:12:55.573 D/KeyguardViewMediator(  207): setHidden false
02-14 14:12:55.593 D/KeyguardViewMediator(  207): setHidden false
02-14 14:12:55.613 D/KeyguardViewMediator(  207): setHidden false
02-14 14:12:55.623 D/KeyguardViewMediator(  207): setHidden false
02-14 14:12:55.643 D/KeyguardViewMediator(  207): setHidden false
02-14 14:12:55.643 D/KeyguardViewMediator(  207): setHidden false
02-14 14:12:55.653 D/KeyguardViewMediator(  207): setHidden false
02-14 14:12:55.663 D/KeyguardViewMediator(  207): setHidden false
02-14 14:12:55.673 D/KeyguardViewMediator(  207): setHidden false
02-14 14:12:55.673 D/KeyguardViewMediator(  207): setHidden false
02-14 14:12:55.683 D/KeyguardViewMediator(  207): setHidden false
02-14 14:12:55.703 D/KeyguardViewMediator(  207): setHidden false
02-14 14:12:55.723 D/KeyguardViewMediator(  207): setHidden false
02-14 14:12:55.733 D/KeyguardViewMediator(  207): setHidden false
02-14 14:12:55.743 I/Mms/compose( 1070): SLIDESHOW updateSendButtonState enable = true
02-14 14:12:55.743 I/Mms/compose( 1070): SLIDESHOW setSendButtonText isMms = false
02-14 14:12:55.743 I/Mms/compose( 1070): SLIDESHOW setSendButtonText isMms = false
02-14 14:12:55.753 D/KeyguardViewMediator(  207): setHidden false
02-14 14:12:55.763 D/KeyguardViewMediator(  207): setHidden false
02-14 14:12:55.763 D/KeyguardViewMediator(  207): setHidden false
02-14 14:12:55.783 D/KeyguardViewMediator(  207): setHidden false
02-14 14:12:55.803 D/KeyguardViewMediator(  207): setHidden false
02-14 14:12:55.823 D/KeyguardViewMediator(  207): setHidden false
02-14 14:12:55.833 D/KeyguardViewMediator(  207): setHidden false
02-14 14:12:55.853 D/KeyguardViewMediator(  207): setHidden false
02-14 14:12:55.873 D/KeyguardViewMediator(  207): setHidden false
02-14 14:12:56.143 D/KeyguardViewMediator(  207): setHidden false
02-14 14:12:56.163 D/KeyguardViewMediator(  207): setHidden false
02-14 14:12:56.173 D/KeyguardViewMediator(  207): setHidden false
02-14 14:12:56.223 I/Mms/compose( 1070): SLIDESHOW updateSendButtonState enable = true
02-14 14:12:56.223 I/Mms/compose( 1070): SLIDESHOW setSendButtonText isMms = false
02-14 14:12:56.223 I/Mms/compose( 1070): SLIDESHOW setSendButtonText isMms = false
02-14 14:12:56.234 D/KeyguardViewMediator(  207): setHidden false
02-14 14:12:56.254 D/KeyguardViewMediator(  207): setHidden false
02-14 14:12:56.274 D/KeyguardViewMediator(  207): setHidden false
02-14 14:12:56.284 D/KeyguardViewMediator(  207): setHidden false
02-14 14:12:56.304 D/KeyguardViewMediator(  207): setHidden false
02-14 14:12:56.324 D/KeyguardViewMediator(  207): setHidden false
02-14 14:12:56.334 D/KeyguardViewMediator(  207): setHidden false
02-14 14:12:56.344 D/KeyguardViewMediator(  207): setHidden false
02-14 14:12:56.574 D/KeyguardViewMediator(  207): setHidden false
02-14 14:12:56.594 D/KeyguardViewMediator(  207): setHidden false
02-14 14:12:56.614 D/KeyguardViewMediator(  207): setHidden false
02-14 14:12:56.654 I/Mms/compose( 1070): SLIDESHOW updateSendButtonState enable = true
02-14 14:12:56.654 I/Mms/compose( 1070): SLIDESHOW setSendButtonText isMms = false
02-14 14:12:56.654 I/Mms/compose( 1070): SLIDESHOW setSendButtonText isMms = false
02-14 14:12:56.674 D/KeyguardViewMediator(  207): setHidden false
02-14 14:12:56.684 D/KeyguardViewMediator(  207): setHidden false
02-14 14:12:56.704 D/KeyguardViewMediator(  207): setHidden false
02-14 14:12:56.724 D/KeyguardViewMediator(  207): setHidden false
02-14 14:12:56.744 D/KeyguardViewMediator(  207): setHidden false
02-14 14:12:56.754 D/KeyguardViewMediator(  207): setHidden false
02-14 14:12:56.764 D/KeyguardViewMediator(  207): setHidden false
02-14 14:12:56.794 D/KeyguardViewMediator(  207): setHidden false
02-14 14:12:56.964 D/KeyguardViewMediator(  207): setHidden false
02-14 14:12:56.984 D/KeyguardViewMediator(  207): setHidden false
02-14 14:12:56.994 D/KeyguardViewMediator(  207): setHidden false
02-14 14:12:57.405 D/KeyguardViewMediator(  207): setHidden false
02-14 14:12:57.435 D/KeyguardViewMediator(  207): setHidden false
02-14 14:12:57.445 D/KeyguardViewMediator(  207): setHidden false
02-14 14:12:57.455 D/KeyguardViewMediator(  207): setHidden false
02-14 14:12:57.465 D/KeyguardViewMediator(  207): setHidden false
02-14 14:12:57.485 D/KeyguardViewMediator(  207): setHidden false
02-14 14:12:57.495 D/KeyguardViewMediator(  207): setHidden false
02-14 14:12:57.515 D/KeyguardViewMediator(  207): setHidden false
02-14 14:12:57.535 D/KeyguardViewMediator(  207): setHidden false
02-14 14:12:57.535 D/KeyguardViewMediator(  207): setHidden false
02-14 14:12:57.565 I/wpa_supplicant(  312): State: INACTIVE -> SCANNING
02-14 14:12:57.565 I/wpa_supplicant(  312): CTRL-EVENT-STATE-CHANGE id=-1 state=2 BSSID=00:00:00:00:00:00
02-14 14:12:57.565 D/NetworkStateTracker(  207): setDetailed state, old =IDLE and new state=SCANNING
02-14 14:12:57.635 I/Mms/compose( 1070): SLIDESHOW updateSendButtonState enable = true
02-14 14:12:57.635 I/Mms/compose( 1070): SLIDESHOW setSendButtonText isMms = false
02-14 14:12:57.635 I/Mms/compose( 1070): SLIDESHOW setSendButtonText isMms = false
02-14 14:12:57.645 I/Mms/compose( 1070): SLIDESHOW updateSendButtonState enable = true
02-14 14:12:57.645 I/Mms/compose( 1070): SLIDESHOW setSendButtonText isMms = false
02-14 14:12:57.645 I/Mms/compose( 1070): SLIDESHOW setSendButtonText isMms = false
02-14 14:12:57.685 D/KeyguardViewMediator(  207): setHidden false
02-14 14:12:57.695 D/KeyguardViewMediator(  207): setHidden false
02-14 14:12:57.715 D/KeyguardViewMediator(  207): setHidden false
02-14 14:12:57.725 D/KeyguardViewMediator(  207): setHidden false
02-14 14:12:57.755 D/KeyguardViewMediator(  207): setHidden false
02-14 14:12:57.765 D/KeyguardViewMediator(  207): setHidden false
02-14 14:12:57.775 D/KeyguardViewMediator(  207): setHidden false
02-14 14:12:57.785 D/KeyguardViewMediator(  207): setHidden false
02-14 14:12:58.035 D/KeyguardViewMediator(  207): setHidden false
02-14 14:12:58.055 D/KeyguardViewMediator(  207): setHidden false
02-14 14:12:58.065 D/KeyguardViewMediator(  207): setHidden false
02-14 14:12:58.145 I/Mms/compose( 1070): SLIDESHOW updateSendButtonState enable = true
02-14 14:12:58.145 I/Mms/compose( 1070): SLIDESHOW setSendButtonText isMms = false
02-14 14:12:58.145 I/Mms/compose( 1070): SLIDESHOW setSendButtonText isMms = false
02-14 14:12:58.155 D/KeyguardViewMediator(  207): setHidden false
02-14 14:12:58.175 D/KeyguardViewMediator(  207): setHidden false
02-14 14:12:58.195 D/KeyguardViewMediator(  207): setHidden false
02-14 14:12:58.205 D/KeyguardViewMediator(  207): setHidden false
02-14 14:12:58.225 D/KeyguardViewMediator(  207): setHidden false
02-14 14:12:58.245 D/KeyguardViewMediator(  207): setHidden false
02-14 14:12:58.255 D/KeyguardViewMediator(  207): setHidden false
02-14 14:12:58.265 D/KeyguardViewMediator(  207): setHidden false
02-14 14:12:58.516 I/dun_service(  129): process rmnet event
02-14 14:12:58.516 I/wpa_supplicant(  312): State: SCANNING -> INACTIVE
02-14 14:12:58.516 I/wpa_supplicant(  312): CTRL-EVENT-STATE-CHANGE id=-1 state=1 BSSID=00:00:00:00:00:00
02-14 14:12:58.516 I/dun_service(  129): Post event 4
02-14 14:12:58.516 I/dun_service(  129): received event: DUN_EVENT_RMNET_UP 
02-14 14:12:58.516 I/dun_service(  129): received event(DUN_EVENT_RMNET_UP) in state(DUN_STATE_USB_UNPLUG)
02-14 14:12:58.516 I/dun_service(  129): Ignoring the event DUN_EVENT_RMNET_UP in USB_UNPLUG_STATE
02-14 14:12:58.516 I/dun_service(  129): Moved to state(DUN_STATE_USB_UNPLUG)
02-14 14:12:58.516 D/NetworkStateTracker(  207): setDetailed state, old =SCANNING and new state=IDLE
02-14 14:12:58.516 D/WifiStateTracker(  207): setNotificationVisible() visible=false mNotificationShown=false force=false return.
02-14 14:12:58.526 D/KeyguardViewMediator(  207): setHidden false
02-14 14:12:58.536 D/KeyguardViewMediator(  207): setHidden false
02-14 14:12:58.546 D/KeyguardViewMediator(  207): setHidden false
02-14 14:12:58.576 I/Mms/compose( 1070): SLIDESHOW updateSendButtonState enable = true
02-14 14:12:58.576 I/Mms/compose( 1070): SLIDESHOW setSendButtonText isMms = false
02-14 14:12:58.576 I/Mms/compose( 1070): SLIDESHOW setSendButtonText isMms = false
02-14 14:12:58.596 D/KeyguardViewMediator(  207): setHidden false
02-14 14:12:58.616 D/KeyguardViewMediator(  207): setHidden false
02-14 14:12:58.626 D/KeyguardViewMediator(  207): setHidden false
02-14 14:12:58.646 D/KeyguardViewMediator(  207): setHidden false
02-14 14:12:58.666 D/KeyguardViewMediator(  207): setHidden false
02-14 14:12:58.676 D/KeyguardViewMediator(  207): setHidden false
02-14 14:12:58.696 D/KeyguardViewMediator(  207): setHidden false
02-14 14:12:58.706 D/KeyguardViewMediator(  207): setHidden false
02-14 14:12:58.786 D/KeyguardViewMediator(  207): setHidden false
02-14 14:12:58.806 D/KeyguardViewMediator(  207): setHidden false
02-14 14:12:58.826 D/KeyguardViewMediator(  207): setHidden false
02-14 14:12:58.906 I/Mms/compose( 1070): SLIDESHOW updateSendButtonState enable = true
02-14 14:12:58.906 I/Mms/compose( 1070): SLIDESHOW setSendButtonText isMms = false
02-14 14:12:58.906 I/Mms/compose( 1070): SLIDESHOW setSendButtonText isMms = false
02-14 14:12:58.916 D/KeyguardViewMediator(  207): setHidden false
02-14 14:12:58.936 D/KeyguardViewMediator(  207): setHidden false
02-14 14:12:58.956 D/KeyguardViewMediator(  207): setHidden false
02-14 14:12:58.966 D/KeyguardViewMediator(  207): setHidden false
02-14 14:12:58.986 D/KeyguardViewMediator(  207): setHidden false
02-14 14:12:58.986 D/KeyguardViewMediator(  207): setHidden false
02-14 14:12:59.006 D/KeyguardViewMediator(  207): setHidden false
02-14 14:12:59.006 D/KeyguardViewMediator(  207): setHidden false
02-14 14:12:59.006 D/KeyguardViewMediator(  207): setHidden false
02-14 14:12:59.056 I/Mms/compose( 1070): SLIDESHOW updateSendButtonState enable = true
02-14 14:12:59.056 I/Mms/compose( 1070): SLIDESHOW setSendButtonText isMms = false
02-14 14:12:59.056 I/Mms/compose( 1070): SLIDESHOW setSendButtonText isMms = false
02-14 14:12:59.076 D/KeyguardViewMediator(  207): setHidden false
02-14 14:12:59.086 D/KeyguardViewMediator(  207): setHidden false
02-14 14:12:59.116 D/KeyguardViewMediator(  207): setHidden false
02-14 14:12:59.126 D/KeyguardViewMediator(  207): setHidden false
02-14 14:12:59.146 D/KeyguardViewMediator(  207): setHidden false
02-14 14:12:59.156 D/KeyguardViewMediator(  207): setHidden false
02-14 14:12:59.176 D/KeyguardViewMediator(  207): setHidden false
02-14 14:12:59.196 D/KeyguardViewMediator(  207): setHidden false
02-14 14:12:59.226 D/DATA    (  332): [DSST(0)] pollstate() : reason = data network state changed
02-14 14:12:59.307 D/MobileDataStateTracker(  207): [hipri]  MobileDataStateReceiver onReceive(): Entry.
02-14 14:12:59.307 D/MobileDataStateTracker(  207): [hipri]  intent.getAction()= android.intent.action.SERVICE_STATE
02-14 14:12:59.307 D/MobileDataStateTracker(  207): [hipri]  mEnabled = false
02-14 14:12:59.307 D/MobileDataStateTracker(  207): [dun]  MobileDataStateReceiver onReceive(): Entry.
02-14 14:12:59.307 D/MobileDataStateTracker(  207): [dun]  intent.getAction()= android.intent.action.SERVICE_STATE
02-14 14:12:59.307 D/MobileDataStateTracker(  207): [dun]  mEnabled = false
02-14 14:12:59.317 D/Mms     ( 1070): currentRoamingStatus:1
02-14 14:12:59.317 D/MobileDataStateTracker(  207): [supl]  MobileDataStateReceiver onReceive(): Entry.
02-14 14:12:59.317 D/MobileDataStateTracker(  207): [supl]  intent.getAction()= android.intent.action.SERVICE_STATE
02-14 14:12:59.317 D/MobileDataStateTracker(  207): [supl]  mEnabled = false
02-14 14:12:59.317 D/MobileDataStateTracker(  207): [mms]  MobileDataStateReceiver onReceive(): Entry.
02-14 14:12:59.317 D/MobileDataStateTracker(  207): [mms]  intent.getAction()= android.intent.action.SERVICE_STATE
02-14 14:12:59.317 D/MobileDataStateTracker(  207): [mms]  mEnabled = false
02-14 14:12:59.317 D/MobileDataStateTracker(  207): [default]  MobileDataStateReceiver onReceive(): Entry.
02-14 14:12:59.317 D/MobileDataStateTracker(  207): [default]  intent.getAction()= android.intent.action.SERVICE_STATE
02-14 14:12:59.317 D/MobileDataStateTracker(  207): [default]  mEnabled = true
02-14 14:12:59.327 D/KeyguardViewMediator(  207): setHidden false
02-14 14:12:59.327 D/CallManager(  332):  handleMessage (EVENT_SERVICE_STATE_CHANGED)
02-14 14:12:59.337 E/BT HS/HF(  332): SERVICE_STATE_CHANGED called
02-14 14:12:59.337 E/BT HS/HF(  332): updateServiceState called, sendUpdate:false  ServiceState:0 home Sprint  310099  EvDo rev. A CSS not supported 41 4139RoamInd: 1RoamStatus(sprint): 1DefRoamInd: 160EmergOnly: false
02-14 14:12:59.337 E/BT HS/HF(  332): service:1 mService:1
02-14 14:12:59.337 D/DATA    (  332): [DSST(0)]  registrationState = 1  radioTechnology = 8 reasonForDenial = 0
02-14 14:12:59.337 D/DATA    (  332): [DSST(0)]  set mNewDataConnectionState = 0
02-14 14:12:59.337 D/DATA    (  332): [DSST(0)]  mNewDataConnectionState : 0  mDataConnectionState : 0
02-14 14:12:59.337 D/DATA    (  332): [DSST(0)] Poll ServiceState done: oldSS=[0 home null null null  EvDo rev. A CSS not supported -1 -1RoamInd: -1RoamStatus(sprint): -1DefRoamInd: -1EmergOnly: false] newSS=[0 home null null null  EvDo rev. A CSS not supported -1 -1RoamInd: -1RoamStatus(sprint): -1DefRoamInd: -1EmergOnly: false]
02-14 14:12:59.337 D/DATA    (  332): [DSST(0)]  mDataConnectionState = 0
02-14 14:12:59.347 D/KeyguardViewMediator(  207): setHidden false
02-14 14:12:59.367 D/KeyguardViewMediator(  207): setHidden false
02-14 14:12:59.437 I/Mms/compose( 1070): SLIDESHOW updateSendButtonState enable = true
02-14 14:12:59.437 I/Mms/compose( 1070): SLIDESHOW setSendButtonText isMms = false
02-14 14:12:59.437 I/Mms/compose( 1070): SLIDESHOW setSendButtonText isMms = false
02-14 14:12:59.447 I/Mms/compose( 1070): SLIDESHOW updateSendButtonState enable = true
02-14 14:12:59.447 I/Mms/compose( 1070): SLIDESHOW setSendButtonText isMms = false
02-14 14:12:59.447 I/Mms/compose( 1070): SLIDESHOW setSendButtonText isMms = false
02-14 14:12:59.467 D/KeyguardViewMediator(  207): setHidden false
02-14 14:12:59.477 D/KeyguardViewMediator(  207): setHidden false
02-14 14:12:59.497 D/KeyguardViewMediator(  207): setHidden false
02-14 14:12:59.517 D/KeyguardViewMediator(  207): setHidden false
02-14 14:12:59.537 D/KeyguardViewMediator(  207): setHidden false
02-14 14:12:59.547 D/KeyguardViewMediator(  207): setHidden false
02-14 14:12:59.557 D/KeyguardViewMediator(  207): setHidden false
02-14 14:12:59.567 D/KeyguardViewMediator(  207): setHidden false
02-14 14:12:59.747 I/dun_service(  129): The value returned from dun_getusbmodemstate_fromsys is 2 
02-14 14:12:59.757 D/KeyguardUpdateMonitor(  207): received broadcast android.intent.action.BATTERY_CHANGED
02-14 14:12:59.757 D/KeyguardUpdateMonitor(  207): handleBatteryUpdate
02-14 14:12:59.787 D/KeyguardViewMediator(  207): setHidden false
02-14 14:12:59.797 D/KeyguardViewMediator(  207): setHidden false
02-14 14:12:59.807 D/KeyguardViewMediator(  207): setHidden false
02-14 14:12:59.837 I/Mms/compose( 1070): SLIDESHOW updateSendButtonState enable = true
02-14 14:12:59.837 I/Mms/compose( 1070): SLIDESHOW setSendButtonText isMms = false
02-14 14:12:59.837 I/Mms/compose( 1070): SLIDESHOW setSendButtonText isMms = false
02-14 14:12:59.857 D/KeyguardViewMediator(  207): setHidden false
02-14 14:12:59.867 D/KeyguardViewMediator(  207): setHidden false
02-14 14:12:59.887 D/KeyguardViewMediator(  207): setHidden false
02-14 14:12:59.907 D/KeyguardViewMediator(  207): setHidden false
02-14 14:12:59.917 D/KeyguardViewMediator(  207): setHidden false
02-14 14:12:59.937 D/KeyguardViewMediator(  207): setHidden false
02-14 14:12:59.957 D/KeyguardViewMediator(  207): setHidden false
02-14 14:12:59.957 D/KeyguardViewMediator(  207): setHidden false
02-14 14:12:59.967 D/KeyguardViewMediator(  207): setHidden false
02-14 14:12:59.987 D/KeyguardViewMediator(  207): setHidden false
02-14 14:12:59.997 D/KeyguardUpdateMonitor(  207): received broadcast android.intent.action.TIME_TICK
02-14 14:12:59.997 D/KeyguardUpdateMonitor(  207): handleTimeUpdate
02-14 14:13:00.037 I/Mms/compose( 1070): SLIDESHOW updateSendButtonState enable = true
02-14 14:13:00.037 I/Mms/compose( 1070): SLIDESHOW setSendButtonText isMms = false
02-14 14:13:00.037 I/Mms/compose( 1070): SLIDESHOW setSendButtonText isMms = false
02-14 14:13:00.047 D/KeyguardViewMediator(  207): setHidden false
02-14 14:13:00.067 D/KeyguardViewMediator(  207): setHidden false
02-14 14:13:00.087 D/KeyguardViewMediator(  207): setHidden false
02-14 14:13:00.097 D/KeyguardViewMediator(  207): setHidden false
02-14 14:13:00.117 D/KeyguardViewMediator(  207): setHidden false
02-14 14:13:00.127 D/KeyguardViewMediator(  207): setHidden false
02-14 14:13:00.137 D/KeyguardViewMediator(  207): setHidden false
02-14 14:13:00.137 D/KeyguardViewMediator(  207): setHidden false
02-14 14:13:00.137 D/KeyguardViewMediator(  207): setHidden false
02-14 14:13:00.157 D/KeyguardViewMediator(  207): setHidden false
02-14 14:13:00.197 I/Mms/compose( 1070): SLIDESHOW updateSendButtonState enable = true
02-14 14:13:00.197 I/Mms/compose( 1070): SLIDESHOW setSendButtonText isMms = false
02-14 14:13:00.197 I/Mms/compose( 1070): SLIDESHOW setSendButtonText isMms = false
02-14 14:13:00.217 D/KeyguardViewMediator(  207): setHidden false
02-14 14:13:00.227 D/KeyguardViewMediator(  207): setHidden false
02-14 14:13:00.247 D/KeyguardViewMediator(  207): setHidden false
02-14 14:13:00.267 D/KeyguardViewMediator(  207): setHidden false
02-14 14:13:00.277 D/KeyguardViewMediator(  207): setHidden false
02-14 14:13:00.297 D/KeyguardViewMediator(  207): setHidden false
02-14 14:13:00.307 D/KeyguardViewMediator(  207): setHidden false
02-14 14:13:00.327 D/KeyguardViewMediator(  207): setHidden false
02-14 14:13:00.438 D/KeyguardViewMediator(  207): setHidden false
02-14 14:13:00.448 D/KeyguardViewMediator(  207): setHidden false
02-14 14:13:00.458 D/KeyguardViewMediator(  207): setHidden false
02-14 14:13:00.548 I/Mms/compose( 1070): SLIDESHOW updateSendButtonState enable = true
02-14 14:13:00.548 I/Mms/compose( 1070): SLIDESHOW setSendButtonText isMms = false
02-14 14:13:00.558 I/Mms/compose( 1070): SLIDESHOW setSendButtonText isMms = false
02-14 14:13:00.558 I/Mms/compose( 1070): SLIDESHOW updateSendButtonState enable = true
02-14 14:13:00.558 I/Mms/compose( 1070): SLIDESHOW setSendButtonText isMms = false
02-14 14:13:00.568 I/Mms/compose( 1070): SLIDESHOW setSendButtonText isMms = false
02-14 14:13:00.578 D/KeyguardViewMediator(  207): setHidden false
02-14 14:13:00.598 D/KeyguardViewMediator(  207): setHidden false
02-14 14:13:00.618 D/KeyguardViewMediator(  207): setHidden false
02-14 14:13:00.628 D/KeyguardViewMediator(  207): setHidden false
02-14 14:13:00.648 D/KeyguardViewMediator(  207): setHidden false
02-14 14:13:00.668 D/KeyguardViewMediator(  207): setHidden false
02-14 14:13:00.678 D/KeyguardViewMediator(  207): setHidden false
02-14 14:13:00.688 D/KeyguardViewMediator(  207): setHidden false
02-14 14:13:00.738 D/KeyguardViewMediator(  207): setHidden false
02-14 14:13:00.748 D/KeyguardViewMediator(  207): setHidden false
02-14 14:13:00.758 D/KeyguardViewMediator(  207): setHidden false
02-14 14:13:00.828 I/Mms/compose( 1070): SLIDESHOW updateSendButtonState enable = true
02-14 14:13:00.828 I/Mms/compose( 1070): SLIDESHOW setSendButtonText isMms = false
02-14 14:13:00.838 I/Mms/compose( 1070): SLIDESHOW setSendButtonText isMms = false
02-14 14:13:00.848 D/KeyguardViewMediator(  207): setHidden false
02-14 14:13:00.868 D/KeyguardViewMediator(  207): setHidden false
02-14 14:13:00.878 D/KeyguardViewMediator(  207): setHidden false
02-14 14:13:00.898 D/KeyguardViewMediator(  207): setHidden false
02-14 14:13:00.908 D/KeyguardViewMediator(  207): setHidden false
02-14 14:13:00.928 D/KeyguardViewMediator(  207): setHidden false
02-14 14:13:00.948 D/KeyguardViewMediator(  207): setHidden false
02-14 14:13:00.948 D/KeyguardViewMediator(  207): setHidden false
02-14 14:13:00.948 D/KeyguardViewMediator(  207): setHidden false
02-14 14:13:00.958 D/KeyguardViewMediator(  207): setHidden false
02-14 14:13:00.978 D/KeyguardViewMediator(  207): setHidden false
02-14 14:13:01.038 I/Mms/compose( 1070): SLIDESHOW updateSendButtonState enable = true
02-14 14:13:01.038 I/Mms/compose( 1070): SLIDESHOW setSendButtonText isMms = false
02-14 14:13:01.048 I/Mms/compose( 1070): SLIDESHOW setSendButtonText isMms = false
02-14 14:13:01.058 D/KeyguardViewMediator(  207): setHidden false
02-14 14:13:01.078 D/KeyguardViewMediator(  207): setHidden false
02-14 14:13:01.098 D/KeyguardViewMediator(  207): setHidden false
02-14 14:13:01.108 D/KeyguardViewMediator(  207): setHidden false
02-14 14:13:01.128 D/KeyguardViewMediator(  207): setHidden false
02-14 14:13:01.148 D/KeyguardViewMediator(  207): setHidden false
02-14 14:13:01.158 D/KeyguardViewMediator(  207): setHidden false
02-14 14:13:01.158 D/KeyguardViewMediator(  207): setHidden false
02-14 14:13:01.198 D/KeyguardViewMediator(  207): setHidden false
02-14 14:13:01.218 D/KeyguardViewMediator(  207): setHidden false
02-14 14:13:01.238 D/KeyguardViewMediator(  207): setHidden false
02-14 14:13:01.288 I/Mms/compose( 1070): SLIDESHOW updateSendButtonState enable = true
02-14 14:13:01.288 I/Mms/compose( 1070): SLIDESHOW setSendButtonText isMms = false
02-14 14:13:01.298 I/Mms/compose( 1070): SLIDESHOW setSendButtonText isMms = false
02-14 14:13:01.308 D/KeyguardViewMediator(  207): setHidden false
02-14 14:13:01.328 D/KeyguardViewMediator(  207): setHidden false
02-14 14:13:01.338 D/KeyguardViewMediator(  207): setHidden false
02-14 14:13:01.359 D/KeyguardViewMediator(  207): setHidden false
02-14 14:13:01.379 D/KeyguardViewMediator(  207): setHidden false
02-14 14:13:01.389 D/KeyguardViewMediator(  207): setHidden false
02-14 14:13:01.409 D/KeyguardViewMediator(  207): setHidden false
02-14 14:13:01.419 D/KeyguardViewMediator(  207): setHidden false
02-14 14:13:01.489 D/KeyguardViewMediator(  207): setHidden false
02-14 14:13:01.509 D/KeyguardViewMediator(  207): setHidden false
02-14 14:13:01.519 D/KeyguardViewMediator(  207): setHidden false
02-14 14:13:01.599 I/Mms/compose( 1070): SLIDESHOW updateSendButtonState enable = true
02-14 14:13:01.599 I/Mms/compose( 1070): SLIDESHOW setSendButtonText isMms = false
02-14 14:13:01.599 I/Mms/compose( 1070): SLIDESHOW setSendButtonText isMms = false
02-14 14:13:01.619 D/KeyguardViewMediator(  207): setHidden false
02-14 14:13:01.629 D/KeyguardViewMediator(  207): setHidden false
02-14 14:13:01.649 D/KeyguardViewMediator(  207): setHidden false
02-14 14:13:01.669 D/KeyguardViewMediator(  207): setHidden false
02-14 14:13:01.679 D/KeyguardViewMediator(  207): setHidden false
02-14 14:13:01.689 D/KeyguardViewMediator(  207): setHidden false
02-14 14:13:01.699 D/KeyguardViewMediator(  207): setHidden false
02-14 14:13:01.699 D/KeyguardViewMediator(  207): setHidden false
02-14 14:13:01.779 I/Mms/compose( 1070): SLIDESHOW updateSendButtonState enable = true
02-14 14:13:01.779 I/Mms/compose( 1070): SLIDESHOW setSendButtonText isMms = false
02-14 14:13:01.789 I/Mms/compose( 1070): SLIDESHOW setSendButtonText isMms = false
02-14 14:13:01.839 D/KeyguardViewMediator(  207): setHidden false
02-14 14:13:01.849 D/KeyguardViewMediator(  207): setHidden false
02-14 14:13:01.869 D/KeyguardViewMediator(  207): setHidden false
02-14 14:13:01.889 D/KeyguardViewMediator(  207): setHidden false
02-14 14:13:01.889 D/KeyguardViewMediator(  207): setHidden false
02-14 14:13:01.909 D/KeyguardViewMediator(  207): setHidden false
02-14 14:13:01.919 D/KeyguardViewMediator(  207): setHidden false
02-14 14:13:01.919 D/KeyguardViewMediator(  207): setHidden false
02-14 14:13:01.919 D/KeyguardViewMediator(  207): setHidden false
02-14 14:13:01.999 I/Mms/compose( 1070): SLIDESHOW updateSendButtonState enable = true
02-14 14:13:01.999 I/Mms/compose( 1070): SLIDESHOW setSendButtonText isMms = false
02-14 14:13:01.999 I/Mms/compose( 1070): SLIDESHOW setSendButtonText isMms = false
02-14 14:13:02.019 D/KeyguardViewMediator(  207): setHidden false
02-14 14:13:02.029 D/KeyguardViewMediator(  207): setHidden false
02-14 14:13:02.049 D/KeyguardViewMediator(  207): setHidden false
02-14 14:13:02.069 D/KeyguardViewMediator(  207): setHidden false
02-14 14:13:02.079 D/KeyguardViewMediator(  207): setHidden false
02-14 14:13:02.099 D/KeyguardViewMediator(  207): setHidden false
02-14 14:13:02.109 D/KeyguardViewMediator(  207): setHidden false
02-14 14:13:02.119 D/KeyguardViewMediator(  207): setHidden false
02-14 14:13:02.269 D/KeyguardViewMediator(  207): setHidden false
02-14 14:13:02.279 D/KeyguardViewMediator(  207): setHidden false
02-14 14:13:02.299 D/KeyguardViewMediator(  207): setHidden false
02-14 14:13:02.470 D/Bitmap  (  327): Detect unrecycled bitmap.
02-14 14:13:02.470 D/Bitmap  (  327):       Size: 91392 Bytes, Width: 224 , Height: 102 , Hash code: 1079557456
02-14 14:13:02.470 D/Bitmap  (  327):  This bimap was created in:
02-14 14:13:02.470 D/Bitmap  (  327):       android.graphics.Bitmap.<init>(Bitmap.java:136)
02-14 14:13:02.480 D/Bitmap  (  327):       android.graphics.Bitmap.nativeCreate(Native Method)
02-14 14:13:02.480 D/Bitmap  (  327):       android.graphics.Bitmap.createBitmap(Bitmap.java:547)
02-14 14:13:02.480 D/Bitmap  (  327):       com.android.inputmethod.latin.LatinKeyboardBaseView.onBufferDraw(LatinKeyboardBaseView.java:775)
02-14 14:13:02.480 D/Bitmap  (  327):       com.android.inputmethod.latin.LatinKeyboardBaseView.onDraw(LatinKeyboardBaseView.java:763)
02-14 14:13:02.480 D/Bitmap  (  327):       android.view.View.draw(View.java:6880)
02-14 14:13:02.480 D/Bitmap  (  327):       android.view.ViewGroup.drawChild(ViewGroup.java:1649)
02-14 14:13:02.480 D/Bitmap  (  327):       android.view.ViewGroup.dispatchDraw(ViewGroup.java:1376)
02-14 14:13:02.480 D/Bitmap  (  327):       android.view.View.draw(View.java:6883)
02-14 14:13:02.480 D/Bitmap  (  327):       android.view.ViewRoot.draw(ViewRoot.java:1526)
02-14 14:13:02.480 D/Bitmap  (  327):       android.view.ViewRoot.performTraversals(ViewRoot.java:1262)
02-14 14:13:02.480 D/Bitmap  (  327):       android.view.ViewRoot.handleMessage(ViewRoot.java:1864)
02-14 14:13:02.480 D/Bitmap  (  327):       android.os.Handler.dispatchMessage(Handler.java:99)
02-14 14:13:02.480 D/Bitmap  (  327):       android.os.Looper.loop(Looper.java:130)
02-14 14:13:02.480 D/Bitmap  (  327):       android.app.ActivityThread.main(ActivityThread.java:3704)
02-14 14:13:02.480 D/Bitmap  (  327):       java.lang.reflect.Method.invokeNative(Native Method)
02-14 14:13:02.480 D/Bitmap  (  327):       java.lang.reflect.Method.invoke(Method.java:507)
02-14 14:13:02.480 D/Bitmap  (  327):       com.android.internal.os.ZygoteInit$MethodAndArgsCaller.run(ZygoteInit.java:875)
02-14 14:13:02.480 D/Bitmap  (  327):       com.android.internal.os.ZygoteInit.main(ZygoteInit.java:633)
02-14 14:13:02.480 D/Bitmap  (  327):       dalvik.system.NativeStart.main(Native Method)
02-14 14:13:02.480 D/Bitmap  (  327): _
02-14 14:13:02.480 D/Bitmap  (  327): Detect unrecycled bitmap.
02-14 14:13:02.480 D/Bitmap  (  327):       Size: 270080 Bytes, Width: 320 , Height: 211 , Hash code: 1079462344
02-14 14:13:02.480 D/Bitmap  (  327):  This bimap was created in:
02-14 14:13:02.480 D/Bitmap  (  327):       android.graphics.Bitmap.<init>(Bitmap.java:136)
02-14 14:13:02.480 D/Bitmap  (  327):       android.graphics.Bitmap.nativeCreate(Native Method)
02-14 14:13:02.480 D/Bitmap  (  327):       android.graphics.Bitmap.createBitmap(Bitmap.java:547)
02-14 14:13:02.480 D/Bitmap  (  327):       com.android.inputmethod.latin.LatinKeyboardBaseView.onBufferDraw(LatinKeyboardBaseView.java:775)
02-14 14:13:02.480 D/Bitmap  (  327):       com.android.inputmethod.latin.LatinKeyboardBaseView.onDraw(LatinKeyboardBaseView.java:763)
02-14 14:13:02.480 D/Bitmap  (  327):       android.view.View.draw(View.java:6880)
02-14 14:13:02.480 D/Bitmap  (  327):       com.android.inputmethod.latin.LatinKeyboardView.draw(LatinKeyboardView.java:353)
02-14 14:13:02.480 D/Bitmap  (  327):       android.view.ViewGroup.drawChild(ViewGroup.java:1649)
02-14 14:13:02.480 D/Bitmap  (  327):       android.view.ViewGroup.dispatchDraw(ViewGroup.java:1376)
02-14 14:13:02.480 D/Bitmap  (  327):       android.view.ViewGroup.drawChild(ViewGroup.java:1647)
02-14 14:13:02.480 D/Bitmap  (  327):       android.view.ViewGroup.dispatchDraw(ViewGroup.java:1376)
02-14 14:13:02.480 D/Bitmap  (  327):       android.view.ViewGroup.drawChild(ViewGroup.java:1647)
02-14 14:13:02.480 D/Bitmap  (  327):       android.view.ViewGroup.dispatchDraw(ViewGroup.java:1376)
02-14 14:13:02.480 D/Bitmap  (  327):       android.view.ViewGroup.drawChild(ViewGroup.java:1647)
02-14 14:13:02.480 D/Bitmap  (  327):       android.view.ViewGroup.dispatchDraw(ViewGroup.java:1376)
02-14 14:13:02.480 D/Bitmap  (  327):       android.view.View.draw(View.java:6883)
02-14 14:13:02.480 D/Bitmap  (  327):       android.widget.FrameLayout.draw(FrameLayout.java:357)
02-14 14:13:02.480 D/Bitmap  (  327):       com.android.internal.policy.impl.PhoneWindow$DecorView.draw(PhoneWindow.java:1866)
02-14 14:13:02.480 D/Bitmap  (  327):       android.view.ViewRoot.draw(ViewRoot.java:1526)
02-14 14:13:02.480 D/Bitmap  (  327):       android.view.ViewRoot.performTraversals(ViewRoot.java:1262)
02-14 14:13:02.480 D/Bitmap  (  327):       android.view.ViewRoot.handleMessage(ViewRoot.java:1864)
02-14 14:13:02.480 D/Bitmap  (  327):       android.os.Handler.dispatchMessage(Handler.java:99)
02-14 14:13:02.480 D/Bitmap  (  327):       android.os.Looper.loop(Looper.java:130)
02-14 14:13:02.480 D/Bitmap  (  327):       android.app.ActivityThread.main(ActivityThread.java:3704)
02-14 14:13:02.480 D/Bitmap  (  327):       java.lang.reflect.Method.invokeNative(Native Method)
02-14 14:13:02.480 D/Bitmap  (  327):       java.lang.reflect.Method.invoke(Method.java:507)
02-14 14:13:02.480 D/Bitmap  (  327):       com.android.internal.os.ZygoteInit$MethodAndArgsCaller.run(ZygoteInit.java:875)
02-14 14:13:02.480 D/Bitmap  (  327):       com.android.internal.os.ZygoteInit.main(ZygoteInit.java:633)
02-14 14:13:02.480 D/Bitmap  (  327):       dalvik.system.NativeStart.main(Native Method)
02-14 14:13:02.480 D/Bitmap  (  327): _
02-14 14:13:02.510 D/KeyguardViewMediator(  207): setHidden false
02-14 14:13:02.530 D/KeyguardViewMediator(  207): setHidden false
02-14 14:13:02.540 D/KeyguardViewMediator(  207): setHidden false
02-14 14:13:02.560 D/KeyguardViewMediator(  207): setHidden false
02-14 14:13:02.580 D/KeyguardViewMediator(  207): setHidden false
02-14 14:13:02.590 D/KeyguardViewMediator(  207): setHidden false
02-14 14:13:02.610 D/KeyguardViewMediator(  207): setHidden false
02-14 14:13:02.620 D/KeyguardViewMediator(  207): setHidden false
02-14 14:13:03.050 D/KeyguardViewMediator(  207): setHidden false
02-14 14:13:03.060 D/KeyguardViewMediator(  207): setHidden false
02-14 14:13:03.080 D/KeyguardViewMediator(  207): setHidden false
02-14 14:13:03.120 I/Mms/compose( 1070): SLIDESHOW updateSendButtonState enable = true
02-14 14:13:03.120 I/Mms/compose( 1070): SLIDESHOW setSendButtonText isMms = false
02-14 14:13:03.120 I/Mms/compose( 1070): SLIDESHOW setSendButtonText isMms = false
02-14 14:13:03.130 D/KeyguardViewMediator(  207): setHidden false
02-14 14:13:03.150 D/KeyguardViewMediator(  207): setHidden false
02-14 14:13:03.160 D/KeyguardViewMediator(  207): setHidden false
02-14 14:13:03.170 D/KeyguardViewMediator(  207): setHidden false
02-14 14:13:03.170 D/KeyguardViewMediator(  207): setHidden false
02-14 14:13:03.180 D/KeyguardViewMediator(  207): setHidden false
02-14 14:13:03.200 D/KeyguardViewMediator(  207): setHidden false
02-14 14:13:03.220 D/KeyguardViewMediator(  207): setHidden false
02-14 14:13:03.230 D/KeyguardViewMediator(  207): setHidden false
02-14 14:13:03.240 D/KeyguardViewMediator(  207): setHidden false
02-14 14:13:03.260 D/KeyguardViewMediator(  207): setHidden false
02-14 14:13:03.280 D/KeyguardViewMediator(  207): setHidden false
02-14 14:13:03.290 D/KeyguardViewMediator(  207): setHidden false
02-14 14:13:03.310 D/KeyguardViewMediator(  207): setHidden false
02-14 14:13:03.320 D/KeyguardViewMediator(  207): setHidden false
02-14 14:13:03.340 D/KeyguardViewMediator(  207): setHidden false
02-14 14:13:03.360 D/KeyguardViewMediator(  207): setHidden false
02-14 14:13:03.370 D/KeyguardViewMediator(  207): setHidden false
02-14 14:13:03.651 D/KeyguardViewMediator(  207): setHidden false
02-14 14:13:03.661 D/KeyguardViewMediator(  207): setHidden false
02-14 14:13:03.671 D/KeyguardViewMediator(  207): setHidden false
02-14 14:13:03.771 I/Mms/compose( 1070): SLIDESHOW updateSendButtonState enable = true
02-14 14:13:03.771 I/Mms/compose( 1070): SLIDESHOW setSendButtonText isMms = false
02-14 14:13:03.771 I/Mms/compose( 1070): SLIDESHOW setSendButtonText isMms = false
02-14 14:13:03.841 D/KeyguardViewMediator(  207): setHidden false
02-14 14:13:03.861 D/KeyguardViewMediator(  207): setHidden false
02-14 14:13:03.871 D/KeyguardViewMediator(  207): setHidden false
02-14 14:13:03.891 D/KeyguardViewMediator(  207): setHidden false
02-14 14:13:03.911 D/KeyguardViewMediator(  207): setHidden false
02-14 14:13:03.921 D/KeyguardViewMediator(  207): setHidden false
02-14 14:13:03.941 D/KeyguardViewMediator(  207): setHidden false
02-14 14:13:03.941 D/KeyguardViewMediator(  207): setHidden false
02-14 14:13:03.951 D/KeyguardViewMediator(  207): setHidden false
02-14 14:13:03.961 D/KeyguardViewMediator(  207): setHidden false
02-14 14:13:03.981 D/KeyguardViewMediator(  207): setHidden false
02-14 14:13:04.051 I/Mms/compose( 1070): SLIDESHOW updateSendButtonState enable = true
02-14 14:13:04.051 I/Mms/compose( 1070): SLIDESHOW setSendButtonText isMms = false
02-14 14:13:04.051 I/Mms/compose( 1070): SLIDESHOW setSendButtonText isMms = false
02-14 14:13:04.061 I/Mms/compose( 1070): SLIDESHOW updateSendButtonState enable = true
02-14 14:13:04.061 I/Mms/compose( 1070): SLIDESHOW setSendButtonText isMms = false
02-14 14:13:04.061 I/Mms/compose( 1070): SLIDESHOW setSendButtonText isMms = false
02-14 14:13:04.081 D/KeyguardViewMediator(  207): setHidden false
02-14 14:13:04.091 D/KeyguardViewMediator(  207): setHidden false
02-14 14:13:04.111 D/KeyguardViewMediator(  207): setHidden false
02-14 14:13:04.121 D/KeyguardViewMediator(  207): setHidden false
02-14 14:13:04.141 D/KeyguardViewMediator(  207): setHidden false
02-14 14:13:04.161 D/KeyguardViewMediator(  207): setHidden false
02-14 14:13:04.171 D/KeyguardViewMediator(  207): setHidden false
02-14 14:13:04.181 D/KeyguardViewMediator(  207): setHidden false
02-14 14:13:04.381 D/KeyguardViewMediator(  207): setHidden false
02-14 14:13:04.381 D/KeyguardViewMediator(  207): setHidden false
02-14 14:13:04.401 D/KeyguardViewMediator(  207): setHidden false
02-14 14:13:04.482 I/Mms/compose( 1070): SLIDESHOW updateSendButtonState enable = true
02-14 14:13:04.482 I/Mms/compose( 1070): SLIDESHOW setSendButtonText isMms = false
02-14 14:13:04.492 I/Mms/compose( 1070): SLIDESHOW setSendButtonText isMms = false
02-14 14:13:04.502 D/KeyguardViewMediator(  207): setHidden false
02-14 14:13:04.522 D/KeyguardViewMediator(  207): setHidden false
02-14 14:13:04.532 D/KeyguardViewMediator(  207): setHidden false
02-14 14:13:04.542 D/KeyguardViewMediator(  207): setHidden false
02-14 14:13:04.562 D/KeyguardViewMediator(  207): setHidden false
02-14 14:13:04.572 D/KeyguardViewMediator(  207): setHidden false
02-14 14:13:04.572 D/KeyguardViewMediator(  207): setHidden false
02-14 14:13:04.592 D/KeyguardViewMediator(  207): setHidden false
02-14 14:13:04.592 D/KeyguardViewMediator(  207): setHidden false
02-14 14:13:04.652 I/Mms/compose( 1070): SLIDESHOW updateSendButtonState enable = true
02-14 14:13:04.652 I/Mms/compose( 1070): SLIDESHOW setSendButtonText isMms = false
02-14 14:13:04.652 I/Mms/compose( 1070): SLIDESHOW setSendButtonText isMms = false
02-14 14:13:04.682 D/KeyguardViewMediator(  207): setHidden false
02-14 14:13:04.702 D/KeyguardViewMediator(  207): setHidden false
02-14 14:13:04.712 D/KeyguardViewMediator(  207): setHidden false
02-14 14:13:04.732 D/KeyguardViewMediator(  207): setHidden false
02-14 14:13:04.752 D/KeyguardViewMediator(  207): setHidden false
02-14 14:13:04.752 D/KeyguardViewMediator(  207): setHidden false
02-14 14:13:04.762 D/KeyguardViewMediator(  207): setHidden false
02-14 14:13:04.762 D/KeyguardViewMediator(  207): setHidden false
02-14 14:13:04.772 D/KeyguardViewMediator(  207): setHidden false
02-14 14:13:04.862 I/Mms/compose( 1070): SLIDESHOW updateSendButtonState enable = true
02-14 14:13:04.862 I/Mms/compose( 1070): SLIDESHOW setSendButtonText isMms = false
02-14 14:13:04.872 I/Mms/compose( 1070): SLIDESHOW setSendButtonText isMms = false
02-14 14:13:04.892 D/KeyguardViewMediator(  207): setHidden false
02-14 14:13:04.902 D/KeyguardViewMediator(  207): setHidden false
02-14 14:13:04.922 D/KeyguardViewMediator(  207): setHidden false
02-14 14:13:04.932 D/KeyguardViewMediator(  207): setHidden false
02-14 14:13:04.952 D/KeyguardViewMediator(  207): setHidden false
02-14 14:13:04.972 D/KeyguardViewMediator(  207): setHidden false
02-14 14:13:04.982 D/KeyguardViewMediator(  207): setHidden false
02-14 14:13:04.982 D/KeyguardViewMediator(  207): setHidden false
02-14 14:13:04.992 D/KeyguardViewMediator(  207): setHidden false
02-14 14:13:05.012 D/KeyguardViewMediator(  207): setHidden false
02-14 14:13:05.032 D/KeyguardViewMediator(  207): setHidden false
02-14 14:13:05.052 I/Mms/compose( 1070): SLIDESHOW updateSendButtonState enable = true
02-14 14:13:05.052 I/Mms/compose( 1070): SLIDESHOW setSendButtonText isMms = false
02-14 14:13:05.062 I/Mms/compose( 1070): SLIDESHOW setSendButtonText isMms = false
02-14 14:13:05.072 D/KeyguardViewMediator(  207): setHidden false
02-14 14:13:05.082 D/KeyguardViewMediator(  207): setHidden false
02-14 14:13:05.112 D/KeyguardViewMediator(  207): setHidden false
02-14 14:13:05.112 D/KeyguardViewMediator(  207): setHidden false
02-14 14:13:05.142 D/KeyguardViewMediator(  207): setHidden false
02-14 14:13:05.152 D/KeyguardViewMediator(  207): setHidden false
02-14 14:13:05.162 D/KeyguardViewMediator(  207): setHidden false
02-14 14:13:05.162 D/KeyguardViewMediator(  207): setHidden false
02-14 14:13:05.222 D/KeyguardViewMediator(  207): setHidden false
02-14 14:13:05.232 D/KeyguardViewMediator(  207): setHidden false
02-14 14:13:05.242 D/KeyguardViewMediator(  207): setHidden false
02-14 14:13:05.332 I/Mms/compose( 1070): SLIDESHOW updateSendButtonState enable = true
02-14 14:13:05.332 I/Mms/compose( 1070): SLIDESHOW setSendButtonText isMms = false
02-14 14:13:05.332 I/Mms/compose( 1070): SLIDESHOW setSendButtonText isMms = false
02-14 14:13:05.332 I/Mms/compose( 1070): SLIDESHOW updateSendButtonState enable = true
02-14 14:13:05.332 I/Mms/compose( 1070): SLIDESHOW setSendButtonText isMms = false
02-14 14:13:05.332 I/Mms/compose( 1070): SLIDESHOW setSendButtonText isMms = false
02-14 14:13:05.352 D/KeyguardViewMediator(  207): setHidden false
02-14 14:13:05.372 D/KeyguardViewMediator(  207): setHidden false
02-14 14:13:05.392 D/KeyguardViewMediator(  207): setHidden false
02-14 14:13:05.412 D/KeyguardViewMediator(  207): setHidden false
02-14 14:13:05.432 D/KeyguardViewMediator(  207): setHidden false
02-14 14:13:05.432 D/KeyguardViewMediator(  207): setHidden false
02-14 14:13:05.452 D/KeyguardViewMediator(  207): setHidden false
02-14 14:13:05.452 D/KeyguardViewMediator(  207): setHidden false
02-14 14:13:05.463 D/KeyguardViewMediator(  207): setHidden false
02-14 14:13:05.473 D/KeyguardViewMediator(  207): setHidden false
02-14 14:13:05.493 I/Mms/compose( 1070): SLIDESHOW updateSendButtonState enable = true
02-14 14:13:05.493 I/Mms/compose( 1070): SLIDESHOW setSendButtonText isMms = false
02-14 14:13:05.503 I/Mms/compose( 1070): SLIDESHOW setSendButtonText isMms = false
02-14 14:13:05.513 D/KeyguardViewMediator(  207): setHidden false
02-14 14:13:05.523 D/KeyguardViewMediator(  207): setHidden false
02-14 14:13:05.553 D/KeyguardViewMediator(  207): setHidden false
02-14 14:13:05.553 D/KeyguardViewMediator(  207): setHidden false
02-14 14:13:05.573 D/KeyguardViewMediator(  207): setHidden false
02-14 14:13:05.573 D/KeyguardViewMediator(  207): setHidden false
