02-14 14:15:04.409 D/KeyguardViewMediator(  207): setHidden false
02-14 14:15:04.449 D/KeyguardViewMediator(  207): setHidden false
02-14 14:15:04.469 D/KeyguardViewMediator(  207): setHidden false
02-14 14:15:04.489 D/KeyguardViewMediator(  207): setHidden false
02-14 14:15:04.499 D/KeyguardViewMediator(  207): setHidden false
02-14 14:15:04.529 D/KeyguardViewMediator(  207): setHidden false
02-14 14:15:04.549 D/KeyguardViewMediator(  207): setHidden false
02-14 14:15:04.569 D/KeyguardViewMediator(  207): setHidden false
02-14 14:15:04.599 D/KeyguardViewMediator(  207): setHidden false
02-14 14:15:04.619 D/KeyguardViewMediator(  207): setHidden false
02-14 14:15:04.629 D/KeyguardViewMediator(  207): setHidden false
02-14 14:15:04.639 D/KeyguardViewMediator(  207): setHidden false
02-14 14:15:04.649 D/KeyguardViewMediator(  207): setHidden false
02-14 14:15:04.659 D/KeyguardViewMediator(  207): setHidden false
02-14 14:15:04.669 D/KeyguardViewMediator(  207): setHidden false
02-14 14:15:04.679 D/KeyguardViewMediator(  207): setHidden false
02-14 14:15:04.699 D/KeyguardViewMediator(  207): setHidden false
02-14 14:15:04.709 D/KeyguardViewMediator(  207): setHidden false
02-14 14:15:04.719 D/KeyguardViewMediator(  207): setHidden false
02-14 14:15:04.729 D/KeyguardViewMediator(  207): setHidden false
02-14 14:15:04.749 D/KeyguardViewMediator(  207): setHidden false
02-14 14:15:04.759 D/KeyguardViewMediator(  207): setHidden false
02-14 14:15:04.769 D/KeyguardViewMediator(  207): setHidden false
02-14 14:15:04.779 D/KeyguardViewMediator(  207): setHidden false
02-14 14:15:04.799 D/KeyguardViewMediator(  207): setHidden false
02-14 14:15:04.809 D/KeyguardViewMediator(  207): setHidden false
02-14 14:15:04.819 D/KeyguardViewMediator(  207): setHidden false
02-14 14:15:04.829 D/KeyguardViewMediator(  207): setHidden false
02-14 14:15:04.859 D/KeyguardViewMediator(  207): setHidden false
02-14 14:15:04.869 D/KeyguardViewMediator(  207): setHidden false
02-14 14:15:04.889 D/KeyguardViewMediator(  207): setHidden false
02-14 14:15:04.909 D/KeyguardViewMediator(  207): setHidden false
02-14 14:15:04.939 D/KeyguardViewMediator(  207): setHidden false
02-14 14:15:04.949 D/KeyguardViewMediator(  207): setHidden false
02-14 14:15:04.969 D/KeyguardViewMediator(  207): setHidden false
02-14 14:15:04.989 D/KeyguardViewMediator(  207): setHidden false
02-14 14:15:05.039 D/KeyguardViewMediator(  207): setHidden false
02-14 14:15:05.059 D/KeyguardViewMediator(  207): setHidden false
02-14 14:15:05.390 I/wpa_supplicant(  312): State: INACTIVE -> SCANNING
02-14 14:15:05.390 I/wpa_supplicant(  312): CTRL-EVENT-STATE-CHANGE id=-1 state=2 BSSID=00:00:00:00:00:00
02-14 14:15:05.390 D/NetworkStateTracker(  207): setDetailed state, old =IDLE and new state=SCANNING
02-14 14:15:06.350 I/dun_service(  129): process rmnet event
02-14 14:15:06.350 I/wpa_supplicant(  312): State: SCANNING -> INACTIVE
02-14 14:15:06.350 I/dun_service(  129): Post event 4
02-14 14:15:06.350 I/dun_service(  129): received event: DUN_EVENT_RMNET_UP 
02-14 14:15:06.350 I/dun_service(  129): received event(DUN_EVENT_RMNET_UP) in state(DUN_STATE_USB_UNPLUG)
02-14 14:15:06.350 I/dun_service(  129): Ignoring the event DUN_EVENT_RMNET_UP in USB_UNPLUG_STATE
02-14 14:15:06.350 I/dun_service(  129): Moved to state(DUN_STATE_USB_UNPLUG)
02-14 14:15:06.350 I/wpa_supplicant(  312): CTRL-EVENT-STATE-CHANGE id=-1 state=1 BSSID=00:00:00:00:00:00
02-14 14:15:06.360 D/WifiStateTracker(  207): setNotificationVisible() visible=false mNotificationShown=false force=false return.
02-14 14:15:06.370 D/NetworkStateTracker(  207): setDetailed state, old =SCANNING and new state=IDLE
02-14 14:15:09.033 D/KeyguardViewMediator(  207): setHidden false
02-14 14:15:09.053 D/KeyguardViewMediator(  207): setHidden false
02-14 14:15:09.053 D/KeyguardViewMediator(  207): setHidden false
02-14 14:15:09.133 D/KeyguardViewMediator(  207): setHidden false
02-14 14:15:09.193 D/KeyguardViewMediator(  207): setHidden false
02-14 14:15:09.213 D/KeyguardViewMediator(  207): setHidden false
02-14 14:15:09.223 D/KeyguardViewMediator(  207): setHidden false
02-14 14:15:09.243 D/KeyguardViewMediator(  207): setHidden false
02-14 14:15:09.263 D/KeyguardViewMediator(  207): setHidden false
02-14 14:15:09.273 D/KeyguardViewMediator(  207): setHidden false
02-14 14:15:09.283 D/KeyguardViewMediator(  207): setHidden false
02-14 14:15:09.293 D/KeyguardViewMediator(  207): setHidden false
02-14 14:15:09.313 D/KeyguardViewMediator(  207): setHidden false
02-14 14:15:09.323 D/KeyguardViewMediator(  207): setHidden false
02-14 14:15:09.333 D/KeyguardViewMediator(  207): setHidden false
02-14 14:15:09.343 D/KeyguardViewMediator(  207): setHidden false
02-14 14:15:09.363 D/KeyguardViewMediator(  207): setHidden false
02-14 14:15:09.373 D/KeyguardViewMediator(  207): setHidden false
02-14 14:15:09.383 D/KeyguardViewMediator(  207): setHidden false
02-14 14:15:09.393 D/KeyguardViewMediator(  207): setHidden false
02-14 14:15:09.413 D/KeyguardViewMediator(  207): setHidden false
02-14 14:15:09.423 D/KeyguardViewMediator(  207): setHidden false
02-14 14:15:09.433 D/KeyguardViewMediator(  207): setHidden false
02-14 14:15:09.453 D/KeyguardViewMediator(  207): setHidden false
02-14 14:15:09.463 D/KeyguardViewMediator(  207): setHidden false
02-14 14:15:09.473 D/KeyguardViewMediator(  207): setHidden false
02-14 14:15:09.484 D/KeyguardViewMediator(  207): setHidden false
02-14 14:15:09.504 D/KeyguardViewMediator(  207): setHidden false
02-14 14:15:09.514 D/KeyguardViewMediator(  207): setHidden false
02-14 14:15:09.524 D/KeyguardViewMediator(  207): setHidden false
02-14 14:15:09.534 D/KeyguardViewMediator(  207): setHidden false
02-14 14:15:09.554 D/KeyguardViewMediator(  207): setHidden false
02-14 14:15:09.564 D/KeyguardViewMediator(  207): setHidden false
02-14 14:15:09.574 D/KeyguardViewMediator(  207): setHidden false
02-14 14:15:09.584 D/KeyguardViewMediator(  207): setHidden false
02-14 14:15:09.614 D/KeyguardViewMediator(  207): setHidden false
02-14 14:15:09.634 D/KeyguardViewMediator(  207): setHidden false
02-14 14:15:09.644 D/KeyguardViewMediator(  207): setHidden false
02-14 14:15:09.664 D/KeyguardViewMediator(  207): setHidden false
02-14 14:15:09.694 D/KeyguardViewMediator(  207): setHidden false
02-14 14:15:09.724 D/KeyguardViewMediator(  207): setHidden false
02-14 14:15:09.744 D/KeyguardViewMediator(  207): setHidden false
02-14 14:15:09.774 D/KeyguardViewMediator(  207): setHidden false
02-14 14:15:09.794 D/KeyguardViewMediator(  207): setHidden false
02-14 14:15:09.804 D/KeyguardViewMediator(  207): setHidden false
02-14 14:15:09.844 D/KeyguardViewMediator(  207): setHidden false
02-14 14:15:09.864 D/KeyguardViewMediator(  207): setHidden false
02-14 14:15:12.657 D/KeyguardViewMediator(  207): setHidden false
02-14 14:15:12.677 D/KeyguardViewMediator(  207): setHidden false
02-14 14:15:12.677 D/KeyguardViewMediator(  207): setHidden false
02-14 14:15:12.697 D/KeyguardViewMediator(  207): setHidden false
02-14 14:15:12.737 D/KeyguardViewMediator(  207): setHidden false
02-14 14:15:12.747 D/KeyguardViewMediator(  207): setHidden false
02-14 14:15:12.797 D/KeyguardViewMediator(  207): setHidden false
02-14 14:15:12.817 D/KeyguardViewMediator(  207): setHidden false
02-14 14:15:12.847 D/KeyguardViewMediator(  207): setHidden false
02-14 14:15:12.867 D/KeyguardViewMediator(  207): setHidden false
02-14 14:15:12.897 D/KeyguardViewMediator(  207): setHidden false
02-14 14:15:12.917 D/KeyguardViewMediator(  207): setHidden false
02-14 14:15:12.947 D/KeyguardViewMediator(  207): setHidden false
02-14 14:15:12.957 D/KeyguardViewMediator(  207): setHidden false
02-14 14:15:12.977 D/KeyguardViewMediator(  207): setHidden false
02-14 14:15:13.007 D/KeyguardViewMediator(  207): setHidden false
02-14 14:15:13.027 D/KeyguardViewMediator(  207): setHidden false
02-14 14:15:13.037 D/KeyguardViewMediator(  207): setHidden false
02-14 14:15:13.077 D/KeyguardViewMediator(  207): setHidden false
02-14 14:15:13.087 D/KeyguardViewMediator(  207): setHidden false
02-14 14:15:13.107 D/KeyguardViewMediator(  207): setHidden false
02-14 14:15:13.507 D/Bitmap  (  419): Detect unrecycled bitmap.
02-14 14:15:13.507 D/Bitmap  (  419):       Size: 128000 Bytes, Width: 320 , Height: 100 , Hash code: 1079644040
02-14 14:15:13.507 D/Bitmap  (  419):  This bimap was created in:
02-14 14:15:13.507 D/Bitmap  (  419):       android.graphics.Bitmap.<init>(Bitmap.java:136)
02-14 14:15:13.507 D/Bitmap  (  419):       android.graphics.Bitmap.nativeCreate(Native Method)
02-14 14:15:13.507 D/Bitmap  (  419):       android.graphics.Bitmap.createBitmap(Bitmap.java:547)
02-14 14:15:13.507 D/Bitmap  (  419):       android.view.View.buildDrawingCache(View.java:6577)
02-14 14:15:13.507 D/Bitmap  (  419):       com.android.launcher2.CellLayout.setChildrenDrawingCacheEnabled(CellLayout.java:589)
02-14 14:15:13.507 D/Bitmap  (  419):       com.android.launcher2.Workspace.enableChildrenCache(Workspace.java:820)
02-14 14:15:13.507 D/Bitmap  (  419):       com.android.launcher2.Workspace.onInterceptTouchEvent(Workspace.java:687)
02-14 14:15:13.507 D/Bitmap  (  419):       android.view.ViewGroup.dispatchTouchEvent(ViewGroup.java:911)
02-14 14:15:13.507 D/Bitmap  (  419):       com.android.launcher2.Workspace.dispatchTouchEvent(Workspace.java:630)
02-14 14:15:13.507 D/Bitmap  (  419):       android.view.ViewGroup.dispatchTouchEvent(ViewGroup.java:945)
02-14 14:15:13.507 D/Bitmap  (  419):       android.view.ViewGroup.dispatchTouchEvent(ViewGroup.java:945)
02-14 14:15:13.507 D/Bitmap  (  419):       android.view.ViewGroup.dispatchTouchEvent(ViewGroup.java:945)
02-14 14:15:13.507 D/Bitmap  (  419):       com.android.internal.policy.impl.PhoneWindow$DecorView.superDispatchTouchEvent(PhoneWindow.java:1695)
02-14 14:15:13.507 D/Bitmap  (  419):       com.android.internal.policy.impl.PhoneWindow.superDispatchTouchEvent(PhoneWindow.java:1125)
02-14 14:15:13.507 D/Bitmap  (  419):       android.app.Activity.dispatchTouchEvent(Activity.java:2096)
02-14 14:15:13.507 D/Bitmap  (  419):       com.android.internal.policy.impl.PhoneWindow$DecorView.dispatchTouchEvent(PhoneWindow.java:1679)
02-14 14:15:13.507 D/Bitmap  (  419):       android.view.ViewRoot.deliverPointerEvent(ViewRoot.java:2210)
02-14 14:15:13.507 D/Bitmap  (  419):       android.view.ViewRoot.handleMessage(ViewRoot.java:1883)
02-14 14:15:13.507 D/Bitmap  (  419):       android.os.Handler.dispatchMessage(Handler.java:99)
02-14 14:15:13.507 D/Bitmap  (  419):       android.os.Looper.loop(Looper.java:130)
02-14 14:15:13.507 D/Bitmap  (  419):       android.app.ActivityThread.main(ActivityThread.java:3704)
02-14 14:15:13.507 D/Bitmap  (  419):       java.lang.reflect.Method.invokeNative(Native Method)
02-14 14:15:13.507 D/Bitmap  (  419):       java.lang.reflect.Method.invoke(Method.java:507)
02-14 14:15:13.507 D/Bitmap  (  419):       com.android.internal.os.ZygoteInit$MethodAndArgsCaller.run(ZygoteInit.java:875)
02-14 14:15:13.507 D/Bitmap  (  419):       com.android.internal.os.ZygoteInit.main(ZygoteInit.java:633)
02-14 14:15:13.507 D/Bitmap  (  419):       dalvik.system.NativeStart.main(Native Method)
02-14 14:15:13.507 D/Bitmap  (  419): _
02-14 14:15:13.728 I/dun_service(  129): The value returned from dun_getusbmodemstate_fromsys is 2 
02-14 14:15:13.748 D/KeyguardUpdateMonitor(  207): received broadcast android.intent.action.BATTERY_CHANGED
02-14 14:15:13.748 D/KeyguardUpdateMonitor(  207): handleBatteryUpdate
02-14 14:15:15.129 D/KeyguardViewMediator(  207): setHidden false
02-14 14:15:15.149 D/KeyguardViewMediator(  207): setHidden false
02-14 14:15:15.159 D/KeyguardViewMediator(  207): setHidden false
02-14 14:15:15.159 D/KeyguardViewMediator(  207): setHidden false
02-14 14:15:15.169 D/KeyguardViewMediator(  207): setHidden false
02-14 14:15:15.209 D/KeyguardViewMediator(  207): setHidden false
02-14 14:15:15.219 D/KeyguardViewMediator(  207): setHidden false
02-14 14:15:15.239 D/KeyguardViewMediator(  207): setHidden false
02-14 14:15:15.269 D/KeyguardViewMediator(  207): setHidden false
02-14 14:15:15.289 D/KeyguardViewMediator(  207): setHidden false
02-14 14:15:15.319 D/KeyguardViewMediator(  207): setHidden false
02-14 14:15:15.339 D/KeyguardViewMediator(  207): setHidden false
02-14 14:15:15.349 D/KeyguardViewMediator(  207): setHidden false
02-14 14:15:15.359 D/KeyguardViewMediator(  207): setHidden false
02-14 14:15:15.369 D/KeyguardViewMediator(  207): setHidden false
02-14 14:15:15.379 D/KeyguardViewMediator(  207): setHidden false
02-14 14:15:15.399 D/KeyguardViewMediator(  207): setHidden false
02-14 14:15:15.409 D/KeyguardViewMediator(  207): setHidden false
02-14 14:15:15.419 D/KeyguardViewMediator(  207): setHidden false
02-14 14:15:15.429 D/KeyguardViewMediator(  207): setHidden false
02-14 14:15:15.449 D/KeyguardViewMediator(  207): setHidden false
02-14 14:15:15.459 D/KeyguardViewMediator(  207): setHidden false
02-14 14:15:15.469 D/KeyguardViewMediator(  207): setHidden false
02-14 14:15:15.479 D/KeyguardViewMediator(  207): setHidden false
02-14 14:15:15.499 D/KeyguardViewMediator(  207): setHidden false
02-14 14:15:15.509 D/KeyguardViewMediator(  207): setHidden false
02-14 14:15:15.519 D/KeyguardViewMediator(  207): setHidden false
02-14 14:15:15.549 D/KeyguardViewMediator(  207): setHidden false
02-14 14:15:15.559 D/KeyguardViewMediator(  207): setHidden false
02-14 14:15:15.579 D/KeyguardViewMediator(  207): setHidden false
02-14 14:15:15.609 D/KeyguardViewMediator(  207): setHidden false
02-14 14:15:15.630 D/KeyguardViewMediator(  207): setHidden false
02-14 14:15:15.640 D/KeyguardViewMediator(  207): setHidden false
02-14 14:15:15.680 D/KeyguardViewMediator(  207): setHidden false
02-14 14:15:15.690 D/KeyguardViewMediator(  207): setHidden false
02-14 14:15:18.042 I/vDM     (  408): KeyCode = 82
02-14 14:15:18.042 W/KeyCharacterMap(  419): Can't open keycharmap file
02-14 14:15:18.042 W/KeyCharacterMap(  419): Error loading keycharmap file '/system/usr/keychars/synaptics-rmi4-ts.kcm.bin'. hw.keyboards.262146.devname='synaptics-rmi4-ts'
02-14 14:15:18.042 W/KeyCharacterMap(  419): Using default keymap: /system/usr/keychars/qwerty.kcm.bin
02-14 14:15:18.042 I/vDM     (  408): Vdmc getInstance
02-14 14:15:18.042 I/vDM     (  408): Vdmc getInstance
02-14 14:15:18.042 D/DMC     (  408): MyCIMMI getInstance
02-14 14:15:18.042 I/vDM     (  408): Vdmc getInstance
02-14 14:15:18.132 D/KeyguardViewMediator(  207): setHidden false
02-14 14:15:18.132 I/vDM     (  408): KeyCode = 82
02-14 14:15:18.132 I/vDM     (  408): Vdmc getInstance
02-14 14:15:18.132 I/vDM     (  408): Vdmc getInstance
02-14 14:15:18.132 D/DMC     (  408): MyCIMMI getInstance
02-14 14:15:18.132 I/vDM     (  408): Vdmc getInstance
02-14 14:15:18.152 D/KeyguardViewMediator(  207): setHidden false
02-14 14:15:18.162 D/KeyguardViewMediator(  207): setHidden false
02-14 14:15:18.172 D/KeyguardViewMediator(  207): setHidden false
02-14 14:15:18.192 D/KeyguardViewMediator(  207): setHidden false
02-14 14:15:18.202 D/KeyguardViewMediator(  207): setHidden false
02-14 14:15:18.222 D/KeyguardViewMediator(  207): setHidden false
02-14 14:15:18.242 D/KeyguardViewMediator(  207): setHidden false
02-14 14:15:18.252 D/KeyguardViewMediator(  207): setHidden false
02-14 14:15:18.272 D/KeyguardViewMediator(  207): setHidden false
02-14 14:15:18.292 D/KeyguardViewMediator(  207): setHidden false
02-14 14:15:18.302 D/KeyguardViewMediator(  207): setHidden false
02-14 14:15:18.322 D/KeyguardViewMediator(  207): setHidden false
02-14 14:15:18.332 D/KeyguardViewMediator(  207): setHidden false
02-14 14:15:19.944 D/KeyguardViewMediator(  207): setHidden false
02-14 14:15:19.954 D/KeyguardViewMediator(  207): setHidden false
02-14 14:15:19.974 D/KeyguardViewMediator(  207): setHidden false
02-14 14:15:19.994 D/KeyguardViewMediator(  207): setHidden false
02-14 14:15:20.004 D/KeyguardViewMediator(  207): setHidden false
02-14 14:15:20.014 D/KeyguardViewMediator(  207): setHidden false
02-14 14:15:20.034 D/KeyguardViewMediator(  207): setHidden false
02-14 14:15:20.054 D/KeyguardViewMediator(  207): setHidden false
02-14 14:15:20.074 D/KeyguardViewMediator(  207): setHidden false
02-14 14:15:20.084 D/KeyguardViewMediator(  207): setHidden false
02-14 14:15:20.114 D/KeyguardViewMediator(  207): setHidden false
02-14 14:15:20.124 D/KeyguardViewMediator(  207): setHidden false
02-14 14:15:20.134 D/KeyguardViewMediator(  207): setHidden false
02-14 14:15:21.375 I/wpa_supplicant(  312): State: INACTIVE -> SCANNING
02-14 14:15:21.375 I/wpa_supplicant(  312): CTRL-EVENT-STATE-CHANGE id=-1 state=2 BSSID=00:00:00:00:00:00
02-14 14:15:21.375 D/NetworkStateTracker(  207): setDetailed state, old =IDLE and new state=SCANNING
02-14 14:15:22.336 I/dun_service(  129): process rmnet event
02-14 14:15:22.336 I/dun_service(  129): Post event 4
02-14 14:15:22.336 I/dun_service(  129): received event: DUN_EVENT_RMNET_UP 
02-14 14:15:22.336 I/dun_service(  129): received event(DUN_EVENT_RMNET_UP) in state(DUN_STATE_USB_UNPLUG)
02-14 14:15:22.336 I/dun_service(  129): Ignoring the event DUN_EVENT_RMNET_UP in USB_UNPLUG_STATE
02-14 14:15:22.336 I/dun_service(  129): Moved to state(DUN_STATE_USB_UNPLUG)
02-14 14:15:22.336 I/wpa_supplicant(  312): State: SCANNING -> INACTIVE
02-14 14:15:22.336 I/wpa_supplicant(  312): CTRL-EVENT-STATE-CHANGE id=-1 state=1 BSSID=00:00:00:00:00:00
02-14 14:15:22.336 D/WifiStateTracker(  207): setNotificationVisible() visible=false mNotificationShown=false force=false return.
02-14 14:15:22.346 D/NetworkStateTracker(  207): setDetailed state, old =SCANNING and new state=IDLE
02-14 14:15:25.559 I/vDM     (  408): KeyCode = 4
02-14 14:15:25.569 I/vDM     (  408): Vdmc getInstance
02-14 14:15:25.569 I/vDM     (  408): Vdmc getInstance
02-14 14:15:25.569 D/DMC     (  408): MyCIMMI getInstance
02-14 14:15:25.569 I/vDM     (  408): Vdmc getInstance
02-14 14:15:25.629 D/Launcher(  419): Dissmis Preview for view :null ID:2131230735
02-14 14:15:25.629 D/Launcher(  419): Dissmis Preview for view :null ID:2131230736
02-14 14:15:25.649 I/vDM     (  408): KeyCode = 4
02-14 14:15:25.649 I/vDM     (  408): Vdmc getInstance
02-14 14:15:25.649 I/vDM     (  408): Vdmc getInstance
02-14 14:15:25.649 D/DMC     (  408): MyCIMMI getInstance
02-14 14:15:25.649 I/vDM     (  408): Vdmc getInstance
02-14 14:15:26.630 I/vDM     (  408): KeyCode = 82
02-14 14:15:26.630 I/vDM     (  408): Vdmc getInstance
02-14 14:15:26.630 I/vDM     (  408): Vdmc getInstance
02-14 14:15:26.630 D/DMC     (  408): MyCIMMI getInstance
02-14 14:15:26.630 I/vDM     (  408): Vdmc getInstance
02-14 14:15:26.720 I/vDM     (  408): KeyCode = 82
02-14 14:15:26.720 D/KeyguardViewMediator(  207): setHidden false
02-14 14:15:26.720 I/vDM     (  408): Vdmc getInstance
02-14 14:15:26.720 I/vDM     (  408): Vdmc getInstance
02-14 14:15:26.720 D/DMC     (  408): MyCIMMI getInstance
02-14 14:15:26.720 I/vDM     (  408): Vdmc getInstance
02-14 14:15:26.740 D/KeyguardViewMediator(  207): setHidden false
02-14 14:15:26.740 D/KeyguardViewMediator(  207): setHidden false
02-14 14:15:26.760 D/KeyguardViewMediator(  207): setHidden false
02-14 14:15:26.770 D/KeyguardViewMediator(  207): setHidden false
02-14 14:15:26.790 D/KeyguardViewMediator(  207): setHidden false
02-14 14:15:26.810 D/KeyguardViewMediator(  207): setHidden false
02-14 14:15:26.820 D/KeyguardViewMediator(  207): setHidden false
02-14 14:15:26.840 D/KeyguardViewMediator(  207): setHidden false
02-14 14:15:26.860 D/KeyguardViewMediator(  207): setHidden false
02-14 14:15:26.870 D/KeyguardViewMediator(  207): setHidden false
02-14 14:15:26.890 D/KeyguardViewMediator(  207): setHidden false
02-14 14:15:26.900 D/KeyguardViewMediator(  207): setHidden false
02-14 14:15:26.921 D/KeyguardViewMediator(  207): setHidden false
02-14 14:15:27.481 D/Launcher(  419): onSaveInstanceState
02-14 14:15:27.491 D/Launcher(  419): Dissmis Preview for view :null ID:2131230735
02-14 14:15:27.491 D/Launcher(  419): Dissmis Preview for view :null ID:2131230736
02-14 14:15:27.491 D/Launcher(  419): Dissmis Preview for view :null ID:2131230739
02-14 14:15:27.491 D/Launcher(  419): Dissmis Preview for view :null ID:2131230741
02-14 14:15:27.491 D/KeyguardViewMediator(  207): setHidden false
02-14 14:15:27.491 I/hubo    (  207): Activity {com.android.settings/com.android.settings.Settings}
02-14 14:15:27.501 D/KeyguardViewMediator(  207): setHidden false
02-14 14:15:27.501 D/KeyguardViewMediator(  207): setHidden false
02-14 14:15:27.521 D/KeyguardViewMediator(  207): setHidden false
02-14 14:15:27.521 D/KeyguardViewMediator(  207): setHidden false
02-14 14:15:27.531 D/KeyguardViewMediator(  207): setHidden false
02-14 14:15:27.551 D/KeyguardViewMediator(  207): setHidden false
02-14 14:15:27.551 D/KeyguardViewMediator(  207): setHidden false
02-14 14:15:27.561 D/KeyguardViewMediator(  207): setHidden false
02-14 14:15:27.571 D/KeyguardViewMediator(  207): setHidden false
02-14 14:15:27.591 D/KeyguardViewMediator(  207): setHidden false
02-14 14:15:27.601 D/KeyguardViewMediator(  207): setHidden false
02-14 14:15:27.621 D/KeyguardViewMediator(  207): setHidden false
02-14 14:15:27.641 D/KeyguardViewMediator(  207): setHidden false
02-14 14:15:27.651 D/KeyguardViewMediator(  207): setHidden false
02-14 14:15:27.671 D/KeyguardViewMediator(  207): setHidden false
02-14 14:15:27.691 D/KeyguardViewMediator(  207): setHidden false
02-14 14:15:27.701 D/KeyguardViewMediator(  207): setHidden false
02-14 14:15:27.721 D/KeyguardViewMediator(  207): setHidden false
02-14 14:15:27.731 D/KeyguardViewMediator(  207): setHidden false
02-14 14:15:27.741 D/KeyguardViewMediator(  207): setHidden false
02-14 14:15:27.761 D/KeyguardViewMediator(  207): setHidden false
02-14 14:15:27.771 D/KeyguardViewMediator(  207): setHidden false
02-14 14:15:27.791 D/KeyguardViewMediator(  207): setHidden false
02-14 14:15:27.811 D/KeyguardViewMediator(  207): setHidden false
02-14 14:15:27.821 D/KeyguardViewMediator(  207): setHidden false
02-14 14:15:27.841 D/KeyguardViewMediator(  207): setHidden false
02-14 14:15:27.851 D/KeyguardViewMediator(  207): setHidden false
02-14 14:15:28.412 D/Bitmap  (  650): Detect unrecycled bitmap.
02-14 14:15:28.412 D/Bitmap  (  650):       Size: 40960 Bytes, Width: 320 , Height: 64 , Hash code: 1080283016
02-14 14:15:28.412 D/Bitmap  (  650):  This bimap was created in:
02-14 14:15:28.412 D/Bitmap  (  650):       android.graphics.Bitmap.<init>(Bitmap.java:136)
02-14 14:15:28.412 D/Bitmap  (  650):       android.graphics.Bitmap.nativeCreate(Native Method)
02-14 14:15:28.412 D/Bitmap  (  650):       android.graphics.Bitmap.createBitmap(Bitmap.java:547)
02-14 14:15:28.412 D/Bitmap  (  650):       android.view.View.buildDrawingCache(View.java:6577)
02-14 14:15:28.412 D/Bitmap  (  650):       android.view.View.getDrawingCache(View.java:6428)
02-14 14:15:28.412 D/Bitmap  (  650):       android.view.ViewGroup.drawChild(ViewGroup.java:1574)
02-14 14:15:28.412 D/Bitmap  (  650):       android.view.ViewGroup.dispatchDraw(ViewGroup.java:1376)
02-14 14:15:28.412 D/Bitmap  (  650):       android.widget.AbsListView.dispatchDraw(AbsListView.java:1480)
02-14 14:15:28.412 D/Bitmap  (  650):       android.widget.ListView.dispatchDraw(ListView.java:3138)
02-14 14:15:28.412 D/Bitmap  (  650):       android.view.View.draw(View.java:6986)
02-14 14:15:28.412 D/Bitmap  (  650):       android.widget.AbsListView.draw(AbsListView.java:2588)
02-14 14:15:28.412 D/Bitmap  (  650):       android.view.ViewGroup.drawChild(ViewGroup.java:1649)
02-14 14:15:28.412 D/Bitmap  (  650):       android.view.ViewGroup.dispatchDraw(ViewGroup.java:1376)
02-14 14:15:28.412 D/Bitmap  (  650):       android.view.View.draw(View.java:6883)
02-14 14:15:28.412 D/Bitmap  (  650):       android.widget.FrameLayout.draw(FrameLayout.java:357)
02-14 14:15:28.412 D/Bitmap  (  650):       android.view.ViewGroup.drawChild(ViewGroup.java:1649)
02-14 14:15:28.412 D/Bitmap  (  650):       android.view.ViewGroup.dispatchDraw(ViewGroup.java:1376)
02-14 14:15:28.412 D/Bitmap  (  650):       android.view.ViewGroup.drawChild(ViewGroup.java:1647)
02-14 14:15:28.412 D/Bitmap  (  650):       android.view.ViewGroup.dispatchDraw(ViewGroup.java:1376)
02-14 14:15:28.412 D/Bitmap  (  650):       android.view.View.draw(View.java:6883)
02-14 14:15:28.412 D/Bitmap  (  650):       android.widget.FrameLayout.draw(FrameLayout.java:357)
02-14 14:15:28.412 D/Bitmap  (  650):       com.android.internal.policy.impl.PhoneWindow$DecorView.draw(PhoneWindow.java:1866)
02-14 14:15:28.412 D/Bitmap  (  650):       android.view.ViewRoot.draw(ViewRoot.java:1526)
02-14 14:15:28.412 D/Bitmap  (  650):       android.view.ViewRoot.performTraversals(ViewRoot.java:1262)
02-14 14:15:28.412 D/Bitmap  (  650):       android.view.ViewRoot.handleMessage(ViewRoot.java:1864)
02-14 14:15:28.412 D/Bitmap  (  650):       android.os.Handler.dispatchMessage(Handler.java:99)
02-14 14:15:28.412 D/Bitmap  (  650):       android.os.Looper.loop(Looper.java:130)
02-14 14:15:28.412 D/Bitmap  (  650):       android.app.ActivityThread.main(ActivityThread.java:3704)
02-14 14:15:28.412 D/Bitmap  (  650):       java.lang.reflect.Method.invokeNative(Native Method)
02-14 14:15:28.412 D/Bitmap  (  650):       java.lang.reflect.Method.invoke(Method.java:507)
02-14 14:15:28.412 D/Bitmap  (  650):       com.android.internal.os.ZygoteInit$MethodAndArgsCaller.run(ZygoteInit.java:875)
02-14 14:15:28.412 D/Bitmap  (  650):       com.android.internal.os.ZygoteInit.main(ZygoteInit.java:633)
02-14 14:15:28.412 D/Bitmap  (  650):       dalvik.system.NativeStart.main(Native Method)
02-14 14:15:28.412 D/Bitmap  (  650): _
02-14 14:15:28.412 D/Bitmap  (  650): Detect unrecycled bitmap.
02-14 14:15:28.412 D/Bitmap  (  650):       Size: 40960 Bytes, Width: 320 , Height: 64 , Hash code: 1080217880
02-14 14:15:28.412 D/Bitmap  (  650):  This bimap was created in:
02-14 14:15:28.412 D/Bitmap  (  650):       android.graphics.Bitmap.<init>(Bitmap.java:136)
02-14 14:15:28.412 D/Bitmap  (  650):       android.graphics.Bitmap.nativeCreate(Native Method)
02-14 14:15:28.412 D/Bitmap  (  650):       android.graphics.Bitmap.createBitmap(Bitmap.java:547)
02-14 14:15:28.412 D/Bitmap  (  650):       android.view.View.buildDrawingCache(View.java:6577)
02-14 14:15:28.412 D/Bitmap  (  650):       android.view.View.getDrawingCache(View.java:6428)
02-14 14:15:28.412 D/Bitmap  (  650):       android.view.ViewGroup.drawChild(ViewGroup.java:1574)
02-14 14:15:28.412 D/Bitmap  (  650):       android.view.ViewGroup.dispatchDraw(ViewGroup.java:1376)
02-14 14:15:28.412 D/Bitmap  (  650):       android.widget.AbsListView.dispatchDraw(AbsListView.java:1480)
02-14 14:15:28.412 D/Bitmap  (  650):       android.widget.ListView.dispatchDraw(ListView.java:3138)
02-14 14:15:28.412 D/Bitmap  (  650):       android.view.View.draw(View.java:6986)
02-14 14:15:28.412 D/Bitmap  (  650):       android.widget.AbsListView.draw(AbsListView.java:2588)
02-14 14:15:28.412 D/Bitmap  (  650):       android.view.ViewGroup.drawChild(ViewGroup.java:1649)
02-14 14:15:28.412 D/Bitmap  (  650):       android.view.ViewGroup.dispatchDraw(ViewGroup.java:1376)
02-14 14:15:28.412 D/Bitmap  (  650):       android.view.View.draw(View.java:6883)
02-14 14:15:28.412 D/Bitmap  (  650):       android.widget.FrameLayout.draw(FrameLayout.java:357)
02-14 14:15:28.412 D/Bitmap  (  650):       android.view.ViewGroup.drawChild(ViewGroup.java:1649)
02-14 14:15:28.412 D/Bitmap  (  650):       android.view.ViewGroup.dispatchDraw(ViewGroup.java:1376)
02-14 14:15:28.412 D/Bitmap  (  650):       android.view.ViewGroup.drawChild(ViewGroup.java:1647)
02-14 14:15:28.412 D/Bitmap  (  650):       android.view.ViewGroup.dispatchDraw(ViewGroup.java:1376)
02-14 14:15:28.412 D/Bitmap  (  650):       android.view.View.draw(View.java:6883)
02-14 14:15:28.412 D/Bitmap  (  650):       android.widget.FrameLayout.draw(FrameLayout.java:357)
02-14 14:15:28.412 D/Bitmap  (  650):       com.android.internal.policy.impl.PhoneWindow$DecorView.draw(PhoneWindow.java:1866)
02-14 14:15:28.412 D/Bitmap  (  650):       android.view.ViewRoot.draw(ViewRoot.java:1526)
02-14 14:15:28.412 D/Bitmap  (  650):       android.view.ViewRoot.performTraversals(ViewRoot.java:1262)
02-14 14:15:28.412 D/Bitmap  (  650):       android.view.ViewRoot.handleMessage(ViewRoot.java:1864)
02-14 14:15:28.412 D/Bitmap  (  650):       android.os.Handler.dispatchMessage(Handler.java:99)
02-14 14:15:28.412 D/Bitmap  (  650):       android.os.Looper.loop(Looper.java:130)
02-14 14:15:28.412 D/Bitmap  (  650):       android.app.ActivityThread.main(ActivityThread.java:3704)
02-14 14:15:28.412 D/Bitmap  (  650):       java.lang.reflect.Method.invokeNative(Native Method)
02-14 14:15:28.412 D/Bitmap  (  650):       java.lang.reflect.Method.invoke(Method.java:507)
02-14 14:15:28.412 D/Bitmap  (  650):       com.android.internal.os.ZygoteInit$MethodAndArgsCaller.run(ZygoteInit.java:875)
02-14 14:15:28.412 D/Bitmap  (  650):       com.android.internal.os.ZygoteInit.main(ZygoteInit.java:633)
02-14 14:15:28.412 D/Bitmap  (  650):       dalvik.system.NativeStart.main(Native Method)
02-14 14:15:28.412 D/Bitmap  (  650): _
02-14 14:15:28.422 D/Bitmap  (  650): Detect unrecycled bitmap.
02-14 14:15:28.422 D/Bitmap  (  650):       Size: 157440 Bytes, Width: 320 , Height: 123 , Hash code: 1079435248
02-14 14:15:28.422 D/Bitmap  (  650):  This bimap was created in:
02-14 14:15:28.422 D/Bitmap  (  650):       android.graphics.Bitmap.<init>(Bitmap.java:136)
02-14 14:15:28.422 D/Bitmap  (  650):       android.graphics.BitmapFactory.nativeDecodeAsset(Native Method)
02-14 14:15:28.422 D/Bitmap  (  650):       android.graphics.BitmapFactory.decodeStream(BitmapFactory.java:460)
02-14 14:15:28.422 D/Bitmap  (  650):       android.graphics.BitmapFactory.decodeResourceStream(BitmapFactory.java:336)
02-14 14:15:28.422 D/Bitmap  (  650):       android.graphics.drawable.Drawable.createFromResourceStream(Drawable.java:697)
02-14 14:15:28.422 D/Bitmap  (  650):       android.content.res.Resources.loadDrawable(Resources.java:1709)
02-14 14:15:28.422 D/Bitmap  (  650):       android.content.res.Resources.getDrawable(Resources.java:581)
02-14 14:15:28.422 D/Bitmap  (  650):       android.widget.AbsListView.setOverScrollMode(AbsListView.java:655)
02-14 14:15:28.422 D/Bitmap  (  650):       android.view.View.<init>(View.java:1879)
02-14 14:15:28.422 D/Bitmap  (  650):       android.view.View.<init>(View.java:1921)
02-14 14:15:28.422 D/Bitmap  (  650):       android.view.ViewGroup.<init>(ViewGroup.java:292)
02-14 14:15:28.422 D/Bitmap  (  650):       android.widget.AdapterView.<init>(AdapterView.java:228)
02-14 14:15:28.422 D/Bitmap  (  650):       android.widget.AbsListView.<init>(AbsListView.java:592)
02-14 14:15:28.422 D/Bitmap  (  650):       android.widget.ListView.<init>(ListView.java:163)
02-14 14:15:28.432 D/Bitmap  (  650):       android.widget.ListView.<init>(ListView.java:159)
02-14 14:15:28.432 D/Bitmap  (  650):       java.lang.reflect.Constructor.constructNative(Native Method)
02-14 14:15:28.432 D/Bitmap  (  650):       java.lang.reflect.Constructor.newInstance(Constructor.java:415)
02-14 14:15:28.432 D/Bitmap  (  650):       android.view.LayoutInflater.createView(LayoutInflater.java:505)
02-14 14:15:28.432 D/Bitmap  (  650):       com.android.internal.policy.impl.PhoneLayoutInflater.onCreateView(PhoneLayoutInflater.java:56)
02-14 14:15:28.432 D/Bitmap  (  650):       android.view.LayoutInflater.createViewFromTag(LayoutInflater.java:568)
02-14 14:15:28.432 D/Bitmap  (  650):       android.view.LayoutInflater.inflate(LayoutInflater.java:386)
02-14 14:15:28.432 D/Bitmap  (  650):       android.view.LayoutInflater.inflate(LayoutInflater.java:320)
02-14 14:15:28.432 D/Bitmap  (  650):       android.view.LayoutInflater.inflate(LayoutInflater.java:276)
02-14 14:15:28.432 D/Bitmap  (  650):       com.android.internal.policy.impl.PhoneWindow.setContentView(PhoneWindow.java:207)
02-14 14:15:28.432 D/Bitmap  (  650):       android.app.Activity.setContentView(Activity.java:1657)
02-14 14:15:28.432 D/Bitmap  (  650):       android.preference.PreferenceActivity.onCreate(PreferenceActivity.java:107)
02-14 14:15:28.432 D/Bitmap  (  650):       com.android.settings.DisplaySettings.onCreate(DisplaySettings.java:69)
02-14 14:15:28.432 D/Bitmap  (  650):       android.app.Instrumentation.callActivityOnCreate(Instrumentation.java:1047)
02-14 14:15:28.432 D/Bitmap  (  650):       android.app.ActivityThread.performLaunchActivity(ActivityThread.java:1632)
02-14 14:15:28.432 D/Bitmap  (  650):       android.app.ActivityThread.handleLaunchActivity(ActivityThread.java:1684)
02-14 14:15:28.432 D/Bitmap  (  650):       android.app.ActivityThread.access$1500(ActivityThread.java:123)
02-14 14:15:28.432 D/Bitmap  (  650):       android.app.ActivityThread$H.handleMessage(ActivityThread.java:948)
02-14 14:15:28.432 D/Bitmap  (  650):       android.os.Handler.dispatchMessage(Handler.java:99)
02-14 14:15:28.432 D/Bitmap  (  650):       android.os.Looper.loop(Looper.java:130)
02-14 14:15:28.432 D/Bitmap  (  650):       android.app.ActivityThread.main(ActivityThread.java:3704)
02-14 14:15:28.432 D/Bitmap  (  650):       java.lang.reflect.Method.invokeNative(Native Method)
02-14 14:15:28.432 D/Bitmap  (  650):       java.lang.reflect.Method.invoke(Method.java:507)
02-14 14:15:28.432 D/Bitmap  (  650):       com.android.internal.os.ZygoteInit$MethodAndArgsCaller.run(ZygoteInit.java:875)
02-14 14:15:28.432 D/Bitmap  (  650):       com.android.internal.os.ZygoteInit.main(ZygoteInit.java:633)
02-14 14:15:28.432 D/Bitmap  (  650):       dalvik.system.NativeStart.main(Native Method)
02-14 14:15:28.432 D/Bitmap  (  650): _
02-14 14:15:31.515 D/KeyguardViewMediator(  207): setHidden false
02-14 14:15:31.515 I/hubo    (  207): Activity {com.android.providers.subscribedfeeds/com.android.settings.ManageAccountsSettings}
02-14 14:15:31.575 D/KeyguardViewMediator(  207): setHidden false
02-14 14:15:31.635 D/KeyguardViewMediator(  207): setHidden false
02-14 14:15:31.635 D/KeyguardViewMediator(  207): setHidden false
02-14 14:15:31.645 D/KeyguardViewMediator(  207): setHidden false
02-14 14:15:31.665 D/KeyguardViewMediator(  207): setHidden false
02-14 14:15:31.665 D/KeyguardViewMediator(  207): setHidden false
02-14 14:15:31.685 D/KeyguardViewMediator(  207): setHidden false
02-14 14:15:31.705 D/KeyguardViewMediator(  207): setHidden false
02-14 14:15:31.715 D/KeyguardViewMediator(  207): setHidden false
02-14 14:15:31.735 D/KeyguardViewMediator(  207): setHidden false
02-14 14:15:31.755 D/KeyguardViewMediator(  207): setHidden false
02-14 14:15:31.765 D/KeyguardViewMediator(  207): setHidden false
02-14 14:15:31.785 D/KeyguardViewMediator(  207): setHidden false
02-14 14:15:31.795 D/KeyguardViewMediator(  207): setHidden false
02-14 14:15:31.815 D/KeyguardViewMediator(  207): setHidden false
02-14 14:15:31.815 I/ActivityManager(  207): Displayed com.android.providers.subscribedfeeds/com.android.settings.ManageAccountsSettings: +305ms
02-14 14:15:31.835 D/KeyguardViewMediator(  207): setHidden false
02-14 14:15:37.351 I/wpa_supplicant(  312): State: INACTIVE -> SCANNING
02-14 14:15:37.351 I/wpa_supplicant(  312): CTRL-EVENT-STATE-CHANGE id=-1 state=2 BSSID=00:00:00:00:00:00
02-14 14:15:37.361 D/NetworkStateTracker(  207): setDetailed state, old =IDLE and new state=SCANNING
02-14 14:15:37.991 D/KeyguardViewMediator(  207): setHidden false
02-14 14:15:37.991 I/hubo    (  207): Activity {com.android.providers.subscribedfeeds/com.android.settings.AddAccountSettings}
02-14 14:15:38.021 D/KeyguardViewMediator(  207): setHidden false
02-14 14:15:38.051 D/KeyguardViewMediator(  207): setHidden false
02-14 14:15:38.061 D/KeyguardViewMediator(  207): setHidden false
02-14 14:15:38.061 D/KeyguardViewMediator(  207): setHidden false
02-14 14:15:38.071 D/KeyguardViewMediator(  207): setHidden false
02-14 14:15:38.091 D/KeyguardViewMediator(  207): setHidden false
02-14 14:15:38.101 D/KeyguardViewMediator(  207): setHidden false
02-14 14:15:38.121 D/KeyguardViewMediator(  207): setHidden false
02-14 14:15:38.141 D/KeyguardViewMediator(  207): setHidden false
02-14 14:15:38.151 D/KeyguardViewMediator(  207): setHidden false
02-14 14:15:38.171 D/KeyguardViewMediator(  207): setHidden false
02-14 14:15:38.182 D/KeyguardViewMediator(  207): setHidden false
02-14 14:15:38.202 D/KeyguardViewMediator(  207): setHidden false
02-14 14:15:38.222 D/KeyguardViewMediator(  207): setHidden false
02-14 14:15:38.242 D/KeyguardViewMediator(  207): setHidden false
02-14 14:15:38.252 I/ActivityManager(  207): Displayed com.android.providers.subscribedfeeds/com.android.settings.AddAccountSettings: +261ms
02-14 14:15:38.252 D/KeyguardViewMediator(  207): setHidden false
02-14 14:15:38.312 I/wpa_supplicant(  312): State: SCANNING -> INACTIVE
02-14 14:15:38.312 I/wpa_supplicant(  312): CTRL-EVENT-STATE-CHANGE id=-1 state=1 BSSID=00:00:00:00:00:00
02-14 14:15:38.312 I/dun_service(  129): process rmnet event
02-14 14:15:38.312 I/dun_service(  129): Post event 4
02-14 14:15:38.312 I/dun_service(  129): received event: DUN_EVENT_RMNET_UP 
02-14 14:15:38.312 I/dun_service(  129): received event(DUN_EVENT_RMNET_UP) in state(DUN_STATE_USB_UNPLUG)
02-14 14:15:38.312 I/dun_service(  129): Ignoring the event DUN_EVENT_RMNET_UP in USB_UNPLUG_STATE
02-14 14:15:38.312 I/dun_service(  129): Moved to state(DUN_STATE_USB_UNPLUG)
02-14 14:15:38.322 D/WifiStateTracker(  207): setNotificationVisible() visible=false mNotificationShown=false force=false return.
02-14 14:15:38.322 D/NetworkStateTracker(  207): setDetailed state, old =SCANNING and new state=IDLE
02-14 14:15:39.953 D/KeyguardViewMediator(  207): setHidden false
02-14 14:15:39.953 I/hubo    (  207): Activity {com.google.android.gsf/com.google.android.gsf.loginservice.LoginActivity}
02-14 14:15:39.973 D/KeyguardViewMediator(  207): setHidden false
02-14 14:15:39.973 I/hubo    (  207): Activity {com.google.android.gsf/com.google.android.gsf.loginservice.RunSetupWizardActivity}
02-14 14:15:39.983 D/KeyguardViewMediator(  207): setHidden false
02-14 14:15:40.003 D/KeyguardViewMediator(  207): setHidden false
02-14 14:15:40.003 D/KeyguardViewMediator(  207): setHidden false
02-14 14:15:40.013 D/KeyguardViewMediator(  207): setHidden false
02-14 14:15:40.023 D/KeyguardViewMediator(  207): setHidden false
02-14 14:15:40.023 I/hubo    (  207): Activity {com.google.android.gsf/com.google.android.gsf.login.AccountIntroActivity}
02-14 14:15:40.033 D/KeyguardViewMediator(  207): setHidden false
02-14 14:15:40.053 D/KeyguardViewMediator(  207): setHidden false
02-14 14:15:40.073 D/KeyguardViewMediator(  207): setHidden false
02-14 14:15:40.083 D/KeyguardViewMediator(  207): setHidden false
02-14 14:15:40.113 D/KeyguardViewMediator(  207): setHidden false
02-14 14:15:40.113 D/KeyguardViewMediator(  207): setHidden false
02-14 14:15:40.133 D/KeyguardViewMediator(  207): setHidden false
02-14 14:15:40.153 D/KeyguardViewMediator(  207): setHidden false
02-14 14:15:40.163 D/KeyguardViewMediator(  207): setHidden false
02-14 14:15:40.183 D/KeyguardViewMediator(  207): setHidden false
02-14 14:15:40.193 D/KeyguardViewMediator(  207): setHidden false
02-14 14:15:40.213 D/KeyguardViewMediator(  207): setHidden false
02-14 14:15:40.234 D/KeyguardViewMediator(  207): setHidden false
02-14 14:15:40.244 D/KeyguardViewMediator(  207): setHidden false
02-14 14:15:40.264 D/KeyguardViewMediator(  207): setHidden false
02-14 14:15:40.274 D/KeyguardViewMediator(  207): setHidden false
02-14 14:15:40.294 D/KeyguardViewMediator(  207): setHidden false
02-14 14:15:40.314 D/KeyguardViewMediator(  207): setHidden false
02-14 14:15:40.324 D/KeyguardViewMediator(  207): setHidden false
02-14 14:15:40.344 D/KeyguardViewMediator(  207): setHidden false
02-14 14:15:40.354 D/KeyguardViewMediator(  207): setHidden false
02-14 14:15:40.364 D/KeyguardViewMediator(  207): setHidden false
02-14 14:15:40.384 D/KeyguardViewMediator(  207): setHidden false
02-14 14:15:40.394 D/KeyguardViewMediator(  207): setHidden false
02-14 14:15:40.394 D/KeyguardViewMediator(  207): setHidden false
02-14 14:15:40.394 I/ActivityManager(  207): Displayed com.google.android.gsf/.loginservice.LoginActivity: +451ms
02-14 14:15:40.394 D/KeyguardViewMediator(  207): setHidden false
02-14 14:15:40.404 D/KeyguardViewMediator(  207): setHidden false
02-14 14:15:40.404 D/KeyguardViewMediator(  207): setHidden false
02-14 14:15:40.434 D/KeyguardViewMediator(  207): setHidden false
02-14 14:15:40.444 D/KeyguardViewMediator(  207): setHidden false
02-14 14:15:40.464 D/KeyguardViewMediator(  207): setHidden false
02-14 14:15:40.484 D/KeyguardViewMediator(  207): setHidden false
02-14 14:15:40.494 D/KeyguardViewMediator(  207): setHidden false
02-14 14:15:40.514 D/KeyguardViewMediator(  207): setHidden false
02-14 14:15:40.534 D/KeyguardViewMediator(  207): setHidden false
02-14 14:15:40.544 D/KeyguardViewMediator(  207): setHidden false
02-14 14:15:40.564 D/KeyguardViewMediator(  207): setHidden false
02-14 14:15:40.564 I/ActivityManager(  207): Displayed com.google.android.gsf/.login.AccountIntroActivity: +547ms
02-14 14:15:40.574 D/KeyguardViewMediator(  207): setHidden false
02-14 14:15:40.574 D/KeyguardViewMediator(  207): setHidden false
02-14 14:15:40.594 D/KeyguardViewMediator(  207): setHidden false
02-14 14:15:41.605 D/KeyguardViewMediator(  207): setHidden false
02-14 14:15:41.605 I/hubo    (  207): Activity {com.google.android.gsf/com.google.android.gsf.login.ChooseAccountActivity}
02-14 14:15:41.675 D/KeyguardViewMediator(  207): setHidden false
02-14 14:15:41.695 D/KeyguardViewMediator(  207): setHidden false
02-14 14:15:41.705 D/KeyguardViewMediator(  207): setHidden false
02-14 14:15:41.715 D/KeyguardViewMediator(  207): setHidden false
02-14 14:15:41.715 D/KeyguardViewMediator(  207): setHidden false
02-14 14:15:41.735 D/KeyguardViewMediator(  207): setHidden false
02-14 14:15:41.745 D/KeyguardViewMediator(  207): setHidden false
02-14 14:15:41.765 D/KeyguardViewMediator(  207): setHidden false
02-14 14:15:41.775 D/KeyguardViewMediator(  207): setHidden false
02-14 14:15:41.805 D/KeyguardViewMediator(  207): setHidden false
02-14 14:15:41.815 D/KeyguardViewMediator(  207): setHidden false
02-14 14:15:41.825 D/KeyguardViewMediator(  207): setHidden false
02-14 14:15:41.855 D/KeyguardViewMediator(  207): setHidden false
02-14 14:15:41.855 D/KeyguardViewMediator(  207): setHidden false
02-14 14:15:41.875 D/KeyguardViewMediator(  207): setHidden false
02-14 14:15:41.885 I/ActivityManager(  207): Displayed com.google.android.gsf/.login.ChooseAccountActivity: +281ms
02-14 14:15:41.895 D/KeyguardViewMediator(  207): setHidden false
02-14 14:15:43.727 I/dun_service(  129): The value returned from dun_getusbmodemstate_fromsys is 2 
02-14 14:15:43.747 D/KeyguardUpdateMonitor(  207): received broadcast android.intent.action.BATTERY_CHANGED
02-14 14:15:43.747 D/KeyguardUpdateMonitor(  207): handleBatteryUpdate
02-14 14:15:44.338 D/KeyguardViewMediator(  207): setHidden false
02-14 14:15:44.338 I/hubo    (  207): Activity {com.google.android.gsf/com.google.android.gsf.login.LoginActivity}
02-14 14:15:44.378 W/SetupWizard(  387): No such policy while creating link, id='google_privacy'
02-14 14:15:44.378 W/SetupWizard(  387): No such policy while creating link, id='android_privacy'
02-14 14:15:44.418 D/KeyguardViewMediator(  207): setHidden false
02-14 14:15:44.438 D/KeyguardViewMediator(  207): setHidden false
02-14 14:15:44.468 D/KeyguardViewMediator(  207): setHidden false
02-14 14:15:44.468 D/KeyguardViewMediator(  207): setHidden false
02-14 14:15:44.478 D/KeyguardViewMediator(  207): setHidden false
02-14 14:15:44.478 D/KeyguardViewMediator(  207): setHidden false
02-14 14:15:44.488 D/KeyguardViewMediator(  207): setHidden false
02-14 14:15:44.498 D/KeyguardViewMediator(  207): setHidden false
02-14 14:15:44.518 D/KeyguardViewMediator(  207): setHidden false
02-14 14:15:44.538 D/KeyguardViewMediator(  207): setHidden false
02-14 14:15:44.558 D/KeyguardViewMediator(  207): setHidden false
02-14 14:15:44.568 D/KeyguardViewMediator(  207): setHidden false
02-14 14:15:44.588 D/KeyguardViewMediator(  207): setHidden false
02-14 14:15:44.598 D/KeyguardViewMediator(  207): setHidden false
02-14 14:15:44.618 D/KeyguardViewMediator(  207): setHidden false
02-14 14:15:44.638 D/KeyguardViewMediator(  207): setHidden false
02-14 14:15:44.648 D/KeyguardViewMediator(  207): setHidden false
02-14 14:15:44.658 I/ActivityManager(  207): Displayed com.google.android.gsf/.login.LoginActivity: +318ms
02-14 14:15:44.658 D/KeyguardViewMediator(  207): setHidden false
02-14 14:15:44.898 I/V3Client(  353): SMS ignored
02-14 14:15:44.918 E/HQB     ( 1070): onReceiveWithPrivilege  action received android.provider.Telephony.SMS_RECEIVED
02-14 14:15:44.948 D/SmsReceiverService( 1070): isSelfRegSMS-teleService = 4098
02-14 14:15:44.948 D/SmsReceiverService( 1070): first =0
02-14 14:15:44.948 D/SmsReceiverService( 1070): possibleIndex =null
02-14 14:15:44.948 D/SmsReceiverService( 1070): processed indexString =null
02-14 14:15:44.948 D/SmsReceiverService( 1070): first =0
02-14 14:15:44.948 D/SmsReceiverService( 1070): possibleIndex =null
02-14 14:15:44.948 D/SmsReceiverService( 1070): processed indexString =null
02-14 14:15:44.948 D/MmsSmsProvider(  332): getThreadId:enter cursor.toAddressIds.size=1
02-14 14:15:44.958 D/MmsSmsProvider(  332): getThreadId:enter cursor.getCount()=1
02-14 14:15:44.958 D/MmsSmsProvider(  332): getThreadId:enter cursorAddr.getCount()=1needNewThread=false
02-14 14:15:45.008 D/Mms:app ( 1070): in getIconResourceId cmasNo =0
02-14 14:15:45.008 D/Mms:app ( 1070): in getIconResourceId cmasNo = 0, cancel(notificationId)
02-14 14:15:45.058 E/lights  (  207):   g_haveAmberLed=0
02-14 14:15:45.058 E/lights  (  207):   red=0
02-14 14:15:45.058 E/lights  (  207):   green=255
02-14 14:15:45.058 E/lights  (  207):   blink=1
02-14 14:15:45.058 E/wlg     (  207): MediaPlayer.IsSdpFile  path = /internal/audio/media/11
02-14 14:15:45.058 E/wlg     (  207): MediaPlayer.IsSdpFile  path = /internal/audio/media/11
02-14 14:15:45.058 D/MediaPlayer(  207): DRM scheme =content
02-14 14:15:45.058 D/MediaPlayer(  207): DRM uri.toString() =content://media/internal/audio/media/11
02-14 14:15:45.068 D/MediaPlayer(  207): setDataSource(285, 0, 576460752303423487)
02-14 14:15:45.068 D/MediaPlayerService(  121): Create new client(20) from pid 207, fd=24, offset=0, length=576460752303423487, audioSessionId=35
02-14 14:15:45.068 E/MediaPlayerService(  121): ident is:1399285583, buf is:OggS
02-14 14:15:45.068 E/MediaPlayerService(  121):  create VorbisPlayer
02-14 14:15:45.078 I/AudioService(  207):  AudioFocus  requestAudioFocus() from android.media.AudioManager@406f5bd8
02-14 14:15:45.078 E/wlg     (  207): MediaPlayer.start()  mIsStream = false
02-14 14:15:45.078 D/MediaPlayer(  207): start state 8
02-14 14:15:45.078 D/AudioTrack(  121): Request AudioFlinger to create track
02-14 14:15:45.078 D/AudioFlinger(  121): createTrack() lSessionId: 35
02-14 14:15:45.078 D/AudioFlinger(  121): Track constructor name 4098, calling thread 121
02-14 14:15:45.078 D/AudioTrack(  121): start 0x65ce0
02-14 14:15:45.078 D/AudioFlinger(  121): start(4098), calling thread 121 session 35
02-14 14:15:45.088 D/AudioHardwareMSM7X30(  121): value of device and enable is 2 1 ALSA dev id:3
02-14 14:15:45.098 D/KeyguardViewMediator(  207): setHidden false
02-14 14:15:45.098 D/KeyguardViewMediator(  207): setHidden false
02-14 14:15:45.168 D/AudioHardwareMSM7X30(  121): msm_route_stream(PCM_PLAY,5,3,1)
02-14 14:15:45.689 D/AudioTrack(  121): stop 0x65ce0
02-14 14:15:45.689 D/AudioFlinger(  121): stop(4098), calling thread 121
02-14 14:15:45.689 I/AudioService(  207):  AudioFocus  abandonAudioFocus() from android.media.AudioManager@406f5bd8
02-14 14:15:46.319 I/vDM     (  408): KeyCode = 25
02-14 14:15:46.339 W/KeyCharacterMap(  387): No keyboard for id 0
02-14 14:15:46.339 W/KeyCharacterMap(  387): Using default keymap: /system/usr/keychars/qwerty.kcm.bin
02-14 14:15:46.359 I/RingtoneManager(  207): getActualDefaultRingtoneUri().setting=ringtone uriString=content://media/internal/audio/media/21
02-14 14:15:46.359 I/RingtoneManager(  207): TYPE_RINGTONE getActualDefaultRingtoneUri().volume = internal
02-14 14:15:46.369 D/KeyguardViewMediator(  207): setHidden false
02-14 14:15:46.380 I/vDM     (  408): Vdmc getInstance
02-14 14:15:46.380 I/vDM     (  408): Vdmc getInstance
02-14 14:15:46.380 D/DMC     (  408): MyCIMMI getInstance
02-14 14:15:46.380 I/vDM     (  408): Vdmc getInstance
02-14 14:15:46.380 D/PowerManagerService(  207): acquireWakeLock flags=0xa tag=KEEP_SCREEN_ON_FLAG
02-14 14:15:46.400 D/KeyguardViewMediator(  207): setHidden false
02-14 14:15:46.400 D/KeyguardViewMediator(  207): setHidden false
02-14 14:15:46.410 D/KeyguardViewMediator(  207): setHidden false
02-14 14:15:46.420 D/KeyguardViewMediator(  207): setHidden false
02-14 14:15:46.430 D/KeyguardViewMediator(  207): setHidden false
02-14 14:15:46.450 D/KeyguardViewMediator(  207): setHidden false
02-14 14:15:46.450 I/vDM     (  408): KeyCode = 25
02-14 14:15:46.450 I/vDM     (  408): Vdmc getInstance
02-14 14:15:46.450 I/vDM     (  408): Vdmc getInstance
02-14 14:15:46.450 D/DMC     (  408): MyCIMMI getInstance
02-14 14:15:46.450 I/vDM     (  408): Vdmc getInstance
02-14 14:15:46.470 D/KeyguardViewMediator(  207): setHidden false
02-14 14:15:46.480 D/KeyguardViewMediator(  207): setHidden false
02-14 14:15:46.500 D/KeyguardViewMediator(  207): setHidden false
02-14 14:15:46.520 D/KeyguardViewMediator(  207): setHidden false
02-14 14:15:46.530 D/KeyguardViewMediator(  207): setHidden false
02-14 14:15:46.550 D/KeyguardViewMediator(  207): setHidden false
02-14 14:15:46.570 D/KeyguardViewMediator(  207): setHidden false
02-14 14:15:46.580 D/KeyguardViewMediator(  207): setHidden false
