02-14 14:10:35.276 W/MessageQueue(  207): 	at com.android.server.NotificationPlayer.access$500(NotificationPlayer.java:43)
02-14 14:10:35.276 W/MessageQueue(  207): 	at com.android.server.NotificationPlayer$CmdThread.run(NotificationPlayer.java:170)
02-14 14:10:35.276 D/AudioTrack(  121): stop 0x65308
02-14 14:10:35.276 D/AudioFlinger(  121): stop(4098), calling thread 121
02-14 14:10:35.286 E/wlg     (  207): MediaPlayer.IsSdpFile  path = /system/notification_sound
02-14 14:10:35.286 E/wlg     (  207): MediaPlayer.IsSdpFile  path = /system/notification_sound
02-14 14:10:35.296 D/MediaPlayer(  207): DRM scheme =content
02-14 14:10:35.296 D/MediaPlayer(  207): DRM uri.toString() =content://settings/system/notification_sound
02-14 14:10:35.296 I/RingtoneManager(  207): getActualDefaultRingtoneUri().setting=notification_sound uriString=content://media/internal/audio/media/17
02-14 14:10:35.296 I/RingtoneManager(  207): TYPE_NOTIFICATION getActualDefaultRingtoneUri().volume = internal
02-14 14:10:35.296 D/DrmContent(  207): Uri=content://media/internal/audio/media/17
02-14 14:10:35.296 D/AudioFlinger(  121): remove track (4098) and delete from mixer
02-14 14:10:35.306 D/KeyguardViewMediator(  207): setHidden false
02-14 14:10:35.316 D/KeyguardViewMediator(  207): setHidden false
02-14 14:10:35.326 D/DrmContent(  207): ret=983062
02-14 14:10:35.326 D/MediaPlayer(  207): setDataSource(192, 0, 576460752303423487)
02-14 14:10:35.326 D/MediaPlayerService(  121): Create new client(17) from pid 207, fd=25, offset=0, length=576460752303423487, audioSessionId=28
02-14 14:10:35.326 E/MediaPlayerService(  121): ident is:1399285583, buf is:OggS
02-14 14:10:35.326 E/MediaPlayerService(  121):  create VorbisPlayer
02-14 14:10:35.346 I/AudioService(  207):  AudioFocus  requestAudioFocus() from android.media.AudioManager@406f5bd8
02-14 14:10:35.346 E/wlg     (  207): MediaPlayer.start()  mIsStream = false
02-14 14:10:35.346 D/MediaPlayer(  207): start state 8
02-14 14:10:35.346 D/AudioTrack(  121): Request AudioFlinger to create track
02-14 14:10:35.346 D/AudioFlinger(  121): createTrack() lSessionId: 28
02-14 14:10:35.346 D/AudioFlinger(  121): Track constructor name 4098, calling thread 121
02-14 14:10:35.346 D/AudioTrack(  121): start 0x64a00
02-14 14:10:35.346 D/AudioFlinger(  121): start(4098), calling thread 121 session 28
02-14 14:10:35.426 E/TransactionService( 1070): onStart: #1: Bundle[mParcelledData.dataSize=88] intent=Intent { act=android.intent.action.ACTION_ONALARM flg=0x4 cmp=com.android.mms/.transaction.TransactionService (has extras) }
02-14 14:10:35.426 E/TransactionService( 1070):     networkAvailable=true
02-14 14:10:35.436 E/TransactionService( 1070): onStart: cursor.count=0
02-14 14:10:35.436 E/TransactionService( 1070): onStart: no pending messages. Stopping service.
02-14 14:10:35.446 D/MmsSystemEventReceiver( 1070): unRegisterForConnectionStateChanges
02-14 14:10:35.456 D/TransactionService( 1070): Handle DATA_STATE_CHANGED event: NetworkInfo: type: mobile[CDMA - EvDo rev. A], state: CONNECTED/CONNECTED, reason: radioTechnologyChanged, extra: (none), roaming: false, failover: false, isAvailable: true, isIpv4Connected: true, isIpv6Connected: false, ipv4Name: rmnet0, ipv6Name: null
02-14 14:10:35.456 D/TransactionService( 1070):    type is not TYPE_MOBILE_MMS, fail
02-14 14:10:35.456 D/TransactionService( 1070): luowenping --------------------CALL_STATE_IDLE
02-14 14:10:35.456 E/TransactionService( 1070): lwp enter releaseWakeLock
02-14 14:10:35.837 I/MediaStoreImporter(  788): Update: full Added music: 36 Updated music: 0 Deleted music: 0 Created playlists: 0 Updated playlists: 0 Deleted playlists: 0 Inserted playlist items: 0 Deleted playlist items: 0 Removed orphaned playlist items: 0
02-14 14:10:36.047 E/ldr     (  486): getCompressedAlbumArtv want to printf the media compressed fail
02-14 14:10:36.047 E/ldr     (  486): makeThumbInternal want to printf the MediaProvider compress is null
02-14 14:10:36.047 E/ldr     (  486): getCompressedAlbumArtv want to printf the media compressed fail
02-14 14:10:36.047 E/ldr     (  486): makeThumbInternal want to printf the MediaProvider compress is null
02-14 14:10:36.047 E/id3v2   (  486): MPEG4FILE getID3V2ImageData 
02-14 14:10:36.047 E/ldr     (  486): getCompressedAlbumArtv want to printf the media compressed fail
02-14 14:10:36.047 E/ldr     (  486): makeThumbInternal want to printf the MediaProvider compress is null
02-14 14:10:36.107 E/ldr     (  486): getCompressedAlbumArtv want to printf the media compressed sucess
02-14 14:10:36.137 D/skia    (  486): --- decoder->decode returned false
02-14 14:10:36.137 E/ldr     (  486): getCompressedAlbumArtv want to printf the media compressed sucess
02-14 14:10:36.817 E/id3v2   (  486): MPEG4FILE getID3V2ImageData 
02-14 14:10:36.817 E/ldr     (  486): getCompressedAlbumArtv want to printf the media compressed fail
02-14 14:10:36.817 E/ldr     (  486): makeThumbInternal want to printf the MediaProvider compress is null
02-14 14:10:36.817 E/ldr     (  486): getCompressedAlbumArtv want to printf the media compressed fail
02-14 14:10:36.817 E/ldr     (  486): makeThumbInternal want to printf the MediaProvider compress is null
02-14 14:10:36.827 E/ldr     (  486): getCompressedAlbumArtv want to printf the media compressed fail
02-14 14:10:36.827 E/ldr     (  486): makeThumbInternal want to printf the MediaProvider compress is null
02-14 14:10:37.158 D/AudioTrack(  121): stop 0x64a00
02-14 14:10:37.158 D/AudioFlinger(  121): stop(4098), calling thread 121
02-14 14:10:37.158 I/AudioService(  207):  AudioFocus  abandonAudioFocus() from android.media.AudioManager@406f5bd8
02-14 14:10:37.668 D/Mms     ( 1070): doAutoSend
02-14 14:10:38.789 I/DATA    (  332): [DCT(0) ] onDataCallListChanged:
02-14 14:10:38.789 I/DATA    (  332): [DCT(0) ] ---dc state list---
02-14 14:10:38.789 I/DATA    (  332): [DCT(0) ] DataCallState: { cid: 0, active: 2, type: , apn: , address: 173.112.252.191 }
02-14 14:10:38.789 I/DATA    (  332): [DCT(0) ] ---dc list---
02-14 14:10:38.789 I/DATA    (  332): [DCT(0) ] cid = 0, state = DcActiveState, bearerType = IP, ipaddress = 173.112.252.191, gw=173.112.252.129, dns=[68.28.67.132, 68.28.68.132]
02-14 14:10:40.271 D/AudioHardwareMSM7X30(  121): AudioStreamOutMSM72xx::standby()
02-14 14:10:40.271 D/AudioHardwareMSM7X30(  121): Deroute pcm out stream
02-14 14:10:40.271 D/AudioHardwareMSM7X30(  121): updateDeviceInfo: E rx_device 2 and tx_device 3
02-14 14:10:40.271 D/AudioHardwareMSM7X30(  121): No active voicecall/playback, disabling cur_rx 2
02-14 14:10:40.271 D/AudioHardwareMSM7X30(  121): value of device and enable is 2 0 ALSA dev id:3
02-14 14:10:40.281 D/AudioHardwareMSM7X30(  121): No active voicecall/recording, disabling cur_tx 3
02-14 14:10:40.281 D/AudioHardwareMSM7X30(  121): value of device and enable is 3 0 ALSA dev id:10
02-14 14:10:40.281 E/AudioHardwareMSM7X30(  121): There is no node in the routing table!
02-14 14:10:40.281 D/AudioHardwareMSM7X30(  121): updateDeviceInfo: X cur_rx 2 cur_tx 3
02-14 14:10:40.962 D/KeyguardViewMediator(  207): setHidden false
02-14 14:10:40.962 I/hubo    (  207): Activity {com.android.settings/com.android.settings.ApplicationSettings}
02-14 14:10:40.982 D/DialogPreference(  650): mIsAdjustWindow : true
02-14 14:10:41.002 D/KeyguardViewMediator(  207): setHidden false
02-14 14:10:41.072 D/KeyguardViewMediator(  207): setHidden false
02-14 14:10:41.072 D/KeyguardViewMediator(  207): setHidden false
02-14 14:10:41.082 D/KeyguardViewMediator(  207): setHidden false
02-14 14:10:41.082 D/KeyguardViewMediator(  207): setHidden false
02-14 14:10:41.102 D/KeyguardViewMediator(  207): setHidden false
02-14 14:10:41.122 D/KeyguardViewMediator(  207): setHidden false
02-14 14:10:41.132 D/KeyguardViewMediator(  207): setHidden false
02-14 14:10:41.152 D/KeyguardViewMediator(  207): setHidden false
02-14 14:10:41.172 D/KeyguardViewMediator(  207): setHidden false
02-14 14:10:41.182 D/KeyguardViewMediator(  207): setHidden false
02-14 14:10:41.202 D/KeyguardViewMediator(  207): setHidden false
02-14 14:10:41.222 D/KeyguardViewMediator(  207): setHidden false
02-14 14:10:41.232 D/KeyguardViewMediator(  207): setHidden false
02-14 14:10:41.242 I/ActivityManager(  207): Displayed com.android.settings/.ApplicationSettings: +294ms
02-14 14:10:41.242 D/KeyguardViewMediator(  207): setHidden false
02-14 14:10:42.373 D/KeyguardViewMediator(  207): setHidden false
02-14 14:10:42.443 D/KeyguardViewMediator(  207): setHidden false
02-14 14:10:42.443 D/KeyguardViewMediator(  207): setHidden false
02-14 14:10:42.453 D/KeyguardViewMediator(  207): setHidden false
02-14 14:10:42.473 D/KeyguardViewMediator(  207): setHidden false
02-14 14:10:42.493 D/KeyguardViewMediator(  207): setHidden false
02-14 14:10:42.503 D/KeyguardViewMediator(  207): setHidden false
02-14 14:10:42.523 D/KeyguardViewMediator(  207): setHidden false
02-14 14:10:42.543 D/KeyguardViewMediator(  207): setHidden false
02-14 14:10:42.553 D/KeyguardViewMediator(  207): setHidden false
02-14 14:10:42.573 D/KeyguardViewMediator(  207): setHidden false
02-14 14:10:42.583 D/KeyguardViewMediator(  207): setHidden false
02-14 14:10:42.603 D/KeyguardViewMediator(  207): setHidden false
02-14 14:10:42.623 D/KeyguardViewMediator(  207): setHidden false
02-14 14:10:42.633 D/KeyguardViewMediator(  207): setHidden false
02-14 14:10:42.653 D/KeyguardViewMediator(  207): setHidden false
02-14 14:10:42.673 D/KeyguardViewMediator(  207): setHidden false
02-14 14:10:42.683 D/KeyguardViewMediator(  207): setHidden false
02-14 14:10:42.703 D/KeyguardViewMediator(  207): setHidden false
02-14 14:10:42.703 I/ActivityThread( 1109): Pub com.sprint.installer: com.sprint.w.installer.ContentProvider
02-14 14:10:42.703 I/ActivityThread( 1109): Pub com.sprint.w.installer.SuggestProvider: com.sprint.w.installer.SearchSuggestProvider
02-14 14:10:42.713 D/KeyguardViewMediator(  207): setHidden false
02-14 14:10:42.723 I/SprintID.Util( 1109): skipping the update check since it already ran recently
02-14 14:10:42.733 D/KeyguardViewMediator(  207): setHidden false
02-14 14:10:42.753 D/KeyguardViewMediator(  207): setHidden false
02-14 14:10:42.773 D/KeyguardViewMediator(  207): setHidden false
02-14 14:10:42.783 D/KeyguardViewMediator(  207): setHidden false
02-14 14:10:42.793 D/KeyguardViewMediator(  207): setHidden false
02-14 14:10:42.813 D/KeyguardViewMediator(  207): setHidden false
02-14 14:10:42.833 D/KeyguardViewMediator(  207): setHidden false
02-14 14:10:42.843 D/KeyguardViewMediator(  207): setHidden false
02-14 14:10:42.863 D/KeyguardViewMediator(  207): setHidden false
02-14 14:10:42.873 D/KeyguardViewMediator(  207): setHidden false
02-14 14:10:42.893 D/KeyguardViewMediator(  207): setHidden false
02-14 14:10:42.913 D/KeyguardViewMediator(  207): setHidden false
02-14 14:10:42.923 D/KeyguardViewMediator(  207): setHidden false
02-14 14:10:42.953 D/KeyguardViewMediator(  207): setHidden false
02-14 14:10:42.963 D/KeyguardViewMediator(  207): setHidden false
02-14 14:10:42.973 D/KeyguardViewMediator(  207): setHidden false
02-14 14:10:43.004 D/KeyguardViewMediator(  207): setHidden false
02-14 14:10:43.014 D/KeyguardViewMediator(  207): setHidden false
02-14 14:10:43.024 D/KeyguardViewMediator(  207): setHidden false
02-14 14:10:43.054 D/KeyguardViewMediator(  207): setHidden false
02-14 14:10:43.054 D/KeyguardViewMediator(  207): setHidden false
02-14 14:10:43.084 D/KeyguardViewMediator(  207): setHidden false
02-14 14:10:43.094 D/KeyguardViewMediator(  207): setHidden false
02-14 14:10:43.104 D/KeyguardViewMediator(  207): setHidden false
02-14 14:10:43.134 D/KeyguardViewMediator(  207): setHidden false
02-14 14:10:43.144 D/KeyguardViewMediator(  207): setHidden false
02-14 14:10:43.154 D/KeyguardViewMediator(  207): setHidden false
02-14 14:10:43.174 D/KeyguardViewMediator(  207): setHidden false
02-14 14:10:43.194 D/KeyguardViewMediator(  207): setHidden false
02-14 14:10:43.214 D/KeyguardViewMediator(  207): setHidden false
02-14 14:10:43.224 D/KeyguardViewMediator(  207): setHidden false
02-14 14:10:43.244 D/KeyguardViewMediator(  207): setHidden false
02-14 14:10:43.264 D/KeyguardViewMediator(  207): setHidden false
02-14 14:10:43.274 D/KeyguardViewMediator(  207): setHidden false
02-14 14:10:43.284 D/KeyguardViewMediator(  207): setHidden false
02-14 14:10:43.294 D/KeyguardViewMediator(  207): setHidden false
02-14 14:10:43.304 D/KeyguardViewMediator(  207): setHidden false
02-14 14:10:43.324 D/KeyguardViewMediator(  207): setHidden false
02-14 14:10:43.344 D/KeyguardViewMediator(  207): setHidden false
02-14 14:10:43.354 D/KeyguardViewMediator(  207): setHidden false
02-14 14:10:43.374 D/KeyguardViewMediator(  207): setHidden false
02-14 14:10:43.394 D/KeyguardViewMediator(  207): setHidden false
02-14 14:10:43.414 D/KeyguardViewMediator(  207): setHidden false
02-14 14:10:43.424 D/KeyguardViewMediator(  207): setHidden false
02-14 14:10:43.444 D/KeyguardViewMediator(  207): setHidden false
02-14 14:10:43.454 D/KeyguardViewMediator(  207): setHidden false
02-14 14:10:43.454 D/KeyguardViewMediator(  207): setHidden false
02-14 14:10:43.724 I/dun_service(  129): The value returned from dun_getusbmodemstate_fromsys is 2 
02-14 14:10:43.754 D/KeyguardUpdateMonitor(  207): received broadcast android.intent.action.BATTERY_CHANGED
02-14 14:10:43.764 D/KeyguardUpdateMonitor(  207): handleBatteryUpdate
02-14 14:10:44.015 D/KeyguardViewMediator(  207): setHidden false
02-14 14:10:44.015 I/hubo    (  207): Activity {com.android.settings/com.android.settings.DevelopmentSettings}
02-14 14:10:44.045 D/KeyguardViewMediator(  207): setHidden false
02-14 14:10:44.085 D/KeyguardViewMediator(  207): setHidden false
02-14 14:10:44.095 D/KeyguardViewMediator(  207): setHidden false
02-14 14:10:44.105 D/KeyguardViewMediator(  207): setHidden false
02-14 14:10:44.105 D/KeyguardViewMediator(  207): setHidden false
02-14 14:10:44.125 D/KeyguardViewMediator(  207): setHidden false
02-14 14:10:44.145 D/KeyguardViewMediator(  207): setHidden false
02-14 14:10:44.165 D/KeyguardViewMediator(  207): setHidden false
02-14 14:10:44.175 D/KeyguardViewMediator(  207): setHidden false
02-14 14:10:44.185 D/KeyguardViewMediator(  207): setHidden false
02-14 14:10:44.215 D/KeyguardViewMediator(  207): setHidden false
02-14 14:10:44.225 D/KeyguardViewMediator(  207): setHidden false
02-14 14:10:44.235 D/KeyguardViewMediator(  207): setHidden false
02-14 14:10:44.255 D/KeyguardViewMediator(  207): setHidden false
02-14 14:10:44.275 D/KeyguardViewMediator(  207): setHidden false
02-14 14:10:44.275 I/ActivityManager(  207): Displayed com.android.settings/.DevelopmentSettings: +269ms
02-14 14:10:44.295 D/KeyguardViewMediator(  207): setHidden false
02-14 14:10:45.346 D/KeyguardViewMediator(  207): setHidden false
02-14 14:10:45.396 D/KeyguardViewMediator(  207): setHidden false
02-14 14:10:45.396 D/KeyguardViewMediator(  207): setHidden false
02-14 14:10:45.406 D/KeyguardViewMediator(  207): setHidden false
02-14 14:10:45.426 D/KeyguardViewMediator(  207): setHidden false
02-14 14:10:45.446 D/KeyguardViewMediator(  207): setHidden false
02-14 14:10:45.456 D/KeyguardViewMediator(  207): setHidden false
02-14 14:10:45.476 D/KeyguardViewMediator(  207): setHidden false
02-14 14:10:45.496 D/KeyguardViewMediator(  207): setHidden false
02-14 14:10:45.506 D/KeyguardViewMediator(  207): setHidden false
02-14 14:10:45.526 D/KeyguardViewMediator(  207): setHidden false
02-14 14:10:45.536 D/KeyguardViewMediator(  207): setHidden false
02-14 14:10:45.556 D/KeyguardViewMediator(  207): setHidden false
02-14 14:10:45.576 D/KeyguardViewMediator(  207): setHidden false
02-14 14:10:45.586 D/KeyguardViewMediator(  207): setHidden false
02-14 14:10:45.606 D/KeyguardViewMediator(  207): setHidden false
02-14 14:10:45.626 D/KeyguardViewMediator(  207): setHidden false
02-14 14:10:45.636 D/KeyguardViewMediator(  207): setHidden false
02-14 14:10:45.656 D/KeyguardViewMediator(  207): setHidden false
02-14 14:10:45.666 D/KeyguardViewMediator(  207): setHidden false
02-14 14:10:45.686 D/KeyguardViewMediator(  207): setHidden false
02-14 14:10:45.706 D/KeyguardViewMediator(  207): setHidden false
02-14 14:10:45.716 D/KeyguardViewMediator(  207): setHidden false
02-14 14:10:45.736 D/KeyguardViewMediator(  207): setHidden false
02-14 14:10:45.756 D/KeyguardViewMediator(  207): setHidden false
02-14 14:10:45.766 D/KeyguardViewMediator(  207): setHidden false
02-14 14:10:45.786 D/KeyguardViewMediator(  207): setHidden false
02-14 14:10:45.796 D/KeyguardViewMediator(  207): setHidden false
02-14 14:10:45.816 D/KeyguardViewMediator(  207): setHidden false
02-14 14:10:45.836 D/KeyguardViewMediator(  207): setHidden false
02-14 14:10:45.846 D/KeyguardViewMediator(  207): setHidden false
02-14 14:10:45.866 D/KeyguardViewMediator(  207): setHidden false
02-14 14:10:45.886 D/KeyguardViewMediator(  207): setHidden false
02-14 14:10:45.896 D/KeyguardViewMediator(  207): setHidden false
02-14 14:10:45.916 D/KeyguardViewMediator(  207): setHidden false
02-14 14:10:45.936 D/KeyguardViewMediator(  207): setHidden false
02-14 14:10:45.946 D/KeyguardViewMediator(  207): setHidden false
02-14 14:10:45.966 D/KeyguardViewMediator(  207): setHidden false
02-14 14:10:45.976 D/KeyguardViewMediator(  207): setHidden false
02-14 14:10:45.996 D/KeyguardViewMediator(  207): setHidden false
02-14 14:10:46.016 D/KeyguardViewMediator(  207): setHidden false
02-14 14:10:46.026 D/KeyguardViewMediator(  207): setHidden false
02-14 14:10:46.046 D/KeyguardViewMediator(  207): setHidden false
02-14 14:10:46.067 D/KeyguardViewMediator(  207): setHidden false
02-14 14:10:46.077 D/KeyguardViewMediator(  207): setHidden false
02-14 14:10:46.097 D/KeyguardViewMediator(  207): setHidden false
02-14 14:10:46.117 D/KeyguardViewMediator(  207): setHidden false
02-14 14:10:46.127 D/KeyguardViewMediator(  207): setHidden false
02-14 14:10:46.147 D/KeyguardViewMediator(  207): setHidden false
02-14 14:10:46.157 D/KeyguardViewMediator(  207): setHidden false
02-14 14:10:46.157 D/KeyguardViewMediator(  207): setHidden false
02-14 14:10:46.177 I/dun_service(  129): The value returned from dun_getusbmodemstate_fromsys is 2 
02-14 14:10:46.177 D/KeyguardViewMediator(  207): setHidden false
02-14 14:10:46.177 I/dun_service(  129): The value returned from dun_getusbmodemstate_fromsys is 2 
02-14 14:10:46.187 I/dun_service(  129): The value returned from dun_getusbmodemstate_fromsys is 2 
02-14 14:10:46.187 I/dun_service(  129): The value returned from dun_getusbmodemstate_fromsys is 2 
02-14 14:10:46.187 I/dun_service(  129): The value returned from dun_getusbmodemstate_fromsys is 2 
02-14 14:10:46.187 I/dun_service(  129): The value returned from dun_getusbmodemstate_fromsys is 2 
02-14 14:10:46.197 D/KeyguardViewMediator(  207): setHidden false
02-14 14:10:46.207 D/KeyguardViewMediator(  207): setHidden false
02-14 14:10:46.217 I/dun_service(  129): The value returned from dun_getusbmodemstate_fromsys is 1 
02-14 14:10:46.217 I/dun_service(  129): Post event 1
02-14 14:10:46.217 I/dun_service(  129): received event: DUN_EVENT_USB_UNPLUG 
02-14 14:10:46.217 I/dun_service(  129): received event(DUN_EVENT_USB_UNPLUG) in state(DUN_STATE_USB_UNPLUG)
02-14 14:10:46.217 I/dun_service(  129): Ignoring the event DUN_EVENT_USB_UNPLUG in USB_UNPLUG_STATE
02-14 14:10:46.217 I/dun_service(  129): Moved to state(DUN_STATE_USB_UNPLUG)
02-14 14:10:46.217 I/dun_service(  129): The value returned from dun_getusbmodemstate_fromsys is 1 
02-14 14:10:46.217 I/dun_service(  129): Post event 1
02-14 14:10:46.217 I/dun_service(  129): received event: DUN_EVENT_USB_UNPLUG 
02-14 14:10:46.217 I/dun_service(  129): received event(DUN_EVENT_USB_UNPLUG) in state(DUN_STATE_USB_UNPLUG)
02-14 14:10:46.217 I/dun_service(  129): Ignoring the event DUN_EVENT_USB_UNPLUG in USB_UNPLUG_STATE
02-14 14:10:46.217 I/dun_service(  129): Moved to state(DUN_STATE_USB_UNPLUG)
02-14 14:10:46.217 I/dun_service(  129): The value returned from dun_getusbmodemstate_fromsys is 1 
02-14 14:10:46.217 I/dun_service(  129): Post event 1
02-14 14:10:46.217 I/dun_service(  129): received event: DUN_EVENT_USB_UNPLUG 
02-14 14:10:46.217 I/dun_service(  129): received event(DUN_EVENT_USB_UNPLUG) in state(DUN_STATE_USB_UNPLUG)
02-14 14:10:46.217 I/dun_service(  129): Ignoring the event DUN_EVENT_USB_UNPLUG in USB_UNPLUG_STATE
02-14 14:10:46.217 I/dun_service(  129): Moved to state(DUN_STATE_USB_UNPLUG)
02-14 14:10:46.227 I/dun_service(  129): The value returned from dun_getusbmodemstate_fromsys is 1 
02-14 14:10:46.227 I/dun_service(  129): Post event 1
02-14 14:10:46.227 I/dun_service(  129): received event: DUN_EVENT_USB_UNPLUG 
02-14 14:10:46.227 I/dun_service(  129): received event(DUN_EVENT_USB_UNPLUG) in state(DUN_STATE_USB_UNPLUG)
02-14 14:10:46.227 I/dun_service(  129): Ignoring the event DUN_EVENT_USB_UNPLUG in USB_UNPLUG_STATE
02-14 14:10:46.227 I/dun_service(  129): Moved to state(DUN_STATE_USB_UNPLUG)
02-14 14:10:46.227 I/dun_service(  129): The value returned from dun_getusbmodemstate_fromsys is 1 
02-14 14:10:46.227 I/dun_service(  129): Post event 1
02-14 14:10:46.227 I/dun_service(  129): received event: DUN_EVENT_USB_UNPLUG 
02-14 14:10:46.227 I/dun_service(  129): received event(DUN_EVENT_USB_UNPLUG) in state(DUN_STATE_USB_UNPLUG)
02-14 14:10:46.227 I/dun_service(  129): Ignoring the event DUN_EVENT_USB_UNPLUG in USB_UNPLUG_STATE
02-14 14:10:46.227 I/dun_service(  129): Moved to state(DUN_STATE_USB_UNPLUG)
02-14 14:10:46.227 I/dun_service(  129): The value returned from dun_getusbmodemstate_fromsys is 1 
02-14 14:10:46.227 I/dun_service(  129): Post event 1
02-14 14:10:46.227 I/dun_service(  129): received event: DUN_EVENT_USB_UNPLUG 
02-14 14:10:46.227 I/dun_service(  129): received event(DUN_EVENT_USB_UNPLUG) in state(DUN_STATE_USB_UNPLUG)
02-14 14:10:46.227 I/dun_service(  129): Ignoring the event DUN_EVENT_USB_UNPLUG in USB_UNPLUG_STATE
02-14 14:10:46.227 I/dun_service(  129): Moved to state(DUN_STATE_USB_UNPLUG)
02-14 14:10:46.227 I/dun_service(  129): The value returned from dun_getusbmodemstate_fromsys is 1 
02-14 14:10:46.227 I/dun_service(  129): Post event 1
02-14 14:10:46.227 I/dun_service(  129): received event: DUN_EVENT_USB_UNPLUG 
02-14 14:10:46.227 I/dun_service(  129): received event(DUN_EVENT_USB_UNPLUG) in state(DUN_STATE_USB_UNPLUG)
02-14 14:10:46.227 I/dun_service(  129): Ignoring the event DUN_EVENT_USB_UNPLUG in USB_UNPLUG_STATE
02-14 14:10:46.227 I/dun_service(  129): Moved to state(DUN_STATE_USB_UNPLUG)
02-14 14:10:46.227 D/KeyguardViewMediator(  207): setHidden false
02-14 14:10:46.227 I/dun_service(  129): The value returned from dun_getusbmodemstate_fromsys is 1 
02-14 14:10:46.227 I/dun_service(  129): Post event 1
02-14 14:10:46.227 I/dun_service(  129): received event: DUN_EVENT_USB_UNPLUG 
02-14 14:10:46.227 I/dun_service(  129): received event(DUN_EVENT_USB_UNPLUG) in state(DUN_STATE_USB_UNPLUG)
02-14 14:10:46.227 I/dun_service(  129): Ignoring the event DUN_EVENT_USB_UNPLUG in USB_UNPLUG_STATE
02-14 14:10:46.227 I/dun_service(  129): Moved to state(DUN_STATE_USB_UNPLUG)
02-14 14:10:46.237 I/dun_service(  129): The value returned from dun_getusbmodemstate_fromsys is 1 
02-14 14:10:46.237 I/dun_service(  129): Post event 1
02-14 14:10:46.237 I/dun_service(  129): received event: DUN_EVENT_USB_UNPLUG 
02-14 14:10:46.237 I/dun_service(  129): received event(DUN_EVENT_USB_UNPLUG) in state(DUN_STATE_USB_UNPLUG)
02-14 14:10:46.237 I/dun_service(  129): Ignoring the event DUN_EVENT_USB_UNPLUG in USB_UNPLUG_STATE
02-14 14:10:46.237 I/dun_service(  129): Moved to state(DUN_STATE_USB_UNPLUG)
02-14 14:10:46.237 I/dun_service(  129): The value returned from dun_getusbmodemstate_fromsys is 1 
02-14 14:10:46.237 I/dun_service(  129): Post event 1
02-14 14:10:46.237 I/dun_service(  129): received event: DUN_EVENT_USB_UNPLUG 
02-14 14:10:46.237 I/dun_service(  129): received event(DUN_EVENT_USB_UNPLUG) in state(DUN_STATE_USB_UNPLUG)
02-14 14:10:46.237 I/dun_service(  129): Ignoring the event DUN_EVENT_USB_UNPLUG in USB_UNPLUG_STATE
02-14 14:10:46.237 I/dun_service(  129): Moved to state(DUN_STATE_USB_UNPLUG)
02-14 14:10:46.237 I/dun_service(  129): The value returned from dun_getusbmodemstate_fromsys is 2 
02-14 14:10:46.237 I/dun_service(  129): The value returned from dun_getusbmodemstate_fromsys is 2 
02-14 14:10:46.237 I/dun_service(  129): The value returned from dun_getusbmodemstate_fromsys is 2 
02-14 14:10:46.237 I/dun_service(  129): The value returned from dun_getusbmodemstate_fromsys is 2 
02-14 14:10:46.237 I/dun_service(  129): The value returned from dun_getusbmodemstate_fromsys is 2 
02-14 14:10:46.237 I/dun_service(  129): The value returned from dun_getusbmodemstate_fromsys is 2 
02-14 14:10:46.237 D/KeyguardViewMediator(  207): setHidden false
02-14 14:10:46.257 D/KeyguardViewMediator(  207): setHidden false
02-14 14:10:46.277 D/KeyguardViewMediator(  207): setHidden false
02-14 14:10:46.287 D/KeyguardViewMediator(  207): setHidden false
02-14 14:10:46.307 D/KeyguardViewMediator(  207): setHidden false
02-14 14:10:46.317 D/KeyguardViewMediator(  207): setHidden false
02-14 14:10:46.347 D/KeyguardViewMediator(  207): setHidden false
02-14 14:10:46.347 D/KeyguardViewMediator(  207): setHidden false
02-14 14:10:48.989 I/vDM     (  408): KeyCode = 3
02-14 14:10:48.989 I/vDM     (  408): Vdmc getInstance
02-14 14:10:48.989 I/vDM     (  408): Vdmc getInstance
02-14 14:10:48.989 D/DMC     (  408): MyCIMMI getInstance
02-14 14:10:48.989 I/vDM     (  408): Vdmc getInstance
02-14 14:10:49.059 D/Launcher(  419): Closing system Dialogs 
02-14 14:10:49.059 D/KeyguardViewMediator(  207): setHidden false
02-14 14:10:49.069 I/vDM     (  408): KeyCode = 3
02-14 14:10:49.069 D/Launcher(  419): onNewIntent()android.intent.action.MAIN
02-14 14:10:49.069 D/Launcher(  419): Closing system Dialogs 
02-14 14:10:49.079 D/KeyguardViewMediator(  207): setHidden false
02-14 14:10:49.079 D/Warhol  (  419): A pack appears to be installed -- skipping Installer
02-14 14:10:49.089 I/hubo    (  207): Activity {com.android.launcher/com.android.launcher2.Launcher}
02-14 14:10:49.099 I/vDM     (  408): Vdmc getInstance
02-14 14:10:49.099 I/vDM     (  408): Vdmc getInstance
02-14 14:10:49.099 D/DMC     (  408): MyCIMMI getInstance
02-14 14:10:49.099 D/KeyguardViewMediator(  207): setHidden false
02-14 14:10:49.119 D/KeyguardViewMediator(  207): setHidden false
02-14 14:10:49.119 I/vDM     (  408): Vdmc getInstance
02-14 14:10:49.119 D/KeyguardViewMediator(  207): setHidden false
02-14 14:10:49.130 D/KeyguardViewMediator(  207): setHidden false
02-14 14:10:49.130 D/KeyguardViewMediator(  207): setHidden false
02-14 14:10:49.150 D/KeyguardViewMediator(  207): setHidden false
02-14 14:10:49.160 D/KeyguardViewMediator(  207): setHidden false
02-14 14:10:49.180 D/KeyguardViewMediator(  207): setHidden false
02-14 14:10:49.200 D/KeyguardViewMediator(  207): setHidden false
02-14 14:10:49.210 D/KeyguardViewMediator(  207): setHidden false
02-14 14:10:49.230 D/KeyguardViewMediator(  207): setHidden false
02-14 14:10:49.240 D/KeyguardViewMediator(  207): setHidden false
02-14 14:10:49.260 D/KeyguardViewMediator(  207): setHidden false
02-14 14:10:49.280 D/KeyguardViewMediator(  207): setHidden false
02-14 14:10:49.300 D/KeyguardViewMediator(  207): setHidden false
02-14 14:10:49.310 D/KeyguardViewMediator(  207): setHidden false
02-14 14:10:49.330 D/KeyguardViewMediator(  207): setHidden false
02-14 14:10:49.350 D/KeyguardViewMediator(  207): setHidden false
02-14 14:10:49.360 D/KeyguardViewMediator(  207): setHidden false
02-14 14:10:49.380 D/KeyguardViewMediator(  207): setHidden false
02-14 14:10:49.390 D/KeyguardViewMediator(  207): setHidden false
02-14 14:10:49.410 D/KeyguardViewMediator(  207): setHidden false
02-14 14:10:49.430 D/KeyguardViewMediator(  207): setHidden false
02-14 14:10:49.440 D/KeyguardViewMediator(  207): setHidden false
02-14 14:10:49.460 D/KeyguardViewMediator(  207): setHidden false
02-14 14:10:49.620 I/wpa_supplicant(  312): State: INACTIVE -> SCANNING
02-14 14:10:49.620 I/wpa_supplicant(  312): CTRL-EVENT-STATE-CHANGE id=-1 state=2 BSSID=00:00:00:00:00:00
02-14 14:10:49.630 D/NetworkStateTracker(  207): setDetailed state, old =IDLE and new state=SCANNING
02-14 14:10:50.191 D/Warhol  (  419): Adding *PHONE* hotseat ...
02-14 14:10:50.201 D/Launcher(  419): loadHotseats: hotseat 0 final intent=[intent:#Intent;action=android.intent.action.MAIN;component=com.android.contacts/.DialtactsActivity;end] label=[Dialer]
02-14 14:10:50.201 D/Warhol  (  419): Adding *WARHOL* hotseat...
02-14 14:10:50.201 D/Warhol  (  419): Warhol uri = intent:#Intent;action=android.intent.action.MAIN;launchFlags=0x10200000;component=com.sprint.w.installer/.ServicePackSwitcher;end
02-14 14:10:50.201 D/Launcher(  419): loadHotseats: hotseat 1 final intent=[intent:#Intent;action=android.intent.action.MAIN;component=com.sprint.w.installer/.ServicePackSwitcher;end] label=[Pick your ID]
02-14 14:10:50.221 D/Launcher(  419): onSaveInstanceState
02-14 14:10:50.221 D/Launcher(  419): Dissmis Preview for view :null ID:2131230735
02-14 14:10:50.221 D/Launcher(  419): Dissmis Preview for view :null ID:2131230736
02-14 14:10:50.221 D/Launcher(  419): Dissmis Preview for view :null ID:2131230739
02-14 14:10:50.221 D/Launcher(  419): Dissmis Preview for view :null ID:2131230741
02-14 14:10:50.231 D/KeyguardViewMediator(  207): setHidden false
02-14 14:10:50.231 I/Dailtacts(  393): setcurrentTab name = com.android.contacts.DialtactsActivity
02-14 14:10:50.231 I/SmartDialerActivity(  393): onResume
02-14 14:10:50.231 D/AudioTrack(  393): Request AudioFlinger to create track
02-14 14:10:50.231 D/AudioFlinger(  121): createTrack() lSessionId: 29
02-14 14:10:50.231 D/AudioFlinger(  121): Track constructor name 4099, calling thread 393
02-14 14:10:50.241 I/SmartDialerActivity(  393): newData
02-14 14:10:50.241 D/CallLogProvider(  393): DIALER_CALLS
02-14 14:10:50.251 I/SmartDialerActivity(  393): showDialpadChooser:false
02-14 14:10:50.251 I/SmartDialerActivity(  393): Displaying normal Dialer UI.
02-14 14:10:50.251 D/KeyguardViewMediator(  207): setHidden false
02-14 14:10:50.261 D/KeyguardViewMediator(  207): setHidden false
02-14 14:10:50.261 I/hubo    (  207): Activity {com.android.contacts/com.android.contacts.DialtactsActivity}
02-14 14:10:50.261 D/KeyguardViewMediator(  207): setHidden false
02-14 14:10:50.281 D/KeyguardViewMediator(  207): setHidden false
02-14 14:10:50.291 D/KeyguardViewMediator(  207): setHidden false
02-14 14:10:50.301 D/KeyguardViewMediator(  207): setHidden false
02-14 14:10:50.311 D/KeyguardViewMediator(  207): setHidden false
02-14 14:10:50.321 D/KeyguardViewMediator(  207): setHidden false
02-14 14:10:50.331 D/KeyguardViewMediator(  207): setHidden false
02-14 14:10:50.351 D/KeyguardViewMediator(  207): setHidden false
02-14 14:10:50.361 D/KeyguardViewMediator(  207): setHidden false
02-14 14:10:50.381 D/KeyguardViewMediator(  207): setHidden false
02-14 14:10:50.401 D/KeyguardViewMediator(  207): setHidden false
02-14 14:10:50.411 D/KeyguardViewMediator(  207): setHidden false
02-14 14:10:50.431 D/KeyguardViewMediator(  207): setHidden false
02-14 14:10:50.441 D/KeyguardViewMediator(  207): setHidden false
02-14 14:10:50.461 D/KeyguardViewMediator(  207): setHidden false
02-14 14:10:50.481 D/KeyguardViewMediator(  207): setHidden false
02-14 14:10:50.491 D/KeyguardViewMediator(  207): setHidden false
02-14 14:10:50.511 D/KeyguardViewMediator(  207): setHidden false
02-14 14:10:50.531 D/KeyguardViewMediator(  207): setHidden false
02-14 14:10:50.541 D/KeyguardViewMediator(  207): setHidden false
02-14 14:10:50.561 D/KeyguardViewMediator(  207): setHidden false
02-14 14:10:50.581 D/KeyguardViewMediator(  207): setHidden false
02-14 14:10:50.591 D/KeyguardViewMediator(  207): setHidden false
02-14 14:10:50.601 I/wpa_supplicant(  312): State: SCANNING -> INACTIVE
02-14 14:10:50.601 I/wpa_supplicant(  312): CTRL-EVENT-STATE-CHANGE id=-1 state=1 BSSID=00:00:00:00:00:00
02-14 14:10:50.601 I/dun_service(  129): process rmnet event
02-14 14:10:50.601 I/dun_service(  129): Post event 4
02-14 14:10:50.601 I/dun_service(  129): received event: DUN_EVENT_RMNET_UP 
02-14 14:10:50.601 I/dun_service(  129): received event(DUN_EVENT_RMNET_UP) in state(DUN_STATE_USB_UNPLUG)
02-14 14:10:50.601 I/dun_service(  129): Ignoring the event DUN_EVENT_RMNET_UP in USB_UNPLUG_STATE
02-14 14:10:50.601 I/dun_service(  129): Moved to state(DUN_STATE_USB_UNPLUG)
02-14 14:10:50.611 D/NetworkStateTracker(  207): setDetailed state, old =SCANNING and new state=IDLE
02-14 14:10:50.611 D/WifiStateTracker(  207): setNotificationVisible() visible=false mNotificationShown=false force=false return.
02-14 14:10:50.621 D/KeyguardViewMediator(  207): setHidden false
02-14 14:10:50.631 D/KeyguardViewMediator(  207): setHidden false
02-14 14:10:51.432 D/SmartDialerActivity(  393): afterTextChanged
02-14 14:10:51.432 D/SmartDialerActivity(  393): afterTextChanged
02-14 14:10:51.442 D/CallLogProvider(  393): DIALER_CALLS
02-14 14:10:51.632 D/SmartDialerActivity(  393): afterTextChanged
02-14 14:10:51.632 D/SmartDialerActivity(  393): afterTextChanged
02-14 14:10:51.632 D/CallLogProvider(  393): DIALER_CALLS
02-14 14:10:51.802 D/SmartDialerActivity(  393): afterTextChanged
02-14 14:10:51.802 D/SmartDialerActivity(  393): afterTextChanged
02-14 14:10:51.802 D/CallLogProvider(  393): DIALER_CALLS
02-14 14:10:51.992 D/SmartDialerActivity(  393): afterTextChanged
02-14 14:10:51.992 D/SmartDialerActivity(  393): afterTextChanged
02-14 14:10:51.992 D/CallLogProvider(  393): DIALER_CALLS
02-14 14:10:52.162 I/SmartDialerActivity(  393): e1.x=319.00827 e1.y=140.2488 e2.x=305.12396 e2.y=139.91798 velocityX=-249.61206 velocityY=-8.283464
02-14 14:10:52.162 D/SmartDialerActivity(  393): afterTextChanged
02-14 14:10:52.162 D/SmartDialerActivity(  393): afterTextChanged
02-14 14:10:52.172 D/CallLogProvider(  393): DIALER_CALLS
02-14 14:10:52.353 D/SmartDialerActivity(  393): afterTextChanged
02-14 14:10:52.353 D/SmartDialerActivity(  393): afterTextChanged
02-14 14:10:52.353 D/CallLogProvider(  393): DIALER_CALLS
02-14 14:10:52.553 D/SmartDialerActivity(  393): afterTextChanged
02-14 14:10:52.563 D/CallLogProvider(  393): DIALER_CALLS
02-14 14:10:52.743 I/SmartDialerActivity(  393): e1.x=319.6694 e1.y=145.21089 e2.x=309.75208 e2.y=147.19572 velocityX=-192.3319 velocityY=51.72294
02-14 14:10:52.753 D/SmartDialerActivity(  393): afterTextChanged
02-14 14:10:52.753 D/CallLogProvider(  393): DIALER_CALLS
02-14 14:10:53.424 D/SmartDialerActivity(  393): afterTextChanged
02-14 14:10:53.434 D/CallLogProvider(  393): DIALER_CALLS
02-14 14:10:53.954 D/SmartDialerActivity(  393): afterTextChanged
02-14 14:10:53.954 D/CallLogProvider(  393): DIALER_CALLS
02-14 14:10:55.396 D/KeyguardViewMediator(  207): setHidden false
02-14 14:10:55.396 D/ToneGenerator(  393): stopTone
02-14 14:10:55.396 D/AudioTrack(  393): stop 0x575600
02-14 14:10:55.396 D/AudioFlinger(  121): remove track (4099) and delete from mixer
02-14 14:10:55.396 I/SmartDialerActivity(  393): onDestroy enter
02-14 14:10:55.416 D/KeyguardViewMediator(  207): setHidden false
02-14 14:10:55.436 D/KeyguardViewMediator(  207): setHidden false
02-14 14:10:55.436 E/Dailtacts(  393): onCreate 1:  com.android.contacts.DialtactsActivity
02-14 14:10:55.446 D/KeyguardViewMediator(  207): setHidden false
02-14 14:10:55.446 D/KeyguardViewMediator(  207): setHidden false
02-14 14:10:55.456 D/KeyguardViewMediator(  207): setHidden false
02-14 14:10:55.466 D/KeyguardViewMediator(  207): setHidden false
02-14 14:10:55.466 D/KeyguardViewMediator(  207): setHidden false
02-14 14:10:55.466 D/SmartDialerActivity(  393): ONCREATE
02-14 14:10:55.486 D/KeyguardViewMediator(  207): setHidden false
02-14 14:10:55.586 W/TextView(  393): isNotShowInput = true
02-14 14:10:55.616 D/OmaDrmReceiver(  658): android.intent.action.CONFIGURATION_CHANGED
02-14 14:10:55.686 D/SmartDialerActivity(  393): resolveIntent
02-14 14:10:55.686 D/Dailtacts(  393): onTabChanged tabId =dialer
02-14 14:10:55.706 I/Dailtacts(  393): setcurrentTab name = com.android.contacts.DialtactsActivity
02-14 14:10:55.706 D/SmartDialerActivity(  393): afterTextChanged
02-14 14:10:55.706 W/PhoneWindow(  393): Previously focused view reported id 2131099855 during save, but can't be found during restore.
02-14 14:10:55.706 I/SmartDialerActivity(  393): onResume
02-14 14:10:55.706 D/AudioTrack(  393): Request AudioFlinger to create track
02-14 14:10:55.706 D/AudioFlinger(  121): createTrack() lSessionId: 30
02-14 14:10:55.706 D/AudioFlinger(  121): Track constructor name 4099, calling thread 393
02-14 14:10:55.706 I/SmartDialerActivity(  393): newData
02-14 14:10:55.716 D/CallLogProvider(  393): DIALER_CALLS
02-14 14:10:55.726 I/SmartDialerActivity(  393): showDialpadChooser:false
02-14 14:10:55.726 I/SmartDialerActivity(  393): Displaying normal Dialer UI.
02-14 14:10:55.726 D/CallLogProvider(  393): DIALER_CALLS
02-14 14:10:55.756 D/KeyguardViewMediator(  207): setHidden false
02-14 14:10:55.766 I/OmaDrmService(  658): Language changed!!!!!!
02-14 14:10:55.836 D/KeyguardViewMediator(  207): setHidden false
02-14 14:10:59.440 D/KeyguardViewMediator(  207): setHidden false
02-14 14:10:59.450 D/ToneGenerator(  393): stopTone
02-14 14:10:59.450 D/AudioTrack(  393): stop 0x56a660
02-14 14:10:59.450 D/AudioFlinger(  121): remove track (4099) and delete from mixer
02-14 14:10:59.450 I/SmartDialerActivity(  393): onDestroy enter
02-14 14:10:59.460 D/KeyguardViewMediator(  207): setHidden false
02-14 14:10:59.480 D/KeyguardViewMediator(  207): setHidden false
02-14 14:10:59.480 E/Dailtacts(  393): onCreate 1:  com.android.contacts.DialtactsActivity
02-14 14:10:59.480 D/KeyguardViewMediator(  207): setHidden false
02-14 14:10:59.490 D/KeyguardViewMediator(  207): setHidden false
02-14 14:10:59.500 D/KeyguardViewMediator(  207): setHidden false
02-14 14:10:59.500 D/KeyguardViewMediator(  207): setHidden false
02-14 14:10:59.510 D/KeyguardViewMediator(  207): setHidden false
02-14 14:10:59.510 D/SmartDialerActivity(  393): ONCREATE
02-14 14:10:59.520 D/KeyguardViewMediator(  207): setHidden false
02-14 14:10:59.540 W/TextView(  393): isNotShowInput = true
02-14 14:10:59.640 D/OmaDrmReceiver(  658): android.intent.action.CONFIGURATION_CHANGED
02-14 14:10:59.650 D/SmartDialerActivity(  393): resolveIntent
02-14 14:10:59.660 D/Dailtacts(  393): onTabChanged tabId =dialer
02-14 14:10:59.670 I/Dailtacts(  393): setcurrentTab name = com.android.contacts.DialtactsActivity
02-14 14:10:59.670 D/SmartDialerActivity(  393): afterTextChanged
02-14 14:10:59.680 W/PhoneWindow(  393): Previously focused view reported id 2131099855 during save, but can't be found during restore.
02-14 14:10:59.680 I/SmartDialerActivity(  393): onResume
02-14 14:10:59.680 D/AudioTrack(  393): Request AudioFlinger to create track
02-14 14:10:59.680 D/AudioFlinger(  121): createTrack() lSessionId: 31
02-14 14:10:59.680 D/AudioFlinger(  121): Track constructor name 4099, calling thread 393
02-14 14:10:59.680 I/SmartDialerActivity(  393): newData
02-14 14:10:59.680 D/CallLogProvider(  393): DIALER_CALLS
02-14 14:10:59.690 I/SmartDialerActivity(  393): showDialpadChooser:false
02-14 14:10:59.690 I/SmartDialerActivity(  393): Displaying normal Dialer UI.
02-14 14:10:59.690 D/CallLogProvider(  393): DIALER_CALLS
02-14 14:10:59.720 D/KeyguardViewMediator(  207): setHidden false
02-14 14:10:59.720 I/OmaDrmService(  658): Language changed!!!!!!
02-14 14:10:59.770 D/KeyguardViewMediator(  207): setHidden false
02-14 14:11:00.010 D/KeyguardUpdateMonitor(  207): received broadcast android.intent.action.TIME_TICK
02-14 14:11:00.020 D/KeyguardUpdateMonitor(  207): handleTimeUpdate
02-14 14:11:01.962 D/PowerManagerService(  207): setPowerState: mPowerState=0x3 newState=0x1 noChangeLights=false reason=3
02-14 14:11:05.626 I/wpa_supplicant(  312): State: INACTIVE -> SCANNING
02-14 14:11:05.626 I/wpa_supplicant(  312): CTRL-EVENT-STATE-CHANGE id=-1 state=2 BSSID=00:00:00:00:00:00
02-14 14:11:05.626 D/NetworkStateTracker(  207): setDetailed state, old =IDLE and new state=SCANNING
02-14 14:11:06.597 I/dun_service(  129): process rmnet event
02-14 14:11:06.597 I/dun_service(  129): Post event 4
02-14 14:11:06.597 I/dun_service(  129): received event: DUN_EVENT_RMNET_UP 
02-14 14:11:06.597 I/dun_service(  129): received event(DUN_EVENT_RMNET_UP) in state(DUN_STATE_USB_UNPLUG)
02-14 14:11:06.597 I/dun_service(  129): Ignoring the event DUN_EVENT_RMNET_UP in USB_UNPLUG_STATE
02-14 14:11:06.597 I/dun_service(  129): Moved to state(DUN_STATE_USB_UNPLUG)
02-14 14:11:06.597 I/wpa_supplicant(  312): State: SCANNING -> INACTIVE
02-14 14:11:06.597 I/wpa_supplicant(  312): CTRL-EVENT-STATE-CHANGE id=-1 state=1 BSSID=00:00:00:00:00:00
02-14 14:11:06.607 D/WifiStateTracker(  207): setNotificationVisible() visible=false mNotificationShown=false force=false return.
02-14 14:11:06.607 D/NetworkStateTracker(  207): setDetailed state, old =SCANNING and new state=IDLE
02-14 14:11:08.959 D/PowerManagerService(  207): setPowerState: mPowerState=0x1 newState=0x0 noChangeLights=false reason=3
02-14 14:11:09.239 D/PowerManagerService(  207): acquireWakeLock flags=0x1 tag=sleep_broadcast
02-14 14:11:09.259 D/PowerManagerService(  207): Go to standby ,PARTIAL_WAKE_LOCK tag = sleep_broadcast
02-14 14:11:09.259 D/KeyguardViewMediator(  207): onScreenTurnedOff(3)
02-14 14:11:09.259 D/AlarmManager(  207): +++Alarm set:type=2 android  Trigger after:4998ms
02-14 14:11:09.259 D/KeyguardViewMediator(  207): setting alarm to turn off keyguard, seq = 2
02-14 14:11:09.259 E/Sensors (  207): [HAL]ready to call enable(Accelerometer,0),AAAAAAAA
02-14 14:11:09.259 E/Sensors (  207): [HAL]ECS_IOCTL_APP_SET_AFLAG 	success,flags = 0
02-14 14:11:09.259 E/Sensors (  207): [HAL]After {mEnabled &= ~(1<<what)},mEnabled = 0
02-14 14:11:09.259 E/Sensors (  207): [HAL]After {(newState)<<what)},mEnabled = 0
02-14 14:11:09.259 E/Sensors (  207): [HAL]Closed /dev/akm8962_aot in enable(Accelerometer,0),mEnable = 0
02-14 14:11:09.269 D/PowerManagerService(  207): acquireWakeLock flags=0x1 tag=ActivityManager-Sleep
02-14 14:11:09.329 D/ToneGenerator(  393): stopTone
02-14 14:11:09.329 D/AudioTrack(  393): stop 0x4c1090
02-14 14:11:09.329 D/AudioFlinger(  121): remove track (4099) and delete from mixer
02-14 14:11:09.339 D/PowerManagerService(  207): releaseWakeLock flags=0x1 tag=ActivityManager-Sleep
02-14 14:11:09.359 D/AlarmManager(  207): +++Alarm set:type=0 android  Trigger after:120000ms
02-14 14:11:09.359 D/PowerManagerService(  207): acquireWakeLock flags=0x1 tag=RILJ
02-14 14:11:09.369 I/DATA    (  332): [DCT(0) ] intent received :android.intent.action.SCREEN_OFF
02-14 14:11:09.369 D/PowerManagerService(  207): releaseWakeLock flags=0x1 tag=sleep_broadcast
02-14 14:11:09.369 D/PowerManagerService(  207): releaseWakeLock flags=0x1 tag=RILJ
02-14 14:11:09.369 D/PowerManagerService(  207):  ALL PARTIAL wakeLock Released ! 
02-14 14:11:11.752 D/PowerManagerService(  207): setPowerState: mPowerState=0x0 newState=0x3 noChangeLights=false reason=2
02-14 14:11:11.762 D/KeyguardViewMediator(  207): onScreenTurnedOn, seq = 3
02-14 14:11:11.762 D/KeyguardViewMediator(  207): notifyScreenOnLocked
02-14 14:11:11.762 E/Sensors (  207): [HAL]ready to call enable(Accelerometer,1),AAAAAAAA
02-14 14:11:11.762 E/Sensors (  207): [HAL]mEnabled = 0;ready to open /dev/akm8962_aot
02-14 14:11:11.762 E/Sensors (  207): [HAL]ECS_IOCTL_APP_SET_AFLAG 	success,flags = 1
02-14 14:11:11.762 E/Sensors (  207): [HAL]After {mEnabled &= ~(1<<what)},mEnabled = 0
02-14 14:11:11.762 E/Sensors (  207): [HAL]After {(newState)<<what)},mEnabled = 1
02-14 14:11:11.762 D/KeyguardViewMediator(  207): handleNotifyScreenOn
02-14 14:11:11.762 I/vDM     (  408): KeyCode = 26
02-14 14:11:11.762 I/SmartDialerActivity(  393): onResume
02-14 14:11:11.762 D/AudioTrack(  393): Request AudioFlinger to create track
02-14 14:11:11.772 D/AudioFlinger(  121): createTrack() lSessionId: 32
02-14 14:11:11.772 D/AudioFlinger(  121): Track constructor name 4099, calling thread 393
02-14 14:11:11.772 I/SmartDialerActivity(  393): newData
02-14 14:11:11.772 D/CallLogProvider(  393): DIALER_CALLS
02-14 14:11:11.782 I/SmartDialerActivity(  393): showDialpadChooser:false
02-14 14:11:11.782 I/SmartDialerActivity(  393): Displaying normal Dialer UI.
02-14 14:11:11.782 D/KeyguardViewMediator(  207): setHidden false
02-14 14:11:11.782 D/KeyguardViewMediator(  207): setHidden false
02-14 14:11:11.782 D/KeyguardViewMediator(  207): setHidden false
02-14 14:11:11.782 D/KeyguardViewMediator(  207): setHidden false
02-14 14:11:11.792 I/hubo    (  207): Activity {com.android.contacts/com.android.contacts.DialtactsActivity}
02-14 14:11:11.802 I/DATA    (  332): [DCT(0) ] intent received :android.intent.action.SCREEN_ON
02-14 14:11:11.812 D/DATA    (  332): [DSST(0)] pollstate() : reason = data network state changed
02-14 14:11:11.852 D/MobileDataStateTracker(  207): [hipri]  MobileDataStateReceiver onReceive(): Entry.
02-14 14:11:11.852 D/MobileDataStateTracker(  207): [hipri]  intent.getAction()= android.intent.action.SERVICE_STATE
02-14 14:11:11.852 D/MobileDataStateTracker(  207): [hipri]  mEnabled = false
02-14 14:11:11.852 D/MobileDataStateTracker(  207): [dun]  MobileDataStateReceiver onReceive(): Entry.
02-14 14:11:11.852 D/MobileDataStateTracker(  207): [dun]  intent.getAction()= android.intent.action.SERVICE_STATE
02-14 14:11:11.852 D/MobileDataStateTracker(  207): [dun]  mEnabled = false
02-14 14:11:11.852 D/MobileDataStateTracker(  207): [supl]  MobileDataStateReceiver onReceive(): Entry.
02-14 14:11:11.852 D/MobileDataStateTracker(  207): [supl]  intent.getAction()= android.intent.action.SERVICE_STATE
02-14 14:11:11.852 D/MobileDataStateTracker(  207): [supl]  mEnabled = false
02-14 14:11:11.862 D/MobileDataStateTracker(  207): [mms]  MobileDataStateReceiver onReceive(): Entry.
02-14 14:11:11.862 D/MobileDataStateTracker(  207): [mms]  intent.getAction()= android.intent.action.SERVICE_STATE
02-14 14:11:11.862 D/MobileDataStateTracker(  207): [mms]  mEnabled = false
02-14 14:11:11.862 D/MobileDataStateTracker(  207): [default]  MobileDataStateReceiver onReceive(): Entry.
02-14 14:11:11.862 D/MobileDataStateTracker(  207): [default]  intent.getAction()= android.intent.action.SERVICE_STATE
02-14 14:11:11.862 D/MobileDataStateTracker(  207): [default]  mEnabled = true
02-14 14:11:11.862 D/CallManager(  332):  handleMessage (EVENT_SERVICE_STATE_CHANGED)
02-14 14:11:11.862 E/BT HS/HF(  332): SERVICE_STATE_CHANGED called
02-14 14:11:11.862 E/BT HS/HF(  332): updateServiceState called, sendUpdate:false  ServiceState:0 home Sprint  310099  EvDo rev. A CSS not supported 41 4139RoamInd: 1RoamStatus(sprint): 1DefRoamInd: 160EmergOnly: false
02-14 14:11:11.862 E/BT HS/HF(  332): service:1 mService:1
02-14 14:11:11.872 D/KeyguardViewMediator(  207): setHidden false
02-14 14:11:11.872 D/DATA    (  332): [DSST(0)]  registrationState = 1  radioTechnology = 8 reasonForDenial = 0
02-14 14:11:11.872 D/DATA    (  332): [DSST(0)]  set mNewDataConnectionState = 0
02-14 14:11:11.872 D/DATA    (  332): [DSST(0)]  mNewDataConnectionState : 0  mDataConnectionState : 0
02-14 14:11:11.872 D/DATA    (  332): [DSST(0)] Poll ServiceState done: oldSS=[0 home null null null  EvDo rev. A CSS not supported -1 -1RoamInd: -1RoamStatus(sprint): -1DefRoamInd: -1EmergOnly: false] newSS=[0 home null null null  EvDo rev. A CSS not supported -1 -1RoamInd: -1RoamStatus(sprint): -1DefRoamInd: -1EmergOnly: false]
02-14 14:11:11.872 D/DATA    (  332): [DSST(0)]  mDataConnectionState = 0
02-14 14:11:11.892 I/vDM     (  408): KeyCode = 26
02-14 14:11:11.892 D/Mms     ( 1070): currentRoamingStatus:1
02-14 14:11:12.793 D/KeyguardViewMediator(  207): setHidden false
02-14 14:11:12.803 D/KeyguardViewMediator(  207): setHidden false
02-14 14:11:12.843 D/QC_NV_ITEMS(  618): QcNvItems instance created.
02-14 14:11:12.843 I/QC_RIL_OEM_HOOK(  618): QcRilOemHook Service Created Successfully
02-14 14:11:12.843 E/QC_NV_ITEMS(  618): ### getMipDataProfile, slot = 1
02-14 14:11:12.843 D/QC_NV_ITEMS(  618): ### doNvRead(465, 1)
02-14 14:11:12.843 D/QC_RIL_OEM_HOOK(  618): sendRilOemHookMsg: itemIdTemp-47
02-14 14:11:12.853 D/QC_NV_ITEMS(  618): Received(465,1): 011f7a7465746573746163636f756e7432323140737072696e747063732e636f6d000000000000000000000000000000000000000000000000000000000000000000000000000000000001d204000001d20400000100000000ffffffff4c591c44
02-14 14:11:12.853 D/QC_NV_ITEMS(  618): 011f7a7465746573746163636f756e7432323140737072696e747063732e636f6d000000000000000000000000000000000000000000000000000000000000000000000000000000000001d204000001d20400000100000000ffffffff4c591c44
02-14 14:11:12.853 E/QmiItemTypes(  618):  index= 1
02-14 14:11:12.853 E/QmiItemTypes(  618):  nai len= 31
02-14 14:11:12.853 E/QmiItemTypes(  618):  nai str= ztetestaccount221@sprintpcs.com
02-14 14:11:12.853 E/QmiItemTypes(  618):  mMnHaSpiSet= true
02-14 14:11:12.853 E/QmiItemTypes(  618):  mMnHaSpi= 1234
02-14 14:11:12.853 E/QmiItemTypes(  618):  mMnAaaSpiSet= true
02-14 14:11:12.853 E/QmiItemTypes(  618):  mMnAaaSpi= 1234
02-14 14:11:12.853 E/QmiItemTypes(  618):  mRvsTnl= true
02-14 14:11:12.853 E/QmiItemTypes(  618):  home_addr= 0.0.0.0
02-14 14:11:12.853 E/QmiItemTypes(  618):  primary_ha_addr= 255.255.255.255
02-14 14:11:12.853 E/QmiItemTypes(  618):  secondary_ha_addr= 68.28.89.76
02-14 14:11:13.834 I/vDM     (  408): KeyCode = 3
02-14 14:11:13.834 I/vDM     (  408): Vdmc getInstance
02-14 14:11:13.834 I/vDM     (  408): Vdmc getInstance
02-14 14:11:13.844 D/DMC     (  408): MyCIMMI getInstance
02-14 14:11:13.844 I/vDM     (  408): Vdmc getInstance
02-14 14:11:13.964 D/ToneGenerator(  393): stopTone
02-14 14:11:13.964 D/AudioTrack(  393): stop 0x4d0cb8
02-14 14:11:13.964 D/AudioFlinger(  121): remove track (4099) and delete from mixer
