02-14 14:14:37.552 D/Bitmap  ( 1070):       android.widget.AbsListView.draw(AbsListView.java:2588)
02-14 14:14:37.552 D/Bitmap  ( 1070):       android.view.ViewGroup.drawChild(ViewGroup.java:1649)
02-14 14:14:37.552 D/Bitmap  ( 1070):       android.view.ViewGroup.dispatchDraw(ViewGroup.java:1376)
02-14 14:14:37.552 D/Bitmap  ( 1070):       android.view.View.draw(View.java:6883)
02-14 14:14:37.552 D/Bitmap  ( 1070):       android.view.ViewGroup.drawChild(ViewGroup.java:1649)
02-14 14:14:37.552 D/Bitmap  ( 1070):       android.view.ViewGroup.dispatchDraw(ViewGroup.java:1376)
02-14 14:14:37.552 D/Bitmap  ( 1070):       android.view.ViewGroup.drawChild(ViewGroup.java:1647)
02-14 14:14:37.552 D/Bitmap  ( 1070):       android.view.ViewGroup.dispatchDraw(ViewGroup.java:1376)
02-14 14:14:37.552 D/Bitmap  ( 1070):       android.view.ViewGroup.drawChild(ViewGroup.java:1647)
02-14 14:14:37.552 D/Bitmap  ( 1070):       android.view.ViewGroup.dispatchDraw(ViewGroup.java:1376)
02-14 14:14:37.552 D/Bitmap  ( 1070):       android.view.View.draw(View.java:6883)
02-14 14:14:37.552 D/Bitmap  ( 1070):       android.widget.FrameLayout.draw(FrameLayout.java:357)
02-14 14:14:37.552 D/Bitmap  ( 1070):       com.android.internal.policy.impl.PhoneWindow$DecorView.draw(PhoneWindow.java:1866)
02-14 14:14:37.552 D/Bitmap  ( 1070):       android.view.ViewRoot.draw(ViewRoot.java:1526)
02-14 14:14:37.552 D/Bitmap  ( 1070):       android.view.ViewRoot.performTraversals(ViewRoot.java:1262)
02-14 14:14:37.552 D/Bitmap  ( 1070):       android.view.ViewRoot.handleMessage(ViewRoot.java:1864)
02-14 14:14:37.552 D/Bitmap  ( 1070):       android.os.Handler.dispatchMessage(Handler.java:99)
02-14 14:14:37.552 D/Bitmap  ( 1070):       android.os.Looper.loop(Looper.java:130)
02-14 14:14:37.552 D/Bitmap  ( 1070):       android.app.ActivityThread.main(ActivityThread.java:3704)
02-14 14:14:37.552 D/Bitmap  ( 1070):       java.lang.reflect.Method.invokeNative(Native Method)
02-14 14:14:37.552 D/Bitmap  ( 1070):       java.lang.reflect.Method.invoke(Method.java:507)
02-14 14:14:37.552 D/Bitmap  ( 1070):       com.android.internal.os.ZygoteInit$MethodAndArgsCaller.run(ZygoteInit.java:875)
02-14 14:14:37.552 D/Bitmap  ( 1070):       com.android.internal.os.ZygoteInit.main(ZygoteInit.java:633)
02-14 14:14:37.552 D/Bitmap  ( 1070):       dalvik.system.NativeStart.main(Native Method)
02-14 14:14:37.552 D/Bitmap  ( 1070): _
02-14 14:14:37.552 D/Bitmap  ( 1070): Detect unrecycled bitmap.
02-14 14:14:37.552 D/Bitmap  ( 1070):       Size: 40960 Bytes, Width: 320 , Height: 64 , Hash code: 1079303840
02-14 14:14:37.552 D/Bitmap  ( 1070):  This bimap was created in:
02-14 14:14:37.552 D/Bitmap  ( 1070):       android.graphics.Bitmap.<init>(Bitmap.java:136)
02-14 14:14:37.552 D/Bitmap  ( 1070):       android.graphics.Bitmap.nativeCreate(Native Method)
02-14 14:14:37.552 D/Bitmap  ( 1070):       android.graphics.Bitmap.createBitmap(Bitmap.java:547)
02-14 14:14:37.552 D/Bitmap  ( 1070):       android.view.View.buildDrawingCache(View.java:6577)
02-14 14:14:37.552 D/Bitmap  ( 1070):       android.view.View.getDrawingCache(View.java:6428)
02-14 14:14:37.552 D/Bitmap  ( 1070):       android.view.ViewGroup.drawChild(ViewGroup.java:1574)
02-14 14:14:37.552 D/Bitmap  ( 1070):       android.view.ViewGroup.dispatchDraw(ViewGroup.java:1376)
02-14 14:14:37.552 D/Bitmap  ( 1070):       android.widget.AbsListView.dispatchDraw(AbsListView.java:1480)
02-14 14:14:37.552 D/Bitmap  ( 1070):       android.widget.ListView.dispatchDraw(ListView.java:3138)
02-14 14:14:37.552 D/Bitmap  ( 1070):       android.view.View.draw(View.java:6986)
02-14 14:14:37.552 D/Bitmap  ( 1070):       android.widget.AbsListView.draw(AbsListView.java:2588)
02-14 14:14:37.552 D/Bitmap  ( 1070):       android.view.ViewGroup.drawChild(ViewGroup.java:1649)
02-14 14:14:37.552 D/Bitmap  ( 1070):       android.view.ViewGroup.dispatchDraw(ViewGroup.java:1376)
02-14 14:14:37.552 D/Bitmap  ( 1070):       android.view.View.draw(View.java:6883)
02-14 14:14:37.552 D/Bitmap  ( 1070):       android.widget.FrameLayout.draw(FrameLayout.java:357)
02-14 14:14:37.552 D/Bitmap  ( 1070):       android.view.ViewGroup.drawChild(ViewGroup.java:1649)
02-14 14:14:37.552 D/Bitmap  ( 1070):       android.view.ViewGroup.dispatchDraw(ViewGroup.java:1376)
02-14 14:14:37.552 D/Bitmap  ( 1070):       android.view.ViewGroup.drawChild(ViewGroup.java:1647)
02-14 14:14:37.552 D/Bitmap  ( 1070):       android.view.ViewGroup.dispatchDraw(ViewGroup.java:1376)
02-14 14:14:37.552 D/Bitmap  ( 1070):       android.view.View.draw(View.java:6883)
02-14 14:14:37.552 D/Bitmap  ( 1070):       android.widget.FrameLayout.draw(FrameLayout.java:357)
02-14 14:14:37.552 D/Bitmap  ( 1070):       com.android.internal.policy.impl.PhoneWindow$DecorView.draw(PhoneWindow.java:1866)
02-14 14:14:37.552 D/Bitmap  ( 1070):       android.view.ViewRoot.draw(ViewRoot.java:1526)
02-14 14:14:37.552 D/Bitmap  ( 1070):       android.view.ViewRoot.performTraversals(ViewRoot.java:1262)
02-14 14:14:37.552 D/Bitmap  ( 1070):       android.view.ViewRoot.handleMessage(ViewRoot.java:1864)
02-14 14:14:37.552 D/Bitmap  ( 1070):       android.os.Handler.dispatchMessage(Handler.java:99)
02-14 14:14:37.552 D/Bitmap  ( 1070):       android.os.Looper.loop(Looper.java:130)
02-14 14:14:37.552 D/Bitmap  ( 1070):       android.app.ActivityThread.main(ActivityThread.java:3704)
02-14 14:14:37.552 D/Bitmap  ( 1070):       java.lang.reflect.Method.invokeNative(Native Method)
02-14 14:14:37.552 D/Bitmap  ( 1070):       java.lang.reflect.Method.invoke(Method.java:507)
02-14 14:14:37.552 D/Bitmap  ( 1070):       com.android.internal.os.ZygoteInit$MethodAndArgsCaller.run(ZygoteInit.java:875)
02-14 14:14:37.552 D/Bitmap  ( 1070):       com.android.internal.os.ZygoteInit.main(ZygoteInit.java:633)
02-14 14:14:37.552 D/Bitmap  ( 1070):       dalvik.system.NativeStart.main(Native Method)
02-14 14:14:37.552 D/Bitmap  ( 1070): _
02-14 14:14:41.666 I/RingtonePickerActivity( 1070): FMStop()
02-14 14:14:41.666 I/RingtonePickerActivity( 1070): musicServiceStop()
02-14 14:14:41.716 D/KeyguardViewMediator(  207): setHidden false
02-14 14:14:41.736 E/AudioFlinger(  121): processConfigEvents() remaining events 1
02-14 14:14:41.736 E/wlg     ( 1070): MediaPlayer.IsSdpFile  path = /internal/audio/media/11
02-14 14:14:41.736 E/wlg     ( 1070): MediaPlayer.IsSdpFile  path = /internal/audio/media/11
02-14 14:14:41.736 D/MediaPlayer( 1070): DRM scheme =content
02-14 14:14:41.746 D/MediaPlayer( 1070): DRM uri.toString() =content://media/internal/audio/media/11
02-14 14:14:41.746 D/MediaPlayer( 1070): setDataSource(66, 0, 576460752303423487)
02-14 14:14:41.746 D/MediaPlayerService(  121): Create new client(19) from pid 1070, fd=24, offset=0, length=576460752303423487, audioSessionId=34
02-14 14:14:41.746 E/MediaPlayerService(  121): ident is:1399285583, buf is:OggS
02-14 14:14:41.746 E/MediaPlayerService(  121):  create VorbisPlayer
02-14 14:14:41.746 E/wlg     ( 1070): MediaPlayer.start()  mIsStream = false
02-14 14:14:41.746 D/MediaPlayer( 1070): start state 8
02-14 14:14:41.756 D/AudioTrack(  121): Request AudioFlinger to create track
02-14 14:14:41.756 D/AudioFlinger(  121): createTrack() lSessionId: 34
02-14 14:14:41.756 D/AudioFlinger(  121): Track constructor name 4098, calling thread 121
02-14 14:14:41.756 D/AudioTrack(  121): start 0x65040
02-14 14:14:41.756 D/AudioFlinger(  121): start(4098), calling thread 121 session 34
02-14 14:14:41.766 D/KeyguardViewMediator(  207): setHidden false
02-14 14:14:41.766 D/AudioHardwareMSM7X30(  121): value of device and enable is 2 1 ALSA dev id:3
02-14 14:14:41.847 D/AudioHardwareMSM7X30(  121): msm_route_stream(PCM_PLAY,5,3,1)
02-14 14:14:41.857 W/AudioFlinger(  121): write blocked for 84 msecs, 2 delayed writes, thread 0x1b7f0
02-14 14:14:42.017 D/MediaPlayer( 1070): reset state 16
02-14 14:14:42.017 D/AudioTrack(  121): stop 0x65040
02-14 14:14:42.017 D/AudioFlinger(  121): stop(4098), calling thread 121
02-14 14:14:42.037 D/KeyguardViewMediator(  207): setHidden false
02-14 14:14:42.047 D/AudioFlinger(  121): remove track (4098) and delete from mixer
02-14 14:14:42.057 I/RingtonePickerActivity( 1070): onPause().
02-14 14:14:42.057 I/RingtonePickerActivity( 1070): FMStart()
02-14 14:14:42.057 I/RingtonePickerActivity( 1070): musicServiceStart()
02-14 14:14:42.067 D/KeyguardViewMediator(  207): setHidden false
02-14 14:14:42.067 D/KeyguardViewMediator(  207): setHidden false
02-14 14:14:42.067 I/hubo    (  207): Activity {com.android.mms/com.android.mms.ui.MessagingPreferenceActivity}
02-14 14:14:42.077 D/KeyguardViewMediator(  207): setHidden false
02-14 14:14:42.087 D/KeyguardViewMediator(  207): setHidden false
02-14 14:14:42.097 D/KeyguardViewMediator(  207): setHidden false
02-14 14:14:42.107 D/KeyguardViewMediator(  207): setHidden false
02-14 14:14:42.117 I/RingtonePickerActivity( 1070): onDestroy.IllegalArgumentException.unregisterReceiver(mReceiver).
02-14 14:14:42.117 D/KeyguardViewMediator(  207): setHidden false
02-14 14:14:42.117 D/KeyguardViewMediator(  207): setHidden false
02-14 14:14:42.127 D/KeyguardViewMediator(  207): setHidden false
02-14 14:14:42.137 D/KeyguardViewMediator(  207): setHidden false
02-14 14:14:42.157 D/KeyguardViewMediator(  207): setHidden false
02-14 14:14:42.167 D/KeyguardViewMediator(  207): setHidden false
02-14 14:14:42.187 D/KeyguardViewMediator(  207): setHidden false
02-14 14:14:42.207 D/KeyguardViewMediator(  207): setHidden false
02-14 14:14:42.217 D/KeyguardViewMediator(  207): setHidden false
02-14 14:14:42.237 D/KeyguardViewMediator(  207): setHidden false
02-14 14:14:42.247 D/KeyguardViewMediator(  207): setHidden false
02-14 14:14:43.728 I/dun_service(  129): The value returned from dun_getusbmodemstate_fromsys is 2 
02-14 14:14:43.748 D/KeyguardUpdateMonitor(  207): received broadcast android.intent.action.BATTERY_CHANGED
02-14 14:14:43.748 D/KeyguardUpdateMonitor(  207): handleBatteryUpdate
02-14 14:14:45.030 D/AudioHardwareMSM7X30(  121): AudioStreamOutMSM72xx::standby()
02-14 14:14:45.030 D/AudioHardwareMSM7X30(  121): Deroute pcm out stream
02-14 14:14:45.030 D/AudioHardwareMSM7X30(  121): updateDeviceInfo: E rx_device 2 and tx_device 3
02-14 14:14:45.030 D/AudioHardwareMSM7X30(  121): No active voicecall/playback, disabling cur_rx 2
02-14 14:14:45.030 D/AudioHardwareMSM7X30(  121): value of device and enable is 2 0 ALSA dev id:3
02-14 14:14:45.040 D/AudioHardwareMSM7X30(  121): No active voicecall/recording, disabling cur_tx 3
02-14 14:14:45.040 D/AudioHardwareMSM7X30(  121): value of device and enable is 3 0 ALSA dev id:10
02-14 14:14:45.040 E/AudioHardwareMSM7X30(  121): There is no node in the routing table!
02-14 14:14:45.040 D/AudioHardwareMSM7X30(  121): updateDeviceInfo: X cur_rx 2 cur_tx 3
02-14 14:14:45.420 D/KeyguardViewMediator(  207): setHidden false
02-14 14:14:45.420 I/hubo    (  207): Activity {android/com.android.internal.app.RingtonePickerActivity}
02-14 14:14:45.460 I/RingtonePickerActivity( 1070): onPrepareListView().mFirstTime = true mTempClickedPos = -1
02-14 14:14:45.480 D/KeyguardViewMediator(  207): setHidden false
02-14 14:14:45.510 D/KeyguardViewMediator(  207): setHidden false
02-14 14:14:45.530 D/KeyguardViewMediator(  207): setHidden false
02-14 14:14:45.530 D/KeyguardViewMediator(  207): setHidden false
02-14 14:14:45.540 D/KeyguardViewMediator(  207): setHidden false
02-14 14:14:45.540 D/KeyguardViewMediator(  207): setHidden false
02-14 14:14:45.560 D/KeyguardViewMediator(  207): setHidden false
02-14 14:14:45.580 D/KeyguardViewMediator(  207): setHidden false
02-14 14:14:45.590 D/KeyguardViewMediator(  207): setHidden false
02-14 14:14:45.610 D/KeyguardViewMediator(  207): setHidden false
02-14 14:14:45.630 D/KeyguardViewMediator(  207): setHidden false
02-14 14:14:45.640 D/KeyguardViewMediator(  207): setHidden false
02-14 14:14:45.660 D/KeyguardViewMediator(  207): setHidden false
02-14 14:14:45.680 D/KeyguardViewMediator(  207): setHidden false
02-14 14:14:45.690 D/KeyguardViewMediator(  207): setHidden false
02-14 14:14:45.710 D/KeyguardViewMediator(  207): setHidden false
02-14 14:14:45.720 I/ActivityManager(  207): Displayed android/com.android.internal.app.RingtonePickerActivity: +298ms
02-14 14:14:45.730 D/KeyguardViewMediator(  207): setHidden false
02-14 14:14:45.740 D/KeyguardViewMediator(  207): setHidden false
02-14 14:14:45.760 D/KeyguardViewMediator(  207): setHidden false
02-14 14:14:45.780 D/KeyguardViewMediator(  207): setHidden false
02-14 14:14:45.790 D/KeyguardViewMediator(  207): setHidden false
02-14 14:14:45.810 D/KeyguardViewMediator(  207): setHidden false
02-14 14:14:45.830 D/KeyguardViewMediator(  207): setHidden false
02-14 14:14:45.840 D/KeyguardViewMediator(  207): setHidden false
02-14 14:14:45.860 D/KeyguardViewMediator(  207): setHidden false
02-14 14:14:45.870 D/KeyguardViewMediator(  207): setHidden false
02-14 14:14:45.890 D/KeyguardViewMediator(  207): setHidden false
02-14 14:14:45.911 D/KeyguardViewMediator(  207): setHidden false
02-14 14:14:45.921 D/KeyguardViewMediator(  207): setHidden false
02-14 14:14:45.941 D/KeyguardViewMediator(  207): setHidden false
02-14 14:14:45.961 D/KeyguardViewMediator(  207): setHidden false
02-14 14:14:45.971 D/KeyguardViewMediator(  207): setHidden false
02-14 14:14:45.991 D/KeyguardViewMediator(  207): setHidden false
02-14 14:14:46.001 D/KeyguardViewMediator(  207): setHidden false
02-14 14:14:46.021 D/KeyguardViewMediator(  207): setHidden false
02-14 14:14:46.041 D/KeyguardViewMediator(  207): setHidden false
02-14 14:14:46.051 D/KeyguardViewMediator(  207): setHidden false
02-14 14:14:46.071 D/KeyguardViewMediator(  207): setHidden false
02-14 14:14:46.081 D/KeyguardViewMediator(  207): setHidden false
02-14 14:14:46.101 D/KeyguardViewMediator(  207): setHidden false
02-14 14:14:46.121 D/KeyguardViewMediator(  207): setHidden false
02-14 14:14:46.131 D/KeyguardViewMediator(  207): setHidden false
02-14 14:14:46.151 D/KeyguardViewMediator(  207): setHidden false
02-14 14:14:46.171 D/KeyguardViewMediator(  207): setHidden false
02-14 14:14:46.181 D/KeyguardViewMediator(  207): setHidden false
02-14 14:14:46.201 D/KeyguardViewMediator(  207): setHidden false
02-14 14:14:46.211 D/KeyguardViewMediator(  207): setHidden false
02-14 14:14:46.231 D/KeyguardViewMediator(  207): setHidden false
02-14 14:14:46.251 D/KeyguardViewMediator(  207): setHidden false
02-14 14:14:46.261 D/KeyguardViewMediator(  207): setHidden false
02-14 14:14:46.281 D/KeyguardViewMediator(  207): setHidden false
02-14 14:14:46.301 D/KeyguardViewMediator(  207): setHidden false
02-14 14:14:46.321 D/KeyguardViewMediator(  207): setHidden false
02-14 14:14:46.321 I/RingtonePickerActivity( 1070): onPause().
02-14 14:14:46.321 I/RingtonePickerActivity( 1070): FMStart()
02-14 14:14:46.321 I/RingtonePickerActivity( 1070): musicServiceStart()
02-14 14:14:46.331 D/KeyguardViewMediator(  207): setHidden false
02-14 14:14:46.331 D/KeyguardViewMediator(  207): setHidden false
02-14 14:14:46.341 D/KeyguardViewMediator(  207): setHidden false
02-14 14:14:46.341 I/hubo    (  207): Activity {com.android.mms/com.android.mms.ui.MessagingPreferenceActivity}
02-14 14:14:46.341 D/KeyguardViewMediator(  207): setHidden false
02-14 14:14:46.351 D/KeyguardViewMediator(  207): setHidden false
02-14 14:14:46.371 D/KeyguardViewMediator(  207): setHidden false
02-14 14:14:46.391 D/KeyguardViewMediator(  207): setHidden false
02-14 14:14:46.401 D/KeyguardViewMediator(  207): setHidden false
02-14 14:14:46.421 D/KeyguardViewMediator(  207): setHidden false
02-14 14:14:46.431 D/KeyguardViewMediator(  207): setHidden false
02-14 14:14:46.451 D/KeyguardViewMediator(  207): setHidden false
02-14 14:14:46.471 D/KeyguardViewMediator(  207): setHidden false
02-14 14:14:46.481 D/KeyguardViewMediator(  207): setHidden false
02-14 14:14:46.501 D/KeyguardViewMediator(  207): setHidden false
02-14 14:14:49.344 D/KeyguardViewMediator(  207): setHidden false
02-14 14:14:49.364 D/KeyguardViewMediator(  207): setHidden false
02-14 14:14:49.374 D/KeyguardViewMediator(  207): setHidden false
02-14 14:14:49.384 D/KeyguardViewMediator(  207): setHidden false
02-14 14:14:49.414 D/KeyguardViewMediator(  207): setHidden false
02-14 14:14:49.414 I/wpa_supplicant(  312): State: INACTIVE -> SCANNING
02-14 14:14:49.414 I/wpa_supplicant(  312): CTRL-EVENT-STATE-CHANGE id=-1 state=2 BSSID=00:00:00:00:00:00
02-14 14:14:49.414 D/NetworkStateTracker(  207): setDetailed state, old =IDLE and new state=SCANNING
02-14 14:14:49.414 D/KeyguardViewMediator(  207): setHidden false
02-14 14:14:49.434 D/KeyguardViewMediator(  207): setHidden false
02-14 14:14:49.454 D/KeyguardViewMediator(  207): setHidden false
02-14 14:14:49.464 D/KeyguardViewMediator(  207): setHidden false
02-14 14:14:49.494 D/KeyguardViewMediator(  207): setHidden false
02-14 14:14:49.494 D/KeyguardViewMediator(  207): setHidden false
02-14 14:14:49.514 D/KeyguardViewMediator(  207): setHidden false
02-14 14:14:49.534 D/KeyguardViewMediator(  207): setHidden false
02-14 14:14:49.544 D/KeyguardViewMediator(  207): setHidden false
02-14 14:14:49.574 D/KeyguardViewMediator(  207): setHidden false
02-14 14:14:49.584 I/RingtonePickerActivity( 1070): onDestroy.IllegalArgumentException.unregisterReceiver(mReceiver).
02-14 14:14:49.594 D/KeyguardViewMediator(  207): setHidden false
02-14 14:14:49.604 D/KeyguardViewMediator(  207): setHidden false
02-14 14:14:49.604 D/KeyguardViewMediator(  207): setHidden false
02-14 14:14:49.614 D/KeyguardViewMediator(  207): setHidden false
02-14 14:14:49.634 D/KeyguardViewMediator(  207): setHidden false
02-14 14:14:49.654 D/KeyguardViewMediator(  207): setHidden false
02-14 14:14:49.674 D/KeyguardViewMediator(  207): setHidden false
02-14 14:14:49.694 D/KeyguardViewMediator(  207): setHidden false
02-14 14:14:49.694 D/KeyguardViewMediator(  207): setHidden false
02-14 14:14:49.724 D/KeyguardViewMediator(  207): setHidden false
02-14 14:14:49.744 D/KeyguardViewMediator(  207): setHidden false
02-14 14:14:49.744 D/KeyguardViewMediator(  207): setHidden false
02-14 14:14:49.774 D/KeyguardViewMediator(  207): setHidden false
02-14 14:14:49.784 D/KeyguardViewMediator(  207): setHidden false
02-14 14:14:49.794 D/KeyguardViewMediator(  207): setHidden false
02-14 14:14:49.824 D/KeyguardViewMediator(  207): setHidden false
02-14 14:14:49.834 D/KeyguardViewMediator(  207): setHidden false
02-14 14:14:49.844 D/KeyguardViewMediator(  207): setHidden false
02-14 14:14:49.874 D/KeyguardViewMediator(  207): setHidden false
02-14 14:14:49.874 D/KeyguardViewMediator(  207): setHidden false
02-14 14:14:49.894 D/KeyguardViewMediator(  207): setHidden false
02-14 14:14:49.914 D/KeyguardViewMediator(  207): setHidden false
02-14 14:14:49.934 D/KeyguardViewMediator(  207): setHidden false
02-14 14:14:49.944 D/KeyguardViewMediator(  207): setHidden false
02-14 14:14:49.974 D/KeyguardViewMediator(  207): setHidden false
02-14 14:14:49.974 D/KeyguardViewMediator(  207): setHidden false
02-14 14:14:49.994 D/KeyguardViewMediator(  207): setHidden false
02-14 14:14:50.015 D/KeyguardViewMediator(  207): setHidden false
02-14 14:14:50.025 D/KeyguardViewMediator(  207): setHidden false
02-14 14:14:50.045 D/KeyguardViewMediator(  207): setHidden false
02-14 14:14:50.055 D/KeyguardViewMediator(  207): setHidden false
02-14 14:14:50.075 D/KeyguardViewMediator(  207): setHidden false
02-14 14:14:50.095 D/KeyguardViewMediator(  207): setHidden false
02-14 14:14:50.105 D/KeyguardViewMediator(  207): setHidden false
02-14 14:14:50.125 D/KeyguardViewMediator(  207): setHidden false
02-14 14:14:50.145 D/KeyguardViewMediator(  207): setHidden false
02-14 14:14:50.155 D/KeyguardViewMediator(  207): setHidden false
02-14 14:14:50.175 D/KeyguardViewMediator(  207): setHidden false
02-14 14:14:50.195 D/KeyguardViewMediator(  207): setHidden false
02-14 14:14:50.205 D/KeyguardViewMediator(  207): setHidden false
02-14 14:14:50.215 D/KeyguardViewMediator(  207): setHidden false
02-14 14:14:50.225 D/KeyguardViewMediator(  207): setHidden false
02-14 14:14:50.245 D/KeyguardViewMediator(  207): setHidden false
02-14 14:14:50.255 D/KeyguardViewMediator(  207): setHidden false
02-14 14:14:50.275 D/KeyguardViewMediator(  207): setHidden false
02-14 14:14:50.285 D/KeyguardViewMediator(  207): setHidden false
02-14 14:14:50.305 D/KeyguardViewMediator(  207): setHidden false
02-14 14:14:50.325 D/KeyguardViewMediator(  207): setHidden false
02-14 14:14:50.335 D/KeyguardViewMediator(  207): setHidden false
02-14 14:14:50.355 D/KeyguardViewMediator(  207): setHidden false
02-14 14:14:50.355 I/wpa_supplicant(  312): State: SCANNING -> INACTIVE
02-14 14:14:50.355 I/wpa_supplicant(  312): CTRL-EVENT-STATE-CHANGE id=-1 state=1 BSSID=00:00:00:00:00:00
02-14 14:14:50.355 I/dun_service(  129): process rmnet event
02-14 14:14:50.355 I/dun_service(  129): Post event 4
02-14 14:14:50.365 I/dun_service(  129): received event: DUN_EVENT_RMNET_UP 
02-14 14:14:50.365 I/dun_service(  129): received event(DUN_EVENT_RMNET_UP) in state(DUN_STATE_USB_UNPLUG)
02-14 14:14:50.365 I/dun_service(  129): Ignoring the event DUN_EVENT_RMNET_UP in USB_UNPLUG_STATE
02-14 14:14:50.365 I/dun_service(  129): Moved to state(DUN_STATE_USB_UNPLUG)
02-14 14:14:50.365 D/NetworkStateTracker(  207): setDetailed state, old =SCANNING and new state=IDLE
02-14 14:14:50.375 D/WifiStateTracker(  207): setNotificationVisible() visible=false mNotificationShown=false force=false return.
02-14 14:14:50.375 D/KeyguardViewMediator(  207): setHidden false
02-14 14:14:50.395 D/KeyguardViewMediator(  207): setHidden false
02-14 14:14:50.405 D/KeyguardViewMediator(  207): setHidden false
02-14 14:14:51.976 D/KeyguardViewMediator(  207): setHidden false
02-14 14:14:52.016 D/KeyguardViewMediator(  207): setHidden false
02-14 14:14:52.016 D/KeyguardViewMediator(  207): setHidden false
02-14 14:14:52.026 D/KeyguardViewMediator(  207): setHidden false
02-14 14:14:52.046 D/KeyguardViewMediator(  207): setHidden false
02-14 14:14:52.067 D/KeyguardViewMediator(  207): setHidden false
02-14 14:14:52.087 D/KeyguardViewMediator(  207): setHidden false
02-14 14:14:52.097 D/KeyguardViewMediator(  207): setHidden false
02-14 14:14:52.117 D/KeyguardViewMediator(  207): setHidden false
02-14 14:14:52.127 D/KeyguardViewMediator(  207): setHidden false
02-14 14:14:52.147 D/KeyguardViewMediator(  207): setHidden false
02-14 14:14:52.157 D/KeyguardViewMediator(  207): setHidden false
02-14 14:14:52.177 D/KeyguardViewMediator(  207): setHidden false
02-14 14:14:52.197 D/KeyguardViewMediator(  207): setHidden false
02-14 14:14:52.207 D/KeyguardViewMediator(  207): setHidden false
02-14 14:14:52.227 D/KeyguardViewMediator(  207): setHidden false
02-14 14:14:52.247 D/KeyguardViewMediator(  207): setHidden false
02-14 14:14:52.257 D/KeyguardViewMediator(  207): setHidden false
02-14 14:14:52.277 D/KeyguardViewMediator(  207): setHidden false
02-14 14:14:52.287 D/KeyguardViewMediator(  207): setHidden false
02-14 14:14:52.307 D/KeyguardViewMediator(  207): setHidden false
02-14 14:14:52.327 D/KeyguardViewMediator(  207): setHidden false
02-14 14:14:52.337 D/KeyguardViewMediator(  207): setHidden false
02-14 14:14:52.357 D/KeyguardViewMediator(  207): setHidden false
02-14 14:14:52.377 D/KeyguardViewMediator(  207): setHidden false
02-14 14:14:52.387 D/KeyguardViewMediator(  207): setHidden false
02-14 14:14:52.407 D/KeyguardViewMediator(  207): setHidden false
02-14 14:14:52.417 D/KeyguardViewMediator(  207): setHidden false
02-14 14:14:52.437 D/KeyguardViewMediator(  207): setHidden false
02-14 14:14:52.457 D/KeyguardViewMediator(  207): setHidden false
02-14 14:14:52.467 D/KeyguardViewMediator(  207): setHidden false
02-14 14:14:52.487 D/KeyguardViewMediator(  207): setHidden false
02-14 14:14:52.497 D/KeyguardViewMediator(  207): setHidden false
02-14 14:14:52.517 D/KeyguardViewMediator(  207): setHidden false
02-14 14:14:52.537 D/KeyguardViewMediator(  207): setHidden false
02-14 14:14:52.557 D/KeyguardViewMediator(  207): setHidden false
02-14 14:14:52.567 D/KeyguardViewMediator(  207): setHidden false
02-14 14:14:52.587 D/KeyguardViewMediator(  207): setHidden false
02-14 14:14:52.607 D/KeyguardViewMediator(  207): setHidden false
02-14 14:14:52.617 D/KeyguardViewMediator(  207): setHidden false
02-14 14:14:52.637 D/KeyguardViewMediator(  207): setHidden false
02-14 14:14:52.657 D/KeyguardViewMediator(  207): setHidden false
02-14 14:14:52.667 D/KeyguardViewMediator(  207): setHidden false
02-14 14:14:52.687 D/KeyguardViewMediator(  207): setHidden false
02-14 14:14:52.707 D/KeyguardViewMediator(  207): setHidden false
02-14 14:14:52.717 D/KeyguardViewMediator(  207): setHidden false
02-14 14:14:52.737 D/KeyguardViewMediator(  207): setHidden false
02-14 14:14:52.737 D/KeyguardViewMediator(  207): setHidden false
02-14 14:14:52.757 D/KeyguardViewMediator(  207): setHidden false
02-14 14:14:52.777 D/KeyguardViewMediator(  207): setHidden false
02-14 14:14:52.787 D/KeyguardViewMediator(  207): setHidden false
02-14 14:14:52.807 D/KeyguardViewMediator(  207): setHidden false
02-14 14:14:52.817 D/KeyguardViewMediator(  207): setHidden false
02-14 14:14:52.837 D/KeyguardViewMediator(  207): setHidden false
02-14 14:14:52.857 D/KeyguardViewMediator(  207): setHidden false
02-14 14:14:52.867 D/KeyguardViewMediator(  207): setHidden false
02-14 14:14:52.877 D/KeyguardViewMediator(  207): setHidden false
02-14 14:14:52.897 D/KeyguardViewMediator(  207): setHidden false
02-14 14:14:52.917 D/KeyguardViewMediator(  207): setHidden false
02-14 14:14:52.927 D/KeyguardViewMediator(  207): setHidden false
02-14 14:14:54.859 I/vDM     (  408): KeyCode = 4
02-14 14:14:54.859 W/KeyCharacterMap( 1070): Can't open keycharmap file
02-14 14:14:54.859 W/KeyCharacterMap( 1070): Error loading keycharmap file '/system/usr/keychars/synaptics-rmi4-ts.kcm.bin'. hw.keyboards.262146.devname='synaptics-rmi4-ts'
02-14 14:14:54.859 W/KeyCharacterMap( 1070): Using default keymap: /system/usr/keychars/qwerty.kcm.bin
02-14 14:14:54.879 I/vDM     (  408): Vdmc getInstance
02-14 14:14:54.879 I/vDM     (  408): Vdmc getInstance
02-14 14:14:54.879 D/DMC     (  408): MyCIMMI getInstance
02-14 14:14:54.879 I/vDM     (  408): Vdmc getInstance
02-14 14:14:54.919 I/vDM     (  408): KeyCode = 4
02-14 14:14:54.919 D/KeyguardViewMediator(  207): setHidden false
02-14 14:14:54.929 I/hubo    (  207): Activity {com.android.mms/com.android.mms.ui.ConversationList}
02-14 14:14:54.939 D/KeyguardViewMediator(  207): setHidden false
02-14 14:14:54.949 I/vDM     (  408): Vdmc getInstance
02-14 14:14:54.949 I/vDM     (  408): Vdmc getInstance
02-14 14:14:54.949 D/DMC     (  408): MyCIMMI getInstance
02-14 14:14:54.949 I/vDM     (  408): Vdmc getInstance
02-14 14:14:54.949 D/MmsSmsProvider(  332): delete:URI_MATCHER.match(uri)=11
02-14 14:14:54.959 D/ConversationList( 1070): unreadPresidentialCursor.getCount() =0
02-14 14:14:54.959 D/LockScreen(  207): intent.getAction=android.intent.action.presidential_cmas_alert_stop
02-14 14:14:54.959 D/LockScreen(  207): intent.getAction=android.intent.action.presidential_cmas_alert_stop
02-14 14:14:54.959 D/LockScreen(  207): intent.getAction=android.intent.action.presidential_cmas_alert_stop
02-14 14:14:54.999 D/Mms     ( 1070): [1] Conversation get() RECIPIENT==: 1
02-14 14:14:54.999 D/Mms     ( 1070): [1] Conversation get() DATE==: 1329250407000
02-14 14:14:55.119 D/Bitmap  ( 1070): Detect unrecycled bitmap.
02-14 14:14:55.119 D/Bitmap  ( 1070):       Size: 157440 Bytes, Width: 320 , Height: 123 , Hash code: 1080029152
02-14 14:14:55.119 D/Bitmap  ( 1070):  This bimap was created in:
02-14 14:14:55.119 D/Bitmap  ( 1070):       android.graphics.Bitmap.<init>(Bitmap.java:136)
02-14 14:14:55.119 D/Bitmap  ( 1070):       android.graphics.BitmapFactory.nativeDecodeAsset(Native Method)
02-14 14:14:55.119 D/Bitmap  ( 1070):       android.graphics.BitmapFactory.decodeStream(BitmapFactory.java:460)
02-14 14:14:55.119 D/Bitmap  ( 1070):       android.graphics.BitmapFactory.decodeResourceStream(BitmapFactory.java:336)
02-14 14:14:55.119 D/Bitmap  ( 1070):       android.graphics.drawable.Drawable.createFromResourceStream(Drawable.java:697)
02-14 14:14:55.119 D/Bitmap  ( 1070):       android.content.res.Resources.loadDrawable(Resources.java:1709)
02-14 14:14:55.119 D/Bitmap  ( 1070):       android.content.res.Resources.getDrawable(Resources.java:581)
02-14 14:14:55.119 D/Bitmap  ( 1070):       android.widget.AbsListView.setOverScrollMode(AbsListView.java:655)
02-14 14:14:55.119 D/Bitmap  ( 1070):       android.view.View.<init>(View.java:1879)
02-14 14:14:55.119 D/Bitmap  ( 1070):       android.view.View.<init>(View.java:1921)
02-14 14:14:55.119 D/Bitmap  ( 1070):       android.view.ViewGroup.<init>(ViewGroup.java:292)
02-14 14:14:55.119 D/Bitmap  ( 1070):       android.widget.AdapterView.<init>(AdapterView.java:228)
02-14 14:14:55.119 D/Bitmap  ( 1070):       android.widget.AbsListView.<init>(AbsListView.java:592)
02-14 14:14:55.119 D/Bitmap  ( 1070):       android.widget.ListView.<init>(ListView.java:163)
02-14 14:14:55.119 D/Bitmap  ( 1070):       android.widget.ListView.<init>(ListView.java:159)
02-14 14:14:55.119 D/Bitmap  ( 1070):       com.android.internal.app.AlertController$RecycleListView.<init>(AlertController.java:673)
02-14 14:14:55.119 D/Bitmap  ( 1070):       java.lang.reflect.Constructor.constructNative(Native Method)
02-14 14:14:55.119 D/Bitmap  ( 1070):       java.lang.reflect.Constructor.newInstance(Constructor.java:415)
02-14 14:14:55.119 D/Bitmap  ( 1070):       android.view.LayoutInflater.createView(LayoutInflater.java:505)
02-14 14:14:55.119 D/Bitmap  ( 1070):       android.view.LayoutInflater.createViewFromTag(LayoutInflater.java:570)
02-14 14:14:55.119 D/Bitmap  ( 1070):       android.view.LayoutInflater.inflate(LayoutInflater.java:386)
02-14 14:14:55.119 D/Bitmap  ( 1070):       android.view.LayoutInflater.inflate(LayoutInflater.java:320)
02-14 14:14:55.119 D/Bitmap  ( 1070):       android.view.LayoutInflater.inflate(LayoutInflater.java:276)
02-14 14:14:55.119 D/Bitmap  ( 1070):       com.android.internal.app.AlertController$AlertParams.createListView(AlertController.java:801)
02-14 14:14:55.119 D/Bitmap  ( 1070):       com.android.internal.app.AlertController$AlertParams.apply(AlertController.java:780)
02-14 14:14:55.119 D/Bitmap  ( 1070):       com.android.internal.app.AlertActivity.setupAlert(AlertActivity.java:73)
02-14 14:14:55.119 D/Bitmap  ( 1070):       com.android.internal.app.RingtonePickerActivity.onCreate(RingtonePickerActivity.java:235)
02-14 14:14:55.119 D/Bitmap  ( 1070):       android.app.Instrumentation.callActivityOnCreate(Instrumentation.java:1047)
02-14 14:14:55.119 D/Bitmap  ( 1070):       android.app.ActivityThread.performLaunchActivity(ActivityThread.java:1632)
02-14 14:14:55.119 D/Bitmap  ( 1070):       android.app.ActivityThread.handleLaunchActivity(ActivityThread.java:1684)
02-14 14:14:55.119 D/Bitmap  ( 1070):       android.app.ActivityThread.access$1500(ActivityThread.java:123)
02-14 14:14:55.119 D/Bitmap  ( 1070):       android.app.ActivityThread$H.handleMessage(ActivityThread.java:948)
02-14 14:14:55.119 D/Bitmap  ( 1070):       android.os.Handler.dispatchMessage(Handler.java:99)
02-14 14:14:55.119 D/Bitmap  ( 1070):       android.os.Looper.loop(Looper.java:130)
02-14 14:14:55.119 D/Bitmap  ( 1070):       android.app.ActivityThread.main(ActivityThread.java:3704)
02-14 14:14:55.119 D/Bitmap  ( 1070):       java.lang.reflect.Method.invokeNative(Native Method)
02-14 14:14:55.119 D/Bitmap  ( 1070):       java.lang.reflect.Method.invoke(Method.java:507)
02-14 14:14:55.119 D/Bitmap  ( 1070):       com.android.internal.os.ZygoteInit$MethodAndArgsCaller.run(ZygoteInit.java:875)
02-14 14:14:55.119 D/Bitmap  ( 1070):       com.android.internal.os.ZygoteInit.main(ZygoteInit.java:633)
02-14 14:14:55.119 D/Bitmap  ( 1070):       dalvik.system.NativeStart.main(Native Method)
02-14 14:14:55.119 D/Bitmap  ( 1070): _
02-14 14:14:55.160 D/KeyguardViewMediator(  207): setHidden false
02-14 14:14:55.170 D/KeyguardViewMediator(  207): setHidden false
02-14 14:14:55.170 D/Bitmap  ( 1070): Detect unrecycled bitmap.
02-14 14:14:55.170 D/Bitmap  ( 1070):       Size: 40960 Bytes, Width: 320 , Height: 64 , Hash code: 1080544608
02-14 14:14:55.170 D/Bitmap  ( 1070):  This bimap was created in:
02-14 14:14:55.170 D/Bitmap  ( 1070):       android.graphics.Bitmap.<init>(Bitmap.java:136)
02-14 14:14:55.170 D/Bitmap  ( 1070):       android.graphics.Bitmap.nativeCreate(Native Method)
02-14 14:14:55.170 D/Bitmap  ( 1070):       android.graphics.Bitmap.createBitmap(Bitmap.java:547)
02-14 14:14:55.170 D/Bitmap  ( 1070):       android.view.View.buildDrawingCache(View.java:6577)
02-14 14:14:55.170 D/Bitmap  ( 1070):       android.view.View.getDrawingCache(View.java:6428)
02-14 14:14:55.170 D/Bitmap  ( 1070):       android.view.ViewGroup.drawChild(ViewGroup.java:1574)
02-14 14:14:55.170 D/Bitmap  ( 1070):       android.view.ViewGroup.dispatchDraw(ViewGroup.java:1376)
02-14 14:14:55.170 D/Bitmap  ( 1070):       android.widget.AbsListView.dispatchDraw(AbsListView.java:1480)
02-14 14:14:55.170 D/Bitmap  ( 1070):       android.widget.ListView.dispatchDraw(ListView.java:3138)
02-14 14:14:55.170 D/Bitmap  ( 1070):       android.view.View.draw(View.java:6986)
02-14 14:14:55.170 D/Bitmap  ( 1070):       android.widget.AbsListView.draw(AbsListView.java:2588)
02-14 14:14:55.170 D/Bitmap  ( 1070):       android.view.ViewGroup.drawChild(ViewGroup.java:1649)
02-14 14:14:55.170 D/Bitmap  ( 1070):       android.view.ViewGroup.dispatchDraw(ViewGroup.java:1376)
02-14 14:14:55.170 D/Bitmap  ( 1070):       android.view.View.draw(View.java:6883)
02-14 14:14:55.170 D/Bitmap  ( 1070):       android.widget.FrameLayout.draw(FrameLayout.java:357)
02-14 14:14:55.170 D/Bitmap  ( 1070):       android.view.ViewGroup.drawChild(ViewGroup.java:1649)
02-14 14:14:55.170 D/Bitmap  ( 1070):       android.view.ViewGroup.dispatchDraw(ViewGroup.java:1376)
02-14 14:14:55.170 D/Bitmap  ( 1070):       android.view.ViewGroup.drawChild(ViewGroup.java:1647)
02-14 14:14:55.170 D/Bitmap  ( 1070):       android.view.ViewGroup.dispatchDraw(ViewGroup.java:1376)
02-14 14:14:55.170 D/Bitmap  ( 1070):       android.view.View.draw(View.java:6883)
02-14 14:14:55.170 D/Bitmap  ( 1070):       android.widget.FrameLayout.draw(FrameLayout.java:357)
02-14 14:14:55.170 D/Bitmap  ( 1070):       com.android.internal.policy.impl.PhoneWindow$DecorView.draw(PhoneWindow.java:1866)
02-14 14:14:55.170 D/Bitmap  ( 1070):       android.view.ViewRoot.draw(ViewRoot.java:1526)
02-14 14:14:55.170 D/Bitmap  ( 1070):       android.view.ViewRoot.performTraversals(ViewRoot.java:1262)
02-14 14:14:55.170 D/Bitmap  ( 1070):       android.view.ViewRoot.handleMessage(ViewRoot.java:1864)
02-14 14:14:55.170 D/Bitmap  ( 1070):       android.os.Handler.dispatchMessage(Handler.java:99)
02-14 14:14:55.170 D/Bitmap  ( 1070):       android.os.Looper.loop(Looper.java:130)
02-14 14:14:55.170 D/Bitmap  ( 1070):       android.app.ActivityThread.main(ActivityThread.java:3704)
02-14 14:14:55.170 D/Bitmap  ( 1070):       java.lang.reflect.Method.invokeNative(Native Method)
02-14 14:14:55.170 D/Bitmap  ( 1070):       java.lang.reflect.Method.invoke(Method.java:507)
02-14 14:14:55.170 D/Bitmap  ( 1070):       com.android.internal.os.ZygoteInit$MethodAndArgsCaller.run(ZygoteInit.java:875)
02-14 14:14:55.170 D/Bitmap  ( 1070):       com.android.internal.os.ZygoteInit.main(ZygoteInit.java:633)
02-14 14:14:55.170 D/Bitmap  ( 1070):       dalvik.system.NativeStart.main(Native Method)
02-14 14:14:55.170 D/Bitmap  ( 1070): _
02-14 14:14:55.170 D/Bitmap  ( 1070): Detect unrecycled bitmap.
02-14 14:14:55.170 D/Bitmap  ( 1070):       Size: 40960 Bytes, Width: 320 , Height: 64 , Hash code: 1080522800
02-14 14:14:55.170 D/Bitmap  ( 1070):  This bimap was created in:
02-14 14:14:55.170 D/Bitmap  ( 1070):       android.graphics.Bitmap.<init>(Bitmap.java:136)
02-14 14:14:55.170 D/Bitmap  ( 1070):       android.graphics.Bitmap.nativeCreate(Native Method)
02-14 14:14:55.170 D/Bitmap  ( 1070):       android.graphics.Bitmap.createBitmap(Bitmap.java:547)
02-14 14:14:55.170 D/Bitmap  ( 1070):       android.view.View.buildDrawingCache(View.java:6577)
02-14 14:14:55.170 D/Bitmap  ( 1070):       android.view.View.getDrawingCache(View.java:6428)
02-14 14:14:55.170 D/Bitmap  ( 1070):       android.view.ViewGroup.drawChild(ViewGroup.java:1574)
02-14 14:14:55.170 D/Bitmap  ( 1070):       android.view.ViewGroup.dispatchDraw(ViewGroup.java:1376)
02-14 14:14:55.170 D/Bitmap  ( 1070):       android.widget.AbsListView.dispatchDraw(AbsListView.java:1480)
02-14 14:14:55.170 D/Bitmap  ( 1070):       android.widget.ListView.dispatchDraw(ListView.java:3138)
02-14 14:14:55.170 D/Bitmap  ( 1070):       android.view.View.draw(View.java:6986)
02-14 14:14:55.170 D/Bitmap  ( 1070):       android.widget.AbsListView.draw(AbsListView.java:2588)
02-14 14:14:55.170 D/Bitmap  ( 1070):       android.view.ViewGroup.drawChild(ViewGroup.java:1649)
02-14 14:14:55.170 D/Bitmap  ( 1070):       android.view.ViewGroup.dispatchDraw(ViewGroup.java:1376)
02-14 14:14:55.170 D/Bitmap  ( 1070):       android.view.View.draw(View.java:6883)
02-14 14:14:55.170 D/Bitmap  ( 1070):       android.widget.FrameLayout.draw(FrameLayout.java:357)
02-14 14:14:55.170 D/Bitmap  ( 1070):       android.view.ViewGroup.drawChild(ViewGroup.java:1649)
02-14 14:14:55.170 D/Bitmap  ( 1070):       android.view.ViewGroup.dispatchDraw(ViewGroup.java:1376)
02-14 14:14:55.170 D/Bitmap  ( 1070):       android.view.ViewGroup.drawChild(ViewGroup.java:1647)
02-14 14:14:55.170 D/Bitmap  ( 1070):       android.view.ViewGroup.dispatchDraw(ViewGroup.java:1376)
02-14 14:14:55.170 D/Bitmap  ( 1070):       android.view.View.draw(View.java:6883)
02-14 14:14:55.170 D/Bitmap  ( 1070):       android.widget.FrameLayout.draw(FrameLayout.java:357)
02-14 14:14:55.170 D/Bitmap  ( 1070):       com.android.internal.policy.impl.PhoneWindow$DecorView.draw(PhoneWindow.java:1866)
02-14 14:14:55.170 D/Bitmap  ( 1070):       android.view.ViewRoot.draw(ViewRoot.java:1526)
02-14 14:14:55.170 D/Bitmap  ( 1070):       android.view.ViewRoot.performTraversals(ViewRoot.java:1262)
02-14 14:14:55.170 D/Bitmap  ( 1070):       android.view.ViewRoot.handleMessage(ViewRoot.java:1864)
02-14 14:14:55.170 D/Bitmap  ( 1070):       android.os.Handler.dispatchMessage(Handler.java:99)
02-14 14:14:55.170 D/Bitmap  ( 1070):       android.os.Looper.loop(Looper.java:130)
02-14 14:14:55.170 D/Bitmap  ( 1070):       android.app.ActivityThread.main(ActivityThread.java:3704)
02-14 14:14:55.170 D/Bitmap  ( 1070):       java.lang.reflect.Method.invokeNative(Native Method)
02-14 14:14:55.170 D/Bitmap  ( 1070):       java.lang.reflect.Method.invoke(Method.java:507)
02-14 14:14:55.170 D/Bitmap  ( 1070):       com.android.internal.os.ZygoteInit$MethodAndArgsCaller.run(ZygoteInit.java:875)
02-14 14:14:55.170 D/Bitmap  ( 1070):       com.android.internal.os.ZygoteInit.main(ZygoteInit.java:633)
02-14 14:14:55.170 D/Bitmap  ( 1070):       dalvik.system.NativeStart.main(Native Method)
02-14 14:14:55.170 D/Bitmap  ( 1070): _
02-14 14:14:55.170 D/Bitmap  ( 1070): Detect unrecycled bitmap.
02-14 14:14:55.170 D/Bitmap  ( 1070):       Size: 49280 Bytes, Width: 320 , Height: 77 , Hash code: 1080479344
02-14 14:14:55.170 D/Bitmap  ( 1070):  This bimap was created in:
02-14 14:14:55.170 D/Bitmap  ( 1070):       android.graphics.Bitmap.<init>(Bitmap.java:136)
02-14 14:14:55.170 D/Bitmap  ( 1070):       android.graphics.Bitmap.nativeCreate(Native Method)
02-14 14:14:55.170 D/Bitmap  ( 1070):       android.graphics.Bitmap.createBitmap(Bitmap.java:547)
02-14 14:14:55.170 D/Bitmap  ( 1070):       android.view.View.buildDrawingCache(View.java:6577)
02-14 14:14:55.170 D/Bitmap  ( 1070):       android.view.View.getDrawingCache(View.java:6428)
02-14 14:14:55.170 D/Bitmap  ( 1070):       android.view.ViewGroup.drawChild(ViewGroup.java:1574)
02-14 14:14:55.170 D/Bitmap  ( 1070):       android.view.ViewGroup.dispatchDraw(ViewGroup.java:1376)
02-14 14:14:55.170 D/Bitmap  ( 1070):       android.widget.AbsListView.dispatchDraw(AbsListView.java:1480)
02-14 14:14:55.170 D/Bitmap  ( 1070):       android.widget.ListView.dispatchDraw(ListView.java:3138)
02-14 14:14:55.170 D/Bitmap  ( 1070):       android.view.View.draw(View.java:6986)
02-14 14:14:55.170 D/Bitmap  ( 1070):       android.widget.AbsListView.draw(AbsListView.java:2588)
02-14 14:14:55.170 D/Bitmap  ( 1070):       android.view.ViewGroup.drawChild(ViewGroup.java:1649)
02-14 14:14:55.170 D/Bitmap  ( 1070):       android.view.ViewGroup.dispatchDraw(ViewGroup.java:1376)
02-14 14:14:55.170 D/Bitmap  ( 1070):       android.view.View.draw(View.java:6883)
02-14 14:14:55.170 D/Bitmap  ( 1070):       android.widget.FrameLayout.draw(FrameLayout.java:357)
02-14 14:14:55.170 D/Bitmap  ( 1070):       android.view.ViewGroup.drawChild(ViewGroup.java:1649)
02-14 14:14:55.170 D/Bitmap  ( 1070):       android.view.ViewGroup.dispatchDraw(ViewGroup.java:1376)
02-14 14:14:55.170 D/Bitmap  ( 1070):       android.view.ViewGroup.drawChild(ViewGroup.java:1647)
02-14 14:14:55.170 D/Bitmap  ( 1070):       android.view.ViewGroup.dispatchDraw(ViewGroup.java:1376)
02-14 14:14:55.170 D/Bitmap  ( 1070):       android.view.View.draw(View.java:6883)
02-14 14:14:55.170 D/Bitmap  ( 1070):       android.widget.FrameLayout.draw(FrameLayout.java:357)
02-14 14:14:55.170 D/Bitmap  ( 1070):       com.android.internal.policy.impl.PhoneWindow$DecorView.draw(PhoneWindow.java:1866)
02-14 14:14:55.170 D/Bitmap  ( 1070):       android.view.ViewRoot.draw(ViewRoot.java:1526)
02-14 14:14:55.170 D/Bitmap  ( 1070):       android.view.ViewRoot.performTraversals(ViewRoot.java:1262)
02-14 14:14:55.170 D/Bitmap  ( 1070):       android.view.ViewRoot.handleMessage(ViewRoot.java:1864)
02-14 14:14:55.170 D/Bitmap  ( 1070):       android.os.Handler.dispatchMessage(Handler.java:99)
02-14 14:14:55.170 D/Bitmap  ( 1070):       android.os.Looper.loop(Looper.java:130)
02-14 14:14:55.170 D/Bitmap  ( 1070):       android.app.ActivityThread.main(ActivityThread.java:3704)
02-14 14:14:55.170 D/Bitmap  ( 1070):       java.lang.reflect.Method.invokeNative(Native Method)
02-14 14:14:55.170 D/Bitmap  ( 1070):       java.lang.reflect.Method.invoke(Method.java:507)
02-14 14:14:55.170 D/Bitmap  ( 1070):       com.android.internal.os.ZygoteInit$MethodAndArgsCaller.run(ZygoteInit.java:875)
02-14 14:14:55.170 D/Bitmap  ( 1070):       com.android.internal.os.ZygoteInit.main(ZygoteInit.java:633)
02-14 14:14:55.170 D/Bitmap  ( 1070):       dalvik.system.NativeStart.main(Native Method)
02-14 14:14:55.170 D/Bitmap  ( 1070): _
02-14 14:14:55.190 I/Mms:app ( 1070): pengzhe updateDownloadFailedNotification getDownloadFailedMessageCount =0
02-14 14:14:55.200 D/KeyguardViewMediator(  207): setHidden false
02-14 14:14:55.210 D/KeyguardViewMediator(  207): setHidden false
02-14 14:14:55.210 D/KeyguardViewMediator(  207): setHidden false
02-14 14:14:55.220 D/KeyguardViewMediator(  207): setHidden false
02-14 14:14:55.230 D/KeyguardViewMediator(  207): setHidden false
02-14 14:14:55.230 D/KeyguardViewMediator(  207): setHidden false
02-14 14:14:55.250 D/KeyguardViewMediator(  207): setHidden false
02-14 14:14:55.260 D/KeyguardViewMediator(  207): setHidden false
02-14 14:14:55.280 D/KeyguardViewMediator(  207): setHidden false
02-14 14:14:55.300 D/KeyguardViewMediator(  207): setHidden false
02-14 14:14:55.310 D/KeyguardViewMediator(  207): setHidden false
02-14 14:14:55.330 D/KeyguardViewMediator(  207): setHidden false
02-14 14:14:55.340 D/KeyguardViewMediator(  207): setHidden false
02-14 14:14:57.061 E/rmt_storage(  137): [MyTag]open: fd=-1
02-14 14:14:57.061 E/rmt_storage(  137): block rmt_storage client thread
02-14 14:14:57.872 I/vDM     (  408): KeyCode = 3
02-14 14:14:57.872 I/vDM     (  408): Vdmc getInstance
02-14 14:14:57.872 I/vDM     (  408): Vdmc getInstance
02-14 14:14:57.872 D/DMC     (  408): MyCIMMI getInstance
02-14 14:14:57.872 I/vDM     (  408): Vdmc getInstance
02-14 14:14:57.972 I/vDM     (  408): KeyCode = 3
02-14 14:14:57.982 D/Launcher(  419): Closing system Dialogs 
02-14 14:14:57.982 D/KeyguardViewMediator(  207): setHidden false
02-14 14:14:57.992 D/Launcher(  419): onNewIntent()android.intent.action.MAIN
02-14 14:14:57.992 D/Launcher(  419): Closing system Dialogs 
02-14 14:14:58.002 I/vDM     (  408): Vdmc getInstance
02-14 14:14:58.002 D/KeyguardViewMediator(  207): setHidden false
02-14 14:14:58.002 I/hubo    (  207): Activity {com.android.launcher/com.android.launcher2.Launcher}
02-14 14:14:58.012 I/vDM     (  408): Vdmc getInstance
02-14 14:14:58.012 D/DMC     (  408): MyCIMMI getInstance
02-14 14:14:58.012 I/vDM     (  408): Vdmc getInstance
02-14 14:14:58.042 D/Warhol  (  419): A pack appears to be installed -- skipping Installer
02-14 14:14:58.042 D/KeyguardViewMediator(  207): setHidden false
02-14 14:14:58.062 D/KeyguardViewMediator(  207): setHidden false
02-14 14:14:58.062 D/KeyguardViewMediator(  207): setHidden false
02-14 14:14:58.072 D/KeyguardViewMediator(  207): setHidden false
02-14 14:14:58.082 D/KeyguardViewMediator(  207): setHidden false
02-14 14:14:58.092 D/KeyguardViewMediator(  207): setHidden false
02-14 14:14:58.112 D/KeyguardViewMediator(  207): setHidden false
02-14 14:14:58.132 D/KeyguardViewMediator(  207): setHidden false
02-14 14:14:58.142 D/KeyguardViewMediator(  207): setHidden false
02-14 14:14:58.172 D/KeyguardViewMediator(  207): setHidden false
02-14 14:14:58.182 D/KeyguardViewMediator(  207): setHidden false
02-14 14:14:58.202 D/KeyguardViewMediator(  207): setHidden false
02-14 14:14:58.213 D/KeyguardViewMediator(  207): setHidden false
02-14 14:14:58.233 D/KeyguardViewMediator(  207): setHidden false
02-14 14:14:58.243 D/KeyguardViewMediator(  207): setHidden false
02-14 14:14:58.263 D/KeyguardViewMediator(  207): setHidden false
02-14 14:14:58.283 D/KeyguardViewMediator(  207): setHidden false
02-14 14:14:58.303 D/KeyguardViewMediator(  207): setHidden false
02-14 14:14:58.313 D/KeyguardViewMediator(  207): setHidden false
02-14 14:14:58.333 D/KeyguardViewMediator(  207): setHidden false
02-14 14:14:58.343 D/KeyguardViewMediator(  207): setHidden false
02-14 14:14:58.353 D/KeyguardViewMediator(  207): setHidden false
02-14 14:14:58.383 D/KeyguardViewMediator(  207): setHidden false
02-14 14:14:58.393 D/KeyguardViewMediator(  207): setHidden false
02-14 14:14:58.413 D/KeyguardViewMediator(  207): setHidden false
02-14 14:14:59.994 D/KeyguardUpdateMonitor(  207): received broadcast android.intent.action.TIME_TICK
02-14 14:14:59.994 D/KeyguardUpdateMonitor(  207): handleTimeUpdate
02-14 14:15:01.806 D/KeyguardViewMediator(  207): setHidden false
02-14 14:15:01.826 D/KeyguardViewMediator(  207): setHidden false
02-14 14:15:01.836 D/KeyguardViewMediator(  207): setHidden false
02-14 14:15:01.836 D/KeyguardViewMediator(  207): setHidden false
02-14 14:15:02.016 D/KeyguardViewMediator(  207): setHidden false
02-14 14:15:02.046 D/KeyguardViewMediator(  207): setHidden false
02-14 14:15:02.056 D/KeyguardViewMediator(  207): setHidden false
02-14 14:15:02.056 D/KeyguardViewMediator(  207): setHidden false
02-14 14:15:02.076 D/KeyguardViewMediator(  207): setHidden false
02-14 14:15:02.086 D/KeyguardViewMediator(  207): setHidden false
02-14 14:15:02.096 D/KeyguardViewMediator(  207): setHidden false
02-14 14:15:02.116 D/KeyguardViewMediator(  207): setHidden false
02-14 14:15:02.126 D/KeyguardViewMediator(  207): setHidden false
02-14 14:15:02.136 D/KeyguardViewMediator(  207): setHidden false
02-14 14:15:02.146 D/KeyguardViewMediator(  207): setHidden false
02-14 14:15:02.166 D/KeyguardViewMediator(  207): setHidden false
02-14 14:15:02.176 D/KeyguardViewMediator(  207): setHidden false
02-14 14:15:02.186 D/KeyguardViewMediator(  207): setHidden false
02-14 14:15:02.196 D/KeyguardViewMediator(  207): setHidden false
02-14 14:15:02.216 D/KeyguardViewMediator(  207): setHidden false
02-14 14:15:02.226 D/KeyguardViewMediator(  207): setHidden false
02-14 14:15:02.236 D/KeyguardViewMediator(  207): setHidden false
02-14 14:15:02.246 D/KeyguardViewMediator(  207): setHidden false
02-14 14:15:02.266 D/KeyguardViewMediator(  207): setHidden false
02-14 14:15:02.276 D/KeyguardViewMediator(  207): setHidden false
02-14 14:15:02.286 D/KeyguardViewMediator(  207): setHidden false
02-14 14:15:02.307 D/KeyguardViewMediator(  207): setHidden false
02-14 14:15:02.317 D/KeyguardViewMediator(  207): setHidden false
02-14 14:15:02.327 D/KeyguardViewMediator(  207): setHidden false
02-14 14:15:02.337 D/KeyguardViewMediator(  207): setHidden false
02-14 14:15:02.357 D/KeyguardViewMediator(  207): setHidden false
02-14 14:15:02.367 D/KeyguardViewMediator(  207): setHidden false
02-14 14:15:02.377 D/KeyguardViewMediator(  207): setHidden false
02-14 14:15:02.387 D/KeyguardViewMediator(  207): setHidden false
02-14 14:15:02.407 D/KeyguardViewMediator(  207): setHidden false
02-14 14:15:02.437 D/KeyguardViewMediator(  207): setHidden false
02-14 14:15:02.447 D/KeyguardViewMediator(  207): setHidden false
02-14 14:15:02.467 D/KeyguardViewMediator(  207): setHidden false
02-14 14:15:02.477 D/KeyguardViewMediator(  207): setHidden false
02-14 14:15:02.497 D/KeyguardViewMediator(  207): setHidden false
02-14 14:15:02.517 D/KeyguardViewMediator(  207): setHidden false
02-14 14:15:02.527 D/KeyguardViewMediator(  207): setHidden false
02-14 14:15:02.547 D/KeyguardViewMediator(  207): setHidden false
02-14 14:15:02.577 D/KeyguardViewMediator(  207): setHidden false
02-14 14:15:02.597 D/KeyguardViewMediator(  207): setHidden false
02-14 14:15:02.617 D/KeyguardViewMediator(  207): setHidden false
02-14 14:15:02.627 D/KeyguardViewMediator(  207): setHidden false
02-14 14:15:02.677 D/KeyguardViewMediator(  207): setHidden false
02-14 14:15:04.389 D/KeyguardViewMediator(  207): setHidden false
02-14 14:15:04.409 D/KeyguardViewMediator(  207): setHidden false
