02-14 14:08:43.014 I/boot_progress_start(  120): 58008
02-14 14:08:44.495 I/boot_progress_preload_start(  120): 59487
02-14 14:08:44.515 I/dvm_gc_info(  120): [8825198673194394824,-9063934019012815298,-4012584086963382722,0]
02-14 14:08:46.337 I/dvm_gc_info(  120): [8825198673194543148,-8859841571167975388,-4012560997233768412,0]
02-14 14:08:46.677 I/dvm_gc_info(  120): [8825198673194526760,-8886300218978715608,-4012560997233706968,0]
02-14 14:08:47.879 I/dvm_gc_info(  120): [8825198673194530813,-8895307418233378771,-4012560997233629139,0]
02-14 14:08:47.909 I/dvm_gc_info(  120): [8825198673194476646,-9066162729096759251,-4012560997233641427,0]
02-14 14:08:48.039 I/dvm_gc_info(  120): [8825198673194480790,-9068696003887138771,-4012560997233625043,6825601]
02-14 14:08:48.099 I/boot_progress_preload_end(  120): 63082
02-14 14:08:48.119 I/dvm_gc_info(  120): [8825198673194480780,-9098813826395170770,-4010027722443220946,7358131]
02-14 14:08:48.139 I/dvm_gc_info(  120): [8825198673194480690,-9133435248530589650,-4010027722443229138,7358131]
02-14 14:08:48.169 I/dvm_gc_info(  120): [8825198673194480199,-9214781516799969234,-4010027722443229138,7358131]
02-14 14:08:48.499 I/boot_progress_system_run(  207): 63483
02-14 14:08:48.619 I/boot_progress_pms_start(  207): 63609
02-14 14:08:48.870 I/dvm_gc_info(  207): [8320808730291701283,-9026755682366502861,-4005524122815858643,7358131]
02-14 14:08:48.900 I/boot_progress_pms_system_scan_start(  207): 63885
02-14 14:08:49.560 I/dvm_gc_info(  207): [8320808730291664463,-9031540344586557386,-4004679697885726675,7358131]
02-14 14:08:49.730 I/dvm_gc_info(  207): [8320808730291660397,-9018310745769621447,-4004116747932305363,7358131]
02-14 14:08:49.760 I/dvm_gc_info(  207): [8320808730291680615,-9203802755405166534,-4003553797978884051,7358131]
02-14 14:08:49.801 I/dvm_gc_info(  207): [8320808730291725688,-9222379897676085188,-4003272323002173395,7358131]
02-14 14:08:49.831 I/dvm_gc_info(  207): [8320808730291728384,-9223224116414232514,-4002427898072041427,7358131]
02-14 14:08:49.851 I/dvm_gc_info(  207): [8320808730291680838,-9215342817083111363,-4002709373048752083,7358131]
02-14 14:08:49.891 I/dvm_gc_info(  207): [8320808730291750265,-9221816741530679234,-4002427898072041427,7358131]
02-14 14:08:49.931 I/dvm_gc_info(  207): [8320808730291732480,-9223223910205470655,-4001583473141909459,7358131]
02-14 14:08:49.961 I/dvm_gc_info(  207): [8320808730291721792,-9220127685478430657,-4002146423095330771,7358131]
02-14 14:08:49.981 I/dvm_gc_info(  207): [8320808730291684704,-9222098010298628031,-4001583473141909459,7358131]
02-14 14:08:50.031 I/dvm_gc_info(  207): [8320808730291814400,-9223223703996708797,-4000739048211777491,7358131]
02-14 14:08:50.241 I/dvm_gc_info(  207): [8320808730291664443,-9047864724685649847,-3999050198351513555,7358131]
02-14 14:08:50.461 I/dvm_gc_info(  207): [8320808730291664144,-9046175462323779503,-3995953973607696339,7358131]
02-14 14:08:50.691 I/dvm_gc_info(  207): [8320808730291664493,-9032382432433104809,-3993983648770721747,7358131]
02-14 14:08:51.012 I/dvm_gc_info(  207): [8320808730291807915,-8944843233572497318,-3993139223840589779,7358131]
02-14 14:08:51.352 I/dvm_gc_info(  207): [8320808730291746862,-8876726083067516871,-4003835272955594707,7358131]
02-14 14:08:51.873 I/dvm_gc_info(  207): [8320808730291664488,-8987064273938126790,-4003553797978884051,7358131]
02-14 14:08:52.033 I/dvm_gc_info(  207): [8320808730291660395,-8978338549660043204,-4003272323002173395,7358131]
02-14 14:08:52.233 I/dvm_gc_info(  207): [8320808730291676758,-9022248646026848194,-4002427898072041427,7358131]
02-14 14:08:52.323 I/dvm_gc_info(  207): [8320808730291664570,-8922606504271366086,-4003553797978884051,7358131]
02-14 14:08:52.463 I/dvm_gc_info(  207): [8320808730291676754,-9019152421283039171,-4002709373048752083,7358131]
02-14 14:08:52.603 I/dvm_gc_info(  207): [8320808730291668696,-8919228804550870985,-4004398222909016019,7358131]
02-14 14:08:52.743 I/dvm_gc_info(  207): [8320808730291664493,-8994945573286041543,-4003835272955594707,7358131]
02-14 14:08:52.884 I/dvm_gc_info(  207): [8320808730291672668,-8994382623332546501,-4003272323002173395,7358131]
02-14 14:08:52.984 I/dvm_gc_info(  207): [8320808730291668627,-8955539076546525126,-4003553797978884051,7358131]
02-14 14:08:53.134 I/dvm_gc_info(  207): [8320808730291676750,-9028159620537792451,-4002709373048752083,7358131]
02-14 14:08:53.244 I/dvm_gc_info(  207): [8320808730291668643,-8924013879154890693,-4003272323002173395,7358131]
02-14 14:08:54.805 I/dvm_gc_info(  207): [8320808730291762775,-9008174897191335876,-4002990848025462739,7358131]
02-14 14:08:54.946 I/dvm_gc_info(  207): [8320808730291668641,-8924576829108332486,-4003553797978884051,7358131]
02-14 14:08:55.586 I/dvm_gc_info(  207): [8320808730291672666,-9009019322121463747,-4002709373048752083,7358131]
02-14 14:08:56.187 I/dvm_gc_info(  207): [8320808730291664534,-8924576829108299717,-4003272323002173395,7358131]
02-14 14:08:56.527 I/dvm_gc_info(  207): [8320808730291664468,-8997760323053045698,-4002709373048752083,7358131]
02-14 14:08:56.597 I/dvm_gc_info(  207): [8320808730291672691,-9016337671515957186,-4002427898072041427,7358131]
02-14 14:08:56.737 I/dvm_gc_info(  207): [8320808730291664429,-9041670419419785148,-4000739048211777491,7358131]
02-14 14:08:56.877 I/dvm_gc_info(  207): [8320808730291684969,-8998323273006282683,-4000176098258356179,7358131]
02-14 14:08:57.178 I/dvm_gc_info(  207): [8320808730291668736,-8914443729946671042,-4002427898072041427,7358131]
02-14 14:08:57.268 I/dvm_gc_info(  207): [8320808730291660372,-9014930296632395712,-4001864948118620115,7358131]
02-14 14:08:57.328 I/dvm_gc_info(  207): [8320808730291660393,-9166926784056133566,-4001301998165198803,7358131]
02-14 14:08:57.478 I/dvm_gc_info(  207): [8320808730291668144,-9051522043604600759,-3998768723374802899,7358131]
02-14 14:08:57.638 I/dvm_gc_info(  207): [8320808730291664449,-9037166819792205745,-3996798398537828307,7358131]
02-14 14:08:57.908 I/dvm_gc_info(  207): [8320808730291705461,-8996634423145813935,-3995953973607696339,7358131]
02-14 14:08:57.999 I/dvm_gc_info(  207): [8320808730291664815,-8907969805482301374,-4001301998165198803,7358131]
02-14 14:08:58.139 I/dvm_gc_info(  207): [8320808730291668516,-9045611069093681080,-3999331673328224211,7358131]
02-14 14:08:58.399 I/dvm_gc_info(  207): [8320808730291684956,-9016619146492377013,-3998205773421381587,7358131]
02-14 14:08:58.519 I/dvm_gc_info(  207): [8320808730291664689,-8915006679900030909,-4001020523188488147,7358131]
02-14 14:08:58.659 I/dvm_gc_info(  207): [8320808730291668533,-9040825994489591737,-3999613148304934867,7358131]
02-14 14:08:58.889 I/dvm_gc_info(  207): [8320808730291684984,-9001982447703467959,-3998768723374802899,7358131]
02-14 14:08:59.260 I/dvm_gc_info(  207): [8320808730291672827,-8916414054783547325,-4001020523188488147,7358131]
02-14 14:08:59.390 I/dvm_gc_info(  207): [8320808730291664503,-8942591227617650620,-4000739048211777491,7358131]
02-14 14:08:59.460 I/dvm_gc_info(  207): [8320808730291664420,-9068692017184024504,-3999050198351513555,7358131]
02-14 14:08:59.490 I/dvm_gc_info(  207): [8320808730291709533,-9215621955026986936,-3999331673328224211,7358131]
02-14 14:08:59.520 I/dvm_gc_info(  207): [8320808730291705209,-9221814404514621366,-3998768723374802899,7358131]
02-14 14:08:59.560 I/dvm_gc_info(  207): [8320808730291744768,-9223221573189412788,-3997642823467960275,7358131]
02-14 14:08:59.600 I/dvm_gc_info(  207): [8320808730291787328,-9220125348445595573,-3998205773421381587,7358131]
02-14 14:08:59.640 I/dvm_gc_info(  207): [8320808730291733856,-9222095673282570164,-3997642823467960275,7358131]
02-14 14:08:59.670 I/dvm_gc_info(  207): [8320808730291744768,-9223221366980650929,-3996798398537828307,7358131]
02-14 14:08:59.880 I/dvm_gc_info(  207): [8320808730291668544,-9041388532025345962,-3994265123747432403,7358131]
02-14 14:09:00.071 I/dvm_gc_info(  207): [8320808730291664497,-9034351657607395236,-3992294798910457811,7358131]
02-14 14:09:00.371 I/dvm_gc_info(  207): [8320808730291672484,-9024500033187383191,-3987791199283087315,7358131]
02-14 14:09:00.641 I/dvm_gc_info(  207): [8320808730291726088,-8949908202252748693,-3987228249329666003,7358131]
02-14 14:09:00.901 I/dvm_gc_info(  207): [8320808730291681334,-8872220971242284984,-3999331673328224211,7358131]
02-14 14:09:01.162 I/dvm_gc_info(  207): [8320808730291668640,-8921479092166682553,-3999613148304934867,7358131]
02-14 14:09:01.312 I/dvm_gc_info(  207): [8320808730291668528,-9026469258479663027,-3997361348491249619,7358131]
02-14 14:09:01.432 I/dvm_gc_info(  207): [8320808730291664479,-9015773209364629423,-3995953973607696339,7358131]
02-14 14:09:01.462 I/dvm_gc_info(  207): [8320808730291729592,-9222375842270250928,-3996235448584406995,7358131]
02-14 14:09:01.512 I/dvm_gc_info(  207): [8320808730291765248,-9223220060991621037,-3995109548677564371,7358131]
02-14 14:09:01.552 I/dvm_gc_info(  207): [8320808730291770744,-9222938586014910382,-3995672498630985683,7358131]
02-14 14:09:01.602 I/dvm_gc_info(  207): [8320808730291806208,-9223219648574097320,-3993702173794011091,7358131]
02-14 14:09:01.632 I/dvm_gc_info(  207): [8320808730291754544,-9222375223643965355,-3994546598724143059,7358131]
02-14 14:09:01.682 I/dvm_gc_info(  207): [8320808730291814400,-9223219304892827558,-3993139223840589779,7358131]
02-14 14:09:01.732 I/dvm_gc_info(  207): [8320808730291730061,-9215619480521639849,-3993983648770721747,7358131]
02-14 14:09:01.772 I/dvm_gc_info(  207): [8320808730291734064,-9221811930009274278,-3993139223840589779,7358131]
02-14 14:09:01.812 I/dvm_gc_info(  207): [8320808730291769344,-9223218961211557794,-3991450373980325843,7358131]
02-14 14:09:01.862 I/dvm_gc_info(  207): [8320808730291775110,-9219841261491025829,-3992576273887168467,7358131]
02-14 14:09:01.892 I/dvm_gc_info(  207): [8320808730291729966,-9222093061304711074,-3991450373980325843,7358131]
02-14 14:09:01.932 I/dvm_gc_info(  207): [8320808730291769344,-9223218617530283933,-3989761524120061907,7358131]
02-14 14:09:02.203 I/dvm_gc_info(  207): [8320808730291668597,-9024497283972241300,-3986665299376244691,7358131]
02-14 14:09:02.483 I/dvm_gc_info(  207): [8320808730291664420,-9014645659786934150,-3981598749795452883,7358131]
02-14 14:09:02.803 I/dvm_gc_info(  207): [8320808730291668659,-9008734685124994939,-3977658100121503699,7358131]
02-14 14:09:03.204 I/dvm_gc_info(  207): [8320808730291779408,-8920069448901945207,-3976532200214661075,7358131]
02-14 14:09:03.954 I/dvm_gc_info(  207): [8320808730291750994,-8833656287455070126,-3995953973607696339,7358131]
02-14 14:09:04.124 I/dvm_gc_info(  207): [8320808730291676958,-8914439605771179956,-3997924298444670931,7358131]
02-14 14:09:04.305 I/dvm_gc_info(  207): [8320808730291676842,-8925417129862875061,-3997924298444670931,7358131]
02-14 14:09:04.515 I/dvm_gc_info(  207): [8320808730291668651,-8923728280002672565,-3998205773421381587,7358131]
02-14 14:09:04.665 I/dvm_gc_info(  207): [8320808730291668583,-9013237322596558769,-3996798398537828307,7358131]
02-14 14:09:04.885 I/dvm_gc_info(  207): [8320808730291689068,-9016615022316992429,-3995391023654275027,7358131]
02-14 14:09:05.105 I/dvm_gc_info(  207): [8320808730291676928,-8917535830514907057,-3996798398537828307,7358131]
02-14 14:09:05.246 I/dvm_gc_info(  207): [8320808730291676838,-8940616778605189040,-3996516923561117651,7358131]
02-14 14:09:05.516 I/dvm_gc_info(  207): [8320808730291689110,-8925698604839454638,-3995672498630985683,7358131]
02-14 14:09:05.646 I/dvm_gc_info(  207): [8320808730291676905,-8920632055258777520,-3996516923561117651,7358131]
02-14 14:09:05.846 I/dvm_gc_info(  207): [8320808730291689104,-8969890176183027630,-3995672498630985683,7358131]
02-14 14:09:06.076 I/dvm_gc_info(  207): [8320808730291668731,-8917817305491699634,-3997079873514538963,7358131]
02-14 14:09:06.247 I/dvm_gc_info(  207): [8320808730291672675,-9002259798504765357,-3995672498630985683,7358131]
02-14 14:09:09.700 I/dvm_gc_info(  207): [8320808730291684982,-8994941449110218665,-3994265123747432403,7358131]
02-14 14:09:09.810 I/dvm_gc_info(  207): [8320808730291672857,-8920632055258736558,-3995672498630985683,7358131]
02-14 14:09:10.020 I/dvm_gc_info(  207): [8320808730291672637,-9028718446315431846,-3992857748863879123,7358131]
02-14 14:09:10.270 I/dvm_gc_info(  207): [8320808730291705518,-8966231001485572003,-3991731848957036499,7358131]
02-14 14:09:10.501 I/dvm_gc_info(  207): [8320808730291673006,-8904025031632766895,-3995953973607696339,7358131]
02-14 14:09:10.731 I/dvm_gc_info(  207): [8320808730291672729,-8943994478325688237,-3995391023654275027,7358131]
02-14 14:09:10.951 I/dvm_gc_info(  207): [8320808730291680958,-8924009754979162028,-3995109548677564371,7358131]
02-14 14:09:11.151 I/boot_progress_pms_data_scan_start(  207): 86135
02-14 14:09:11.151 I/boot_progress_pms_scan_end(  207): 86135
02-14 14:09:11.352 I/boot_progress_pms_ready(  207): 86337
02-14 14:09:11.352 I/dvm_gc_info(  207): [8320808730291713789,-8915846980654643120,-3996516923561117651,7358131]
02-14 14:09:11.402 I/dvm_gc_info(  207): [8320808730291783238,-9002259798504884148,-3997924298444670931,7358131]
02-14 14:09:11.532 I/db_sample(  207): [/data/system/accounts.db,CREATE TABLE grants (  accounts_id INTEGER NOT NULL, auth_token_,1,,1]
02-14 14:09:11.822 I/db_sample(  207): [/data/data/com.android.providers.settings/databases/settings.db,INSERT OR IGNORE INTO system(name,value) VALUES(?,?);,0,,1]
02-14 14:09:11.932 I/battery_status(  207): [3,2,1,0,Li-ion]
02-14 14:09:11.932 I/battery_level(  207): [97,4121,320]
02-14 14:09:12.132 I/dvm_gc_info(  207): [8320808730291668555,-9014926172456769455,-3996235448584406995,7358131]
02-14 14:09:12.172 I/free_storage_left(  207): [2782318592,36089856,292642816]
02-14 14:09:12.172 I/free_storage_changed(  207): 2782318592
02-14 14:09:12.413 I/backup_data_changed(  207): android
02-14 14:09:12.423 I/backup_data_changed(  207): com.android.browser
02-14 14:09:12.433 I/backup_data_changed(  207): com.android.inputmethod.latin
02-14 14:09:12.443 I/backup_data_changed(  207): com.android.providers.settings
02-14 14:09:12.453 I/backup_data_changed(  207): com.android.providers.userdictionary
02-14 14:09:12.463 I/backup_data_changed(  207): com.android.vending
02-14 14:09:12.473 I/am_create_service(  207): [1080147048,com.google.android.backup/.BackupTransportService,,207]
02-14 14:09:12.533 I/db_sample(  207): [/data/data/com.android.providers.settings/databases/settings.db,INSERT INTO secure(value, name) VALUES(?, ?);,33,,7]
02-14 14:09:12.533 I/backup_data_changed(  207): com.android.providers.settings
02-14 14:09:12.643 I/configuration_changed(  207): 504
02-14 14:09:12.663 I/dvm_gc_info(  207): [8320808730291824248,-8990719324459607980,-3995109548677564371,7358131]
02-14 14:09:12.673 I/power_screen_state(  207): [1,3,0,0]
02-14 14:09:12.673 I/power_screen_broadcast_send(  207): 1
02-14 14:09:12.673 I/screen_toggled(  207): 1
02-14 14:09:12.683 I/am_proc_start(  207): [277,10027,com.google.process.gapps,broadcast,com.google.android.gsf/.loginservice.MigrateToAccountManagerBroadcastReceiver]
02-14 14:09:12.753 I/dvm_gc_madvise_info(  277): [397312,151552]
02-14 14:09:12.813 I/am_proc_bound(  207): [277,com.google.process.gapps]
02-14 14:09:12.923 I/dvm_gc_info(  207): [8320808730292008497,-9022244521851180971,-3995109548677564371,7358211]
02-14 14:09:13.243 I/dvm_gc_info(  207): [8320808730291852890,-9010985522782730152,-3995109548677564371,7899012]
02-14 14:09:13.343 I/am_create_task(  207): 2
02-14 14:09:13.343 I/am_create_activity(  207): [1080737360,2,com.android.setupwizard/.SetupWizardActivity,android.intent.action.MAIN,NULL,NULL,276824064]
02-14 14:09:13.363 I/am_proc_start(  207): [298,10007,android.process.acore,broadcast,com.android.providers.contacts/.ContactsUpgradeReceiver]
02-14 14:09:13.394 I/power_screen_broadcast_stop(  207): [2,1]
02-14 14:09:13.404 I/dvm_gc_madvise_info(  298): [393216,151552]
02-14 14:09:13.434 I/am_proc_bound(  207): [298,android.process.acore]
02-14 14:09:13.684 I/db_sample(  298): [/data/data/com.android.providers.contacts/databases/contacts2.db,INSERT INTO nickname_lookup(name,cluster) VALUES (?,?),0,android.process.acore,1]
02-14 14:09:13.694 I/db_sample(  298): [/data/data/com.android.providers.contacts/databases/contacts2.db,INSERT INTO nickname_lookup(name,cluster) VALUES (?,?),0,android.process.acore,1]
02-14 14:09:13.724 I/db_sample(  298): [/data/data/com.android.providers.contacts/databases/contacts2.db,INSERT INTO nickname_lookup(name,cluster) VALUES (?,?),0,android.process.acore,1]
02-14 14:09:13.744 I/db_sample(  298): [/data/data/com.android.providers.contacts/databases/contacts2.db,INSERT INTO nickname_lookup(name,cluster) VALUES (?,?),0,android.process.acore,1]
02-14 14:09:13.754 I/db_sample(  298): [/data/data/com.android.providers.contacts/databases/contacts2.db,INSERT INTO nickname_lookup(name,cluster) VALUES (?,?),0,android.process.acore,1]
02-14 14:09:13.804 I/db_sample(  298): [/data/data/com.android.providers.contacts/databases/contacts2.db,INSERT INTO nickname_lookup(name,cluster) VALUES (?,?),0,android.process.acore,1]
02-14 14:09:13.854 I/dvm_gc_info(  298): [7017575181484922458,-8957794313122740176,-4006368547745990611,7358131]
02-14 14:09:13.864 I/db_sample(  298): [/data/data/com.android.providers.contacts/databases/contacts2.db,DROP VIEW IF EXISTS view_v1_group_membership;,0,android.process.acore,1]
02-14 14:09:13.984 I/contacts_upgrade_receiver(  298): 511
02-14 14:09:13.984 I/am_proc_start(  207): [305,10053,com.android.providers.calendar,broadcast,com.android.providers.calendar/.CalendarUpgradeReceiver]
02-14 14:09:13.994 I/dvm_gc_madvise_info(  305): [393216,151552]
02-14 14:09:14.004 I/am_proc_bound(  207): [305,com.android.providers.calendar]
02-14 14:09:14.184 I/db_sample(  305): [/data/data/com.android.providers.calendar/databases/calendar.db,CREATE TABLE Instances (_id INTEGER PRIMARY KEY,event_id INTEGER,1,com.android.providers.calendar,1]
02-14 14:09:14.214 I/db_sample(  305): [/data/data/com.android.providers.calendar/databases/calendar.db,INSERT INTO CalendarCache (_id, key, value) VALUES (1167965829,',1,com.android.providers.calendar,1]
02-14 14:09:14.254 I/calendar_upgrade_receiver(  305): 194
02-14 14:09:14.264 I/boot_progress_ams_ready(  207): 89251
02-14 14:09:14.264 I/am_proc_start(  207): [317,1000,com.android.systemui,service,com.android.systemui/.statusbar.StatusBarService]
02-14 14:09:14.264 I/configuration_changed(  207): 512
02-14 14:09:14.274 I/wifi_supplicant_connection_state_changed(  207): 1
02-14 14:09:14.284 I/connectivity_state_changed(  207): 65
02-14 14:09:14.304 I/dvm_gc_madvise_info(  317): [393216,151552]
02-14 14:09:14.304 I/wifi_supplicant_state_changed(  207): 2
02-14 14:09:14.354 I/am_proc_bound(  207): [317,com.android.systemui]
02-14 14:09:14.354 I/am_create_service(  207): [1079910480,com.android.systemui/.statusbar.StatusBarService,,317]
02-14 14:09:14.395 I/am_create_service(  207): [1082582304,android/com.android.internal.service.wallpaper.ImageWallpaper,act=android.service.wallpaper.WallpaperService,207]
02-14 14:09:14.405 I/am_proc_start(  207): [327,10038,com.android.inputmethod.latin,service,com.android.inputmethod.latin/.LatinIME]
02-14 14:09:14.435 I/battery_level(  207): [96,4117,320]
02-14 14:09:14.485 I/am_proc_start(  207): [332,1001,com.android.phone,added application,com.android.phone]
02-14 14:09:14.495 I/am_proc_start(  207): [333,1002,com.broadcom.bt.app.system,added application,com.broadcom.bt.app.system]
02-14 14:09:14.515 I/dvm_gc_madvise_info(  327): [393216,151552]
02-14 14:09:14.565 I/dvm_gc_madvise_info(  332): [389120,151552]
02-14 14:09:14.565 I/dvm_gc_madvise_info(  333): [389120,151552]
02-14 14:09:14.635 I/dvm_gc_info(  207): [8320808730291701350,-8986497199808862119,-3986665299376244691,8386517]
02-14 14:09:14.695 I/backup_data_changed(  207): com.android.providers.settings
02-14 14:09:14.695 I/dvm_gc_info(  207): [8320808730291819713,-9064747243334436775,-3986665299376244691,8386466]
02-14 14:09:14.715 I/am_proc_start(  207): [352,10017,com.android.setupwizard,activity,com.android.setupwizard/.SetupWizardActivity]
02-14 14:09:14.725 I/am_proc_start(  207): [353,10016,com.locationlabs.v3client,broadcast,com.locationlabs.v3client/com.locationlabs.util.android.Autostart]
02-14 14:09:14.725 I/am_proc_bound(  207): [332,com.android.phone]
02-14 14:09:14.725 I/am_proc_bound(  207): [327,com.android.inputmethod.latin]
02-14 14:09:14.735 I/am_create_service(  207): [1079421936,com.android.inputmethod.latin/.LatinIME,act=android.view.InputMethod,327]
02-14 14:09:14.735 I/am_proc_bound(  207): [333,com.broadcom.bt.app.system]
02-14 14:09:14.915 I/db_sample(  207): [/data/data/com.android.providers.settings/databases/settings.db,INSERT INTO system(value, name) VALUES(?, ?);,36,,8]
02-14 14:09:14.945 I/dvm_gc_madvise_info(  353): [385024,151552]
02-14 14:09:14.945 I/backup_data_changed(  207): com.android.providers.settings
02-14 14:09:15.035 I/dvm_gc_madvise_info(  352): [389120,151552]
02-14 14:09:15.045 I/dvm_gc_info(  120): [8825198673195508781,-9139345947962275794,-4006087072769275858,7358131]
02-14 14:09:15.145 I/content_update_sample(  333): [content://settings/system,insert,,120,com.broadcom.bt.app.system,25]
02-14 14:09:15.195 I/binder_sample(  333): [android.content.IContentProvider,3,47,com.broadcom.bt.app.system,9]
02-14 14:09:15.275 I/dvm_gc_info(  120): [8825198673195331632,-9222662541068629970,-4006087072769275858,7358131]
02-14 14:09:15.365 I/content_update_sample(  333): [content://settings/system,insert,,33,com.broadcom.bt.app.system,7]
02-14 14:09:15.375 I/dvm_gc_info(  120): [8825198673194778672,-9222662541068629970,-4006087072769275858,7358131]
02-14 14:09:15.405 I/backup_data_changed(  207): com.android.providers.settings
02-14 14:09:15.415 I/am_proc_bound(  207): [352,com.android.setupwizard]
02-14 14:09:15.415 I/am_restart_activity(  207): [1080737360,2,com.android.setupwizard/.SetupWizardActivity]
02-14 14:09:15.415 I/notification_cancel(  207): [android,17302240,0]
02-14 14:09:15.426 I/am_proc_bound(  207): [353,com.locationlabs.v3client]
02-14 14:09:15.426 I/wifi_supplicant_state_changed(  207): 1
02-14 14:09:15.426 I/binder_sample(  327): [android.app.IActivityManager,29,255,com.android.inputmethod.latin,51]
02-14 14:09:15.616 I/am_proc_start(  207): [387,10027,com.google.process.gapps,service,com.google.android.gsf/.loginservice.GoogleLoginService]
02-14 14:09:15.636 I/notification_cancel(  207): [android,17302240,0]
02-14 14:09:15.756 I/binder_sample(  327): [android.content.IContentProvider,21,40,com.android.inputmethod.latin,8]
02-14 14:09:15.766 I/am_proc_start(  207): [393,10007,android.process.acore,content provider,com.android.providers.contacts/.ContactsProvider2]
02-14 14:09:15.806 I/am_proc_bound(  207): [387,com.google.process.gapps]
02-14 14:09:15.806 I/am_create_service(  207): [1080953584,com.google.android.gsf/.loginservice.GoogleLoginService,act=com.google.android.gsf.action.GET_GLS,387]
02-14 14:09:15.836 I/binder_sample(  317): [com.android.internal.statusbar.IStatusBarService,4,29,com.android.systemui,5]
02-14 14:09:15.946 I/binder_sample(  332): [,1,58,com.android.phone,11]
02-14 14:09:15.966 I/am_proc_bound(  207): [393,android.process.acore]
02-14 14:09:16.046 I/dvm_gc_info(  327): [7809651225004205605,-9039703668818036687,-4010027722443229139,7358207]
02-14 14:09:16.116 I/dvm_gc_info(  332): [8099846449757701681,-9021970607779170254,-4005805597792569299,7358131]
02-14 14:09:16.136 I/dvm_gc_info(  353): [8517260637557245506,-9027037226113026000,-4006368547745990611,7358131]
02-14 14:09:16.146 I/configuration_changed(  207): 4
02-14 14:09:16.186 I/configuration_changed(  207): 3
02-14 14:09:16.186 I/am_relaunch_resume_activity(  207): [1080737360,2,com.android.setupwizard/.SetupWizardActivity]
02-14 14:09:16.216 I/dvm_gc_info(  317): [8320808730291697195,-9028444600979785679,-4004961172862437331,7358189]
02-14 14:09:16.266 I/am_create_service(  207): [1080991632,com.google.android.location/.NetworkLocationService,act=com.google.android.location.NetworkLocationProvider,387]
02-14 14:09:16.336 I/db_sample(  207): [/data/data/com.android.providers.settings/databases/settings.db,INSERT INTO secure(value, name) VALUES(?, ?);,419,,84]
02-14 14:09:16.416 I/content_update_sample(  207): [content://settings/secure,insert,,230,,47]
02-14 14:09:16.416 I/backup_data_changed(  207): com.android.providers.settings
02-14 14:09:16.527 I/binder_sample(  352): [android.content.IContentProvider,3,609,com.android.setupwizard,100]
02-14 14:09:16.527 I/content_update_sample(  352): [content://settings/secure,insert,,611,com.android.setupwizard,100]
02-14 14:09:16.527 I/binder_sample(  353): [android.content.pm.IPackageManager,50,206,com.locationlabs.v3client,41]
02-14 14:09:16.527 I/binder_sample(  332): [android.content.IContentProvider,3,287,com.android.phone,57]
02-14 14:09:16.527 I/content_update_sample(  332): [content://settings/system,insert,,288,com.android.phone,58]
02-14 14:09:16.537 I/am_proc_start(  207): [408,1000,com.redbend.vdmc,broadcast,com.redbend.vdmc/.MyConnectionChangeReceiver]
02-14 14:09:16.547 I/db_sample(  393): [/data/data/com.android.providers.contacts/databases/location.db,COMMIT;PRAGMA user_version = 1,77,android.process.acore,16]
02-14 14:09:16.557 I/backup_data_changed(  207): com.android.providers.settings
02-14 14:09:16.647 I/db_sample(  207): [/data/data/com.android.providers.settings/databases/settings.db,INSERT INTO system(value, name) VALUES(?, ?);,32,,7]
02-14 14:09:16.647 I/am_proc_bound(  207): [408,com.redbend.vdmc]
02-14 14:09:16.667 I/backup_data_changed(  207): com.android.providers.settings
02-14 14:09:16.667 I/backup_data_changed(  207): com.android.providers.settings
02-14 14:09:16.667 I/backup_data_changed(  207): com.android.providers.settings
02-14 14:09:16.757 I/binder_sample(  352): [android.content.pm.IPackageManager,50,119,com.android.setupwizard,23]
02-14 14:09:16.767 I/backup_data_changed(  207): com.android.providers.settings
02-14 14:09:16.787 I/db_sample(  207): [/data/data/com.android.providers.settings/databases/settings.db,INSERT INTO system(value, name) VALUES(?, ?);,46,,10]
02-14 14:09:16.827 I/am_create_task(  207): 3
02-14 14:09:16.827 I/am_create_activity(  207): [1080289872,3,com.android.launcher/com.android.launcher2.Launcher,android.intent.action.MAIN,NULL,NULL,270532608]
02-14 14:09:16.837 I/backup_data_changed(  207): com.android.providers.settings
02-14 14:09:16.837 I/am_pause_activity(  207): [1080737360,com.android.setupwizard/.SetupWizardActivity]
02-14 14:09:16.837 I/am_proc_start(  207): [416,10020,com.google.android.apps.plus,broadcast,com.google.android.apps.plus/com.google.android.picasasync.ConnectivityReceiver]
02-14 14:09:16.847 I/am_proc_died(  207): [352,com.android.setupwizard]
02-14 14:09:16.847 I/am_destroy_service(  207): [1080953584,com.google.android.gsf/.loginservice.GoogleLoginService,387]
02-14 14:09:16.867 I/db_sample(  387): [/data/data/com.google.android.gsf/databases/gls.db,COMMIT;PRAGMA user_version = 1,85,com.google.process.gapps,18]
02-14 14:09:16.867 I/am_proc_start(  207): [419,10037,com.android.launcher,activity,com.android.launcher/com.android.launcher2.Launcher]
02-14 14:09:16.877 I/notification_cancel(  207): [com.android.phone,2,0]
02-14 14:09:16.907 I/am_create_service(  207): [1085795192,com.android.phone/.BluetoothHeadsetService,act=android.bluetooth.IBluetoothHeadset,332]
02-14 14:09:16.947 I/am_proc_bound(  207): [416,com.google.android.apps.plus]
02-14 14:09:16.967 I/am_proc_bound(  207): [419,com.android.launcher]
02-14 14:09:16.967 I/am_restart_activity(  207): [1080289872,3,com.android.launcher/com.android.launcher2.Launcher]
02-14 14:09:16.967 I/content_query_sample(  387): [content://com.google.android.gsf.gservices,,,,99,com.google.process.gapps,20]
02-14 14:09:17.087 I/am_create_service(  207): [1083047120,com.google.android.location/.internal.server.NetworkLocationService,act=com.google.android.location.internal.ANDROID_NLP,387]
02-14 14:09:17.227 I/db_sample(  387): [/data/data/com.google.android.gsf/databases/googlesettings.db,PRAGMA user_version = 1,0,com.google.process.gapps,1]
02-14 14:09:17.257 I/db_sample(  387): [/data/data/com.google.android.gsf/databases/googlesettings.db,COMMIT;PRAGMA user_version = 1,31,com.google.process.gapps,7]
02-14 14:09:17.347 I/backup_data_changed(  207): com.android.providers.settings
02-14 14:09:17.608 I/db_sample(  327): [/data/data/com.android.inputmethod.latin/databases/userbigram_dict.db,CREATE TABLE main (_id INTEGER PRIMARY KEY,word1 TEXT,word2 TEXT,692,,100]
02-14 14:09:17.608 I/db_sample(  327): [/data/data/com.android.inputmethod.latin/databases/auto_dict.db,COMMIT;PRAGMA user_version = 1,893,,100]
02-14 14:09:17.778 I/db_sample(  393): [/data/data/com.android.providers.contacts/databases/contacts2.db,INSERT INTO nickname_lookup(name,cluster) VALUES (?,?),0,,1]
02-14 14:09:17.778 I/db_sample(  393): [/data/data/com.android.providers.contacts/databases/contacts2.db,INSERT INTO nickname_lookup(name,cluster) VALUES (?,?),0,,1]
02-14 14:09:17.808 I/content_query_sample(  419): [content://com.android.launcher2.settings/favorites?notify=true,_id/iconPackage/iconResource/appWidgetId,itemType=?,,602,com.android.launcher,100]
02-14 14:09:17.818 I/dvm_gc_info(  416): [3346293774832707171,-8965675406278596558,-4005805597792569299,7358131]
02-14 14:09:17.918 I/dvm_gc_info(  207): [8320808730291648224,-8919224680374957987,-3983287599655716819,8570915]
02-14 14:09:17.928 I/db_sample(  393): [/data/data/com.android.providers.contacts/databases/contacts2.db,INSERT INTO nickname_lookup(name,cluster) VALUES (?,?),0,,1]
02-14 14:09:17.928 I/db_sample(  393): [/data/data/com.android.providers.contacts/databases/contacts2.db,INSERT INTO nickname_lookup(name,cluster) VALUES (?,?),0,,1]
02-14 14:09:17.998 I/dvm_gc_info(  416): [3346293774832711284,-8936683346221664205,-4005524122815858643,7358131]
02-14 14:09:18.068 I/dvm_gc_info(  393): [7017575181484877415,-8925143009632274382,-4005805597792569299,7358131]
02-14 14:09:18.118 I/binder_sample(  419): [android.content.pm.IPackageManager,26,94,com.android.launcher,18]
02-14 14:09:18.308 I/notification_cancel(  207): [com.android.providers.contacts,1,0]
02-14 14:09:18.378 I/dvm_gc_info(  207): [8320808730291848800,-9005918973201856420,-3983287599655716819,8570915]
02-14 14:09:18.408 I/binder_sample(  419): [android.app.IWallpaperManager,6,181,com.android.launcher,36]
02-14 14:09:18.539 I/dvm_gc_info(  419): [7809652345805268521,-9035200137859815376,-4006087072769279955,7358210]
02-14 14:09:18.549 I/dvm_gc_info(  207): [8320808730292089964,-9110346189561513892,-3980472849888610259,8652845]
02-14 14:09:18.559 I/am_proc_start(  207): [453,10031,com.google.android.apps.uploader,broadcast,com.google.android.apps.uploader/.ConnectivityBroadcastReceiver]
02-14 14:09:18.579 I/am_proc_bound(  207): [453,com.google.android.apps.uploader]
02-14 14:09:18.659 I/am_create_service(  207): [1085771472,com.google.android.gsf/.checkin.CheckinService,,387]
02-14 14:09:18.709 I/am_create_service(  207): [1085094048,com.google.android.gsf/.gtalkservice.service.GTalkService,act=com.google.android.gtalkservice.IGTalkService,387]
02-14 14:09:18.719 I/am_proc_start(  207): [463,10043,com.google.android.gm,broadcast,com.google.android.gm/.downloadprovider.DownloadReceiver]
02-14 14:09:18.719 I/gtalkservice(  387): 3
02-14 14:09:18.749 I/dvm_gc_info(  419): [7809652345805210789,-9067569760181532624,-4006087072769279955,7903112]
02-14 14:09:18.759 I/am_proc_bound(  207): [463,com.google.android.gm]
02-14 14:09:18.779 I/am_create_activity(  207): [1079441960,3,com.sprint.w.installer/.WInstaller,com.sprint.installer.ACTION_FIRST_RUN,NULL,NULL,0]
02-14 14:09:18.789 I/am_pause_activity(  207): [1080289872,com.android.launcher/com.android.launcher2.Launcher]
02-14 14:09:18.799 I/am_on_resume_called(  419): com.android.launcher2.Launcher
02-14 14:09:18.819 I/am_on_paused_called(  419): com.android.launcher2.Launcher
02-14 14:09:18.819 I/am_proc_start(  207): [471,10014,com.sprint.w.installer,activity,com.sprint.w.installer/.WInstaller]
02-14 14:09:18.959 I/dvm_gc_info(  207): [8320808730292036849,-9060525118683719588,-3983569074632427475,8575011]
02-14 14:09:18.969 I/am_proc_bound(  207): [471,com.sprint.w.installer]
02-14 14:09:18.979 I/am_restart_activity(  207): [1079441960,3,com.sprint.w.installer/.WInstaller]
02-14 14:09:19.049 I/content_query_sample(  387): [content://com.google.android.providers.talk/providers,_id/category,name=?,,325,com.google.process.gapps,66]
02-14 14:09:19.109 I/boot_progress_enable_screen(  207): 94094
02-14 14:09:19.109 I/am_create_service(  207): [1082586056,com.sprint.w.installer/com.sprint.id.updater.UpdaterService,,471]
02-14 14:09:19.199 I/am_proc_start(  207): [486,10024,android.process.media,broadcast,com.android.providers.downloads/.DownloadReceiver]
02-14 14:09:19.199 I/notification_enqueue(  207): [com.android.systemui,17301675,Notification(vibrate=null,sound=null,defaults=0x0,flags=0x2)]
02-14 14:09:19.319 I/am_create_service(  207): [1080981640,com.google.android.gsf/.loginservice.GoogleLoginService,act=android.accounts.AccountAuthenticator,387]
02-14 14:09:19.329 I/am_proc_bound(  207): [486,android.process.media]
02-14 14:09:19.399 I/gtalkservice(  387): 11
02-14 14:09:19.399 I/am_destroy_service(  207): [1080981640,com.google.android.gsf/.loginservice.GoogleLoginService,387]
02-14 14:09:19.399 I/gtalkservice(  387): 11
02-14 14:09:19.509 I/am_proc_start(  207): [510,10004,com.google.android.voicesearch,broadcast,com.google.android.voicesearch/.GservicesBroadcastReceiver]
02-14 14:09:19.550 I/am_proc_bound(  207): [510,com.google.android.voicesearch]
02-14 14:09:19.720 I/db_sample(  332): [/data/data/com.android.providers.telephony/databases/telephony.db,INSERT INTO carriers(port, authtype, numeric, mcc, proxy, name, ,811,,100]
02-14 14:09:19.740 I/content_query_sample(  510): [content://com.google.android.gsf.gservices/prefix,,,,25,com.google.android.voicesearch,6]
02-14 14:09:19.900 I/content_query_sample(  416): [content://com.google.android.apps.plus.content.EsGooglePhotoProvider/settings,auto_upload_enabled,,,1112,,100]
02-14 14:09:19.930 I/content_query_sample(  327): [content://com.android.contacts/contacts,_id/display_name,,,1888,,100]
02-14 14:09:19.980 I/am_create_service(  207): [1081511000,com.google.android.apps.plus/.service.EsService,,416]
02-14 14:09:20.050 I/dvm_gc_info(  387): [7449358886915597919,-8992415529049339853,-4005805597792569299,7358131]
02-14 14:09:20.080 I/am_proc_start(  207): [525,10022,com.android.vending,broadcast,com.android.vending/com.google.android.finsky.receivers.ClearCacheReceiver]
02-14 14:09:20.100 I/am_proc_bound(  207): [525,com.android.vending]
02-14 14:09:20.110 I/dvm_gc_info(  120): [8825198673194550320,-9134279398381483986,-4006087072769275858,7358131]
02-14 14:09:20.180 I/dvm_gc_info(  120): [8825198673194643504,-9222662541068629970,-4006087072769275858,7358131]
02-14 14:09:20.350 I/dvm_gc_info(  120): [8825198673195094072,-9222662541068629970,-4006087072769275858,7358131]
02-14 14:09:20.410 I/dvm_gc_madvise_info(  525): [155648,151552]
02-14 14:09:20.440 I/dvm_gc_madvise_info(  471): [192512,151552]
02-14 14:09:20.490 I/dvm_gc_madvise_info(  463): [151552,151552]
02-14 14:09:20.520 I/dvm_gc_madvise_info(  408): [339968,151552]
02-14 14:09:20.520 I/dvm_gc_madvise_info(  486): [245760,151552]
02-14 14:09:20.530 I/dvm_gc_madvise_info(  510): [151552,151552]
02-14 14:09:20.551 I/screen_toggled(  207): 2
02-14 14:09:20.581 I/backup_data_changed(  207): com.android.vending
02-14 14:09:20.661 I/dvm_gc_madvise_info(  453): [290816,151552]
02-14 14:09:20.991 I/db_sample(  393): [/data/data/com.android.providers.userdictionary/databases/user_dict.db,CREATE TABLE words (_id INTEGER PRIMARY KEY,word TEXT,frequency ,264,,53]
02-14 14:09:21.061 I/dvm_gc_madvise_info(  327): [208896,151552]
02-14 14:09:21.111 I/activity_launch_time(  207): [1080289872,com.android.launcher/com.android.launcher2.Launcher,4251,7752]
02-14 14:09:21.141 I/notification_cancel(  207): [com.android.systemui,17301675,0]
02-14 14:09:21.161 I/am_proc_start(  207): [548,10041,com.google.android.partnersetup,broadcast,com.google.android.partnersetup/.PhoneStateReceiver]
02-14 14:09:21.171 I/dvm_gc_madvise_info(  332): [176128,151552]
02-14 14:09:21.191 I/am_proc_bound(  207): [548,com.google.android.partnersetup]
02-14 14:09:21.251 I/dvm_gc_madvise_info(  317): [188416,151552]
02-14 14:09:21.281 I/dvm_gc_madvise_info(  353): [258048,151552]
02-14 14:09:21.321 I/am_proc_died(  207): [525,com.android.vending]
02-14 14:09:21.602 I/dvm_gc_info(  332): [8099846449757484601,-9016340833316685771,-4004961172862437331,7358131]
02-14 14:09:21.702 I/db_sample(  393): [:memory:,INSERT INTO applications ('_id', 'name', 'description', 'package,0,,1]
02-14 14:09:21.812 I/binder_sample(  548): [android.content.IContentProvider,1,506,com.google.android.partnersetup,100]
02-14 14:09:21.812 I/content_query_sample(  548): [content://com.google.android.gsf.gservices,,,,506,com.google.android.partnersetup,100]
02-14 14:09:21.842 I/content_query_sample(  327): [content://user_dictionary/words,_id/word/frequency,(locale IS NULL) or (locale=?),,4024,,100]
02-14 14:09:21.872 I/am_destroy_service(  207): [1085771472,com.google.android.gsf/.checkin.CheckinService,387]
02-14 14:09:21.952 I/content_update_sample(  548): [content://com.google.settings/partner,insert,,27,com.google.android.partnersetup,6]
02-14 14:09:22.102 I/am_proc_start(  207): [567,10048,com.android.email,content provider,com.android.email/com.android.exchange.provider.ExchangeProvider]
02-14 14:09:22.112 I/am_proc_bound(  207): [567,com.android.email]
02-14 14:09:22.362 I/db_sample(  353): [/data/data/com.locationlabs.v3client/databases/V3Client_DEBUGDATA,PRAGMA user_version = 1,0,com.locationlabs.v3client,1]
02-14 14:09:22.442 I/db_sample(  416): [/data/data/com.google.android.apps.plus/databases/picasa.upload.db,COMMIT;PRAGMA user_version = 4,416,,84]
02-14 14:09:22.552 I/db_sample(  353): [/data/data/com.locationlabs.v3client/databases/V3Client_DEBUGDATA,PRAGMA user_version;,1,com.locationlabs.v3client,1]
02-14 14:09:22.572 I/dvm_gc_info(  567): [7308604875703662167,-8983689804771284941,-4005524122815858643,7358131]
02-14 14:09:22.663 I/am_proc_start(  207): [577,10040,com.google.android.googlequicksearchbox,broadcast,com.google.android.googlequicksearchbox/.SearchWidgetProvider]
02-14 14:09:22.723 I/db_sample(  567): [/data/data/com.android.email/databases/EmailProvider.db,COMMIT;PRAGMA user_version = 13,28,,6]
02-14 14:09:22.733 I/am_proc_bound(  207): [577,com.google.android.googlequicksearchbox]
02-14 14:09:22.853 I/content_query_sample(  567): [content://com.android.email.provider/account,_id,,,528,,100]
02-14 14:09:22.863 I/am_create_service(  207): [1081389600,com.google.android.gsf/.loginservice.GoogleLoginService,act=android.accounts.AccountAuthenticator,387]
02-14 14:09:22.903 I/content_query_sample(  567): [content://com.android.email.provider/account,_id,,,536,,100]
02-14 14:09:22.903 I/content_query_sample(  207): [content://com.android.exchange.provider/policy/AllowBluetooth,,,,580,,100]
02-14 14:09:22.913 I/am_destroy_service(  207): [1081389600,com.google.android.gsf/.loginservice.GoogleLoginService,387]
02-14 14:09:22.923 I/db_sample(  416): [/data/data/com.google.android.apps.plus/databases/picasa.upload.db,SELECT account, album_id, auth_token_type, url, upload_url, cont,479,,96]
02-14 14:09:23.013 I/dvm_gc_madvise_info(  416): [184320,151552]
02-14 14:09:23.033 I/dvm_gc_info(  567): [7308604875703735867,-9027036813695391690,-4004679697885726675,7358131]
02-14 14:09:23.073 I/dvm_gc_madvise_info(  393): [282624,151552]
02-14 14:09:23.113 I/dvm_gc_info(  419): [7809652345805014587,-9023940726340220875,-3998768723374802899,8525779]
02-14 14:09:23.233 I/dvm_gc_info(  332): [8099846449757546088,-8925424209680709579,-4004961172862437331,7358131]
02-14 14:09:23.323 I/dvm_gc_info(  419): [7809652345805071833,-9041392174896297932,-3998768723374802899,8525856]
02-14 14:09:23.774 I/dvm_gc_info(  510): [8534155694507615865,-8953009032343427023,-4006087072769279955,7358131]
02-14 14:09:23.944 I/dvm_gc_info(  419): [7809652345805067498,-9058843623452350412,-3998768723374802899,8550439]
02-14 14:09:23.974 I/dvm_gc_madvise_info(  207): [3457024,151552]
02-14 14:09:24.084 I/dvm_gc_info(  332): [8099846449757521514,-8925142734703998923,-4004961172862437331,7358131]
02-14 14:09:24.264 I/dvm_gc_info(  332): [8099846449757476462,-8924579784750573515,-4004961172862437331,7358131]
02-14 14:09:24.444 I/dvm_gc_info(  332): [8099846449757521512,-8925142734703994827,-4004961172862437331,7358131]
02-14 14:09:24.464 I/db_sample(  332): [/data/data/com.android.providers.telephony/databases/telephony.db,INSERT INTO carriers(port, authtype, mmsproxy, numeric, mcc, typ,0,,1]
02-14 14:09:24.474 I/db_sample(  332): [/data/data/com.android.providers.telephony/databases/telephony.db,INSERT INTO carriers(port, authtype, mmsproxy, numeric, mcc, typ,0,,1]
02-14 14:09:24.645 I/dvm_gc_info(  332): [8099846449757521518,-8924861259727284171,-4004961172862437331,7358131]
02-14 14:09:24.645 I/db_sample(  332): [/data/data/com.android.providers.telephony/databases/telephony.db,INSERT INTO carriers(port, authtype, mmsproxy, numeric, mcc, typ,0,,1]
02-14 14:09:24.825 I/dvm_gc_info(  332): [8099846449757533800,-8925424209680709579,-4004961172862437331,7358131]
02-14 14:09:24.955 I/content_query_sample(  207): [content://telephony/carriers/preferapn,apn,,name ASC,8588,,100]
02-14 14:09:25.055 I/dvm_gc_madvise_info(  387): [163840,151552]
02-14 14:09:25.405 I/dvm_gc_madvise_info(  548): [307200,151552]
02-14 14:09:25.415 I/dvm_gc_madvise_info(  577): [208896,151552]
02-14 14:09:25.535 I/am_destroy_service(  207): [1081511000,com.google.android.apps.plus/.service.EsService,416]
02-14 14:09:25.555 I/content_query_sample(  332): [content://telephony/carriers/preferapn,_id/name/apn,,name ASC,8264,com.android.phone,100]
02-14 14:09:25.716 I/cdma_service_state_change(  332): [1,3]
02-14 14:09:26.006 I/dvm_gc_info(  207): [8320808730291701518,-8911906330980444066,-3983006124679006163,8575011]
02-14 14:09:26.026 I/dvm_gc_info(  332): [8099846449757541990,-8924298241020786633,-4004398222909016019,7358131]
02-14 14:09:26.076 I/notification_cancel(  207): [com.android.phone,5,0]
02-14 14:09:26.076 I/notification_cancel(  207): [com.android.phone,6,0]
02-14 14:09:26.116 I/backup_data_changed(  207): com.android.providers.settings
02-14 14:09:26.136 I/notification_cancel(  207): [com.android.phone,111,0]
02-14 14:09:26.136 I/notification_cancel(  207): [com.android.phone,7,0]
02-14 14:09:26.146 I/notification_cancel(  207): [com.android.phone,7,0]
02-14 14:09:26.146 I/notification_cancel(  207): [com.android.phone,7,0]
02-14 14:09:26.146 I/notification_cancel(  207): [com.android.phone,7,0]
02-14 14:09:26.146 I/notification_cancel(  207): [com.android.phone,7,0]
02-14 14:09:26.146 I/notification_cancel(  207): [com.android.phone,7,0]
02-14 14:09:26.146 I/notification_cancel(  207): [com.android.phone,7,0]
02-14 14:09:26.146 I/notification_cancel(  207): [com.android.phone,7,0]
02-14 14:09:26.146 I/notification_cancel(  207): [com.android.phone,7,0]
02-14 14:09:26.176 I/notification_cancel(  207): [com.android.phone,7,0]
02-14 14:09:26.186 I/binder_sample(  471): [com.android.internal.telephony.ITelephony,56,6667,com.sprint.w.installer,100]
02-14 14:09:26.226 I/backup_data_changed(  207): com.android.providers.settings
02-14 14:09:26.266 I/am_on_resume_called(  471): com.sprint.w.installer.WInstaller
02-14 14:09:26.306 I/am_create_service(  207): [1086704088,com.sprint.w.installer/.WallpaperCaptureService,,471]
02-14 14:09:26.316 I/am_proc_start(  207): [595,1000,com.qualcomm.privinit,broadcast,com.qualcomm.privinit/.BootReciever]
02-14 14:09:26.346 I/am_destroy_service(  207): [1086704088,com.sprint.w.installer/.WallpaperCaptureService,471]
02-14 14:09:26.356 I/dvm_gc_madvise_info(  595): [393216,151552]
02-14 14:09:26.386 I/activity_launch_time(  207): [1079441960,com.sprint.w.installer/.WInstaller,7566,7566]
02-14 14:09:26.396 I/am_proc_bound(  207): [595,com.qualcomm.privinit]
02-14 14:09:26.426 I/am_proc_start(  207): [602,10046,com.cooliris.media,broadcast,com.cooliris.media/com.cooliris.cache.BootReceiver]
02-14 14:09:26.466 I/notification_cancel(  207): [com.android.phone,111,0]
02-14 14:09:26.506 I/cdma_service_state_change(  332): [3,1]
02-14 14:09:26.516 I/dvm_gc_madvise_info(  602): [393216,151552]
02-14 14:09:26.556 I/notification_cancel(  207): [com.android.phone,111,0]
02-14 14:09:26.576 I/am_proc_bound(  207): [602,com.cooliris.media]
02-14 14:09:26.807 I/am_create_service(  207): [1085948376,com.redbend.vdmc/.Vdmc,,408]
02-14 14:09:26.817 I/am_proc_start(  207): [611,10001,zte.com.cn.alarmclock,broadcast,zte.com.cn.alarmclock/.AlarmInitReceiver]
02-14 14:09:26.887 I/dvm_gc_madvise_info(  611): [389120,151552]
02-14 14:09:26.897 I/am_proc_bound(  207): [611,zte.com.cn.alarmclock]
02-14 14:09:26.937 I/db_sample(  207): [/data/data/com.android.providers.settings/databases/settings.db,INSERT INTO system(value, name) VALUES(?, ?);,71,,15]
02-14 14:09:26.937 I/backup_data_changed(  207): com.android.providers.settings
02-14 14:09:26.977 I/backup_data_changed(  207): com.android.providers.settings
02-14 14:09:26.987 I/binder_sample(  408): [android.content.IContentProvider,3,48,com.redbend.vdmc,9]
02-14 14:09:27.017 I/backup_data_changed(  207): com.android.providers.settings
02-14 14:09:27.067 I/backup_data_changed(  207): com.android.providers.settings
02-14 14:09:27.107 I/backup_data_changed(  207): com.android.providers.settings
02-14 14:09:27.137 I/dvm_gc_info(  419): [7809652345805157856,-9038014475192571853,-3996798398537828307,8575013]
02-14 14:09:26.520 I/am_proc_start(  207): [618,10002,com.sprint.zone,broadcast,com.sprint.zone/.BootCompleteReceiver]
02-14 14:09:26.590 I/dvm_gc_madvise_info(  618): [389120,151552]
02-14 14:09:26.600 I/am_proc_bound(  207): [618,com.sprint.zone]
02-14 14:09:26.610 I/cdma_service_state_change(  332): [1,0]
02-14 14:09:26.710 I/am_create_service(  207): [1083195192,com.sprint.zone/.UpdateService,,618]
02-14 14:09:26.770 I/notification_cancel(  207): [com.android.phone,111,0]
02-14 14:09:26.790 I/notification_cancel(  207): [com.android.phone,111,0]
02-14 14:09:26.850 I/dvm_gc_info(  332): [8099846449757546091,-8925142528495167432,-4004116747932305363,7358131]
02-14 14:09:26.920 I/notification_cancel(  207): [com.android.phone,111,0]
02-14 14:09:26.990 I/binder_sample(  332): [com.android.internal.telephony.ITelephonyRegistry,14,8,com.android.phone,1]
02-14 14:09:27.110 I/notification_cancel(  207): [com.android.phone,7,0]
02-14 14:09:27.110 I/notification_cancel(  207): [com.android.phone,7,0]
02-14 14:09:27.110 I/notification_cancel(  207): [com.android.phone,7,0]
02-14 14:09:27.110 I/notification_cancel(  207): [com.android.phone,7,0]
02-14 14:09:27.110 I/notification_cancel(  207): [com.android.phone,7,0]
02-14 14:09:27.120 I/notification_cancel(  207): [com.android.phone,7,0]
02-14 14:09:27.120 I/notification_cancel(  207): [com.android.phone,7,0]
02-14 14:09:27.120 I/notification_cancel(  207): [com.android.phone,7,0]
02-14 14:09:27.120 I/notification_cancel(  207): [com.android.phone,7,0]
02-14 14:09:27.120 I/notification_cancel(  207): [com.android.phone,7,0]
02-14 14:09:27.120 I/notification_cancel(  207): [com.android.phone,7,0]
02-14 14:09:27.120 I/notification_cancel(  207): [com.android.phone,7,0]
02-14 14:09:27.120 I/notification_cancel(  207): [com.android.phone,7,0]
02-14 14:09:27.130 I/notification_cancel(  207): [com.android.phone,7,0]
02-14 14:09:27.130 I/notification_cancel(  207): [com.android.phone,7,0]
02-14 14:09:27.130 I/notification_cancel(  207): [com.android.phone,7,0]
02-14 14:09:27.130 I/notification_cancel(  207): [com.android.phone,7,0]
02-14 14:09:27.130 I/notification_cancel(  207): [com.android.phone,7,0]
02-14 14:09:27.130 I/notification_cancel(  207): [com.android.phone,7,0]
02-14 14:09:27.130 I/notification_cancel(  207): [com.android.phone,7,0]
02-14 14:09:27.140 I/notification_cancel(  207): [com.android.phone,7,0]
02-14 14:09:27.187 I/backup_data_changed(  207): com.android.providers.settings
02-14 14:09:27.260 I/notification_cancel(  207): [com.android.phone,111,0]
02-14 14:09:27.300 I/dvm_gc_info(  207): [8320808730291676995,-8918943205398189985,-3983287599655716819,8558625]
02-14 14:09:27.300 I/notification_cancel(  207): [com.android.phone,111,0]
02-14 14:09:27.410 I/connectivity_state_changed(  207): 3600
02-14 14:09:27.420 I/notification_cancel(  207): [com.android.phone,7,0]
02-14 14:09:27.430 I/notification_cancel(  207): [com.android.phone,7,0]
02-14 14:09:27.430 I/notification_cancel(  207): [com.android.phone,7,0]
02-14 14:09:27.430 I/notification_cancel(  207): [com.android.phone,7,0]
02-14 14:09:27.430 I/notification_cancel(  207): [com.android.phone,7,0]
02-14 14:09:27.430 I/notification_cancel(  207): [com.android.phone,7,0]
02-14 14:09:27.430 I/notification_cancel(  207): [com.android.phone,7,0]
02-14 14:09:27.430 I/notification_cancel(  207): [com.android.phone,7,0]
02-14 14:09:27.430 I/notification_cancel(  207): [com.android.phone,7,0]
02-14 14:09:27.440 I/binder_sample(  618): [com.android.internal.telephony.ITelephony,56,176,com.sprint.zone,35]
02-14 14:09:27.440 I/notification_cancel(  207): [com.android.phone,7,0]
02-14 14:09:27.620 I/dvm_gc_madvise_info(  567): [258048,151552]
02-14 14:09:27.670 I/dvm_gc_info(  618): [3349111792834999947,-9003111578214733777,-4006650022722701267,7358131]
02-14 14:09:27.700 I/am_proc_start(  207): [626,10005,com.android.voicedialer,broadcast,com.android.voicedialer/.VoiceDialerReceiver]
02-14 14:09:27.720 I/dvm_gc_madvise_info(  626): [389120,151552]
