02-14 14:12:53.821 I/notification_cancel(  207): [com.android.mms,999,0]
02-14 14:12:53.831 I/notification_cancel(  207): [com.android.mms,789,0]
02-14 14:12:53.841 I/notification_cancel(  207): [com.android.mms,531,0]
02-14 14:12:53.861 I/notification_cancel(  207): [com.android.mms,123,0]
02-14 14:12:55.213 I/dvm_gc_madvise_info(  650): [217088,151552]
02-14 14:12:55.413 I/binder_sample(  327): [android.view.IWindowSession,4,26,com.android.inputmethod.latin,5]
02-14 14:12:56.594 I/binder_sample(  327): [android.view.IWindowSession,4,20,com.android.inputmethod.latin,4]
02-14 14:12:57.565 I/wifi_supplicant_state_changed(  207): 2
02-14 14:12:57.855 I/dvm_gc_madvise_info(  332): [249856,151552]
02-14 14:12:58.516 I/wifi_supplicant_state_changed(  207): 1
02-14 14:12:59.337 I/notification_cancel(  207): [com.android.phone,111,0]
02-14 14:12:59.737 I/battery_level(  207): [91,4042,320]
02-14 14:13:02.470 I/dvm_gc_info(  327): [7809651225003152954,-8987630454428473293,-4001583473141909459,8538148]
02-14 14:13:03.871 I/dvm_gc_info( 1070): [7218827569569805925,-8924579784750565323,-4003272323002173395,7882511]
02-14 14:13:07.484 I/dvm_gc_madvise_info(  327): [212992,151552]
02-14 14:13:08.425 I/am_create_service(  207): [1081552064,com.locationlabs.v3client/.V3ApiService,act=com.locationlabs.v3client.action.CHANGE_PUSH_ID pkg=com.locationlabs.v3client,353]
02-14 14:13:08.485 I/am_destroy_service(  207): [1081552064,com.locationlabs.v3client/.V3ApiService,353]
02-14 14:13:08.505 I/dvm_gc_info(  353): [8517260637557036690,-8965111494051047365,-4002990848025462739,7358131]
02-14 14:13:08.886 I/dvm_gc_madvise_info( 1070): [208896,151552]
02-14 14:13:10.618 I/binder_sample(  327): [com.android.internal.view.IInputContext,8,9,com.android.inputmethod.latin,1]
02-14 14:13:12.870 I/binder_sample(  327): [android.view.IWindowSession,4,10,com.android.inputmethod.latin,2]
02-14 14:13:13.180 I/binder_sample( 1070): [com.android.internal.view.IInputContextCallback,3,7,com.android.mms,1]
02-14 14:13:13.540 I/wifi_supplicant_state_changed(  207): 2
02-14 14:13:13.560 I/dvm_gc_madvise_info(  353): [499712,151552]
02-14 14:13:14.501 I/wifi_supplicant_state_changed(  207): 1
02-14 14:13:18.765 I/force_gc(  207): Binder
02-14 14:13:18.836 I/dvm_gc_info(  207): [8320808730291881722,-8913876655817271195,-3979065475005056979,8591399]
02-14 14:13:18.836 I/binder_sample(  327): [android.view.IWindowSession,1,74,com.android.inputmethod.latin,14]
02-14 14:13:23.890 I/dvm_gc_madvise_info(  207): [3039232,151552]
02-14 14:13:24.451 I/notification_cancel(  207): [com.android.phone,111,0]
02-14 14:13:25.402 I/am_create_service(  207): [1086395488,com.android.mms/.transaction.SmsReceiverService,act=com.android.mms.transaction.SEND_MESSAGE,1070]
02-14 14:13:25.402 I/db_sample(  332): [/data/data/com.android.providers.telephony/databases/mmssms.db,  UPDATE threads  SET  date =    (SELECT date FROM        (SELEC,23,,5]
02-14 14:13:25.502 I/dvm_gc_info(  327): [7809651225003239003,-8925987365809354701,-4001583473141909459,8546338]
02-14 14:13:25.642 I/dvm_gc_info(  332): [8099846449757484652,-8978059549188487109,-4003272323002173395,7358131]
02-14 14:13:25.662 I/am_destroy_service(  207): [1086395488,com.android.mms/.transaction.SmsReceiverService,1070]
02-14 14:13:26.303 I/dvm_gc_info( 1070): [7218827569569785448,-8923453884843726795,-4003272323002173395,7882512]
02-14 14:13:27.934 I/am_create_service(  207): [1086000832,com.android.mms/.transaction.SmsReceiverService,act=com.android.mms.transaction.MESSAGE_SENT dat=content://sms/6,1070]
02-14 14:13:28.065 I/notification_cancel(  207): [com.android.mms,789,0]
02-14 14:13:28.065 I/am_destroy_service(  207): [1086000832,com.android.mms/.transaction.SmsReceiverService,1070]
02-14 14:13:28.185 I/notification_cancel(  207): [com.android.phone,111,0]
02-14 14:13:29.516 I/wifi_supplicant_state_changed(  207): 2
02-14 14:13:30.477 I/wifi_supplicant_state_changed(  207): 1
02-14 14:13:30.537 I/dvm_gc_madvise_info(  327): [172032,151552]
02-14 14:13:30.687 I/dvm_gc_madvise_info(  332): [266240,151552]
02-14 14:13:31.358 I/dvm_gc_madvise_info( 1070): [200704,151552]
02-14 14:13:34.761 I/notification_cancel(  207): [com.android.phone,111,0]
02-14 14:13:38.785 I/am_pause_activity(  207): [1081566048,com.android.mms/.ui.ComposeMessageActivity]
02-14 14:13:38.785 I/am_task_to_front(  207): 3
02-14 14:13:38.785 I/am_new_intent(  207): [1079329984,3,com.android.launcher/com.android.launcher2.Launcher,android.intent.action.MAIN,NULL,NULL,274726912]
02-14 14:13:38.805 I/am_on_paused_called( 1070): com.android.mms.ui.ComposeMessageActivity
02-14 14:13:38.835 I/am_resume_activity(  207): [1080289872,3,com.android.launcher/com.android.launcher2.Launcher]
02-14 14:13:38.845 I/am_on_resume_called(  419): com.android.launcher2.Launcher
02-14 14:13:38.875 I/notification_cancel(  207): [com.android.mms,999,0]
02-14 14:13:38.915 I/notification_cancel(  207): [com.android.mms,789,0]
02-14 14:13:38.945 I/binder_sample(  419): [com.android.internal.view.IInputMethodManager,5,12,com.android.launcher,2]
02-14 14:13:38.975 I/notification_cancel(  207): [com.android.mms,123,0]
02-14 14:13:38.985 I/notification_cancel(  207): [com.android.mms,531,0]
02-14 14:13:39.446 I/menu_opened(  419): 0
02-14 14:13:39.836 I/notification_cancel(  207): [com.android.phone,111,0]
02-14 14:13:40.176 I/menu_item_selected(  419): [0,Settings]
02-14 14:13:40.176 I/am_pause_activity(  207): [1080289872,com.android.launcher/com.android.launcher2.Launcher]
02-14 14:13:40.176 I/am_task_to_front(  207): 10
02-14 14:13:40.176 I/am_finish_activity(  207): [1082108240,10,com.android.settings/.DisplaySettings,reset]
02-14 14:13:40.176 I/am_destroy_activity(  207): [1082108240,10,com.android.settings/.DisplaySettings]
02-14 14:13:40.186 I/am_on_paused_called(  419): com.android.launcher2.Launcher
02-14 14:13:40.206 I/am_resume_activity(  207): [1083614056,10,com.android.settings/.Settings]
02-14 14:13:40.206 I/am_on_resume_called(  650): com.android.settings.Settings
02-14 14:13:41.027 I/am_create_activity(  207): [1082003232,10,com.android.settings/.DisplaySettings,android.intent.action.MAIN,NULL,NULL,0]
02-14 14:13:41.027 I/am_pause_activity(  207): [1083614056,com.android.settings/.Settings]
02-14 14:13:41.027 I/am_on_paused_called(  650): com.android.settings.Settings
02-14 14:13:41.027 I/am_restart_activity(  207): [1082003232,10,com.android.settings/.DisplaySettings]
02-14 14:13:41.047 I/am_on_resume_called(  650): com.android.settings.DisplaySettings
02-14 14:13:41.297 I/activity_launch_time(  207): [1082003232,com.android.settings/.DisplaySettings,266,266]
02-14 14:13:43.730 I/battery_level(  207): [90,4036,310]
02-14 14:13:44.971 I/dvm_gc_info(  650): [8315180330336249412,-8996918784961820617,-4000457573235066835,7915388]
02-14 14:13:45.502 I/wifi_supplicant_state_changed(  207): 2
02-14 14:13:45.672 I/backup_data_changed(  207): com.android.providers.settings
02-14 14:13:46.463 I/wifi_supplicant_state_changed(  207): 1
02-14 14:13:49.996 I/dvm_gc_madvise_info(  650): [221184,151552]
02-14 14:13:53.640 I/am_finish_activity(  207): [1082003232,10,com.android.settings/.DisplaySettings,app-request]
02-14 14:13:53.640 I/am_pause_activity(  207): [1082003232,com.android.settings/.DisplaySettings]
02-14 14:13:53.640 I/am_on_paused_called(  650): com.android.settings.DisplaySettings
02-14 14:13:53.650 I/am_resume_activity(  207): [1083614056,10,com.android.settings/.Settings]
02-14 14:13:53.650 I/am_on_resume_called(  650): com.android.settings.Settings
02-14 14:13:53.690 I/am_destroy_activity(  207): [1082003232,10,com.android.settings/.DisplaySettings]
02-14 14:13:56.332 I/am_pause_activity(  207): [1083614056,com.android.settings/.Settings]
02-14 14:13:56.332 I/am_task_to_front(  207): 3
02-14 14:13:56.332 I/am_new_intent(  207): [1080604928,3,com.android.launcher/com.android.launcher2.Launcher,android.intent.action.MAIN,NULL,NULL,274726912]
02-14 14:13:56.342 I/am_on_paused_called(  650): com.android.settings.Settings
02-14 14:13:56.342 I/am_resume_activity(  207): [1080289872,3,com.android.launcher/com.android.launcher2.Launcher]
02-14 14:13:56.372 I/am_on_resume_called(  419): com.android.launcher2.Launcher
02-14 14:13:57.473 I/am_pause_activity(  207): [1080289872,com.android.launcher/com.android.launcher2.Launcher]
02-14 14:13:57.473 I/am_task_to_front(  207): 12
02-14 14:13:57.483 I/am_on_paused_called(  419): com.android.launcher2.Launcher
02-14 14:13:57.483 I/am_resume_activity(  207): [1081566048,12,com.android.mms/.ui.ComposeMessageActivity]
02-14 14:13:57.513 I/am_on_resume_called( 1070): com.android.mms.ui.ComposeMessageActivity
02-14 14:13:57.673 I/notification_cancel(  207): [com.android.mms,999,0]
02-14 14:13:57.703 I/notification_cancel(  207): [com.android.mms,789,0]
02-14 14:13:57.734 I/notification_cancel(  207): [com.android.mms,531,0]
02-14 14:13:57.744 I/notification_cancel(  207): [com.android.mms,123,0]
02-14 14:13:57.784 I/dvm_gc_info(  332): [8099846449757451881,-8975807749374805957,-4003272323002173395,7358131]
02-14 14:13:58.104 I/am_finish_activity(  207): [1081566048,12,com.android.mms/.ui.ComposeMessageActivity,app-request]
02-14 14:13:58.104 I/am_pause_activity(  207): [1081566048,com.android.mms/.ui.ComposeMessageActivity]
02-14 14:13:58.114 I/am_on_paused_called( 1070): com.android.mms.ui.ComposeMessageActivity
02-14 14:13:58.114 I/am_resume_activity(  207): [1080289872,3,com.android.launcher/com.android.launcher2.Launcher]
02-14 14:13:58.134 I/am_on_resume_called(  419): com.android.launcher2.Launcher
02-14 14:13:58.504 I/am_destroy_activity(  207): [1081566048,12,com.android.mms/.ui.ComposeMessageActivity]
02-14 14:13:59.645 I/am_create_task(  207): 13
02-14 14:13:59.645 I/am_create_activity(  207): [1082725656,13,com.android.mms/.ui.ConversationList,android.intent.action.MAIN,NULL,NULL,270532608]
02-14 14:13:59.645 I/am_pause_activity(  207): [1080289872,com.android.launcher/com.android.launcher2.Launcher]
02-14 14:13:59.665 I/am_on_paused_called(  419): com.android.launcher2.Launcher
02-14 14:13:59.665 I/am_restart_activity(  207): [1082725656,13,com.android.mms/.ui.ConversationList]
02-14 14:13:59.735 I/notification_cancel(  207): [com.android.mms,239,0]
02-14 14:13:59.745 I/am_on_resume_called( 1070): com.android.mms.ui.ConversationList
02-14 14:13:59.806 I/notification_cancel(  207): [com.android.mms,789,0]
02-14 14:13:59.826 I/notification_cancel(  207): [com.android.mms,531,0]
02-14 14:13:59.826 I/notification_cancel(  207): [com.android.mms,999,0]
02-14 14:13:59.846 I/notification_cancel(  207): [com.android.mms,123,0]
02-14 14:13:59.966 I/dvm_gc_info( 1070): [7218827569569789533,-8951601382481217482,-4002990848025462739,7882513]
02-14 14:13:59.986 I/activity_launch_time(  207): [1082725656,com.android.mms/.ui.ConversationList,318,318]
02-14 14:14:01.257 I/menu_opened( 1070): 0
02-14 14:14:01.477 I/wifi_supplicant_state_changed(  207): 2
02-14 14:14:02.248 I/menu_item_selected( 1070): [0,Settings]
02-14 14:14:02.248 I/am_create_activity(  207): [1082676848,13,com.android.mms/.ui.MessagingPreferenceActivity,NULL,NULL,NULL,0]
02-14 14:14:02.248 I/am_pause_activity(  207): [1082725656,com.android.mms/.ui.ConversationList]
02-14 14:14:02.258 I/am_on_paused_called( 1070): com.android.mms.ui.ConversationList
02-14 14:14:02.258 I/am_restart_activity(  207): [1082676848,13,com.android.mms/.ui.MessagingPreferenceActivity]
02-14 14:14:02.318 I/am_on_resume_called( 1070): com.android.mms.ui.MessagingPreferenceActivity
02-14 14:14:02.428 I/wifi_supplicant_state_changed(  207): 1
02-14 14:14:02.608 I/activity_launch_time(  207): [1082676848,com.android.mms/.ui.MessagingPreferenceActivity,348,348]
02-14 14:14:02.838 I/dvm_gc_madvise_info(  332): [266240,151552]
02-14 14:14:05.031 I/dvm_gc_madvise_info( 1070): [200704,151552]
02-14 14:14:07.603 I/force_gc(  353): bg
02-14 14:14:07.633 I/dvm_gc_info(  353): [8517260637557101759,-9069538710410708933,-4003272323002173395,7358131]
02-14 14:14:07.793 I/dvm_gc_info( 1070): [7218827569569850938,-8995230003871352776,-4002990848025462739,7882626]
02-14 14:14:08.964 I/dvm_gc_info(  327): [7809651225003374045,-9033792281889552333,-4001583473141909459,8550434]
02-14 14:14:11.477 I/free_storage_changed(  207): 2775060480
02-14 14:14:12.688 I/dvm_gc_madvise_info(  353): [528384,151552]
02-14 14:14:12.858 I/dvm_gc_madvise_info( 1070): [200704,151552]
02-14 14:14:13.229 I/binder_sample(  419): [android.content.IContentProvider,21,16,com.android.launcher,3]
02-14 14:14:14.009 I/dvm_gc_madvise_info(  327): [249856,151552]
02-14 14:14:15.801 I/dvm_gc_info( 1070): [7218827569569785413,-8987630041926973383,-3997924298444670931,8161202]
02-14 14:14:17.313 I/force_gc(  393): bg
02-14 14:14:17.383 I/dvm_gc_info(  393): [7017575181485119085,-8935556414985627584,-3981880224772163539,8669247]
02-14 14:14:17.443 I/wifi_supplicant_state_changed(  207): 2
02-14 14:14:18.414 I/wifi_supplicant_state_changed(  207): 1
02-14 14:14:20.826 I/dvm_gc_madvise_info( 1070): [208896,151552]
02-14 14:14:22.428 I/dvm_gc_madvise_info(  393): [376832,151552]
02-14 14:14:24.079 I/force_gc(  419): bg
02-14 14:14:24.139 I/dvm_gc_info(  419): [7809652345805215329,-8925705684456056778,-3991731848957036499,8624175]
02-14 14:14:29.174 I/dvm_gc_madvise_info(  419): [233472,151552]
02-14 14:14:29.735 I/battery_level(  207): [89,4033,310]
02-14 14:14:32.567 I/db_sample(  207): [/data/data/com.android.providers.settings/databases/settings.db,INSERT INTO system(value, name) VALUES(?, ?);,46,,10]
02-14 14:14:33.438 I/wifi_supplicant_state_changed(  207): 2
02-14 14:14:34.399 I/wifi_supplicant_state_changed(  207): 1
02-14 14:14:36.281 I/am_create_activity(  207): [1085349112,13,android/com.android.internal.app.RingtonePickerActivity,android.intent.action.RINGTONE_PICKER,NULL,NULL,8388608]
02-14 14:14:36.281 I/am_pause_activity(  207): [1082676848,com.android.mms/.ui.MessagingPreferenceActivity]
02-14 14:14:36.281 I/am_on_paused_called( 1070): com.android.mms.ui.MessagingPreferenceActivity
02-14 14:14:36.281 I/am_restart_activity(  207): [1085349112,13,android/com.android.internal.app.RingtonePickerActivity]
02-14 14:14:36.391 I/db_sample(  486): [/data/data/com.android.providers.drm/databases/drm.db,COMMIT;PRAGMA user_version = 1,33,,7]
02-14 14:14:36.491 I/dvm_gc_info( 1070): [7218827569570002500,-8999451990948816838,-3997924298444670931,8161206]
02-14 14:14:36.531 I/am_on_resume_called( 1070): com.android.internal.app.RingtonePickerActivity
02-14 14:14:36.772 I/activity_launch_time(  207): [1085349112,android/com.android.internal.app.RingtonePickerActivity,490,490]
02-14 14:14:37.552 I/dvm_gc_info( 1070): [7218827569569863220,-9013525739784333253,-3997924298444670931,8525857]
02-14 14:14:42.027 I/am_finish_activity(  207): [1085349112,13,android/com.android.internal.app.RingtonePickerActivity,app-request]
02-14 14:14:42.027 I/am_pause_activity(  207): [1085349112,android/com.android.internal.app.RingtonePickerActivity]
02-14 14:14:42.057 I/am_on_paused_called( 1070): com.android.internal.app.RingtonePickerActivity
02-14 14:14:42.067 I/am_resume_activity(  207): [1082676848,13,com.android.mms/.ui.MessagingPreferenceActivity]
02-14 14:14:42.097 I/am_on_resume_called( 1070): com.android.mms.ui.MessagingPreferenceActivity
02-14 14:14:42.107 I/am_destroy_activity(  207): [1085349112,13,android/com.android.internal.app.RingtonePickerActivity]
02-14 14:14:42.607 I/dvm_gc_madvise_info( 1070): [155648,151552]
02-14 14:14:43.738 I/battery_level(  207): [89,4037,300]
02-14 14:14:45.390 I/am_create_activity(  207): [1083319624,13,android/com.android.internal.app.RingtonePickerActivity,android.intent.action.RINGTONE_PICKER,NULL,NULL,8388608]
02-14 14:14:45.390 I/am_pause_activity(  207): [1082676848,com.android.mms/.ui.MessagingPreferenceActivity]
02-14 14:14:45.410 I/am_on_paused_called( 1070): com.android.mms.ui.MessagingPreferenceActivity
02-14 14:14:45.420 I/am_restart_activity(  207): [1083319624,13,android/com.android.internal.app.RingtonePickerActivity]
02-14 14:14:45.470 I/am_on_resume_called( 1070): com.android.internal.app.RingtonePickerActivity
02-14 14:14:45.710 I/activity_launch_time(  207): [1083319624,android/com.android.internal.app.RingtonePickerActivity,298,298]
02-14 14:14:46.321 I/am_finish_activity(  207): [1083319624,13,android/com.android.internal.app.RingtonePickerActivity,app-request]
02-14 14:14:46.321 I/am_pause_activity(  207): [1083319624,android/com.android.internal.app.RingtonePickerActivity]
02-14 14:14:46.321 I/am_on_paused_called( 1070): com.android.internal.app.RingtonePickerActivity
02-14 14:14:46.331 I/am_resume_activity(  207): [1082676848,13,com.android.mms/.ui.MessagingPreferenceActivity]
02-14 14:14:46.341 I/am_on_resume_called( 1070): com.android.mms.ui.MessagingPreferenceActivity
02-14 14:14:48.163 I/binder_sample(  332): [com.android.internal.telephony.ITelephonyRegistry,8,15,com.android.phone,3]
02-14 14:14:49.414 I/wifi_supplicant_state_changed(  207): 2
02-14 14:14:49.554 I/am_destroy_activity(  207): [1083319624,13,android/com.android.internal.app.RingtonePickerActivity]
02-14 14:14:50.365 I/wifi_supplicant_state_changed(  207): 1
02-14 14:14:54.919 I/am_finish_activity(  207): [1082676848,13,com.android.mms/.ui.MessagingPreferenceActivity,app-request]
02-14 14:14:54.919 I/am_pause_activity(  207): [1082676848,com.android.mms/.ui.MessagingPreferenceActivity]
02-14 14:14:54.919 I/am_on_paused_called( 1070): com.android.mms.ui.MessagingPreferenceActivity
02-14 14:14:54.919 I/am_resume_activity(  207): [1082725656,13,com.android.mms/.ui.ConversationList]
02-14 14:14:54.929 I/notification_cancel(  207): [com.android.mms,239,0]
02-14 14:14:54.929 I/am_on_resume_called( 1070): com.android.mms.ui.ConversationList
02-14 14:14:55.029 I/notification_cancel(  207): [com.android.mms,789,0]
02-14 14:14:55.029 I/force_gc(  207): Binder
02-14 14:14:55.119 I/dvm_gc_info( 1070): [7218827569569797778,-8924297622327322563,-3995672498630985683,8525787]
02-14 14:14:55.160 I/dvm_gc_info(  207): [8320808730292098897,-8904025031632394138,-3978784000028346323,8591399]
02-14 14:14:55.180 I/notification_cancel(  207): [com.android.mms,123,0]
02-14 14:14:55.190 I/content_query_sample( 1070): [content://mms/inbox,,m_type=130 AND st=135,,155,,32]
02-14 14:14:55.190 I/notification_cancel(  207): [com.android.mms,531,0]
02-14 14:14:55.190 I/notification_cancel(  207): [com.android.mms,999,0]
02-14 14:14:55.220 I/am_destroy_activity(  207): [1082676848,13,com.android.mms/.ui.MessagingPreferenceActivity]
02-14 14:14:57.972 I/am_pause_activity(  207): [1082725656,com.android.mms/.ui.ConversationList]
02-14 14:14:57.972 I/am_task_to_front(  207): 3
02-14 14:14:57.972 I/am_new_intent(  207): [1079427128,3,com.android.launcher/com.android.launcher2.Launcher,android.intent.action.MAIN,NULL,NULL,274726912]
02-14 14:14:57.982 I/am_on_paused_called( 1070): com.android.mms.ui.ConversationList
02-14 14:14:57.992 I/am_resume_activity(  207): [1080289872,3,com.android.launcher/com.android.launcher2.Launcher]
02-14 14:14:58.042 I/am_on_resume_called(  419): com.android.launcher2.Launcher
02-14 14:15:00.174 I/dvm_gc_madvise_info(  207): [2789376,151552]
02-14 14:15:00.184 I/dvm_gc_madvise_info( 1070): [311296,151552]
02-14 14:15:02.637 I/am_proc_start(  207): [1260,10060,com.sprint.widget.tutorial,broadcast,com.sprint.widget.tutorial/.TutorialWidgetProvider3]
02-14 14:15:02.687 I/dvm_gc_madvise_info( 1260): [393216,151552]
02-14 14:15:02.707 I/am_proc_bound(  207): [1260,com.sprint.widget.tutorial]
02-14 14:15:02.727 I/am_kill (  207): [850,com.svox.pico,14,too many background]
02-14 14:15:02.747 I/am_proc_died(  207): [850,com.svox.pico]
02-14 14:15:02.747 I/content_update_sample(  419): [content://com.android.launcher2.settings/favorites/8?notify=false,delete,,112,,23]
02-14 14:15:03.147 I/dvm_gc_info(  419): [7809652345805116980,-9007614902678861770,-3991731848957036499,8624184]
02-14 14:15:05.390 I/wifi_supplicant_state_changed(  207): 2
02-14 14:15:06.370 I/wifi_supplicant_state_changed(  207): 1
02-14 14:15:08.162 I/dvm_gc_madvise_info(  419): [245760,151552]
02-14 14:15:08.993 I/binder_sample(  419): [android.view.IWindowSession,11,5,com.android.launcher,1]
02-14 14:15:13.507 I/dvm_gc_info(  419): [7809652345805076016,-9008740802585704393,-3991731848957036499,8661055]
02-14 14:15:13.728 I/battery_level(  207): [88,4045,300]
02-14 14:15:18.122 I/menu_opened(  419): 0
02-14 14:15:18.542 I/dvm_gc_madvise_info(  419): [245760,151552]
02-14 14:15:21.375 I/wifi_supplicant_state_changed(  207): 2
02-14 14:15:22.346 I/wifi_supplicant_state_changed(  207): 1
02-14 14:15:26.710 I/menu_opened(  419): 0
02-14 14:15:27.461 I/menu_item_selected(  419): [0,Settings]
02-14 14:15:27.481 I/am_pause_activity(  207): [1080289872,com.android.launcher/com.android.launcher2.Launcher]
02-14 14:15:27.481 I/am_task_to_front(  207): 10
02-14 14:15:27.491 I/am_on_paused_called(  419): com.android.launcher2.Launcher
02-14 14:15:27.491 I/am_resume_activity(  207): [1083614056,10,com.android.settings/.Settings]
02-14 14:15:27.501 I/am_on_resume_called(  650): com.android.settings.Settings
02-14 14:15:28.402 I/dvm_gc_info(  650): [8315180330336233116,-8922327572485760967,-3998768723374802899,8140701]
02-14 14:15:31.515 I/am_create_activity(  207): [1081760800,10,com.android.providers.subscribedfeeds/com.android.settings.ManageAccountsSettings,NULL,NULL,NULL,0]
02-14 14:15:31.515 I/am_pause_activity(  207): [1083614056,com.android.settings/.Settings]
02-14 14:15:31.515 I/am_on_paused_called(  650): com.android.settings.Settings
02-14 14:15:31.515 I/am_restart_activity(  207): [1081760800,10,com.android.providers.subscribedfeeds/com.android.settings.ManageAccountsSettings]
02-14 14:15:31.565 I/am_on_resume_called(  207): com.android.settings.ManageAccountsSettings
02-14 14:15:31.815 I/activity_launch_time(  207): [1081760800,com.android.providers.subscribedfeeds/com.android.settings.ManageAccountsSettings,305,305]
02-14 14:15:33.447 I/dvm_gc_madvise_info(  650): [241664,151552]
02-14 14:15:37.361 I/wifi_supplicant_state_changed(  207): 2
02-14 14:15:37.981 I/am_create_activity(  207): [1085783152,10,com.android.providers.subscribedfeeds/com.android.settings.AddAccountSettings,android.settings.ADD_ACCOUNT_SETTINGS,NULL,NULL,0]
02-14 14:15:37.981 I/am_pause_activity(  207): [1081760800,com.android.providers.subscribedfeeds/com.android.settings.ManageAccountsSettings]
02-14 14:15:37.981 I/am_on_paused_called(  207): com.android.settings.ManageAccountsSettings
02-14 14:15:37.991 I/am_restart_activity(  207): [1085783152,10,com.android.providers.subscribedfeeds/com.android.settings.AddAccountSettings]
02-14 14:15:38.021 I/am_on_resume_called(  207): com.android.settings.AddAccountSettings
02-14 14:15:38.252 I/activity_launch_time(  207): [1085783152,com.android.providers.subscribedfeeds/com.android.settings.AddAccountSettings,261,261]
02-14 14:15:38.322 I/wifi_supplicant_state_changed(  207): 1
02-14 14:15:39.863 I/am_create_service(  207): [1082961856,com.google.android.gsf/.loginservice.GoogleLoginService,act=android.accounts.AccountAuthenticator,387]
02-14 14:15:39.943 I/am_create_activity(  207): [1081513840,10,com.google.android.gsf/.loginservice.LoginActivity,NULL,NULL,NULL,8388608]
02-14 14:15:39.943 I/am_pause_activity(  207): [1085783152,com.android.providers.subscribedfeeds/com.android.settings.AddAccountSettings]
02-14 14:15:39.943 I/am_on_paused_called(  207): com.android.settings.AddAccountSettings
02-14 14:15:39.943 I/am_restart_activity(  207): [1081513840,10,com.google.android.gsf/.loginservice.LoginActivity]
02-14 14:15:39.963 I/am_create_activity(  207): [1085404632,10,com.google.android.gsf/.loginservice.RunSetupWizardActivity,NULL,NULL,NULL,8388608]
02-14 14:15:39.963 I/am_pause_activity(  207): [1081513840,com.google.android.gsf/.loginservice.LoginActivity]
02-14 14:15:39.963 I/am_on_resume_called(  387): com.google.android.gsf.loginservice.LoginActivity
02-14 14:15:39.973 I/am_on_paused_called(  387): com.google.android.gsf.loginservice.LoginActivity
02-14 14:15:39.973 I/am_restart_activity(  207): [1085404632,10,com.google.android.gsf/.loginservice.RunSetupWizardActivity]
02-14 14:15:39.993 I/am_on_resume_called(  387): com.google.android.gsf.loginservice.RunSetupWizardActivity
02-14 14:15:40.013 I/am_create_activity(  207): [1083522536,10,com.google.android.gsf/.login.AccountIntroActivity,NULL,NULL,NULL,524288]
02-14 14:15:40.013 I/am_pause_activity(  207): [1085404632,com.google.android.gsf/.loginservice.RunSetupWizardActivity]
02-14 14:15:40.013 I/am_on_paused_called(  387): com.google.android.gsf.loginservice.RunSetupWizardActivity
02-14 14:15:40.013 I/am_restart_activity(  207): [1083522536,10,com.google.android.gsf/.login.AccountIntroActivity]
02-14 14:15:40.203 I/dvm_gc_info(  387): [7449358886915647083,-8958638119460014025,-4003272323002173395,7358194]
02-14 14:15:40.304 I/am_on_resume_called(  387): com.google.android.gsf.login.AccountIntroActivity
02-14 14:15:40.394 I/activity_launch_time(  207): [1081513840,com.google.android.gsf/.loginservice.LoginActivity,451,451]
02-14 14:15:40.564 I/activity_launch_time(  207): [1083522536,com.google.android.gsf/.login.AccountIntroActivity,547,547]
02-14 14:15:41.585 I/am_create_activity(  207): [1081747280,10,com.google.android.gsf/.login.ChooseAccountActivity,NULL,NULL,NULL,0]
02-14 14:15:41.585 I/am_pause_activity(  207): [1083522536,com.google.android.gsf/.login.AccountIntroActivity]
02-14 14:15:41.595 I/am_on_paused_called(  387): com.google.android.gsf.login.AccountIntroActivity
02-14 14:15:41.605 I/am_restart_activity(  207): [1081747280,10,com.google.android.gsf/.login.ChooseAccountActivity]
02-14 14:15:41.655 I/am_on_resume_called(  387): com.google.android.gsf.login.ChooseAccountActivity
02-14 14:15:41.885 I/activity_launch_time(  207): [1081747280,com.google.android.gsf/.login.ChooseAccountActivity,281,281]
02-14 14:15:43.737 I/battery_level(  207): [88,4053,310]
02-14 14:15:44.327 I/am_create_activity(  207): [1086099336,10,com.google.android.gsf/.login.LoginActivity,NULL,NULL,NULL,0]
02-14 14:15:44.327 I/am_pause_activity(  207): [1081747280,com.google.android.gsf/.login.ChooseAccountActivity]
02-14 14:15:44.338 I/am_on_paused_called(  387): com.google.android.gsf.login.ChooseAccountActivity
02-14 14:15:44.338 I/am_restart_activity(  207): [1086099336,10,com.google.android.gsf/.login.LoginActivity]
02-14 14:15:44.388 I/am_on_resume_called(  387): com.google.android.gsf.login.LoginActivity
02-14 14:15:44.658 I/activity_launch_time(  207): [1086099336,com.google.android.gsf/.login.LoginActivity,318,318]
02-14 14:15:44.928 I/am_create_service(  207): [1083905592,com.android.mms/.transaction.SmsReceiverService,act=android.provider.Telephony.SMS_RECEIVED,1070]
02-14 14:15:45.008 I/notification_cancel(  207): [com.android.mms,999,0]
02-14 14:15:45.038 I/notification_cancel(  207): [com.android.mms,123,0]
02-14 14:15:45.038 I/notification_enqueue(  207): [com.android.mms,123,Notification(vibrate=default,sound=content://media/internal/audio/media/11,defaults=0x6,flags=0x1)]
02-14 14:15:45.118 I/am_destroy_service(  207): [1083905592,com.android.mms/.transaction.SmsReceiverService,1070]
02-14 14:15:45.238 I/dvm_gc_madvise_info(  387): [274432,151552]
02-14 14:15:47.080 I/dvm_gc_info(  207): [8320808730291738423,-8910780431073413016,-3976532200214661075,8591404]
02-14 14:15:50.804 I/backup_data_changed(  207): com.android.providers.settings
02-14 14:15:50.814 I/backup_data_changed(  207): com.android.providers.settings
02-14 14:15:50.844 I/backup_data_changed(  207): com.android.providers.settings
02-14 14:15:50.874 I/db_sample(  207): [/data/data/com.android.providers.settings/databases/settings.db,INSERT INTO system(value, name) VALUES(?, ?);,33,,7]
02-14 14:15:50.904 I/backup_data_changed(  207): com.android.providers.settings
02-14 14:15:50.924 I/backup_data_changed(  207): com.android.providers.settings
02-14 14:15:52.135 I/dvm_gc_madvise_info(  207): [2756608,151552]
02-14 14:15:53.336 I/wifi_supplicant_state_changed(  207): 2
02-14 14:15:54.307 I/wifi_supplicant_state_changed(  207): 1
02-14 14:15:58.772 I/dvm_gc_info(  327): [7809651225003144744,-9021407382914271181,-4001583473141909459,8554536]
02-14 14:15:59.883 I/binder_sample(  327): [android.view.IWindowSession,8,6,com.android.inputmethod.latin,1]
02-14 14:16:00.824 I/binder_sample(  327): [android.view.IWindowSession,4,8,com.android.inputmethod.latin,1]
02-14 14:16:03.807 I/dvm_gc_madvise_info(  327): [253952,151552]
02-14 14:16:05.038 I/force_gc(  486): bg
02-14 14:16:05.078 I/dvm_gc_info(  486): [7882817126543783789,-9044487025066051533,-4004961172862437331,7571164]
02-14 14:16:05.188 I/dvm_gc_info(  327): [7809651225003148853,-9004237409334933453,-4001583473141909459,8558629]
