02-14 14:10:30.882 I/dvm_gc_madvise_info(  353): [323584,151552]
02-14 14:10:31.102 I/menu_opened(  419): 0
02-14 14:10:31.182 I/db_sample(  486): [/data/data/com.android.providers.media/databases/external-e82ff9f2.db,UPDATE images SET mini_thumb_magic=? WHERE _id = 43,2919,,100]
02-14 14:10:31.212 I/content_update_sample(  486): [content://media/external/images/media/43,update,,2951,,100]
02-14 14:10:31.232 I/db_sample(  618): [/data/data/com.sprint.zone/databases/zone.db,UPDATE features_tbl SET icon=? WHERE id=27,2374,,100]
02-14 14:10:31.252 I/content_update_sample(  618): [content://com.sprint.zone.provider.ZoneProvider/features_tbl,update,id=27,2395,,100]
02-14 14:10:31.532 I/dvm_gc_info(  486): [7882817126544705056,-9066723548142323648,-3995953973607696339,7857859]
02-14 14:10:31.803 I/content_query_sample(  486): [content://media/external/images/thumbnails,_id,image_id = 44,,249,,50]
02-14 14:10:31.853 I/dvm_gc_info(  788): [7887337218879120966,-9010992465077827526,-4003553797978884051,7358132]
02-14 14:10:31.923 I/menu_item_selected(  419): [0,Settings]
02-14 14:10:31.923 I/am_create_task(  207): 10
02-14 14:10:31.923 I/am_create_activity(  207): [1083614056,10,com.android.settings/.Settings,android.settings.SETTINGS,NULL,NULL,270532608]
02-14 14:10:31.933 I/am_pause_activity(  207): [1080289872,com.android.launcher/com.android.launcher2.Launcher]
02-14 14:10:31.963 I/am_on_paused_called(  419): com.android.launcher2.Launcher
02-14 14:10:31.963 I/am_restart_activity(  207): [1083614056,10,com.android.settings/.Settings]
02-14 14:10:32.043 I/binder_sample(  419): [android.app.IActivityManager,19,73,com.android.launcher,14]
02-14 14:10:32.063 I/am_on_resume_called(  650): com.android.settings.Settings
02-14 14:10:32.283 I/activity_launch_time(  207): [1083614056,com.android.settings/.Settings,323,323]
02-14 14:10:32.313 I/db_sample(  486): [/data/data/com.android.providers.media/databases/external-e82ff9f2.db,UPDATE images SET mini_thumb_magic=? WHERE _id = 44,374,,75]
02-14 14:10:32.323 I/content_update_sample(  486): [content://media/external/images/media/44,update,,383,,77]
02-14 14:10:32.363 I/dvm_gc_info(  486): [7882817126543804149,-9067286498095744973,-3995953973607696339,7857859]
02-14 14:10:32.443 I/dvm_gc_madvise_info(  207): [3141632,151552]
02-14 14:10:32.493 I/am_proc_start(  207): [1070,10030,com.android.mms,broadcast,com.android.mms/.transaction.PrivilegedSmsReceiver]
02-14 14:10:32.513 I/dvm_gc_madvise_info( 1070): [393216,151552]
02-14 14:10:32.523 I/am_proc_bound(  207): [1070,com.android.mms]
02-14 14:10:32.633 I/am_create_service(  207): [1080720992,com.android.mms/.transaction.SmsReceiverService,act=android.provider.Telephony.SMS_RECEIVED,1070]
02-14 14:10:32.703 I/db_sample(  788): [/data/data/com.google.android.music/databases/music.db,INSERT INTO RECENT(ItemDate, RecentAlbumId) VALUES(?, ?);,0,,1]
02-14 14:10:32.824 I/db_sample(  332): [/data/data/com.android.providers.telephony/databases/mmssms.db,INSERT INTO threads(recipient_bcc_ids, message_count, date, reci,8,,2]
02-14 14:10:32.844 I/am_create_service(  207): [1081557880,com.google.android.gsf/.loginservice.GoogleLoginService,act=android.accounts.AccountAuthenticator,387]
02-14 14:10:32.864 I/am_destroy_service(  207): [1081557880,com.google.android.gsf/.loginservice.GoogleLoginService,387]
02-14 14:10:32.874 I/content_update_sample(  486): [content://media/external/images/thumbnails,insert,,491,,99]
02-14 14:10:32.934 I/content_query_sample(  332): [content://contacts/phones/filter/9137446943,person,,,99,,20]
02-14 14:10:32.934 I/dvm_gc_info(  650): [8315180330336253505,-9013526289775159246,-4006087072769279955,7358211]
02-14 14:10:33.084 I/content_query_sample( 1070): [content://sms/conversations/1,_id/thread_id/address/body/date/read/type/status, (locked=0 AND type!=3) ,date DESC,20,,5]
02-14 14:10:33.174 I/notification_cancel(  207): [com.android.mms,999,0]
02-14 14:10:33.334 I/dvm_gc_info(  486): [7882817126543906293,-9068693872979302349,-3995953973607696339,7857859]
02-14 14:10:33.354 I/notification_cancel(  207): [com.android.mms,123,0]
02-14 14:10:33.374 I/notification_enqueue(  207): [com.android.mms,123,Notification(vibrate=null,sound=content://settings/system/notification_sound,defaults=0x4,flags=0x1)]
02-14 14:10:33.574 I/dvm_gc_info(  650): [8315180330336183863,-9003393053107476428,-4002427898072041427,7915326]
02-14 14:10:33.634 I/wifi_supplicant_state_changed(  207): 2
02-14 14:10:33.684 I/db_sample(  486): [/data/data/com.android.providers.media/databases/external-e82ff9f2.db,SELECT _id FROM audio WHERE (_id IN (SELECT audio_id FROM audio_,16,,4]
02-14 14:10:33.744 I/content_query_sample(  788): [content://media/external/audio/genres/1/members,_id,_id IN (1,2,3,4,5,6,8,9,10,11,12,13,14,15,17,16,19,18,21,20,23,22,25,27,26,29,28,31,30,34,35,32,33,38,36,37) ,,510,,100]
02-14 14:10:33.845 I/content_update_sample( 1070): [content://sms/inbox,insert,,130,,27]
02-14 14:10:33.905 I/dvm_gc_madvise_info(  618): [368640,151552]
02-14 14:10:33.995 I/content_query_sample( 1070): [content://sms,thread_id/date/address/subject/body/dest_port,(type = 1 AND read=0 AND (address LIKE '%Alert%') AND seen = 0),date desc,25,,6]
02-14 14:10:33.995 I/notification_cancel(  207): [com.android.mms,999,0]
02-14 14:10:34.065 I/db_sample(  788): [/data/data/com.google.android.music/databases/music.db,COMMIT;UPDATE MUSIC SET Genre=?, CanonicalGenre=?, GenreId=? WHE,153,,31]
02-14 14:10:34.095 I/notification_cancel(  207): [com.android.mms,123,0]
02-14 14:10:34.125 I/notification_enqueue(  207): [com.android.mms,123,Notification(vibrate=null,sound=content://settings/system/notification_sound,defaults=0x4,flags=0x1)]
02-14 14:10:34.255 I/am_destroy_service(  207): [1080720992,com.android.mms/.transaction.SmsReceiverService,1070]
02-14 14:10:34.275 I/db_sample(  486): [/data/data/com.android.providers.media/databases/external-e82ff9f2.db,UPDATE images SET mini_thumb_magic=? WHERE _id = 46,45,,10]
02-14 14:10:34.345 I/dvm_gc_info(  486): [7882817126543922725,-9067005023119030221,-3995953973607696339,7857859]
02-14 14:10:34.545 I/am_create_service(  207): [1081322216,com.android.mms/.transaction.SmsReceiverService,act=android.provider.Telephony.SMS_RECEIVED,1070]
02-14 14:10:34.595 I/wifi_supplicant_state_changed(  207): 1
02-14 14:10:34.725 I/db_sample(  788): [/data/data/com.google.android.music/databases/music.db,COMMIT;UPDATE MUSIC SET Genre=?, CanonicalGenre=?, GenreId=? WHE,336,,68]
02-14 14:10:34.926 I/notification_cancel(  207): [com.android.mms,999,0]
02-14 14:10:34.986 I/dvm_gc_madvise_info(  419): [262144,151552]
02-14 14:10:35.026 I/force_gc(  207): Binder
02-14 14:10:35.096 I/dvm_gc_info(  207): [8320808730291885692,-8922602380095346588,-3979628424958478291,8591399]
02-14 14:10:35.236 I/notification_cancel(  207): [com.android.mms,123,0]
02-14 14:10:35.256 I/notification_enqueue(  207): [com.android.mms,123,Notification(vibrate=null,sound=content://settings/system/notification_sound,defaults=0x4,flags=0x1)]
02-14 14:10:35.366 I/am_destroy_service(  207): [1081322216,com.android.mms/.transaction.SmsReceiverService,1070]
02-14 14:10:35.406 I/am_create_service(  207): [1085853232,com.android.mms/.transaction.TransactionService,act=android.intent.action.ACTION_ONALARM,1070]
02-14 14:10:35.446 I/am_destroy_service(  207): [1085853232,com.android.mms/.transaction.TransactionService,1070]
02-14 14:10:35.636 I/dvm_gc_madvise_info(  317): [253952,151552]
02-14 14:10:35.857 I/am_destroy_service(  207): [1085266992,com.google.android.music/.store.MediaStoreImportService,788]
02-14 14:10:35.857 I/am_kill (  207): [829,com.android.defcontainer,14,too many background]
02-14 14:10:35.857 I/am_proc_died(  207): [829,com.android.defcontainer]
02-14 14:10:36.077 I/dvm_gc_info(  486): [7882817126543734581,-9046457349903030221,-4004961172862437331,7640802]
02-14 14:10:36.107 I/dvm_gc_info(  486): [7882817126543766652,-9067286498162853821,-4000457573235066835,7571128]
02-14 14:10:36.157 I/dvm_gc_info(  486): [7882817126543712608,-9221534785316407226,-3999050198351513555,7571128]
02-14 14:10:36.377 I/content_update_sample(  486): [content://media/external/images/thumbnails,insert,,144,,29]
02-14 14:10:36.577 I/db_sample(  486): [/data/data/com.android.providers.media/databases/external-e82ff9f2.db,UPDATE images SET mini_thumb_magic=? WHERE _id = 52,22,,5]
02-14 14:10:36.868 I/dvm_gc_madvise_info(  788): [212992,151552]
02-14 14:10:37.308 I/dvm_gc_info(  332): [8099846449757443680,-8988474260765730757,-4003553797978884051,7358131]
02-14 14:10:38.629 I/dvm_gc_madvise_info(  650): [200704,151552]
02-14 14:10:39.250 I/dvm_gc_info(  618): [3349111792835282473,-9056591273899640780,-4003272323002173395,7689990]
02-14 14:10:40.171 I/dvm_gc_madvise_info(  207): [3141632,151552]
02-14 14:10:40.921 I/am_create_activity(  207): [1079428392,10,com.android.settings/.ApplicationSettings,android.intent.action.MAIN,NULL,NULL,0]
02-14 14:10:40.921 I/am_pause_activity(  207): [1083614056,com.android.settings/.Settings]
02-14 14:10:40.942 I/am_on_paused_called(  650): com.android.settings.Settings
02-14 14:10:40.962 I/am_restart_activity(  207): [1079428392,10,com.android.settings/.ApplicationSettings]
02-14 14:10:40.992 I/am_on_resume_called(  650): com.android.settings.ApplicationSettings
02-14 14:10:41.182 I/dvm_gc_madvise_info(  486): [241664,151552]
02-14 14:10:41.242 I/activity_launch_time(  207): [1079428392,com.android.settings/.ApplicationSettings,294,294]
02-14 14:10:42.313 I/dvm_gc_madvise_info(  332): [274432,151552]
02-14 14:10:42.433 I/dvm_gc_info(  650): [8315180330336228961,-8961453006682888138,-4002709373048752083,7915300]
02-14 14:10:42.643 I/am_proc_start(  207): [1109,10014,com.sprint.w.installer,service,com.sprint.w.installer/.delivery.ReportPostService]
02-14 14:10:42.663 I/dvm_gc_madvise_info( 1109): [393216,151552]
02-14 14:10:42.683 I/am_proc_bound(  207): [1109,com.sprint.w.installer]
02-14 14:10:42.683 I/am_create_service(  207): [1085845896,com.sprint.w.installer/.delivery.ReportPostService,,1109]
02-14 14:10:42.723 I/am_create_service(  207): [1085771472,com.sprint.w.installer/com.sprint.id.updater.UpdaterService,,1109]
02-14 14:10:42.783 I/am_destroy_service(  207): [1085845896,com.sprint.w.installer/.delivery.ReportPostService,1109]
02-14 14:10:43.304 I/backup_data_changed(  207): com.android.providers.settings
02-14 14:10:43.384 I/dvm_gc_info(  618): [3349111792835151409,-9067005848037930956,-4003272323002173395,8554528]
02-14 14:10:43.754 I/battery_level(  207): [94,4072,330]
02-14 14:10:44.005 I/am_create_activity(  207): [1080707528,10,com.android.settings/.DevelopmentSettings,android.intent.action.MAIN,NULL,NULL,0]
02-14 14:10:44.005 I/am_pause_activity(  207): [1079428392,com.android.settings/.ApplicationSettings]
02-14 14:10:44.005 I/am_on_paused_called(  650): com.android.settings.ApplicationSettings
02-14 14:10:44.015 I/am_restart_activity(  207): [1080707528,10,com.android.settings/.DevelopmentSettings]
02-14 14:10:44.035 I/am_on_resume_called(  650): com.android.settings.DevelopmentSettings
02-14 14:10:44.275 I/activity_launch_time(  207): [1080707528,com.android.settings/.DevelopmentSettings,269,269]
02-14 14:10:46.087 I/dvm_gc_info(  618): [3349111792835249745,-9067005847937267660,-3992013323933747155,8636464]
02-14 14:10:46.247 I/backup_data_changed(  207): com.android.providers.settings
02-14 14:10:47.027 I/binder_sample(  650): [android.content.IContentProvider,3,60,com.android.settings,12]
02-14 14:10:47.088 I/backup_data_changed(  207): com.android.providers.settings
02-14 14:10:47.468 I/dvm_gc_madvise_info(  650): [208896,151552]
02-14 14:10:49.029 I/content_update_sample(  618): [content://com.sprint.zone.provider.ZoneProvider/features_tbl,update,id=32,49,,10]
02-14 14:10:49.059 I/am_pause_activity(  207): [1080707528,com.android.settings/.DevelopmentSettings]
02-14 14:10:49.059 I/am_task_to_front(  207): 3
02-14 14:10:49.059 I/am_new_intent(  207): [1085432024,3,com.android.launcher/com.android.launcher2.Launcher,android.intent.action.MAIN,NULL,NULL,274726912]
02-14 14:10:49.059 I/am_on_paused_called(  650): com.android.settings.DevelopmentSettings
02-14 14:10:49.069 I/am_resume_activity(  207): [1080289872,3,com.android.launcher/com.android.launcher2.Launcher]
02-14 14:10:49.079 I/am_on_resume_called(  419): com.android.launcher2.Launcher
02-14 14:10:49.620 I/wifi_supplicant_state_changed(  207): 2
02-14 14:10:50.211 I/am_pause_activity(  207): [1080289872,com.android.launcher/com.android.launcher2.Launcher]
02-14 14:10:50.211 I/am_task_to_front(  207): 5
02-14 14:10:50.211 I/am_new_intent(  207): [1079469152,5,com.android.contacts/.DialtactsActivity,android.intent.action.MAIN,NULL,NULL,272629760]
02-14 14:10:50.221 I/am_on_paused_called(  419): com.android.launcher2.Launcher
02-14 14:10:50.231 I/am_resume_activity(  207): [1080690208,5,com.android.contacts/.DialtactsActivity]
02-14 14:10:50.251 I/am_on_resume_called(  393): com.android.contacts.smartdialer.DialerApp
02-14 14:10:50.251 I/am_on_resume_called(  393): com.android.contacts.DialtactsActivity
02-14 14:10:50.311 I/binder_sample(  419): [android.app.IActivityManager,19,81,com.android.launcher,16]
02-14 14:10:50.611 I/wifi_supplicant_state_changed(  207): 1
02-14 14:10:51.131 I/dvm_gc_madvise_info(  618): [217088,151552]
02-14 14:10:51.802 I/content_query_sample(  393): [content://call_log/dialer_calls,name/number/type/_id,(UPPER(number) GLOB ? OR UPPER(number) GLOB ? OR UPPER(name) GLOB ? OR UPPER(name) GLOB ?)AND UPPER(number)<> ? AND UPPER(number)<> ? AND UPPER(number)<> ? ,date DESC,3,,1]
02-14 14:10:52.182 I/db_sample(  393): [/data/data/com.android.providers.contacts/databases/contacts2.db,SELECT display_name, data1, data2, dialer_number_full, dialer_nu,0,,1]
02-14 14:10:55.326 I/configuration_changed(  207): 128
02-14 14:10:55.396 I/am_relaunch_resume_activity(  207): [1080690208,5,com.android.contacts/.DialtactsActivity]
02-14 14:10:55.396 I/am_on_paused_called(  393): com.android.contacts.smartdialer.DialerApp
02-14 14:10:55.396 I/am_on_paused_called(  393): com.android.contacts.DialtactsActivity
02-14 14:10:55.536 I/dvm_gc_info(  393): [7017575181484885698,-8921482666385004483,-3994828073700853715,8521725]
02-14 14:10:55.576 I/dvm_gc_info(  393): [7017575181484971324,-9054338855392458692,-3994828073700853715,8521725]
02-14 14:10:55.666 I/dvm_gc_info(  393): [7017575181484946989,-9016621208513238980,-3994828073700853715,8566826]
02-14 14:10:55.726 I/am_on_resume_called(  393): com.android.contacts.smartdialer.DialerApp
02-14 14:10:55.726 I/am_on_resume_called(  393): com.android.contacts.DialtactsActivity
02-14 14:10:55.746 I/content_query_sample(  393): [content://com.android.contacts/contacts/dailkey_filter/*9,display_name/data1/data2/dialer_number_full/dialer_number_header/_id,mode_id<>24 AND mode_id<>8,sort_key,11,,3]
02-14 14:10:55.876 I/dvm_gc_info(  618): [3349111792835049173,-9010991915171108811,-3987791199283087315,8636475]
02-14 14:10:57.948 I/dvm_gc_info(  207): [8320808730292061845,-8921476480188499868,-3979628424958478291,8591399]
02-14 14:10:57.968 I/am_kill (  207): [873,com.sprint.widget.tutorial,14,too many background]
02-14 14:10:57.968 I/am_proc_died(  207): [873,com.sprint.widget.tutorial]
02-14 14:10:59.359 I/configuration_changed(  207): 128
02-14 14:10:59.440 I/am_relaunch_resume_activity(  207): [1080690208,5,com.android.contacts/.DialtactsActivity]
02-14 14:10:59.450 I/am_on_paused_called(  393): com.android.contacts.smartdialer.DialerApp
02-14 14:10:59.450 I/am_on_paused_called(  393): com.android.contacts.DialtactsActivity
02-14 14:10:59.600 I/dvm_gc_info(  393): [7017575181484963377,-9012117608885835714,-3994828073700853715,8615991]
02-14 14:10:59.690 I/am_on_resume_called(  393): com.android.contacts.smartdialer.DialerApp
02-14 14:10:59.690 I/am_on_resume_called(  393): com.android.contacts.DialtactsActivity
02-14 14:11:00.921 I/dvm_gc_madvise_info(  618): [868352,151552]
02-14 14:11:01.882 I/dvm_gc_info(  207): [8320808730292061523,-9043636620080940957,-3979628424958478291,8591399]
02-14 14:11:04.635 I/dvm_gc_madvise_info(  393): [458752,151552]
02-14 14:11:05.045 I/dvm_gc_info(  618): [3349111792835323450,-9036606138051790796,-3987791199283087315,8636475]
02-14 14:11:05.626 I/wifi_supplicant_state_changed(  207): 2
02-14 14:11:06.607 I/wifi_supplicant_state_changed(  207): 1
02-14 14:11:06.937 I/dvm_gc_madvise_info(  207): [3153920,151552]
02-14 14:11:09.229 I/power_screen_state(  207): [0,3,0,0]
02-14 14:11:09.249 I/power_screen_broadcast_send(  207): 1
02-14 14:11:09.259 I/screen_toggled(  207): 0
02-14 14:11:09.269 I/am_pause_activity(  207): [1080690208,com.android.contacts/.DialtactsActivity]
02-14 14:11:09.329 I/am_on_paused_called(  393): com.android.contacts.smartdialer.DialerApp
02-14 14:11:09.329 I/am_on_paused_called(  393): com.android.contacts.DialtactsActivity
02-14 14:11:09.369 I/power_screen_broadcast_done(  207): [0,114,1]
02-14 14:11:10.060 I/dvm_gc_madvise_info(  618): [491520,151552]
02-14 14:11:11.481 I/free_storage_changed(  207): 2777489408
02-14 14:11:11.762 I/power_screen_state(  207): [1,2,0,0]
02-14 14:11:11.762 I/power_screen_broadcast_send(  207): 1
02-14 14:11:11.762 I/screen_toggled(  207): 1
02-14 14:11:11.762 I/am_resume_activity(  207): [1080690208,5,com.android.contacts/.DialtactsActivity]
02-14 14:11:11.782 I/am_on_resume_called(  393): com.android.contacts.smartdialer.DialerApp
02-14 14:11:11.782 I/am_on_resume_called(  393): com.android.contacts.DialtactsActivity
02-14 14:11:11.822 I/power_screen_broadcast_done(  207): [1,64,1]
02-14 14:11:11.862 I/notification_cancel(  207): [com.android.phone,111,0]
02-14 14:11:11.992 I/db_sample(  618): [/data/data/com.sprint.zone/databases/zone.db,UPDATE features_tbl SET icon=? WHERE id=40,64,,13]
02-14 14:11:12.252 I/db_sample(  618): [/data/data/com.sprint.zone/databases/zone.db,UPDATE features_tbl SET icon=? WHERE id=41,128,,26]
02-14 14:11:12.532 I/db_sample(  618): [/data/data/com.sprint.zone/databases/zone.db,SELECT promo_ver, last_update, _id, pages_ver, alert_ver, brandi,1,,1]
02-14 14:11:12.692 I/content_update_sample(  618): [content://com.sprint.zone.provider.ZoneProvider/table_alert,insert,,71,,15]
02-14 14:11:12.743 I/notification_cancel(  207): [com.sprint.zone,0,0]
02-14 14:11:12.743 I/notification_enqueue(  207): [com.sprint.zone,0,Notification(vibrate=null,sound=null,defaults=0x0,flags=0x10)]
02-14 14:11:13.954 I/am_pause_activity(  207): [1080690208,com.android.contacts/.DialtactsActivity]
02-14 14:11:13.954 I/am_task_to_front(  207): 3
02-14 14:11:13.954 I/am_new_intent(  207): [1079616960,3,com.android.launcher/com.android.launcher2.Launcher,android.intent.action.MAIN,NULL,NULL,274726912]
02-14 14:11:13.964 I/am_on_paused_called(  393): com.android.contacts.smartdialer.DialerApp
02-14 14:11:13.964 I/am_on_paused_called(  393): com.android.contacts.DialtactsActivity
02-14 14:11:13.974 I/am_resume_activity(  207): [1080289872,3,com.android.launcher/com.android.launcher2.Launcher]
02-14 14:11:13.994 I/am_on_resume_called(  419): com.android.launcher2.Launcher
02-14 14:11:14.034 I/binder_sample(  419): [android.view.IWindowSession,8,20,com.android.launcher,4]
02-14 14:11:15.335 I/dvm_gc_info(  317): [8320808730291803712,-8987911929421952973,-4004398222909016019,7358207]
02-14 14:11:15.525 I/dvm_gc_info(  618): [3349111792835082034,-8954133626160732104,-3983006124679006163,8714308]
02-14 14:11:16.506 I/content_update_sample(  618): [content://com.sprint.zone.provider.ZoneProvider/features_tbl,insert,,95,,20]
02-14 14:11:16.596 I/db_sample(  618): [/data/data/com.sprint.zone/databases/zone.db,INSERT INTO report_tbl(id, time, action, data, type, slot) VALUE,25,,6]
02-14 14:11:16.716 I/am_create_task(  207): 11
02-14 14:11:16.716 I/am_create_activity(  207): [1081627496,11,com.sprint.zone/.PageAlerts,NULL,NULL,NULL,0]
02-14 14:11:16.716 I/am_pause_activity(  207): [1080289872,com.android.launcher/com.android.launcher2.Launcher]
02-14 14:11:16.726 I/am_on_paused_called(  419): com.android.launcher2.Launcher
02-14 14:11:16.736 I/db_sample(  618): [/data/data/com.sprint.zone/databases/zone.db,INSERT INTO features_tbl(sid, enabled, desc, visible, expiration,84,,17]
02-14 14:11:16.736 I/notification_cancel(  207): [com.sprint.zone,0,16]
02-14 14:11:16.756 I/am_restart_activity(  207): [1081627496,11,com.sprint.zone/.PageAlerts]
02-14 14:11:16.776 I/db_sample(  618): [/data/data/com.sprint.zone/databases/zone.db,INSERT INTO report_tbl(id, time, action, data, type, slot) VALUE,41,,9]
02-14 14:11:16.796 I/binder_sample(  317): [android.view.IWindowSession,4,13,com.android.systemui,2]
02-14 14:11:16.827 I/db_sample(  618): [/data/data/com.sprint.zone/databases/zone.db,INSERT INTO features_tbl(sid, enabled, desc, visible, expiration,39,,8]
02-14 14:11:16.867 I/binder_sample(  419): [android.view.IWindowSession,4,64,com.android.launcher,12]
02-14 14:11:16.927 I/am_on_resume_called(  618): com.sprint.zone.PageAlerts
02-14 14:11:16.947 I/content_update_sample(  618): [content://com.sprint.zone.provider.ZoneProvider/features_tbl,insert,,35,,8]
02-14 14:11:17.037 I/activity_launch_time(  207): [1081627496,com.sprint.zone/.PageAlerts,283,283]
02-14 14:11:17.087 I/content_update_sample(  618): [content://com.sprint.zone.provider.ZoneProvider/report_tbl,insert,,71,,15]
02-14 14:11:17.227 I/db_sample(  618): [/data/data/com.sprint.zone/databases/zone.db,UPDATE features_tbl SET icon=? WHERE id=43,28,,6]
02-14 14:11:17.507 I/db_sample(  618): [/data/data/com.sprint.zone/databases/zone.db,UPDATE features_tbl SET icon=? WHERE id=47,35,,8]
02-14 14:11:17.547 I/content_update_sample(  618): [content://com.sprint.zone.provider.ZoneProvider/features_tbl,update,id=48,26,,6]
02-14 14:11:17.627 I/db_sample(  618): [/data/data/com.sprint.zone/databases/zone.db,INSERT INTO pages_tbl(sid, page_order, pid) VALUES(?, ?, ?);,19,,4]
02-14 14:11:17.717 I/content_update_sample(  618): [content://com.sprint.zone.provider.ZoneProvider/pages_tbl,insert,,69,,14]
02-14 14:11:17.737 I/db_sample(  618): [/data/data/com.sprint.zone/databases/zone.db,INSERT INTO pages_tbl(sid, page_order, pid) VALUES(?, ?, ?);,21,,5]
02-14 14:11:18.058 I/db_sample(  618): [/data/data/com.sprint.zone/databases/zone.db,INSERT INTO pages_tbl(sid, page_order, pid) VALUES(?, ?, ?);,34,,7]
02-14 14:11:18.288 I/content_update_sample(  618): [content://com.sprint.zone.provider.ZoneProvider/info_tbl,delete,,89,,18]
02-14 14:11:18.418 I/content_update_sample(  618): [content://com.sprint.zone.provider.ZoneProvider/strings_tbl,insert,,34,,7]
02-14 14:11:18.638 I/db_sample(  618): [/data/data/com.sprint.zone/databases/zone.db,INSERT INTO strings_tbl(id, value, name) VALUES(?, ?, ?);,77,,16]
02-14 14:11:18.999 I/content_update_sample(  618): [content://com.sprint.zone.provider.ZoneProvider/strings_tbl,insert,,80,,17]
02-14 14:11:19.269 I/db_sample(  618): [/data/data/com.sprint.zone/databases/zone.db,INSERT INTO strings_tbl(id, value, name) VALUES(?, ?, ?);,73,,15]
02-14 14:11:19.619 I/content_update_sample(  618): [content://com.sprint.zone.provider.ZoneProvider/info_tbl,insert,,92,,19]
02-14 14:11:19.940 I/content_update_sample(  618): [content://com.sprint.zone.provider.ZoneProvider/strings_tbl,insert,,82,,17]
02-14 14:11:20.050 I/db_sample(  618): [/data/data/com.sprint.zone/databases/zone.db,INSERT INTO strings_tbl(id, value, name) VALUES(?, ?, ?);,28,,6]
02-14 14:11:20.080 I/db_sample(  618): [/data/data/com.sprint.zone/databases/zone.db,INSERT INTO strings_tbl(id, value, name) VALUES(?, ?, ?);,22,,5]
02-14 14:11:20.350 I/dvm_gc_madvise_info(  317): [204800,151552]
02-14 14:11:20.520 I/db_sample(  618): [/data/data/com.sprint.zone/databases/zone.db,INSERT INTO strings_tbl(id, value, name) VALUES(?, ?, ?);,143,,29]
02-14 14:11:20.580 I/dvm_gc_madvise_info(  618): [700416,151552]
02-14 14:11:21.631 I/wifi_supplicant_state_changed(  207): 2
02-14 14:11:21.691 I/am_pause_activity(  207): [1081627496,com.sprint.zone/.PageAlerts]
02-14 14:11:21.691 I/am_on_paused_called(  618): com.sprint.zone.PageAlerts
02-14 14:11:21.691 I/am_task_to_front(  207): 3
02-14 14:11:21.691 I/am_new_intent(  207): [1086587512,3,com.android.launcher/com.android.launcher2.Launcher,android.intent.action.MAIN,NULL,NULL,274726912]
02-14 14:11:21.701 I/am_resume_activity(  207): [1080289872,3,com.android.launcher/com.android.launcher2.Launcher]
02-14 14:11:21.711 I/am_on_resume_called(  419): com.android.launcher2.Launcher
02-14 14:11:22.582 I/wifi_supplicant_state_changed(  207): 1
02-14 14:11:22.973 I/am_create_task(  207): 12
02-14 14:11:22.983 I/am_create_activity(  207): [1081566048,12,com.android.mms/.ui.ComposeMessageActivity,NULL,NULL,content://mms-sms/conversations/1,872415232]
02-14 14:11:22.993 I/am_pause_activity(  207): [1080289872,com.android.launcher/com.android.launcher2.Launcher]
02-14 14:11:22.993 I/am_on_paused_called(  419): com.android.launcher2.Launcher
02-14 14:11:23.003 I/am_restart_activity(  207): [1081566048,12,com.android.mms/.ui.ComposeMessageActivity]
02-14 14:11:23.003 I/notification_cancel(  207): [com.android.mms,123,16]
02-14 14:11:23.073 I/binder_sample(  419): [android.view.IWindowSession,4,28,com.android.launcher,5]
02-14 14:11:23.133 I/dvm_gc_info( 1070): [7218827569569793629,-8971023430836111310,-4005805597792569299,7358131]
02-14 14:11:23.373 I/db_sample(  618): [/data/data/com.sprint.zone/databases/zone.db,INSERT INTO diagnostics_tbl(title, rank, group_key, key, descrip,2860,,100]
02-14 14:11:23.383 I/content_update_sample(  618): [content://com.sprint.zone.provider.ZoneProvider/diagnostics_tbl,insert,,2871,,100]
02-14 14:11:23.933 I/db_sample(  332): [/data/data/com.android.providers.telephony/databases/mmssms.db,  UPDATE threads SET message_count =      (SELECT COUNT(sms._id),473,,95]
02-14 14:11:24.374 I/binder_sample( 1070): [android.content.IContentProvider,4,920,com.android.mms,100]
02-14 14:11:24.374 I/content_update_sample( 1070): [content://sms/conversations/1,delete,type=3,921,com.android.mms,100]
02-14 14:11:24.454 I/am_on_resume_called( 1070): com.android.mms.ui.ComposeMessageActivity
02-14 14:11:24.454 I/db_sample(  618): [/data/data/com.sprint.zone/databases/zone.db,INSERT INTO info_tbl(id, action, title, uri, description) VALUES,997,,100]
02-14 14:11:24.494 I/content_update_sample(  618): [content://com.sprint.zone.provider.ZoneProvider/info_tbl,insert,,1035,,100]
02-14 14:11:24.624 I/content_update_sample(  618): [content://com.sprint.zone.provider.ZoneProvider/info_tbl,insert,,60,,13]
02-14 14:11:24.794 I/notification_cancel(  207): [com.android.mms,999,0]
02-14 14:11:24.794 I/activity_launch_time(  207): [1081566048,com.android.mms/.ui.ComposeMessageActivity,1797,1797]
02-14 14:11:24.844 I/notification_cancel(  207): [com.android.mms,789,0]
02-14 14:11:24.854 I/notification_cancel(  207): [com.android.mms,123,0]
02-14 14:11:24.904 I/notification_cancel(  207): [com.android.mms,531,0]
02-14 14:11:24.904 I/binder_sample(  332): [android.os.INetStatService,2,10,com.android.phone,2]
02-14 14:11:24.904 I/db_sample(  618): [/data/data/com.sprint.zone/databases/zone.db,INSERT INTO strings_tbl(id, value, name) VALUES(?, ?, ?);,207,,42]
02-14 14:11:24.924 I/content_update_sample(  618): [content://com.sprint.zone.provider.ZoneProvider/strings_tbl,insert,,223,,45]
02-14 14:11:24.984 I/db_sample(  618): [/data/data/com.sprint.zone/databases/zone.db,INSERT INTO strings_tbl(id, value, name) VALUES(?, ?, ?);,25,,6]
02-14 14:11:25.155 I/content_update_sample(  618): [content://com.sprint.zone.provider.ZoneProvider/strings_tbl,insert,,29,,6]
02-14 14:11:25.295 I/content_update_sample(  618): [content://com.sprint.zone.provider.ZoneProvider/strings_tbl,insert,,24,,5]
02-14 14:11:25.925 I/dvm_gc_info( 1070): [7218827569569793610,-8977215811570689996,-4003835272955594707,7358211]
02-14 14:11:25.975 I/content_update_sample(  618): [content://com.sprint.zone.provider.ZoneProvider/strings_tbl,insert,,60,,13]
02-14 14:11:26.066 I/db_sample(  618): [/data/data/com.sprint.zone/databases/zone.db,INSERT INTO strings_tbl(id, value, name) VALUES(?, ?, ?);,23,,5]
02-14 14:11:26.636 I/db_sample(  618): [/data/data/com.sprint.zone/databases/zone.db,INSERT INTO info_tbl(id, action, title, uri, description) VALUES,19,,4]
02-14 14:11:27.097 I/db_sample(  618): [/data/data/com.sprint.zone/databases/zone.db,INSERT INTO strings_tbl(id, value, name) VALUES(?, ?, ?);,42,,9]
02-14 14:11:27.737 I/am_create_service(  207): [1083149280,com.sprint.zone/.updater.UpdaterService,,618]
02-14 14:11:27.867 I/dvm_gc_info(  618): [3349111792835106620,-8914727129421219787,-3983006124679006163,7743330]
02-14 14:11:27.907 I/dvm_gc_info(  618): [3349111792835081626,-9053212817962878923,-3983006124679006163,8128347]
02-14 14:11:27.967 I/dvm_gc_info(  618): [3349111792835110080,-9190009656644257739,-3983006124679006163,8583206]
02-14 14:11:28.057 I/dvm_gc_info(  618): [3349111792835085895,-9066723616844982218,-3983006124679006163,8665154]
02-14 14:11:28.138 I/dvm_gc_info(  618): [3349111792835081765,-9097122914329724874,-3983006124679006163,8742984]
02-14 14:11:28.228 I/dvm_gc_info(  618): [3349111792835081773,-9067286566798395338,-3983006124679006163,8841323]
02-14 14:11:28.288 I/content_query_sample(  618): [content://com.sprint.zone.provider.ZoneProvider/pages_tbl,,pid = '0',,2,,1]
02-14 14:11:28.368 I/am_create_service(  207): [1081589088,com.locationlabs.v3client/.V3ApiService,act=com.locationlabs.v3client.action.CHANGE_PUSH_ID pkg=com.locationlabs.v3client,353]
02-14 14:11:28.398 I/am_destroy_service(  207): [1081589088,com.locationlabs.v3client/.V3ApiService,353]
02-14 14:11:28.418 I/dvm_gc_info(  618): [3349111792835155551,-9054338717869701065,-3983006124679006163,8960138]
02-14 14:11:28.578 I/dvm_gc_info(  618): [3349111792835090054,-9030694819826005962,-3983006124679006163,8923258]
02-14 14:11:28.678 I/dvm_gc_info(  618): [3349111792835085887,-9051242493125887946,-3983006124679006163,8841323]
02-14 14:11:28.728 I/force_gc(  207): Binder
02-14 14:11:28.808 I/dvm_gc_info(  207): [8320808730291918514,-8917254355537835932,-3979346949981767635,8591399]
02-14 14:11:28.898 I/dvm_gc_info(  618): [3349111792835081823,-9054620192846407625,-3983006124679006163,8960138]
02-14 14:11:29.209 I/dvm_gc_info(  618): [3349111792835090085,-8999169622434379721,-3983006124679006163,8923266]
02-14 14:11:29.329 I/content_query_sample(  618): [content://com.sprint.zone.provider.ZoneProvider/versions_tbl,,,,2,,1]
02-14 14:11:29.739 I/battery_level(  207): [93,4060,330]
02-14 14:11:29.969 I/am_destroy_service(  207): [1083149280,com.sprint.zone/.updater.UpdaterService,618]
02-14 14:11:30.330 I/dvm_gc_info(  618): [3349111792835102351,-8955540863605286852,-3983006124679006163,8763470]
02-14 14:11:30.410 I/dvm_gc_info(  618): [3349111792835085978,-9035198282014431178,-3983006124679006163,8841323]
02-14 14:11:30.970 I/dvm_gc_madvise_info( 1070): [221184,151552]
02-14 14:11:31.811 I/notification_cancel(  207): [com.android.mms,999,0]
02-14 14:11:31.821 I/notification_cancel(  207): [com.android.mms,789,0]
02-14 14:11:31.851 I/notification_cancel(  207): [com.android.mms,531,0]
02-14 14:11:31.851 I/notification_cancel(  207): [com.android.mms,123,0]
02-14 14:11:32.161 I/dvm_gc_info(  327): [7809651225003140589,-9041955399811553230,-4001583473141909459,7882627]
02-14 14:11:32.202 I/dvm_gc_info(  327): [7809651225003185226,-9108383494315276238,-4001583473141909459,7882618]
02-14 14:11:32.242 I/dvm_gc_info(  327): [7809651225003168840,-9103035469757777870,-4001583473141909459,7882627]
02-14 14:11:32.472 I/dvm_gc_info(  327): [7809651225003341175,-9047021949392353230,-4001583473141909459,8234931]
02-14 14:11:33.833 I/dvm_gc_madvise_info(  207): [3153920,151552]
02-14 14:11:35.445 I/dvm_gc_madvise_info(  618): [499712,151552]
02-14 14:11:35.935 I/db_sample(  618): [/data/data/com.sprint.zone/databases/zone.db,DELETE FROM report_tbl,26,,6]
02-14 14:11:36.065 I/binder_sample(  327): [android.view.IWindowSession,3,5,com.android.inputmethod.latin,1]
02-14 14:11:36.125 I/db_sample(  618): [/data/data/com.sprint.zone/databases/zone.db,DELETE FROM features_tbl WHERE app_scheme = 'custom',94,,19]
02-14 14:11:36.265 I/content_update_sample(  618): [content://com.sprint.zone.provider.ZoneProvider/report_tbl,insert,,18,,4]
02-14 14:11:36.296 I/content_update_sample(  618): [content://com.sprint.zone.provider.ZoneProvider/features_tbl,insert,,29,,6]
02-14 14:11:36.486 I/force_gc(  207): Binder
02-14 14:11:36.556 I/dvm_gc_info(  207): [8320808730291873343,-8981712125204580252,-3979346949981767635,8591399]
02-14 14:11:36.636 I/db_sample(  618): [/data/data/com.sprint.zone/databases/zone.db,INSERT INTO categories_tbl(sid, title, expanded, app_scheme) VAL,43,,9]
02-14 14:11:36.866 I/db_sample(  618): [/data/data/com.sprint.zone/databases/zone.db,INSERT INTO categories_tbl(sid, title, expanded, app_scheme) VAL,31,,7]
02-14 14:11:37.387 I/content_query_sample(  618): [content://com.sprint.zone.provider.ZoneProvider/versions_tbl,,,,1,,1]
02-14 14:11:37.477 I/dvm_gc_madvise_info(  327): [155648,151552]
02-14 14:11:37.607 I/wifi_supplicant_state_changed(  207): 2
02-14 14:11:37.957 I/content_update_sample(  618): [content://com.sprint.zone.provider.ZoneProvider/pages_tbl,insert,,125,,26]
02-14 14:11:38.097 I/content_update_sample(  618): [content://com.sprint.zone.provider.ZoneProvider/pages_tbl,insert,,64,,13]
02-14 14:11:38.338 I/db_sample(  618): [/data/data/com.sprint.zone/databases/zone.db,INSERT INTO pages_tbl(sid, page_order, pid) VALUES(?, ?, ?);,23,,5]
02-14 14:11:38.548 I/db_sample(  618): [/data/data/com.sprint.zone/databases/zone.db,DELETE FROM info_tbl,65,,14]
02-14 14:11:38.568 I/wifi_supplicant_state_changed(  207): 1
02-14 14:11:38.588 I/db_sample(  618): [/data/data/com.sprint.zone/databases/zone.db,INSERT INTO diagnostics_tbl(title, rank, group_key, key, descrip,30,,7]
02-14 14:11:38.618 I/db_sample(  618): [/data/data/com.sprint.zone/databases/zone.db,INSERT INTO info_tbl(id, action, title, uri, description) VALUES,25,,6]
02-14 14:11:38.738 I/db_sample(  618): [/data/data/com.sprint.zone/databases/zone.db,DELETE FROM info_tbl WHERE id = ?,16,,4]
02-14 14:11:38.788 I/content_update_sample(  618): [content://com.sprint.zone.provider.ZoneProvider/strings_tbl,insert,,18,,4]
02-14 14:11:39.539 I/db_sample(  618): [/data/data/com.sprint.zone/databases/zone.db,INSERT INTO strings_tbl(id, value, name) VALUES(?, ?, ?);,20,,5]
02-14 14:11:39.799 I/db_sample(  618): [/data/data/com.sprint.zone/databases/zone.db,INSERT INTO strings_tbl(id, value, name) VALUES(?, ?, ?);,53,,11]
02-14 14:11:39.919 I/content_update_sample(  618): [content://com.sprint.zone.provider.ZoneProvider/strings_tbl,insert,,88,,18]
02-14 14:11:40.079 I/db_sample(  618): [/data/data/com.sprint.zone/databases/zone.db,INSERT INTO strings_tbl(id, value, name) VALUES(?, ?, ?);,45,,10]
02-14 14:11:40.299 I/db_sample(  618): [/data/data/com.sprint.zone/databases/zone.db,INSERT INTO strings_tbl(id, value, name) VALUES(?, ?, ?);,47,,10]
02-14 14:11:40.610 I/content_update_sample(  618): [content://com.sprint.zone.provider.ZoneProvider/strings_tbl,insert,,37,,8]
02-14 14:11:41.030 I/content_update_sample(  618): [content://com.sprint.zone.provider.ZoneProvider/strings_tbl,insert,,95,,20]
02-14 14:11:41.330 I/content_update_sample(  618): [content://com.sprint.zone.provider.ZoneProvider/strings_tbl,insert,,150,,31]
02-14 14:11:41.591 I/dvm_gc_madvise_info(  207): [3153920,151552]
02-14 14:11:41.641 I/content_update_sample(  618): [content://com.sprint.zone.provider.ZoneProvider/diagnostics_tbl,insert,,233,,47]
02-14 14:11:41.731 I/dvm_gc_info(  618): [3349111792835065717,-8918104416707418055,-3965273201146234835,8960124]
02-14 14:11:41.851 I/db_sample(  618): [/data/data/com.sprint.zone/databases/zone.db,INSERT INTO strings_tbl(id, value, name) VALUES(?, ?, ?);,69,,14]
02-14 14:11:42.171 I/content_update_sample(  618): [content://com.sprint.zone.provider.ZoneProvider/strings_tbl,insert,,26,,6]
02-14 14:11:42.221 I/db_sample(  618): [/data/data/com.sprint.zone/databases/zone.db,INSERT INTO strings_tbl(id, value, name) VALUES(?, ?, ?);,52,,11]
02-14 14:11:42.812 I/db_sample(  618): [/data/data/com.sprint.zone/databases/zone.db,INSERT INTO strings_tbl(id, value, name) VALUES(?, ?, ?);,78,,16]
02-14 14:11:42.952 I/content_update_sample(  618): [content://com.sprint.zone.provider.ZoneProvider/diagnostics_tbl,insert,,17,,4]
02-14 14:11:43.162 I/db_sample(  618): [/data/data/com.sprint.zone/databases/zone.db,INSERT INTO strings_tbl(id, value, name) VALUES(?, ?, ?);,19,,4]
02-14 14:11:43.473 I/content_update_sample(  618): [content://com.sprint.zone.provider.ZoneProvider/info_tbl,insert,,66,,14]
02-14 14:11:43.553 I/db_sample(  618): [/data/data/com.sprint.zone/databases/zone.db,INSERT INTO diagnostics_tbl(title, rank, group_key, key, descrip,31,,7]
02-14 14:11:43.653 I/content_update_sample(  618): [content://com.sprint.zone.provider.ZoneProvider/info_tbl,insert,,95,,20]
02-14 14:11:43.753 I/content_update_sample(  618): [content://com.sprint.zone.provider.ZoneProvider/strings_tbl,insert,,28,,6]
02-14 14:11:43.813 I/db_sample(  618): [/data/data/com.sprint.zone/databases/zone.db,INSERT INTO strings_tbl(id, value, name) VALUES(?, ?, ?);,25,,6]
02-14 14:11:44.383 I/content_update_sample(  618): [content://com.sprint.zone.provider.ZoneProvider/diagnostic_groups_tbl,insert,,95,,20]
02-14 14:11:44.584 I/dvm_gc_info(  618): [3349111792835192480,-8950192564052457418,-3965273201146234835,8747081]
02-14 14:11:44.684 I/dvm_gc_info(  618): [3349111792835110448,-9062501079760013258,-3965273201146234835,8841324]
02-14 14:11:44.754 I/content_query_sample(  618): [content://com.sprint.zone.provider.ZoneProvider/pages_tbl,,pid = '0',,1,,1]
02-14 14:11:44.804 I/dvm_gc_info(  618): [3349111792835081821,-9063064029713418185,-3965273201146234835,8960125]
02-14 14:11:44.994 I/dvm_gc_info(  618): [3349111792835135077,-9059123380039464904,-3965273201146234835,9099436]
02-14 14:11:45.244 I/dvm_gc_info(  618): [3349111792835175991,-9060812229899728840,-3965273201146234835,9238722]
02-14 14:11:45.484 I/dvm_gc_info(  618): [3349111792835118743,-9027035232694450121,-3965273201146234835,9164978]
02-14 14:11:45.665 I/dvm_gc_info(  618): [3349111792835139192,-9041390456506693576,-3965273201146234835,9099436]
02-14 14:11:45.815 I/dvm_gc_info(  618): [3349111792835135031,-9060812229899728840,-3965273201146234835,9238722]
02-14 14:11:46.055 I/force_gc(  207): Binder
02-14 14:11:46.115 I/dvm_gc_info(  207): [8320808730291861124,-8922883855072044956,-3979346949981767635,8591399]
02-14 14:11:46.215 I/binder_sample(  327): [android.view.IWindowSession,4,21,com.android.inputmethod.latin,4]
02-14 14:11:46.385 I/am_destroy_service(  207): [1083195192,com.sprint.zone/.UpdateService,618]
02-14 14:11:47.056 I/dvm_gc_info(  332): [8099846449757488739,-8989037141982881733,-4002990848025462739,7358131]
02-14 14:11:47.687 I/am_create_service(  207): [1085859968,com.android.mms/.transaction.SmsReceiverService,act=com.android.mms.transaction.SEND_MESSAGE,1070]
02-14 14:11:47.807 I/dvm_gc_info( 1070): [7218827569569904203,-8946816514085930956,-4003835272955594707,7358211]
02-14 14:11:47.857 I/content_query_sample( 1070): [content://sms/queued,_id/thread_id/address/body/status,,date ASC,138,,28]
02-14 14:11:47.907 I/dvm_gc_info(  327): [7809651225003152974,-8954697882153330637,-4001583473141909459,8529916]
02-14 14:11:48.017 I/am_destroy_service(  207): [1085859968,com.android.mms/.transaction.SmsReceiverService,1070]
02-14 14:11:48.968 I/binder_sample(  332): [com.android.internal.telephony.ITelephonyRegistry,8,22,com.android.phone,4]
02-14 14:11:50.289 I/am_create_service(  207): [1085772560,com.android.mms/.transaction.SmsReceiverService,act=com.android.mms.transaction.MESSAGE_SENT dat=content://sms/4,1070]
02-14 14:11:50.419 I/notification_cancel(  207): [com.android.mms,789,0]
02-14 14:11:50.419 I/am_destroy_service(  207): [1085772560,com.android.mms/.transaction.SmsReceiverService,1070]
02-14 14:11:50.930 I/notification_cancel(  207): [com.android.phone,111,0]
02-14 14:11:50.930 I/dvm_gc_madvise_info(  618): [847872,151552]
02-14 14:11:51.180 I/dvm_gc_madvise_info(  207): [3158016,151552]
02-14 14:11:51.190 I/binder_sample(  332): [com.android.internal.telephony.ITelephonyRegistry,8,5,com.android.phone,1]
02-14 14:11:52.101 I/dvm_gc_madvise_info(  332): [208896,151552]
02-14 14:11:52.872 I/dvm_gc_madvise_info( 1070): [163840,151552]
02-14 14:11:52.952 I/dvm_gc_madvise_info(  327): [200704,151552]
02-14 14:11:53.582 I/wifi_supplicant_state_changed(  207): 2
02-14 14:11:54.553 I/wifi_supplicant_state_changed(  207): 1
02-14 14:11:58.377 I/notification_cancel(  207): [com.android.mms,999,0]
02-14 14:11:58.387 I/content_query_sample( 1070): [content://mms-sms/undelivered,thread_id,read=0,,5,,2]
02-14 14:11:58.387 I/notification_cancel(  207): [com.android.mms,789,0]
02-14 14:11:58.407 I/notification_cancel(  207): [com.android.mms,531,0]
02-14 14:11:58.417 I/notification_cancel(  207): [com.android.mms,123,0]
02-14 14:11:59.548 I/notification_cancel(  207): [com.android.mms,999,0]
02-14 14:11:59.558 I/notification_cancel(  207): [com.android.mms,789,0]
02-14 14:11:59.578 I/notification_cancel(  207): [com.android.mms,531,0]
02-14 14:11:59.578 I/notification_cancel(  207): [com.android.mms,123,0]
02-14 14:11:59.578 I/db_sample(  332): [/data/data/com.android.providers.telephony/databases/mmssms.db,SELECT thread_id, date, address, subject, body, dest_port FROM s,0,,1]
02-14 14:11:59.648 I/dvm_gc_info(  332): [8099846449757509248,-8956948925935183813,-4003272323002173395,7358131]
02-14 14:12:00.019 I/notification_cancel(  207): [com.android.phone,111,0]
02-14 14:12:02.571 I/binder_sample(  332): [com.android.internal.telephony.ITelephonyRegistry,6,22,com.android.phone,4]
02-14 14:12:02.571 I/notification_cancel(  207): [com.android.phone,111,0]
02-14 14:12:04.663 I/dvm_gc_madvise_info(  332): [249856,151552]
02-14 14:12:05.074 I/notification_cancel(  207): [com.android.phone,111,0]
02-14 14:12:09.578 I/wifi_supplicant_state_changed(  207): 2
02-14 14:12:10.239 I/notification_cancel(  207): [com.android.phone,111,0]
02-14 14:12:10.569 I/wifi_supplicant_state_changed(  207): 1
02-14 14:12:13.742 I/battery_level(  207): [92,4050,330]
02-14 14:12:15.203 I/power_screen_state(  207): [0,3,0,0]
02-14 14:12:15.223 I/power_screen_broadcast_send(  207): 1
02-14 14:12:15.223 I/screen_toggled(  207): 0
02-14 14:12:15.223 I/am_pause_activity(  207): [1081566048,com.android.mms/.ui.ComposeMessageActivity]
02-14 14:12:15.223 I/am_on_paused_called( 1070): com.android.mms.ui.ComposeMessageActivity
02-14 14:12:15.274 I/power_screen_broadcast_done(  207): [0,51,1]
02-14 14:12:19.077 I/power_screen_state(  207): [1,2,0,0]
02-14 14:12:19.077 I/power_screen_broadcast_send(  207): 1
02-14 14:12:19.087 I/screen_toggled(  207): 1
02-14 14:12:19.097 I/am_resume_activity(  207): [1081566048,12,com.android.mms/.ui.ComposeMessageActivity]
02-14 14:12:19.107 I/am_on_resume_called( 1070): com.android.mms.ui.ComposeMessageActivity
02-14 14:12:19.157 I/power_screen_broadcast_done(  207): [1,73,1]
02-14 14:12:19.207 I/notification_cancel(  207): [com.android.phone,111,0]
02-14 14:12:25.574 I/wifi_supplicant_state_changed(  207): 2
02-14 14:12:26.555 I/wifi_supplicant_state_changed(  207): 1
02-14 14:12:32.891 I/am_pause_activity(  207): [1081566048,com.android.mms/.ui.ComposeMessageActivity]
02-14 14:12:32.891 I/am_task_to_front(  207): 3
02-14 14:12:32.891 I/am_new_intent(  207): [1085824520,3,com.android.launcher/com.android.launcher2.Launcher,android.intent.action.MAIN,NULL,NULL,274726912]
02-14 14:12:32.891 I/am_on_paused_called( 1070): com.android.mms.ui.ComposeMessageActivity
02-14 14:12:32.911 I/am_resume_activity(  207): [1080289872,3,com.android.launcher/com.android.launcher2.Launcher]
02-14 14:12:32.921 I/am_on_resume_called(  419): com.android.launcher2.Launcher
02-14 14:12:33.001 I/am_kill (  207): [416,com.google.android.apps.plus,14,too many background]
02-14 14:12:33.001 I/am_proc_died(  207): [416,com.google.android.apps.plus]
02-14 14:12:33.291 I/notification_cancel(  207): [com.android.phone,111,0]
02-14 14:12:33.361 I/dvm_gc_info( 1070): [7218827569569785434,-8936964752445315019,-4003272323002173395,7882512]
02-14 14:12:33.611 I/menu_opened(  419): 0
02-14 14:12:34.682 I/menu_item_selected(  419): [0,Settings]
02-14 14:12:34.692 I/am_pause_activity(  207): [1080289872,com.android.launcher/com.android.launcher2.Launcher]
02-14 14:12:34.702 I/am_task_to_front(  207): 10
02-14 14:12:34.702 I/am_finish_activity(  207): [1080707528,10,com.android.settings/.DevelopmentSettings,reset]
02-14 14:12:34.702 I/am_destroy_activity(  207): [1080707528,10,com.android.settings/.DevelopmentSettings]
02-14 14:12:34.713 I/am_finish_activity(  207): [1079428392,10,com.android.settings/.ApplicationSettings,reset]
02-14 14:12:34.713 I/am_destroy_activity(  207): [1079428392,10,com.android.settings/.ApplicationSettings]
02-14 14:12:34.723 I/am_on_paused_called(  419): com.android.launcher2.Launcher
02-14 14:12:34.743 I/am_resume_activity(  207): [1083614056,10,com.android.settings/.Settings]
02-14 14:12:34.743 I/am_on_resume_called(  650): com.android.settings.Settings
02-14 14:12:35.133 I/notification_cancel(  207): [com.android.phone,111,0]
02-14 14:12:36.004 I/am_create_activity(  207): [1082108240,10,com.android.settings/.DisplaySettings,android.intent.action.MAIN,NULL,NULL,0]
02-14 14:12:36.004 I/am_pause_activity(  207): [1083614056,com.android.settings/.Settings]
02-14 14:12:36.004 I/am_on_paused_called(  650): com.android.settings.Settings
02-14 14:12:36.014 I/am_restart_activity(  207): [1082108240,10,com.android.settings/.DisplaySettings]
02-14 14:12:36.104 I/am_on_resume_called(  650): com.android.settings.DisplaySettings
02-14 14:12:36.364 I/activity_launch_time(  207): [1082108240,com.android.settings/.DisplaySettings,360,360]
02-14 14:12:38.386 I/notification_cancel(  207): [com.android.phone,111,0]
02-14 14:12:38.436 I/dvm_gc_madvise_info( 1070): [212992,151552]
02-14 14:12:38.827 I/backup_data_changed(  207): com.android.providers.settings
02-14 14:12:38.837 I/content_update_sample(  650): [content://settings/system,insert,,47,com.android.settings,10]
02-14 14:12:40.478 I/am_create_service(  207): [1085448064,com.android.mms/.transaction.SmsReceiverService,act=android.provider.Telephony.SMS_RECEIVED,1070]
02-14 14:12:40.538 I/db_sample(  393): [/data/data/com.android.providers.contacts/databases/contacts2.db,SELECT person FROM view_v1_phones phones WHERE (account_name IS ,0,,1]
02-14 14:12:40.578 I/notification_cancel(  207): [com.android.mms,999,0]
02-14 14:12:40.598 I/db_sample(  393): [/data/data/com.android.providers.contacts/databases/contacts2.db,SELECT data1, data3, display_name, contact_id, agg_presence.mode,1,,1]
02-14 14:12:40.608 I/notification_cancel(  207): [com.android.mms,123,0]
02-14 14:12:40.608 I/notification_enqueue(  207): [com.android.mms,123,Notification(vibrate=null,sound=content://settings/system/notification_sound,defaults=0x4,flags=0x1)]
02-14 14:12:40.638 I/force_gc(  207): Binder
02-14 14:12:40.728 I/dvm_gc_info(  207): [8320808730291951307,-8914721080747423643,-3979065475005056979,8591399]
02-14 14:12:40.808 I/am_destroy_service(  207): [1085448064,com.android.mms/.transaction.SmsReceiverService,1070]
02-14 14:12:41.009 I/notification_cancel(  207): [com.android.phone,111,0]
02-14 14:12:41.569 I/wifi_supplicant_state_changed(  207): 2
02-14 14:12:42.560 I/wifi_supplicant_state_changed(  207): 1
02-14 14:12:43.731 I/battery_level(  207): [92,4044,320]
02-14 14:12:44.152 I/dvm_gc_info(  317): [8320808730291689039,-8986785892042577867,-4002990848025462739,7927589]
02-14 14:12:45.763 I/dvm_gc_madvise_info(  207): [3158016,151552]
02-14 14:12:49.187 I/dvm_gc_madvise_info(  317): [233472,151552]
02-14 14:12:50.027 I/db_sample(  207): [/data/data/com.android.providers.settings/databases/settings.db,INSERT INTO system(value, name) VALUES(?, ?);,4256,,100]
02-14 14:12:50.047 I/backup_data_changed(  207): com.android.providers.settings
02-14 14:12:50.057 I/binder_sample(  650): [android.content.IContentProvider,3,4281,com.android.settings,100]
02-14 14:12:50.057 I/content_update_sample(  650): [content://settings/system,insert,,4282,com.android.settings,100]
02-14 14:12:50.208 I/dvm_gc_info(  650): [8315180330336187993,-8990444860497471433,-4000457573235066835,7915359]
02-14 14:12:52.550 I/am_pause_activity(  207): [1082108240,com.android.settings/.DisplaySettings]
02-14 14:12:52.550 I/am_on_paused_called(  650): com.android.settings.DisplaySettings
02-14 14:12:52.550 I/am_task_to_front(  207): 12
02-14 14:12:52.550 I/am_new_intent(  207): [1079376712,12,com.android.mms/.ui.ComposeMessageActivity,NULL,NULL,content://mms-sms/conversations/1,876609536]
02-14 14:12:52.560 I/am_resume_activity(  207): [1081566048,12,com.android.mms/.ui.ComposeMessageActivity]
02-14 14:12:52.560 I/notification_cancel(  207): [com.android.mms,123,16]
02-14 14:12:52.640 I/am_on_resume_called( 1070): com.android.mms.ui.ComposeMessageActivity
02-14 14:12:52.840 I/dvm_gc_info(  332): [8099846449757509233,-8951037951424260037,-4003272323002173395,7358131]
02-14 14:12:52.990 I/notification_cancel(  207): [com.android.mms,999,0]
02-14 14:12:53.000 I/notification_cancel(  207): [com.android.mms,789,0]
02-14 14:12:53.010 I/db_sample(  332): [/data/data/com.android.providers.telephony/databases/mmssms.db,SELECT * FROM pdu WHERE (msg_box=1) AND (m_type=130 AND st=135) ,0,,1]
02-14 14:12:53.020 I/notification_cancel(  207): [com.android.mms,531,0]
02-14 14:12:53.030 I/notification_cancel(  207): [com.android.mms,123,0]
02-14 14:12:53.080 I/db_sample(  332): [/data/data/com.android.providers.telephony/databases/mmssms.db,SELECT transport_type, _id, thread_id, address, body, date, read,5,,2]
02-14 14:12:53.110 I/binder_sample(  650): [android.view.IWindowSession,4,28,com.android.settings,5]
