02-14 14:09:27.730 I/am_proc_bound(  207): [626,com.android.voicedialer]
02-14 14:09:27.750 I/am_proc_start(  207): [634,10010,com.swype.android.inputmethod,broadcast,com.swype.android.inputmethod/.SwypeDataInitializer]
02-14 14:09:27.760 I/dvm_gc_madvise_info(  634): [389120,151552]
02-14 14:09:27.770 I/am_proc_bound(  207): [634,com.swype.android.inputmethod]
02-14 14:09:27.890 I/am_proc_start(  207): [642,10012,com.sprint.ce.updater,broadcast,com.sprint.ce.updater/.BootCompletedReceiver]
02-14 14:09:27.900 I/dvm_gc_madvise_info(  642): [385024,151552]
02-14 14:09:27.920 I/am_proc_bound(  207): [642,com.sprint.ce.updater]
02-14 14:09:27.940 I/am_create_service(  207): [1085356800,com.sprint.ce.updater/.UpdaterService,act=com.sprint.action.CLEANUP_FILES,642]
02-14 14:09:27.940 I/am_create_service(  207): [1079560848,com.sprint.w.installer/.DownloadService,act=com.sprint.action.ACTION_CLEANUP,471]
02-14 14:09:28.091 I/dvm_gc_madvise_info(  510): [421888,151552]
02-14 14:09:28.181 I/am_proc_start(  207): [650,1000,com.android.settings,broadcast,com.android.qualcomm/.Dun_Autoboot]
02-14 14:09:28.191 I/am_destroy_service(  207): [1079560848,com.sprint.w.installer/.DownloadService,471]
02-14 14:09:28.211 I/dvm_gc_madvise_info(  650): [385024,151552]
02-14 14:09:28.221 I/am_proc_bound(  207): [650,com.android.settings]
02-14 14:09:28.261 I/dvm_gc_info(  120): [8825198673194755118,-9136812673171879890,-4006087072769275858,7358131]
02-14 14:09:28.271 I/am_create_service(  207): [1081268040,com.android.qualcomm/.DunService,,650]
02-14 14:09:28.301 I/dvm_gc_info(  120): [8825198673194528824,-9222662541068629970,-4006087072769275858,7358131]
02-14 14:09:28.321 I/dvm_gc_info(  120): [8825198673194479664,-9222662541068629970,-4006087072769275858,7358131]
02-14 14:09:28.321 I/am_proc_start(  207): [658,10024,com.irdeto.providers.drm,broadcast,com.irdeto.providers.drm/.OmaDrmReceiver]
02-14 14:09:28.331 I/am_proc_bound(  207): [658,com.irdeto.providers.drm]
02-14 14:09:28.351 I/am_create_service(  207): [1080215240,com.irdeto.providers.drm/.OmaDrmService,act=android.intent.action.BOOT_COMPLETED,658]
02-14 14:09:28.351 I/am_proc_start(  207): [665,10030,com.android.mms,broadcast,com.android.mms/.transaction.MmsSystemEventReceiver]
02-14 14:09:28.371 I/am_proc_bound(  207): [665,com.android.mms]
02-14 14:09:28.421 I/db_sample(  618): [/data/data/com.sprint.zone/databases/zone.db,CREATE TABLE table_alert (id INTEGER PRIMARY KEY AUTOINCREMENT, ,181,,37]
02-14 14:09:28.621 I/content_query_sample(  618): [content://com.sprint.zone.provider.ZoneProvider/versions_tbl,,,,791,,100]
02-14 14:09:28.761 I/db_sample(  207): [/data/data/com.android.providers.settings/databases/settings.db,INSERT INTO system(value, name) VALUES(?, ?);,32,,7]
02-14 14:09:29.732 I/wifi_supplicant_state_changed(  207): 2
02-14 14:09:29.932 I/notification_cancel(  207): [com.android.phone,111,0]
02-14 14:09:30.693 I/wifi_supplicant_state_changed(  207): 1
02-14 14:09:30.713 I/db_sample(  207): [/data/data/com.android.providers.settings/databases/settings.db,INSERT INTO system(value, name) VALUES(?, ?);,1955,,100]
02-14 14:09:30.733 I/binder_sample(  665): [android.content.IContentProvider,3,1968,com.android.mms,100]
02-14 14:09:30.733 I/content_update_sample(  665): [content://settings/system,insert,,1971,com.android.mms,100]
02-14 14:09:30.753 I/db_sample(  618): [/data/data/com.sprint.zone/databases/zone.db,DELETE FROM table_settings,2014,,100]
02-14 14:09:30.763 I/content_update_sample(  618): [content://com.sprint.zone.provider.ZoneProvider/table_settings,delete,,2020,,100]
02-14 14:09:31.464 I/dvm_gc_madvise_info(  419): [266240,151552]
02-14 14:09:31.884 I/dvm_gc_madvise_info(  332): [180224,151552]
02-14 14:09:32.345 I/dvm_gc_madvise_info(  207): [3428352,151552]
02-14 14:09:32.705 I/dvm_gc_madvise_info(  618): [598016,151552]
02-14 14:09:33.376 I/dvm_gc_madvise_info(  665): [176128,151552]
02-14 14:09:33.386 I/dvm_gc_madvise_info(  658): [303104,151552]
02-14 14:09:33.586 I/db_sample(  207): [/data/data/com.android.providers.settings/databases/settings.db,INSERT INTO system(value, name) VALUES(?, ?);,2843,,100]
02-14 14:09:33.596 I/db_sample(  618): [/data/data/com.sprint.zone/databases/zone.db,INSERT INTO table_settings(id, show, title, desc, tag) VALUES(?,,2814,,100]
02-14 14:09:33.606 I/binder_sample(  665): [android.content.IContentProvider,3,2872,com.android.mms,100]
02-14 14:09:33.606 I/content_update_sample(  665): [content://settings/system,insert,,2874,com.android.mms,100]
02-14 14:09:33.616 I/content_update_sample(  618): [content://com.sprint.zone.provider.ZoneProvider/table_settings,insert,,2854,,100]
02-14 14:09:33.746 I/db_sample(  207): [/data/data/com.android.providers.settings/databases/settings.db,INSERT INTO system(value, name) VALUES(?, ?);,35,,8]
02-14 14:09:33.966 I/db_sample(  618): [/data/data/com.sprint.zone/databases/zone.db,INSERT INTO report_tbl(id, time, action, data, type, slot) VALUE,71,,15]
02-14 14:09:33.966 I/content_update_sample(  618): [content://com.sprint.zone.provider.ZoneProvider/report_tbl,insert,,79,,16]
02-14 14:09:33.996 I/binder_sample(  665): [android.content.IContentProvider,3,45,com.android.mms,9]
02-14 14:09:33.996 I/content_update_sample(  665): [content://settings/system,insert,,45,com.android.mms,10]
02-14 14:09:34.307 I/content_update_sample(  618): [content://com.sprint.zone.provider.ZoneProvider/features_tbl,insert,,130,,27]
02-14 14:09:34.347 I/content_update_sample(  618): [content://com.sprint.zone.provider.ZoneProvider/report_tbl,insert,,38,,8]
02-14 14:09:34.357 I/db_sample(  332): [/data/data/com.android.providers.telephony/databases/mmssms.db,CREATE TABLE threads (_id INTEGER PRIMARY KEY,date INTEGER DEFAU,1,,1]
02-14 14:09:34.487 I/db_sample(  332): [/data/data/com.android.providers.telephony/databases/mmssms.db,INSERT INTO qktxt(quicktext, language, country) VALUES(?, ?, ?);,0,,1]
02-14 14:09:34.547 I/dvm_gc_info(  332): [8099846449757537906,-8952164057523120071,-4003835272955594707,7358131]
02-14 14:09:34.637 I/db_sample(  618): [/data/data/com.sprint.zone/databases/zone.db,UPDATE features_tbl SET icon=? WHERE id=1,127,,26]
02-14 14:09:34.637 I/content_update_sample(  618): [content://com.sprint.zone.provider.ZoneProvider/features_tbl,update,id=1,137,,28]
02-14 14:09:34.757 I/backup_data_changed(  207): com.android.providers.settings
02-14 14:09:34.787 I/db_sample(  332): [/data/data/com.android.providers.telephony/databases/mmssms.db,INSERT INTO qktxt(quicktext, language, country) VALUES(?, ?, ?);,0,,1]
02-14 14:09:34.937 I/db_sample(  332): [/data/data/com.android.providers.telephony/databases/mmssms.db,INSERT INTO qktxt(quicktext, language, country) VALUES(?, ?, ?);,0,,1]
02-14 14:09:34.987 I/db_sample(  332): [/data/data/com.android.providers.telephony/databases/mmssms.db,INSERT INTO qktxt(quicktext, language, country) VALUES(?, ?, ?);,0,,1]
02-14 14:09:34.987 I/db_sample(  332): [/data/data/com.android.providers.telephony/databases/mmssms.db,INSERT INTO qktxt(quicktext, language, country) VALUES(?, ?, ?);,0,,1]
02-14 14:09:35.007 I/content_query_sample(  665): [content://mms-sms/canonical-addresses,,,,722,,100]
02-14 14:09:35.007 I/dvm_gc_info(  332): [8099846449757521542,-8925986815969552327,-4003835272955594707,7358131]
02-14 14:09:35.017 I/db_sample(  618): [/data/data/com.sprint.zone/databases/zone.db,UPDATE features_tbl SET icon=? WHERE id=2,100,,21]
02-14 14:09:35.047 I/dvm_gc_info(  408): [3347973793971771014,-8979467680171030480,-4006650022722701267,7358131]
02-14 14:09:35.307 I/notification_cancel(  207): [com.android.phone,111,0]
02-14 14:09:35.307 I/notification_cancel(  207): [com.android.phone,111,0]
02-14 14:09:35.338 I/binder_sample(  665): [android.content.IContentProvider,4,1038,com.android.mms,100]
02-14 14:09:35.338 I/content_update_sample(  665): [content://mms/drm,delete,,1039,com.android.mms,100]
02-14 14:09:35.358 I/content_query_sample(  665): [content://mms-sms/conversations?simple=true,_id/date/message_count/recipient_ids/snippet/snippet_cs/read/error/has_attachment/recipient_cc_ids/recipient_bcc_ids/sticktop_date,,,1056,,100]
02-14 14:09:35.358 I/content_query_sample(  665): [content://mms-sms/draft,thread_id,,,1071,,100]
02-14 14:09:35.408 I/binder_sample(  332): [com.android.internal.telephony.ITelephonyRegistry,14,12,com.android.phone,2]
02-14 14:09:35.468 I/notification_cancel(  207): [com.android.phone,7,0]
02-14 14:09:35.468 I/notification_cancel(  207): [com.android.mms,123,0]
02-14 14:09:35.468 I/am_create_service(  207): [1082955464,com.android.mms/.transaction.SmsReceiverService,act=android.intent.action.BOOT_COMPLETED,665]
02-14 14:09:35.488 I/am_create_service(  207): [1084821704,com.android.providers.media/.MediaScannerService,,486]
02-14 14:09:35.498 I/am_proc_start(  207): [684,10033,com.google.android.apps.maps:FriendService,broadcast,com.google.android.apps.maps/com.google.googlenav.friend.android.ServiceReceiver]
02-14 14:09:35.498 I/notification_cancel(  207): [com.android.phone,7,0]
02-14 14:09:35.498 I/notification_cancel(  207): [com.android.phone,7,0]
02-14 14:09:35.498 I/notification_cancel(  207): [com.android.phone,7,0]
02-14 14:09:35.508 I/notification_cancel(  207): [com.android.phone,7,0]
02-14 14:09:35.508 I/notification_cancel(  207): [com.android.phone,7,0]
02-14 14:09:35.508 I/notification_cancel(  207): [com.android.phone,7,0]
02-14 14:09:35.508 I/notification_cancel(  207): [com.android.phone,7,0]
02-14 14:09:35.508 I/notification_cancel(  207): [com.android.phone,7,0]
02-14 14:09:35.508 I/notification_cancel(  207): [com.android.phone,7,0]
02-14 14:09:35.528 I/dvm_gc_madvise_info(  684): [393216,151552]
02-14 14:09:35.578 I/am_proc_bound(  207): [684,com.google.android.apps.maps:FriendService]
02-14 14:09:35.728 I/dvm_gc_info(  684): [7881704463071761966,-9038014475226085322,-4004679697885726675,7358131]
02-14 14:09:35.798 I/content_update_sample(  665): [content://sms/outbox,update,type = 4,116,,24]
02-14 14:09:35.978 I/db_sample(  618): [/data/data/com.sprint.zone/databases/zone.db,INSERT INTO categories_tbl(sid, title, expanded, app_scheme) VAL,184,,37]
02-14 14:09:35.978 I/content_update_sample(  618): [content://com.sprint.zone.provider.ZoneProvider/categories_tbl,insert,,205,,42]
02-14 14:09:36.028 I/dvm_gc_info(  684): [7881704463071765950,-9052087811610404803,-4002709373048752083,7358131]
02-14 14:09:36.138 I/content_update_sample(  618): [content://com.sprint.zone.provider.ZoneProvider/features_tbl,insert,,156,,32]
02-14 14:09:36.168 I/am_proc_start(  207): [691,1000,com.android.zte.HiddenMenu,broadcast,com.android.zte.HiddenMenu/.CommandReceiver]
02-14 14:09:36.178 I/dvm_gc_madvise_info(  691): [393216,151552]
02-14 14:09:36.188 I/am_proc_bound(  207): [691,com.android.zte.HiddenMenu]
02-14 14:09:36.218 I/notification_cancel(  207): [com.android.mms,123,0]
02-14 14:09:36.278 I/am_destroy_service(  207): [1082955464,com.android.mms/.transaction.SmsReceiverService,665]
02-14 14:09:36.278 I/am_kill (  207): [453,com.google.android.apps.uploader,12,too many background]
02-14 14:09:36.288 I/am_proc_died(  207): [453,com.google.android.apps.uploader]
02-14 14:09:36.298 I/backup_data_changed(  207): com.android.providers.settings
02-14 14:09:36.308 I/am_kill (  207): [463,com.google.android.gm,14,too many background]
02-14 14:09:36.318 I/am_create_service(  207): [1081592880,com.google.android.gsf/.checkin.CheckinService,,387]
02-14 14:09:36.328 I/db_sample(  486): [/data/data/com.android.providers.media/databases/internal.db,PRAGMA user_version;,0,,1]
02-14 14:09:36.338 I/am_proc_died(  207): [463,com.google.android.gm]
02-14 14:09:36.359 I/am_create_service(  207): [1081538608,com.google.android.gsf/.checkin.EventLogService,,387]
02-14 14:09:36.369 I/am_create_service(  207): [1081549248,com.google.android.gsf/.update.SystemUpdateService,,387]
02-14 14:09:36.419 I/am_create_task(  207): 4
02-14 14:09:36.419 I/am_create_activity(  207): [1083192080,4,com.google.android.gsf/.update.SystemUpdateInstallDialog,NULL,NULL,NULL,276824064]
02-14 14:09:36.419 I/am_pause_activity(  207): [1079441960,com.sprint.w.installer/.WInstaller]
02-14 14:09:36.419 I/am_on_paused_called(  471): com.sprint.w.installer.WInstaller
02-14 14:09:36.419 I/binder_sample(  207): [android.app.IApplicationThread,1,6,system_server,1]
02-14 14:09:36.429 I/am_restart_activity(  207): [1083192080,4,com.google.android.gsf/.update.SystemUpdateInstallDialog]
02-14 14:09:36.429 I/notification_cancel(  207): [com.google.android.gsf,2130837525,0]
02-14 14:09:36.429 I/notification_cancel(  207): [com.google.android.gsf,2130837526,0]
02-14 14:09:36.439 I/am_destroy_service(  207): [1081549248,com.google.android.gsf/.update.SystemUpdateService,387]
02-14 14:09:36.439 I/system_update(  387): [512,0,-1,NULL]
02-14 14:09:36.449 I/power_screen_state(  207): [0,3,0,0]
02-14 14:09:36.459 I/power_screen_broadcast_send(  207): 1
02-14 14:09:36.459 I/screen_toggled(  207): 0
02-14 14:09:36.459 I/am_pause_activity(  207): [1083192080,com.google.android.gsf/.update.SystemUpdateInstallDialog]
02-14 14:09:36.529 I/db_sample(  486): [/data/data/com.android.providers.media/databases/internal.db,DROP TABLE IF EXISTS thumbnails,196,,40]
02-14 14:09:36.559 I/dvm_gc_info(  207): [8320808730291676975,-8908810106236581791,-3982724649702295507,8558625]
02-14 14:09:36.569 I/am_finish_activity(  207): [1083192080,4,com.google.android.gsf/.update.SystemUpdateInstallDialog,app-request]
02-14 14:09:36.589 I/db_sample(  486): [/data/data/com.android.providers.media/databases/internal.db,DROP TABLE IF EXISTS audio_genres,0,,1]
02-14 14:09:36.589 I/aggregation(  387): 1329250176601
02-14 14:09:36.599 I/db_sample(  618): [/data/data/com.sprint.zone/databases/zone.db,INSERT INTO features_tbl(sid, enabled, desc, visible, expiration,259,,52]
02-14 14:09:36.609 I/content_update_sample(  618): [content://com.sprint.zone.provider.ZoneProvider/features_tbl,insert,,265,,54]
02-14 14:09:36.629 I/binder_sample(  548): [android.content.pm.IPackageManager,50,145,com.google.android.partnersetup,29]
02-14 14:09:36.639 I/am_destroy_service(  207): [1081592880,com.google.android.gsf/.checkin.CheckinService,387]
02-14 14:09:36.659 I/db_sample(  387): [/data/data/com.google.android.gsf/databases/gservices.db,SELECT name, value FROM main WHERE name LIKE ?,8,,2]
02-14 14:09:36.669 I/db_sample(  387): [/data/data/com.google.android.gsf/databases/googlesettings.db,INSERT INTO partner(value, name) VALUES(?, ?);,37,,8]
02-14 14:09:36.669 I/content_update_sample(  548): [content://com.google.settings/partner,insert,,42,com.google.android.partnersetup,9]
02-14 14:09:36.679 I/am_destroy_service(  207): [1081538608,com.google.android.gsf/.checkin.EventLogService,387]
02-14 14:09:36.749 I/binder_sample(  548): [android.content.IContentProvider,3,38,com.google.android.partnersetup,7]
02-14 14:09:36.869 I/am_create_service(  207): [1086395488,com.google.android.partnersetup/.AppHiderService,,548]
02-14 14:09:36.879 I/db_sample(  618): [/data/data/com.sprint.zone/databases/zone.db,INSERT INTO report_tbl(id, time, action, data, type, slot) VALUE,59,,12]
02-14 14:09:37.039 I/content_update_sample(  618): [content://com.sprint.zone.provider.ZoneProvider/features_tbl,insert,,142,,29]
02-14 14:09:37.069 I/am_resume_activity(  207): [1079441960,3,com.sprint.w.installer/.WInstaller]
02-14 14:09:37.069 I/am_on_resume_called(  471): com.sprint.w.installer.WInstaller
02-14 14:09:37.079 I/am_pause_activity(  207): [1079441960,com.sprint.w.installer/.WInstaller]
02-14 14:09:37.089 I/am_on_paused_called(  471): com.sprint.w.installer.WInstaller
02-14 14:09:37.099 I/am_destroy_activity(  207): [1083192080,4,com.google.android.gsf/.update.SystemUpdateInstallDialog]
02-14 14:09:37.139 I/content_update_sample(  548): [content://com.google.android.partnersetup.rlzprovider/events,update,,253,com.google.android.partnersetup,51]
02-14 14:09:37.309 I/db_sample(  618): [/data/data/com.sprint.zone/databases/zone.db,INSERT INTO report_tbl(id, time, action, data, type, slot) VALUE,260,,53]
02-14 14:09:37.319 I/am_proc_start(  207): [703,10043,com.google.android.gm,broadcast,com.google.android.gm/.MailIntentReceiver]
02-14 14:09:37.339 I/dvm_gc_madvise_info(  703): [389120,151552]
02-14 14:09:37.349 I/am_proc_bound(  207): [703,com.google.android.gm]
02-14 14:09:37.420 I/am_create_service(  207): [1080150928,com.google.android.gm/.MailIntentService,act=android.intent.action.BOOT_COMPLETED,703]
02-14 14:09:37.430 I/am_create_service(  207): [1081293520,com.google.android.gm/.downloadprovider.DownloadService,,703]
02-14 14:09:37.440 I/am_create_service(  207): [1082755192,com.android.email/.service.EmailBroadcastProcessorService,,567]
02-14 14:09:37.670 I/am_create_service(  207): [1079613128,com.android.providers.downloads/.DownloadService,,486]
02-14 14:09:37.680 I/am_create_service(  207): [1080138768,com.google.android.gsf/.loginservice.GoogleLoginService,act=android.accounts.AccountAuthenticator,387]
02-14 14:09:37.680 I/binder_sample(  486): [android.app.IActivityManager,34,122,android.process.media,24]
02-14 14:09:37.690 I/notification_cancel_all(  207): [com.android.providers.downloads,0]
02-14 14:09:37.700 I/am_proc_start(  207): [715,10049,com.dataviz.docstogo,broadcast,com.dataviz.docstogo/com.dataviz.dxtg.common.android.DTGPhoneBootReceiver]
02-14 14:09:37.710 I/dvm_gc_madvise_info(  715): [389120,151552]
02-14 14:09:37.730 I/am_destroy_service(  207): [1080150928,com.google.android.gm/.MailIntentService,703]
02-14 14:09:37.730 I/am_proc_bound(  207): [715,com.dataviz.docstogo]
02-14 14:09:37.850 I/am_destroy_service(  207): [1080138768,com.google.android.gsf/.loginservice.GoogleLoginService,387]
02-14 14:09:37.890 I/am_create_service(  207): [1081752056,com.android.email/com.android.exchange.SyncManager,,567]
02-14 14:09:37.900 I/am_destroy_service(  207): [1082755192,com.android.email/.service.EmailBroadcastProcessorService,567]
02-14 14:09:37.980 I/db_sample(  618): [/data/data/com.sprint.zone/databases/zone.db,INSERT INTO categories_tbl(sid, title, expanded, app_scheme) VAL,158,,32]
02-14 14:09:38.040 I/am_destroy_service(  207): [1081752056,com.android.email/com.android.exchange.SyncManager,567]
02-14 14:09:38.050 I/am_proc_died(  207): [715,com.dataviz.docstogo]
02-14 14:09:38.050 I/am_broadcast_discard_app(  207): [1083064408,android.intent.action.BOOT_COMPLETED,31,ResolveInfo{406a8dd0 com.dataviz.dxtg.common.android.DTGPhoneBootReceiver p=0 o=0 m=0x108000}]
02-14 14:09:38.110 I/am_destroy_service(  207): [1086395488,com.google.android.partnersetup/.AppHiderService,548]
02-14 14:09:38.220 I/am_create_service(  207): [1081596240,com.android.contacts/.LoadGroupService,,393]
02-14 14:09:38.300 I/dvm_gc_info(  393): [7017575181484922443,-8989600641809676235,-4004961172862437331,7358131]
02-14 14:09:38.310 I/contacts_aggregation(  393): [1329250178317,-1]
02-14 14:09:38.310 I/contacts_aggregation(  393): [2,1]
02-14 14:09:38.320 I/dvm_gc_info(  207): [8320808730291709749,-8916972880561174431,-3982724649702295507,8558625]
02-14 14:09:38.330 I/content_query_sample(  486): [content://downloads/all_downloads,,,,558,,100]
02-14 14:09:38.370 I/am_destroy_service(  207): [1079613128,com.android.providers.downloads/.DownloadService,486]
02-14 14:09:38.390 I/dvm_gc_info(  618): [3349111792835003970,-9014933527219759055,-4005805597792569299,7358138]
02-14 14:09:38.411 I/am_proc_start(  207): [726,10052,com.android.camera,broadcast,com.android.camera/.BootCamera]
02-14 14:09:38.421 I/dvm_gc_madvise_info(  726): [389120,151552]
02-14 14:09:38.431 I/am_proc_bound(  207): [726,com.android.camera]
02-14 14:09:38.481 I/am_proc_start(  207): [733,10053,com.android.providers.calendar,broadcast,com.android.providers.calendar/.CalendarReceiver]
02-14 14:09:38.491 I/dvm_gc_madvise_info(  733): [389120,151552]
02-14 14:09:38.501 I/am_proc_bound(  207): [733,com.android.providers.calendar]
02-14 14:09:38.501 I/db_sample(  618): [/data/data/com.sprint.zone/databases/zone.db,INSERT INTO categories_tbl(sid, title, expanded, app_scheme) VAL,93,,19]
02-14 14:09:38.551 I/am_proc_start(  207): [742,10054,com.android.calendar,broadcast,com.android.calendar/.AlertReceiver]
02-14 14:09:38.561 I/dvm_gc_madvise_info(  742): [385024,151552]
02-14 14:09:38.571 I/am_proc_bound(  207): [742,com.android.calendar]
02-14 14:09:38.621 I/am_create_service(  207): [1085923648,com.android.providers.calendar/.EmptyService,,733]
02-14 14:09:38.631 I/am_create_service(  207): [1085727816,com.android.calendar/.AlertService,,742]
02-14 14:09:38.701 I/content_update_sample(  618): [content://com.sprint.zone.provider.ZoneProvider/features_tbl,insert,,183,,37]
02-14 14:09:38.721 I/am_proc_start(  207): [752,10031,com.google.android.apps.uploader,broadcast,com.google.android.apps.uploader/.ConnectivityBroadcastReceiver]
02-14 14:09:38.741 I/dvm_gc_madvise_info(  752): [385024,151552]
02-14 14:09:38.741 I/am_proc_bound(  207): [752,com.google.android.apps.uploader]
02-14 14:09:38.801 I/binder_sample(  577): [android.app.IActivityManager,16,117,com.google.android.googlequicksearchbox,23]
02-14 14:09:38.811 I/am_create_service(  207): [1085381600,com.google.android.gsf/.gtalkservice.PushMessagingRegistrar,act=com.google.android.c2dm.intent.REGISTER,387]
02-14 14:09:38.821 I/am_create_service(  207): [1084234192,com.locationlabs.v3client/.AccountService,act=com.locationlabs.action.GET_ACCOUNT pkg=com.locationlabs.v3client,353]
02-14 14:09:38.831 I/am_create_service(  207): [1083827536,com.locationlabs.v3client/.GpsStateService,act=com.locationlabs.action.TURN_OFF_GPS_DETECTION pkg=com.locationlabs.v3client,353]
02-14 14:09:38.831 I/am_create_service(  207): [1083618912,com.locationlabs.v3client/.FeatureService,act=com.locationlabs.v3client.action.RESTART pkg=com.locationlabs.v3client,353]
02-14 14:09:38.911 I/am_destroy_service(  207): [1083827536,com.locationlabs.v3client/.GpsStateService,353]
02-14 14:09:38.941 I/am_proc_start(  207): [765,10022,com.android.vending,broadcast,com.android.vending/com.google.android.finsky.receivers.PersistentPackageMonitorReceiver]
02-14 14:09:39.001 I/dvm_gc_madvise_info(  765): [385024,151552]
02-14 14:09:39.011 I/dvm_gc_info(  120): [8825198673194738736,-9133716448428062674,-4006087072769275858,7358131]
02-14 14:09:39.051 I/dvm_gc_info(  387): [7449358886915651173,-9007615040352737229,-4005524122815858643,7358132]
02-14 14:09:39.061 I/am_proc_bound(  207): [765,com.android.vending]
02-14 14:09:39.061 I/content_update_sample(  618): [content://com.sprint.zone.provider.ZoneProvider/features_tbl,insert,,188,,38]
02-14 14:09:39.091 I/dvm_gc_info(  120): [8825198673194713136,-9222662541068629970,-4006087072769275858,7358131]
02-14 14:09:39.151 I/dvm_gc_info(  120): [8825198673194598456,-9222662541068629970,-4006087072769275858,7358131]
02-14 14:09:39.181 I/am_destroy_service(  207): [1083618912,com.locationlabs.v3client/.FeatureService,353]
02-14 14:09:39.221 I/backup_data_changed(  207): com.android.vending
02-14 14:09:39.251 I/db_sample(  618): [/data/data/com.sprint.zone/databases/zone.db,INSERT INTO report_tbl(id, time, action, data, type, slot) VALUE,182,,37]
02-14 14:09:39.261 I/content_update_sample(  618): [content://com.sprint.zone.provider.ZoneProvider/report_tbl,insert,,199,,40]
02-14 14:09:39.371 I/content_update_sample(  618): [content://com.sprint.zone.provider.ZoneProvider/features_tbl,insert,,17,,4]
02-14 14:09:39.602 I/content_update_sample(  618): [content://com.sprint.zone.provider.ZoneProvider/features_tbl,insert,,180,,37]
02-14 14:09:39.602 I/am_proc_start(  207): [788,10028,com.google.android.music:main,broadcast,com.google.android.music/.store.MediaStoreImportService$Receiver]
02-14 14:09:39.612 I/am_create_service(  207): [1081231304,com.sprint.w.installer/.service.D2CPackService,,471]
02-14 14:09:39.622 I/am_proc_bound(  207): [788,com.google.android.music:main]
02-14 14:09:39.882 I/dvm_gc_info(  788): [7887337218879018545,-9036607100342536138,-4004961172862437331,7358131]
02-14 14:09:39.902 I/db_sample(  486): [/data/data/com.android.providers.media/databases/internal.db,INSERT INTO audio_meta(album_artist, date_modified, track, is_ri,532,,100]
02-14 14:09:39.912 I/dvm_gc_info(  416): [3346293774834947635,-9016340695860922314,-4004679697885726675,7358131]
02-14 14:09:39.932 I/db_sample(  618): [/data/data/com.sprint.zone/databases/zone.db,INSERT INTO report_tbl(id, time, action, data, type, slot) VALUE,188,,38]
02-14 14:09:39.952 I/db_sample(  703): [/data/data/com.google.android.gm/databases/downloads.db,COMMIT;PRAGMA user_version = 100,718,,100]
02-14 14:09:39.962 I/dvm_gc_info(  353): [8517260637557024346,-9010992877529012174,-4005805597792569299,7358131]
02-14 14:09:39.962 I/content_query_sample(  765): [content://downloads/my_downloads,_id/uri/status/lastmod/title,,,513,,100]
02-14 14:09:39.982 I/am_create_service(  207): [1082775632,com.locationlabs.v3client/.V3ApiService,act=com.locationlabs.v3client.action.GET_ACCOUNT pkg=com.locationlabs.v3client,353]
02-14 14:09:39.992 I/am_destroy_service(  207): [1084234192,com.locationlabs.v3client/.AccountService,353]
02-14 14:09:40.002 I/content_query_sample(  703): [content://gmail-downloads/download,_id,status >= '200',lastmod,2472,,100]
02-14 14:09:40.022 I/dvm_gc_madvise_info(  332): [311296,151552]
02-14 14:09:40.062 I/dvm_gc_madvise_info(  408): [385024,151552]
02-14 14:09:40.172 I/am_proc_start(  207): [800,10033,com.google.android.apps.maps:LocationFriendService,broadcast,com.google.android.apps.maps/com.google.googlenav.friend.reporting.LocationReportingIntentReceiver]
02-14 14:09:40.202 I/am_proc_bound(  207): [800,com.google.android.apps.maps:LocationFriendService]
02-14 14:09:40.382 I/connectivity_state_changed(  207): 3112
02-14 14:09:40.452 I/notification_cancel(  207): [com.android.phone,7,0]
02-14 14:09:40.452 I/notification_cancel(  207): [com.android.phone,7,0]
02-14 14:09:40.452 I/notification_cancel(  207): [com.android.phone,7,0]
02-14 14:09:40.452 I/notification_cancel(  207): [com.android.phone,7,0]
02-14 14:09:40.493 I/dvm_gc_info(  800): [7881704463071766061,-9038295950202795978,-4004679697885726675,7358131]
02-14 14:09:40.533 I/db_sample(  618): [/data/data/com.sprint.zone/databases/zone.db,UPDATE versions_tbl SET pages_ver=?,341,,69]
02-14 14:09:40.563 I/db_sample(  486): [/data/data/com.android.providers.media/databases/internal.db,INSERT INTO audio_meta(album_artist, date_modified, track, is_ri,376,,76]
02-14 14:09:40.573 I/content_update_sample(  618): [content://com.sprint.zone.provider.ZoneProvider/versions_tbl,update,,388,,78]
02-14 14:09:40.583 I/db_sample(  618): [/data/data/com.sprint.zone/databases/zone.db,SELECT icon, enabled, sid, desc, visible, expiration, extra, uri,1,,1]
02-14 14:09:40.623 I/dvm_gc_info(  353): [8517260637557343845,-8940905470872319949,-4005524122815858643,7358131]
02-14 14:09:40.653 I/am_kill (  207): [595,com.qualcomm.privinit,12,too many background]
02-14 14:09:40.693 I/power_screen_broadcast_done(  207): [0,4235,1]
02-14 14:09:40.893 I/dvm_gc_info(  471): [7597136565101487724,-8986223079595280335,-4005805597792569299,7358152]
02-14 14:09:40.953 I/dvm_gc_info(  471): [7597136565101536089,-9186351788036556751,-4005805597792569299,7358152]
02-14 14:09:41.013 I/dvm_gc_info(  471): [7597136565101662981,-9194795899882145742,-4005242647839147987,7358152]
02-14 14:09:41.023 I/am_proc_died(  207): [595,com.qualcomm.privinit]
02-14 14:09:41.043 I/dvm_gc_info(  471): [7597136565101514752,-9223224872529921998,-4005242647839147987,7358152]
02-14 14:09:41.083 I/dvm_gc_info(  471): [7597136565101563904,-9223224735057414092,-4004961172862437331,7358152]
02-14 14:09:41.103 I/content_query_sample(  207): [content://telephony/carriers/preferapn,apn,,name ASC,601,,100]
02-14 14:09:41.103 I/content_query_sample(  733): [content://com.android.calendar/calendar_alerts,alarmTime,state=0 AND alarmTime<? AND alarmTime>? AND end>=?,alarmTime ASC,503,,100]
02-14 14:09:41.123 I/am_create_service(  207): [1081625608,com.google.android.gsf/.checkin.CheckinService,,387]
02-14 14:09:41.143 I/am_create_service(  207): [1081324048,com.android.providers.downloads/.DownloadService,,486]
02-14 14:09:41.153 I/am_create_service(  207): [1085837784,com.google.android.gsf/.loginservice.GoogleLoginService,act=android.accounts.AccountAuthenticator,387]
02-14 14:09:41.163 I/notification_cancel_all(  207): [com.android.providers.downloads,0]
02-14 14:09:41.203 I/dvm_gc_info(  471): [7597136565101470387,-9203521486670890955,-4004398222909016019,7358152]
02-14 14:09:41.213 I/am_destroy_service(  207): [1085837784,com.google.android.gsf/.loginservice.GoogleLoginService,387]
02-14 14:09:41.213 I/gtalkservice(  387): 11
02-14 14:09:41.233 I/dvm_gc_info(  471): [7597136565101522944,-9223224597568128969,-4004116747932305363,7358152]
02-14 14:09:41.353 I/am_destroy_service(  207): [1082586056,com.sprint.w.installer/com.sprint.id.updater.UpdaterService,471]
02-14 14:09:41.363 I/content_update_sample(  618): [content://com.sprint.zone.provider.ZoneProvider/features_tbl,update,id=8,121,,25]
02-14 14:09:41.393 I/content_query_sample(  742): [content://com.android.calendar/calendar_alerts,alarmTime,state=0 AND alarmTime<? AND alarmTime>? AND end>=?,alarmTime ASC,2522,,100]
02-14 14:09:41.403 I/aggregation(  387): 1329250181413
02-14 14:09:41.413 I/am_destroy_service(  207): [1081324048,com.android.providers.downloads/.DownloadService,486]
02-14 14:09:41.433 I/content_query_sample(  618): [content://com.sprint.zone.provider.ZoneProvider/branding_tbl,,,,2,,1]
02-14 14:09:41.453 I/dvm_gc_info(  353): [8517260637557065289,-9011274146296928203,-4004961172862437331,7358131]
02-14 14:09:41.463 I/am_destroy_service(  207): [1081293520,com.google.android.gm/.downloadprovider.DownloadService,703]
02-14 14:09:41.463 I/am_kill (  207): [634,com.swype.android.inputmethod,12,too many background]
02-14 14:09:41.514 I/am_proc_died(  207): [634,com.swype.android.inputmethod]
02-14 14:09:41.574 I/content_update_sample(  618): [content://com.sprint.zone.provider.ZoneProvider/features_tbl,update,id=10,124,,25]
02-14 14:09:41.634 I/dvm_gc_info(  207): [8320808730291865344,-8911061906050221981,-3982724649702295507,8558633]
02-14 14:09:41.704 I/content_query_sample(  742): [content://com.android.calendar/calendar_alerts,_id/event_id/state/title/eventLocation/selfAttendeeStatus/allDay/alarmTime/minutes/begin/end,(state=? OR state=?) AND alarmTime<=1329250181421,begin DESC, end DESC,298,,60]
02-14 14:09:41.764 I/notification_cancel(  207): [com.android.calendar,0,0]
02-14 14:09:41.774 I/am_destroy_service(  207): [1085727816,com.android.calendar/.AlertService,742]
02-14 14:09:41.774 I/am_kill (  207): [665,com.android.mms,12,too many background]
02-14 14:09:41.804 I/am_proc_died(  207): [665,com.android.mms]
02-14 14:09:41.814 I/db_sample(  486): [/data/data/com.android.providers.media/databases/internal.db,INSERT INTO albums(album, album_key) VALUES(?, ?);,78,,16]
02-14 14:09:41.864 I/content_query_sample(  387): [content://com.google.settings/partner,value,name=?,,7,,2]
02-14 14:09:41.914 I/am_create_service(  207): [1083901576,com.google.android.music/.MusicPreferenceService$MusicPreferenceServiceBinder,act=com.google.android.music.PREFERENCE_SERVICE,788]
02-14 14:09:42.114 I/db_sample(  788): [/data/data/com.google.android.music/databases/music.db,CREATE TABLE _sync_state (_id INTEGER PRIMARY KEY,account_name T,1,,1]
02-14 14:09:42.124 I/am_create_service(  207): [1081698584,com.google.android.music/.dl.DownloadManager$DownloadManagerService,act=com.google.android.music.accountchanged,788]
02-14 14:09:42.124 I/am_create_service(  207): [1085451192,com.google.android.music/.store.StoreService$StoreIntentService,act=com.google.android.music.accountchanged,788]
02-14 14:09:42.134 I/am_create_service(  207): [1082350784,com.google.android.music/.store.StoreService$StoreServiceBinder,act=com.google.android.music.STORE_SERVICE,788]
02-14 14:09:42.154 I/db_sample(  486): [/data/data/com.android.providers.media/databases/internal.db,INSERT INTO audio_meta(album_artist, date_modified, track, is_ri,47,,10]
02-14 14:09:42.174 I/am_create_service(  207): [1080603784,com.google.android.music/.MusicPlaybackService,,788]
02-14 14:09:42.254 I/db_sample(  788): [/data/data/com.google.android.music/databases/music.db,GETLOCK:create index MUSIC_SONGID_INDEX on MUSIC(SongId),133,,27]
02-14 14:09:42.274 I/dvm_gc_info(  788): [7887337218879219279,-9008459259040491464,-4004116747932305363,7358131]
02-14 14:09:42.274 I/db_sample(  788): [/data/data/com.google.android.music/databases/music.db,create index MUSIC_ALBUMID_INDEX on MUSIC(AlbumId),133,,27]
02-14 14:09:42.354 I/db_sample(  618): [/data/data/com.sprint.zone/databases/zone.db,INSERT INTO pages_tbl(sid, page_order, pid) VALUES(?, ?, ?);,73,,15]
02-14 14:09:42.414 I/am_create_service(  207): [1083263928,com.sprint.w.installer/.TutorialService,,471]
02-14 14:09:42.444 I/am_destroy_service(  207): [1081231304,com.sprint.w.installer/.service.D2CPackService,471]
02-14 14:09:42.444 I/am_destroy_service(  207): [1083263928,com.sprint.w.installer/.TutorialService,471]
02-14 14:09:42.525 I/am_proc_start(  207): [829,10050,com.android.defcontainer,service,com.android.defcontainer/.DefaultContainerService]
02-14 14:09:42.585 I/dvm_gc_info(  471): [7597136565101483365,-9063346810678929347,-4002146423095330771,7358152]
02-14 14:09:42.585 I/am_proc_bound(  207): [829,com.android.defcontainer]
02-14 14:09:42.585 I/am_create_service(  207): [1085772560,com.android.defcontainer/.DefaultContainerService,,829]
02-14 14:09:42.595 I/am_create_service(  207): [1082263584,com.sprint.w.installer/.VoicemailService,,471]
02-14 14:09:42.605 I/am_create_service(  207): [1081499128,com.sprint.w.installer/.AlarmService,,471]
02-14 14:09:42.615 I/am_destroy_service(  207): [1082263584,com.sprint.w.installer/.VoicemailService,471]
02-14 14:09:42.655 I/dvm_gc_info(  829): [7234300953690748076,-9086710127367710674,-4006931497699411923,7358131]
02-14 14:09:42.655 I/am_finish_activity(  207): [1079441960,3,com.sprint.w.installer/.WInstaller,app-request]
02-14 14:09:42.675 I/content_update_sample(  618): [content://com.sprint.zone.provider.ZoneProvider/pages_tbl,insert,,304,,61]
02-14 14:09:42.675 I/am_resume_activity(  207): [1080289872,3,com.android.launcher/com.android.launcher2.Launcher]
02-14 14:09:42.685 I/am_pause_activity(  207): [1080289872,com.android.launcher/com.android.launcher2.Launcher]
02-14 14:09:42.695 I/am_proc_start(  207): [839,10019,com.sprint.w.prefact,service,com.sprint.w.prefact/.PreferredSetterService]
02-14 14:09:42.695 I/am_destroy_service(  207): [1081499128,com.sprint.w.installer/.AlarmService,471]
02-14 14:09:42.695 I/am_create_service(  207): [1080900184,com.sprint.w.installer/.WallpaperCaptureService,,471]
02-14 14:09:42.705 I/am_on_resume_called(  419): com.android.launcher2.Launcher
02-14 14:09:42.715 I/am_on_paused_called(  419): com.android.launcher2.Launcher
02-14 14:09:42.745 I/am_destroy_activity(  207): [1079441960,3,com.sprint.w.installer/.WInstaller]
02-14 14:09:42.745 I/am_proc_bound(  207): [839,com.sprint.w.prefact]
02-14 14:09:42.745 I/am_create_service(  207): [1079927656,com.sprint.w.prefact/.PreferredSetterService,act=com.sprint.action.SET_PREFERRED_APPLICATION,839]
02-14 14:09:42.825 I/db_sample(  788): [/data/data/com.google.android.music/databases/music.db,ALTER TABLE MUSIC ADD COLUMN LocalCopySize INTEGER DEFAULT 0,428,,86]
02-14 14:09:42.855 I/db_sample(  618): [/data/data/com.sprint.zone/databases/zone.db,DELETE FROM diagnostics_tbl,172,,35]
02-14 14:09:42.855 I/content_update_sample(  618): [content://com.sprint.zone.provider.ZoneProvider/diagnostics_tbl,delete,,174,,35]
02-14 14:09:42.945 I/dvm_gc_info(  353): [8517260637557204585,-9035480856855099339,-4005242647839147987,7358131]
02-14 14:09:42.965 I/content_update_sample(  618): [content://com.sprint.zone.provider.ZoneProvider/info_tbl,delete,,75,,16]
02-14 14:09:42.985 I/am_new_intent(  207): [1082438456,3,com.android.launcher/com.android.launcher2.Launcher,android.intent.action.MAIN,NULL,NULL,272629760]
02-14 14:09:42.985 I/am_resume_activity(  207): [1080289872,3,com.android.launcher/com.android.launcher2.Launcher]
02-14 14:09:42.995 I/am_on_resume_called(  419): com.android.launcher2.Launcher
02-14 14:09:43.005 I/am_pause_activity(  207): [1080289872,com.android.launcher/com.android.launcher2.Launcher]
02-14 14:09:43.015 I/am_on_paused_called(  419): com.android.launcher2.Launcher
02-14 14:09:43.045 I/dvm_gc_info(  419): [7809652345805080148,-8991008085312067533,-3995391023654275027,8575015]
02-14 14:09:43.075 I/content_update_sample(  618): [content://com.sprint.zone.provider.ZoneProvider/diagnostics_tbl,update,key = ?,110,,23]
02-14 14:09:43.095 I/am_destroy_service(  207): [1079927656,com.sprint.w.prefact/.PreferredSetterService,839]
02-14 14:09:43.205 I/dvm_gc_info(  471): [7597136565101532831,-8949349445111216076,-4002146423095330771,7358152]
02-14 14:09:43.205 I/db_sample(  618): [/data/data/com.sprint.zone/databases/zone.db,INSERT INTO diagnostics_tbl(title, rank, group_key, key, descrip,123,,25]
02-14 14:09:43.315 I/dvm_gc_madvise_info(  393): [151552,151552]
02-14 14:09:43.325 I/dvm_gc_info(  353): [8517260637557200463,-9067850479176824779,-4005242647839147987,7358131]
02-14 14:09:43.435 I/dvm_gc_madvise_info(  618): [266240,151552]
02-14 14:09:43.445 I/dvm_gc_info(  387): [7449358886915642958,-9000015215947974603,-4005242647839147987,7358131]
02-14 14:09:43.475 I/db_sample(  788): [/data/data/com.google.android.music/databases/music.db,DROP INDEX LISTITEMS_ORDER_INDEX,98,,20]
02-14 14:09:43.515 I/dvm_gc_info(  471): [7597136565101511620,-9179877451037243340,-4002146423095330771,8550388]
02-14 14:09:43.596 I/db_sample(  486): [/data/data/com.android.providers.media/databases/internal.db,INSERT INTO audio_meta(album_artist, date_modified, track, is_ri,53,,11]
02-14 14:09:43.696 I/dvm_gc_info(  353): [8517260637557208655,-9068413429130246091,-4005242647839147987,7358131]
02-14 14:09:43.726 I/battery_level(  207): [96,4103,310]
02-14 14:09:43.756 I/am_destroy_service(  207): [1085923648,com.android.providers.calendar/.EmptyService,733]
02-14 14:09:43.766 I/am_kill (  207): [691,com.android.zte.HiddenMenu,12,too many background]
02-14 14:09:43.766 I/am_proc_died(  207): [691,com.android.zte.HiddenMenu]
02-14 14:09:43.926 I/dvm_gc_info(  207): [8320808730291672839,-8918943205398095771,-3978502525051635667,8599594]
02-14 14:09:44.056 I/dvm_gc_info(  353): [8517260637557089871,-9068413429130246091,-4005242647839147987,7358131]
02-14 14:09:44.076 I/db_sample(  618): [/data/data/com.sprint.zone/databases/zone.db,INSERT INTO strings_tbl(id, value, name) VALUES(?, ?, ?);,48,,10]
02-14 14:09:44.156 I/dvm_gc_madvise_info(  839): [208896,151552]
02-14 14:09:44.356 I/dvm_gc_info(  353): [8517260637557081679,-9068413429130246091,-4004961172862437331,7358131]
02-14 14:09:44.396 I/dvm_gc_info(  829): [7234300953690747945,-9186915219076704210,-4006931497699411923,7358131]
02-14 14:09:44.567 I/dvm_gc_info(  207): [8320808730291947094,-9006481923155113884,-3978502525051635667,8599594]
02-14 14:09:44.577 I/db_sample(  207): [/data/data/com.android.providers.settings/databases/settings.db,INSERT INTO system(value, name) VALUES(?, ?);,153,,31]
02-14 14:09:44.577 I/content_update_sample(  618): [content://com.sprint.zone.provider.ZoneProvider/strings_tbl,insert,,169,,34]
02-14 14:09:44.707 I/am_create_service(  207): [1082014192,com.locationlabs.v3client/.ConfigurationService,act=com.locationlabs.v3client.action.CHECK_CONFIGURATION pkg=com.locationlabs.v3client,353]
02-14 14:09:44.717 I/am_proc_start(  207): [850,10021,com.svox.pico,broadcast,com.svox.pico/.VoiceDataInstallerReceiver]
02-14 14:09:44.787 I/dvm_gc_madvise_info(  850): [393216,151552]
02-14 14:09:44.807 I/am_proc_bound(  207): [850,com.svox.pico]
02-14 14:09:44.837 I/am_proc_start(  207): [857,10033,com.google.android.apps.maps,broadcast,com.google.android.apps.maps/com.google.android.location.internal.NlpPackageUpdateReceiver]
02-14 14:09:44.837 I/am_kill (  207): [548,com.google.android.partnersetup,12,too many background]
02-14 14:09:44.857 I/dvm_gc_madvise_info(  857): [389120,151552]
02-14 14:09:44.867 I/am_proc_bound(  207): [857,com.google.android.apps.maps]
02-14 14:09:44.907 I/content_update_sample(  486): [content://settings/system,insert,,493,,99]
02-14 14:09:44.967 I/db_sample(  618): [/data/data/com.sprint.zone/databases/zone.db,INSERT INTO strings_tbl(id, value, name) VALUES(?, ?, ?);,393,,79]
02-14 14:09:44.977 I/am_proc_died(  207): [548,com.google.android.partnersetup]
02-14 14:09:45.017 I/dvm_gc_info(  857): [3345437233799829037,-9037733000249374666,-4004679697885726675,7358131]
02-14 14:09:45.037 I/content_update_sample(  618): [content://com.sprint.zone.provider.ZoneProvider/strings_tbl,insert,,456,,92]
02-14 14:09:45.117 I/am_destroy_service(  207): [1082014192,com.locationlabs.v3client/.ConfigurationService,353]
02-14 14:09:45.117 I/am_destroy_service(  207): [1085772560,com.android.defcontainer/.DefaultContainerService,829]
02-14 14:09:45.117 I/am_kill (  207): [726,com.android.camera,12,too many background]
02-14 14:09:45.127 I/am_proc_died(  207): [726,com.android.camera]
02-14 14:09:45.127 I/dvm_gc_madvise_info(  416): [237568,151552]
02-14 14:09:45.137 I/google_http_request(  387): [3023,200,Android-Checkin/2.0,1]
02-14 14:09:45.237 I/binder_sample(  471): [android.content.IContentProvider,3,29,com.sprint.w.installer,5]
02-14 14:09:45.327 I/content_update_sample(  618): [content://com.sprint.zone.provider.ZoneProvider/strings_tbl,insert,,116,,24]
02-14 14:09:45.367 I/dvm_gc_info(  419): [7809652345805256249,-9031259006998456268,-3996516923561117651,8575012]
02-14 14:09:45.397 I/dvm_gc_info(  857): [3345437233799824928,-9047584211999823812,-4002709373048752083,7358131]
02-14 14:09:45.427 I/am_create_service(  207): [1079876648,com.locationlabs.v3client/.RadioSignalService,pkg=com.locationlabs.v3client,353]
02-14 14:09:45.447 I/am_create_service(  207): [1085370072,com.locationlabs.v3client/.HeartbeatService,act=com.locationlabs.v3client.action.ACTION_UPDATE_HEARTBEAT pkg=com.locationlabs.v3client,353]
02-14 14:09:45.507 I/dvm_gc_madvise_info(  800): [155648,151552]
02-14 14:09:45.527 I/am_kill (  207): [742,com.android.calendar,12,too many background]
02-14 14:09:45.537 I/am_proc_start(  207): [865,10041,com.google.android.partnersetup,broadcast,com.google.android.partnersetup/.AppInstalledReceiver]
02-14 14:09:45.547 I/dvm_gc_madvise_info(  865): [389120,151552]
02-14 14:09:45.567 I/power_screen_state(  207): [1,3,0,0]
02-14 14:09:45.567 I/power_screen_broadcast_send(  207): 1
02-14 14:09:45.567 I/screen_toggled(  207): 1
02-14 14:09:45.567 I/am_resume_activity(  207): [1080289872,3,com.android.launcher/com.android.launcher2.Launcher]
02-14 14:09:45.598 I/am_proc_bound(  207): [865,com.google.android.partnersetup]
02-14 14:09:45.618 I/am_on_resume_called(  419): com.android.launcher2.Launcher
02-14 14:09:45.658 I/content_update_sample(  618): [content://com.sprint.zone.provider.ZoneProvider/strings_tbl,insert,,150,,31]
02-14 14:09:45.658 I/am_kill (  207): [567,com.android.email,12,too many background]
02-14 14:09:45.688 I/power_screen_broadcast_done(  207): [1,124,1]
02-14 14:09:45.698 I/am_proc_died(  207): [742,com.android.calendar]
02-14 14:09:45.698 I/wifi_supplicant_state_changed(  207): 2
02-14 14:09:45.718 I/am_proc_died(  207): [567,com.android.email]
02-14 14:09:46.008 I/binder_sample(  317): [com.android.internal.telephony.ITelephony,83,274,com.android.systemui,54]
02-14 14:09:46.018 I/notification_cancel(  207): [com.android.phone,111,0]
02-14 14:09:46.018 I/content_update_sample(  618): [content://com.sprint.zone.provider.ZoneProvider/diagnostics_tbl,insert,,325,,66]
02-14 14:09:46.038 I/db_sample(  393): [:memory:,BEGIN EXCLUSIVE;,546,,100]
02-14 14:09:46.048 I/content_query_sample(  419): [content://com.android.launcher2.settings/favorites?notify=true,,,,573,,100]
02-14 14:09:46.258 I/am_destroy_service(  207): [1085370072,com.locationlabs.v3client/.HeartbeatService,353]
02-14 14:09:46.298 I/dvm_gc_info(  419): [7809652345805112688,-9051525205321623500,-3996516923561117651,8575012]
02-14 14:09:46.328 I/am_create_activity(  207): [1083304696,3,com.android.launcher/com.android.launcher2.AppWidgetIdGenerator,com.sprint.ACTION_ALLOCATE_AND_BIND_ALL,NULL,NULL,268435456]
02-14 14:09:46.328 I/am_pause_activity(  207): [1080289872,com.android.launcher/com.android.launcher2.Launcher]
02-14 14:09:46.328 I/am_on_paused_called(  419): com.android.launcher2.Launcher
02-14 14:09:46.328 I/am_restart_activity(  207): [1083304696,3,com.android.launcher/com.android.launcher2.AppWidgetIdGenerator]
02-14 14:09:46.398 I/dvm_gc_info(  618): [3349111792835028571,-8967645731115587534,-4005524122815858643,7358147]
02-14 14:09:46.418 I/dvm_gc_info(  353): [8517260637557233259,-8975526686798927818,-4004679697885726675,7358131]
02-14 14:09:46.428 I/am_proc_start(  207): [873,10060,com.sprint.widget.tutorial,broadcast,com.sprint.widget.tutorial/.TutorialWidgetProvider1]
02-14 14:09:46.488 I/dvm_gc_madvise_info(  873): [389120,151552]
02-14 14:09:46.498 I/am_proc_bound(  207): [873,com.sprint.widget.tutorial]
02-14 14:09:46.518 I/am_kill (  207): [733,com.android.providers.calendar,12,too many background]
02-14 14:09:46.528 I/am_proc_died(  207): [733,com.android.providers.calendar]
02-14 14:09:46.669 I/wifi_supplicant_state_changed(  207): 1
02-14 14:09:46.689 I/binder_sample(  419): [com.android.internal.appwidget.IAppWidgetService,12,34,com.android.launcher,6]
02-14 14:09:46.729 I/am_finish_activity(  207): [1083304696,3,com.android.launcher/com.android.launcher2.AppWidgetIdGenerator,app-request]
02-14 14:09:46.739 I/am_pause_activity(  207): [1083304696,com.android.launcher/com.android.launcher2.AppWidgetIdGenerator]
02-14 14:09:46.759 I/screen_toggled(  207): 2
02-14 14:09:46.789 I/db_sample(  618): [/data/data/com.sprint.zone/databases/zone.db,INSERT INTO strings_tbl(id, value, name) VALUES(?, ?, ?);,227,,46]
02-14 14:09:46.849 I/dvm_gc_info(  419): [7809652345805411895,-9040547681229920204,-3996798398537828307,8575012]
02-14 14:09:46.859 I/am_resume_activity(  207): [1080289872,3,com.android.launcher/com.android.launcher2.Launcher]
02-14 14:09:46.909 I/binder_sample(  419): [com.android.internal.appwidget.IAppWidgetService,1,11,com.android.launcher,2]
02-14 14:09:46.979 I/am_on_resume_called(  419): com.android.launcher2.Launcher
02-14 14:09:47.029 I/am_destroy_activity(  207): [1083304696,3,com.android.launcher/com.android.launcher2.AppWidgetIdGenerator]
02-14 14:09:47.079 I/dvm_gc_info(  419): [7809652345805166129,-9043925380950435788,-3996516923561117651,8575012]
02-14 14:09:47.229 I/db_sample(  618): [/data/data/com.sprint.zone/databases/zone.db,INSERT INTO strings_tbl(id, value, name) VALUES(?, ?, ?);,272,,55]
02-14 14:09:47.229 I/content_update_sample(  618): [content://com.sprint.zone.provider.ZoneProvider/strings_tbl,insert,,274,,55]
02-14 14:09:47.299 I/dvm_gc_madvise_info(  788): [253952,151552]
02-14 14:09:47.309 I/dvm_gc_info(  353): [8517260637557143086,-9019155308205864907,-4004961172862437331,7358131]
02-14 14:09:47.349 I/dvm_gc_info(  353): [8517260637557129536,-9219565354151348169,-4004398222909016019,7358131]
02-14 14:09:47.559 I/db_sample(  618): [/data/data/com.sprint.zone/databases/zone.db,INSERT INTO strings_tbl(id, value, name) VALUES(?, ?, ?);,112,,23]
02-14 14:09:47.579 I/dvm_gc_info(  419): [7809652345805084202,-9029288682111121354,-3995391023654275027,8575014]
02-14 14:09:47.609 I/db_sample(  393): [:memory:,INSERT INTO applications ('_id', 'name', 'description', 'package,58,,12]
02-14 14:09:47.740 I/dvm_gc_info(  207): [8320808730291677027,-8915002555724146587,-3978221050074925011,8599594]
02-14 14:09:47.760 I/content_update_sample(  618): [content://com.sprint.zone.provider.ZoneProvider/strings_tbl,insert,,127,,26]
02-14 14:09:47.840 I/db_sample(  387): [/data/data/com.google.android.gsf/databases/gservices.db,COMMIT;INSERT INTO main (name, value) VALUES (?, ?),193,,39]
02-14 14:09:47.860 I/content_update_sample(  618): [content://com.sprint.zone.provider.ZoneProvider/strings_tbl,insert,,100,,21]
02-14 14:09:47.990 I/dvm_gc_info(  353): [8517260637557024365,-9009866496501893066,-4004679697885726675,7358131]
02-14 14:09:48.480 I/dvm_gc_madvise_info(  387): [163840,151552]
02-14 14:09:48.530 I/dvm_gc_madvise_info(  471): [532480,151552]
02-14 14:09:49.421 I/dvm_gc_madvise_info(  829): [352256,151552]
02-14 14:09:50.002 I/binder_sample(  419): [android.content.pm.IPackageManager,25,2300,com.android.launcher,100]
02-14 14:09:50.052 I/am_destroy_service(  207): [1080900184,com.sprint.w.installer/.WallpaperCaptureService,471]
02-14 14:09:50.052 I/binder_sample(  332): [com.android.internal.telephony.ITelephonyRegistry,8,2102,com.android.phone,100]
02-14 14:09:50.062 I/am_kill (  207): [602,com.cooliris.media,12,too many background]
02-14 14:09:50.102 I/am_create_service(  207): [1086704088,com.locationlabs.v3client/.AccountService,act=com.locationlabs.action.GET_ACCOUNT pkg=com.locationlabs.v3client,353]
02-14 14:09:50.102 I/am_create_task(  207): 5
02-14 14:09:50.102 I/am_create_activity(  207): [1080690208,5,com.android.contacts/.DialtactsActivity,android.intent.action.MAIN,NULL,NULL,268435456]
02-14 14:09:50.112 I/am_pause_activity(  207): [1080289872,com.android.launcher/com.android.launcher2.Launcher]
02-14 14:09:50.122 I/am_destroy_service(  207): [1085356800,com.sprint.ce.updater/.UpdaterService,642]
02-14 14:09:50.122 I/am_kill (  207): [642,com.sprint.ce.updater,12,too many background]
02-14 14:09:50.152 I/am_on_paused_called(  419): com.android.launcher2.Launcher
02-14 14:09:50.152 I/am_restart_activity(  207): [1080690208,5,com.android.contacts/.DialtactsActivity]
