02-14 14:09:50.192 I/am_create_service(  207): [1086113216,com.locationlabs.v3client/.HeartbeatService,act=com.locationlabs.v3client.action.ACTION_UPDATE_HEARTBEAT pkg=com.locationlabs.v3client,353]
02-14 14:09:50.192 I/am_create_service(  207): [1085948160,com.locationlabs.v3client/.GpsStateService,act=com.locationlabs.action.TURN_OFF_GPS_DETECTION pkg=com.locationlabs.v3client,353]
02-14 14:09:50.202 I/am_create_service(  207): [1085853232,com.locationlabs.v3client/.FeatureService,act=com.locationlabs.v3client.action.RESTART pkg=com.locationlabs.v3client,353]
02-14 14:09:50.212 I/db_sample(  486): [/data/data/com.android.providers.media/databases/internal.db,INSERT INTO audio_meta(album_artist, date_modified, track, is_ri,1998,,100]
02-14 14:09:50.222 I/am_destroy_service(  207): [1085948160,com.locationlabs.v3client/.GpsStateService,353]
02-14 14:09:50.272 I/content_query_sample(  387): [content://settings/secure/dropbox:data_app_crash,value,,,2323,,100]
02-14 14:09:50.272 I/am_proc_died(  207): [602,com.cooliris.media]
02-14 14:09:50.342 I/am_proc_died(  207): [642,com.sprint.ce.updater]
02-14 14:09:50.342 I/am_new_intent(  207): [1081524840,5,com.android.contacts/.DialtactsActivity,android.intent.action.MAIN,NULL,NULL,268435456]
02-14 14:09:50.422 I/am_destroy_service(  207): [1086113216,com.locationlabs.v3client/.HeartbeatService,353]
02-14 14:09:50.512 I/dvm_gc_madvise_info(  857): [172032,151552]
02-14 14:09:50.602 I/dvm_gc_info(  353): [8517260637557077609,-8925986953442093001,-4004398222909016019,7358131]
02-14 14:09:50.652 I/dvm_gc_info(  207): [8320808730292184743,-8924854179909044124,-3979628424958478291,8591399]
02-14 14:09:50.943 I/dvm_gc_info(  353): [8517260637557089838,-9018029270809712584,-4004116747932305363,7358131]
02-14 14:09:50.973 I/dvm_gc_info(  353): [8517260637557085237,-9131745023945091015,-4003835272955594707,7358131]
02-14 14:09:51.423 I/dvm_gc_madvise_info(  618): [282624,151552]
02-14 14:09:51.703 I/am_create_service(  207): [1086395488,com.locationlabs.v3client/.ConfigurationService,act=com.locationlabs.v3client.action.CHECK_CONFIGURATION pkg=com.locationlabs.v3client,353]
02-14 14:09:51.884 I/db_sample(  618): [/data/data/com.sprint.zone/databases/zone.db,INSERT INTO info_tbl(id, action, title, uri, description) VALUES,3957,,100]
02-14 14:09:51.984 I/am_destroy_service(  207): [1086704088,com.locationlabs.v3client/.AccountService,353]
02-14 14:09:52.054 I/content_update_sample(  618): [content://com.sprint.zone.provider.ZoneProvider/info_tbl,insert,,4129,,100]
02-14 14:09:52.104 I/dvm_gc_info(  393): [7017575181484987974,-9001422522112030665,-4004961172862437331,7358177]
02-14 14:09:52.254 I/dvm_gc_info(  393): [7017575181485106722,-9035480994294011849,-4004961172862437331,7886720]
02-14 14:09:52.304 I/db_sample(  387): [/data/data/com.google.android.gsf/databases/gservices.db,INSERT OR REPLACE INTO saved_secure (name, value) VALUES (?, ?),1973,,100]
02-14 14:09:52.354 I/dvm_gc_info(  353): [8517260637557028491,-8956386113454344137,-4004398222909016019,7358131]
02-14 14:09:52.354 I/db_sample(  618): [/data/data/com.sprint.zone/databases/zone.db,INSERT INTO strings_tbl(id, value, name) VALUES(?, ?, ?);,237,,48]
02-14 14:09:52.364 I/db_sample(  788): [/data/data/com.google.android.music/databases/music.db,COMMIT;PRAGMA user_version = 37,4304,,100]
02-14 14:09:52.394 I/am_destroy_service(  207): [1085853232,com.locationlabs.v3client/.FeatureService,353]
02-14 14:09:52.404 I/am_on_resume_called(  393): com.android.contacts.smartdialer.DialerApp
02-14 14:09:52.404 I/am_on_resume_called(  393): com.android.contacts.DialtactsActivity
02-14 14:09:52.434 I/am_on_paused_called(  393): com.android.contacts.smartdialer.DialerApp
02-14 14:09:52.464 I/am_on_resume_called(  393): com.android.contacts.smartdialer.DialerApp
02-14 14:09:52.534 I/backup_data_changed(  207): com.android.providers.settings
02-14 14:09:52.654 I/am_destroy_service(  207): [1086395488,com.locationlabs.v3client/.ConfigurationService,353]
02-14 14:09:52.684 I/activity_launch_time(  207): [1080690208,com.android.contacts/.DialtactsActivity,2539,16264]
02-14 14:09:52.694 I/content_query_sample(  387): [content://settings/secure/latin_ime_voice_input_supported_locales,value,,,103,,21]
02-14 14:09:52.694 I/db_sample(  618): [/data/data/com.sprint.zone/databases/zone.db,INSERT INTO strings_tbl(id, value, name) VALUES(?, ?, ?);,186,,38]
02-14 14:09:52.694 I/dvm_gc_madvise_info(  419): [217088,151552]
02-14 14:09:52.855 I/backup_data_changed(  207): com.android.providers.settings
02-14 14:09:52.865 I/content_query_sample(  788): [content://com.google.android.music.MusicContent/playlists,count(*),,,12826,,100]
02-14 14:09:52.895 I/dvm_gc_info(  486): [7882817126543775338,-8944564783042095055,-4006087072769279955,7358131]
02-14 14:09:52.975 I/backup_data_changed(  207): com.android.providers.settings
02-14 14:09:53.035 I/content_update_sample(  387): [content://settings/secure,insert,,122,,25]
02-14 14:09:53.145 I/dvm_gc_info(  353): [8517260637557257842,-9002266534658164680,-4004116747932305363,7358131]
02-14 14:09:53.155 I/backup_data_changed(  207): com.android.providers.settings
02-14 14:09:53.255 I/db_sample(  207): [/data/data/com.android.providers.settings/databases/settings.db,INSERT INTO secure(value, name) VALUES(?, ?);,48,,10]
02-14 14:09:53.265 I/backup_data_changed(  207): com.android.providers.settings
02-14 14:09:53.265 I/db_sample(  207): [/data/data/com.android.providers.settings/databases/settings.db,SELECT * FROM secure WHERE ((name=?)),3,,1]
02-14 14:09:53.295 I/content_update_sample(  618): [content://com.sprint.zone.provider.ZoneProvider/strings_tbl,insert,,36,,8]
02-14 14:09:53.335 I/db_sample(  618): [/data/data/com.sprint.zone/databases/zone.db,INSERT INTO strings_tbl(id, value, name) VALUES(?, ?, ?);,43,,9]
02-14 14:09:53.355 I/backup_data_changed(  207): com.android.providers.settings
02-14 14:09:53.375 I/am_proc_start(  207): [896,10004,com.google.android.voicesearch,broadcast,com.google.android.voicesearch/.GservicesBroadcastReceiver]
02-14 14:09:53.375 I/content_update_sample(  387): [content://com.google.android.gsf.gservices/main,update,,5898,,100]
02-14 14:09:53.395 I/dvm_gc_madvise_info(  896): [389120,151552]
02-14 14:09:53.405 I/am_proc_bound(  207): [896,com.google.android.voicesearch]
02-14 14:09:53.415 I/db_sample(  207): [/data/data/com.android.providers.settings/databases/settings.db,SELECT * FROM secure WHERE ((name=?)),58,,12]
02-14 14:09:53.515 I/am_kill (  207): [611,zte.com.cn.alarmclock,12,too many background]
02-14 14:09:53.535 I/am_create_service(  207): [1085927168,com.google.android.gsf/.update.SystemUpdateService,,387]
02-14 14:09:53.555 I/am_create_task(  207): 6
02-14 14:09:53.555 I/am_create_activity(  207): [1081318536,6,com.google.android.gsf/.update.SystemUpdateInstallDialog,NULL,NULL,NULL,276824064]
02-14 14:09:53.555 I/am_pause_activity(  207): [1080690208,com.android.contacts/.DialtactsActivity]
02-14 14:09:53.555 I/am_on_paused_called(  393): com.android.contacts.smartdialer.DialerApp
02-14 14:09:53.555 I/am_on_paused_called(  393): com.android.contacts.DialtactsActivity
02-14 14:09:53.565 I/am_restart_activity(  207): [1081318536,6,com.google.android.gsf/.update.SystemUpdateInstallDialog]
02-14 14:09:53.565 I/notification_cancel(  207): [com.google.android.gsf,2130837525,0]
02-14 14:09:53.565 I/notification_cancel(  207): [com.google.android.gsf,2130837526,0]
02-14 14:09:53.575 I/am_destroy_service(  207): [1085927168,com.google.android.gsf/.update.SystemUpdateService,387]
02-14 14:09:53.575 I/system_update(  387): [512,0,-1,NULL]
02-14 14:09:53.585 I/am_proc_died(  207): [611,zte.com.cn.alarmclock]
02-14 14:09:53.605 I/db_sample(  393): [:memory:,DELETE FROM applications,9,,2]
02-14 14:09:53.655 I/dvm_gc_info(  387): [7449358886915683921,-8971867580804368329,-4004398222909016019,7358132]
02-14 14:09:53.675 I/am_finish_activity(  207): [1081318536,6,com.google.android.gsf/.update.SystemUpdateInstallDialog,app-request]
02-14 14:09:53.675 I/am_pause_activity(  207): [1081318536,com.google.android.gsf/.update.SystemUpdateInstallDialog]
02-14 14:09:53.685 I/content_update_sample(  618): [content://com.sprint.zone.provider.ZoneProvider/info_tbl,insert,,96,,20]
02-14 14:09:53.725 I/am_resume_activity(  207): [1080690208,5,com.android.contacts/.DialtactsActivity]
02-14 14:09:53.775 I/am_on_resume_called(  393): com.android.contacts.smartdialer.DialerApp
02-14 14:09:53.775 I/am_on_resume_called(  393): com.android.contacts.DialtactsActivity
02-14 14:09:53.806 I/dvm_gc_info(  393): [7017575181484885538,-9042236324847781830,-3997079873514538963,8521679]
02-14 14:09:53.836 I/binder_sample(  387): [android.app.IActivityManager,19,88,com.google.process.gapps,17]
02-14 14:09:53.836 I/binder_sample(  865): [android.content.pm.IPackageManager,10,20,com.google.android.partnersetup,4]
02-14 14:09:53.856 I/am_destroy_activity(  207): [1081318536,6,com.google.android.gsf/.update.SystemUpdateInstallDialog]
02-14 14:09:53.876 I/content_update_sample(  865): [content://com.google.settings/partner,insert,,42,com.google.android.partnersetup,9]
02-14 14:09:53.936 I/db_sample(  788): [/data/data/com.google.android.music/databases/music.db,COMMIT;DELETE FROM SHOULDKEEPON,39,,8]
02-14 14:09:53.936 I/am_destroy_service(  207): [1085451192,com.google.android.music/.store.StoreService$StoreIntentService,788]
02-14 14:09:53.996 I/content_update_sample(  618): [content://com.sprint.zone.provider.ZoneProvider/strings_tbl,insert,,83,,17]
02-14 14:09:54.006 I/am_destroy_service(  207): [1080603784,com.google.android.music/.MusicPlaybackService,788]
02-14 14:09:54.016 I/am_destroy_service(  207): [1081698584,com.google.android.music/.dl.DownloadManager$DownloadManagerService,788]
02-14 14:09:54.016 I/am_destroy_service(  207): [1082350784,com.google.android.music/.store.StoreService$StoreServiceBinder,788]
02-14 14:09:54.176 I/dvm_gc_info(  353): [8517260637557028436,-8961452663001573317,-4003272323002173395,7358131]
02-14 14:09:54.626 I/dvm_gc_info(  332): [8099846449757480533,-8975526411853838278,-4003553797978884051,7358131]
02-14 14:09:55.117 I/am_proc_start(  207): [915,10012,com.sprint.ce.updater,service,com.sprint.ce.updater/.UpdaterService]
02-14 14:09:55.147 I/dvm_gc_madvise_info(  915): [385024,151552]
02-14 14:09:55.157 I/am_proc_bound(  207): [915,com.sprint.ce.updater]
02-14 14:09:55.157 I/am_create_service(  207): [1082561584,com.sprint.ce.updater/.UpdaterService,act=com.sprint.action.RUN_UPDATE,915]
02-14 14:09:55.477 I/am_create_service(  207): [1084228824,com.locationlabs.v3client/.ConfigurationService,act=com.locationlabs.v3client.action.CHECK_CONFIGURATION pkg=com.locationlabs.v3client,353]
02-14 14:09:55.497 I/am_destroy_service(  207): [1084228824,com.locationlabs.v3client/.ConfigurationService,353]
02-14 14:09:55.737 I/dvm_gc_madvise_info(  207): [3072000,151552]
02-14 14:09:55.807 I/db_sample(  387): [/data/data/com.google.android.gsf/databases/googlesettings.db,INSERT INTO partner(value, name) VALUES(?, ?);,1827,,100]
02-14 14:09:55.817 I/binder_sample(  865): [android.content.IContentProvider,3,1843,com.google.android.partnersetup,100]
02-14 14:09:55.817 I/content_update_sample(  865): [content://com.google.settings/partner,insert,,1845,com.google.android.partnersetup,100]
02-14 14:09:55.848 I/am_create_service(  207): [1083524816,com.google.android.partnersetup/.AppHiderService,,865]
02-14 14:09:55.858 I/am_create_service(  207): [1084179432,com.google.android.gm/.GoogleMailSwitchService,act=com.google.gservices.intent.action.GSERVICES_CHANGED,703]
02-14 14:09:55.868 I/am_create_service(  207): [1083329960,com.google.android.music/.dl.DownloadManager$DownloadManagerService,act=com.google.android.music.accountchanged,788]
02-14 14:09:55.868 I/am_create_service(  207): [1085843880,com.google.android.music/.store.StoreService$StoreIntentService,act=com.google.android.music.accountchanged,788]
02-14 14:09:55.868 I/am_create_service(  207): [1080065712,com.google.android.music/.store.StoreService$StoreServiceBinder,act=com.google.android.music.STORE_SERVICE,788]
02-14 14:09:55.878 I/binder_sample(  332): [android.media.IAudioService,13,38,com.android.phone,7]
02-14 14:09:55.878 I/notification_enqueue(  207): [com.android.phone,5,Notification(vibrate=null,sound=default,defaults=0x1,flags=0x20)]
02-14 14:09:55.978 I/db_sample(  618): [/data/data/com.sprint.zone/databases/zone.db,INSERT INTO strings_tbl(id, value, name) VALUES(?, ?, ?);,1976,,100]
02-14 14:09:55.978 I/content_update_sample(  618): [content://com.sprint.zone.provider.ZoneProvider/strings_tbl,insert,,1979,,100]
02-14 14:09:56.038 I/content_query_sample(  387): [content://com.google.settings/partner,value,name=?,,2058,,100]
02-14 14:09:56.118 I/am_destroy_service(  207): [1084179432,com.google.android.gm/.GoogleMailSwitchService,703]
02-14 14:09:56.208 I/am_create_service(  207): [1083581200,com.google.android.music/.MusicPlaybackService,,788]
02-14 14:09:56.298 I/am_destroy_service(  207): [1083524816,com.google.android.partnersetup/.AppHiderService,865]
02-14 14:09:56.318 I/am_destroy_service(  207): [1085843880,com.google.android.music/.store.StoreService$StoreIntentService,788]
02-14 14:09:56.368 I/am_destroy_service(  207): [1081625608,com.google.android.gsf/.checkin.CheckinService,387]
02-14 14:09:56.368 I/am_destroy_service(  207): [1083581200,com.google.android.music/.MusicPlaybackService,788]
02-14 14:09:56.378 I/am_destroy_service(  207): [1083329960,com.google.android.music/.dl.DownloadManager$DownloadManagerService,788]
02-14 14:09:56.388 I/am_destroy_service(  207): [1080065712,com.google.android.music/.store.StoreService$StoreServiceBinder,788]
02-14 14:09:56.388 I/am_kill (  207): [800,com.google.android.apps.maps:LocationFriendService,12,too many background]
02-14 14:09:56.398 I/content_update_sample(  618): [content://com.sprint.zone.provider.ZoneProvider/info_tbl,insert,,74,,15]
02-14 14:09:56.398 I/am_proc_died(  207): [800,com.google.android.apps.maps:LocationFriendService]
02-14 14:09:56.438 I/db_sample(  618): [/data/data/com.sprint.zone/databases/zone.db,INSERT INTO strings_tbl(id, value, name) VALUES(?, ?, ?);,40,,9]
02-14 14:09:56.859 I/am_destroy_service(  207): [1082561584,com.sprint.ce.updater/.UpdaterService,915]
02-14 14:09:56.859 I/am_kill (  207): [752,com.google.android.apps.uploader,14,too many background]
02-14 14:09:56.859 I/am_proc_died(  207): [752,com.google.android.apps.uploader]
02-14 14:09:57.159 I/db_sample(  486): [/data/data/com.android.providers.media/databases/internal.db,INSERT INTO audio_meta(album_artist, date_modified, track, is_ri,23,,5]
02-14 14:09:57.159 I/db_sample(  618): [/data/data/com.sprint.zone/databases/zone.db,INSERT INTO diagnostics_tbl(title, rank, group_key, key, descrip,84,,17]
02-14 14:09:57.349 I/db_sample(  486): [/data/data/com.android.providers.media/databases/internal.db,INSERT INTO audio_meta(album_artist, date_modified, track, is_ri,51,,11]
02-14 14:09:57.399 I/db_sample(  618): [/data/data/com.sprint.zone/databases/zone.db,INSERT INTO strings_tbl(id, value, name) VALUES(?, ?, ?);,35,,8]
02-14 14:09:57.409 I/dvm_gc_info(  353): [8517260637557040783,-8940341971045562311,-4004116747932305363,7358131]
02-14 14:09:57.649 I/am_destroy_service(  207): [1082775632,com.locationlabs.v3client/.V3ApiService,353]
02-14 14:09:57.900 I/am_proc_start(  207): [941,10046,com.cooliris.media,broadcast,com.cooliris.media/com.cooliris.cache.BootReceiver]
02-14 14:09:57.910 I/dvm_gc_madvise_info(  486): [225280,151552]
02-14 14:09:57.960 I/dvm_gc_madvise_info(  941): [385024,151552]
02-14 14:09:57.980 I/dvm_gc_info(  120): [8825198673194710061,-9139627422938986450,-4006087072769275858,7358131]
02-14 14:09:57.980 I/am_proc_bound(  207): [941,com.cooliris.media]
02-14 14:09:58.040 I/dvm_gc_info(  120): [8825198673194631224,-9222662541068629970,-4006087072769275858,7358131]
02-14 14:09:58.060 I/db_sample(  618): [/data/data/com.sprint.zone/databases/zone.db,INSERT INTO branding_tbl(value, tag, name) VALUES(?, ?, ?);,92,,19]
02-14 14:09:58.080 I/dvm_gc_info(  120): [8825198673194565680,-9222662541068629970,-4006087072769275858,7358131]
02-14 14:09:58.100 I/am_kill (  207): [471,com.sprint.w.installer,14,too many background]
02-14 14:09:58.110 I/am_proc_died(  207): [471,com.sprint.w.installer]
02-14 14:09:58.120 I/am_create_service(  207): [1083897176,com.google.android.music/.store.MediaStoreImportService,act=MediaStoreImportService.import_pending,788]
02-14 14:09:58.130 I/am_destroy_service(  207): [1083897176,com.google.android.music/.store.MediaStoreImportService,788]
02-14 14:09:58.160 I/content_update_sample(  618): [content://com.sprint.zone.provider.ZoneProvider/branding_tbl,insert,,90,,19]
02-14 14:09:58.180 I/db_sample(  618): [/data/data/com.sprint.zone/databases/zone.db,INSERT INTO branding_tbl(value, tag, name) VALUES(?, ?, ?);,14,,3]
02-14 14:09:58.260 I/content_update_sample(  618): [content://com.sprint.zone.provider.ZoneProvider/branding_tbl,insert,,28,,6]
02-14 14:09:58.310 I/db_sample(  618): [/data/data/com.sprint.zone/databases/zone.db,INSERT INTO branding_tbl(value, tag, name) VALUES(?, ?, ?);,16,,4]
02-14 14:09:58.380 I/db_sample(  486): [/data/data/com.android.providers.media/databases/external-e82ff9f2.db,UPDATE artists SET artist_key=REPLACE(artist_key,x'081D08C29F081,0,,1]
02-14 14:09:58.500 I/db_sample(  618): [/data/data/com.sprint.zone/databases/zone.db,INSERT INTO branding_tbl(value, tag, name) VALUES(?, ?, ?);,77,,16]
02-14 14:09:58.600 I/am_proc_start(  207): [951,1000,com.zte.emode,broadcast,com.zte.emode/.MatchingReceiver]
02-14 14:09:58.670 I/am_proc_bound(  207): [951,com.zte.emode]
02-14 14:09:58.690 I/dvm_gc_madvise_info(  387): [184320,151552]
02-14 14:09:58.720 I/am_create_task(  207): 7
02-14 14:09:58.720 I/am_create_activity(  207): [1083180192,7,com.zte.emode/.EmodeSubmenu,NULL,NULL,NULL,276824064]
02-14 14:09:58.730 I/am_pause_activity(  207): [1080690208,com.android.contacts/.DialtactsActivity]
02-14 14:09:58.740 I/am_on_paused_called(  393): com.android.contacts.smartdialer.DialerApp
02-14 14:09:58.740 I/am_kill (  207): [839,com.sprint.w.prefact,14,too many background]
02-14 14:09:58.740 I/am_on_paused_called(  393): com.android.contacts.DialtactsActivity
02-14 14:09:58.750 I/am_restart_activity(  207): [1083180192,7,com.zte.emode/.EmodeSubmenu]
02-14 14:09:58.810 I/am_on_resume_called(  951): com.zte.emode.EmodeSubmenu
02-14 14:09:58.810 I/force_gc(  207): Binder
02-14 14:09:58.880 I/dvm_gc_info(  207): [8320808730291898099,-8914158130794018716,-3979346949981767635,8591399]
02-14 14:09:58.931 I/am_proc_died(  207): [839,com.sprint.w.prefact]
02-14 14:09:58.951 I/activity_launch_time(  207): [1083180192,com.zte.emode/.EmodeSubmenu,198,5386]
02-14 14:09:58.991 I/binder_sample(  393): [android.app.IActivityManager,19,232,android.process.acore,46]
02-14 14:09:59.021 I/db_sample(  618): [/data/data/com.sprint.zone/databases/zone.db,INSERT INTO branding_tbl(value, tag, name) VALUES(?, ?, ?);,282,,57]
02-14 14:09:59.041 I/content_update_sample(  618): [content://com.sprint.zone.provider.ZoneProvider/branding_tbl,insert,,298,,60]
02-14 14:09:59.071 I/content_update_sample(  486): [content://media/,insert,,943,,100]
02-14 14:09:59.071 I/dvm_gc_madvise_info(  393): [196608,151552]
02-14 14:09:59.131 I/db_sample(  486): [/data/data/com.android.providers.media/databases/external-e82ff9f2.db,SELECT _id, _data, date_modified FROM audio,0,,1]
02-14 14:09:59.151 I/dvm_gc_info(  486): [7882817126543730281,-8925705959602485199,-4006087072769279955,7358131]
02-14 14:09:59.641 I/dvm_gc_madvise_info(  332): [286720,151552]
02-14 14:09:59.661 I/db_sample(  618): [/data/data/com.sprint.zone/databases/zone.db,UPDATE versions_tbl SET branding_ver=?,34,,7]
02-14 14:09:59.731 I/battery_level(  207): [95,4092,310]
02-14 14:09:59.881 I/dvm_gc_info(  618): [3349111792835028591,-8937246364911355854,-4005805597792569299,7358138]
02-14 14:09:59.982 I/am_create_activity(  207): [1079428392,7,com.zte.emode/.DevInfo,NULL,NULL,NULL,276824064]
02-14 14:09:59.982 I/am_pause_activity(  207): [1083180192,com.zte.emode/.EmodeSubmenu]
02-14 14:09:59.982 I/am_on_paused_called(  951): com.zte.emode.EmodeSubmenu
02-14 14:09:59.982 I/am_restart_activity(  207): [1079428392,7,com.zte.emode/.DevInfo]
02-14 14:10:00.112 I/binder_sample(  951): [com.android.internal.telephony.ITelephony,56,20,com.zte.emode,4]
02-14 14:10:00.112 I/am_on_resume_called(  951): com.zte.emode.DevInfo
02-14 14:10:00.312 I/dvm_gc_info(  618): [3349111792835167673,-9051525205455861709,-4005805597792569299,7358210]
02-14 14:10:00.352 I/activity_launch_time(  207): [1079428392,com.zte.emode/.DevInfo,367,367]
02-14 14:10:00.362 I/content_query_sample(  618): [content://com.sprint.zone.provider.ZoneProvider/versions_tbl,,,,2,,1]
02-14 14:10:00.372 I/db_sample(  618): [/data/data/com.sprint.zone/databases/zone.db,SELECT icon, enabled, sid, desc, visible, expiration, extra, uri,1,,1]
02-14 14:10:00.772 I/db_sample(  486): [/data/data/com.android.providers.media/databases/external-e82ff9f2.db,INSERT INTO video(bucket_id, duration, title, mime_type, date_ad,121,,25]
02-14 14:10:00.812 I/dvm_gc_info(  618): [3349111792835040831,-9012963133579352011,-4002990848025462739,7690008]
02-14 14:10:00.862 I/dvm_gc_info(  486): [7882817126543762987,-9031259075868989391,-4006087072769279955,7358211]
02-14 14:10:01.203 I/content_update_sample(  618): [content://com.sprint.zone.provider.ZoneProvider/installed_apps_tbl,insert,,84,,17]
02-14 14:10:01.223 I/db_sample(  486): [/data/data/com.android.providers.media/databases/external-e82ff9f2.db,INSERT INTO images(bucket_id, orientation, title, mime_type, _di,53,,11]
02-14 14:10:01.403 I/db_sample(  486): [/data/data/com.android.providers.media/databases/external-e82ff9f2.db,UPDATE images SET mini_thumb_magic=? WHERE _id = 2,74,,15]
02-14 14:10:01.463 I/db_sample(  618): [/data/data/com.sprint.zone/databases/zone.db,INSERT INTO installed_apps_tbl(version_name, time, synced, packa,107,,22]
02-14 14:10:01.603 I/content_update_sample(  618): [content://com.sprint.zone.provider.ZoneProvider/installed_apps_tbl,insert,,31,,7]
02-14 14:10:01.683 I/wifi_supplicant_state_changed(  207): 2
02-14 14:10:01.873 I/db_sample(  486): [/data/data/com.android.providers.media/databases/external-e82ff9f2.db,INSERT INTO images(bucket_id, orientation, title, mime_type, _di,243,,49]
02-14 14:10:01.923 I/am_finish_activity(  207): [1079428392,7,com.zte.emode/.DevInfo,app-request]
02-14 14:10:01.933 I/am_pause_activity(  207): [1079428392,com.zte.emode/.DevInfo]
02-14 14:10:01.933 I/am_on_paused_called(  951): com.zte.emode.DevInfo
02-14 14:10:01.933 I/am_resume_activity(  207): [1083180192,7,com.zte.emode/.EmodeSubmenu]
02-14 14:10:01.943 I/am_on_resume_called(  951): com.zte.emode.EmodeSubmenu
02-14 14:10:02.014 I/db_sample(  486): [/data/data/com.android.providers.media/databases/external-e82ff9f2.db,INSERT INTO images(bucket_id, orientation, title, mime_type, _di,107,,22]
02-14 14:10:02.124 I/am_destroy_activity(  207): [1079428392,7,com.zte.emode/.DevInfo]
02-14 14:10:02.334 I/db_sample(  618): [/data/data/com.sprint.zone/databases/zone.db,INSERT INTO installed_apps_tbl(version_name, time, synced, packa,101,,21]
02-14 14:10:02.344 I/content_update_sample(  618): [content://com.sprint.zone.provider.ZoneProvider/installed_apps_tbl,insert,,107,,22]
02-14 14:10:02.494 I/db_sample(  618): [/data/data/com.sprint.zone/databases/zone.db,INSERT INTO installed_apps_tbl(version_name, time, synced, packa,127,,26]
02-14 14:10:02.514 I/dvm_gc_madvise_info(  353): [253952,151552]
02-14 14:10:02.534 I/db_sample(  618): [/data/data/com.sprint.zone/databases/zone.db,INSERT INTO installed_apps_tbl(version_name, time, synced, packa,29,,6]
02-14 14:10:02.554 I/content_update_sample(  486): [content://media/external/images/thumbnails,insert,,166,,34]
02-14 14:10:02.574 I/db_sample(  618): [/data/data/com.sprint.zone/databases/zone.db,INSERT INTO installed_apps_tbl(version_name, time, synced, packa,30,,7]
02-14 14:10:02.584 I/am_finish_activity(  207): [1083180192,7,com.zte.emode/.EmodeSubmenu,app-request]
02-14 14:10:02.584 I/am_pause_activity(  207): [1083180192,com.zte.emode/.EmodeSubmenu]
02-14 14:10:02.594 I/am_on_paused_called(  951): com.zte.emode.EmodeSubmenu
02-14 14:10:02.594 I/am_resume_activity(  207): [1080690208,5,com.android.contacts/.DialtactsActivity]
02-14 14:10:02.604 I/am_on_resume_called(  393): com.android.contacts.smartdialer.DialerApp
02-14 14:10:02.604 I/am_on_resume_called(  393): com.android.contacts.DialtactsActivity
02-14 14:10:02.644 I/wifi_supplicant_state_changed(  207): 1
02-14 14:10:02.724 I/db_sample(  618): [/data/data/com.sprint.zone/databases/zone.db,INSERT INTO installed_apps_tbl(version_name, time, synced, packa,145,,30]
02-14 14:10:02.824 I/am_destroy_activity(  207): [1083180192,7,com.zte.emode/.EmodeSubmenu]
02-14 14:10:02.864 I/dvm_gc_info(  486): [7882817126543738450,-9027318357475555279,-4005242647839147987,7595746]
02-14 14:10:02.934 I/db_sample(  618): [/data/data/com.sprint.zone/databases/zone.db,INSERT INTO installed_apps_tbl(version_name, time, synced, packa,93,,19]
02-14 14:10:02.954 I/db_sample(  486): [/data/data/com.android.providers.media/databases/external-e82ff9f2.db,INSERT INTO images(bucket_id, orientation, title, mime_type, _di,110,,23]
02-14 14:10:02.964 I/force_gc(  207): Binder
02-14 14:10:03.065 I/db_sample(  618): [/data/data/com.sprint.zone/databases/zone.db,INSERT INTO installed_apps_tbl(version_name, time, synced, packa,116,,24]
02-14 14:10:03.085 I/dvm_gc_info(  207): [8320808730292074109,-8924009754978916253,-3979909899935188947,8591399]
02-14 14:10:03.105 I/dvm_gc_madvise_info(  951): [167936,151552]
02-14 14:10:03.275 I/content_update_sample(  618): [content://com.sprint.zone.provider.ZoneProvider/installed_apps_tbl,insert,,107,,22]
02-14 14:10:03.305 I/db_sample(  486): [/data/data/com.android.providers.media/databases/external-e82ff9f2.db,SELECT _data FROM thumbnails WHERE (_id = 5),1,,1]
02-14 14:10:03.385 I/am_create_service(  207): [1086704088,com.google.android.gsf/.loginservice.GoogleLoginService,act=android.accounts.AccountAuthenticator,387]
02-14 14:10:03.415 I/am_destroy_service(  207): [1086704088,com.google.android.gsf/.loginservice.GoogleLoginService,387]
02-14 14:10:03.415 I/gtalkservice(  387): 11
02-14 14:10:03.835 I/content_update_sample(  618): [content://com.sprint.zone.provider.ZoneProvider/installed_apps_tbl,insert,,72,,15]
02-14 14:10:04.286 I/db_sample(  486): [/data/data/com.android.providers.media/databases/external-e82ff9f2.db,INSERT INTO images(bucket_id, orientation, title, mime_type, _di,127,,26]
02-14 14:10:04.406 I/dvm_gc_info(  486): [7882817126543758926,-9027881307412195278,-4005242647839147987,7571160]
02-14 14:10:04.556 I/content_query_sample(  486): [content://media/external/images/thumbnails,_id,image_id = 8,,123,,25]
02-14 14:10:04.896 I/db_sample(  618): [/data/data/com.sprint.zone/databases/zone.db,INSERT INTO installed_apps_tbl(version_name, time, synced, packa,28,,6]
02-14 14:10:05.247 I/db_sample(  618): [/data/data/com.sprint.zone/databases/zone.db,INSERT INTO installed_apps_tbl(version_name, time, synced, packa,111,,23]
02-14 14:10:05.277 I/content_update_sample(  618): [content://com.sprint.zone.provider.ZoneProvider/installed_apps_tbl,insert,,141,,29]
02-14 14:10:05.297 I/db_sample(  486): [/data/data/com.android.providers.media/databases/external-e82ff9f2.db,INSERT INTO thumbnails(height, _data, kind, image_id, width) VAL,65,,14]
02-14 14:10:05.297 I/content_update_sample(  486): [content://media/external/images/thumbnails,insert,,172,,35]
02-14 14:10:05.377 I/db_sample(  618): [/data/data/com.sprint.zone/databases/zone.db,INSERT INTO installed_apps_tbl(version_name, time, synced, packa,54,,11]
02-14 14:10:05.517 I/content_update_sample(  618): [content://com.sprint.zone.provider.ZoneProvider/installed_apps_tbl,insert,,133,,27]
02-14 14:10:05.577 I/content_update_sample(  486): [content://media/external/images/media/9,update,,178,,36]
02-14 14:10:05.827 I/dvm_gc_madvise_info(  618): [184320,151552]
02-14 14:10:07.008 I/am_create_service(  207): [1085941464,com.locationlabs.v3client/.SMSNotificationService,act=com.locationlabs.v3client.ACTION_SMS_NOTIFICATION pkg=com.locationlabs.v3client,353]
02-14 14:10:07.109 I/am_create_service(  207): [1083879264,com.locationlabs.v3client/.ClaimNumberService,act=com.locationlabs.v3client.action.CLAIM_NUMBER pkg=com.locationlabs.v3client,353]
02-14 14:10:07.129 I/am_create_service(  207): [1082677768,com.locationlabs.v3client/.V3ApiService,act=com.locationlabs.v3client.action.CLAIM_PHONE_NUMBER pkg=com.locationlabs.v3client,353]
02-14 14:10:07.139 I/am_destroy_service(  207): [1083879264,com.locationlabs.v3client/.ClaimNumberService,353]
02-14 14:10:07.229 I/dvm_gc_info(  353): [8517260637557032539,-9021688239314925511,-4003835272955594707,7358131]
02-14 14:10:08.150 I/dvm_gc_madvise_info(  207): [3133440,151552]
02-14 14:10:08.760 I/db_sample(  486): [/data/data/com.android.providers.media/databases/external-e82ff9f2.db,INSERT INTO images(bucket_id, orientation, title, mime_type, _di,3101,,100]
02-14 14:10:08.760 I/db_sample(  618): [/data/data/com.sprint.zone/databases/zone.db,INSERT INTO installed_apps_tbl(version_name, time, synced, packa,2870,,100]
02-14 14:10:08.770 I/content_update_sample(  618): [content://com.sprint.zone.provider.ZoneProvider/installed_apps_tbl,insert,,2878,,100]
02-14 14:10:08.790 I/am_create_service(  207): [1081476184,com.locationlabs.v3client/.ClaimNumberService,act=com.locationlabs.v3client.action.CLAIM_NUMBER pkg=com.locationlabs.v3client,353]
02-14 14:10:08.800 I/am_destroy_service(  207): [1085941464,com.locationlabs.v3client/.SMSNotificationService,353]
02-14 14:10:08.800 I/db_sample(  486): [/data/data/com.android.providers.media/databases/external-e82ff9f2.db,GETLOCK:SELECT _id FROM thumbnails WHERE (image_id = 10),3146,,100]
02-14 14:10:08.810 I/db_sample(  486): [/data/data/com.android.providers.media/databases/external-e82ff9f2.db,SELECT _id FROM thumbnails WHERE (image_id = 10),3150,,100]
02-14 14:10:08.810 I/content_query_sample(  486): [content://media/external/images/thumbnails,_id,image_id = 10,,3155,,100]
02-14 14:10:08.830 I/am_destroy_service(  207): [1081476184,com.locationlabs.v3client/.ClaimNumberService,353]
02-14 14:10:08.860 I/db_sample(  618): [/data/data/com.sprint.zone/databases/zone.db,INSERT INTO installed_apps_tbl(version_name, time, synced, packa,36,,8]
02-14 14:10:08.880 I/db_sample(  486): [/data/data/com.android.providers.media/databases/external-e82ff9f2.db,INSERT INTO images(bucket_id, orientation, title, mime_type, _di,47,,10]
02-14 14:10:09.110 I/db_sample(  618): [/data/data/com.sprint.zone/databases/zone.db,INSERT INTO installed_apps_tbl(version_name, time, synced, packa,40,,9]
02-14 14:10:09.110 I/content_update_sample(  618): [content://com.sprint.zone.provider.ZoneProvider/installed_apps_tbl,insert,,57,,12]
02-14 14:10:09.150 I/dvm_gc_info(  618): [3349111792835073649,-8924861190991017930,-4004116747932305363,7689954]
02-14 14:10:09.221 I/db_sample(  486): [/data/data/com.android.providers.media/databases/external-e82ff9f2.db,SELECT _id FROM thumbnails WHERE (image_id = 11),0,,1]
02-14 14:10:09.431 I/dvm_gc_madvise_info(  486): [229376,151552]
02-14 14:10:09.531 I/db_sample(  486): [/data/data/com.android.providers.media/databases/external-e82ff9f2.db,UPDATE images SET mini_thumb_magic=? WHERE _id = 11,27,,6]
02-14 14:10:09.641 I/dvm_gc_info(  486): [7882817126543746666,-9008740940276385742,-4003553797978884051,7571245]
02-14 14:10:10.492 I/dvm_gc_info(  486): [7882817126543717984,-9019436989391382478,-4004961172862437331,7571170]
02-14 14:10:10.762 I/content_update_sample(  486): [content://media/external/images/media/16,update,,38,,8]
02-14 14:10:11.463 I/free_storage_changed(  207): 2779684864
02-14 14:10:11.553 I/db_sample(  486): [/data/data/com.android.providers.media/databases/external-e82ff9f2.db,SELECT _data FROM thumbnails WHERE (_id = 19),0,,1]
02-14 14:10:11.683 I/dvm_gc_info(  353): [8517260637557024348,-8960889644328654789,-4003272323002173395,7358131]
02-14 14:10:11.723 I/dvm_gc_info(  353): [8517260637557109594,-9183817825883494341,-4003272323002173395,7358131]
02-14 14:10:11.773 I/dvm_gc_info(  353): [8517260637557179238,-9184662113357899716,-4002990848025462739,7358131]
02-14 14:10:11.793 I/dvm_gc_info(  486): [7882817126543722080,-9023377639048550349,-4004961172862437331,7571170]
02-14 14:10:11.833 I/db_sample(  486): [/data/data/com.android.providers.media/databases/external-e82ff9f2.db,UPDATE images SET mini_thumb_magic=? WHERE _id = 19,21,,5]
02-14 14:10:12.854 I/db_sample(  486): [/data/data/com.android.providers.media/databases/external-e82ff9f2.db,GETLOCK:SELECT _id FROM thumbnails WHERE (image_id = 22),20,,5]
02-14 14:10:13.295 I/dvm_gc_info(  353): [8517260637557093993,-9060813123605211079,-4003835272955594707,7358131]
02-14 14:10:13.805 I/dvm_gc_info(  353): [8517260637557089888,-9059124273744947143,-4003835272955594707,7358131]
02-14 14:10:13.965 I/am_create_service(  207): [1085248160,com.locationlabs.v3client/.HeartbeatService,act=com.locationlabs.v3client.action.ACTION_UPDATE_HEARTBEAT pkg=com.locationlabs.v3client,353]
02-14 14:10:13.995 I/db_sample(  486): [/data/data/com.android.providers.media/databases/external-e82ff9f2.db,INSERT INTO audio_genres_map(audio_id, genre_id) VALUES(?, ?);,53,,11]
02-14 14:10:14.035 I/dvm_gc_info(  486): [7882817126543730289,-9020281345585260493,-4003553797978884051,7571245]
02-14 14:10:14.055 I/am_destroy_service(  207): [1085248160,com.locationlabs.v3client/.HeartbeatService,353]
02-14 14:10:14.155 I/dvm_gc_madvise_info(  618): [212992,151552]
02-14 14:10:14.245 I/db_sample(  486): [/data/data/com.android.providers.media/databases/external-e82ff9f2.db,INSERT INTO thumbnails(height, _data, kind, image_id, width) VAL,59,,12]
02-14 14:10:14.306 I/db_sample(  486): [/data/data/com.android.providers.media/databases/external-e82ff9f2.db,SELECT _data FROM thumbnails WHERE (_id = 25),19,,4]
02-14 14:10:14.446 I/db_sample(  486): [/data/data/com.android.providers.media/databases/external-e82ff9f2.db,UPDATE images SET mini_thumb_magic=? WHERE _id = 25,53,,11]
02-14 14:10:14.676 I/dvm_gc_info(  353): [8517260637557032561,-8958356232082511814,-4003553797978884051,7358131]
02-14 14:10:15.276 I/dvm_gc_info(  618): [3349111792835233350,-8997200260022466508,-4004679697885726675,7689954]
02-14 14:10:15.317 I/dvm_gc_info(  353): [8517260637557286341,-9042517250119006149,-4003272323002173395,7358131]
02-14 14:10:15.327 I/dvm_gc_info(  618): [3349111792835167141,-9186632781876234187,-4004116747932305363,7689954]
02-14 14:10:15.347 I/dvm_gc_info(  353): [8517260637557088850,-9213372423509866436,-4002709373048752083,7358131]
02-14 14:10:15.387 I/db_sample(  486): [/data/data/com.android.providers.media/databases/external-e82ff9f2.db,INSERT INTO thumbnails(height, _data, kind, image_id, width) VAL,842,,100]
02-14 14:10:15.387 I/content_update_sample(  486): [content://media/external/images/thumbnails,insert,,889,,100]
02-14 14:10:15.417 I/db_sample(  486): [/data/data/com.android.providers.media/databases/external-e82ff9f2.db,INSERT INTO audio_meta(album_artist, date_modified, track, is_ri,32,,7]
02-14 14:10:15.907 I/dvm_gc_info(  486): [7882817126543828567,-9036325419257767885,-4003553797978884051,7571170]
02-14 14:10:16.197 I/dvm_gc_info(  486): [7882817126543803941,-9060813742231599053,-4003553797978884051,7857859]
02-14 14:10:16.458 I/dvm_gc_info(  486): [7882817126543799782,-9067850616649365453,-4003553797978884051,7857859]
02-14 14:10:16.758 I/dvm_gc_info(  486): [7882817126543779362,-9061939642138441677,-4003553797978884051,7857859]
02-14 14:10:17.128 I/dvm_gc_info(  353): [8517260637557544575,-9055183486598481862,-4003553797978884051,7358131]
02-14 14:10:17.469 I/am_create_service(  207): [1080285992,com.locationlabs.v3client/.HeartbeatService,act=com.locationlabs.v3client.action.ACTION_UPDATE_HEARTBEAT pkg=com.locationlabs.v3client,353]
02-14 14:10:17.489 I/db_sample(  486): [/data/data/com.android.providers.media/databases/external-e82ff9f2.db,UPDATE images SET mini_thumb_magic=? WHERE _id = 31,21,,5]
02-14 14:10:17.549 I/dvm_gc_info(  486): [7882817126543783413,-9065880291812390861,-4003553797978884051,7857859]
02-14 14:10:17.559 I/dvm_gc_info(  353): [8517260637557073526,-9029850738694510534,-4003553797978884051,7358131]
02-14 14:10:17.579 I/am_destroy_service(  207): [1080285992,com.locationlabs.v3client/.HeartbeatService,353]
02-14 14:10:17.669 I/wifi_supplicant_state_changed(  207): 2
02-14 14:10:18.089 I/force_gc(  207): Binder
02-14 14:10:18.169 I/dvm_gc_info(  207): [8320808730291910294,-8920913530235094941,-3979628424958478291,8591399]
02-14 14:10:18.329 I/content_update_sample(  486): [content://media/external/images/thumbnails,insert,,747,,100]
02-14 14:10:18.410 I/db_sample(  486): [/data/data/com.android.providers.media/databases/external-e82ff9f2.db,INSERT INTO audio_meta(album_artist, date_modified, track, is_ri,18,,4]
02-14 14:10:18.430 I/db_sample(  486): [/data/data/com.android.providers.media/databases/external-e82ff9f2.db,UPDATE images SET mini_thumb_magic=? WHERE _id = 32,22,,5]
02-14 14:10:18.470 I/dvm_gc_info(  486): [7882817126543787507,-9065880291812390861,-4003553797978884051,7857859]
02-14 14:10:18.630 I/wifi_supplicant_state_changed(  207): 1
02-14 14:10:18.720 I/am_create_task(  207): 8
02-14 14:10:18.720 I/am_create_activity(  207): [1079621176,8,com.zte.emode/.UsbSwitchTest,NULL,NULL,NULL,276824064]
02-14 14:10:18.730 I/am_pause_activity(  207): [1080690208,com.android.contacts/.DialtactsActivity]
02-14 14:10:18.760 I/content_update_sample(  486): [content://media/external/images/thumbnails,insert,,217,,44]
02-14 14:10:18.810 I/db_sample(  486): [/data/data/com.android.providers.media/databases/external-e82ff9f2.db,INSERT INTO audio_meta(album_artist, date_modified, track, is_ri,48,,10]
02-14 14:10:18.810 I/dvm_gc_info(  393): [7017575181484889757,-8924297622360881092,-3996235448584406995,8521680]
02-14 14:10:18.840 I/am_on_paused_called(  393): com.android.contacts.smartdialer.DialerApp
02-14 14:10:18.840 I/am_on_paused_called(  393): com.android.contacts.DialtactsActivity
02-14 14:10:18.840 I/am_restart_activity(  207): [1079621176,8,com.zte.emode/.UsbSwitchTest]
02-14 14:10:18.920 I/dvm_gc_info(  951): [7308620247274239544,-9018030095560992720,-4006087072769279955,7358176]
02-14 14:10:18.940 I/am_on_resume_called(  951): com.zte.emode.UsbSwitchTest
02-14 14:10:19.010 I/activity_launch_time(  207): [1079621176,com.zte.emode/.UsbSwitchTest,166,166]
02-14 14:10:19.240 I/dvm_gc_info(  486): [7882817126543881763,-9061376692185016269,-4003553797978884051,7857859]
02-14 14:10:19.531 I/db_sample(  486): [/data/data/com.android.providers.media/databases/external-e82ff9f2.db,INSERT INTO audio_genres_map(audio_id, genre_id) VALUES(?, ?);,82,,17]
02-14 14:10:19.811 I/dvm_gc_info(  486): [7882817126543791649,-9063628491998705614,-4003553797978884051,7857859]
02-14 14:10:20.241 I/dvm_gc_info(  486): [7882817126543983982,-9063909966975416269,-4003553797978884051,7857859]
02-14 14:10:20.241 I/db_sample(  486): [/data/data/com.android.providers.media/databases/external-e82ff9f2.db,INSERT INTO audio_genres_map(audio_id, genre_id) VALUES(?, ?);,136,,28]
02-14 14:10:20.341 I/dvm_gc_madvise_info(  618): [196608,151552]
02-14 14:10:20.421 I/am_finish_activity(  207): [1079621176,8,com.zte.emode/.UsbSwitchTest,app-request]
02-14 14:10:20.421 I/am_pause_activity(  207): [1079621176,com.zte.emode/.UsbSwitchTest]
02-14 14:10:20.421 I/am_on_paused_called(  951): com.zte.emode.UsbSwitchTest
02-14 14:10:20.432 I/am_resume_activity(  207): [1080690208,5,com.android.contacts/.DialtactsActivity]
02-14 14:10:20.442 I/am_on_resume_called(  393): com.android.contacts.smartdialer.DialerApp
02-14 14:10:20.442 I/am_on_resume_called(  393): com.android.contacts.DialtactsActivity
02-14 14:10:20.672 I/am_destroy_activity(  207): [1079621176,8,com.zte.emode/.UsbSwitchTest]
02-14 14:10:20.732 I/dvm_gc_info(  618): [3349111792835093569,-9159892659088717769,-4003553797978884051,7689954]
02-14 14:10:20.782 I/dvm_gc_info(  486): [7882817126543840737,-9060813742231599053,-4003553797978884051,7857859]
02-14 14:10:20.832 I/dvm_gc_info(  618): [3349111792835366912,-9223224460112361417,-4003553797978884051,7689954]
02-14 14:10:20.882 I/dvm_gc_info(  618): [3349111792835187865,-9219846760391833545,-4003553797978884051,7689954]
02-14 14:10:20.912 I/db_sample(  486): [/data/data/com.android.providers.media/databases/external-e82ff9f2.db,INSERT INTO audio_meta(album_artist, date_modified, track, is_ri,22,,5]
02-14 14:10:20.942 I/db_sample(  486): [/data/data/com.android.providers.media/databases/external-e82ff9f2.db,INSERT INTO audio_genres_map(audio_id, genre_id) VALUES(?, ?);,28,,6]
02-14 14:10:20.962 I/dvm_gc_info(  618): [3349111792835073432,-9162425865142863818,-4003835272955594707,7689954]
02-14 14:10:21.022 I/db_sample(  486): [/data/data/com.android.providers.media/databases/external-e82ff9f2.db,INSERT INTO thumbnails(height, _data, kind, image_id, width) VAL,52,,11]
02-14 14:10:21.122 I/db_sample(  618): [/data/data/com.sprint.zone/databases/zone.db,DELETE FROM table_settings,100,,21]
02-14 14:10:21.182 I/content_update_sample(  618): [content://com.sprint.zone.provider.ZoneProvider/table_settings,insert,,60,,13]
02-14 14:10:21.232 I/db_sample(  618): [/data/data/com.sprint.zone/databases/zone.db,INSERT INTO table_settings(id, show, title, desc, tag) VALUES(?,,38,,8]
02-14 14:10:21.282 I/dvm_gc_info(  353): [8517260637557048925,-8972148368468821956,-4002990848025462739,7358131]
02-14 14:10:21.382 I/content_update_sample(  486): [content://media/external/images/media/37,update,,60,,13]
02-14 14:10:21.422 I/dvm_gc_info(  486): [7882817126543799844,-9060532267254888397,-4003553797978884051,7857859]
02-14 14:10:21.473 I/db_sample(  618): [/data/data/com.sprint.zone/databases/zone.db,INSERT INTO table_settings(id, show, title, desc, tag) VALUES(?,,47,,10]
02-14 14:10:21.593 I/content_update_sample(  618): [content://com.sprint.zone.provider.ZoneProvider/versions_tbl,update,,98,,20]
02-14 14:10:21.633 I/content_update_sample(  618): [content://com.sprint.zone.provider.ZoneProvider/categories_tbl,delete,app_scheme = 'promo',37,,8]
02-14 14:10:22.353 I/dvm_gc_info(  486): [7882817126543787459,-9062784067068565453,-4003553797978884051,7857859]
02-14 14:10:22.423 I/dvm_gc_info(  353): [8517260637557057168,-8949067420378539973,-4003272323002173395,7358131]
02-14 14:10:23.214 I/dvm_gc_madvise_info(  207): [3137536,151552]
02-14 14:10:23.214 I/content_query_sample(  393): [content://call_log/dialer_calls,name/number/type/_id,(UPPER(number) GLOB ? OR UPPER(number) GLOB ? OR UPPER(name) GLOB ? OR UPPER(name) GLOB ?)AND UPPER(number)<> ? AND UPPER(number)<> ? AND UPPER(number)<> ? ,date DESC,38,,8]
02-14 14:10:23.635 I/dvm_gc_info(  353): [8517260637557163590,-8985096217380726722,-4002146423095330771,7358131]
02-14 14:10:23.765 I/content_update_sample(  486): [content://media/external/images/thumbnails,insert,,1327,,100]
02-14 14:10:23.825 I/dvm_gc_madvise_info(  393): [327680,151552]
02-14 14:10:24.075 I/content_update_sample(  618): [content://com.sprint.zone.provider.ZoneProvider/features_tbl,insert,,140,,29]
02-14 14:10:24.095 I/am_create_service(  207): [1082378176,com.locationlabs.v3client/.ConfigurationService,act=com.locationlabs.v3client.action.CHECK_CONFIGURATION pkg=com.locationlabs.v3client,353]
02-14 14:10:24.095 I/am_destroy_service(  207): [1082378176,com.locationlabs.v3client/.ConfigurationService,353]
02-14 14:10:24.105 I/dvm_gc_madvise_info(  951): [192512,151552]
02-14 14:10:24.265 I/db_sample(  618): [/data/data/com.sprint.zone/databases/zone.db,INSERT INTO report_tbl(id, time, action, data, type, slot) VALUE,37,,8]
02-14 14:10:24.455 I/content_update_sample(  618): [content://com.sprint.zone.provider.ZoneProvider/features_tbl,insert,,178,,36]
02-14 14:10:25.136 I/db_sample(  618): [/data/data/com.sprint.zone/databases/zone.db,INSERT INTO features_tbl(sid, enabled, desc, visible, expiration,118,,24]
02-14 14:10:25.406 I/db_sample(  618): [/data/data/com.sprint.zone/databases/zone.db,INSERT INTO features_tbl(sid, enabled, desc, visible, expiration,152,,31]
02-14 14:10:25.506 I/am_create_service(  207): [1085266992,com.google.android.music/.store.MediaStoreImportService,act=MediaStoreImportService.import_pending,788]
02-14 14:10:25.536 I/am_destroy_service(  207): [1084821704,com.android.providers.media/.MediaScannerService,486]
02-14 14:10:25.587 I/dvm_gc_info(  353): [8517260637557143161,-8980029667816708035,-4002427898072041427,7358131]
02-14 14:10:25.607 I/db_sample(  486): [/data/data/com.android.providers.media/databases/external-e82ff9f2.db,UPDATE images SET mini_thumb_magic=? WHERE _id = 39,34,,7]
02-14 14:10:25.657 I/dvm_gc_info(  618): [3349111792835040910,-8960326831864584140,-4004116747932305363,7689966]
02-14 14:10:25.687 I/dvm_gc_info(  486): [7882817126543771178,-9048428843256338381,-4003553797978884051,7857859]
02-14 14:10:25.887 I/content_query_sample(  788): [content://media/external/audio/media,_id/album/artist/composer/date_added/duration/mime_type/_size/title/track/year/album_id/album_artist,is_music=1 OR is_podcast=1,date_added,172,,35]
02-14 14:10:26.007 I/dvm_gc_info(  486): [7882817126543742298,-9068413566602794958,-4005524122815858643,7857859]
02-14 14:10:26.137 I/am_destroy_service(  207): [1082677768,com.locationlabs.v3client/.V3ApiService,353]
02-14 14:10:26.477 I/content_query_sample(  486): [content://media/external/images/thumbnails,_id,image_id = 41,,333,,67]
02-14 14:10:26.618 I/db_sample(  486): [/data/data/com.android.providers.media/databases/external-e82ff9f2.db,INSERT INTO thumbnails(height, _data, kind, image_id, width) VAL,25,,6]
02-14 14:10:26.728 I/am_create_task(  207): 9
02-14 14:10:26.728 I/am_create_activity(  207): [1080497952,9,com.zte.emode/.logset,NULL,NULL,NULL,276824064]
02-14 14:10:26.728 I/am_pause_activity(  207): [1080690208,com.android.contacts/.DialtactsActivity]
02-14 14:10:26.768 I/db_sample(  486): [/data/data/com.android.providers.media/databases/external-e82ff9f2.db,UPDATE images SET mini_thumb_magic=? WHERE _id = 41,121,,25]
02-14 14:10:26.768 I/db_sample(  486): [/data/data/com.android.providers.media/databases/external-e82ff9f2.db,GETLOCK:SELECT _data FROM album_art WHERE (album_id=2),121,,25]
02-14 14:10:26.788 I/dvm_gc_info(  486): [7882817126543730251,-9065317341858973646,-4005524122815858643,7571137]
02-14 14:10:26.788 I/db_sample(  486): [/data/data/com.android.providers.media/databases/external-e82ff9f2.db,SELECT _data FROM audio_meta WHERE (album_id=2),0,,1]
02-14 14:10:26.818 I/am_on_paused_called(  393): com.android.contacts.smartdialer.DialerApp
02-14 14:10:26.818 I/am_on_paused_called(  393): com.android.contacts.DialtactsActivity
02-14 14:10:26.828 I/am_restart_activity(  207): [1080497952,9,com.zte.emode/.logset]
02-14 14:10:26.878 I/am_on_resume_called(  951): com.zte.emode.logset
02-14 14:10:26.888 I/dvm_gc_info(  486): [7882817126544012492,-9109508913202550734,-4005524122815858643,7571128]
02-14 14:10:27.008 I/activity_launch_time(  207): [1080497952,com.zte.emode/.logset,186,186]
02-14 14:10:27.218 I/dvm_gc_info(  486): [7882817126543754401,-9157359659243362254,-4002146423095330771,8357752]
02-14 14:10:27.258 I/dvm_gc_info(  486): [7882817126543823448,-9213934960962000830,-3995953973607696339,8357752]
02-14 14:10:27.298 I/dvm_gc_info(  486): [7882817126543671857,-9217312660682528702,-3995953973607696339,8357752]
02-14 14:10:27.358 I/force_gc(  207): Binder
02-14 14:10:27.428 I/dvm_gc_info(  207): [8320808730291914354,-8924009754978908061,-3979628424958478291,8591399]
02-14 14:10:27.609 I/dvm_gc_info(  486): [7882817126543927061,-9133433117622749133,-3995953973607696339,7857859]
02-14 14:10:28.469 I/am_finish_activity(  207): [1080497952,9,com.zte.emode/.logset,app-request]
02-14 14:10:28.479 I/am_pause_activity(  207): [1080497952,com.zte.emode/.logset]
02-14 14:10:28.479 I/am_on_paused_called(  951): com.zte.emode.logset
02-14 14:10:28.489 I/am_resume_activity(  207): [1080690208,5,com.android.contacts/.DialtactsActivity]
02-14 14:10:28.499 I/am_on_resume_called(  393): com.android.contacts.smartdialer.DialerApp
02-14 14:10:28.499 I/am_on_resume_called(  393): com.android.contacts.DialtactsActivity
02-14 14:10:28.730 I/am_destroy_activity(  207): [1080497952,9,com.zte.emode/.logset]
02-14 14:10:28.880 I/dvm_gc_info(  618): [3349111792835028553,-9014370027393030090,-4003272323002173395,7689990]
02-14 14:10:29.100 I/am_pause_activity(  207): [1080690208,com.android.contacts/.DialtactsActivity]
02-14 14:10:29.100 I/am_on_paused_called(  393): com.android.contacts.smartdialer.DialerApp
02-14 14:10:29.110 I/am_on_paused_called(  393): com.android.contacts.DialtactsActivity
02-14 14:10:29.110 I/am_task_to_front(  207): 3
02-14 14:10:29.110 I/am_new_intent(  207): [1082376376,3,com.android.launcher/com.android.launcher2.Launcher,android.intent.action.MAIN,NULL,NULL,274726912]
02-14 14:10:29.120 I/am_resume_activity(  207): [1080289872,3,com.android.launcher/com.android.launcher2.Launcher]
02-14 14:10:29.130 I/am_on_resume_called(  419): com.android.launcher2.Launcher
02-14 14:10:29.370 I/dvm_gc_info(  419): [7809652345805121103,-9004800152945280969,-3994546598724143059,8575015]
02-14 14:10:29.971 I/dvm_gc_info(  419): [7809652345805063329,-9063909898054522825,-3994546598724143059,8575014]
02-14 14:10:30.581 I/binder_sample(  332): [com.android.internal.telephony.ITelephonyRegistry,8,61,com.android.phone,12]
02-14 14:10:30.601 I/am_new_intent(  207): [1082796288,3,com.android.launcher/com.android.launcher2.Launcher,android.intent.action.MAIN,NULL,NULL,270532608]
02-14 14:10:30.631 I/dvm_gc_info(  317): [8320808730291701320,-8998045028583540685,-4004398222909016019,7358200]
