02-13 18:04:16.193 I/Vold    (  111): Vold 2.1 (the revenge) firing up
02-13 18:04:16.193 D/Vold    (  111): Volume sdcard state changing -1 (Initializing) -> 0 (No-Media)
02-13 18:04:16.323 W/DirectVolume(  111): Kernel block uevent 'PARTN' 1 pendingparts 0
02-13 18:04:16.323 D/Vold    (  111): Volume sdcard state changing 0 (No-Media) -> 2 (Pending)
02-13 18:04:16.323 W/DirectVolume(  111): Kernel block uevent 'PARTN' 1, 1 minor 33
02-13 18:04:16.323 D/Vold    (  111): Volume sdcard state changing 2 (Pending) -> 1 (Idle-Unmounted)
02-13 18:04:26.013 I/SystemServer(  256): Entered the Android system server!
02-13 18:04:26.023 I/SystemServer(  256): Entropy Service
02-13 18:04:26.053 I/SystemServer(  256): Power Manager
02-13 18:04:26.053 I/SystemServer(  256): Activity Manager
02-13 18:04:26.083 I/ActivityManager(  256): Memory class: 32
02-13 18:04:26.383 I/SystemServer(  256): Telephony Registry
02-13 18:04:26.403 I/SystemServer(  256): Package Manager
02-13 18:04:26.413 I/Installer(  256): connecting...
02-13 18:04:30.988 I/PackageManager(  256): Unpacking native libraries for /data/app/com.sprint.widget.tutorial-1.apk
02-13 18:04:31.178 I/PackageManager(  256): Unpacking native libraries for /data/app/com.google.android.apps.plus-1.apk
02-13 18:04:34.211 I/PackageManager(  256): Unpacking native libraries for /data/app/com.android.vending-1.apk
02-13 18:04:34.281 I/PackageManager(  256): Unpacking native libraries for /data/app/com.sprint.voicemail-1.apk
02-13 18:04:34.411 W/PackageManager(  256): Unable to update from com.android.music to com.google.android.music: old package still exists
02-13 18:04:34.411 I/PackageManager(  256): Unpacking native libraries for /data/app/com.google.android.music-1.apk
02-13 18:04:34.581 I/PackageManager(  256): Unpacking native libraries for /data/app/com.google.android.googlequicksearchbox-1.apk
02-13 18:04:34.781 I/PackageManager(  256): Unpacking native libraries for /data/app/com.google.android.apps.maps-1.apk
02-13 18:04:35.032 I/PackageManager(  256): Unpacking native libraries for /data/app/com.google.android.apps.books-1.apk
02-13 18:04:35.092 I/PackageManager(  256): Unpacking native libraries for /data/app-private/com.locationlabs.v3client-1.apk
02-13 18:04:35.102 I/PackageManager(  256): Time to scan packages: 8.269 seconds
02-13 18:04:35.102 W/PackageManager(  256): Unknown permission com.android.vending.permission.UPDATE_MARKET_FAILURE in package com.android.vending.updater
02-13 18:04:35.102 W/PackageManager(  256): Unknown permission android.permission.ADD_SYSTEM_SERVICE in package com.android.phone
02-13 18:04:35.102 W/PackageManager(  256): Unknown permission com.google.android.apps.googlevoice.permission.AUTO_SEND in package com.google.android.voicesearch
02-13 18:04:35.112 W/PackageManager(  256): Not granting permission android.permission.SEND_DOWNLOAD_COMPLETED_INTENTS to package com.android.browser (protectionLevel=2 flags=0x9be45)
02-13 18:04:35.112 W/PackageManager(  256): Unknown permission com.android.email.provider.AttachmentProvider in package com.android.music
02-13 18:04:35.112 W/PackageManager(  256): Not granting permission android.permission.SEND_DOWNLOAD_COMPLETED_INTENTS to package com.android.music (protectionLevel=2 flags=0x8be65)
02-13 18:04:35.112 W/PackageManager(  256): Unknown permission android.permission.READ_OWNER_DATA in package com.android.setupwizard
02-13 18:04:35.112 W/PackageManager(  256): Unknown permission android.permission.WRITE_OWNER_DATA in package com.android.setupwizard
02-13 18:04:35.112 W/PackageManager(  256): Not granting permission android.permission.ACCESS_DRM to package com.android.mms (protectionLevel=2 flags=0x8be65)
02-13 18:04:35.112 W/PackageManager(  256): Unknown permission android.permission.RECEIVE_EMERGENCY_BROADCAST in package com.android.mms
02-13 18:04:35.112 W/PackageManager(  256): Not granting permission android.permission.SET_PREFERRED_APPLICATIONS to package com.sprint.w.installer (protectionLevel=2 flags=0x8be45)
02-13 18:04:35.122 W/PackageManager(  256): Unknown permission android.intent.action.REBOOT in package com.redbend.vdmc
02-13 18:04:35.122 W/PackageManager(  256): Not granting permission com.google.android.gm.permission.READ_GMAIL to package com.google.android.apps.uploader (protectionLevel=2 flags=0xbe45)
02-13 18:04:35.122 W/PackageManager(  256): Unknown permission android.permission.READ_PROFILE in package com.google.android.apps.plus
02-13 18:04:35.122 W/PackageManager(  256): Unknown permission android.permission.WRITE_PROFILE in package com.google.android.apps.plus
02-13 18:04:35.122 W/PackageManager(  256): Unknown permission android.permission.READ_SOCIAL_STREAM in package com.google.android.apps.plus
02-13 18:04:35.122 W/PackageManager(  256): Unknown permission android.permission.WRITE_SOCIAL_STREAM in package com.google.android.apps.plus
02-13 18:04:35.122 W/PackageManager(  256): Unknown permission android.permission.READ_EXTERNAL_STORAGE in package com.android.vending
02-13 18:04:35.122 W/PackageManager(  256): Not granting permission android.permission.SEND_DOWNLOAD_COMPLETED_INTENTS to package com.android.vending (protectionLevel=2 flags=0xabec5)
02-13 18:04:35.122 W/PackageManager(  256): Not granting permission android.permission.ACCOUNT_MANAGER to package com.google.android.music (protectionLevel=2 flags=0x8bee5)
02-13 18:04:35.132 W/PackageManager(  256): Unknown permission android.permission.READ_OWNER_DATA in package com.android.email
02-13 18:04:35.132 W/PackageManager(  256): Unknown permission android.intent.action.REBOOT in package com.android.email
02-13 18:04:35.132 W/PackageManager(  256): Not granting permission android.permission.BROADCAST_WAP_PUSH to package com.android.email (protectionLevel=2 flags=0x8be45)
02-13 18:04:35.132 W/PackageManager(  256): Unknown permission com.android.providers.im.permission.READ_ONLY in package com.google.android.apps.maps
02-13 18:04:35.132 W/PackageManager(  256): Unknown permission com.google.android.providers.gmail.permission.READ_GMAIL in package com.dataviz.docstogo
02-13 18:04:35.292 I/SystemServer(  256): Account Manager
02-13 18:04:35.362 I/SystemServer(  256): Content Manager
02-13 18:04:35.592 I/SystemServer(  256): System Content Providers
02-13 18:04:35.612 I/SystemServer(  256): Battery Service
02-13 18:04:35.652 I/SystemServer(  256): Lights Service
02-13 18:04:35.652 I/SystemServer(  256): Vibrator Service
02-13 18:04:35.662 I/SystemServer(  256): Alarm Manager
02-13 18:04:35.662 D/AlarmManager(  256): scheduleTimeTickEvent calendar=Mon Feb 13 18:05:00 CST 2012
02-13 18:04:35.662 D/AlarmManager(  256): calendar.getTimeInMillis()1329177900000
02-13 18:04:35.662 I/SystemServer(  256): Init Watchdog
02-13 18:04:35.662 I/SystemServer(  256): Window Manager
02-13 18:04:35.672 E/AlarmManager(  256): system is not ready, just wait!
02-13 18:04:35.672 I/InputManager(  256): Initializing input manager
02-13 18:04:35.682 I/InputManager(  256): Starting input manager
02-13 18:04:35.682 I/SystemServer(  256): Bluetooth Service
02-13 18:04:35.702 I/InputManager-Callbacks(  256): No input device calibration properties found for device synaptics-rmi4-ts.
02-13 18:04:35.702 I/InputManager-Callbacks(  256): No input device calibration properties found for device 7k_handset.
02-13 18:04:35.702 I/InputManager-Callbacks(  256): No input device calibration properties found for device sean_keypad.
02-13 18:04:35.702 I/SystemServer(  256): DynamicMemoryManager Service
02-13 18:04:35.702 I/SystemServer(  256): Device Policy
02-13 18:04:35.702 I/SystemServer(  256): Status Bar
02-13 18:04:35.702 I/SystemServer(  256): Clipboard Service
02-13 18:04:35.702 I/SystemServer(  256): Input Method Service
02-13 18:04:35.722 I/InputManagerService(  256): Enabled input methods: com.swype.android.inputmethod/.SwypeInputMethod:com.android.inputmethod.latin/.LatinIME
02-13 18:04:35.722 I/SystemServer(  256): NetStat Service
02-13 18:04:35.722 I/SystemServer(  256): NetworkManagement Service
02-13 18:04:35.722 D/NetworkManagementService(  256): Creating NetworkManagementService
02-13 18:04:35.722 D/NetworkManagementService(  256): Awaiting socket connection
02-13 18:04:35.722 D/NetworkManagementService(  256): onConnected
02-13 18:04:35.722 D/NetworkManagementService(  256): Connected
02-13 18:04:35.722 I/SystemServer(  256): Connectivity Service
02-13 18:04:35.722 D/ConnectivityService(  256): ConnectivityService starting up
02-13 18:04:35.732 D/ConnectivityService(  256): getMobileDataEnabled returning true
02-13 18:04:35.772 D/WifiService(  256): isAirplaneModeOn(): false
02-13 18:04:35.772 I/WifiService(  256): WifiService starting up with Wi-Fi enabled
02-13 18:04:35.772 D/WifiService(  256): isAirplaneModeOn(): false
02-13 18:04:35.782 D/NetworkManagementService(  256): Registering observer
02-13 18:04:35.782 D/WifiService(  256): WifiHandler, MESSAGE_ENABLE_WIFI, msg.arg1: 1, msg.arg2: 1000
02-13 18:04:35.782 D/WifiService(  256): isAirplaneModeOn(): false
02-13 18:04:35.782 E/WifiService(  256): jht getWifiConfiguration() Settings.Secure.WIFI_IDLE_MS=-1834574848
02-13 18:04:35.822 I/SystemServer(  256): Throttle Service
02-13 18:04:35.822 I/SystemServer(  256): Accessibility Manager
02-13 18:04:35.822 I/SystemServer(  256): Mount Service
02-13 18:04:35.822 I/SystemServer(  256): Notification Manager
02-13 18:04:35.822 I/SystemServer(  256): HDMI Service
02-13 18:04:35.822 I/SystemServer(  256): Device Storage Monitor
02-13 18:04:35.832 I/SystemServer(  256): Location Manager
02-13 18:04:35.832 I/SystemServer(  256): Search Service
02-13 18:04:35.832 I/SystemServer(  256): DropBox Service
02-13 18:04:35.832 I/SystemServer(  256): Wallpaper Service
02-13 18:04:35.832 D/VoldConnector(  256): SND -> {volume list} {null}
02-13 18:04:35.832 D/VoldCmdListener(  111): volume list
02-13 18:04:35.832 D/VoldConnector(  256): RCV <- {110 sdcard /mnt/sdcard 1}
02-13 18:04:35.832 D/VoldConnector(  256): RCV <- {200 Volumes listed.}
02-13 18:04:35.832 D/VoldConnector(  256): RSP <- {110 sdcard /mnt/sdcard 1}
02-13 18:04:35.843 D/VoldConnector(  256): RSP <- {200 Volumes listed.}
02-13 18:04:35.843 D/VoldConnector(  256): List terminated with {200 Volumes listed.}
02-13 18:04:35.843 D/MountService(  256): mount list sdcard /mnt/sdcard 1
02-13 18:04:35.843 D/VoldConnector(  256): SND -> {share status ums} {null}
02-13 18:04:35.843 D/VoldCmdListener(  111): share status ums
02-13 18:04:35.843 D/VoldConnector(  256): RCV <- {210 Share unavailable}
02-13 18:04:35.843 I/SystemServer(  256): Audio Service
02-13 18:04:35.843 D/VoldConnector(  256): RSP <- {210 Share unavailable}
02-13 18:04:35.883 I/SystemServer(  256): Headset Observer
02-13 18:04:35.883 I/SystemServer(  256): Dock Observer
02-13 18:04:35.883 W/DockObserver(  256): This kernel does not have dock station support
02-13 18:04:35.883 I/SystemServer(  256): USB Service
02-13 18:04:35.903 I/SystemServer(  256): UI Mode Manager Service
02-13 18:04:35.903 I/SystemServer(  256): Backup Service
02-13 18:04:36.193 I/BackupManagerService(  256): Backup enabled => true
02-13 18:04:36.193 I/SystemServer(  256): AppWidget Service
02-13 18:04:36.193 I/SystemServer(  256): Recognition Service
02-13 18:04:36.193 I/SystemServer(  256): DiskStats Service
02-13 18:04:36.193 I/SystemServer(  256): AtCmdFwd Service
02-13 18:04:36.203 I/SystemServer(  256): BT FM Power Management Service
02-13 18:04:36.223 E/SystemServer(  256): Failure starting BT FM Power Management Service
02-13 18:04:36.223 E/SystemServer(  256): java.lang.ExceptionInInitializerError
02-13 18:04:36.223 E/SystemServer(  256): 	at com.android.server.ServerThread.run(SystemServer.java:489)
02-13 18:04:36.223 E/SystemServer(  256): Caused by: java.lang.UnsatisfiedLinkError: classInitNative
02-13 18:04:36.223 E/SystemServer(  256): 	at com.broadcom.bt.service.framework.PowerManagementService.classInitNative(Native Method)
02-13 18:04:36.223 E/SystemServer(  256): 	at com.broadcom.bt.service.framework.PowerManagementService.<clinit>(PowerManagementService.java:58)
02-13 18:04:36.223 E/SystemServer(  256): 	... 1 more
02-13 18:04:36.243 W/WindowManager(  256): updateFocusedWindowLocked newFocus=Window{4076fa10 Keyguard paused=false} mode=1 mCurrentFocus = null
02-13 18:04:36.243 I/ActivityManager(  256): Config changed: { scale=1.0 imsi=0/0 loc=en_US touch=3 keys=1/1/2 nav=1/1 orien=1 layout=18 uiMode=0 seq=1}
02-13 18:04:36.263 D/PowerManagerService(  256): system ready!
02-13 18:04:36.273 I/ActivityManager(  256): System now ready
02-13 18:04:36.273 I/SystemServer(  256): Making services ready
02-13 18:04:36.273 I/StatusBarManagerService(  256): Starting service: ComponentInfo{com.android.systemui/com.android.systemui.statusbar.StatusBarService}
02-13 18:04:36.293 I/ActivityManager(  256): Start proc com.android.systemui for service com.android.systemui/.statusbar.StatusBarService: pid=327 uid=1000 gids={3002, 3001, 3003, 1015}
02-13 18:04:36.293 I/ActivityManager(  256): Config changed: { scale=1.0 imsi=0/0 loc=en_US touch=3 keys=1/1/2 nav=1/1 orien=1 layout=18 uiMode=17 seq=2}
02-13 18:04:36.593 I/ActivityManager(  256): Start proc com.android.inputmethod.latin for service com.android.inputmethod.latin/.LatinIME: pid=335 uid=10038 gids={}
02-13 18:04:36.633 D/NetworkManagementService(  256): Registering observer
02-13 18:04:36.663 I/ActivityManager(  256): Start proc com.android.phone for added application com.android.phone: pid=344 uid=1001 gids={3002, 3001, 3003, 1015}
02-13 18:04:36.673 I/ActivityManager(  256): Start proc com.broadcom.bt.app.system for added application com.broadcom.bt.app.system: pid=345 uid=1002 gids={3001, 3002}
02-13 18:04:36.733 I/ActivityManager(  256): Starting: Intent { act=android.intent.action.MAIN cat=[android.intent.category.HOME] flg=0x10000000 cmp=com.android.launcher/com.android.launcher2.Launcher } from pid 0
02-13 18:04:36.753 I/ActivityManager(  256): Start proc com.android.launcher for activity com.android.launcher/com.android.launcher2.Launcher: pid=351 uid=10037 gids={}
02-13 18:04:36.793 D/NetdConnector(  256): SND -> {interface readrxcounter rmnet0} {null}
02-13 18:04:36.803 D/NetdConnector(  256): RCV <- {216 0}
02-13 18:04:36.803 D/NetdConnector(  256): RSP <- {216 0}
02-13 18:04:36.803 D/NetdConnector(  256): SND -> {interface readtxcounter rmnet0} {null}
02-13 18:04:36.803 D/NetdConnector(  256): RCV <- {217 0}
02-13 18:04:36.803 D/NetdConnector(  256): RSP <- {217 0}
02-13 18:04:36.813 D/NetdConnector(  256): SND -> {interface setthrottle rmnet0 -1 -1} {null}
02-13 18:04:37.034 D/NetdConnector(  256): RCV <- {200 Interface throttling set}
02-13 18:04:37.034 D/NetdConnector(  256): RSP <- {200 Interface throttling set}
02-13 18:04:37.064 W/WindowManager(  256): updateFocusedWindowLocked newFocus=Window{4076fa10 Keyguard paused=false} mode=0 mCurrentFocus = Window{4076fa10 Keyguard paused=false}
02-13 18:04:37.084 I/StatusBarManagerService(  256): registerStatusBar bar=com.android.internal.statusbar.IStatusBar$Stub$Proxy@407874a0
02-13 18:04:37.104 I/ActivityManager(  256): Start proc com.google.process.gapps for service com.google.android.gsf/.loginservice.GoogleLoginService: pid=377 uid=10027 gids={3003, 1015, 2001, 1007}
02-13 18:04:37.124 D/VoldConnector(  256): SND -> {share status ums} {null}
02-13 18:04:37.124 D/VoldCmdListener(  111): share status ums
02-13 18:04:37.124 D/VoldConnector(  256): RCV <- {210 Share unavailable}
02-13 18:04:37.124 D/VoldConnector(  256): RSP <- {210 Share unavailable}
02-13 18:04:37.134 D/StorageNotification(  327): Startup with UMS connection false (media state unmounted)
02-13 18:04:37.164 D/NetdConnector(  256): RCV <- {600 Iface added wlan0}
02-13 18:04:37.174 I/StorageNotification(  327): UMS connection changed to false (media state unmounted)
02-13 18:04:37.494 I/ActivityManager(  256): Start proc android.process.acore for content provider com.android.providers.userdictionary/.UserDictionaryProvider: pid=394 uid=10007 gids={3003, 1015}
02-13 18:04:37.764 W/WindowManager(  256): updateFocusedWindowLocked newFocus=Window{4076fa10 Keyguard paused=false} mode=3 mCurrentFocus = Window{4076fa10 Keyguard paused=false}
02-13 18:04:38.095 D/ConnectivityService(  256): getMobileDataEnabled returning true
02-13 18:04:38.135 W/WindowManager(  256): updateFocusedWindowLocked newFocus=Window{4076fa10 Keyguard paused=false} mode=3 mCurrentFocus = Window{4076fa10 Keyguard paused=false}
02-13 18:04:38.145 W/WindowManager(  256): updateFocusedWindowLocked newFocus=Window{4076fa10 Keyguard paused=false} mode=3 mCurrentFocus = Window{4076fa10 Keyguard paused=false}
02-13 18:04:38.305 I/WifiService(  256): WifiService trying to setNumAllowed to 11 with persist set to true
02-13 18:04:38.305 I/ActivityManager(  256): Config changed: { scale=1.0 imsi=310/120 loc=en_US touch=3 keys=1/1/2 nav=1/1 orien=1 layout=18 uiMode=17 seq=3}
02-13 18:04:38.325 I/TelephonyRegistry(  256): notifyMessageWaitingChanged: false
02-13 18:04:38.345 D/WifiService(  256): WifiHandler, MESSAGE_SET_CHANNELS, msg.arg1: 11, msg.arg2: 1
02-13 18:04:38.415 W/WindowManager(  256): updateFocusedWindowLocked newFocus=Window{4076fa10 Keyguard paused=false} mode=3 mCurrentFocus = Window{4076fa10 Keyguard paused=false}
02-13 18:04:38.455 D/StatusBarPolicy(  327): updateSimState for subscription :0
02-13 18:04:38.455 D/StatusBarPolicy(  327): updateDataIcon subscription =0
02-13 18:04:38.565 W/ActivityManager(  256): Unable to start service Intent { act=com.android.ussd.IExtendedNetworkService }: not found
02-13 18:04:38.725 I/TelephonyRegistry(  256): notifyDataConnection: anyState=0,default/INET,apnTypeState=0,iface=null,ip=null,gw=null,isDataConnectivityPossible=false,networkType=0,reason=dataNetworkDetached
02-13 18:04:38.785 I/TelephonyRegistry(  256): notifyDataConnection: anyState=0,default/INET6,apnTypeState=0,iface=null,ip=null,gw=null,isDataConnectivityPossible=false,networkType=0,reason=dataNetworkDetached
02-13 18:04:38.795 I/TelephonyRegistry(  256): notifyDataConnection: anyState=0,mms/INET,apnTypeState=0,iface=null,ip=null,gw=null,isDataConnectivityPossible=false,networkType=0,reason=dataNetworkDetached
02-13 18:04:38.805 I/TelephonyRegistry(  256): notifyDataConnection: anyState=0,mms/INET6,apnTypeState=0,iface=null,ip=null,gw=null,isDataConnectivityPossible=false,networkType=0,reason=dataNetworkDetached
02-13 18:04:38.805 I/TelephonyRegistry(  256): notifyDataConnection: anyState=0,supl/INET,apnTypeState=0,iface=null,ip=null,gw=null,isDataConnectivityPossible=false,networkType=0,reason=dataNetworkDetached
02-13 18:04:38.825 I/TelephonyRegistry(  256): notifyDataConnection: anyState=0,supl/INET6,apnTypeState=0,iface=null,ip=null,gw=null,isDataConnectivityPossible=false,networkType=0,reason=dataNetworkDetached
02-13 18:04:38.825 I/TelephonyRegistry(  256): notifyDataConnection: anyState=0,dun/INET,apnTypeState=0,iface=null,ip=null,gw=null,isDataConnectivityPossible=false,networkType=0,reason=dataNetworkDetached
02-13 18:04:38.835 I/TelephonyRegistry(  256): notifyDataConnection: anyState=0,dun/INET6,apnTypeState=0,iface=null,ip=null,gw=null,isDataConnectivityPossible=false,networkType=0,reason=dataNetworkDetached
02-13 18:04:38.845 I/TelephonyRegistry(  256): notifyDataConnection: anyState=0,hipri/INET,apnTypeState=0,iface=null,ip=null,gw=null,isDataConnectivityPossible=false,networkType=0,reason=dataNetworkDetached
02-13 18:04:38.855 I/TelephonyRegistry(  256): notifyDataConnection: anyState=0,hipri/INET6,apnTypeState=0,iface=null,ip=null,gw=null,isDataConnectivityPossible=false,networkType=0,reason=dataNetworkDetached
02-13 18:04:38.885 W/WindowManager(  256): updateFocusedWindowLocked newFocus=Window{4076fa10 Keyguard paused=false} mode=0 mCurrentFocus = Window{4076fa10 Keyguard paused=false}
02-13 18:04:38.895 I/TelephonyRegistry(  256): notifyServiceState: 3 home null null null  Unknown CSS not supported -1 -1RoamInd: -1RoamStatus(sprint): -1DefRoamInd: -1EmergOnly: false
02-13 18:04:38.895 D/StatusBarPolicy(  327): onServiceStateChanged:3 home null null null  Unknown CSS not supported -1 -1RoamInd: -1RoamStatus(sprint): -1DefRoamInd: -1EmergOnly: falsefor subscription :0
02-13 18:04:38.895 D/StatusBarPolicy(  327): updateSignalStrength on subscription :0
02-13 18:04:38.895 D/StatusBarPolicy(  327): updateDataIcon subscription =0
02-13 18:04:38.936 I/WifiService(  256): WifiService trying to setNumAllowed to 11 with persist set to true
02-13 18:04:38.936 D/WifiService(  256): WifiHandler, MESSAGE_SET_CHANNELS, msg.arg1: 11, msg.arg2: 1
02-13 18:04:39.576 I/TelephonyRegistry(  256): notifyServiceState: 1 home Searching for Service null null  Unknown CSS not supported 0 0RoamInd: 2RoamStatus(sprint): 0DefRoamInd: 0EmergOnly: false
02-13 18:04:39.576 D/StatusBarPolicy(  327): onServiceStateChanged:1 home Searching for Service null null  Unknown CSS not supported 0 0RoamInd: 2RoamStatus(sprint): 0DefRoamInd: 0EmergOnly: falsefor subscription :0
02-13 18:04:39.576 D/StatusBarPolicy(  327): updateSignalStrength on subscription :0
02-13 18:04:39.596 D/StatusBarPolicy(  327): updateDataIcon subscription =0
02-13 18:04:39.636 I/TelephonyRegistry(  256): notifyServiceState: 1 home Searching for Service null null  Unknown CSS not supported 0 0RoamInd: 2RoamStatus(sprint): 0DefRoamInd: 0EmergOnly: false
02-13 18:04:39.636 D/StatusBarPolicy(  327): onServiceStateChanged:1 home Searching for Service null null  Unknown CSS not supported 0 0RoamInd: 2RoamStatus(sprint): 0DefRoamInd: 0EmergOnly: falsefor subscription :0
02-13 18:04:39.636 D/StatusBarPolicy(  327): updateSignalStrength on subscription :0
02-13 18:04:39.636 D/StatusBarPolicy(  327): updateDataIcon subscription =0
02-13 18:04:39.686 I/WifiService(  256): WifiService trying to setNumAllowed to 11 with persist set to true
02-13 18:04:39.686 D/WifiService(  256): WifiHandler, MESSAGE_SET_CHANNELS, msg.arg1: 11, msg.arg2: 1
02-13 18:04:39.716 I/TelephonyRegistry(  256): notifyServiceState: 1 home Searching for Service null null  Unknown CSS not supported 0 0RoamInd: 2RoamStatus(sprint): 0DefRoamInd: 0EmergOnly: false
02-13 18:04:39.716 D/StatusBarPolicy(  327): onServiceStateChanged:1 home Searching for Service null null  Unknown CSS not supported 0 0RoamInd: 2RoamStatus(sprint): 0DefRoamInd: 0EmergOnly: falsefor subscription :0
02-13 18:04:39.716 D/StatusBarPolicy(  327): updateSignalStrength on subscription :0
02-13 18:04:39.716 W/WindowManager(  256): updateFocusedWindowLocked newFocus=Window{4076fa10 Keyguard paused=false} mode=3 mCurrentFocus = Window{4076fa10 Keyguard paused=false}
02-13 18:04:39.716 D/StatusBarPolicy(  327): updateDataIcon subscription =0
02-13 18:04:40.127 D/WifiService(  256): ACTION_BATTERY_CHANGED pluggedType: 0
02-13 18:04:40.127 D/WifiService(  256): WifiHandler, MESSAGE_UPDATE_STATE
02-13 18:04:40.127 D/WifiService(  256): isAirplaneModeOn(): false
02-13 18:04:40.127 D/WifiService(  256): updateWifiState(), wifiEnabled: true, airplaneMode: false, wifiShouldBeEnabled: true, wifiShouldBeStarted: true, strongestLockMode: 1
02-13 18:04:40.127 D/WifiService(  256): WifiHandler, MESSAGE_ENABLE_WIFI, msg.arg1: 0, msg.arg2: 1000
02-13 18:04:40.127 D/WifiService(  256): WifiHandler, MESSAGE_START_WIFI, msg.arg1: 1
02-13 18:04:40.840 D/PowerManagerService(  256): bootCompleted
02-13 18:04:40.840 D/PowerManagerService(  256): setTimeoutLocked now=30518 timeoutOverride=-1 nextState=3 when=36518
02-13 18:04:40.840 D/NetdConnector(  256): SND -> {interface list} {null}
02-13 18:04:40.850 D/NetdConnector(  256): RCV <- {110 lo}
02-13 18:04:40.850 D/NetdConnector(  256): RCV <- {110 dummy0}
02-13 18:04:40.850 D/NetdConnector(  256): RCV <- {110 rmnet0}
02-13 18:04:40.850 D/NetdConnector(  256): RCV <- {110 rmnet1}
02-13 18:04:40.850 D/NetdConnector(  256): RCV <- {110 rmnet2}
02-13 18:04:40.850 D/NetdConnector(  256): RCV <- {110 rmnet3}
02-13 18:04:40.850 D/NetdConnector(  256): RCV <- {110 rmnet4}
02-13 18:04:40.850 D/NetdConnector(  256): RCV <- {110 rmnet5}
02-13 18:04:40.850 D/NetdConnector(  256): RCV <- {110 rmnet6}
02-13 18:04:40.850 D/NetdConnector(  256): RCV <- {110 rmnet7}
02-13 18:04:40.850 D/NetdConnector(  256): RCV <- {110 tunl0}
02-13 18:04:40.850 D/NetdConnector(  256): RSP <- {110 lo}
02-13 18:04:40.850 D/NetdConnector(  256): RSP <- {110 dummy0}
02-13 18:04:40.850 D/NetdConnector(  256): RSP <- {110 rmnet0}
02-13 18:04:40.850 D/NetdConnector(  256): RSP <- {110 rmnet1}
02-13 18:04:40.850 D/NetdConnector(  256): RSP <- {110 rmnet2}
02-13 18:04:40.850 D/NetdConnector(  256): RSP <- {110 rmnet3}
02-13 18:04:40.850 D/NetdConnector(  256): RSP <- {110 rmnet4}
02-13 18:04:40.850 D/NetdConnector(  256): RSP <- {110 rmnet5}
02-13 18:04:40.850 D/NetdConnector(  256): RSP <- {110 rmnet6}
02-13 18:04:40.860 D/NetdConnector(  256): RSP <- {110 rmnet7}
02-13 18:04:40.860 D/NetdConnector(  256): RCV <- {110 gre0}
02-13 18:04:40.860 D/NetdConnector(  256): RCV <- {110 sit0}
02-13 18:04:40.860 D/NetdConnector(  256): RCV <- {110 ip6tnl0}
02-13 18:04:40.860 D/NetdConnector(  256): RCV <- {110 usb0}
02-13 18:04:40.860 D/NetdConnector(  256): RCV <- {110 wlan0}
02-13 18:04:40.860 D/NetdConnector(  256): RCV <- {200 Interface list completed}
02-13 18:04:40.860 D/NetdConnector(  256): RSP <- {110 tunl0}
02-13 18:04:40.860 D/NetdConnector(  256): RSP <- {110 gre0}
02-13 18:04:40.860 D/NetdConnector(  256): RSP <- {110 sit0}
02-13 18:04:40.860 D/NetdConnector(  256): RSP <- {110 ip6tnl0}
02-13 18:04:40.860 D/NetdConnector(  256): RSP <- {110 usb0}
02-13 18:04:40.860 D/NetdConnector(  256): RSP <- {110 wlan0}
02-13 18:04:40.860 D/NetdConnector(  256): RSP <- {200 Interface list completed}
02-13 18:04:40.860 D/NetdConnector(  256): List terminated with {200 Interface list completed}
02-13 18:04:40.870 D/VoldConnector(  256): SND -> {volume mount /mnt/sdcard} {null}
02-13 18:04:40.870 D/VoldCmdListener(  111): volume mount /mnt/sdcard
02-13 18:04:40.870 E/DirectVolume(  111): getDeviceNodes i 0 j 0 33
02-13 18:04:40.870 I/Vold    (  111): /dev/block/vold/179:33 being considered for volume sdcard
02-13 18:04:40.870 D/Vold    (  111): Volume sdcard state changing 1 (Idle-Unmounted) -> 3 (Checking)
02-13 18:04:40.870 D/VoldConnector(  256): RCV <- {605 Volume sdcard /mnt/sdcard state changed from 1 (Idle-Unmounted) to 3 (Checking)}
02-13 18:04:40.880 I/StorageNotification(  327): Media {/mnt/sdcard} state changed from {unmounted} -> {checking}
02-13 18:04:41.170 W/WindowManager(  256): updateFocusedWindowLocked newFocus=Window{4076fa10 Keyguard paused=false} mode=3 mCurrentFocus = Window{4076fa10 Keyguard paused=false}
02-13 18:04:41.220 I/ActivityManager(  256): Start proc com.android.settings for broadcast com.android.settings/.widget.SettingsAppWidgetProvider: pid=451 uid=1000 gids={3002, 3001, 3003, 1015}
02-13 18:04:41.260 W/WindowManager(  256): updateFocusedWindowLocked newFocus=Window{4076fa10 Keyguard paused=false} mode=3 mCurrentFocus = Window{4076fa10 Keyguard paused=false}
02-13 18:04:41.610 I/ActivityManager(  256): Start proc com.google.android.partnersetup for broadcast com.google.android.partnersetup/.PhoneStateReceiver: pid=458 uid=10041 gids={3003}
02-13 18:04:42.151 I/ActivityManager(  256): Start proc com.redbend.vdmc for broadcast com.redbend.vdmc/.MyConnectionChangeReceiver: pid=466 uid=1000 gids={3002, 3001, 3003, 1015}
02-13 18:04:42.251 I/ActivityManager(  256): Start proc com.qualcomm.privinit for broadcast com.qualcomm.privinit/.BootReciever: pid=474 uid=1000 gids={3002, 3001, 3003, 1015}
02-13 18:04:42.291 I/ActivityManager(  256): Start proc com.cooliris.media for broadcast com.cooliris.media/com.cooliris.cache.BootReceiver: pid=481 uid=10046 gids={1015, 3003}
02-13 18:04:42.401 I/Vold    (  111): Filesystem check completed OK
02-13 18:04:42.441 I/Vold    (  111): Device /dev/block/vold/179:33, target /mnt/sdcard mounted @ /mnt/secure/staging
02-13 18:04:42.451 D/Vold    (  111): Volume sdcard state changing 3 (Checking) -> 4 (Mounted)
02-13 18:04:42.451 D/VoldConnector(  256): RCV <- {605 Volume sdcard /mnt/sdcard state changed from 3 (Checking) to 4 (Mounted)}
02-13 18:04:42.451 I/StorageNotification(  327): Media {/mnt/sdcard} state changed from {checking} -> {mounted}
02-13 18:04:42.461 D/VoldConnector(  256): RCV <- {200 volume operation succeeded}
02-13 18:04:42.461 W/WindowManager(  256): updateFocusedWindowLocked newFocus=Window{4076fa10 Keyguard paused=false} mode=3 mCurrentFocus = Window{4076fa10 Keyguard paused=false}
02-13 18:04:42.461 D/VoldConnector(  256): RSP <- {200 volume operation succeeded}
02-13 18:04:42.481 I/ActivityManager(  256): Start proc zte.com.cn.alarmclock for broadcast zte.com.cn.alarmclock/.AlarmInitReceiver: pid=490 uid=10001 gids={}
02-13 18:04:42.521 I/BootReceiver(  256): Copying /proc/last_kmsg to DropBox (SYSTEM_LAST_KMSG)
02-13 18:04:42.541 D/VoldConnector(  256): SND -> {asec list} {null}
02-13 18:04:42.541 D/VoldCmdListener(  111): asec list
02-13 18:04:42.541 D/VoldConnector(  256): RCV <- {200 asec operation succeeded}
02-13 18:04:42.541 D/VoldConnector(  256): RSP <- {200 asec operation succeeded}
02-13 18:04:42.541 D/VoldConnector(  256): List terminated with {200 asec operation succeeded}
02-13 18:04:42.651 W/PackageManager(  256): Unknown permission com.android.vending.permission.UPDATE_MARKET_FAILURE in package com.android.vending.updater
02-13 18:04:42.661 W/PackageManager(  256): Unknown permission android.permission.ADD_SYSTEM_SERVICE in package com.android.phone
02-13 18:04:42.691 W/PackageManager(  256): Unknown permission com.google.android.apps.googlevoice.permission.AUTO_SEND in package com.google.android.voicesearch
02-13 18:04:42.701 W/PackageManager(  256): Not granting permission android.permission.SEND_DOWNLOAD_COMPLETED_INTENTS to package com.android.browser (protectionLevel=2 flags=0x9be45)
02-13 18:04:42.701 W/PackageManager(  256): Unknown permission com.android.email.provider.AttachmentProvider in package com.android.music
02-13 18:04:42.701 W/PackageManager(  256): Not granting permission android.permission.SEND_DOWNLOAD_COMPLETED_INTENTS to package com.android.music (protectionLevel=2 flags=0x8be65)
02-13 18:04:42.711 W/PackageManager(  256): Unknown permission android.permission.READ_OWNER_DATA in package com.android.setupwizard
02-13 18:04:42.711 W/PackageManager(  256): Unknown permission android.permission.WRITE_OWNER_DATA in package com.android.setupwizard
02-13 18:04:42.711 W/PackageManager(  256): Not granting permission android.permission.ACCESS_DRM to package com.android.mms (protectionLevel=2 flags=0x8be65)
02-13 18:04:42.711 W/PackageManager(  256): Unknown permission android.permission.RECEIVE_EMERGENCY_BROADCAST in package com.android.mms
02-13 18:04:42.721 W/PackageManager(  256): Not granting permission android.permission.SET_PREFERRED_APPLICATIONS to package com.sprint.w.installer (protectionLevel=2 flags=0x8be45)
02-13 18:04:42.741 W/PackageManager(  256): Unknown permission android.intent.action.REBOOT in package com.redbend.vdmc
02-13 18:04:42.741 W/PackageManager(  256): Not granting permission com.google.android.gm.permission.READ_GMAIL to package com.google.android.apps.uploader (protectionLevel=2 flags=0xbe45)
02-13 18:04:42.751 W/PackageManager(  256): Unknown permission android.permission.READ_PROFILE in package com.google.android.apps.plus
02-13 18:04:42.751 W/PackageManager(  256): Unknown permission android.permission.WRITE_PROFILE in package com.google.android.apps.plus
02-13 18:04:42.751 W/PackageManager(  256): Unknown permission android.permission.READ_SOCIAL_STREAM in package com.google.android.apps.plus
02-13 18:04:42.751 W/PackageManager(  256): Unknown permission android.permission.WRITE_SOCIAL_STREAM in package com.google.android.apps.plus
02-13 18:04:42.751 W/PackageManager(  256): Unknown permission android.permission.READ_EXTERNAL_STORAGE in package com.android.vending
02-13 18:04:42.751 W/PackageManager(  256): Not granting permission android.permission.SEND_DOWNLOAD_COMPLETED_INTENTS to package com.android.vending (protectionLevel=2 flags=0xabec5)
02-13 18:04:42.761 W/PackageManager(  256): Not granting permission android.permission.ACCOUNT_MANAGER to package com.google.android.music (protectionLevel=2 flags=0x8bee5)
02-13 18:04:42.771 W/PackageManager(  256): Unknown permission android.permission.READ_OWNER_DATA in package com.android.email
02-13 18:04:42.771 W/PackageManager(  256): Unknown permission android.intent.action.REBOOT in package com.android.email
02-13 18:04:42.771 W/PackageManager(  256): Not granting permission android.permission.BROADCAST_WAP_PUSH to package com.android.email (protectionLevel=2 flags=0x8be45)
02-13 18:04:42.771 W/PackageManager(  256): Unknown permission com.android.providers.im.permission.READ_ONLY in package com.google.android.apps.maps
02-13 18:04:42.771 W/PackageManager(  256): Unknown permission com.google.android.providers.gmail.permission.READ_GMAIL in package com.dataviz.docstogo
02-13 18:04:43.091 I/ActivityManager(  256): Start proc android.process.media for content provider com.android.providers.downloads/.DownloadProvider: pid=497 uid=10024 gids={1015, 2001, 3003}
02-13 18:04:43.131 I/ActivityManager(  256): Start proc com.sprint.zone for broadcast com.sprint.zone/.BootCompleteReceiver: pid=498 uid=10002 gids={3003, 3002, 3001}
02-13 18:04:43.842 I/ActivityManager(  256): Start proc com.android.email for content provider com.android.email/com.android.exchange.provider.ExchangeProvider: pid=512 uid=10048 gids={3003, 1015}
02-13 18:04:43.902 D/ConnectivityService(  256): ConnectivityChange for WIFI: DISCONNECTED/IDLE
02-13 18:04:43.902 D/ConnectivityService(  256): Got Network Disconnected from Driver nwtype=1
02-13 18:04:43.902 D/ConnectivityService(  256): getMobileDataEnabled returning true
02-13 18:04:43.912 D/ConnectivityService(  256): Attempting to switch to mobile
02-13 18:04:43.922 D/StatusBarPolicy(  327): updateSignalStrength on subscription :0
02-13 18:04:45.153 D/RPC     (  256): 3000008c:00050000 sending call (XID 1).
02-13 18:04:45.464 D/RPC     (  256): 3000008c:00050000 received REPLY (XID 1), grabbing mutex to wake up client.
02-13 18:04:45.474 D/RPC     (  256): 3000008c:00050000 call success.
02-13 18:04:45.474 D/RPC     (  256): 3000008c:00050000 sending call (XID 2).
02-13 18:04:45.474 D/RPC     (  256): 3000008c:00050000 received REPLY (XID 2), grabbing mutex to wake up client.
02-13 18:04:45.474 D/RPC     (  256): 3000008c:00050000 call success.
02-13 18:04:45.474 D/RPC     (  256): 3000008c:00050000 received CALL.
02-13 18:04:45.514 D/RPC     (  256): 3000008c:00050000 dispatching RPC call (XID 9, xdr 0x502bf8) for callback client 3100008c:00050001.
02-13 18:04:45.514 D/RPC     (  256): 3100008c:327681 sending RPC reply (XID 9)
02-13 18:04:45.514 D/RPC     (  256): 3000008c:00050000 sending call (XID 3).
02-13 18:04:45.514 D/RPC     (  256): 3000008c:00050000 received REPLY (XID 3), grabbing mutex to wake up client.
02-13 18:04:45.514 D/RPC     (  256): 3000008c:00050000 call success.
02-13 18:04:45.514 D/RPC     (  256): 3000008c:00050000 received CALL.
02-13 18:04:45.514 D/RPC     (  256): 3000008c:00050000 dispatching RPC call (XID 10, xdr 0x502bf8) for callback client 3100008c:00050001.
02-13 18:04:45.514 D/RPC     (  256): 3100008c:327681 sending RPC reply (XID 10)
02-13 18:04:45.514 D/RPC     (  256): 3000008c:00050000 sending call (XID 4).
02-13 18:04:45.514 D/RPC     (  256): 3000008c:00050000 received REPLY (XID 4), grabbing mutex to wake up client.
02-13 18:04:45.514 D/RPC     (  256): 3000008c:00050000 call success.
02-13 18:04:45.524 D/RPC     (  256): 3000008c:00050000 received CALL.
02-13 18:04:45.524 D/RPC     (  256): 3000008c:00050000 dispatching RPC call (XID 11, xdr 0x502bf8) for callback client 3100008c:00050001.
02-13 18:04:45.524 D/RPC     (  256): 3100008c:327681 sending RPC reply (XID 11)
02-13 18:04:45.634 I/ActivityManager(  256): Start proc com.android.voicedialer for broadcast com.android.voicedialer/.VoiceDialerReceiver: pid=525 uid=10005 gids={3002}
02-13 18:04:45.674 I/ActivityManager(  256): Start proc com.swype.android.inputmethod for broadcast com.swype.android.inputmethod/.SwypeDataInitializer: pid=533 uid=10010 gids={1015}
02-13 18:04:45.814 D/StatusBarPolicy(  327): onSignalStrengthsChanged:SignalStrength: 99 0 -104 -110 -125 -25 8 99 2147483647 2147483647 2147483647 2147483647 cdma for subscription0
02-13 18:04:45.814 D/StatusBarPolicy(  327): updateSignalStrength on subscription :0
02-13 18:04:46.575 I/TelephonyRegistry(  256): notifyServiceState: 0 home Sprint  310099  IS95A CSS not supported 41 4139RoamInd: 1RoamStatus(sprint): 1DefRoamInd: 160EmergOnly: false
02-13 18:04:46.575 D/StatusBarPolicy(  327): onServiceStateChanged:0 home Sprint  310099  IS95A CSS not supported 41 4139RoamInd: 1RoamStatus(sprint): 1DefRoamInd: 160EmergOnly: falsefor subscription :0
02-13 18:04:46.575 D/StatusBarPolicy(  327): updateSignalStrength on subscription :0
02-13 18:04:46.575 D/StatusBarPolicy(  327): StatusBarPolocy::getIconLevel -CDMA
02-13 18:04:46.575 D/StatusBarPolicy(  327): getCdmaLevel_band_six -cdmaDbm:-104
02-13 18:04:46.575 D/StatusBarPolicy(  327): getCdmaLevel_band_six -cdmaEcio:-110
02-13 18:04:46.575 D/StatusBarPolicy(  327): updateDataIcon subscription =0
02-13 18:04:46.615 I/ActivityManager(  256): Start proc com.sprint.ce.updater for broadcast com.sprint.ce.updater/.BootCompletedReceiver: pid=541 uid=10012 gids={3003}
02-13 18:04:46.625 I/TelephonyRegistry(  256): notifyServiceState: 0 home Sprint  310099  IS95A CSS not supported 41 4139RoamInd: 1RoamStatus(sprint): 1DefRoamInd: 160EmergOnly: false
02-13 18:04:46.625 D/StatusBarPolicy(  327): onServiceStateChanged:0 home Sprint  310099  IS95A CSS not supported 41 4139RoamInd: 1RoamStatus(sprint): 1DefRoamInd: 160EmergOnly: falsefor subscription :0
02-13 18:04:46.625 D/StatusBarPolicy(  327): updateSignalStrength on subscription :0
02-13 18:04:46.625 D/StatusBarPolicy(  327): StatusBarPolocy::getIconLevel -CDMA
02-13 18:04:46.625 D/StatusBarPolicy(  327): getCdmaLevel_band_six -cdmaDbm:-104
02-13 18:04:46.625 D/StatusBarPolicy(  327): getCdmaLevel_band_six -cdmaEcio:-110
02-13 18:04:46.625 D/StatusBarPolicy(  327): updateDataIcon subscription =0
02-13 18:04:46.635 I/TelephonyRegistry(  256): notifyServiceState: 0 home Sprint  310099  IS95A CSS not supported 41 4139RoamInd: 1RoamStatus(sprint): 1DefRoamInd: 160EmergOnly: false
02-13 18:04:46.635 D/StatusBarPolicy(  327): onServiceStateChanged:0 home Sprint  310099  IS95A CSS not supported 41 4139RoamInd: 1RoamStatus(sprint): 1DefRoamInd: 160EmergOnly: falsefor subscription :0
02-13 18:04:46.645 D/StatusBarPolicy(  327): updateSignalStrength on subscription :0
02-13 18:04:46.645 D/StatusBarPolicy(  327): StatusBarPolocy::getIconLevel -CDMA
02-13 18:04:46.645 D/StatusBarPolicy(  327): getCdmaLevel_band_six -cdmaDbm:-104
02-13 18:04:46.645 D/StatusBarPolicy(  327): getCdmaLevel_band_six -cdmaEcio:-110
02-13 18:04:46.645 D/StatusBarPolicy(  327): updateDataIcon subscription =0
02-13 18:04:46.675 D/StatusBarPolicy(  327): onSignalStrengthsChanged:SignalStrength: 99 0 -104 -90 -125 -25 8 99 2147483647 2147483647 2147483647 2147483647 cdma for subscription0
02-13 18:04:46.675 D/StatusBarPolicy(  327): updateSignalStrength on subscription :0
02-13 18:04:46.675 D/StatusBarPolicy(  327): StatusBarPolocy::getIconLevel -CDMA
02-13 18:04:46.675 D/StatusBarPolicy(  327): getCdmaLevel_band_six -cdmaDbm:-104
02-13 18:04:46.675 D/StatusBarPolicy(  327): getCdmaLevel_band_six -cdmaEcio:-90
02-13 18:04:46.695 I/TelephonyRegistry(  256): notifyDataConnection: anyState=0,default/INET,apnTypeState=0,iface=null,ip=null,gw=null,isDataConnectivityPossible=true,networkType=4,reason=dataNetworkAttached
02-13 18:04:46.695 D/StatusBarPolicy(  327): StatusBarPolicy onDataConnectionStateChanged to 0for nw : 4on subscription : 0
02-13 18:04:46.695 D/StatusBarPolicy(  327): Data network type changed to:4
02-13 18:04:46.695 D/StatusBarPolicy(  327): updateDataIcon subscription =0
02-13 18:04:46.715 I/TelephonyRegistry(  256): notifyDataConnection: anyState=0,default/INET6,apnTypeState=0,iface=null,ip=null,gw=null,isDataConnectivityPossible=true,networkType=4,reason=dataNetworkAttached
02-13 18:04:46.725 I/TelephonyRegistry(  256): notifyDataConnection: anyState=0,mms/INET,apnTypeState=0,iface=null,ip=null,gw=null,isDataConnectivityPossible=true,networkType=4,reason=dataNetworkAttached
02-13 18:04:46.735 D/ConnectivityService(  256): ConnectivityChange for mobile: CONNECTING/CONNECTING
02-13 18:04:46.745 I/TelephonyRegistry(  256): notifyDataConnection: anyState=0,mms/INET6,apnTypeState=0,iface=null,ip=null,gw=null,isDataConnectivityPossible=true,networkType=4,reason=dataNetworkAttached
02-13 18:04:46.765 I/TelephonyRegistry(  256): notifyDataConnection: anyState=0,supl/INET,apnTypeState=0,iface=null,ip=null,gw=null,isDataConnectivityPossible=true,networkType=4,reason=dataNetworkAttached
02-13 18:04:46.775 D/ConnectivityService(  256): ConnectivityChange for mobile: DISCONNECTED/DISCONNECTED
02-13 18:04:46.775 D/ConnectivityService(  256): Got Network Disconnected from Driver nwtype=0
02-13 18:04:46.775 D/ConnectivityService(  256): getMobileDataEnabled returning true
02-13 18:04:46.775 D/ConnectivityService(  256): Attempting to switch to WIFI
02-13 18:04:46.785 D/StatusBarPolicy(  327): Data network type changed to:4
02-13 18:04:46.785 D/StatusBarPolicy(  327): updateDataIcon subscription =0
02-13 18:04:46.785 D/StatusBarPolicy(  327): updateSignalStrength on subscription :0
02-13 18:04:46.785 D/StatusBarPolicy(  327): StatusBarPolocy::getIconLevel -CDMA
02-13 18:04:46.785 D/StatusBarPolicy(  327): getCdmaLevel_band_six -cdmaDbm:-104
02-13 18:04:46.785 D/StatusBarPolicy(  327): getCdmaLevel_band_six -cdmaEcio:-90
02-13 18:04:46.785 I/TelephonyRegistry(  256): notifyDataConnection: anyState=0,supl/INET6,apnTypeState=0,iface=null,ip=null,gw=null,isDataConnectivityPossible=true,networkType=4,reason=dataNetworkAttached
02-13 18:04:46.795 I/TelephonyRegistry(  256): notifyDataConnection: anyState=0,dun/INET,apnTypeState=0,iface=null,ip=null,gw=null,isDataConnectivityPossible=true,networkType=4,reason=dataNetworkAttached
02-13 18:04:46.815 I/TelephonyRegistry(  256): notifyDataConnection: anyState=0,dun/INET6,apnTypeState=0,iface=null,ip=null,gw=null,isDataConnectivityPossible=true,networkType=4,reason=dataNetworkAttached
02-13 18:04:46.835 I/TelephonyRegistry(  256): notifyDataConnection: anyState=0,hipri/INET,apnTypeState=0,iface=null,ip=null,gw=null,isDataConnectivityPossible=true,networkType=4,reason=dataNetworkAttached
02-13 18:04:46.855 D/PowerManagerService(  256): setTimeoutLocked now=36538 timeoutOverride=-1 nextState=1 when=143538
02-13 18:04:46.865 I/TelephonyRegistry(  256): notifyDataConnection: anyState=0,hipri/INET6,apnTypeState=0,iface=null,ip=null,gw=null,isDataConnectivityPossible=true,networkType=4,reason=dataNetworkAttached
02-13 18:04:46.885 I/TelephonyRegistry(  256): notifyDataConnection: anyState=0,default/INET,apnTypeState=0,iface=null,ip=null,gw=null,isDataConnectivityPossible=true,networkType=4,reason=radioTechnologyChanged
02-13 18:04:46.895 I/TelephonyRegistry(  256): notifyDataConnection: anyState=0,default/INET6,apnTypeState=0,iface=null,ip=null,gw=null,isDataConnectivityPossible=true,networkType=4,reason=radioTechnologyChanged
02-13 18:04:46.905 I/TelephonyRegistry(  256): notifyDataConnection: anyState=0,mms/INET,apnTypeState=0,iface=null,ip=null,gw=null,isDataConnectivityPossible=true,networkType=4,reason=radioTechnologyChanged
02-13 18:04:46.915 I/TelephonyRegistry(  256): notifyDataConnection: anyState=0,mms/INET6,apnTypeState=0,iface=null,ip=null,gw=null,isDataConnectivityPossible=true,networkType=4,reason=radioTechnologyChanged
02-13 18:04:46.935 I/TelephonyRegistry(  256): notifyDataConnection: anyState=0,supl/INET,apnTypeState=0,iface=null,ip=null,gw=null,isDataConnectivityPossible=true,networkType=4,reason=radioTechnologyChanged
02-13 18:04:46.945 I/TelephonyRegistry(  256): notifyDataConnection: anyState=0,supl/INET6,apnTypeState=0,iface=null,ip=null,gw=null,isDataConnectivityPossible=true,networkType=4,reason=radioTechnologyChanged
02-13 18:04:46.955 I/TelephonyRegistry(  256): notifyDataConnection: anyState=0,dun/INET,apnTypeState=0,iface=null,ip=null,gw=null,isDataConnectivityPossible=true,networkType=4,reason=radioTechnologyChanged
02-13 18:04:46.965 I/TelephonyRegistry(  256): notifyDataConnection: anyState=0,dun/INET6,apnTypeState=0,iface=null,ip=null,gw=null,isDataConnectivityPossible=true,networkType=4,reason=radioTechnologyChanged
02-13 18:04:46.975 I/TelephonyRegistry(  256): notifyDataConnection: anyState=0,hipri/INET,apnTypeState=0,iface=null,ip=null,gw=null,isDataConnectivityPossible=true,networkType=4,reason=radioTechnologyChanged
02-13 18:04:46.985 I/ActivityManager(  256): Start proc com.sprint.w.installer for broadcast com.sprint.w.installer/.BootListener: pid=548 uid=10014 gids={3003, 1015}
02-13 18:04:46.995 I/TelephonyRegistry(  256): notifyDataConnection: anyState=0,hipri/INET6,apnTypeState=0,iface=null,ip=null,gw=null,isDataConnectivityPossible=true,networkType=4,reason=radioTechnologyChanged
02-13 18:04:47.035 I/TelephonyRegistry(  256): notifyServiceState: 0 home Sprint  310099  IS95A CSS not supported 41 4139RoamInd: 1RoamStatus(sprint): 1DefRoamInd: 160EmergOnly: false
02-13 18:04:47.035 D/StatusBarPolicy(  327): onServiceStateChanged:0 home Sprint  310099  IS95A CSS not supported 41 4139RoamInd: 1RoamStatus(sprint): 1DefRoamInd: 160EmergOnly: falsefor subscription :0
02-13 18:04:47.035 D/StatusBarPolicy(  327): updateSignalStrength on subscription :0
02-13 18:04:47.035 D/StatusBarPolicy(  327): StatusBarPolocy::getIconLevel -CDMA
02-13 18:04:47.035 D/StatusBarPolicy(  327): getCdmaLevel_band_six -cdmaDbm:-104
02-13 18:04:47.035 D/StatusBarPolicy(  327): getCdmaLevel_band_six -cdmaEcio:-90
02-13 18:04:47.035 D/StatusBarPolicy(  327): updateDataIcon subscription =0
02-13 18:04:47.055 I/TelephonyRegistry(  256): notifyServiceState: 0 home Sprint  310099  1xRTT CSS not supported 41 4139RoamInd: 1RoamStatus(sprint): 1DefRoamInd: 160EmergOnly: false
02-13 18:04:47.055 D/StatusBarPolicy(  327): onServiceStateChanged:0 home Sprint  310099  1xRTT CSS not supported 41 4139RoamInd: 1RoamStatus(sprint): 1DefRoamInd: 160EmergOnly: falsefor subscription :0
02-13 18:04:47.055 D/StatusBarPolicy(  327): updateSignalStrength on subscription :0
02-13 18:04:47.055 D/StatusBarPolicy(  327): StatusBarPolocy::getIconLevel -CDMA
02-13 18:04:47.055 D/StatusBarPolicy(  327): getCdmaLevel_band_six -cdmaDbm:-104
02-13 18:04:47.055 D/StatusBarPolicy(  327): getCdmaLevel_band_six -cdmaEcio:-90
02-13 18:04:47.055 D/StatusBarPolicy(  327): updateDataIcon subscription =0
02-13 18:04:47.185 I/TelephonyRegistry(  256): notifyDataConnection: anyState=0,default/INET,apnTypeState=1,iface=null,ip=null,gw=null,isDataConnectivityPossible=true,networkType=7,reason=radioTechnologyChanged
02-13 18:04:47.195 D/StatusBarPolicy(  327): StatusBarPolicy onDataConnectionStateChanged to 0for nw : 7on subscription : 0
02-13 18:04:47.195 D/StatusBarPolicy(  327): Data network type changed to:7
02-13 18:04:47.195 D/StatusBarPolicy(  327): updateDataIcon subscription =0
02-13 18:04:47.235 I/TelephonyRegistry(  256): notifyDataConnection: anyState=0,default/INET,apnTypeState=1,iface=null,ip=null,gw=null,isDataConnectivityPossible=true,networkType=7,reason=radioTechnologyChanged
02-13 18:04:47.235 I/TelephonyRegistry(  256): notifyDataConnection: anyState=0,default/INET6,apnTypeState=0,iface=null,ip=null,gw=null,isDataConnectivityPossible=true,networkType=7,reason=radioTechnologyChanged
02-13 18:04:47.245 I/TelephonyRegistry(  256): notifyDataConnection: anyState=0,mms/INET,apnTypeState=0,iface=null,ip=null,gw=null,isDataConnectivityPossible=true,networkType=7,reason=radioTechnologyChanged
02-13 18:04:47.255 I/TelephonyRegistry(  256): notifyDataConnection: anyState=0,mms/INET6,apnTypeState=0,iface=null,ip=null,gw=null,isDataConnectivityPossible=true,networkType=7,reason=radioTechnologyChanged
02-13 18:04:47.265 I/TelephonyRegistry(  256): notifyDataConnection: anyState=0,supl/INET,apnTypeState=0,iface=null,ip=null,gw=null,isDataConnectivityPossible=true,networkType=7,reason=radioTechnologyChanged
02-13 18:04:47.286 I/TelephonyRegistry(  256): notifyDataConnection: anyState=0,supl/INET6,apnTypeState=0,iface=null,ip=null,gw=null,isDataConnectivityPossible=true,networkType=7,reason=radioTechnologyChanged
02-13 18:04:47.286 I/TelephonyRegistry(  256): notifyDataConnection: anyState=0,dun/INET,apnTypeState=0,iface=null,ip=null,gw=null,isDataConnectivityPossible=true,networkType=7,reason=radioTechnologyChanged
02-13 18:04:47.306 I/TelephonyRegistry(  256): notifyDataConnection: anyState=0,dun/INET6,apnTypeState=0,iface=null,ip=null,gw=null,isDataConnectivityPossible=true,networkType=7,reason=radioTechnologyChanged
02-13 18:04:47.326 I/TelephonyRegistry(  256): notifyDataConnection: anyState=0,hipri/INET,apnTypeState=0,iface=null,ip=null,gw=null,isDataConnectivityPossible=true,networkType=7,reason=radioTechnologyChanged
02-13 18:04:47.326 I/TelephonyRegistry(  256): notifyDataConnection: anyState=0,hipri/INET6,apnTypeState=0,iface=null,ip=null,gw=null,isDataConnectivityPossible=true,networkType=7,reason=radioTechnologyChanged
02-13 18:04:47.546 D/ConnectivityService(  256): ConnectivityChange for mobile: CONNECTING/CONNECTING
02-13 18:04:47.796 I/ActivityManager(  256): Start proc com.irdeto.providers.drm for broadcast com.irdeto.providers.drm/.OmaDrmReceiver: pid=557 uid=10024 gids={1015, 2001, 3003}
02-13 18:04:47.866 D/StatusBarPolicy(  327): onSignalStrengthsChanged:SignalStrength: 99 0 -104 -90 -100 -30 5 99 2147483647 2147483647 2147483647 2147483647 cdma for subscription0
02-13 18:04:47.866 D/StatusBarPolicy(  327): updateSignalStrength on subscription :0
