02-13 18:04:47.866 D/StatusBarPolicy(  327): StatusBarPolocy::getIconLevel -CDMA
02-13 18:04:47.866 D/StatusBarPolicy(  327): getCdmaLevel_band_six -cdmaDbm:-104
02-13 18:04:47.866 D/StatusBarPolicy(  327): getCdmaLevel_band_six -cdmaEcio:-90
02-13 18:04:47.886 I/TelephonyRegistry(  256): notifyServiceState: 0 home Sprint  310099  1xRTT CSS not supported 41 4139RoamInd: 1RoamStatus(sprint): 1DefRoamInd: 160EmergOnly: false
02-13 18:04:47.886 D/StatusBarPolicy(  327): onServiceStateChanged:0 home Sprint  310099  1xRTT CSS not supported 41 4139RoamInd: 1RoamStatus(sprint): 1DefRoamInd: 160EmergOnly: falsefor subscription :0
02-13 18:04:47.886 D/StatusBarPolicy(  327): updateSignalStrength on subscription :0
02-13 18:04:47.886 D/StatusBarPolicy(  327): StatusBarPolocy::getIconLevel -CDMA
02-13 18:04:47.886 D/StatusBarPolicy(  327): getCdmaLevel_band_six -cdmaDbm:-104
02-13 18:04:47.886 D/StatusBarPolicy(  327): getCdmaLevel_band_six -cdmaEcio:-90
02-13 18:04:47.886 D/StatusBarPolicy(  327): updateDataIcon subscription =0
02-13 18:04:47.916 I/ActivityManager(  256): Start proc com.android.mms for broadcast com.android.mms/.transaction.MmsSystemEventReceiver: pid=565 uid=10030 gids={3003, 1015}
02-13 18:04:48.246 I/ActivityManager(  256): Start proc com.android.zte.HiddenMenu for broadcast com.android.zte.HiddenMenu/.CommandReceiver: pid=582 uid=1000 gids={3002, 3001, 3003, 1015}
02-13 18:04:48.427 I/ActivityManager(  256): Starting: Intent { flg=0x10000000 cmp=com.google.android.gsf/.update.SystemUpdateInstallDialog } from pid 377
02-13 18:04:48.447 W/WindowManager(  256): updateFocusedWindowLocked newFocus=Window{4076fa10 Keyguard paused=false} mode=0 mCurrentFocus = Window{4076fa10 Keyguard paused=false}
02-13 18:04:48.507 D/RPC     (  256): 3000008c:00050000 sending call (XID 5).
02-13 18:04:48.507 D/RPC     (  256): 3000008c:00050000 received REPLY (XID 5), grabbing mutex to wake up client.
02-13 18:04:48.507 D/RPC     (  256): 3000008c:00050000 call success.
02-13 18:04:48.507 D/RPC     (  256): 3000008c:00050000 received CALL.
02-13 18:04:48.507 D/RPC     (  256): 3000008c:00050000 dispatching RPC call (XID 12, xdr 0x502bf8) for callback client 3100008c:00050001.
02-13 18:04:48.507 D/RPC     (  256): 3100008c:327681 sending RPC reply (XID 12)
02-13 18:04:48.507 D/RPC     (  256): 3000008c:00050000 sending call (XID 6).
02-13 18:04:48.507 D/RPC     (  256): 3000008c:00050000 received REPLY (XID 6), grabbing mutex to wake up client.
02-13 18:04:48.507 D/RPC     (  256): 3000008c:00050000 call success.
02-13 18:04:48.517 D/RPC     (  256): 3000008c:00050000 received CALL.
02-13 18:04:48.517 D/RPC     (  256): 3000008c:00050000 dispatching RPC call (XID 13, xdr 0x502bf8) for callback client 3100008c:00050001.
02-13 18:04:48.517 D/RPC     (  256): 3100008c:327681 sending RPC reply (XID 13)
02-13 18:04:48.667 W/WindowManager(  256): updateFocusedWindowLocked newFocus=Window{4076fa10 Keyguard paused=false} mode=0 mCurrentFocus = Window{4076fa10 Keyguard paused=false}
02-13 18:04:48.697 W/WindowManager(  256): updateFocusedWindowLocked newFocus=Window{4076fa10 Keyguard paused=false} mode=2 mCurrentFocus = Window{4076fa10 Keyguard paused=false}
02-13 18:04:48.697 W/WindowManager(  256): updateFocusedWindowLocked newFocus=Window{4076fa10 Keyguard paused=false} mode=2 mCurrentFocus = Window{4076fa10 Keyguard paused=false}
02-13 18:04:48.697 W/WindowManager(  256): updateFocusedWindowLocked newFocus=Window{4076fa10 Keyguard paused=false} mode=3 mCurrentFocus = Window{4076fa10 Keyguard paused=false}
02-13 18:04:49.067 I/ActivityManager(  256): Start proc com.google.android.gm for broadcast com.google.android.gm/.MailIntentReceiver: pid=594 uid=10043 gids={3003, 1015}
02-13 18:04:49.277 I/ActivityManager(  256): Start proc com.dataviz.docstogo for broadcast com.dataviz.docstogo/com.dataviz.dxtg.common.android.DTGPhoneBootReceiver: pid=605 uid=10049 gids={3003, 1015}
02-13 18:04:49.528 I/ActivityManager(  256): Process com.dataviz.docstogo (pid 605) has died.
02-13 18:04:49.588 W/ProcessStats(  256): Skipping unknown process pid 605
02-13 18:04:49.808 I/ActivityManager(  256): Start proc com.android.camera for broadcast com.android.camera/.BootCamera: pid=616 uid=10052 gids={1006, 1015}
02-13 18:04:49.868 I/ActivityManager(  256): Start proc com.android.providers.calendar for broadcast com.android.providers.calendar/.CalendarReceiver: pid=623 uid=10053 gids={3003}
02-13 18:04:50.018 I/ActivityManager(  256): Start proc com.android.calendar for broadcast com.android.calendar/.AlertReceiver: pid=632 uid=10054 gids={3003}
02-13 18:04:50.078 I/ActivityManager(  256): Start proc com.google.android.apps.maps:FriendService for broadcast com.google.android.apps.maps/com.google.googlenav.friend.android.ServiceReceiver: pid=639 uid=10033 gids={3003, 1015}
02-13 18:04:50.489 I/ActivityManager(  256): Start proc com.locationlabs.v3client for broadcast com.locationlabs.v3client/.BootCompletedReceiver: pid=647 uid=10016 gids={3003}
02-13 18:04:51.079 D/StatusBarPolicy(  327): onSignalStrengthsChanged:SignalStrength: 99 0 -104 -90 -102 -55 5 99 2147483647 2147483647 2147483647 2147483647 cdma for subscription0
02-13 18:04:51.079 D/StatusBarPolicy(  327): updateSignalStrength on subscription :0
02-13 18:04:51.089 D/StatusBarPolicy(  327): StatusBarPolocy::getIconLevel -CDMA
02-13 18:04:51.089 D/StatusBarPolicy(  327): getCdmaLevel_band_six -cdmaDbm:-104
02-13 18:04:51.089 D/StatusBarPolicy(  327): getCdmaLevel_band_six -cdmaEcio:-90
02-13 18:04:51.119 I/ActivityManager(  256): Start proc com.google.android.googlequicksearchbox for broadcast com.google.android.googlequicksearchbox/.SearchWidgetProvider: pid=658 uid=10040 gids={3003}
02-13 18:04:51.400 I/ActivityManager(  256): Start proc com.google.android.apps.uploader for broadcast com.google.android.apps.uploader/.ConnectivityBroadcastReceiver: pid=670 uid=10031 gids={3003}
02-13 18:04:51.460 I/ActivityManager(  256): Start proc com.google.android.apps.plus for broadcast com.google.android.apps.plus/.service.PackagesMediaMonitor: pid=680 uid=10020 gids={3003, 3002, 1015, 1006}
02-13 18:04:51.820 I/ActivityManager(  256): No longer want com.qualcomm.privinit (pid 474): hidden #16
02-13 18:04:51.960 I/ActivityManager(  256): No longer want zte.com.cn.alarmclock (pid 490): hidden #16
02-13 18:04:51.990 I/ActivityManager(  256): No longer want com.sprint.zone (pid 498): hidden #16
02-13 18:04:52.010 D/ConnectivityService(  256): reportNetworkCondition(0, 0)
02-13 18:04:52.020 D/ConnectivityService(  256): Inet connectivity change, net=0, condition=0,mActiveDefaultNetwork=-1
02-13 18:04:52.020 D/ConnectivityService(  256): no active default network - aborting
02-13 18:04:52.340 I/ActivityManager(  256): Start proc com.google.android.music:main for broadcast com.google.android.music/.store.MediaStoreImportService$Receiver: pid=698 uid=10028 gids={3003, 1015}
02-13 18:04:52.941 D/StatusBarPolicy(  327): onSignalStrengthsChanged:SignalStrength: 99 0 -106 -100 -102 -45 5 99 2147483647 2147483647 2147483647 2147483647 cdma for subscription0
02-13 18:04:52.941 D/StatusBarPolicy(  327): updateSignalStrength on subscription :0
02-13 18:04:52.941 D/StatusBarPolicy(  327): StatusBarPolocy::getIconLevel -CDMA
02-13 18:04:52.951 D/StatusBarPolicy(  327): getCdmaLevel_band_six -cdmaDbm:-106
02-13 18:04:52.951 D/StatusBarPolicy(  327): getCdmaLevel_band_six -cdmaEcio:-100
02-13 18:04:52.951 I/TelephonyRegistry(  256): notifyServiceState: 0 home Sprint  310099  1xRTT CSS not supported 41 4139RoamInd: 1RoamStatus(sprint): 1DefRoamInd: 160EmergOnly: false
02-13 18:04:52.971 D/StatusBarPolicy(  327): onServiceStateChanged:0 home Sprint  310099  1xRTT CSS not supported 41 4139RoamInd: 1RoamStatus(sprint): 1DefRoamInd: 160EmergOnly: falsefor subscription :0
02-13 18:04:52.971 D/StatusBarPolicy(  327): updateSignalStrength on subscription :0
02-13 18:04:52.971 D/StatusBarPolicy(  327): StatusBarPolocy::getIconLevel -CDMA
02-13 18:04:52.971 D/StatusBarPolicy(  327): getCdmaLevel_band_six -cdmaDbm:-106
02-13 18:04:52.971 D/StatusBarPolicy(  327): getCdmaLevel_band_six -cdmaEcio:-100
02-13 18:04:52.971 D/StatusBarPolicy(  327): updateDataIcon subscription =0
02-13 18:04:53.091 I/ActivityManager(  256): Start proc com.google.android.apps.maps:LocationFriendService for broadcast com.google.android.apps.maps/com.google.googlenav.friend.reporting.LocationReportingIntentReceiver: pid=710 uid=10033 gids={3003, 1015}
02-13 18:04:53.091 I/ActivityManager(  256): No longer want com.android.voicedialer (pid 525): hidden #16
02-13 18:04:53.371 I/ActivityManager(  256): Starting: Intent { flg=0x10000000 cmp=com.google.android.apps.maps/com.google.googlenav.login.AndroidLoginActivitySdk5 (has extras) } from pid 710
02-13 18:04:53.381 I/ActivityManager(  256): Start proc com.google.android.apps.maps for activity com.google.android.apps.maps/com.google.googlenav.login.AndroidLoginActivitySdk5: pid=720 uid=10033 gids={3003, 1015}
02-13 18:04:53.421 W/WindowManager(  256): updateFocusedWindowLocked newFocus=Window{4076fa10 Keyguard paused=false} mode=0 mCurrentFocus = Window{4076fa10 Keyguard paused=false}
02-13 18:04:53.602 I/ActivityManager(  256): No longer want com.swype.android.inputmethod (pid 533): hidden #16
02-13 18:04:53.712 D/StatusBarPolicy(  327): onSignalStrengthsChanged:SignalStrength: 99 0 -106 -100 -108 -30 5 99 2147483647 2147483647 2147483647 2147483647 cdma for subscription0
02-13 18:04:53.712 D/StatusBarPolicy(  327): updateSignalStrength on subscription :0
02-13 18:04:53.712 D/StatusBarPolicy(  327): StatusBarPolocy::getIconLevel -CDMA
02-13 18:04:53.712 D/StatusBarPolicy(  327): getCdmaLevel_band_six -cdmaDbm:-106
02-13 18:04:53.712 D/StatusBarPolicy(  327): getCdmaLevel_band_six -cdmaEcio:-100
02-13 18:04:53.712 I/TelephonyRegistry(  256): notifyServiceState: 0 home Sprint  310099  1xRTT CSS not supported 41 4139RoamInd: 1RoamStatus(sprint): 1DefRoamInd: 160EmergOnly: false
02-13 18:04:53.722 D/StatusBarPolicy(  327): onServiceStateChanged:0 home Sprint  310099  1xRTT CSS not supported 41 4139RoamInd: 1RoamStatus(sprint): 1DefRoamInd: 160EmergOnly: falsefor subscription :0
02-13 18:04:53.722 D/StatusBarPolicy(  327): updateSignalStrength on subscription :0
02-13 18:04:53.722 D/StatusBarPolicy(  327): StatusBarPolocy::getIconLevel -CDMA
02-13 18:04:53.722 D/StatusBarPolicy(  327): getCdmaLevel_band_six -cdmaDbm:-106
02-13 18:04:53.722 D/StatusBarPolicy(  327): getCdmaLevel_band_six -cdmaEcio:-100
02-13 18:04:53.722 D/StatusBarPolicy(  327): updateDataIcon subscription =0
02-13 18:04:53.742 I/TelephonyRegistry(  256): notifyServiceState: 0 home Sprint  310099  EvDo rev. A CSS not supported 41 4139RoamInd: 1RoamStatus(sprint): 1DefRoamInd: 160EmergOnly: false
02-13 18:04:53.742 D/StatusBarPolicy(  327): onServiceStateChanged:0 home Sprint  310099  EvDo rev. A CSS not supported 41 4139RoamInd: 1RoamStatus(sprint): 1DefRoamInd: 160EmergOnly: falsefor subscription :0
02-13 18:04:53.742 D/StatusBarPolicy(  327): updateSignalStrength on subscription :0
02-13 18:04:53.742 D/StatusBarPolicy(  327): StatusBarPolocy::getIconLevel -EVDO
02-13 18:04:53.742 D/StatusBarPolicy(  327): getEvdoLevel_band_six -evdoDbm:-108
02-13 18:04:53.742 D/StatusBarPolicy(  327): getEvdoLevel_band_six -evdoEcio:-30
02-13 18:04:53.742 D/StatusBarPolicy(  327): updateDataIcon subscription =0
02-13 18:04:53.822 I/TelephonyRegistry(  256): notifyDataConnection: anyState=0,default/INET,apnTypeState=1,iface=null,ip=null,gw=null,isDataConnectivityPossible=true,networkType=6,reason=radioTechnologyChanged
02-13 18:04:53.822 D/StatusBarPolicy(  327): StatusBarPolicy onDataConnectionStateChanged to 0for nw : 6on subscription : 0
02-13 18:04:53.822 D/StatusBarPolicy(  327): Data network type changed to:6
02-13 18:04:53.822 D/StatusBarPolicy(  327): updateDataIcon subscription =0
02-13 18:04:53.842 I/TelephonyRegistry(  256): notifyDataConnection: anyState=0,default/INET6,apnTypeState=0,iface=null,ip=null,gw=null,isDataConnectivityPossible=true,networkType=6,reason=radioTechnologyChanged
02-13 18:04:53.862 I/TelephonyRegistry(  256): notifyDataConnection: anyState=0,mms/INET,apnTypeState=0,iface=null,ip=null,gw=null,isDataConnectivityPossible=true,networkType=6,reason=radioTechnologyChanged
02-13 18:04:53.882 I/TelephonyRegistry(  256): notifyDataConnection: anyState=0,mms/INET6,apnTypeState=0,iface=null,ip=null,gw=null,isDataConnectivityPossible=true,networkType=6,reason=radioTechnologyChanged
02-13 18:04:53.882 I/TelephonyRegistry(  256): notifyDataConnection: anyState=0,supl/INET,apnTypeState=0,iface=null,ip=null,gw=null,isDataConnectivityPossible=true,networkType=6,reason=radioTechnologyChanged
02-13 18:04:53.892 I/TelephonyRegistry(  256): notifyDataConnection: anyState=0,supl/INET6,apnTypeState=0,iface=null,ip=null,gw=null,isDataConnectivityPossible=true,networkType=6,reason=radioTechnologyChanged
02-13 18:04:53.912 W/WindowManager(  256): updateFocusedWindowLocked newFocus=Window{4076fa10 Keyguard paused=false} mode=0 mCurrentFocus = Window{4076fa10 Keyguard paused=false}
02-13 18:04:53.922 I/TelephonyRegistry(  256): notifyDataConnection: anyState=0,dun/INET,apnTypeState=0,iface=null,ip=null,gw=null,isDataConnectivityPossible=true,networkType=6,reason=radioTechnologyChanged
02-13 18:04:53.922 W/WindowManager(  256): updateFocusedWindowLocked newFocus=Window{4076fa10 Keyguard paused=false} mode=2 mCurrentFocus = Window{4076fa10 Keyguard paused=false}
02-13 18:04:53.932 W/WindowManager(  256): updateFocusedWindowLocked newFocus=Window{4076fa10 Keyguard paused=false} mode=2 mCurrentFocus = Window{4076fa10 Keyguard paused=false}
02-13 18:04:53.942 I/TelephonyRegistry(  256): notifyDataConnection: anyState=0,dun/INET6,apnTypeState=0,iface=null,ip=null,gw=null,isDataConnectivityPossible=true,networkType=6,reason=radioTechnologyChanged
02-13 18:04:53.952 I/TelephonyRegistry(  256): notifyDataConnection: anyState=0,hipri/INET,apnTypeState=0,iface=null,ip=null,gw=null,isDataConnectivityPossible=true,networkType=6,reason=radioTechnologyChanged
02-13 18:04:53.972 I/TelephonyRegistry(  256): notifyDataConnection: anyState=0,hipri/INET6,apnTypeState=0,iface=null,ip=null,gw=null,isDataConnectivityPossible=true,networkType=6,reason=radioTechnologyChanged
02-13 18:04:53.992 I/ActivityManager(  256): No longer want com.android.mms (pid 565): hidden #16
02-13 18:04:54.703 I/TelephonyRegistry(  256): notifyServiceState: 0 home Sprint  310099  EvDo rev. A CSS not supported 41 4139RoamInd: 1RoamStatus(sprint): 1DefRoamInd: 160EmergOnly: false
02-13 18:04:54.703 D/StatusBarPolicy(  327): onServiceStateChanged:0 home Sprint  310099  EvDo rev. A CSS not supported 41 4139RoamInd: 1RoamStatus(sprint): 1DefRoamInd: 160EmergOnly: falsefor subscription :0
02-13 18:04:54.703 D/StatusBarPolicy(  327): updateSignalStrength on subscription :0
02-13 18:04:54.703 D/StatusBarPolicy(  327): StatusBarPolocy::getIconLevel -EVDO
02-13 18:04:54.703 D/StatusBarPolicy(  327): getEvdoLevel_band_six -evdoDbm:-108
02-13 18:04:54.703 D/StatusBarPolicy(  327): getEvdoLevel_band_six -evdoEcio:-30
02-13 18:04:54.713 D/StatusBarPolicy(  327): updateDataIcon subscription =0
02-13 18:04:54.863 I/ActivityManager(  256): No longer want com.android.zte.HiddenMenu (pid 582): hidden #16
02-13 18:04:55.133 I/ActivityManager(  256): No longer want com.android.camera (pid 616): hidden #16
02-13 18:04:55.564 D/StatusBarPolicy(  327): onSignalStrengthsChanged:SignalStrength: 99 0 -104 -90 -108 -35 5 99 2147483647 2147483647 2147483647 2147483647 cdma for subscription0
02-13 18:04:55.564 D/StatusBarPolicy(  327): updateSignalStrength on subscription :0
02-13 18:04:55.584 D/StatusBarPolicy(  327): StatusBarPolocy::getIconLevel -EVDO
02-13 18:04:55.584 D/StatusBarPolicy(  327): getEvdoLevel_band_six -evdoDbm:-108
02-13 18:04:55.584 D/StatusBarPolicy(  327): getEvdoLevel_band_six -evdoEcio:-35
02-13 18:04:57.796 D/StatusBarPolicy(  327): onSignalStrengthsChanged:SignalStrength: 99 0 -104 -90 -107 -45 5 99 2147483647 2147483647 2147483647 2147483647 cdma for subscription0
02-13 18:04:57.806 D/StatusBarPolicy(  327): updateSignalStrength on subscription :0
02-13 18:04:57.806 D/StatusBarPolicy(  327): StatusBarPolocy::getIconLevel -EVDO
02-13 18:04:57.806 D/StatusBarPolicy(  327): getEvdoLevel_band_six -evdoDbm:-107
02-13 18:04:57.806 D/StatusBarPolicy(  327): getEvdoLevel_band_six -evdoEcio:-45
02-13 18:04:58.907 I/TelephonyRegistry(  256): notifyDataConnection: anyState=2,default/INET,apnTypeState=2,iface=rmnet0,ip=173.155.101.96,gw=173.155.101.97,isDataConnectivityPossible=true,networkType=6,reason=radioTechnologyChanged
02-13 18:04:58.907 D/StatusBarPolicy(  327): StatusBarPolicy onDataConnectionStateChanged to 2for nw : 6on subscription : 0
02-13 18:04:58.907 D/StatusBarPolicy(  327): Data network type changed to:6
02-13 18:04:58.907 D/StatusBarPolicy(  327): updateDataIcon subscription =0
02-13 18:04:58.937 D/ConnectivityService(  256): ConnectivityChange for mobile: CONNECTED/CONNECTED
02-13 18:04:58.937 D/ConnectivityService(  256): Got Network Connection Succ from Driver nwtype=0
02-13 18:04:58.947 D/ConnectivityService(  256): adding dns 68.28.67.132 for mobile
02-13 18:04:58.947 D/ConnectivityService(  256): adding dns 68.28.68.132 for mobile
02-13 18:04:58.957 I/TelephonyRegistry(  256): notifyDataConnection: anyState=2,mms/INET,apnTypeState=2,iface=rmnet0,ip=173.155.101.96,gw=173.155.101.97,isDataConnectivityPossible=true,networkType=6,reason=radioTechnologyChanged
02-13 18:04:58.977 D/NetdConnector(  256): SND -> {route replace def v4 rmnet0 173.155.101.97} {null}
02-13 18:04:58.987 I/TelephonyRegistry(  256): notifyDataConnection: anyState=2,supl/INET,apnTypeState=2,iface=rmnet0,ip=173.155.101.96,gw=173.155.101.97,isDataConnectivityPossible=true,networkType=6,reason=radioTechnologyChanged
02-13 18:04:59.017 I/TelephonyRegistry(  256): notifyDataConnection: anyState=2,hipri/INET,apnTypeState=2,iface=rmnet0,ip=173.155.101.96,gw=173.155.101.97,isDataConnectivityPossible=true,networkType=6,reason=radioTechnologyChanged
02-13 18:04:59.047 D/StatusBarPolicy(  327): updateDataIcon subscription =0
02-13 18:04:59.067 D/NetdConnector(  256): RCV <- {200 default route replace succeeded for [rmnet0 -4]}
02-13 18:04:59.067 D/NetdConnector(  256): RSP <- {200 default route replace succeeded for [rmnet0 -4]}
02-13 18:04:59.067 D/NetworkManagementService(  256): 200 default route replace succeeded for [rmnet0 -4]
02-13 18:04:59.077 D/StatusBarPolicy(  327): Data network type changed to:6
02-13 18:04:59.087 D/StatusBarPolicy(  327): updateDataIcon subscription =0
02-13 18:04:59.087 D/StatusBarPolicy(  327): updateSignalStrength on subscription :0
02-13 18:04:59.087 D/StatusBarPolicy(  327): StatusBarPolocy::getIconLevel -EVDO
02-13 18:04:59.087 D/StatusBarPolicy(  327): getEvdoLevel_band_six -evdoDbm:-107
02-13 18:04:59.087 D/StatusBarPolicy(  327): getEvdoLevel_band_six -evdoEcio:-45
02-13 18:04:59.167 D/RPC     (  256): 3000008c:00050000 sending call (XID 7).
02-13 18:04:59.167 D/RPC     (  256): 3000008c:00050000 received REPLY (XID 7), grabbing mutex to wake up client.
02-13 18:04:59.167 D/RPC     (  256): 3000008c:00050000 call success.
02-13 18:04:59.167 D/RPC     (  256): 3000008c:00050000 waiting for XDR input buffer to be consumed.
02-13 18:04:59.167 D/RPC     (  256): 3000008c:00050000 received CALL.
02-13 18:04:59.167 D/RPC     (  256): 3000008c:00050000 dispatching RPC call (XID 14, xdr 0x502bf8) for callback client 3100008c:00050001.
02-13 18:04:59.167 D/RPC     (  256): 3100008c:327681 sending RPC reply (XID 14)
02-13 18:04:59.167 D/RPC     (  256): 3000008c:00050000 sending call (XID 8).
02-13 18:04:59.177 D/RPC     (  256): 3000008c:00050000 received REPLY (XID 8), grabbing mutex to wake up client.
02-13 18:04:59.177 D/RPC     (  256): 3000008c:00050000 call success.
02-13 18:04:59.177 D/RPC     (  256): 3000008c:00050000 received CALL.
02-13 18:04:59.177 D/RPC     (  256): 3000008c:00050000 dispatching RPC call (XID 15, xdr 0x502bf8) for callback client 3100008c:00050001.
02-13 18:04:59.187 D/RPC     (  256): 3100008c:327681 sending RPC reply (XID 15)
02-13 18:04:59.497 D/RPC     (  256): 3000008c:00050000 sending call (XID 9).
02-13 18:04:59.497 D/RPC     (  256): 3000008c:00050000 received REPLY (XID 9), grabbing mutex to wake up client.
02-13 18:04:59.497 D/RPC     (  256): 3000008c:00050000 call success.
02-13 18:04:59.497 D/RPC     (  256): 3000008c:00050000 received CALL.
02-13 18:04:59.497 D/RPC     (  256): 3000008c:00050000 dispatching RPC call (XID 16, xdr 0x502bf8) for callback client 3100008c:00050001.
02-13 18:04:59.507 D/RPC     (  256): 3100008c:327681 sending RPC reply (XID 16)
02-13 18:04:59.998 D/AlarmManager(  256): scheduleTimeTickEvent calendar=Mon Feb 13 18:06:00 CST 2012
02-13 18:04:59.998 D/AlarmManager(  256): calendar.getTimeInMillis()1329177960000
02-13 18:05:00.008 W/ActivityManager(  256): finishReceiver called but no pending broadcasts
02-13 18:05:00.048 D/StatusBarPolicy(  327): updateDataIcon subscription =0
02-13 18:05:00.198 D/StatusBarPolicy(  327): onSignalStrengthsChanged:SignalStrength: 99 0 -107 -80 -97 -50 5 99 2147483647 2147483647 2147483647 2147483647 cdma for subscription0
02-13 18:05:00.198 D/StatusBarPolicy(  327): updateSignalStrength on subscription :0
02-13 18:05:00.198 D/StatusBarPolicy(  327): StatusBarPolocy::getIconLevel -EVDO
02-13 18:05:00.198 D/StatusBarPolicy(  327): getEvdoLevel_band_six -evdoDbm:-97
02-13 18:05:00.198 D/StatusBarPolicy(  327): getEvdoLevel_band_six -evdoEcio:-50
02-13 18:05:00.218 I/TelephonyRegistry(  256): notifyServiceState: 0 home Sprint  310099  EvDo rev. A CSS not supported 41 4139RoamInd: 1RoamStatus(sprint): 1DefRoamInd: 160EmergOnly: false
02-13 18:05:00.238 D/StatusBarPolicy(  327): onServiceStateChanged:0 home Sprint  310099  EvDo rev. A CSS not supported 41 4139RoamInd: 1RoamStatus(sprint): 1DefRoamInd: 160EmergOnly: falsefor subscription :0
02-13 18:05:00.238 D/StatusBarPolicy(  327): updateSignalStrength on subscription :0
02-13 18:05:00.238 D/StatusBarPolicy(  327): StatusBarPolocy::getIconLevel -EVDO
02-13 18:05:00.238 D/StatusBarPolicy(  327): getEvdoLevel_band_six -evdoDbm:-97
02-13 18:05:00.238 D/StatusBarPolicy(  327): getEvdoLevel_band_six -evdoEcio:-50
02-13 18:05:00.238 D/StatusBarPolicy(  327): updateDataIcon subscription =0
02-13 18:05:00.769 D/ConnectivityService(  256): reportNetworkCondition(0, 100)
02-13 18:05:00.769 D/ConnectivityService(  256): Inet connectivity change, net=0, condition=100,mActiveDefaultNetwork=0
02-13 18:05:00.769 D/ConnectivityService(  256): starting a change hold
02-13 18:05:01.269 D/ConnectivityService(  256): Inet hold end, net=0, condition =100, published condition =0
02-13 18:05:01.279 D/StatusBarPolicy(  327): Data network type changed to:6
02-13 18:05:01.279 D/StatusBarPolicy(  327): updateDataIcon subscription =0
02-13 18:05:01.299 D/StatusBarPolicy(  327): updateSignalStrength on subscription :0
02-13 18:05:01.299 D/StatusBarPolicy(  327): StatusBarPolocy::getIconLevel -EVDO
02-13 18:05:01.299 D/StatusBarPolicy(  327): getEvdoLevel_band_six -evdoDbm:-97
02-13 18:05:01.299 D/StatusBarPolicy(  327): getEvdoLevel_band_six -evdoEcio:-50
02-13 18:05:02.060 D/StatusBarPolicy(  327): updateDataIcon subscription =0
02-13 18:05:02.290 D/StatusBarPolicy(  327): onSignalStrengthsChanged:SignalStrength: 99 0 -107 -80 -97 -15 7 99 2147483647 2147483647 2147483647 2147483647 cdma for subscription0
02-13 18:05:02.300 D/StatusBarPolicy(  327): updateSignalStrength on subscription :0
02-13 18:05:02.300 D/StatusBarPolicy(  327): StatusBarPolocy::getIconLevel -EVDO
02-13 18:05:02.300 D/StatusBarPolicy(  327): getEvdoLevel_band_six -evdoDbm:-97
02-13 18:05:02.300 D/StatusBarPolicy(  327): getEvdoLevel_band_six -evdoEcio:-15
02-13 18:05:04.532 D/StatusBarPolicy(  327): onSignalStrengthsChanged:SignalStrength: 99 0 -107 -110 -97 -35 7 99 2147483647 2147483647 2147483647 2147483647 cdma for subscription0
02-13 18:05:04.532 D/StatusBarPolicy(  327): updateSignalStrength on subscription :0
02-13 18:05:04.532 D/StatusBarPolicy(  327): StatusBarPolocy::getIconLevel -EVDO
02-13 18:05:04.532 D/StatusBarPolicy(  327): getEvdoLevel_band_six -evdoDbm:-97
02-13 18:05:04.532 D/StatusBarPolicy(  327): getEvdoLevel_band_six -evdoEcio:-35
02-13 18:05:07.035 I/ActivityManager(  256): No longer want com.sprint.ce.updater (pid 541): hidden #16
02-13 18:05:09.007 D/StatusBarPolicy(  327): onSignalStrengthsChanged:SignalStrength: 99 0 -107 -110 -98 -25 8 99 2147483647 2147483647 2147483647 2147483647 cdma for subscription0
02-13 18:05:09.007 D/StatusBarPolicy(  327): updateSignalStrength on subscription :0
02-13 18:05:09.007 D/StatusBarPolicy(  327): StatusBarPolocy::getIconLevel -EVDO
02-13 18:05:09.007 D/StatusBarPolicy(  327): getEvdoLevel_band_six -evdoDbm:-98
02-13 18:05:09.007 D/StatusBarPolicy(  327): getEvdoLevel_band_six -evdoEcio:-25
02-13 18:05:10.418 D/StatusBarPolicy(  327): onSignalStrengthsChanged:SignalStrength: 99 0 -109 -85 -98 -25 8 99 2147483647 2147483647 2147483647 2147483647 cdma for subscription0
02-13 18:05:10.418 D/StatusBarPolicy(  327): updateSignalStrength on subscription :0
02-13 18:05:10.418 D/StatusBarPolicy(  327): StatusBarPolocy::getIconLevel -EVDO
02-13 18:05:10.418 D/StatusBarPolicy(  327): getEvdoLevel_band_six -evdoDbm:-98
02-13 18:05:10.418 D/StatusBarPolicy(  327): getEvdoLevel_band_six -evdoEcio:-25
02-13 18:05:10.438 I/TelephonyRegistry(  256): notifyServiceState: 0 home Sprint  310099  EvDo rev. A CSS not supported 41 4139RoamInd: 1RoamStatus(sprint): 1DefRoamInd: 160EmergOnly: false
02-13 18:05:10.438 D/StatusBarPolicy(  327): onServiceStateChanged:0 home Sprint  310099  EvDo rev. A CSS not supported 41 4139RoamInd: 1RoamStatus(sprint): 1DefRoamInd: 160EmergOnly: falsefor subscription :0
02-13 18:05:10.438 D/StatusBarPolicy(  327): updateSignalStrength on subscription :0
02-13 18:05:10.438 D/StatusBarPolicy(  327): StatusBarPolocy::getIconLevel -EVDO
02-13 18:05:10.438 D/StatusBarPolicy(  327): getEvdoLevel_band_six -evdoDbm:-98
02-13 18:05:10.438 D/StatusBarPolicy(  327): getEvdoLevel_band_six -evdoEcio:-25
02-13 18:05:10.438 D/StatusBarPolicy(  327): updateDataIcon subscription =0
02-13 18:05:11.229 D/StatusBarPolicy(  327): onSignalStrengthsChanged:SignalStrength: 99 0 -104 -110 -104 -20 8 99 2147483647 2147483647 2147483647 2147483647 cdma for subscription0
02-13 18:05:11.229 D/StatusBarPolicy(  327): updateSignalStrength on subscription :0
02-13 18:05:11.239 D/StatusBarPolicy(  327): StatusBarPolocy::getIconLevel -EVDO
02-13 18:05:11.239 D/StatusBarPolicy(  327): getEvdoLevel_band_six -evdoDbm:-104
02-13 18:05:11.239 D/StatusBarPolicy(  327): getEvdoLevel_band_six -evdoEcio:-20
02-13 18:05:11.749 D/BatteryService(  256): updateBattery level:12 scale:100 status:3 health:2 present:true voltage: 3650 temperature: 300 technology: Li-ion AC powered:false USB powered:false icon:17302173
02-13 18:05:11.769 D/WifiService(  256): ACTION_BATTERY_CHANGED pluggedType: 0
02-13 18:05:11.769 D/WifiService(  256): WifiHandler, MESSAGE_UPDATE_STATE
02-13 18:05:11.769 D/WifiService(  256): isAirplaneModeOn(): false
02-13 18:05:11.769 D/WifiService(  256): updateWifiState(), wifiEnabled: true, airplaneMode: false, wifiShouldBeEnabled: true, wifiShouldBeStarted: true, strongestLockMode: 1
02-13 18:05:11.769 D/WifiService(  256): WifiHandler, MESSAGE_ENABLE_WIFI, msg.arg1: 0, msg.arg2: 1000
02-13 18:05:11.769 D/WifiService(  256): WifiHandler, MESSAGE_START_WIFI, msg.arg1: 1
02-13 18:05:12.140 D/StatusBarPolicy(  327): updateDataIcon subscription =0
02-13 18:05:13.461 D/StatusBarPolicy(  327): onSignalStrengthsChanged:SignalStrength: 99 0 -104 -110 -103 -40 7 99 2147483647 2147483647 2147483647 2147483647 cdma for subscription0
02-13 18:05:13.461 D/StatusBarPolicy(  327): updateSignalStrength on subscription :0
02-13 18:05:13.461 D/StatusBarPolicy(  327): StatusBarPolocy::getIconLevel -EVDO
02-13 18:05:13.461 D/StatusBarPolicy(  327): getEvdoLevel_band_six -evdoDbm:-103
02-13 18:05:13.461 D/StatusBarPolicy(  327): getEvdoLevel_band_six -evdoEcio:-40
02-13 18:05:15.563 I/TelephonyRegistry(  256): notifyMessageWaitingChanged: true
02-13 18:05:15.633 W/WindowManager(  256): updateFocusedWindowLocked newFocus=Window{4076fa10 Keyguard paused=false} mode=3 mCurrentFocus = Window{4076fa10 Keyguard paused=false}
02-13 18:05:15.713 D/StatusBarPolicy(  327): onSignalStrengthsChanged:SignalStrength: 99 0 -99 -70 -109 -30 7 99 2147483647 2147483647 2147483647 2147483647 cdma for subscription0
02-13 18:05:15.713 D/StatusBarPolicy(  327): updateSignalStrength on subscription :0
02-13 18:05:15.723 D/StatusBarPolicy(  327): StatusBarPolocy::getIconLevel -EVDO
02-13 18:05:15.723 D/StatusBarPolicy(  327): getEvdoLevel_band_six -evdoDbm:-109
02-13 18:05:15.723 D/StatusBarPolicy(  327): getEvdoLevel_band_six -evdoEcio:-30
02-13 18:05:18.015 D/StatusBarPolicy(  327): onSignalStrengthsChanged:SignalStrength: 99 0 -99 -70 -117 -30 7 99 2147483647 2147483647 2147483647 2147483647 cdma for subscription0
02-13 18:05:18.015 D/StatusBarPolicy(  327): updateSignalStrength on subscription :0
02-13 18:05:18.015 D/StatusBarPolicy(  327): StatusBarPolocy::getIconLevel -EVDO
02-13 18:05:18.015 D/StatusBarPolicy(  327): getEvdoLevel_band_six -evdoDbm:-117
02-13 18:05:18.015 D/StatusBarPolicy(  327): getEvdoLevel_band_six -evdoEcio:-30
02-13 18:05:18.025 I/TelephonyRegistry(  256): notifyServiceState: 0 home Sprint  310099  EvDo rev. A CSS not supported 41 4139RoamInd: 1RoamStatus(sprint): 1DefRoamInd: 160EmergOnly: false
02-13 18:05:18.025 D/StatusBarPolicy(  327): onServiceStateChanged:0 home Sprint  310099  EvDo rev. A CSS not supported 41 4139RoamInd: 1RoamStatus(sprint): 1DefRoamInd: 160EmergOnly: falsefor subscription :0
02-13 18:05:18.025 D/StatusBarPolicy(  327): updateSignalStrength on subscription :0
02-13 18:05:18.036 D/StatusBarPolicy(  327): StatusBarPolocy::getIconLevel -EVDO
02-13 18:05:18.036 D/StatusBarPolicy(  327): getEvdoLevel_band_six -evdoDbm:-117
02-13 18:05:18.036 D/StatusBarPolicy(  327): getEvdoLevel_band_six -evdoEcio:-30
02-13 18:05:18.036 D/StatusBarPolicy(  327): updateDataIcon subscription =0
02-13 18:05:18.176 D/StatusBarPolicy(  327): updateDataIcon subscription =0
02-13 18:05:20.228 D/StatusBarPolicy(  327): onSignalStrengthsChanged:SignalStrength: 99 0 -98 -80 -114 -40 7 99 2147483647 2147483647 2147483647 2147483647 cdma for subscription0
02-13 18:05:20.228 D/StatusBarPolicy(  327): updateSignalStrength on subscription :0
02-13 18:05:20.238 D/StatusBarPolicy(  327): StatusBarPolocy::getIconLevel -EVDO
02-13 18:05:20.238 D/StatusBarPolicy(  327): getEvdoLevel_band_six -evdoDbm:-114
02-13 18:05:20.238 D/StatusBarPolicy(  327): getEvdoLevel_band_six -evdoEcio:-40
02-13 18:05:22.450 D/StatusBarPolicy(  327): onSignalStrengthsChanged:SignalStrength: 99 0 -99 -100 -110 -25 7 99 2147483647 2147483647 2147483647 2147483647 cdma for subscription0
02-13 18:05:22.450 D/StatusBarPolicy(  327): updateSignalStrength on subscription :0
02-13 18:05:22.470 D/StatusBarPolicy(  327): StatusBarPolocy::getIconLevel -EVDO
02-13 18:05:22.470 D/StatusBarPolicy(  327): getEvdoLevel_band_six -evdoDbm:-110
02-13 18:05:22.470 D/StatusBarPolicy(  327): getEvdoLevel_band_six -evdoEcio:-25
02-13 18:05:25.773 D/StatusBarPolicy(  327): onSignalStrengthsChanged:SignalStrength: 99 0 -120 -70 -120 -25 7 99 2147483647 2147483647 2147483647 2147483647 cdma for subscription0
02-13 18:05:25.773 D/StatusBarPolicy(  327): updateSignalStrength on subscription :0
02-13 18:05:25.773 D/StatusBarPolicy(  327): StatusBarPolocy::getIconLevel -EVDO
02-13 18:05:25.773 D/StatusBarPolicy(  327): getEvdoLevel_band_six -evdoDbm:-120
02-13 18:05:25.773 D/StatusBarPolicy(  327): getEvdoLevel_band_six -evdoEcio:-25
02-13 18:05:25.773 D/StatusBarPolicy(  327): onSignalStrengthsChanged:SignalStrength: 99 0 -99 -70 -94 -25 7 99 2147483647 2147483647 2147483647 2147483647 cdma for subscription0
02-13 18:05:25.773 D/StatusBarPolicy(  327): updateSignalStrength on subscription :0
02-13 18:05:25.773 D/StatusBarPolicy(  327): StatusBarPolocy::getIconLevel -EVDO
02-13 18:05:25.773 D/StatusBarPolicy(  327): getEvdoLevel_band_six -evdoDbm:-94
02-13 18:05:25.773 D/StatusBarPolicy(  327): getEvdoLevel_band_six -evdoEcio:-25
02-13 18:05:25.793 I/TelephonyRegistry(  256): notifyServiceState: 0 home Sprint  310099  EvDo rev. A CSS not supported 41 4139RoamInd: 1RoamStatus(sprint): 1DefRoamInd: 160EmergOnly: false
02-13 18:05:25.803 D/StatusBarPolicy(  327): onServiceStateChanged:0 home Sprint  310099  EvDo rev. A CSS not supported 41 4139RoamInd: 1RoamStatus(sprint): 1DefRoamInd: 160EmergOnly: falsefor subscription :0
02-13 18:05:25.803 D/StatusBarPolicy(  327): updateSignalStrength on subscription :0
02-13 18:05:25.803 D/StatusBarPolicy(  327): StatusBarPolocy::getIconLevel -EVDO
02-13 18:05:25.803 D/StatusBarPolicy(  327): getEvdoLevel_band_six -evdoDbm:-94
02-13 18:05:25.803 D/StatusBarPolicy(  327): getEvdoLevel_band_six -evdoEcio:-25
02-13 18:05:25.803 D/StatusBarPolicy(  327): updateDataIcon subscription =0
02-13 18:05:26.924 D/StatusBarPolicy(  327): onSignalStrengthsChanged:SignalStrength: 99 0 -99 -70 -95 -35 7 99 2147483647 2147483647 2147483647 2147483647 cdma for subscription0
02-13 18:05:26.924 D/StatusBarPolicy(  327): updateSignalStrength on subscription :0
02-13 18:05:26.924 D/StatusBarPolicy(  327): StatusBarPolocy::getIconLevel -EVDO
02-13 18:05:26.924 D/StatusBarPolicy(  327): getEvdoLevel_band_six -evdoDbm:-95
02-13 18:05:26.924 D/StatusBarPolicy(  327): getEvdoLevel_band_six -evdoEcio:-35
02-13 18:05:27.335 D/StatusBarPolicy(  327): updateDataIcon subscription =0
02-13 18:05:30.888 I/TelephonyRegistry(  256): notifyServiceState: 0 home Sprint  310099  EvDo rev. A CSS not supported 41 4139RoamInd: 1RoamStatus(sprint): 1DefRoamInd: 160EmergOnly: false
02-13 18:05:30.908 D/StatusBarPolicy(  327): onServiceStateChanged:0 home Sprint  310099  EvDo rev. A CSS not supported 41 4139RoamInd: 1RoamStatus(sprint): 1DefRoamInd: 160EmergOnly: falsefor subscription :0
02-13 18:05:30.908 D/StatusBarPolicy(  327): updateSignalStrength on subscription :0
02-13 18:05:30.908 D/StatusBarPolicy(  327): StatusBarPolocy::getIconLevel -EVDO
02-13 18:05:30.908 D/StatusBarPolicy(  327): getEvdoLevel_band_six -evdoDbm:-95
02-13 18:05:30.908 D/StatusBarPolicy(  327): getEvdoLevel_band_six -evdoEcio:-35
02-13 18:05:30.908 D/StatusBarPolicy(  327): updateDataIcon subscription =0
02-13 18:05:31.799 D/WifiService(  256): ACTION_BATTERY_CHANGED pluggedType: 0
02-13 18:05:31.799 D/WifiService(  256): WifiHandler, MESSAGE_UPDATE_STATE
02-13 18:05:31.799 D/WifiService(  256): isAirplaneModeOn(): false
02-13 18:05:31.799 D/WifiService(  256): updateWifiState(), wifiEnabled: true, airplaneMode: false, wifiShouldBeEnabled: true, wifiShouldBeStarted: true, strongestLockMode: 1
02-13 18:05:31.799 D/WifiService(  256): WifiHandler, MESSAGE_ENABLE_WIFI, msg.arg1: 0, msg.arg2: 1000
02-13 18:05:31.799 D/WifiService(  256): WifiHandler, MESSAGE_START_WIFI, msg.arg1: 1
02-13 18:05:33.651 D/StatusBarPolicy(  327): onSignalStrengthsChanged:SignalStrength: 99 0 -99 -70 -96 -35 6 99 2147483647 2147483647 2147483647 2147483647 cdma for subscription0
02-13 18:05:33.651 D/StatusBarPolicy(  327): updateSignalStrength on subscription :0
02-13 18:05:33.651 D/StatusBarPolicy(  327): StatusBarPolocy::getIconLevel -EVDO
02-13 18:05:33.651 D/StatusBarPolicy(  327): getEvdoLevel_band_six -evdoDbm:-96
02-13 18:05:33.661 D/StatusBarPolicy(  327): getEvdoLevel_band_six -evdoEcio:-35
02-13 18:05:35.973 I/TelephonyRegistry(  256): notifyServiceState: 0 home Sprint  310099  EvDo rev. A CSS not supported 41 4139RoamInd: 1RoamStatus(sprint): 1DefRoamInd: 160EmergOnly: false
02-13 18:05:35.973 D/StatusBarPolicy(  327): onServiceStateChanged:0 home Sprint  310099  EvDo rev. A CSS not supported 41 4139RoamInd: 1RoamStatus(sprint): 1DefRoamInd: 160EmergOnly: falsefor subscription :0
02-13 18:05:35.973 D/StatusBarPolicy(  327): updateSignalStrength on subscription :0
02-13 18:05:35.973 D/StatusBarPolicy(  327): StatusBarPolocy::getIconLevel -EVDO
02-13 18:05:35.973 D/StatusBarPolicy(  327): getEvdoLevel_band_six -evdoDbm:-96
02-13 18:05:35.983 D/StatusBarPolicy(  327): getEvdoLevel_band_six -evdoEcio:-35
02-13 18:05:35.983 D/StatusBarPolicy(  327): updateDataIcon subscription =0
02-13 18:05:38.686 I/TelephonyRegistry(  256): notifyServiceState: 0 home Sprint  310099  EvDo rev. A CSS not supported 41 4139RoamInd: 1RoamStatus(sprint): 1DefRoamInd: 160EmergOnly: false
02-13 18:05:38.696 D/StatusBarPolicy(  327): onServiceStateChanged:0 home Sprint  310099  EvDo rev. A CSS not supported 41 4139RoamInd: 1RoamStatus(sprint): 1DefRoamInd: 160EmergOnly: falsefor subscription :0
02-13 18:05:38.696 D/StatusBarPolicy(  327): updateSignalStrength on subscription :0
02-13 18:05:38.696 D/StatusBarPolicy(  327): StatusBarPolocy::getIconLevel -EVDO
02-13 18:05:38.696 D/StatusBarPolicy(  327): getEvdoLevel_band_six -evdoDbm:-96
02-13 18:05:38.696 D/StatusBarPolicy(  327): getEvdoLevel_band_six -evdoEcio:-35
02-13 18:05:38.696 D/StatusBarPolicy(  327): updateDataIcon subscription =0
02-13 18:05:41.098 I/TelephonyRegistry(  256): notifyServiceState: 0 home Sprint  310099  EvDo rev. A CSS not supported 41 4139RoamInd: 1RoamStatus(sprint): 1DefRoamInd: 160EmergOnly: false
02-13 18:05:41.098 D/StatusBarPolicy(  327): onServiceStateChanged:0 home Sprint  310099  EvDo rev. A CSS not supported 41 4139RoamInd: 1RoamStatus(sprint): 1DefRoamInd: 160EmergOnly: falsefor subscription :0
02-13 18:05:41.098 D/StatusBarPolicy(  327): updateSignalStrength on subscription :0
02-13 18:05:41.098 D/StatusBarPolicy(  327): StatusBarPolocy::getIconLevel -EVDO
02-13 18:05:41.108 D/StatusBarPolicy(  327): getEvdoLevel_band_six -evdoDbm:-96
02-13 18:05:41.108 D/StatusBarPolicy(  327): getEvdoLevel_band_six -evdoEcio:-35
02-13 18:05:41.108 D/StatusBarPolicy(  327): updateDataIcon subscription =0
02-13 18:05:44.852 D/StatusBarPolicy(  327): onSignalStrengthsChanged:SignalStrength: 99 0 -99 -70 -93 -35 5 99 2147483647 2147483647 2147483647 2147483647 cdma for subscription0
02-13 18:05:44.852 D/StatusBarPolicy(  327): updateSignalStrength on subscription :0
02-13 18:05:44.852 D/StatusBarPolicy(  327): StatusBarPolocy::getIconLevel -EVDO
02-13 18:05:44.862 D/StatusBarPolicy(  327): getEvdoLevel_band_six -evdoDbm:-93
02-13 18:05:44.862 D/StatusBarPolicy(  327): getEvdoLevel_band_six -evdoEcio:-35
02-13 18:05:48.195 I/ActivityManager(  256): Start proc com.android.mms for service com.android.mms/.transaction.TransactionService: pid=770 uid=10030 gids={3003, 1015}
02-13 18:05:49.346 D/StatusBarPolicy(  327): onSignalStrengthsChanged:SignalStrength: 99 0 -99 -70 -91 -35 5 99 2147483647 2147483647 2147483647 2147483647 cdma for subscription0
02-13 18:05:49.346 D/StatusBarPolicy(  327): updateSignalStrength on subscription :0
02-13 18:05:49.346 D/StatusBarPolicy(  327): StatusBarPolocy::getIconLevel -EVDO
02-13 18:05:49.346 D/StatusBarPolicy(  327): getEvdoLevel_band_six -evdoDbm:-91
02-13 18:05:49.356 D/StatusBarPolicy(  327): getEvdoLevel_band_six -evdoEcio:-35
02-13 18:05:51.578 D/StatusBarPolicy(  327): onSignalStrengthsChanged:SignalStrength: 99 0 -93 -70 -91 -35 5 99 2147483647 2147483647 2147483647 2147483647 cdma for subscription0
02-13 18:05:51.578 D/StatusBarPolicy(  327): updateSignalStrength on subscription :0
02-13 18:05:51.598 D/StatusBarPolicy(  327): StatusBarPolocy::getIconLevel -EVDO
02-13 18:05:51.598 D/StatusBarPolicy(  327): getEvdoLevel_band_six -evdoDbm:-91
02-13 18:05:51.598 D/StatusBarPolicy(  327): getEvdoLevel_band_six -evdoEcio:-35
02-13 18:05:53.810 D/StatusBarPolicy(  327): onSignalStrengthsChanged:SignalStrength: 99 0 -93 -70 -84 -25 5 99 2147483647 2147483647 2147483647 2147483647 cdma for subscription0
02-13 18:05:53.810 D/StatusBarPolicy(  327): updateSignalStrength on subscription :0
02-13 18:05:53.820 D/StatusBarPolicy(  327): StatusBarPolocy::getIconLevel -EVDO
02-13 18:05:53.820 D/StatusBarPolicy(  327): getEvdoLevel_band_six -evdoDbm:-84
02-13 18:05:53.820 D/StatusBarPolicy(  327): getEvdoLevel_band_six -evdoEcio:-25
02-13 18:05:58.285 D/StatusBarPolicy(  327): onSignalStrengthsChanged:SignalStrength: 99 0 -93 -70 -79 -25 5 99 2147483647 2147483647 2147483647 2147483647 cdma for subscription0
02-13 18:05:58.285 D/StatusBarPolicy(  327): updateSignalStrength on subscription :0
02-13 18:05:58.285 D/StatusBarPolicy(  327): StatusBarPolocy::getIconLevel -EVDO
02-13 18:05:58.285 D/StatusBarPolicy(  327): getEvdoLevel_band_six -evdoDbm:-79
02-13 18:05:58.305 D/StatusBarPolicy(  327): getEvdoLevel_band_six -evdoEcio:-25
02-13 18:06:00.006 D/AlarmManager(  256): scheduleTimeTickEvent calendar=Mon Feb 13 18:07:00 CST 2012
02-13 18:06:00.006 D/AlarmManager(  256): calendar.getTimeInMillis()1329178020000
02-13 18:06:00.547 D/StatusBarPolicy(  327): onSignalStrengthsChanged:SignalStrength: 99 0 -87 -70 -79 -25 6 99 2147483647 2147483647 2147483647 2147483647 cdma for subscription0
02-13 18:06:00.547 D/StatusBarPolicy(  327): updateSignalStrength on subscription :0
02-13 18:06:00.557 D/StatusBarPolicy(  327): StatusBarPolocy::getIconLevel -EVDO
02-13 18:06:00.557 D/StatusBarPolicy(  327): getEvdoLevel_band_six -evdoDbm:-79
02-13 18:06:00.557 D/StatusBarPolicy(  327): getEvdoLevel_band_six -evdoEcio:-25
02-13 18:06:01.798 D/WifiService(  256): ACTION_BATTERY_CHANGED pluggedType: 0
02-13 18:06:01.798 D/WifiService(  256): WifiHandler, MESSAGE_UPDATE_STATE
02-13 18:06:01.798 D/WifiService(  256): isAirplaneModeOn(): false
02-13 18:06:01.798 D/WifiService(  256): updateWifiState(), wifiEnabled: true, airplaneMode: false, wifiShouldBeEnabled: true, wifiShouldBeStarted: true, strongestLockMode: 1
02-13 18:06:01.798 D/WifiService(  256): WifiHandler, MESSAGE_ENABLE_WIFI, msg.arg1: 0, msg.arg2: 1000
02-13 18:06:01.798 D/WifiService(  256): WifiHandler, MESSAGE_START_WIFI, msg.arg1: 1
02-13 18:06:01.878 W/WindowManager(  256): updateFocusedWindowLocked newFocus=Window{4076fa10 Keyguard paused=false} mode=1 mCurrentFocus = Window{4076fa10 Keyguard paused=false}
02-13 18:06:01.918 W/WindowManager(  256): updateFocusedWindowLocked newFocus=Window{4076fa10 Keyguard paused=false} mode=3 mCurrentFocus = Window{4076fa10 Keyguard paused=false}
02-13 18:06:02.779 D/StatusBarPolicy(  327): onSignalStrengthsChanged:SignalStrength: 99 0 -81 -70 -79 -25 6 99 2147483647 2147483647 2147483647 2147483647 cdma for subscription0
02-13 18:06:02.779 D/StatusBarPolicy(  327): updateSignalStrength on subscription :0
02-13 18:06:02.779 D/StatusBarPolicy(  327): StatusBarPolocy::getIconLevel -EVDO
02-13 18:06:02.779 D/StatusBarPolicy(  327): getEvdoLevel_band_six -evdoDbm:-79
02-13 18:06:02.789 D/StatusBarPolicy(  327): getEvdoLevel_band_six -evdoEcio:-25
02-13 18:06:05.021 D/StatusBarPolicy(  327): onSignalStrengthsChanged:SignalStrength: 99 0 -81 -70 -80 -25 7 99 2147483647 2147483647 2147483647 2147483647 cdma for subscription0
02-13 18:06:05.021 D/StatusBarPolicy(  327): updateSignalStrength on subscription :0
02-13 18:06:05.021 D/StatusBarPolicy(  327): StatusBarPolocy::getIconLevel -EVDO
02-13 18:06:05.021 D/StatusBarPolicy(  327): getEvdoLevel_band_six -evdoDbm:-80
02-13 18:06:05.021 D/StatusBarPolicy(  327): getEvdoLevel_band_six -evdoEcio:-25
02-13 18:06:07.264 D/StatusBarPolicy(  327): onSignalStrengthsChanged:SignalStrength: 99 0 -90 -110 -82 -25 6 99 2147483647 2147483647 2147483647 2147483647 cdma for subscription0
02-13 18:06:07.264 D/StatusBarPolicy(  327): updateSignalStrength on subscription :0
02-13 18:06:07.274 D/StatusBarPolicy(  327): StatusBarPolocy::getIconLevel -EVDO
02-13 18:06:07.274 D/StatusBarPolicy(  327): getEvdoLevel_band_six -evdoDbm:-82
02-13 18:06:07.274 D/StatusBarPolicy(  327): getEvdoLevel_band_six -evdoEcio:-25
02-13 18:06:07.514 D/StatusBarPolicy(  327): updateDataIcon subscription =0
02-13 18:06:07.664 D/NetdConnector(  256): SND -> {interface readrxcounter rmnet0} {null}
02-13 18:06:07.674 D/NetdConnector(  256): RCV <- {216 20119}
02-13 18:06:07.674 D/NetdConnector(  256): RSP <- {216 20119}
02-13 18:06:07.674 D/NetdConnector(  256): SND -> {interface readtxcounter rmnet0} {null}
02-13 18:06:07.694 D/NetdConnector(  256): RCV <- {217 8336}
02-13 18:06:07.694 D/NetdConnector(  256): RSP <- {217 8336}
02-13 18:06:08.525 D/StatusBarPolicy(  327): updateDataIcon subscription =0
02-13 18:06:09.506 D/StatusBarPolicy(  327): onSignalStrengthsChanged:SignalStrength: 99 0 -90 -110 -83 -35 7 99 2147483647 2147483647 2147483647 2147483647 cdma for subscription0
02-13 18:06:09.506 D/StatusBarPolicy(  327): updateSignalStrength on subscription :0
02-13 18:06:09.516 D/StatusBarPolicy(  327): StatusBarPolocy::getIconLevel -EVDO
02-13 18:06:09.516 D/StatusBarPolicy(  327): getEvdoLevel_band_six -evdoDbm:-83
02-13 18:06:09.516 D/StatusBarPolicy(  327): getEvdoLevel_band_six -evdoEcio:-35
02-13 18:06:09.546 D/StatusBarPolicy(  327): updateDataIcon subscription =0
02-13 18:06:11.858 D/StatusBarPolicy(  327): onSignalStrengthsChanged:SignalStrength: 99 0 -120 -75 -120 -40 6 99 2147483647 2147483647 2147483647 2147483647 cdma for subscription0
02-13 18:06:11.858 D/StatusBarPolicy(  327): updateSignalStrength on subscription :0
02-13 18:06:11.858 D/StatusBarPolicy(  327): StatusBarPolocy::getIconLevel -EVDO
02-13 18:06:11.858 D/StatusBarPolicy(  327): getEvdoLevel_band_six -evdoDbm:-120
02-13 18:06:11.858 D/StatusBarPolicy(  327): getEvdoLevel_band_six -evdoEcio:-40
02-13 18:06:11.878 D/StatusBarPolicy(  327): onSignalStrengthsChanged:SignalStrength: 99 0 -90 -75 -80 -40 6 99 2147483647 2147483647 2147483647 2147483647 cdma for subscription0
02-13 18:06:11.878 D/StatusBarPolicy(  327): updateSignalStrength on subscription :0
02-13 18:06:11.878 D/StatusBarPolicy(  327): StatusBarPolocy::getIconLevel -EVDO
02-13 18:06:11.878 D/StatusBarPolicy(  327): getEvdoLevel_band_six -evdoDbm:-80
02-13 18:06:11.878 D/StatusBarPolicy(  327): getEvdoLevel_band_six -evdoEcio:-40
02-13 18:06:11.878 I/TelephonyRegistry(  256): notifyServiceState: 0 home Sprint  310099  EvDo rev. A CSS not supported 41 4139RoamInd: 1RoamStatus(sprint): 1DefRoamInd: 160EmergOnly: false
02-13 18:06:11.878 D/StatusBarPolicy(  327): onServiceStateChanged:0 home Sprint  310099  EvDo rev. A CSS not supported 41 4139RoamInd: 1RoamStatus(sprint): 1DefRoamInd: 160EmergOnly: falsefor subscription :0
02-13 18:06:11.878 D/StatusBarPolicy(  327): updateSignalStrength on subscription :0
02-13 18:06:11.878 D/StatusBarPolicy(  327): StatusBarPolocy::getIconLevel -EVDO
02-13 18:06:11.878 D/StatusBarPolicy(  327): getEvdoLevel_band_six -evdoDbm:-80
02-13 18:06:11.878 D/StatusBarPolicy(  327): getEvdoLevel_band_six -evdoEcio:-40
02-13 18:06:11.878 D/StatusBarPolicy(  327): updateDataIcon subscription =0
02-13 18:06:13.970 D/StatusBarPolicy(  327): onSignalStrengthsChanged:SignalStrength: 99 0 -90 -75 -84 -40 7 99 2147483647 2147483647 2147483647 2147483647 cdma for subscription0
02-13 18:06:13.970 D/StatusBarPolicy(  327): updateSignalStrength on subscription :0
02-13 18:06:13.980 D/StatusBarPolicy(  327): StatusBarPolocy::getIconLevel -EVDO
02-13 18:06:13.980 D/StatusBarPolicy(  327): getEvdoLevel_band_six -evdoDbm:-84
02-13 18:06:13.980 D/StatusBarPolicy(  327): getEvdoLevel_band_six -evdoEcio:-40
02-13 18:06:16.212 D/StatusBarPolicy(  327): onSignalStrengthsChanged:SignalStrength: 99 0 -90 -75 -86 -20 8 99 2147483647 2147483647 2147483647 2147483647 cdma for subscription0
02-13 18:06:16.212 D/StatusBarPolicy(  327): updateSignalStrength on subscription :0
02-13 18:06:16.222 D/StatusBarPolicy(  327): StatusBarPolocy::getIconLevel -EVDO
02-13 18:06:16.222 D/StatusBarPolicy(  327): getEvdoLevel_band_six -evdoDbm:-86
02-13 18:06:16.222 D/StatusBarPolicy(  327): getEvdoLevel_band_six -evdoEcio:-20
02-13 18:06:18.454 D/StatusBarPolicy(  327): onSignalStrengthsChanged:SignalStrength: 99 0 -90 -75 -87 -30 7 99 2147483647 2147483647 2147483647 2147483647 cdma for subscription0
02-13 18:06:18.454 D/StatusBarPolicy(  327): updateSignalStrength on subscription :0
02-13 18:06:18.464 D/StatusBarPolicy(  327): StatusBarPolocy::getIconLevel -EVDO
02-13 18:06:18.464 D/StatusBarPolicy(  327): getEvdoLevel_band_six -evdoDbm:-87
02-13 18:06:18.464 D/StatusBarPolicy(  327): getEvdoLevel_band_six -evdoEcio:-30
02-13 18:06:18.715 D/StatusBarPolicy(  327): updateDataIcon subscription =0
02-13 18:06:20.176 D/StatusBarPolicy(  327): onSignalStrengthsChanged:SignalStrength: 99 0 -96 -160 -89 -1 7 99 2147483647 2147483647 2147483647 2147483647 cdma for subscription0
02-13 18:06:20.176 D/StatusBarPolicy(  327): updateSignalStrength on subscription :0
02-13 18:06:20.176 D/StatusBarPolicy(  327): StatusBarPolocy::getIconLevel -EVDO
02-13 18:06:20.176 D/StatusBarPolicy(  327): getEvdoLevel_band_six -evdoDbm:-89
02-13 18:06:20.176 D/StatusBarPolicy(  327): getEvdoLevel_band_six -evdoEcio:-1
02-13 18:06:20.186 D/StatusBarPolicy(  327): onSignalStrengthsChanged:SignalStrength: 99 0 -96 -70 -89 -45 7 99 2147483647 2147483647 2147483647 2147483647 cdma for subscription0
02-13 18:06:20.186 D/StatusBarPolicy(  327): updateSignalStrength on subscription :0
02-13 18:06:20.186 D/StatusBarPolicy(  327): StatusBarPolocy::getIconLevel -EVDO
02-13 18:06:20.186 D/StatusBarPolicy(  327): getEvdoLevel_band_six -evdoDbm:-89
02-13 18:06:20.186 D/StatusBarPolicy(  327): getEvdoLevel_band_six -evdoEcio:-45
02-13 18:06:20.196 I/TelephonyRegistry(  256): notifyServiceState: 0 home Sprint  310099  EvDo rev. A CSS not supported 41 4139RoamInd: 1RoamStatus(sprint): 1DefRoamInd: 160EmergOnly: false
02-13 18:06:20.196 D/StatusBarPolicy(  327): onServiceStateChanged:0 home Sprint  310099  EvDo rev. A CSS not supported 41 4139RoamInd: 1RoamStatus(sprint): 1DefRoamInd: 160EmergOnly: falsefor subscription :0
02-13 18:06:20.196 D/StatusBarPolicy(  327): updateSignalStrength on subscription :0
02-13 18:06:20.196 D/StatusBarPolicy(  327): StatusBarPolocy::getIconLevel -EVDO
