02-13 18:08:24.180 D/StatusBarPolicy(  327): onServiceStateChanged:0 roaming    310099  EvDo rev. A CSS not supported 0 4681RoamInd: 160RoamStatus(sprint): 2DefRoamInd: 160EmergOnly: falsefor subscription :0
02-13 18:08:24.180 D/StatusBarPolicy(  327): updateSignalStrength on subscription :0
02-13 18:08:24.180 D/StatusBarPolicy(  327): StatusBarPolocy::getIconLevel -EVDO
02-13 18:08:24.180 D/StatusBarPolicy(  327): getEvdoLevel_band_six -evdoDbm:-114
02-13 18:08:24.180 D/StatusBarPolicy(  327): getEvdoLevel_band_six -evdoEcio:-45
02-13 18:08:24.190 D/StatusBarPolicy(  327): updateDataIcon subscription =0
02-13 18:08:24.521 I/WindowManager(  256): Setting rotation to 1, animFlags=0
02-13 18:08:24.541 I/ActivityManager(  256): Config changed: { scale=1.0 imsi=310/120 loc=en_US touch=3 keys=1/1/2 nav=1/1 orien=2 layout=18 uiMode=17 seq=4}
02-13 18:08:24.771 I/WindowManager(  256): Setting rotation to 0, animFlags=0
02-13 18:08:24.781 I/ActivityManager(  256): Config changed: { scale=1.0 imsi=310/120 loc=en_US touch=3 keys=1/1/2 nav=1/1 orien=1 layout=18 uiMode=17 seq=5}
02-13 18:08:25.061 D/StatusBarPolicy(  327): onSignalStrengthsChanged:SignalStrength: 99 0 -120 -90 -120 -20 7 99 2147483647 2147483647 2147483647 2147483647 cdma for subscription0
02-13 18:08:25.061 D/StatusBarPolicy(  327): updateSignalStrength on subscription :0
02-13 18:08:25.071 D/StatusBarPolicy(  327): StatusBarPolocy::getIconLevel -EVDO
02-13 18:08:25.071 D/StatusBarPolicy(  327): getEvdoLevel_band_six -evdoDbm:-120
02-13 18:08:25.071 D/StatusBarPolicy(  327): getEvdoLevel_band_six -evdoEcio:-20
02-13 18:08:25.071 D/StatusBarPolicy(  327): onSignalStrengthsChanged:SignalStrength: 99 0 -103 -90 -110 -20 7 99 2147483647 2147483647 2147483647 2147483647 cdma for subscription0
02-13 18:08:25.071 D/StatusBarPolicy(  327): updateSignalStrength on subscription :0
02-13 18:08:25.071 D/StatusBarPolicy(  327): StatusBarPolocy::getIconLevel -EVDO
02-13 18:08:25.071 D/StatusBarPolicy(  327): getEvdoLevel_band_six -evdoDbm:-110
02-13 18:08:25.071 D/StatusBarPolicy(  327): getEvdoLevel_band_six -evdoEcio:-20
02-13 18:08:27.313 D/StatusBarPolicy(  327): onSignalStrengthsChanged:SignalStrength: 99 0 -102 -140 -113 -15 8 99 2147483647 2147483647 2147483647 2147483647 cdma for subscription0
02-13 18:08:27.313 D/StatusBarPolicy(  327): updateSignalStrength on subscription :0
02-13 18:08:27.323 D/StatusBarPolicy(  327): StatusBarPolocy::getIconLevel -EVDO
02-13 18:08:27.323 D/StatusBarPolicy(  327): getEvdoLevel_band_six -evdoDbm:-113
02-13 18:08:27.323 D/StatusBarPolicy(  327): getEvdoLevel_band_six -evdoEcio:-15
02-13 18:08:29.555 D/StatusBarPolicy(  327): onSignalStrengthsChanged:SignalStrength: 99 0 -102 -140 -107 -15 8 99 2147483647 2147483647 2147483647 2147483647 cdma for subscription0
02-13 18:08:29.555 D/StatusBarPolicy(  327): updateSignalStrength on subscription :0
02-13 18:08:29.565 D/StatusBarPolicy(  327): StatusBarPolocy::getIconLevel -EVDO
02-13 18:08:29.565 D/StatusBarPolicy(  327): getEvdoLevel_band_six -evdoDbm:-107
02-13 18:08:29.565 D/StatusBarPolicy(  327): getEvdoLevel_band_six -evdoEcio:-15
02-13 18:08:30.196 D/StatusBarPolicy(  327): onSignalStrengthsChanged:SignalStrength: 99 0 -120 -105 -120 -15 8 99 2147483647 2147483647 2147483647 2147483647 cdma for subscription0
02-13 18:08:30.196 D/StatusBarPolicy(  327): updateSignalStrength on subscription :0
02-13 18:08:30.196 D/StatusBarPolicy(  327): StatusBarPolocy::getIconLevel -EVDO
02-13 18:08:30.196 D/StatusBarPolicy(  327): getEvdoLevel_band_six -evdoDbm:-120
02-13 18:08:30.196 D/StatusBarPolicy(  327): getEvdoLevel_band_six -evdoEcio:-15
02-13 18:08:30.206 D/StatusBarPolicy(  327): onSignalStrengthsChanged:SignalStrength: 99 0 -102 -105 -102 -15 8 99 2147483647 2147483647 2147483647 2147483647 cdma for subscription0
02-13 18:08:30.206 D/StatusBarPolicy(  327): updateSignalStrength on subscription :0
02-13 18:08:30.206 D/StatusBarPolicy(  327): StatusBarPolocy::getIconLevel -EVDO
02-13 18:08:30.206 D/StatusBarPolicy(  327): getEvdoLevel_band_six -evdoDbm:-102
02-13 18:08:30.206 D/StatusBarPolicy(  327): getEvdoLevel_band_six -evdoEcio:-15
02-13 18:08:30.226 I/TelephonyRegistry(  256): notifyServiceState: 0 roaming    310099  EvDo rev. A CSS not supported 0 4681RoamInd: 160RoamStatus(sprint): 2DefRoamInd: 160EmergOnly: false
02-13 18:08:30.246 D/StatusBarPolicy(  327): onServiceStateChanged:0 roaming    310099  EvDo rev. A CSS not supported 0 4681RoamInd: 160RoamStatus(sprint): 2DefRoamInd: 160EmergOnly: falsefor subscription :0
02-13 18:08:30.246 D/StatusBarPolicy(  327): updateSignalStrength on subscription :0
02-13 18:08:30.246 D/StatusBarPolicy(  327): StatusBarPolocy::getIconLevel -EVDO
02-13 18:08:30.246 D/StatusBarPolicy(  327): getEvdoLevel_band_six -evdoDbm:-102
02-13 18:08:30.246 D/StatusBarPolicy(  327): getEvdoLevel_band_six -evdoEcio:-15
02-13 18:08:30.246 D/StatusBarPolicy(  327): updateDataIcon subscription =0
02-13 18:08:31.798 D/StatusBarPolicy(  327): onSignalStrengthsChanged:SignalStrength: 99 0 -102 -105 -98 -15 8 99 2147483647 2147483647 2147483647 2147483647 cdma for subscription0
02-13 18:08:31.798 D/StatusBarPolicy(  327): updateSignalStrength on subscription :0
02-13 18:08:31.808 D/StatusBarPolicy(  327): StatusBarPolocy::getIconLevel -EVDO
02-13 18:08:31.808 D/StatusBarPolicy(  327): getEvdoLevel_band_six -evdoDbm:-98
02-13 18:08:31.808 D/StatusBarPolicy(  327): getEvdoLevel_band_six -evdoEcio:-15
02-13 18:08:32.699 I/TelephonyRegistry(  256): notifyServiceState: 0 roaming    310099  EvDo rev. A CSS not supported 0 4681RoamInd: 160RoamStatus(sprint): 2DefRoamInd: 160EmergOnly: false
02-13 18:08:32.699 D/StatusBarPolicy(  327): onServiceStateChanged:0 roaming    310099  EvDo rev. A CSS not supported 0 4681RoamInd: 160RoamStatus(sprint): 2DefRoamInd: 160EmergOnly: falsefor subscription :0
02-13 18:08:32.699 D/StatusBarPolicy(  327): updateSignalStrength on subscription :0
02-13 18:08:32.709 D/StatusBarPolicy(  327): StatusBarPolocy::getIconLevel -EVDO
02-13 18:08:32.709 D/StatusBarPolicy(  327): getEvdoLevel_band_six -evdoDbm:-98
02-13 18:08:32.709 D/StatusBarPolicy(  327): getEvdoLevel_band_six -evdoEcio:-15
02-13 18:08:32.709 D/StatusBarPolicy(  327): updateDataIcon subscription =0
02-13 18:08:34.040 D/StatusBarPolicy(  327): onSignalStrengthsChanged:SignalStrength: 99 0 -102 -105 -93 -15 8 99 2147483647 2147483647 2147483647 2147483647 cdma for subscription0
02-13 18:08:34.050 D/StatusBarPolicy(  327): updateSignalStrength on subscription :0
02-13 18:08:34.050 D/StatusBarPolicy(  327): StatusBarPolocy::getIconLevel -EVDO
02-13 18:08:34.050 D/StatusBarPolicy(  327): getEvdoLevel_band_six -evdoDbm:-93
02-13 18:08:34.050 D/StatusBarPolicy(  327): getEvdoLevel_band_six -evdoEcio:-15
02-13 18:08:36.092 D/StatusBarPolicy(  327): onSignalStrengthsChanged:SignalStrength: 99 0 -78 -70 -93 -20 8 99 2147483647 2147483647 2147483647 2147483647 cdma for subscription0
02-13 18:08:36.092 D/StatusBarPolicy(  327): updateSignalStrength on subscription :0
02-13 18:08:36.092 D/StatusBarPolicy(  327): StatusBarPolocy::getIconLevel -EVDO
02-13 18:08:36.092 D/StatusBarPolicy(  327): getEvdoLevel_band_six -evdoDbm:-93
02-13 18:08:36.092 D/StatusBarPolicy(  327): getEvdoLevel_band_six -evdoEcio:-20
02-13 18:08:36.122 I/TelephonyRegistry(  256): notifyServiceState: 0 home Sprint  310099  EvDo rev. A CSS not supported 41 4139RoamInd: 1RoamStatus(sprint): 1DefRoamInd: 160EmergOnly: false
02-13 18:08:36.122 D/StatusBarPolicy(  327): onServiceStateChanged:0 home Sprint  310099  EvDo rev. A CSS not supported 41 4139RoamInd: 1RoamStatus(sprint): 1DefRoamInd: 160EmergOnly: falsefor subscription :0
02-13 18:08:36.122 D/StatusBarPolicy(  327): updateSignalStrength on subscription :0
02-13 18:08:36.122 D/StatusBarPolicy(  327): StatusBarPolocy::getIconLevel -EVDO
02-13 18:08:36.122 D/StatusBarPolicy(  327): getEvdoLevel_band_six -evdoDbm:-93
02-13 18:08:36.122 D/StatusBarPolicy(  327): getEvdoLevel_band_six -evdoEcio:-20
02-13 18:08:36.122 D/StatusBarPolicy(  327): updateDataIcon subscription =0
02-13 18:08:36.162 I/TelephonyRegistry(  256): notifyDataConnection: anyState=0,default/INET,apnTypeState=1,iface=null,ip=null,gw=null,isDataConnectivityPossible=true,networkType=6,reason=roamingOff
02-13 18:08:36.182 D/ConnectivityService(  256): ConnectivityChange for mobile: CONNECTING/CONNECTING
02-13 18:08:37.914 I/TelephonyRegistry(  256): notifyDataConnection: anyState=2,default/INET,apnTypeState=2,iface=rmnet0,ip=173.155.101.96,gw=173.155.101.97,isDataConnectivityPossible=true,networkType=6,reason=roamingOff
02-13 18:08:37.914 D/StatusBarPolicy(  327): StatusBarPolicy onDataConnectionStateChanged to 2for nw : 6on subscription : 0
02-13 18:08:37.914 D/StatusBarPolicy(  327): Data network type changed to:6
02-13 18:08:37.914 D/StatusBarPolicy(  327): updateDataIcon subscription =0
02-13 18:08:37.954 D/ConnectivityService(  256): ConnectivityChange for mobile: CONNECTED/CONNECTED
02-13 18:08:37.954 D/ConnectivityService(  256): Got Network Connection Succ from Driver nwtype=0
02-13 18:08:37.954 D/ConnectivityService(  256): adding dns 68.28.67.132 for mobile
02-13 18:08:37.954 D/ConnectivityService(  256): adding dns 68.28.68.132 for mobile
02-13 18:08:37.964 I/TelephonyRegistry(  256): notifyDataConnection: anyState=2,mms/INET,apnTypeState=2,iface=rmnet0,ip=173.155.101.96,gw=173.155.101.97,isDataConnectivityPossible=true,networkType=6,reason=roamingOff
02-13 18:08:37.984 D/NetdConnector(  256): SND -> {route replace def v4 rmnet0 173.155.101.97} {null}
02-13 18:08:37.994 I/TelephonyRegistry(  256): notifyDataConnection: anyState=2,supl/INET,apnTypeState=2,iface=rmnet0,ip=173.155.101.96,gw=173.155.101.97,isDataConnectivityPossible=true,networkType=6,reason=roamingOff
02-13 18:08:38.024 I/TelephonyRegistry(  256): notifyDataConnection: anyState=2,hipri/INET,apnTypeState=2,iface=rmnet0,ip=173.155.101.96,gw=173.155.101.97,isDataConnectivityPossible=true,networkType=6,reason=roamingOff
02-13 18:08:38.044 D/StatusBarPolicy(  327): updateDataIcon subscription =0
02-13 18:08:38.064 D/NetdConnector(  256): RCV <- {200 default route replace succeeded for [rmnet0 -4]}
02-13 18:08:38.064 D/NetdConnector(  256): RSP <- {200 default route replace succeeded for [rmnet0 -4]}
02-13 18:08:38.064 D/NetworkManagementService(  256): 200 default route replace succeeded for [rmnet0 -4]
02-13 18:08:38.074 D/StatusBarPolicy(  327): Data network type changed to:6
02-13 18:08:38.074 D/StatusBarPolicy(  327): updateDataIcon subscription =0
02-13 18:08:38.074 D/StatusBarPolicy(  327): updateSignalStrength on subscription :0
02-13 18:08:38.074 D/StatusBarPolicy(  327): StatusBarPolocy::getIconLevel -EVDO
02-13 18:08:38.074 D/StatusBarPolicy(  327): getEvdoLevel_band_six -evdoDbm:-93
02-13 18:08:38.074 D/StatusBarPolicy(  327): getEvdoLevel_band_six -evdoEcio:-20
02-13 18:08:38.194 D/RPC     (  256): 3000008c:00050000 sending call (XID 12).
02-13 18:08:38.194 D/RPC     (  256): 3000008c:00050000 received REPLY (XID 12), grabbing mutex to wake up client.
02-13 18:08:38.194 D/RPC     (  256): 3000008c:00050000 waiting for XDR input buffer to be consumed.
02-13 18:08:38.194 D/RPC     (  256): 3000008c:00050000 call success.
02-13 18:08:38.194 D/RPC     (  256): 3000008c:00050000 received CALL.
02-13 18:08:38.194 D/RPC     (  256): 3000008c:00050000 dispatching RPC call (XID 22, xdr 0x502bf8) for callback client 3100008c:00050001.
02-13 18:08:38.194 D/RPC     (  256): 3100008c:327681 sending RPC reply (XID 22)
02-13 18:08:38.194 D/RPC     (  256): 3000008c:00050000 sending call (XID 13).
02-13 18:08:38.194 D/RPC     (  256): 3000008c:00050000 received REPLY (XID 13), grabbing mutex to wake up client.
02-13 18:08:38.194 D/RPC     (  256): 3000008c:00050000 call success.
02-13 18:08:38.204 D/RPC     (  256): 3000008c:00050000 received CALL.
02-13 18:08:38.204 D/RPC     (  256): 3000008c:00050000 dispatching RPC call (XID 23, xdr 0x502bf8) for callback client 3100008c:00050001.
02-13 18:08:38.204 D/RPC     (  256): 3100008c:327681 sending RPC reply (XID 23)
02-13 18:08:38.494 D/StatusBarPolicy(  327): onSignalStrengthsChanged:SignalStrength: 99 0 -78 -70 -87 -20 8 99 2147483647 2147483647 2147483647 2147483647 cdma for subscription0
02-13 18:08:38.494 D/StatusBarPolicy(  327): updateSignalStrength on subscription :0
02-13 18:08:38.494 D/StatusBarPolicy(  327): StatusBarPolocy::getIconLevel -EVDO
02-13 18:08:38.494 D/StatusBarPolicy(  327): getEvdoLevel_band_six -evdoDbm:-87
02-13 18:08:38.494 D/StatusBarPolicy(  327): getEvdoLevel_band_six -evdoEcio:-20
02-13 18:08:39.055 D/StatusBarPolicy(  327): updateDataIcon subscription =0
02-13 18:08:39.715 D/ConnectivityService(  256): reportNetworkCondition(0, 100)
02-13 18:08:39.725 D/ConnectivityService(  256): Inet connectivity change, net=0, condition=100,mActiveDefaultNetwork=0
02-13 18:08:39.725 D/ConnectivityService(  256): starting a change hold
02-13 18:08:40.146 I/TelephonyRegistry(  256): notifyMessageWaitingChanged: true
02-13 18:08:40.226 D/ConnectivityService(  256): Inet hold end, net=0, condition =100, published condition =0
02-13 18:08:40.226 D/StatusBarPolicy(  327): Data network type changed to:6
02-13 18:08:40.226 D/StatusBarPolicy(  327): updateDataIcon subscription =0
02-13 18:08:40.226 D/StatusBarPolicy(  327): updateSignalStrength on subscription :0
02-13 18:08:40.226 D/StatusBarPolicy(  327): StatusBarPolocy::getIconLevel -EVDO
02-13 18:08:40.226 D/StatusBarPolicy(  327): getEvdoLevel_band_six -evdoDbm:-87
02-13 18:08:40.226 D/StatusBarPolicy(  327): getEvdoLevel_band_six -evdoEcio:-20
02-13 18:08:40.786 D/StatusBarPolicy(  327): onSignalStrengthsChanged:SignalStrength: 99 0 -78 -70 -95 -20 8 99 2147483647 2147483647 2147483647 2147483647 cdma for subscription0
02-13 18:08:40.786 D/StatusBarPolicy(  327): updateSignalStrength on subscription :0
02-13 18:08:40.796 D/StatusBarPolicy(  327): StatusBarPolocy::getIconLevel -EVDO
02-13 18:08:40.796 D/StatusBarPolicy(  327): getEvdoLevel_band_six -evdoDbm:-95
02-13 18:08:40.796 D/StatusBarPolicy(  327): getEvdoLevel_band_six -evdoEcio:-20
02-13 18:08:42.088 D/StatusBarPolicy(  327): updateDataIcon subscription =0
02-13 18:08:42.848 D/PowerManagerService(  256): setTimeoutLocked now=222347 timeoutOverride=-1 nextState=3 when=228347
02-13 18:08:42.989 D/StatusBarPolicy(  327): onSignalStrengthsChanged:SignalStrength: 99 0 -78 -70 -91 -20 8 99 2147483647 2147483647 2147483647 2147483647 cdma for subscription0
02-13 18:08:42.989 D/StatusBarPolicy(  327): updateSignalStrength on subscription :0
02-13 18:08:42.989 D/StatusBarPolicy(  327): StatusBarPolocy::getIconLevel -EVDO
02-13 18:08:42.989 D/StatusBarPolicy(  327): getEvdoLevel_band_six -evdoDbm:-91
02-13 18:08:42.989 D/StatusBarPolicy(  327): getEvdoLevel_band_six -evdoEcio:-20
02-13 18:08:42.999 W/WindowManager(  256): updateFocusedWindowLocked newFocus=Window{4092da60 com.android.mms/com.android.mms.ui.ComposeMessageActivity paused=false} mode=3 mCurrentFocus = Window{4092da60 com.android.mms/com.android.mms.ui.ComposeMessageActivity paused=false}
02-13 18:08:44.870 D/PowerManagerService(  256): setTimeoutLocked now=224365 timeoutOverride=-1 nextState=3 when=230365
02-13 18:08:45.221 D/StatusBarPolicy(  327): onSignalStrengthsChanged:SignalStrength: 99 0 -78 -70 -89 -20 8 99 2147483647 2147483647 2147483647 2147483647 cdma for subscription0
02-13 18:08:45.221 D/StatusBarPolicy(  327): updateSignalStrength on subscription :0
02-13 18:08:45.221 D/StatusBarPolicy(  327): StatusBarPolocy::getIconLevel -EVDO
02-13 18:08:45.221 D/StatusBarPolicy(  327): getEvdoLevel_band_six -evdoDbm:-89
02-13 18:08:45.221 D/StatusBarPolicy(  327): getEvdoLevel_band_six -evdoEcio:-20
02-13 18:08:45.231 D/PowerManagerService(  256): setTimeoutLocked now=224728 timeoutOverride=-1 nextState=3 when=230728
02-13 18:08:49.715 D/StatusBarPolicy(  327): onSignalStrengthsChanged:SignalStrength: 99 0 -78 -70 -84 -10 8 99 2147483647 2147483647 2147483647 2147483647 cdma for subscription0
02-13 18:08:49.715 D/StatusBarPolicy(  327): updateSignalStrength on subscription :0
02-13 18:08:49.715 D/StatusBarPolicy(  327): StatusBarPolocy::getIconLevel -EVDO
02-13 18:08:49.715 D/StatusBarPolicy(  327): getEvdoLevel_band_six -evdoDbm:-84
02-13 18:08:49.725 D/StatusBarPolicy(  327): getEvdoLevel_band_six -evdoEcio:-10
02-13 18:08:51.237 D/PowerManagerService(  256): setTimeoutLocked now=230729 timeoutOverride=-1 nextState=1 when=337729
02-13 18:08:51.827 D/StatusBarPolicy(  327): updateDataIcon subscription =0
02-13 18:08:51.947 D/StatusBarPolicy(  327): onSignalStrengthsChanged:SignalStrength: 99 0 -78 -70 -85 -55 8 99 2147483647 2147483647 2147483647 2147483647 cdma for subscription0
02-13 18:08:51.947 D/StatusBarPolicy(  327): updateSignalStrength on subscription :0
02-13 18:08:51.967 D/StatusBarPolicy(  327): StatusBarPolocy::getIconLevel -EVDO
02-13 18:08:51.967 D/StatusBarPolicy(  327): getEvdoLevel_band_six -evdoDbm:-85
02-13 18:08:51.967 D/StatusBarPolicy(  327): getEvdoLevel_band_six -evdoEcio:-55
02-13 18:08:54.200 D/StatusBarPolicy(  327): onSignalStrengthsChanged:SignalStrength: 99 0 -78 -70 -85 -45 8 99 2147483647 2147483647 2147483647 2147483647 cdma for subscription0
02-13 18:08:54.200 D/StatusBarPolicy(  327): updateSignalStrength on subscription :0
02-13 18:08:54.210 D/StatusBarPolicy(  327): StatusBarPolocy::getIconLevel -EVDO
02-13 18:08:54.210 D/StatusBarPolicy(  327): getEvdoLevel_band_six -evdoDbm:-85
02-13 18:08:54.210 D/StatusBarPolicy(  327): getEvdoLevel_band_six -evdoEcio:-45
02-13 18:08:58.674 D/StatusBarPolicy(  327): onSignalStrengthsChanged:SignalStrength: 99 0 -78 -70 -84 -25 8 99 2147483647 2147483647 2147483647 2147483647 cdma for subscription0
02-13 18:08:58.674 D/StatusBarPolicy(  327): updateSignalStrength on subscription :0
02-13 18:08:58.684 D/StatusBarPolicy(  327): StatusBarPolocy::getIconLevel -EVDO
02-13 18:08:58.684 D/StatusBarPolicy(  327): getEvdoLevel_band_six -evdoDbm:-84
02-13 18:08:58.684 D/StatusBarPolicy(  327): getEvdoLevel_band_six -evdoEcio:-25
02-13 18:09:00.005 D/AlarmManager(  256): scheduleTimeTickEvent calendar=Mon Feb 13 18:10:00 GMT+00:00 2012
02-13 18:09:00.005 D/AlarmManager(  256): calendar.getTimeInMillis()1329178200000
02-13 18:09:03.168 D/StatusBarPolicy(  327): onSignalStrengthsChanged:SignalStrength: 99 0 -78 -70 -84 -55 8 99 2147483647 2147483647 2147483647 2147483647 cdma for subscription0
02-13 18:09:03.168 D/StatusBarPolicy(  327): updateSignalStrength on subscription :0
02-13 18:09:03.178 D/StatusBarPolicy(  327): StatusBarPolocy::getIconLevel -EVDO
02-13 18:09:03.178 D/StatusBarPolicy(  327): getEvdoLevel_band_six -evdoDbm:-84
02-13 18:09:03.178 D/StatusBarPolicy(  327): getEvdoLevel_band_six -evdoEcio:-55
02-13 18:09:07.633 D/StatusBarPolicy(  327): onSignalStrengthsChanged:SignalStrength: 99 0 -78 -70 -83 -25 8 99 2147483647 2147483647 2147483647 2147483647 cdma for subscription0
02-13 18:09:07.633 D/StatusBarPolicy(  327): updateSignalStrength on subscription :0
02-13 18:09:07.643 D/StatusBarPolicy(  327): StatusBarPolocy::getIconLevel -EVDO
02-13 18:09:07.643 D/StatusBarPolicy(  327): getEvdoLevel_band_six -evdoDbm:-83
02-13 18:09:07.643 D/StatusBarPolicy(  327): getEvdoLevel_band_six -evdoEcio:-25
02-13 18:09:14.359 D/StatusBarPolicy(  327): onSignalStrengthsChanged:SignalStrength: 99 0 -78 -70 -80 -10 8 99 2147483647 2147483647 2147483647 2147483647 cdma for subscription0
02-13 18:09:14.359 D/StatusBarPolicy(  327): updateSignalStrength on subscription :0
02-13 18:09:14.359 D/StatusBarPolicy(  327): StatusBarPolocy::getIconLevel -EVDO
02-13 18:09:14.369 D/StatusBarPolicy(  327): getEvdoLevel_band_six -evdoDbm:-80
02-13 18:09:14.369 D/StatusBarPolicy(  327): getEvdoLevel_band_six -evdoEcio:-10
02-13 18:09:18.834 D/StatusBarPolicy(  327): onSignalStrengthsChanged:SignalStrength: 99 0 -78 -70 -79 -10 8 99 2147483647 2147483647 2147483647 2147483647 cdma for subscription0
02-13 18:09:18.834 D/StatusBarPolicy(  327): updateSignalStrength on subscription :0
02-13 18:09:18.834 D/StatusBarPolicy(  327): StatusBarPolocy::getIconLevel -EVDO
02-13 18:09:18.834 D/StatusBarPolicy(  327): getEvdoLevel_band_six -evdoDbm:-79
02-13 18:09:18.834 D/StatusBarPolicy(  327): getEvdoLevel_band_six -evdoEcio:-10
02-13 18:09:21.746 D/PowerManagerService(  256): setTimeoutLocked now=261238 timeoutOverride=-1 nextState=3 when=267238
02-13 18:09:21.887 D/PowerManagerService(  256): setTimeoutLocked now=261387 timeoutOverride=-1 nextState=3 when=267387
02-13 18:09:21.907 W/WindowManager(  256): updateFocusedWindowLocked newFocus=Window{4092da60 com.android.mms/com.android.mms.ui.ComposeMessageActivity paused=false} mode=3 mCurrentFocus = Window{4092da60 com.android.mms/com.android.mms.ui.ComposeMessageActivity paused=false}
02-13 18:09:21.927 W/WindowManager(  256): updateFocusedWindowLocked newFocus=Window{4092da60 com.android.mms/com.android.mms.ui.ComposeMessageActivity paused=false} mode=3 mCurrentFocus = Window{4092da60 com.android.mms/com.android.mms.ui.ComposeMessageActivity paused=false}
02-13 18:09:22.928 D/PowerManagerService(  256): setTimeoutLocked now=262426 timeoutOverride=-1 nextState=3 when=268426
02-13 18:09:22.948 W/WindowManager(  256): updateFocusedWindowLocked newFocus=Window{4092da60 com.android.mms/com.android.mms.ui.ComposeMessageActivity paused=false} mode=3 mCurrentFocus = Window{4092da60 com.android.mms/com.android.mms.ui.ComposeMessageActivity paused=false}
02-13 18:09:23.018 D/StatusBarPolicy(  327): updateDataIcon subscription =0
02-13 18:09:23.028 D/PowerManagerService(  256): setTimeoutLocked now=262527 timeoutOverride=-1 nextState=3 when=268527
02-13 18:09:23.058 W/WindowManager(  256): updateFocusedWindowLocked newFocus=Window{4092da60 com.android.mms/com.android.mms.ui.ComposeMessageActivity paused=false} mode=3 mCurrentFocus = Window{4092da60 com.android.mms/com.android.mms.ui.ComposeMessageActivity paused=false}
02-13 18:09:23.078 W/WindowManager(  256): updateFocusedWindowLocked newFocus=Window{4092da60 com.android.mms/com.android.mms.ui.ComposeMessageActivity paused=false} mode=3 mCurrentFocus = Window{4092da60 com.android.mms/com.android.mms.ui.ComposeMessageActivity paused=false}
02-13 18:09:23.168 W/WindowManager(  256): updateFocusedWindowLocked newFocus=Window{4092da60 com.android.mms/com.android.mms.ui.ComposeMessageActivity paused=false} mode=3 mCurrentFocus = Window{4092da60 com.android.mms/com.android.mms.ui.ComposeMessageActivity paused=false}
02-13 18:09:23.298 W/WindowManager(  256): updateFocusedWindowLocked newFocus=Window{4092da60 com.android.mms/com.android.mms.ui.ComposeMessageActivity paused=false} mode=3 mCurrentFocus = Window{4092da60 com.android.mms/com.android.mms.ui.ComposeMessageActivity paused=false}
02-13 18:09:23.778 D/PowerManagerService(  256): setTimeoutLocked now=263269 timeoutOverride=-1 nextState=3 when=269269
02-13 18:09:23.778 W/WindowManager(  256): updateFocusedWindowLocked newFocus=Window{4092da60 com.android.mms/com.android.mms.ui.ComposeMessageActivity paused=false} mode=3 mCurrentFocus = Window{4092da60 com.android.mms/com.android.mms.ui.ComposeMessageActivity paused=false}
02-13 18:09:23.888 D/PowerManagerService(  256): setTimeoutLocked now=263383 timeoutOverride=-1 nextState=3 when=269383
02-13 18:09:23.919 W/WindowManager(  256): updateFocusedWindowLocked newFocus=Window{4092da60 com.android.mms/com.android.mms.ui.ComposeMessageActivity paused=false} mode=3 mCurrentFocus = Window{4092da60 com.android.mms/com.android.mms.ui.ComposeMessageActivity paused=false}
02-13 18:09:24.019 D/StatusBarPolicy(  327): updateDataIcon subscription =0
02-13 18:09:24.299 D/PowerManagerService(  256): setTimeoutLocked now=263795 timeoutOverride=-1 nextState=3 when=269795
02-13 18:09:24.309 W/WindowManager(  256): updateFocusedWindowLocked newFocus=Window{4092da60 com.android.mms/com.android.mms.ui.ComposeMessageActivity paused=false} mode=3 mCurrentFocus = Window{4092da60 com.android.mms/com.android.mms.ui.ComposeMessageActivity paused=false}
02-13 18:09:24.409 D/PowerManagerService(  256): setTimeoutLocked now=263909 timeoutOverride=-1 nextState=3 when=269909
02-13 18:09:24.439 W/WindowManager(  256): updateFocusedWindowLocked newFocus=Window{4092da60 com.android.mms/com.android.mms.ui.ComposeMessageActivity paused=false} mode=3 mCurrentFocus = Window{4092da60 com.android.mms/com.android.mms.ui.ComposeMessageActivity paused=false}
02-13 18:09:24.509 W/WindowManager(  256): updateFocusedWindowLocked newFocus=Window{4092da60 com.android.mms/com.android.mms.ui.ComposeMessageActivity paused=false} mode=3 mCurrentFocus = Window{4092da60 com.android.mms/com.android.mms.ui.ComposeMessageActivity paused=false}
02-13 18:09:24.639 W/WindowManager(  256): updateFocusedWindowLocked newFocus=Window{4092da60 com.android.mms/com.android.mms.ui.ComposeMessageActivity paused=false} mode=3 mCurrentFocus = Window{4092da60 com.android.mms/com.android.mms.ui.ComposeMessageActivity paused=false}
02-13 18:09:24.769 W/WindowManager(  256): updateFocusedWindowLocked newFocus=Window{4092da60 com.android.mms/com.android.mms.ui.ComposeMessageActivity paused=false} mode=3 mCurrentFocus = Window{4092da60 com.android.mms/com.android.mms.ui.ComposeMessageActivity paused=false}
02-13 18:09:24.809 D/PowerManagerService(  256): setTimeoutLocked now=264308 timeoutOverride=-1 nextState=3 when=270308
02-13 18:09:24.849 W/WindowManager(  256): updateFocusedWindowLocked newFocus=Window{4092da60 com.android.mms/com.android.mms.ui.ComposeMessageActivity paused=false} mode=3 mCurrentFocus = Window{4092da60 com.android.mms/com.android.mms.ui.ComposeMessageActivity paused=false}
02-13 18:09:25.030 D/StatusBarPolicy(  327): updateDataIcon subscription =0
02-13 18:09:25.200 W/WindowManager(  256): updateFocusedWindowLocked newFocus=Window{4092da60 com.android.mms/com.android.mms.ui.ComposeMessageActivity paused=false} mode=3 mCurrentFocus = Window{4092da60 com.android.mms/com.android.mms.ui.ComposeMessageActivity paused=false}
02-13 18:09:25.290 D/PowerManagerService(  256): setTimeoutLocked now=264786 timeoutOverride=-1 nextState=3 when=270786
02-13 18:09:25.370 W/WindowManager(  256): updateFocusedWindowLocked newFocus=Window{4092da60 com.android.mms/com.android.mms.ui.ComposeMessageActivity paused=false} mode=3 mCurrentFocus = Window{4092da60 com.android.mms/com.android.mms.ui.ComposeMessageActivity paused=false}
02-13 18:09:25.520 D/PowerManagerService(  256): setTimeoutLocked now=265012 timeoutOverride=-1 nextState=3 when=271012
02-13 18:09:25.530 W/WindowManager(  256): updateFocusedWindowLocked newFocus=Window{4092da60 com.android.mms/com.android.mms.ui.ComposeMessageActivity paused=false} mode=3 mCurrentFocus = Window{4092da60 com.android.mms/com.android.mms.ui.ComposeMessageActivity paused=false}
02-13 18:09:25.540 D/StatusBarPolicy(  327): onSignalStrengthsChanged:SignalStrength: 99 0 -78 -70 -81 -40 8 99 2147483647 2147483647 2147483647 2147483647 cdma for subscription0
02-13 18:09:25.540 D/StatusBarPolicy(  327): updateSignalStrength on subscription :0
02-13 18:09:25.540 D/StatusBarPolicy(  327): StatusBarPolocy::getIconLevel -EVDO
02-13 18:09:25.540 D/StatusBarPolicy(  327): getEvdoLevel_band_six -evdoDbm:-81
02-13 18:09:25.540 D/StatusBarPolicy(  327): getEvdoLevel_band_six -evdoEcio:-40
02-13 18:09:25.650 W/WindowManager(  256): updateFocusedWindowLocked newFocus=Window{4092da60 com.android.mms/com.android.mms.ui.ComposeMessageActivity paused=false} mode=3 mCurrentFocus = Window{4092da60 com.android.mms/com.android.mms.ui.ComposeMessageActivity paused=false}
02-13 18:09:25.790 W/WindowManager(  256): updateFocusedWindowLocked newFocus=Window{4092da60 com.android.mms/com.android.mms.ui.ComposeMessageActivity paused=false} mode=3 mCurrentFocus = Window{4092da60 com.android.mms/com.android.mms.ui.ComposeMessageActivity paused=false}
02-13 18:09:25.860 D/PowerManagerService(  256): setTimeoutLocked now=265350 timeoutOverride=-1 nextState=3 when=271350
02-13 18:09:25.880 W/WindowManager(  256): updateFocusedWindowLocked newFocus=Window{4092da60 com.android.mms/com.android.mms.ui.ComposeMessageActivity paused=false} mode=3 mCurrentFocus = Window{4092da60 com.android.mms/com.android.mms.ui.ComposeMessageActivity paused=false}
02-13 18:09:26.071 D/PowerManagerService(  256): setTimeoutLocked now=265563 timeoutOverride=-1 nextState=3 when=271563
02-13 18:09:26.081 W/WindowManager(  256): updateFocusedWindowLocked newFocus=Window{4092da60 com.android.mms/com.android.mms.ui.ComposeMessageActivity paused=false} mode=3 mCurrentFocus = Window{4092da60 com.android.mms/com.android.mms.ui.ComposeMessageActivity paused=false}
02-13 18:09:26.151 W/WindowManager(  256): updateFocusedWindowLocked newFocus=Window{4092da60 com.android.mms/com.android.mms.ui.ComposeMessageActivity paused=false} mode=3 mCurrentFocus = Window{4092da60 com.android.mms/com.android.mms.ui.ComposeMessageActivity paused=false}
02-13 18:09:26.261 W/WindowManager(  256): updateFocusedWindowLocked newFocus=Window{4092da60 com.android.mms/com.android.mms.ui.ComposeMessageActivity paused=false} mode=3 mCurrentFocus = Window{4092da60 com.android.mms/com.android.mms.ui.ComposeMessageActivity paused=false}
02-13 18:09:26.361 W/WindowManager(  256): updateFocusedWindowLocked newFocus=Window{4092da60 com.android.mms/com.android.mms.ui.ComposeMessageActivity paused=false} mode=3 mCurrentFocus = Window{4092da60 com.android.mms/com.android.mms.ui.ComposeMessageActivity paused=false}
02-13 18:09:26.591 D/PowerManagerService(  256): setTimeoutLocked now=266079 timeoutOverride=-1 nextState=3 when=272079
02-13 18:09:26.591 W/WindowManager(  256): updateFocusedWindowLocked newFocus=Window{4092da60 com.android.mms/com.android.mms.ui.ComposeMessageActivity paused=false} mode=3 mCurrentFocus = Window{4092da60 com.android.mms/com.android.mms.ui.ComposeMessageActivity paused=false}
02-13 18:09:26.691 D/PowerManagerService(  256): setTimeoutLocked now=266193 timeoutOverride=-1 nextState=3 when=272193
02-13 18:09:26.721 W/WindowManager(  256): updateFocusedWindowLocked newFocus=Window{4092da60 com.android.mms/com.android.mms.ui.ComposeMessageActivity paused=false} mode=3 mCurrentFocus = Window{4092da60 com.android.mms/com.android.mms.ui.ComposeMessageActivity paused=false}
02-13 18:09:26.951 W/WindowManager(  256): updateFocusedWindowLocked newFocus=Window{4092da60 com.android.mms/com.android.mms.ui.ComposeMessageActivity paused=false} mode=3 mCurrentFocus = Window{4092da60 com.android.mms/com.android.mms.ui.ComposeMessageActivity paused=false}
02-13 18:09:27.042 W/WindowManager(  256): updateFocusedWindowLocked newFocus=Window{4092da60 com.android.mms/com.android.mms.ui.ComposeMessageActivity paused=false} mode=3 mCurrentFocus = Window{4092da60 com.android.mms/com.android.mms.ui.ComposeMessageActivity paused=false}
02-13 18:09:27.172 D/PowerManagerService(  256): setTimeoutLocked now=266668 timeoutOverride=-1 nextState=3 when=272668
02-13 18:09:27.182 W/WindowManager(  256): updateFocusedWindowLocked newFocus=Window{4092da60 com.android.mms/com.android.mms.ui.ComposeMessageActivity paused=false} mode=3 mCurrentFocus = Window{4092da60 com.android.mms/com.android.mms.ui.ComposeMessageActivity paused=false}
02-13 18:09:27.252 D/PowerManagerService(  256): setTimeoutLocked now=266756 timeoutOverride=-1 nextState=3 when=272756
02-13 18:09:27.272 W/WindowManager(  256): updateFocusedWindowLocked newFocus=Window{4092da60 com.android.mms/com.android.mms.ui.ComposeMessageActivity paused=false} mode=3 mCurrentFocus = Window{4092da60 com.android.mms/com.android.mms.ui.ComposeMessageActivity paused=false}
02-13 18:09:27.522 W/WindowManager(  256): updateFocusedWindowLocked newFocus=Window{4092da60 com.android.mms/com.android.mms.ui.ComposeMessageActivity paused=false} mode=3 mCurrentFocus = Window{4092da60 com.android.mms/com.android.mms.ui.ComposeMessageActivity paused=false}
02-13 18:09:27.642 W/WindowManager(  256): updateFocusedWindowLocked newFocus=Window{4092da60 com.android.mms/com.android.mms.ui.ComposeMessageActivity paused=false} mode=3 mCurrentFocus = Window{4092da60 com.android.mms/com.android.mms.ui.ComposeMessageActivity paused=false}
02-13 18:09:27.782 D/StatusBarPolicy(  327): onSignalStrengthsChanged:SignalStrength: 99 0 -78 -70 -83 -40 7 99 2147483647 2147483647 2147483647 2147483647 cdma for subscription0
02-13 18:09:27.782 D/StatusBarPolicy(  327): updateSignalStrength on subscription :0
02-13 18:09:27.782 D/StatusBarPolicy(  327): StatusBarPolocy::getIconLevel -EVDO
02-13 18:09:27.782 D/StatusBarPolicy(  327): getEvdoLevel_band_six -evdoDbm:-83
02-13 18:09:27.782 D/StatusBarPolicy(  327): getEvdoLevel_band_six -evdoEcio:-40
02-13 18:09:27.782 D/PowerManagerService(  256): setTimeoutLocked now=267285 timeoutOverride=-1 nextState=3 when=273285
02-13 18:09:27.792 W/WindowManager(  256): updateFocusedWindowLocked newFocus=Window{4092da60 com.android.mms/com.android.mms.ui.ComposeMessageActivity paused=false} mode=3 mCurrentFocus = Window{4092da60 com.android.mms/com.android.mms.ui.ComposeMessageActivity paused=false}
02-13 18:09:27.852 D/PowerManagerService(  256): setTimeoutLocked now=267359 timeoutOverride=-1 nextState=3 when=273359
02-13 18:09:27.912 W/WindowManager(  256): updateFocusedWindowLocked newFocus=Window{4092da60 com.android.mms/com.android.mms.ui.ComposeMessageActivity paused=false} mode=3 mCurrentFocus = Window{4092da60 com.android.mms/com.android.mms.ui.ComposeMessageActivity paused=false}
02-13 18:09:28.153 W/WindowManager(  256): updateFocusedWindowLocked newFocus=Window{4092da60 com.android.mms/com.android.mms.ui.ComposeMessageActivity paused=false} mode=3 mCurrentFocus = Window{4092da60 com.android.mms/com.android.mms.ui.ComposeMessageActivity paused=false}
02-13 18:09:28.253 W/WindowManager(  256): updateFocusedWindowLocked newFocus=Window{4092da60 com.android.mms/com.android.mms.ui.ComposeMessageActivity paused=false} mode=3 mCurrentFocus = Window{4092da60 com.android.mms/com.android.mms.ui.ComposeMessageActivity paused=false}
02-13 18:09:28.313 D/PowerManagerService(  256): setTimeoutLocked now=267810 timeoutOverride=-1 nextState=3 when=273810
02-13 18:09:28.313 W/WindowManager(  256): updateFocusedWindowLocked newFocus=Window{4092da60 com.android.mms/com.android.mms.ui.ComposeMessageActivity paused=false} mode=3 mCurrentFocus = Window{4092da60 com.android.mms/com.android.mms.ui.ComposeMessageActivity paused=false}
02-13 18:09:28.393 D/PowerManagerService(  256): setTimeoutLocked now=267898 timeoutOverride=-1 nextState=3 when=273898
02-13 18:09:28.423 W/WindowManager(  256): updateFocusedWindowLocked newFocus=Window{4092da60 com.android.mms/com.android.mms.ui.ComposeMessageActivity paused=false} mode=3 mCurrentFocus = Window{4092da60 com.android.mms/com.android.mms.ui.ComposeMessageActivity paused=false}
02-13 18:09:28.473 W/WindowManager(  256): updateFocusedWindowLocked newFocus=Window{4092da60 com.android.mms/com.android.mms.ui.ComposeMessageActivity paused=false} mode=3 mCurrentFocus = Window{4092da60 com.android.mms/com.android.mms.ui.ComposeMessageActivity paused=false}
02-13 18:09:28.593 W/WindowManager(  256): updateFocusedWindowLocked newFocus=Window{4092da60 com.android.mms/com.android.mms.ui.ComposeMessageActivity paused=false} mode=3 mCurrentFocus = Window{4092da60 com.android.mms/com.android.mms.ui.ComposeMessageActivity paused=false}
02-13 18:09:28.963 D/PowerManagerService(  256): setTimeoutLocked now=268465 timeoutOverride=-1 nextState=3 when=274465
02-13 18:09:28.973 W/WindowManager(  256): updateFocusedWindowLocked newFocus=Window{4092da60 com.android.mms/com.android.mms.ui.ComposeMessageActivity paused=false} mode=3 mCurrentFocus = Window{4092da60 com.android.mms/com.android.mms.ui.ComposeMessageActivity paused=false}
02-13 18:09:29.434 W/WindowManager(  256): updateFocusedWindowLocked newFocus=Window{4092da60 com.android.mms/com.android.mms.ui.ComposeMessageActivity paused=false} mode=3 mCurrentFocus = Window{4092da60 com.android.mms/com.android.mms.ui.ComposeMessageActivity paused=false}
02-13 18:09:29.464 W/WindowManager(  256): updateFocusedWindowLocked newFocus=Window{4092da60 com.android.mms/com.android.mms.ui.ComposeMessageActivity paused=false} mode=3 mCurrentFocus = Window{4092da60 com.android.mms/com.android.mms.ui.ComposeMessageActivity paused=false}
02-13 18:09:29.564 D/PowerManagerService(  256): setTimeoutLocked now=269067 timeoutOverride=-1 nextState=3 when=275067
02-13 18:09:29.574 D/PowerManagerService(  256): setTimeoutLocked now=269078 timeoutOverride=-1 nextState=3 when=275078
02-13 18:09:29.624 W/WindowManager(  256): updateFocusedWindowLocked newFocus=Window{4092da60 com.android.mms/com.android.mms.ui.ComposeMessageActivity paused=false} mode=3 mCurrentFocus = Window{4092da60 com.android.mms/com.android.mms.ui.ComposeMessageActivity paused=false}
02-13 18:09:29.864 D/PowerManagerService(  256): setTimeoutLocked now=269356 timeoutOverride=-1 nextState=3 when=275356
02-13 18:09:29.864 W/WindowManager(  256): updateFocusedWindowLocked newFocus=Window{4092da60 com.android.mms/com.android.mms.ui.ComposeMessageActivity paused=false} mode=3 mCurrentFocus = Window{4092da60 com.android.mms/com.android.mms.ui.ComposeMessageActivity paused=false}
02-13 18:09:29.974 W/WindowManager(  256): updateFocusedWindowLocked newFocus=Window{4092da60 com.android.mms/com.android.mms.ui.ComposeMessageActivity paused=false} mode=3 mCurrentFocus = Window{4092da60 com.android.mms/com.android.mms.ui.ComposeMessageActivity paused=false}
02-13 18:09:30.014 D/StatusBarPolicy(  327): onSignalStrengthsChanged:SignalStrength: 99 0 -78 -70 -83 -40 8 99 2147483647 2147483647 2147483647 2147483647 cdma for subscription0
02-13 18:09:30.014 D/StatusBarPolicy(  327): updateSignalStrength on subscription :0
02-13 18:09:30.014 D/StatusBarPolicy(  327): StatusBarPolocy::getIconLevel -EVDO
02-13 18:09:30.014 D/StatusBarPolicy(  327): getEvdoLevel_band_six -evdoDbm:-83
02-13 18:09:30.014 D/StatusBarPolicy(  327): getEvdoLevel_band_six -evdoEcio:-40
02-13 18:09:30.235 W/WindowManager(  256): updateFocusedWindowLocked newFocus=Window{4092da60 com.android.mms/com.android.mms.ui.ComposeMessageActivity paused=false} mode=3 mCurrentFocus = Window{4092da60 com.android.mms/com.android.mms.ui.ComposeMessageActivity paused=false}
02-13 18:09:30.305 D/PowerManagerService(  256): setTimeoutLocked now=269806 timeoutOverride=-1 nextState=3 when=275806
02-13 18:09:30.335 W/WindowManager(  256): updateFocusedWindowLocked newFocus=Window{4092da60 com.android.mms/com.android.mms.ui.ComposeMessageActivity paused=false} mode=3 mCurrentFocus = Window{4092da60 com.android.mms/com.android.mms.ui.ComposeMessageActivity paused=false}
02-13 18:09:30.445 D/PowerManagerService(  256): setTimeoutLocked now=269944 timeoutOverride=-1 nextState=3 when=275944
02-13 18:09:30.455 W/WindowManager(  256): updateFocusedWindowLocked newFocus=Window{4092da60 com.android.mms/com.android.mms.ui.ComposeMessageActivity paused=false} mode=3 mCurrentFocus = Window{4092da60 com.android.mms/com.android.mms.ui.ComposeMessageActivity paused=false}
02-13 18:09:30.595 W/WindowManager(  256): updateFocusedWindowLocked newFocus=Window{4092da60 com.android.mms/com.android.mms.ui.ComposeMessageActivity paused=false} mode=3 mCurrentFocus = Window{4092da60 com.android.mms/com.android.mms.ui.ComposeMessageActivity paused=false}
02-13 18:09:30.605 W/WindowManager(  256): updateFocusedWindowLocked newFocus=Window{4092da60 com.android.mms/com.android.mms.ui.ComposeMessageActivity paused=false} mode=3 mCurrentFocus = Window{4092da60 com.android.mms/com.android.mms.ui.ComposeMessageActivity paused=false}
02-13 18:09:30.715 W/WindowManager(  256): updateFocusedWindowLocked newFocus=Window{4092da60 com.android.mms/com.android.mms.ui.ComposeMessageActivity paused=false} mode=3 mCurrentFocus = Window{4092da60 com.android.mms/com.android.mms.ui.ComposeMessageActivity paused=false}
02-13 18:09:30.885 W/WindowManager(  256): updateFocusedWindowLocked newFocus=Window{4092da60 com.android.mms/com.android.mms.ui.ComposeMessageActivity paused=false} mode=3 mCurrentFocus = Window{4092da60 com.android.mms/com.android.mms.ui.ComposeMessageActivity paused=false}
02-13 18:09:30.945 D/PowerManagerService(  256): setTimeoutLocked now=270446 timeoutOverride=-1 nextState=3 when=276446
02-13 18:09:31.005 W/WindowManager(  256): updateFocusedWindowLocked newFocus=Window{4092da60 com.android.mms/com.android.mms.ui.ComposeMessageActivity paused=false} mode=3 mCurrentFocus = Window{4092da60 com.android.mms/com.android.mms.ui.ComposeMessageActivity paused=false}
02-13 18:09:31.096 D/PowerManagerService(  256): setTimeoutLocked now=270596 timeoutOverride=-1 nextState=3 when=276596
02-13 18:09:31.116 W/WindowManager(  256): updateFocusedWindowLocked newFocus=Window{4092da60 com.android.mms/com.android.mms.ui.ComposeMessageActivity paused=false} mode=3 mCurrentFocus = Window{4092da60 com.android.mms/com.android.mms.ui.ComposeMessageActivity paused=false}
02-13 18:09:31.216 W/WindowManager(  256): updateFocusedWindowLocked newFocus=Window{4092da60 com.android.mms/com.android.mms.ui.ComposeMessageActivity paused=false} mode=3 mCurrentFocus = Window{4092da60 com.android.mms/com.android.mms.ui.ComposeMessageActivity paused=false}
02-13 18:09:31.286 W/WindowManager(  256): updateFocusedWindowLocked newFocus=Window{4092da60 com.android.mms/com.android.mms.ui.ComposeMessageActivity paused=false} mode=3 mCurrentFocus = Window{4092da60 com.android.mms/com.android.mms.ui.ComposeMessageActivity paused=false}
02-13 18:09:31.426 W/WindowManager(  256): updateFocusedWindowLocked newFocus=Window{4092da60 com.android.mms/com.android.mms.ui.ComposeMessageActivity paused=false} mode=3 mCurrentFocus = Window{4092da60 com.android.mms/com.android.mms.ui.ComposeMessageActivity paused=false}
02-13 18:09:31.486 W/WindowManager(  256): updateFocusedWindowLocked newFocus=Window{4092da60 com.android.mms/com.android.mms.ui.ComposeMessageActivity paused=false} mode=3 mCurrentFocus = Window{4092da60 com.android.mms/com.android.mms.ui.ComposeMessageActivity paused=false}
02-13 18:09:31.566 D/PowerManagerService(  256): setTimeoutLocked now=271061 timeoutOverride=-1 nextState=3 when=277061
02-13 18:09:31.576 W/WindowManager(  256): updateFocusedWindowLocked newFocus=Window{4092da60 com.android.mms/com.android.mms.ui.ComposeMessageActivity paused=false} mode=3 mCurrentFocus = Window{4092da60 com.android.mms/com.android.mms.ui.ComposeMessageActivity paused=false}
02-13 18:09:31.716 D/PowerManagerService(  256): setTimeoutLocked now=271211 timeoutOverride=-1 nextState=3 when=277211
02-13 18:09:31.726 W/WindowManager(  256): updateFocusedWindowLocked newFocus=Window{4092da60 com.android.mms/com.android.mms.ui.ComposeMessageActivity paused=false} mode=3 mCurrentFocus = Window{4092da60 com.android.mms/com.android.mms.ui.ComposeMessageActivity paused=false}
02-13 18:09:31.826 W/WindowManager(  256): updateFocusedWindowLocked newFocus=Window{4092da60 com.android.mms/com.android.mms.ui.ComposeMessageActivity paused=false} mode=3 mCurrentFocus = Window{4092da60 com.android.mms/com.android.mms.ui.ComposeMessageActivity paused=false}
02-13 18:09:31.946 W/WindowManager(  256): updateFocusedWindowLocked newFocus=Window{4092da60 com.android.mms/com.android.mms.ui.ComposeMessageActivity paused=false} mode=3 mCurrentFocus = Window{4092da60 com.android.mms/com.android.mms.ui.ComposeMessageActivity paused=false}
02-13 18:09:32.056 W/WindowManager(  256): updateFocusedWindowLocked newFocus=Window{4092da60 com.android.mms/com.android.mms.ui.ComposeMessageActivity paused=false} mode=3 mCurrentFocus = Window{4092da60 com.android.mms/com.android.mms.ui.ComposeMessageActivity paused=false}
02-13 18:09:32.267 D/StatusBarPolicy(  327): onSignalStrengthsChanged:SignalStrength: 99 0 -85 -70 -84 -40 7 99 2147483647 2147483647 2147483647 2147483647 cdma for subscription0
02-13 18:09:32.267 D/StatusBarPolicy(  327): updateSignalStrength on subscription :0
02-13 18:09:32.277 D/StatusBarPolicy(  327): StatusBarPolocy::getIconLevel -EVDO
02-13 18:09:32.277 D/StatusBarPolicy(  327): getEvdoLevel_band_six -evdoDbm:-84
02-13 18:09:32.277 D/StatusBarPolicy(  327): getEvdoLevel_band_six -evdoEcio:-40
02-13 18:09:32.307 D/PowerManagerService(  256): setTimeoutLocked now=271802 timeoutOverride=-1 nextState=3 when=277802
02-13 18:09:32.307 W/WindowManager(  256): updateFocusedWindowLocked newFocus=Window{4092da60 com.android.mms/com.android.mms.ui.ComposeMessageActivity paused=false} mode=3 mCurrentFocus = Window{4092da60 com.android.mms/com.android.mms.ui.ComposeMessageActivity paused=false}
02-13 18:09:32.407 D/PowerManagerService(  256): setTimeoutLocked now=271902 timeoutOverride=-1 nextState=3 when=277902
02-13 18:09:32.437 W/WindowManager(  256): updateFocusedWindowLocked newFocus=Window{4092da60 com.android.mms/com.android.mms.ui.ComposeMessageActivity paused=false} mode=3 mCurrentFocus = Window{4092da60 com.android.mms/com.android.mms.ui.ComposeMessageActivity paused=false}
02-13 18:09:32.657 W/WindowManager(  256): updateFocusedWindowLocked newFocus=Window{4092da60 com.android.mms/com.android.mms.ui.ComposeMessageActivity paused=false} mode=3 mCurrentFocus = Window{4092da60 com.android.mms/com.android.mms.ui.ComposeMessageActivity paused=false}
02-13 18:09:32.767 W/WindowManager(  256): updateFocusedWindowLocked newFocus=Window{4092da60 com.android.mms/com.android.mms.ui.ComposeMessageActivity paused=false} mode=3 mCurrentFocus = Window{4092da60 com.android.mms/com.android.mms.ui.ComposeMessageActivity paused=false}
02-13 18:09:32.837 D/PowerManagerService(  256): setTimeoutLocked now=272330 timeoutOverride=-1 nextState=3 when=278330
02-13 18:09:32.847 W/WindowManager(  256): updateFocusedWindowLocked newFocus=Window{4092da60 com.android.mms/com.android.mms.ui.ComposeMessageActivity paused=false} mode=3 mCurrentFocus = Window{4092da60 com.android.mms/com.android.mms.ui.ComposeMessageActivity paused=false}
02-13 18:09:32.937 D/PowerManagerService(  256): setTimeoutLocked now=272429 timeoutOverride=-1 nextState=3 when=278429
02-13 18:09:32.957 W/WindowManager(  256): updateFocusedWindowLocked newFocus=Window{4092da60 com.android.mms/com.android.mms.ui.ComposeMessageActivity paused=false} mode=3 mCurrentFocus = Window{4092da60 com.android.mms/com.android.mms.ui.ComposeMessageActivity paused=false}
02-13 18:09:33.027 W/WindowManager(  256): updateFocusedWindowLocked newFocus=Window{4092da60 com.android.mms/com.android.mms.ui.ComposeMessageActivity paused=false} mode=3 mCurrentFocus = Window{4092da60 com.android.mms/com.android.mms.ui.ComposeMessageActivity paused=false}
02-13 18:09:33.148 W/WindowManager(  256): updateFocusedWindowLocked newFocus=Window{4092da60 com.android.mms/com.android.mms.ui.ComposeMessageActivity paused=false} mode=3 mCurrentFocus = Window{4092da60 com.android.mms/com.android.mms.ui.ComposeMessageActivity paused=false}
02-13 18:09:33.438 D/PowerManagerService(  256): setTimeoutLocked now=272933 timeoutOverride=-1 nextState=3 when=278933
02-13 18:09:33.448 W/WindowManager(  256): updateFocusedWindowLocked newFocus=Window{4092da60 com.android.mms/com.android.mms.ui.ComposeMessageActivity paused=false} mode=3 mCurrentFocus = Window{4092da60 com.android.mms/com.android.mms.ui.ComposeMessageActivity paused=false}
02-13 18:09:33.518 D/PowerManagerService(  256): setTimeoutLocked now=273019 timeoutOverride=-1 nextState=3 when=279019
02-13 18:09:33.548 W/WindowManager(  256): updateFocusedWindowLocked newFocus=Window{4092da60 com.android.mms/com.android.mms.ui.ComposeMessageActivity paused=false} mode=3 mCurrentFocus = Window{4092da60 com.android.mms/com.android.mms.ui.ComposeMessageActivity paused=false}
02-13 18:09:33.758 W/WindowManager(  256): updateFocusedWindowLocked newFocus=Window{4092da60 com.android.mms/com.android.mms.ui.ComposeMessageActivity paused=false} mode=3 mCurrentFocus = Window{4092da60 com.android.mms/com.android.mms.ui.ComposeMessageActivity paused=false}
02-13 18:09:33.908 W/WindowManager(  256): updateFocusedWindowLocked newFocus=Window{4092da60 com.android.mms/com.android.mms.ui.ComposeMessageActivity paused=false} mode=3 mCurrentFocus = Window{4092da60 com.android.mms/com.android.mms.ui.ComposeMessageActivity paused=false}
02-13 18:09:34.008 D/StatusBarPolicy(  327): updateDataIcon subscription =0
02-13 18:09:34.189 D/PowerManagerService(  256): setTimeoutLocked now=273685 timeoutOverride=-1 nextState=3 when=279685
02-13 18:09:34.199 W/WindowManager(  256): updateFocusedWindowLocked newFocus=Window{4092da60 com.android.mms/com.android.mms.ui.ComposeMessageActivity paused=false} mode=3 mCurrentFocus = Window{4092da60 com.android.mms/com.android.mms.ui.ComposeMessageActivity paused=false}
02-13 18:09:34.279 D/PowerManagerService(  256): setTimeoutLocked now=273772 timeoutOverride=-1 nextState=3 when=279772
02-13 18:09:34.329 W/WindowManager(  256): updateFocusedWindowLocked newFocus=Window{4092da60 com.android.mms/com.android.mms.ui.ComposeMessageActivity paused=false} mode=3 mCurrentFocus = Window{4092da60 com.android.mms/com.android.mms.ui.ComposeMessageActivity paused=false}
02-13 18:09:34.359 W/WindowManager(  256): updateFocusedWindowLocked newFocus=Window{4092da60 com.android.mms/com.android.mms.ui.ComposeMessageActivity paused=false} mode=3 mCurrentFocus = Window{4092da60 com.android.mms/com.android.mms.ui.ComposeMessageActivity paused=false}
02-13 18:09:34.479 W/WindowManager(  256): updateFocusedWindowLocked newFocus=Window{4092da60 com.android.mms/com.android.mms.ui.ComposeMessageActivity paused=false} mode=3 mCurrentFocus = Window{4092da60 com.android.mms/com.android.mms.ui.ComposeMessageActivity paused=false}
02-13 18:09:34.499 D/StatusBarPolicy(  327): onSignalStrengthsChanged:SignalStrength: 99 0 -85 -70 -86 -40 8 99 2147483647 2147483647 2147483647 2147483647 cdma for subscription0
02-13 18:09:34.499 D/StatusBarPolicy(  327): updateSignalStrength on subscription :0
