02-13 18:12:07.108 I/TelephonyRegistry(  256): notifyDataConnection: anyState=3,dun/INET6,apnTypeState=0,iface=null,ip=null,gw=null,isDataConnectivityPossible=true,networkType=6,reason=2GVoiceCallStarted
02-13 18:12:07.138 I/TelephonyRegistry(  256): notifyDataConnection: anyState=3,hipri/INET,apnTypeState=3,iface=rmnet0,ip=173.155.101.96,gw=173.155.101.97,isDataConnectivityPossible=true,networkType=6,reason=2GVoiceCallStarted
02-13 18:12:07.168 I/TelephonyRegistry(  256): notifyDataConnection: anyState=3,hipri/INET6,apnTypeState=0,iface=null,ip=null,gw=null,isDataConnectivityPossible=true,networkType=6,reason=2GVoiceCallStarted
02-13 18:12:07.228 D/StatusBarService(  327): Notification has fullScreenIntent; sending fullScreenIntent
02-13 18:12:07.228 I/ActivityManager(  256): Starting: Intent { act=android.intent.action.MAIN flg=0x10840000 cmp=com.android.phone/.InCallScreen (has extras) } from pid -1
02-13 18:12:07.238 W/WindowManager(  256): updateFocusedWindowLocked newFocus=Window{4092da60 com.android.mms/com.android.mms.ui.ComposeMessageActivity paused=false} mode=3 mCurrentFocus = Window{4092da60 com.android.mms/com.android.mms.ui.ComposeMessageActivity paused=false}
02-13 18:12:07.258 W/WindowManager(  256): updateFocusedWindowLocked newFocus=null mode=0 mCurrentFocus = Window{4092da60 com.android.mms/com.android.mms.ui.ComposeMessageActivity paused=true}
02-13 18:12:07.288 W/WindowManager(  256): updateFocusedWindowLocked newFocus=null mode=2 mCurrentFocus = null
02-13 18:12:07.288 W/WindowManager(  256): updateFocusedWindowLocked newFocus=null mode=2 mCurrentFocus = null
02-13 18:12:07.538 W/WindowManager(  256): updateFocusedWindowLocked newFocus=null mode=3 mCurrentFocus = null
02-13 18:12:07.818 D/RPC     (  256): 3000008c:00050000 sending call (XID 14).
02-13 18:12:07.828 D/RPC     (  256): 3000008c:00050000 received REPLY (XID 14), grabbing mutex to wake up client.
02-13 18:12:07.828 D/RPC     (  256): 3000008c:00050000 waiting for XDR input buffer to be consumed.
02-13 18:12:07.828 D/RPC     (  256): 3000008c:00050000 call success.
02-13 18:12:07.828 D/RPC     (  256): 3000008c:00050000 received CALL.
02-13 18:12:07.828 D/RPC     (  256): 3000008c:00050000 dispatching RPC call (XID 26, xdr 0x502bf8) for callback client 3100008c:00050001.
02-13 18:12:07.828 D/RPC     (  256): 3100008c:327681 sending RPC reply (XID 26)
02-13 18:12:07.828 D/RPC     (  256): 3000008c:00050000 sending call (XID 15).
02-13 18:12:07.838 D/RPC     (  256): 3000008c:00050000 received REPLY (XID 15), grabbing mutex to wake up client.
02-13 18:12:07.848 D/RPC     (  256): 3000008c:00050000 call success.
02-13 18:12:07.848 D/RPC     (  256): 3000008c:00050000 waiting for XDR input buffer to be consumed.
02-13 18:12:07.858 D/RPC     (  256): 3000008c:00050000 received CALL.
02-13 18:12:07.858 D/RPC     (  256): 3000008c:00050000 dispatching RPC call (XID 27, xdr 0x502bf8) for callback client 3100008c:00050001.
02-13 18:12:07.858 D/RPC     (  256): 3100008c:327681 sending RPC reply (XID 27)
02-13 18:12:08.049 D/StatusBarPolicy(  327): updateDataIcon subscription =0
02-13 18:12:08.069 W/WindowManager(  256): updateFocusedWindowLocked newFocus=Window{40795b10 com.android.phone/com.android.phone.InCallScreen paused=false} mode=3 mCurrentFocus = null
02-13 18:12:08.159 W/WindowManager(  256): updateFocusedWindowLocked newFocus=Window{40795b10 com.android.phone/com.android.phone.InCallScreen paused=false} mode=3 mCurrentFocus = Window{40795b10 com.android.phone/com.android.phone.InCallScreen paused=false}
02-13 18:12:09.400 E/StatusBarPolicy(  327): onCallStateChanged Received on subscription :0
02-13 18:12:09.400 D/StatusBarPolicy(  327): updateSignalStrength on subscription :0
02-13 18:12:09.410 D/StatusBarPolicy(  327): getCdmaLevel_band_six -cdmaDbm:-77
02-13 18:12:09.410 D/StatusBarPolicy(  327): getCdmaLevel_band_six -cdmaEcio:-70
02-13 18:12:09.470 D/PowerManagerService(  256): setTimeoutLocked now=428963 timeoutOverride=-1 nextState=3 when=434963
02-13 18:12:09.500 D/PowerManagerService(  256): setTimeoutLocked now=428998 timeoutOverride=-1 nextState=3 when=434998
02-13 18:12:11.092 D/WifiService(  256): ACTION_SCREEN_OFF
02-13 18:12:11.102 D/WifiService(  256): setting ACTION_DEVICE_IDLE timer for 120,000 ms
02-13 18:13:00.009 D/AlarmManager(  256): scheduleTimeTickEvent calendar=Mon Feb 13 18:14:00 CST 2012
02-13 18:13:00.009 D/AlarmManager(  256): calendar.getTimeInMillis()1329178440000
02-13 18:13:03.963 D/WifiService(  256): ACTION_BATTERY_CHANGED pluggedType: 0
02-13 18:13:03.963 D/WifiService(  256): WifiHandler, MESSAGE_UPDATE_STATE
02-13 18:13:03.963 D/WifiService(  256): isAirplaneModeOn(): false
02-13 18:13:03.963 D/WifiService(  256): updateWifiState(), wifiEnabled: true, airplaneMode: false, wifiShouldBeEnabled: true, wifiShouldBeStarted: true, strongestLockMode: 1
02-13 18:13:03.973 D/WifiService(  256): WifiHandler, MESSAGE_ENABLE_WIFI, msg.arg1: 0, msg.arg2: 1000
02-13 18:13:03.983 D/WifiService(  256): WifiHandler, MESSAGE_START_WIFI, msg.arg1: 1
02-13 18:13:13.963 D/WifiService(  256): ACTION_BATTERY_CHANGED pluggedType: 0
02-13 18:13:13.963 D/WifiService(  256): WifiHandler, MESSAGE_UPDATE_STATE
02-13 18:13:13.963 D/WifiService(  256): isAirplaneModeOn(): false
02-13 18:13:13.963 D/WifiService(  256): updateWifiState(), wifiEnabled: true, airplaneMode: false, wifiShouldBeEnabled: true, wifiShouldBeStarted: true, strongestLockMode: 1
02-13 18:13:13.963 D/WifiService(  256): WifiHandler, MESSAGE_ENABLE_WIFI, msg.arg1: 0, msg.arg2: 1000
02-13 18:13:13.963 D/WifiService(  256): WifiHandler, MESSAGE_START_WIFI, msg.arg1: 1
02-13 18:14:00.018 D/AlarmManager(  256): scheduleTimeTickEvent calendar=Mon Feb 13 18:15:00 CST 2012
02-13 18:14:00.018 D/AlarmManager(  256): calendar.getTimeInMillis()1329178500000
02-13 18:14:11.119 D/WifiService(  256): got ACTION_DEVICE_IDLE
02-13 18:14:11.119 D/WifiService(  256): WifiHandler, MESSAGE_UPDATE_STATE
02-13 18:14:11.119 D/WifiService(  256): isAirplaneModeOn(): false
02-13 18:14:11.119 D/WifiService(  256): updateWifiState(), wifiEnabled: true, airplaneMode: false, wifiShouldBeEnabled: true, wifiShouldBeStarted: false, strongestLockMode: 1
02-13 18:14:11.139 D/WifiService(  256): WifiHandler, MESSAGE_STOP_WIFI
02-13 18:14:12.240 D/ConnectivityService(  256): Dropping ConnectivityChange for WIFI: DISCONNECTED/IDLE
02-13 18:14:13.961 D/WifiService(  256): ACTION_BATTERY_CHANGED pluggedType: 0
02-13 18:14:13.961 D/WifiService(  256): WifiHandler, MESSAGE_UPDATE_STATE
02-13 18:14:13.961 D/WifiService(  256): isAirplaneModeOn(): false
02-13 18:14:13.961 D/WifiService(  256): updateWifiState(), wifiEnabled: true, airplaneMode: false, wifiShouldBeEnabled: true, wifiShouldBeStarted: false, strongestLockMode: 1
02-13 18:14:19.147 D/WifiService(  256): WifiHandler, MESSAGE_RELEASE_WAKELOCK
02-13 18:14:53.971 D/WifiService(  256): ACTION_BATTERY_CHANGED pluggedType: 0
02-13 18:14:53.971 D/WifiService(  256): WifiHandler, MESSAGE_UPDATE_STATE
02-13 18:14:53.971 D/WifiService(  256): isAirplaneModeOn(): false
02-13 18:14:53.971 D/WifiService(  256): updateWifiState(), wifiEnabled: true, airplaneMode: false, wifiShouldBeEnabled: true, wifiShouldBeStarted: false, strongestLockMode: 1
02-13 18:15:00.006 D/AlarmManager(  256): scheduleTimeTickEvent calendar=Mon Feb 13 18:16:00 CST 2012
02-13 18:15:00.006 D/AlarmManager(  256): calendar.getTimeInMillis()1329178560000
02-13 18:16:00.005 D/AlarmManager(  256): scheduleTimeTickEvent calendar=Mon Feb 13 18:17:00 CST 2012
02-13 18:16:00.005 D/AlarmManager(  256): calendar.getTimeInMillis()1329178620000
02-13 18:16:07.042 D/NetdConnector(  256): SND -> {interface readrxcounter rmnet0} {null}
02-13 18:16:07.052 D/NetdConnector(  256): RCV <- {216 23765}
02-13 18:16:07.072 D/NetdConnector(  256): RSP <- {216 23765}
02-13 18:16:07.072 D/NetdConnector(  256): SND -> {interface readtxcounter rmnet0} {null}
02-13 18:16:07.082 D/NetdConnector(  256): RCV <- {217 11997}
02-13 18:16:07.082 D/NetdConnector(  256): RSP <- {217 11997}
02-13 18:16:13.969 D/WifiService(  256): ACTION_BATTERY_CHANGED pluggedType: 0
02-13 18:16:13.969 D/WifiService(  256): WifiHandler, MESSAGE_UPDATE_STATE
02-13 18:16:13.969 D/WifiService(  256): isAirplaneModeOn(): false
02-13 18:16:13.969 D/WifiService(  256): updateWifiState(), wifiEnabled: true, airplaneMode: false, wifiShouldBeEnabled: true, wifiShouldBeStarted: false, strongestLockMode: 1
02-13 18:17:00.003 D/AlarmManager(  256): scheduleTimeTickEvent calendar=Mon Feb 13 18:18:00 CST 2012
02-13 18:17:00.003 D/AlarmManager(  256): calendar.getTimeInMillis()1329178680000
02-13 18:17:59.992 D/AlarmManager(  256): scheduleTimeTickEvent calendar=Mon Feb 13 18:19:00 CST 2012
02-13 18:17:59.992 D/AlarmManager(  256): calendar.getTimeInMillis()1329178740000
02-13 18:18:13.976 D/WifiService(  256): ACTION_BATTERY_CHANGED pluggedType: 0
02-13 18:18:13.976 D/WifiService(  256): WifiHandler, MESSAGE_UPDATE_STATE
02-13 18:18:13.976 D/WifiService(  256): isAirplaneModeOn(): false
02-13 18:18:13.976 D/WifiService(  256): updateWifiState(), wifiEnabled: true, airplaneMode: false, wifiShouldBeEnabled: true, wifiShouldBeStarted: false, strongestLockMode: 1
02-13 18:19:00.021 D/AlarmManager(  256): scheduleTimeTickEvent calendar=Mon Feb 13 18:20:00 CST 2012
02-13 18:19:00.021 D/AlarmManager(  256): calendar.getTimeInMillis()1329178800000
02-13 18:19:13.954 D/WifiService(  256): ACTION_BATTERY_CHANGED pluggedType: 0
02-13 18:19:13.954 D/WifiService(  256): WifiHandler, MESSAGE_UPDATE_STATE
02-13 18:19:13.954 D/WifiService(  256): isAirplaneModeOn(): false
02-13 18:19:13.954 D/WifiService(  256): updateWifiState(), wifiEnabled: true, airplaneMode: false, wifiShouldBeEnabled: true, wifiShouldBeStarted: false, strongestLockMode: 1
02-13 18:20:00.009 D/AlarmManager(  256): scheduleTimeTickEvent calendar=Mon Feb 13 18:21:00 CST 2012
02-13 18:20:00.009 D/AlarmManager(  256): calendar.getTimeInMillis()1329178860000
02-13 18:20:13.953 D/WifiService(  256): ACTION_BATTERY_CHANGED pluggedType: 0
02-13 18:20:13.953 D/WifiService(  256): WifiHandler, MESSAGE_UPDATE_STATE
02-13 18:20:13.953 D/WifiService(  256): isAirplaneModeOn(): false
02-13 18:20:13.953 D/WifiService(  256): updateWifiState(), wifiEnabled: true, airplaneMode: false, wifiShouldBeEnabled: true, wifiShouldBeStarted: false, strongestLockMode: 1
02-13 18:20:23.952 D/WifiService(  256): ACTION_BATTERY_CHANGED pluggedType: 0
02-13 18:20:23.952 D/WifiService(  256): WifiHandler, MESSAGE_UPDATE_STATE
02-13 18:20:23.952 D/WifiService(  256): isAirplaneModeOn(): false
02-13 18:20:23.962 D/WifiService(  256): updateWifiState(), wifiEnabled: true, airplaneMode: false, wifiShouldBeEnabled: true, wifiShouldBeStarted: false, strongestLockMode: 1
02-13 18:21:00.008 D/AlarmManager(  256): scheduleTimeTickEvent calendar=Mon Feb 13 18:22:00 CST 2012
02-13 18:21:00.008 D/AlarmManager(  256): calendar.getTimeInMillis()1329178920000
02-13 18:21:43.961 D/WifiService(  256): ACTION_BATTERY_CHANGED pluggedType: 0
02-13 18:21:43.971 D/WifiService(  256): WifiHandler, MESSAGE_UPDATE_STATE
02-13 18:21:43.971 D/WifiService(  256): isAirplaneModeOn(): false
02-13 18:21:43.971 D/WifiService(  256): updateWifiState(), wifiEnabled: true, airplaneMode: false, wifiShouldBeEnabled: true, wifiShouldBeStarted: false, strongestLockMode: 1
02-13 18:22:00.006 D/AlarmManager(  256): scheduleTimeTickEvent calendar=Mon Feb 13 18:23:00 CST 2012
02-13 18:22:00.006 D/AlarmManager(  256): calendar.getTimeInMillis()1329178980000
02-13 18:23:00.005 D/AlarmManager(  256): scheduleTimeTickEvent calendar=Mon Feb 13 18:24:00 CST 2012
02-13 18:23:00.005 D/AlarmManager(  256): calendar.getTimeInMillis()1329179040000
02-13 18:23:13.978 D/WifiService(  256): ACTION_BATTERY_CHANGED pluggedType: 0
02-13 18:23:13.978 D/WifiService(  256): WifiHandler, MESSAGE_UPDATE_STATE
02-13 18:23:13.978 D/WifiService(  256): isAirplaneModeOn(): false
02-13 18:23:13.978 D/WifiService(  256): updateWifiState(), wifiEnabled: true, airplaneMode: false, wifiShouldBeEnabled: true, wifiShouldBeStarted: false, strongestLockMode: 1
02-13 18:23:14.018 W/WindowManager(  256): updateFocusedWindowLocked newFocus=Window{407330f0  paused=false} mode=1 mCurrentFocus = Window{40795b10 com.android.phone/com.android.phone.InCallScreen paused=false}
02-13 18:23:14.038 W/WindowManager(  256): updateFocusedWindowLocked newFocus=Window{407330f0  paused=false} mode=3 mCurrentFocus = Window{407330f0  paused=false}
02-13 18:23:59.993 D/AlarmManager(  256): scheduleTimeTickEvent calendar=Mon Feb 13 18:25:00 CST 2012
02-13 18:23:59.993 D/AlarmManager(  256): calendar.getTimeInMillis()1329179100000
02-13 18:24:43.936 D/BatteryService(  256): updateBattery level:1 scale:100 status:3 health:2 present:true voltage: 3447 temperature: 290 technology: Li-ion AC powered:false USB powered:false icon:17302173
02-13 18:24:43.956 D/WifiService(  256): ACTION_BATTERY_CHANGED pluggedType: 0
02-13 18:24:43.956 D/WifiService(  256): WifiHandler, MESSAGE_UPDATE_STATE
02-13 18:24:43.956 D/WifiService(  256): isAirplaneModeOn(): false
02-13 18:24:43.966 D/WifiService(  256): updateWifiState(), wifiEnabled: true, airplaneMode: false, wifiShouldBeEnabled: true, wifiShouldBeStarted: false, strongestLockMode: 1
02-13 18:25:00.002 D/AlarmManager(  256): scheduleTimeTickEvent calendar=Mon Feb 13 18:26:00 CST 2012
02-13 18:25:00.002 D/AlarmManager(  256): calendar.getTimeInMillis()1329179160000
02-13 18:25:53.934 I/ActivityManager(  256): Starting: Intent { act=android.intent.action.ACTION_REQUEST_SHUTDOWN flg=0x10000000 cmp=android/com.android.server.ShutdownActivity (has extras) } from pid 256
02-13 18:25:53.954 W/WindowManager(  256): updateFocusedWindowLocked newFocus=Window{407330f0  paused=false} mode=3 mCurrentFocus = Window{407330f0  paused=false}
02-13 18:25:53.974 W/WindowManager(  256): updateFocusedWindowLocked newFocus=Window{407330f0  paused=false} mode=3 mCurrentFocus = Window{407330f0  paused=false}
02-13 18:25:53.994 W/WindowManager(  256): updateFocusedWindowLocked newFocus=Window{407330f0  paused=false} mode=0 mCurrentFocus = Window{407330f0  paused=false}
02-13 18:25:54.024 W/WindowManager(  256): updateFocusedWindowLocked newFocus=Window{407330f0  paused=false} mode=1 mCurrentFocus = Window{407330f0  paused=false}
02-13 18:25:54.024 W/WindowManager(  256): updateFocusedWindowLocked newFocus=Window{407330f0  paused=false} mode=3 mCurrentFocus = Window{407330f0  paused=false}
02-13 18:25:54.044 D/WifiService(  256): ACTION_BATTERY_CHANGED pluggedType: 0
02-13 18:25:54.044 D/WifiService(  256): WifiHandler, MESSAGE_UPDATE_STATE
02-13 18:25:54.044 D/WifiService(  256): isAirplaneModeOn(): false
02-13 18:25:54.044 D/WifiService(  256): updateWifiState(), wifiEnabled: true, airplaneMode: false, wifiShouldBeEnabled: true, wifiShouldBeStarted: false, strongestLockMode: 1
02-13 18:25:54.055 W/WindowManager(  256): updateFocusedWindowLocked newFocus=Window{407330f0  paused=false} mode=3 mCurrentFocus = Window{407330f0  paused=false}
02-13 18:25:54.145 I/UsageStats(  256): Writing usage stats before shutdown...
02-13 18:25:54.155 W/BatteryStats(  256): Writing battery stats before shutdown...
02-13 18:26:00.010 D/AlarmManager(  256): scheduleTimeTickEvent calendar=Mon Feb 13 18:27:00 CST 2012
02-13 18:26:00.010 D/AlarmManager(  256): calendar.getTimeInMillis()1329179220000
02-13 18:26:01.522 I/TelephonyRegistry(  256): notifyDataConnection: anyState=3,default/INET,apnTypeState=0,iface=null,ip=null,gw=null,isDataConnectivityPossible=true,networkType=6,reason=radioTurnedOff
02-13 18:26:01.552 D/ConnectivityService(  256): ConnectivityChange for mobile: DISCONNECTED/DISCONNECTED
02-13 18:26:01.552 D/ConnectivityService(  256): Got Network Disconnected from Driver nwtype=0
02-13 18:26:01.552 D/ConnectivityService(  256): getMobileDataEnabled returning true
02-13 18:26:01.552 D/ConnectivityService(  256): Attempting to switch to WIFI
02-13 18:26:01.552 D/StatusBarPolicy(  327): Data network type changed to:6
02-13 18:26:01.572 D/StatusBarPolicy(  327): updateDataIcon subscription =0
02-13 18:26:01.572 D/StatusBarPolicy(  327): updateSignalStrength on subscription :0
02-13 18:26:01.572 D/StatusBarPolicy(  327): getCdmaLevel_band_six -cdmaDbm:-77
02-13 18:26:01.572 D/StatusBarPolicy(  327): getCdmaLevel_band_six -cdmaEcio:-70
02-13 18:26:01.572 I/TelephonyRegistry(  256): notifyDataConnection: anyState=3,default/INET6,apnTypeState=0,iface=null,ip=null,gw=null,isDataConnectivityPossible=true,networkType=6,reason=radioTurnedOff
02-13 18:26:01.622 I/TelephonyRegistry(  256): notifyDataConnection: anyState=3,mms/INET,apnTypeState=0,iface=null,ip=null,gw=null,isDataConnectivityPossible=true,networkType=6,reason=radioTurnedOff
02-13 18:26:01.652 I/TelephonyRegistry(  256): notifyDataConnection: anyState=3,mms/INET6,apnTypeState=0,iface=null,ip=null,gw=null,isDataConnectivityPossible=true,networkType=6,reason=radioTurnedOff
02-13 18:26:01.662 I/TelephonyRegistry(  256): notifyDataConnection: anyState=3,supl/INET,apnTypeState=0,iface=null,ip=null,gw=null,isDataConnectivityPossible=true,networkType=6,reason=radioTurnedOff
02-13 18:26:01.672 I/TelephonyRegistry(  256): notifyDataConnection: anyState=3,supl/INET6,apnTypeState=0,iface=null,ip=null,gw=null,isDataConnectivityPossible=true,networkType=6,reason=radioTurnedOff
02-13 18:26:01.692 I/TelephonyRegistry(  256): notifyDataConnection: anyState=0,hipri/INET,apnTypeState=0,iface=null,ip=null,gw=null,isDataConnectivityPossible=true,networkType=6,reason=radioTurnedOff
02-13 18:26:01.702 D/StatusBarPolicy(  327): StatusBarPolicy onDataConnectionStateChanged to 0for nw : 6on subscription : 0
02-13 18:26:01.702 D/StatusBarPolicy(  327): Data network type changed to:6
02-13 18:26:01.702 D/StatusBarPolicy(  327): updateDataIcon subscription =0
02-13 18:26:01.702 I/TelephonyRegistry(  256): notifyDataConnection: anyState=0,hipri/INET6,apnTypeState=0,iface=null,ip=null,gw=null,isDataConnectivityPossible=true,networkType=6,reason=radioTurnedOff
02-13 18:26:01.782 D/RPC     (  256): 3000008c:00050000 sending call (XID 16).
02-13 18:26:01.782 D/RPC     (  256): 3000008c:00050000 received REPLY (XID 16), grabbing mutex to wake up client.
02-13 18:26:01.782 D/RPC     (  256): 3000008c:00050000 call success.
02-13 18:26:01.782 D/RPC     (  256): 3000008c:00050000 received CALL.
02-13 18:26:01.782 D/RPC     (  256): 3000008c:00050000 dispatching RPC call (XID 29, xdr 0x502bf8) for callback client 3100008c:00050001.
02-13 18:26:01.792 D/RPC     (  256): 3100008c:327681 sending RPC reply (XID 29)
02-13 18:26:01.792 D/RPC     (  256): 3000008c:00050000 sending call (XID 17).
02-13 18:26:01.792 D/RPC     (  256): 3000008c:00050000 received REPLY (XID 17), grabbing mutex to wake up client.
02-13 18:26:01.792 D/RPC     (  256): 3000008c:00050000 call success.
02-13 18:26:01.822 D/RPC     (  256): 3000008c:00050000 received CALL.
02-13 18:26:01.822 D/RPC     (  256): 3000008c:00050000 dispatching RPC call (XID 30, xdr 0x502bf8) for callback client 3100008c:00050001.
02-13 18:26:01.822 D/RPC     (  256): 3100008c:327681 sending RPC reply (XID 30)
02-13 18:26:01.852 E/StatusBarPolicy(  327): onCallStateChanged Received on subscription :0
02-13 18:26:01.852 D/StatusBarPolicy(  327): updateSignalStrength on subscription :0
02-13 18:26:01.862 D/StatusBarPolicy(  327): StatusBarPolocy::getIconLevel -EVDO
02-13 18:26:01.862 D/StatusBarPolicy(  327): getEvdoLevel_band_six -evdoDbm:-76
02-13 18:26:01.862 D/StatusBarPolicy(  327): getEvdoLevel_band_six -evdoEcio:-10
02-13 18:26:01.912 I/ActivityManager(  256): moveTaskToBack: 6
02-13 18:26:01.912 W/WindowManager(  256): updateFocusedWindowLocked newFocus=Window{407330f0  paused=false} mode=3 mCurrentFocus = Window{407330f0  paused=false}
02-13 18:26:01.992 D/PowerManagerService(  256): setTimeoutLocked now=1261486 timeoutOverride=-1 nextState=3 when=1267486
02-13 18:26:01.992 I/TelephonyRegistry(  256): notifyDataConnection: anyState=0,default/INET,apnTypeState=0,iface=null,ip=null,gw=null,isDataConnectivityPossible=true,networkType=6,reason=2GVoiceCallEnded
02-13 18:26:02.032 I/TelephonyRegistry(  256): notifyDataConnection: anyState=0,default/INET6,apnTypeState=0,iface=null,ip=null,gw=null,isDataConnectivityPossible=true,networkType=6,reason=2GVoiceCallEnded
02-13 18:26:02.042 I/TelephonyRegistry(  256): notifyDataConnection: anyState=0,mms/INET,apnTypeState=0,iface=null,ip=null,gw=null,isDataConnectivityPossible=true,networkType=6,reason=2GVoiceCallEnded
02-13 18:26:02.062 I/TelephonyRegistry(  256): notifyDataConnection: anyState=0,mms/INET6,apnTypeState=0,iface=null,ip=null,gw=null,isDataConnectivityPossible=true,networkType=6,reason=2GVoiceCallEnded
02-13 18:26:02.142 I/TelephonyRegistry(  256): notifyDataConnection: anyState=0,supl/INET,apnTypeState=0,iface=null,ip=null,gw=null,isDataConnectivityPossible=true,networkType=6,reason=2GVoiceCallEnded
02-13 18:26:02.172 I/TelephonyRegistry(  256): notifyDataConnection: anyState=0,supl/INET6,apnTypeState=0,iface=null,ip=null,gw=null,isDataConnectivityPossible=true,networkType=6,reason=2GVoiceCallEnded
02-13 18:26:02.172 I/TelephonyRegistry(  256): notifyDataConnection: anyState=0,dun/INET,apnTypeState=0,iface=null,ip=null,gw=null,isDataConnectivityPossible=true,networkType=6,reason=2GVoiceCallEnded
02-13 18:26:02.182 I/TelephonyRegistry(  256): notifyDataConnection: anyState=0,dun/INET6,apnTypeState=0,iface=null,ip=null,gw=null,isDataConnectivityPossible=true,networkType=6,reason=2GVoiceCallEnded
02-13 18:26:02.192 I/TelephonyRegistry(  256): notifyDataConnection: anyState=0,hipri/INET,apnTypeState=0,iface=null,ip=null,gw=null,isDataConnectivityPossible=true,networkType=6,reason=2GVoiceCallEnded
02-13 18:26:02.202 I/TelephonyRegistry(  256): notifyDataConnection: anyState=0,hipri/INET6,apnTypeState=0,iface=null,ip=null,gw=null,isDataConnectivityPossible=true,networkType=6,reason=2GVoiceCallEnded
02-13 18:26:02.293 I/TelephonyRegistry(  256): notifyServiceState: 0 home Sprint  310099  1xRTT CSS not supported 41 4139RoamInd: 1RoamStatus(sprint): 1DefRoamInd: 160EmergOnly: false
02-13 18:26:02.293 D/StatusBarPolicy(  327): onServiceStateChanged:0 home Sprint  310099  1xRTT CSS not supported 41 4139RoamInd: 1RoamStatus(sprint): 1DefRoamInd: 160EmergOnly: falsefor subscription :0
02-13 18:26:02.293 D/StatusBarPolicy(  327): updateSignalStrength on subscription :0
02-13 18:26:02.303 D/StatusBarPolicy(  327): StatusBarPolocy::getIconLevel -CDMA
02-13 18:26:02.303 D/StatusBarPolicy(  327): getCdmaLevel_band_six -cdmaDbm:-77
02-13 18:26:02.303 D/StatusBarPolicy(  327): getCdmaLevel_band_six -cdmaEcio:-70
02-13 18:26:02.303 D/StatusBarPolicy(  327): updateDataIcon subscription =0
02-13 18:26:02.383 I/TelephonyRegistry(  256): notifyServiceState: 3 home null null null  Unknown CSS not supported -1 -1RoamInd: -1RoamStatus(sprint): -1DefRoamInd: -1EmergOnly: false
02-13 18:26:02.383 D/StatusBarPolicy(  327): onServiceStateChanged:3 home null null null  Unknown CSS not supported -1 -1RoamInd: -1RoamStatus(sprint): -1DefRoamInd: -1EmergOnly: falsefor subscription :0
02-13 18:26:02.383 D/StatusBarPolicy(  327): updateSignalStrength on subscription :0
02-13 18:26:02.393 D/StatusBarPolicy(  327): updateDataIcon subscription =0
02-13 18:26:02.443 I/TelephonyRegistry(  256): notifyDataConnection: anyState=0,default/INET,apnTypeState=0,iface=null,ip=null,gw=null,isDataConnectivityPossible=false,networkType=0,reason=radioTechnologyChanged
02-13 18:26:02.443 D/StatusBarPolicy(  327): StatusBarPolicy onDataConnectionStateChanged to 0for nw : 0on subscription : 0
02-13 18:26:02.443 D/StatusBarPolicy(  327): Data network type changed to:0
02-13 18:26:02.443 D/StatusBarPolicy(  327): updateDataIcon subscription =0
02-13 18:26:02.483 I/TelephonyRegistry(  256): notifyDataConnection: anyState=0,default/INET6,apnTypeState=0,iface=null,ip=null,gw=null,isDataConnectivityPossible=false,networkType=0,reason=radioTechnologyChanged
02-13 18:26:02.503 I/TelephonyRegistry(  256): notifyDataConnection: anyState=0,mms/INET,apnTypeState=0,iface=null,ip=null,gw=null,isDataConnectivityPossible=false,networkType=0,reason=radioTechnologyChanged
02-13 18:26:02.503 I/TelephonyRegistry(  256): notifyDataConnection: anyState=0,mms/INET6,apnTypeState=0,iface=null,ip=null,gw=null,isDataConnectivityPossible=false,networkType=0,reason=radioTechnologyChanged
02-13 18:26:02.523 I/TelephonyRegistry(  256): notifyDataConnection: anyState=0,supl/INET,apnTypeState=0,iface=null,ip=null,gw=null,isDataConnectivityPossible=false,networkType=0,reason=radioTechnologyChanged
02-13 18:26:02.523 I/TelephonyRegistry(  256): notifyDataConnection: anyState=0,supl/INET6,apnTypeState=0,iface=null,ip=null,gw=null,isDataConnectivityPossible=false,networkType=0,reason=radioTechnologyChanged
02-13 18:26:02.533 I/TelephonyRegistry(  256): notifyDataConnection: anyState=0,dun/INET,apnTypeState=0,iface=null,ip=null,gw=null,isDataConnectivityPossible=false,networkType=0,reason=radioTechnologyChanged
02-13 18:26:02.543 I/TelephonyRegistry(  256): notifyDataConnection: anyState=0,dun/INET6,apnTypeState=0,iface=null,ip=null,gw=null,isDataConnectivityPossible=false,networkType=0,reason=radioTechnologyChanged
02-13 18:26:02.553 I/TelephonyRegistry(  256): notifyDataConnection: anyState=0,hipri/INET,apnTypeState=0,iface=null,ip=null,gw=null,isDataConnectivityPossible=false,networkType=0,reason=radioTechnologyChanged
02-13 18:26:02.573 I/TelephonyRegistry(  256): notifyDataConnection: anyState=0,hipri/INET6,apnTypeState=0,iface=null,ip=null,gw=null,isDataConnectivityPossible=false,networkType=0,reason=radioTechnologyChanged
02-13 18:26:02.653 D/PowerManagerService(  256): setTimeoutLocked now=1262154 timeoutOverride=-1 nextState=0 when=1269154
02-13 18:26:02.723 W/WindowManager(  256): updateFocusedWindowLocked newFocus=Window{4076fa10 Keyguard paused=false} mode=3 mCurrentFocus = Window{407330f0  paused=false}
02-13 18:26:02.873 W/WindowManager(  256): updateFocusedWindowLocked newFocus=Window{4076fa10 Keyguard paused=false} mode=2 mCurrentFocus = Window{4076fa10 Keyguard paused=false}
02-13 18:26:03.143 D/StatusBarPolicy(  327): onSignalStrengthsChanged:SignalStrength: 99 0 -120 -160 -120 -1 8 99 2147483647 2147483647 2147483647 2147483647 cdma for subscription0
02-13 18:26:03.143 D/StatusBarPolicy(  327): updateSignalStrength on subscription :0
02-13 18:26:03.163 D/WifiService(  256): ACTION_SCREEN_ON
02-13 18:26:03.163 D/WifiService(  256): WifiHandler, MESSAGE_UPDATE_STATE
02-13 18:26:03.163 D/WifiService(  256): isAirplaneModeOn(): false
02-13 18:26:03.163 D/WifiService(  256): updateWifiState(), wifiEnabled: true, airplaneMode: false, wifiShouldBeEnabled: true, wifiShouldBeStarted: true, strongestLockMode: 1
02-13 18:26:03.163 D/WifiService(  256): WifiHandler, MESSAGE_ENABLE_WIFI, msg.arg1: 0, msg.arg2: 1000
02-13 18:26:03.163 D/WifiService(  256): WifiHandler, MESSAGE_START_WIFI, msg.arg1: 1
02-13 18:26:04.795 D/ConnectivityService(  256): Dropping ConnectivityChange for WIFI: DISCONNECTED/IDLE
02-13 18:26:07.057 D/NetdConnector(  256): SND -> {interface readrxcounter rmnet0} {null}
02-13 18:26:07.057 D/NetdConnector(  256): RCV <- {216 23765}
02-13 18:26:07.067 D/NetdConnector(  256): RSP <- {216 23765}
02-13 18:26:07.077 D/NetdConnector(  256): SND -> {interface readtxcounter rmnet0} {null}
02-13 18:26:07.087 D/NetdConnector(  256): RCV <- {217 11997}
02-13 18:26:07.097 D/NetdConnector(  256): RSP <- {217 11997}
02-13 18:26:09.920 W/ActivityManager(  256): goingToSleep with no resumed activity!
02-13 18:26:10.000 D/WifiService(  256): ACTION_SCREEN_OFF
02-13 18:26:10.000 D/WifiService(  256): setting ACTION_DEVICE_IDLE timer for 120,000 ms
02-13 18:26:13.572 D/WifiService(  256): ACTION_SCREEN_ON
02-13 18:26:13.572 D/WifiService(  256): WifiHandler, MESSAGE_UPDATE_STATE
02-13 18:26:13.572 D/WifiService(  256): isAirplaneModeOn(): false
02-13 18:26:13.572 D/WifiService(  256): updateWifiState(), wifiEnabled: true, airplaneMode: false, wifiShouldBeEnabled: true, wifiShouldBeStarted: true, strongestLockMode: 1
02-13 18:26:13.572 D/WifiService(  256): WifiHandler, MESSAGE_ENABLE_WIFI, msg.arg1: 0, msg.arg2: 1000
02-13 18:26:13.572 D/WifiService(  256): WifiHandler, MESSAGE_START_WIFI, msg.arg1: 1
02-13 18:26:13.582 D/StatusBarPolicy(  327): onSignalStrengthsChanged:SignalStrength: 99 0 -120 -160 -120 -1 8 99 2147483647 2147483647 2147483647 2147483647 cdma for subscription0
02-13 18:26:13.582 D/StatusBarPolicy(  327): updateSignalStrength on subscription :0
02-13 18:26:13.722 I/MountService(  256): Shutting down
02-13 18:26:13.722 E/MountService(  256): rms:add /mnt/sdcard
02-13 18:26:13.722 D/VoldConnector(  256): SND -> {asec list} {null}
02-13 18:26:13.722 D/VoldCmdListener(  111): asec list
02-13 18:26:13.722 D/VoldConnector(  256): RCV <- {200 asec operation succeeded}
02-13 18:26:13.722 D/VoldConnector(  256): RSP <- {200 asec operation succeeded}
02-13 18:26:13.722 D/VoldConnector(  256): List terminated with {200 asec operation succeeded}
02-13 18:26:13.823 D/VoldConnector(  256): SND -> {storage users /mnt/sdcard} {null}
02-13 18:26:13.823 D/VoldCmdListener(  111): storage users /mnt/sdcard
02-13 18:26:14.033 D/VoldConnector(  256): RCV <- {112 720 com.google.android.apps.maps}
02-13 18:26:14.033 D/VoldConnector(  256): RSP <- {112 720 com.google.android.apps.maps}
02-13 18:26:14.043 D/VoldConnector(  256): RCV <- {200 Storage user list complete}
02-13 18:26:14.043 D/VoldConnector(  256): RSP <- {200 Storage user list complete}
02-13 18:26:14.043 D/VoldConnector(  256): List terminated with {200 Storage user list complete}
02-13 18:26:14.043 W/ActivityManager(  256): Killing processes unmount media at adjustment 7
02-13 18:26:14.043 W/ActivityManager(  256): Killing ProcessRecord{40811c10 720:com.google.android.apps.maps/10033} (adj 9): unmount media
02-13 18:26:14.043 D/VoldConnector(  256): SND -> {storage users /mnt/sdcard} {null}
02-13 18:26:14.043 D/VoldCmdListener(  111): storage users /mnt/sdcard
02-13 18:26:14.253 D/VoldConnector(  256): RCV <- {200 Storage user list complete}
02-13 18:26:14.263 D/VoldConnector(  256): RSP <- {200 Storage user list complete}
02-13 18:26:14.263 D/VoldConnector(  256): List terminated with {200 Storage user list complete}
02-13 18:26:14.463 D/VoldConnector(  256): SND -> {volume unmount /mnt/sdcard force} {null}
02-13 18:26:14.463 D/VoldCmdListener(  111): volume unmount /mnt/sdcard force
02-13 18:26:14.463 D/Vold    (  111): Volume sdcard state changing 4 (Mounted) -> 5 (Unmounting)
02-13 18:26:14.463 D/VoldConnector(  256): RCV <- {605 Volume sdcard /mnt/sdcard state changed from 4 (Mounted) to 5 (Unmounting)}
02-13 18:26:14.463 I/StorageNotification(  327): Media {/mnt/sdcard} state changed from {mounted} -> {unmounted}
02-13 18:26:14.893 I/ActivityManager(  256): Starting: Intent { act=android.intent.action.ACTION_REQUEST_SHUTDOWN flg=0x10000000 cmp=android/com.android.server.ShutdownActivity (has extras) } from pid 256
02-13 18:26:14.893 D/BatteryService(  256): updateBattery level:0 scale:100 status:3 health:2 present:true voltage: 3416 temperature: 270 technology: Li-ion AC powered:false USB powered:false icon:17302173
02-13 18:26:14.893 D/WifiService(  256): ACTION_BATTERY_CHANGED pluggedType: 0
02-13 18:26:14.893 D/WifiService(  256): WifiHandler, MESSAGE_UPDATE_STATE
02-13 18:26:14.893 D/WifiService(  256): isAirplaneModeOn(): false
02-13 18:26:14.893 D/WifiService(  256): updateWifiState(), wifiEnabled: true, airplaneMode: false, wifiShouldBeEnabled: true, wifiShouldBeStarted: true, strongestLockMode: 1
02-13 18:26:14.893 D/WifiService(  256): WifiHandler, MESSAGE_ENABLE_WIFI, msg.arg1: 0, msg.arg2: 1000
02-13 18:26:14.893 D/WifiService(  256): WifiHandler, MESSAGE_START_WIFI, msg.arg1: 1
02-13 18:26:15.344 D/PowerManagerService(  256): setTimeoutLocked now=1273877 timeoutOverride=-1 nextState=3 when=1279877
02-13 18:26:15.364 W/WindowManager(  256): updateFocusedWindowLocked newFocus=null mode=3 mCurrentFocus = Window{4076fa10 Keyguard paused=false}
02-13 18:26:15.374 W/WindowManager(  256): updateFocusedWindowLocked newFocus=Window{407330f0  paused=false} mode=2 mCurrentFocus = null
02-13 18:26:15.384 D/PowerManagerService(  256): setTimeoutLocked now=1273915 timeoutOverride=-1 nextState=3 when=1279915
02-13 18:26:15.464 I/Vold    (  111): /mnt/secure/staging/.android_secure sucessfully unmounted
02-13 18:26:15.464 I/Vold    (  111): /mnt/secure/asec sucessfully unmounted
02-13 18:26:15.464 W/Vold    (  111): Failed to unmount /mnt/secure/staging (Device or resource busy, retries 9, action 0)
02-13 18:26:17.426 I/Vold    (  111): /mnt/secure/staging sucessfully unmounted
02-13 18:26:17.436 I/Vold    (  111): /mnt/sdcard unmounted sucessfully
02-13 18:26:17.436 D/Vold    (  111): Volume sdcard state changing 5 (Unmounting) -> 1 (Idle-Unmounted)
02-13 18:26:17.436 D/VoldConnector(  256): RCV <- {605 Volume sdcard /mnt/sdcard state changed from 5 (Unmounting) to 1 (Idle-Unmounted)}
02-13 18:26:17.436 W/MountService(  256): Duplicate state transition (unmounted -> unmounted)
02-13 18:26:17.456 D/VoldConnector(  256): RCV <- {200 volume operation succeeded}
02-13 18:26:17.456 D/VoldConnector(  256): RSP <- {200 volume operation succeeded}
02-13 18:26:17.606 D/VoldConnector(  256): SND -> {volume shared /mnt/sdcard ums} {null}
02-13 18:26:17.606 D/VoldCmdListener(  111): volume shared /mnt/sdcard ums
02-13 18:26:17.616 D/VoldConnector(  256): RCV <- {212 Share disabled}
02-13 18:26:17.616 D/VoldConnector(  256): RSP <- {212 Share disabled}
