02-13 18:09:34.509 D/StatusBarPolicy(  327): StatusBarPolocy::getIconLevel -EVDO
02-13 18:09:34.509 D/StatusBarPolicy(  327): getEvdoLevel_band_six -evdoDbm:-86
02-13 18:09:34.509 D/StatusBarPolicy(  327): getEvdoLevel_band_six -evdoEcio:-40
02-13 18:09:34.539 W/WindowManager(  256): updateFocusedWindowLocked newFocus=Window{4092da60 com.android.mms/com.android.mms.ui.ComposeMessageActivity paused=false} mode=3 mCurrentFocus = Window{4092da60 com.android.mms/com.android.mms.ui.ComposeMessageActivity paused=false}
02-13 18:09:34.599 W/WindowManager(  256): updateFocusedWindowLocked newFocus=Window{4092da60 com.android.mms/com.android.mms.ui.ComposeMessageActivity paused=false} mode=3 mCurrentFocus = Window{4092da60 com.android.mms/com.android.mms.ui.ComposeMessageActivity paused=false}
02-13 18:09:35.270 D/PowerManagerService(  256): setTimeoutLocked now=274759 timeoutOverride=-1 nextState=3 when=280759
02-13 18:09:35.290 W/WindowManager(  256): updateFocusedWindowLocked newFocus=Window{4092da60 com.android.mms/com.android.mms.ui.ComposeMessageActivity paused=false} mode=3 mCurrentFocus = Window{4092da60 com.android.mms/com.android.mms.ui.ComposeMessageActivity paused=false}
02-13 18:09:35.360 D/PowerManagerService(  256): setTimeoutLocked now=274858 timeoutOverride=-1 nextState=3 when=280858
02-13 18:09:35.400 W/WindowManager(  256): updateFocusedWindowLocked newFocus=Window{4092da60 com.android.mms/com.android.mms.ui.ComposeMessageActivity paused=false} mode=3 mCurrentFocus = Window{4092da60 com.android.mms/com.android.mms.ui.ComposeMessageActivity paused=false}
02-13 18:09:35.550 W/WindowManager(  256): updateFocusedWindowLocked newFocus=Window{4092da60 com.android.mms/com.android.mms.ui.ComposeMessageActivity paused=false} mode=3 mCurrentFocus = Window{4092da60 com.android.mms/com.android.mms.ui.ComposeMessageActivity paused=false}
02-13 18:09:35.620 W/WindowManager(  256): updateFocusedWindowLocked newFocus=Window{4092da60 com.android.mms/com.android.mms.ui.ComposeMessageActivity paused=false} mode=3 mCurrentFocus = Window{4092da60 com.android.mms/com.android.mms.ui.ComposeMessageActivity paused=false}
02-13 18:09:35.740 W/WindowManager(  256): updateFocusedWindowLocked newFocus=Window{4092da60 com.android.mms/com.android.mms.ui.ComposeMessageActivity paused=false} mode=3 mCurrentFocus = Window{4092da60 com.android.mms/com.android.mms.ui.ComposeMessageActivity paused=false}
02-13 18:09:35.770 D/PowerManagerService(  256): setTimeoutLocked now=275260 timeoutOverride=-1 nextState=3 when=281260
02-13 18:09:35.850 W/WindowManager(  256): updateFocusedWindowLocked newFocus=Window{4092da60 com.android.mms/com.android.mms.ui.ComposeMessageActivity paused=false} mode=3 mCurrentFocus = Window{4092da60 com.android.mms/com.android.mms.ui.ComposeMessageActivity paused=false}
02-13 18:09:35.990 W/WindowManager(  256): updateFocusedWindowLocked newFocus=Window{4092da60 com.android.mms/com.android.mms.ui.ComposeMessageActivity paused=false} mode=3 mCurrentFocus = Window{4092da60 com.android.mms/com.android.mms.ui.ComposeMessageActivity paused=false}
02-13 18:09:36.070 D/PowerManagerService(  256): setTimeoutLocked now=275561 timeoutOverride=-1 nextState=3 when=281561
02-13 18:09:36.090 W/WindowManager(  256): updateFocusedWindowLocked newFocus=Window{4092da60 com.android.mms/com.android.mms.ui.ComposeMessageActivity paused=false} mode=3 mCurrentFocus = Window{4092da60 com.android.mms/com.android.mms.ui.ComposeMessageActivity paused=false}
02-13 18:09:36.221 W/WindowManager(  256): updateFocusedWindowLocked newFocus=Window{4092da60 com.android.mms/com.android.mms.ui.ComposeMessageActivity paused=false} mode=3 mCurrentFocus = Window{4092da60 com.android.mms/com.android.mms.ui.ComposeMessageActivity paused=false}
02-13 18:09:36.271 D/PowerManagerService(  256): setTimeoutLocked now=275762 timeoutOverride=-1 nextState=3 when=281762
02-13 18:09:36.331 W/WindowManager(  256): updateFocusedWindowLocked newFocus=Window{4092da60 com.android.mms/com.android.mms.ui.ComposeMessageActivity paused=false} mode=3 mCurrentFocus = Window{4092da60 com.android.mms/com.android.mms.ui.ComposeMessageActivity paused=false}
02-13 18:09:36.751 D/StatusBarPolicy(  327): onSignalStrengthsChanged:SignalStrength: 99 0 -87 -100 -86 -35 8 99 2147483647 2147483647 2147483647 2147483647 cdma for subscription0
02-13 18:09:36.751 D/StatusBarPolicy(  327): updateSignalStrength on subscription :0
02-13 18:09:36.761 D/StatusBarPolicy(  327): StatusBarPolocy::getIconLevel -EVDO
02-13 18:09:36.761 D/StatusBarPolicy(  327): getEvdoLevel_band_six -evdoDbm:-86
02-13 18:09:36.761 D/StatusBarPolicy(  327): getEvdoLevel_band_six -evdoEcio:-35
02-13 18:09:36.891 D/PowerManagerService(  256): setTimeoutLocked now=276383 timeoutOverride=-1 nextState=3 when=282383
02-13 18:09:36.901 W/WindowManager(  256): updateFocusedWindowLocked newFocus=Window{4092da60 com.android.mms/com.android.mms.ui.ComposeMessageActivity paused=false} mode=3 mCurrentFocus = Window{4092da60 com.android.mms/com.android.mms.ui.ComposeMessageActivity paused=false}
02-13 18:09:36.991 D/PowerManagerService(  256): setTimeoutLocked now=276496 timeoutOverride=-1 nextState=3 when=282496
02-13 18:09:37.071 W/WindowManager(  256): updateFocusedWindowLocked newFocus=Window{4092da60 com.android.mms/com.android.mms.ui.ComposeMessageActivity paused=false} mode=3 mCurrentFocus = Window{4092da60 com.android.mms/com.android.mms.ui.ComposeMessageActivity paused=false}
02-13 18:09:37.292 W/WindowManager(  256): updateFocusedWindowLocked newFocus=Window{4092da60 com.android.mms/com.android.mms.ui.ComposeMessageActivity paused=false} mode=3 mCurrentFocus = Window{4092da60 com.android.mms/com.android.mms.ui.ComposeMessageActivity paused=false}
02-13 18:09:37.402 W/WindowManager(  256): updateFocusedWindowLocked newFocus=Window{4092da60 com.android.mms/com.android.mms.ui.ComposeMessageActivity paused=false} mode=3 mCurrentFocus = Window{4092da60 com.android.mms/com.android.mms.ui.ComposeMessageActivity paused=false}
02-13 18:09:37.632 D/PowerManagerService(  256): setTimeoutLocked now=277135 timeoutOverride=-1 nextState=3 when=283135
02-13 18:09:37.652 W/WindowManager(  256): updateFocusedWindowLocked newFocus=Window{4092da60 com.android.mms/com.android.mms.ui.ComposeMessageActivity paused=false} mode=3 mCurrentFocus = Window{4092da60 com.android.mms/com.android.mms.ui.ComposeMessageActivity paused=false}
02-13 18:09:37.742 D/PowerManagerService(  256): setTimeoutLocked now=277249 timeoutOverride=-1 nextState=3 when=283249
02-13 18:09:37.792 W/WindowManager(  256): updateFocusedWindowLocked newFocus=Window{4092da60 com.android.mms/com.android.mms.ui.ComposeMessageActivity paused=false} mode=3 mCurrentFocus = Window{4092da60 com.android.mms/com.android.mms.ui.ComposeMessageActivity paused=false}
02-13 18:09:38.032 W/WindowManager(  256): updateFocusedWindowLocked newFocus=Window{4092da60 com.android.mms/com.android.mms.ui.ComposeMessageActivity paused=false} mode=3 mCurrentFocus = Window{4092da60 com.android.mms/com.android.mms.ui.ComposeMessageActivity paused=false}
02-13 18:09:38.182 W/WindowManager(  256): updateFocusedWindowLocked newFocus=Window{4092da60 com.android.mms/com.android.mms.ui.ComposeMessageActivity paused=false} mode=3 mCurrentFocus = Window{4092da60 com.android.mms/com.android.mms.ui.ComposeMessageActivity paused=false}
02-13 18:09:38.283 D/PowerManagerService(  256): setTimeoutLocked now=277788 timeoutOverride=-1 nextState=3 when=283788
02-13 18:09:38.303 W/WindowManager(  256): updateFocusedWindowLocked newFocus=Window{4092da60 com.android.mms/com.android.mms.ui.ComposeMessageActivity paused=false} mode=3 mCurrentFocus = Window{4092da60 com.android.mms/com.android.mms.ui.ComposeMessageActivity paused=false}
02-13 18:09:38.403 D/PowerManagerService(  256): setTimeoutLocked now=277901 timeoutOverride=-1 nextState=3 when=283901
02-13 18:09:38.423 W/WindowManager(  256): updateFocusedWindowLocked newFocus=Window{4092da60 com.android.mms/com.android.mms.ui.ComposeMessageActivity paused=false} mode=3 mCurrentFocus = Window{4092da60 com.android.mms/com.android.mms.ui.ComposeMessageActivity paused=false}
02-13 18:09:38.553 W/WindowManager(  256): updateFocusedWindowLocked newFocus=Window{4092da60 com.android.mms/com.android.mms.ui.ComposeMessageActivity paused=false} mode=3 mCurrentFocus = Window{4092da60 com.android.mms/com.android.mms.ui.ComposeMessageActivity paused=false}
02-13 18:09:38.683 W/WindowManager(  256): updateFocusedWindowLocked newFocus=Window{4092da60 com.android.mms/com.android.mms.ui.ComposeMessageActivity paused=false} mode=3 mCurrentFocus = Window{4092da60 com.android.mms/com.android.mms.ui.ComposeMessageActivity paused=false}
02-13 18:09:38.773 W/WindowManager(  256): updateFocusedWindowLocked newFocus=Window{4092da60 com.android.mms/com.android.mms.ui.ComposeMessageActivity paused=false} mode=3 mCurrentFocus = Window{4092da60 com.android.mms/com.android.mms.ui.ComposeMessageActivity paused=false}
02-13 18:09:38.823 D/PowerManagerService(  256): setTimeoutLocked now=278328 timeoutOverride=-1 nextState=3 when=284328
02-13 18:09:38.883 W/WindowManager(  256): updateFocusedWindowLocked newFocus=Window{4092da60 com.android.mms/com.android.mms.ui.ComposeMessageActivity paused=false} mode=3 mCurrentFocus = Window{4092da60 com.android.mms/com.android.mms.ui.ComposeMessageActivity paused=false}
02-13 18:09:38.973 D/StatusBarPolicy(  327): onSignalStrengthsChanged:SignalStrength: 99 0 -87 -100 -89 -25 7 99 2147483647 2147483647 2147483647 2147483647 cdma for subscription0
02-13 18:09:38.973 D/StatusBarPolicy(  327): updateSignalStrength on subscription :0
02-13 18:09:38.983 D/StatusBarPolicy(  327): StatusBarPolocy::getIconLevel -EVDO
02-13 18:09:38.983 D/StatusBarPolicy(  327): getEvdoLevel_band_six -evdoDbm:-89
02-13 18:09:38.983 D/StatusBarPolicy(  327): getEvdoLevel_band_six -evdoEcio:-25
02-13 18:09:39.294 W/WindowManager(  256): updateFocusedWindowLocked newFocus=Window{4092da60 com.android.mms/com.android.mms.ui.ComposeMessageActivity paused=false} mode=3 mCurrentFocus = Window{4092da60 com.android.mms/com.android.mms.ui.ComposeMessageActivity paused=false}
02-13 18:09:39.334 D/PowerManagerService(  256): setTimeoutLocked now=278830 timeoutOverride=-1 nextState=3 when=284830
02-13 18:09:39.354 D/PowerManagerService(  256): setTimeoutLocked now=278855 timeoutOverride=-1 nextState=3 when=284855
02-13 18:09:39.384 W/WindowManager(  256): updateFocusedWindowLocked newFocus=Window{4092da60 com.android.mms/com.android.mms.ui.ComposeMessageActivity paused=false} mode=3 mCurrentFocus = Window{4092da60 com.android.mms/com.android.mms.ui.ComposeMessageActivity paused=false}
02-13 18:09:41.025 D/PowerManagerService(  256): setTimeoutLocked now=280521 timeoutOverride=-1 nextState=3 when=286521
02-13 18:09:41.055 W/WindowManager(  256): updateFocusedWindowLocked newFocus=Window{4092da60 com.android.mms/com.android.mms.ui.ComposeMessageActivity paused=false} mode=3 mCurrentFocus = Window{4092da60 com.android.mms/com.android.mms.ui.ComposeMessageActivity paused=false}
02-13 18:09:41.155 D/PowerManagerService(  256): setTimeoutLocked now=280655 timeoutOverride=-1 nextState=3 when=286655
02-13 18:09:41.195 W/WindowManager(  256): updateFocusedWindowLocked newFocus=Window{4092da60 com.android.mms/com.android.mms.ui.ComposeMessageActivity paused=false} mode=3 mCurrentFocus = Window{4092da60 com.android.mms/com.android.mms.ui.ComposeMessageActivity paused=false}
02-13 18:09:42.116 D/PowerManagerService(  256): setTimeoutLocked now=281615 timeoutOverride=-1 nextState=3 when=287615
02-13 18:09:42.136 W/WindowManager(  256): updateFocusedWindowLocked newFocus=Window{4092da60 com.android.mms/com.android.mms.ui.ComposeMessageActivity paused=false} mode=3 mCurrentFocus = Window{4092da60 com.android.mms/com.android.mms.ui.ComposeMessageActivity paused=false}
02-13 18:09:42.206 D/PowerManagerService(  256): setTimeoutLocked now=281703 timeoutOverride=-1 nextState=3 when=287703
02-13 18:09:42.236 W/WindowManager(  256): updateFocusedWindowLocked newFocus=Window{4092da60 com.android.mms/com.android.mms.ui.ComposeMessageActivity paused=false} mode=3 mCurrentFocus = Window{4092da60 com.android.mms/com.android.mms.ui.ComposeMessageActivity paused=false}
02-13 18:09:42.457 W/WindowManager(  256): updateFocusedWindowLocked newFocus=Window{4092da60 com.android.mms/com.android.mms.ui.ComposeMessageActivity paused=false} mode=3 mCurrentFocus = Window{4092da60 com.android.mms/com.android.mms.ui.ComposeMessageActivity paused=false}
02-13 18:09:42.577 W/WindowManager(  256): updateFocusedWindowLocked newFocus=Window{4092da60 com.android.mms/com.android.mms.ui.ComposeMessageActivity paused=false} mode=3 mCurrentFocus = Window{4092da60 com.android.mms/com.android.mms.ui.ComposeMessageActivity paused=false}
02-13 18:09:43.077 D/PowerManagerService(  256): setTimeoutLocked now=282569 timeoutOverride=-1 nextState=3 when=288569
02-13 18:09:43.087 W/WindowManager(  256): updateFocusedWindowLocked newFocus=Window{4092da60 com.android.mms/com.android.mms.ui.ComposeMessageActivity paused=false} mode=3 mCurrentFocus = Window{4092da60 com.android.mms/com.android.mms.ui.ComposeMessageActivity paused=false}
02-13 18:09:43.187 D/PowerManagerService(  256): setTimeoutLocked now=282683 timeoutOverride=-1 nextState=3 when=288683
02-13 18:09:43.217 W/WindowManager(  256): updateFocusedWindowLocked newFocus=Window{4092da60 com.android.mms/com.android.mms.ui.ComposeMessageActivity paused=false} mode=3 mCurrentFocus = Window{4092da60 com.android.mms/com.android.mms.ui.ComposeMessageActivity paused=false}
02-13 18:09:43.488 D/StatusBarPolicy(  327): onSignalStrengthsChanged:SignalStrength: 99 0 -87 -80 -89 -25 7 99 2147483647 2147483647 2147483647 2147483647 cdma for subscription0
02-13 18:09:43.488 D/StatusBarPolicy(  327): updateSignalStrength on subscription :0
02-13 18:09:43.498 D/StatusBarPolicy(  327): StatusBarPolocy::getIconLevel -EVDO
02-13 18:09:43.498 D/StatusBarPolicy(  327): getEvdoLevel_band_six -evdoDbm:-89
02-13 18:09:43.498 D/StatusBarPolicy(  327): getEvdoLevel_band_six -evdoEcio:-25
02-13 18:09:43.658 D/PowerManagerService(  256): setTimeoutLocked now=283159 timeoutOverride=-1 nextState=3 when=289159
02-13 18:09:43.688 W/WindowManager(  256): updateFocusedWindowLocked newFocus=Window{4092da60 com.android.mms/com.android.mms.ui.ComposeMessageActivity paused=false} mode=3 mCurrentFocus = Window{4092da60 com.android.mms/com.android.mms.ui.ComposeMessageActivity paused=false}
02-13 18:09:43.778 D/PowerManagerService(  256): setTimeoutLocked now=283274 timeoutOverride=-1 nextState=3 when=289274
02-13 18:09:43.798 W/WindowManager(  256): updateFocusedWindowLocked newFocus=Window{4092da60 com.android.mms/com.android.mms.ui.ComposeMessageActivity paused=false} mode=3 mCurrentFocus = Window{4092da60 com.android.mms/com.android.mms.ui.ComposeMessageActivity paused=false}
02-13 18:09:44.068 W/WindowManager(  256): updateFocusedWindowLocked newFocus=Window{4092da60 com.android.mms/com.android.mms.ui.ComposeMessageActivity paused=false} mode=3 mCurrentFocus = Window{4092da60 com.android.mms/com.android.mms.ui.ComposeMessageActivity paused=false}
02-13 18:09:44.168 D/PowerManagerService(  256): setTimeoutLocked now=283662 timeoutOverride=-1 nextState=3 when=289662
02-13 18:09:44.258 W/WindowManager(  256): updateFocusedWindowLocked newFocus=Window{4092da60 com.android.mms/com.android.mms.ui.ComposeMessageActivity paused=false} mode=3 mCurrentFocus = Window{4092da60 com.android.mms/com.android.mms.ui.ComposeMessageActivity paused=false}
02-13 18:09:45.079 D/PowerManagerService(  256): setTimeoutLocked now=284570 timeoutOverride=-1 nextState=3 when=290570
02-13 18:09:45.119 W/WindowManager(  256): updateFocusedWindowLocked newFocus=Window{4092da60 com.android.mms/com.android.mms.ui.ComposeMessageActivity paused=false} mode=3 mCurrentFocus = Window{4092da60 com.android.mms/com.android.mms.ui.ComposeMessageActivity paused=false}
02-13 18:09:45.129 D/PowerManagerService(  256): setTimeoutLocked now=284621 timeoutOverride=-1 nextState=3 when=290621
02-13 18:09:45.159 W/WindowManager(  256): updateFocusedWindowLocked newFocus=Window{4092da60 com.android.mms/com.android.mms.ui.ComposeMessageActivity paused=false} mode=3 mCurrentFocus = Window{4092da60 com.android.mms/com.android.mms.ui.ComposeMessageActivity paused=false}
02-13 18:09:45.339 W/WindowManager(  256): updateFocusedWindowLocked newFocus=Window{4092da60 com.android.mms/com.android.mms.ui.ComposeMessageActivity paused=false} mode=3 mCurrentFocus = Window{4092da60 com.android.mms/com.android.mms.ui.ComposeMessageActivity paused=false}
02-13 18:09:45.470 W/WindowManager(  256): updateFocusedWindowLocked newFocus=Window{4092da60 com.android.mms/com.android.mms.ui.ComposeMessageActivity paused=false} mode=3 mCurrentFocus = Window{4092da60 com.android.mms/com.android.mms.ui.ComposeMessageActivity paused=false}
02-13 18:09:45.720 D/PowerManagerService(  256): setTimeoutLocked now=285212 timeoutOverride=-1 nextState=3 when=291212
02-13 18:09:45.740 W/WindowManager(  256): updateFocusedWindowLocked newFocus=Window{4092da60 com.android.mms/com.android.mms.ui.ComposeMessageActivity paused=false} mode=3 mCurrentFocus = Window{4092da60 com.android.mms/com.android.mms.ui.ComposeMessageActivity paused=false}
02-13 18:09:45.800 D/PowerManagerService(  256): setTimeoutLocked now=285298 timeoutOverride=-1 nextState=3 when=291298
02-13 18:09:45.820 W/WindowManager(  256): updateFocusedWindowLocked newFocus=Window{4092da60 com.android.mms/com.android.mms.ui.ComposeMessageActivity paused=false} mode=3 mCurrentFocus = Window{4092da60 com.android.mms/com.android.mms.ui.ComposeMessageActivity paused=false}
02-13 18:09:45.890 W/WindowManager(  256): updateFocusedWindowLocked newFocus=Window{4092da60 com.android.mms/com.android.mms.ui.ComposeMessageActivity paused=false} mode=3 mCurrentFocus = Window{4092da60 com.android.mms/com.android.mms.ui.ComposeMessageActivity paused=false}
02-13 18:09:45.980 W/WindowManager(  256): updateFocusedWindowLocked newFocus=Window{4092da60 com.android.mms/com.android.mms.ui.ComposeMessageActivity paused=false} mode=3 mCurrentFocus = Window{4092da60 com.android.mms/com.android.mms.ui.ComposeMessageActivity paused=false}
02-13 18:09:46.070 W/WindowManager(  256): updateFocusedWindowLocked newFocus=Window{4092da60 com.android.mms/com.android.mms.ui.ComposeMessageActivity paused=false} mode=3 mCurrentFocus = Window{4092da60 com.android.mms/com.android.mms.ui.ComposeMessageActivity paused=false}
02-13 18:09:46.140 W/WindowManager(  256): updateFocusedWindowLocked newFocus=Window{4092da60 com.android.mms/com.android.mms.ui.ComposeMessageActivity paused=false} mode=3 mCurrentFocus = Window{4092da60 com.android.mms/com.android.mms.ui.ComposeMessageActivity paused=false}
02-13 18:09:46.230 D/PowerManagerService(  256): setTimeoutLocked now=285724 timeoutOverride=-1 nextState=3 when=291724
02-13 18:09:46.260 W/WindowManager(  256): updateFocusedWindowLocked newFocus=Window{4092da60 com.android.mms/com.android.mms.ui.ComposeMessageActivity paused=false} mode=3 mCurrentFocus = Window{4092da60 com.android.mms/com.android.mms.ui.ComposeMessageActivity paused=false}
02-13 18:09:46.320 D/PowerManagerService(  256): setTimeoutLocked now=285812 timeoutOverride=-1 nextState=3 when=291812
02-13 18:09:46.330 W/WindowManager(  256): updateFocusedWindowLocked newFocus=Window{4092da60 com.android.mms/com.android.mms.ui.ComposeMessageActivity paused=false} mode=3 mCurrentFocus = Window{4092da60 com.android.mms/com.android.mms.ui.ComposeMessageActivity paused=false}
02-13 18:09:46.461 W/WindowManager(  256): updateFocusedWindowLocked newFocus=Window{4092da60 com.android.mms/com.android.mms.ui.ComposeMessageActivity paused=false} mode=3 mCurrentFocus = Window{4092da60 com.android.mms/com.android.mms.ui.ComposeMessageActivity paused=false}
02-13 18:09:46.531 W/WindowManager(  256): updateFocusedWindowLocked newFocus=Window{4092da60 com.android.mms/com.android.mms.ui.ComposeMessageActivity paused=false} mode=3 mCurrentFocus = Window{4092da60 com.android.mms/com.android.mms.ui.ComposeMessageActivity paused=false}
02-13 18:09:46.621 W/WindowManager(  256): updateFocusedWindowLocked newFocus=Window{4092da60 com.android.mms/com.android.mms.ui.ComposeMessageActivity paused=false} mode=3 mCurrentFocus = Window{4092da60 com.android.mms/com.android.mms.ui.ComposeMessageActivity paused=false}
02-13 18:09:46.741 W/WindowManager(  256): updateFocusedWindowLocked newFocus=Window{4092da60 com.android.mms/com.android.mms.ui.ComposeMessageActivity paused=false} mode=3 mCurrentFocus = Window{4092da60 com.android.mms/com.android.mms.ui.ComposeMessageActivity paused=false}
02-13 18:09:46.841 D/PowerManagerService(  256): setTimeoutLocked now=286330 timeoutOverride=-1 nextState=3 when=292330
02-13 18:09:46.861 W/WindowManager(  256): updateFocusedWindowLocked newFocus=Window{4092da60 com.android.mms/com.android.mms.ui.ComposeMessageActivity paused=false} mode=3 mCurrentFocus = Window{4092da60 com.android.mms/com.android.mms.ui.ComposeMessageActivity paused=false}
02-13 18:09:46.911 D/PowerManagerService(  256): setTimeoutLocked now=286402 timeoutOverride=-1 nextState=3 when=292402
02-13 18:09:46.921 W/WindowManager(  256): updateFocusedWindowLocked newFocus=Window{4092da60 com.android.mms/com.android.mms.ui.ComposeMessageActivity paused=false} mode=3 mCurrentFocus = Window{4092da60 com.android.mms/com.android.mms.ui.ComposeMessageActivity paused=false}
02-13 18:09:47.251 W/WindowManager(  256): updateFocusedWindowLocked newFocus=Window{4092da60 com.android.mms/com.android.mms.ui.ComposeMessageActivity paused=false} mode=3 mCurrentFocus = Window{4092da60 com.android.mms/com.android.mms.ui.ComposeMessageActivity paused=false}
02-13 18:09:47.341 W/WindowManager(  256): updateFocusedWindowLocked newFocus=Window{4092da60 com.android.mms/com.android.mms.ui.ComposeMessageActivity paused=false} mode=3 mCurrentFocus = Window{4092da60 com.android.mms/com.android.mms.ui.ComposeMessageActivity paused=false}
02-13 18:09:47.942 D/PowerManagerService(  256): setTimeoutLocked now=287444 timeoutOverride=-1 nextState=3 when=293444
02-13 18:09:47.942 D/StatusBarPolicy(  327): onSignalStrengthsChanged:SignalStrength: 99 0 -87 -70 -89 -25 7 99 2147483647 2147483647 2147483647 2147483647 cdma for subscription0
02-13 18:09:47.942 D/StatusBarPolicy(  327): updateSignalStrength on subscription :0
02-13 18:09:47.952 D/StatusBarPolicy(  327): StatusBarPolocy::getIconLevel -EVDO
02-13 18:09:47.952 D/StatusBarPolicy(  327): getEvdoLevel_band_six -evdoDbm:-89
02-13 18:09:47.952 D/StatusBarPolicy(  327): getEvdoLevel_band_six -evdoEcio:-25
02-13 18:09:48.042 D/PowerManagerService(  256): setTimeoutLocked now=287549 timeoutOverride=-1 nextState=3 when=293549
02-13 18:09:48.623 D/StatusBarPolicy(  327): onSignalStrengthsChanged:SignalStrength: 99 0 -87 -70 -89 -15 7 99 2147483647 2147483647 2147483647 2147483647 cdma for subscription0
02-13 18:09:48.623 D/StatusBarPolicy(  327): updateSignalStrength on subscription :0
02-13 18:09:48.623 D/StatusBarPolicy(  327): StatusBarPolocy::getIconLevel -EVDO
02-13 18:09:48.623 D/StatusBarPolicy(  327): getEvdoLevel_band_six -evdoDbm:-89
02-13 18:09:48.623 D/StatusBarPolicy(  327): getEvdoLevel_band_six -evdoEcio:-15
02-13 18:09:48.813 D/PowerManagerService(  256): setTimeoutLocked now=288310 timeoutOverride=-1 nextState=3 when=294310
02-13 18:09:48.913 W/WindowManager(  256): updateFocusedWindowLocked newFocus=Window{4092da60 com.android.mms/com.android.mms.ui.ComposeMessageActivity paused=false} mode=3 mCurrentFocus = Window{4092da60 com.android.mms/com.android.mms.ui.ComposeMessageActivity paused=false}
02-13 18:09:49.503 D/StatusBarPolicy(  327): onSignalStrengthsChanged:SignalStrength: 99 0 -90 -90 -120 -315 7 99 2147483647 2147483647 2147483647 2147483647 cdma for subscription0
02-13 18:09:49.503 D/StatusBarPolicy(  327): updateSignalStrength on subscription :0
02-13 18:09:49.503 D/StatusBarPolicy(  327): StatusBarPolocy::getIconLevel -EVDO
02-13 18:09:49.513 D/StatusBarPolicy(  327): getEvdoLevel_band_six -evdoDbm:-120
02-13 18:09:49.513 D/StatusBarPolicy(  327): getEvdoLevel_band_six -evdoEcio:-315
02-13 18:09:50.204 D/StatusBarPolicy(  327): onSignalStrengthsChanged:SignalStrength: 99 0 -84 -70 -120 -315 7 99 2147483647 2147483647 2147483647 2147483647 cdma for subscription0
02-13 18:09:50.204 D/StatusBarPolicy(  327): updateSignalStrength on subscription :0
02-13 18:09:50.214 D/StatusBarPolicy(  327): StatusBarPolocy::getIconLevel -EVDO
02-13 18:09:50.214 D/StatusBarPolicy(  327): getEvdoLevel_band_six -evdoDbm:-120
02-13 18:09:50.214 D/StatusBarPolicy(  327): getEvdoLevel_band_six -evdoEcio:-315
02-13 18:09:52.436 D/StatusBarPolicy(  327): onSignalStrengthsChanged:SignalStrength: 99 0 -84 -70 -90 -20 7 99 2147483647 2147483647 2147483647 2147483647 cdma for subscription0
02-13 18:09:52.436 D/StatusBarPolicy(  327): updateSignalStrength on subscription :0
02-13 18:09:52.446 D/StatusBarPolicy(  327): StatusBarPolocy::getIconLevel -EVDO
02-13 18:09:52.446 D/StatusBarPolicy(  327): getEvdoLevel_band_six -evdoDbm:-90
02-13 18:09:52.446 D/StatusBarPolicy(  327): getEvdoLevel_band_six -evdoEcio:-20
02-13 18:09:53.227 D/StatusBarPolicy(  327): onSignalStrengthsChanged:SignalStrength: 99 0 -84 -70 -88 -20 7 99 2147483647 2147483647 2147483647 2147483647 cdma for subscription0
02-13 18:09:53.227 D/StatusBarPolicy(  327): updateSignalStrength on subscription :0
02-13 18:09:53.227 D/StatusBarPolicy(  327): StatusBarPolocy::getIconLevel -EVDO
02-13 18:09:53.227 D/StatusBarPolicy(  327): getEvdoLevel_band_six -evdoDbm:-88
02-13 18:09:53.227 D/StatusBarPolicy(  327): getEvdoLevel_band_six -evdoEcio:-20
02-13 18:09:54.819 D/PowerManagerService(  256): setTimeoutLocked now=294310 timeoutOverride=-1 nextState=1 when=401310
02-13 18:09:59.153 D/StatusBarPolicy(  327): onSignalStrengthsChanged:SignalStrength: 99 0 -84 -70 -87 -20 7 99 2147483647 2147483647 2147483647 2147483647 cdma for subscription0
02-13 18:09:59.203 D/StatusBarPolicy(  327): updateSignalStrength on subscription :0
02-13 18:09:59.203 D/StatusBarPolicy(  327): StatusBarPolocy::getIconLevel -EVDO
02-13 18:09:59.203 D/StatusBarPolicy(  327): getEvdoLevel_band_six -evdoDbm:-87
02-13 18:09:59.203 D/StatusBarPolicy(  327): getEvdoLevel_band_six -evdoEcio:-20
02-13 18:10:00.014 D/AlarmManager(  256): scheduleTimeTickEvent calendar=Mon Feb 13 18:11:00 CST 2012
02-13 18:10:00.014 D/AlarmManager(  256): calendar.getTimeInMillis()1329178260000
02-13 18:10:03.657 D/StatusBarPolicy(  327): onSignalStrengthsChanged:SignalStrength: 99 0 -82 -85 -84 -10 7 99 2147483647 2147483647 2147483647 2147483647 cdma for subscription0
02-13 18:10:03.657 D/StatusBarPolicy(  327): updateSignalStrength on subscription :0
02-13 18:10:03.657 D/StatusBarPolicy(  327): StatusBarPolocy::getIconLevel -EVDO
02-13 18:10:03.657 D/StatusBarPolicy(  327): getEvdoLevel_band_six -evdoDbm:-84
02-13 18:10:03.657 D/StatusBarPolicy(  327): getEvdoLevel_band_six -evdoEcio:-10
02-13 18:10:05.879 D/StatusBarPolicy(  327): onSignalStrengthsChanged:SignalStrength: 99 0 -80 -70 -84 -10 7 99 2147483647 2147483647 2147483647 2147483647 cdma for subscription0
02-13 18:10:05.879 D/StatusBarPolicy(  327): updateSignalStrength on subscription :0
02-13 18:10:05.879 D/StatusBarPolicy(  327): StatusBarPolocy::getIconLevel -EVDO
02-13 18:10:05.879 D/StatusBarPolicy(  327): getEvdoLevel_band_six -evdoDbm:-84
02-13 18:10:05.879 D/StatusBarPolicy(  327): getEvdoLevel_band_six -evdoEcio:-10
02-13 18:10:10.364 D/StatusBarPolicy(  327): onSignalStrengthsChanged:SignalStrength: 99 0 -80 -70 -79 -10 8 99 2147483647 2147483647 2147483647 2147483647 cdma for subscription0
02-13 18:10:10.364 D/StatusBarPolicy(  327): updateSignalStrength on subscription :0
02-13 18:10:10.364 D/StatusBarPolicy(  327): StatusBarPolocy::getIconLevel -EVDO
02-13 18:10:10.364 D/StatusBarPolicy(  327): getEvdoLevel_band_six -evdoDbm:-79
02-13 18:10:10.364 D/StatusBarPolicy(  327): getEvdoLevel_band_six -evdoEcio:-10
02-13 18:10:14.848 D/StatusBarPolicy(  327): onSignalStrengthsChanged:SignalStrength: 99 0 -80 -70 -80 -20 7 99 2147483647 2147483647 2147483647 2147483647 cdma for subscription0
02-13 18:10:14.848 D/StatusBarPolicy(  327): updateSignalStrength on subscription :0
02-13 18:10:14.858 D/StatusBarPolicy(  327): StatusBarPolocy::getIconLevel -EVDO
02-13 18:10:14.858 D/StatusBarPolicy(  327): getEvdoLevel_band_six -evdoDbm:-80
02-13 18:10:14.858 D/StatusBarPolicy(  327): getEvdoLevel_band_six -evdoEcio:-20
02-13 18:10:19.323 D/StatusBarPolicy(  327): onSignalStrengthsChanged:SignalStrength: 99 0 -80 -70 -81 -30 7 99 2147483647 2147483647 2147483647 2147483647 cdma for subscription0
02-13 18:10:19.323 D/StatusBarPolicy(  327): updateSignalStrength on subscription :0
02-13 18:10:19.323 D/StatusBarPolicy(  327): StatusBarPolocy::getIconLevel -EVDO
02-13 18:10:19.323 D/StatusBarPolicy(  327): getEvdoLevel_band_six -evdoDbm:-81
02-13 18:10:19.323 D/StatusBarPolicy(  327): getEvdoLevel_band_six -evdoEcio:-30
02-13 18:10:26.039 D/StatusBarPolicy(  327): onSignalStrengthsChanged:SignalStrength: 99 0 -80 -70 -84 -45 7 99 2147483647 2147483647 2147483647 2147483647 cdma for subscription0
02-13 18:10:26.039 D/StatusBarPolicy(  327): updateSignalStrength on subscription :0
02-13 18:10:26.049 D/StatusBarPolicy(  327): StatusBarPolocy::getIconLevel -EVDO
02-13 18:10:26.049 D/StatusBarPolicy(  327): getEvdoLevel_band_six -evdoDbm:-84
02-13 18:10:26.069 D/StatusBarPolicy(  327): getEvdoLevel_band_six -evdoEcio:-45
02-13 18:10:30.524 D/StatusBarPolicy(  327): onSignalStrengthsChanged:SignalStrength: 99 0 -80 -70 -86 -30 7 99 2147483647 2147483647 2147483647 2147483647 cdma for subscription0
02-13 18:10:30.524 D/StatusBarPolicy(  327): updateSignalStrength on subscription :0
02-13 18:10:30.524 D/StatusBarPolicy(  327): StatusBarPolocy::getIconLevel -EVDO
02-13 18:10:30.524 D/StatusBarPolicy(  327): getEvdoLevel_band_six -evdoDbm:-86
02-13 18:10:30.524 D/StatusBarPolicy(  327): getEvdoLevel_band_six -evdoEcio:-30
02-13 18:10:35.008 D/StatusBarPolicy(  327): onSignalStrengthsChanged:SignalStrength: 99 0 -80 -70 -85 -20 6 99 2147483647 2147483647 2147483647 2147483647 cdma for subscription0
02-13 18:10:35.008 D/StatusBarPolicy(  327): updateSignalStrength on subscription :0
02-13 18:10:35.008 D/StatusBarPolicy(  327): StatusBarPolocy::getIconLevel -EVDO
02-13 18:10:35.008 D/StatusBarPolicy(  327): getEvdoLevel_band_six -evdoDbm:-85
02-13 18:10:35.008 D/StatusBarPolicy(  327): getEvdoLevel_band_six -evdoEcio:-20
02-13 18:10:41.734 D/StatusBarPolicy(  327): onSignalStrengthsChanged:SignalStrength: 99 0 -80 -70 -83 -20 6 99 2147483647 2147483647 2147483647 2147483647 cdma for subscription0
02-13 18:10:41.744 D/StatusBarPolicy(  327): updateSignalStrength on subscription :0
02-13 18:10:41.754 D/StatusBarPolicy(  327): StatusBarPolocy::getIconLevel -EVDO
02-13 18:10:41.754 D/StatusBarPolicy(  327): getEvdoLevel_band_six -evdoDbm:-83
02-13 18:10:41.764 D/StatusBarPolicy(  327): getEvdoLevel_band_six -evdoEcio:-20
02-13 18:10:48.461 D/StatusBarPolicy(  327): onSignalStrengthsChanged:SignalStrength: 99 0 -82 -80 -83 -15 6 99 2147483647 2147483647 2147483647 2147483647 cdma for subscription0
02-13 18:10:48.461 D/StatusBarPolicy(  327): updateSignalStrength on subscription :0
02-13 18:10:48.471 D/StatusBarPolicy(  327): StatusBarPolocy::getIconLevel -EVDO
02-13 18:10:48.471 D/StatusBarPolicy(  327): getEvdoLevel_band_six -evdoDbm:-83
02-13 18:10:48.471 D/StatusBarPolicy(  327): getEvdoLevel_band_six -evdoEcio:-15
02-13 18:10:50.703 D/StatusBarPolicy(  327): onSignalStrengthsChanged:SignalStrength: 99 0 -84 -70 -84 -35 5 99 2147483647 2147483647 2147483647 2147483647 cdma for subscription0
02-13 18:10:50.703 D/StatusBarPolicy(  327): updateSignalStrength on subscription :0
02-13 18:10:50.703 D/StatusBarPolicy(  327): StatusBarPolocy::getIconLevel -EVDO
02-13 18:10:50.713 D/StatusBarPolicy(  327): getEvdoLevel_band_six -evdoDbm:-84
02-13 18:10:50.723 D/StatusBarPolicy(  327): getEvdoLevel_band_six -evdoEcio:-35
02-13 18:10:54.847 D/StatusBarPolicy(  327): onSignalStrengthsChanged:SignalStrength: 99 0 -99 -315 -84 -35 5 99 2147483647 2147483647 2147483647 2147483647 cdma for subscription0
02-13 18:10:54.847 D/StatusBarPolicy(  327): updateSignalStrength on subscription :0
02-13 18:10:54.847 D/StatusBarPolicy(  327): StatusBarPolocy::getIconLevel -EVDO
02-13 18:10:54.847 D/StatusBarPolicy(  327): getEvdoLevel_band_six -evdoDbm:-84
02-13 18:10:54.847 D/StatusBarPolicy(  327): getEvdoLevel_band_six -evdoEcio:-35
02-13 18:10:54.847 I/TelephonyRegistry(  256): notifyServiceState: 0 home Sprint  310099  EvDo rev. A CSS not supported 41 4139RoamInd: 1RoamStatus(sprint): 1DefRoamInd: 160EmergOnly: false
02-13 18:10:54.857 D/StatusBarPolicy(  327): onServiceStateChanged:0 home Sprint  310099  EvDo rev. A CSS not supported 41 4139RoamInd: 1RoamStatus(sprint): 1DefRoamInd: 160EmergOnly: falsefor subscription :0
02-13 18:10:54.857 D/StatusBarPolicy(  327): updateSignalStrength on subscription :0
02-13 18:10:54.857 D/StatusBarPolicy(  327): StatusBarPolocy::getIconLevel -EVDO
02-13 18:10:54.857 D/StatusBarPolicy(  327): getEvdoLevel_band_six -evdoDbm:-84
02-13 18:10:54.857 D/StatusBarPolicy(  327): getEvdoLevel_band_six -evdoEcio:-35
02-13 18:10:54.857 D/StatusBarPolicy(  327): updateDataIcon subscription =0
02-13 18:10:55.148 D/StatusBarPolicy(  327): onSignalStrengthsChanged:SignalStrength: 99 0 -99 -125 -84 -35 5 99 2147483647 2147483647 2147483647 2147483647 cdma for subscription0
02-13 18:10:55.148 D/StatusBarPolicy(  327): updateSignalStrength on subscription :0
02-13 18:10:55.148 D/StatusBarPolicy(  327): StatusBarPolocy::getIconLevel -EVDO
02-13 18:10:55.148 D/StatusBarPolicy(  327): getEvdoLevel_band_six -evdoDbm:-84
02-13 18:10:55.148 D/StatusBarPolicy(  327): getEvdoLevel_band_six -evdoEcio:-35
02-13 18:10:56.859 I/TelephonyRegistry(  256): notifyServiceState: 0 home Sprint  310099  EvDo rev. A CSS not supported 41 4139RoamInd: 1RoamStatus(sprint): 1DefRoamInd: 160EmergOnly: false
02-13 18:10:56.869 D/StatusBarPolicy(  327): onServiceStateChanged:0 home Sprint  310099  EvDo rev. A CSS not supported 41 4139RoamInd: 1RoamStatus(sprint): 1DefRoamInd: 160EmergOnly: falsefor subscription :0
02-13 18:10:56.869 D/StatusBarPolicy(  327): updateSignalStrength on subscription :0
02-13 18:10:56.869 D/StatusBarPolicy(  327): StatusBarPolocy::getIconLevel -EVDO
02-13 18:10:56.869 D/StatusBarPolicy(  327): getEvdoLevel_band_six -evdoDbm:-84
02-13 18:10:56.869 D/StatusBarPolicy(  327): getEvdoLevel_band_six -evdoEcio:-35
02-13 18:10:56.869 D/StatusBarPolicy(  327): updateDataIcon subscription =0
02-13 18:10:57.420 D/StatusBarPolicy(  327): onSignalStrengthsChanged:SignalStrength: 99 0 -120 -150 -120 -80 5 99 2147483647 2147483647 2147483647 2147483647 cdma for subscription0
02-13 18:10:57.420 D/StatusBarPolicy(  327): updateSignalStrength on subscription :0
02-13 18:10:57.430 D/StatusBarPolicy(  327): StatusBarPolocy::getIconLevel -EVDO
02-13 18:10:57.430 D/StatusBarPolicy(  327): getEvdoLevel_band_six -evdoDbm:-120
02-13 18:10:57.430 D/StatusBarPolicy(  327): getEvdoLevel_band_six -evdoEcio:-80
02-13 18:10:57.460 D/StatusBarPolicy(  327): onSignalStrengthsChanged:SignalStrength: 99 0 -99 -150 -89 -80 5 99 2147483647 2147483647 2147483647 2147483647 cdma for subscription0
02-13 18:10:57.460 D/StatusBarPolicy(  327): updateSignalStrength on subscription :0
02-13 18:10:57.460 D/StatusBarPolicy(  327): StatusBarPolocy::getIconLevel -EVDO
02-13 18:10:57.460 D/StatusBarPolicy(  327): getEvdoLevel_band_six -evdoDbm:-89
02-13 18:10:57.460 D/StatusBarPolicy(  327): getEvdoLevel_band_six -evdoEcio:-80
02-13 18:10:59.642 D/StatusBarPolicy(  327): onSignalStrengthsChanged:SignalStrength: 99 0 -99 -175 -89 -80 5 99 2147483647 2147483647 2147483647 2147483647 cdma for subscription0
02-13 18:10:59.642 D/StatusBarPolicy(  327): updateSignalStrength on subscription :0
02-13 18:10:59.642 D/StatusBarPolicy(  327): StatusBarPolocy::getIconLevel -EVDO
02-13 18:10:59.642 D/StatusBarPolicy(  327): getEvdoLevel_band_six -evdoDbm:-89
02-13 18:10:59.642 D/StatusBarPolicy(  327): getEvdoLevel_band_six -evdoEcio:-80
02-13 18:11:00.012 D/AlarmManager(  256): scheduleTimeTickEvent calendar=Mon Feb 13 18:12:00 CST 2012
02-13 18:11:00.012 D/AlarmManager(  256): calendar.getTimeInMillis()1329178320000
02-13 18:11:00.453 I/WindowManager(  256): Setting rotation to 1, animFlags=0
02-13 18:11:00.473 I/ActivityManager(  256): Config changed: { scale=1.0 imsi=310/120 loc=en_US touch=3 keys=1/1/2 nav=1/1 orien=2 layout=18 uiMode=17 seq=6}
02-13 18:11:01.884 D/StatusBarPolicy(  327): onSignalStrengthsChanged:SignalStrength: 99 0 -99 -175 -87 -15 6 99 2147483647 2147483647 2147483647 2147483647 cdma for subscription0
02-13 18:11:01.884 D/StatusBarPolicy(  327): updateSignalStrength on subscription :0
02-13 18:11:01.894 D/StatusBarPolicy(  327): StatusBarPolocy::getIconLevel -EVDO
02-13 18:11:01.894 D/StatusBarPolicy(  327): getEvdoLevel_band_six -evdoDbm:-87
02-13 18:11:01.894 D/StatusBarPolicy(  327): getEvdoLevel_band_six -evdoEcio:-15
02-13 18:11:04.026 D/StatusBarPolicy(  327): onSignalStrengthsChanged:SignalStrength: 99 0 -81 -70 -87 -15 6 99 2147483647 2147483647 2147483647 2147483647 cdma for subscription0
02-13 18:11:04.026 D/StatusBarPolicy(  327): updateSignalStrength on subscription :0
02-13 18:11:04.026 D/StatusBarPolicy(  327): StatusBarPolocy::getIconLevel -EVDO
02-13 18:11:04.026 D/StatusBarPolicy(  327): getEvdoLevel_band_six -evdoDbm:-87
02-13 18:11:04.026 D/StatusBarPolicy(  327): getEvdoLevel_band_six -evdoEcio:-15
02-13 18:11:04.036 I/TelephonyRegistry(  256): notifyServiceState: 0 home Sprint  310099  EvDo rev. A CSS not supported 41 4139RoamInd: 1RoamStatus(sprint): 1DefRoamInd: 160EmergOnly: false
02-13 18:11:04.036 D/StatusBarPolicy(  327): onServiceStateChanged:0 home Sprint  310099  EvDo rev. A CSS not supported 41 4139RoamInd: 1RoamStatus(sprint): 1DefRoamInd: 160EmergOnly: falsefor subscription :0
02-13 18:11:04.036 D/StatusBarPolicy(  327): updateSignalStrength on subscription :0
02-13 18:11:04.046 D/StatusBarPolicy(  327): StatusBarPolocy::getIconLevel -EVDO
02-13 18:11:04.046 D/StatusBarPolicy(  327): getEvdoLevel_band_six -evdoDbm:-87
02-13 18:11:04.046 D/StatusBarPolicy(  327): getEvdoLevel_band_six -evdoEcio:-15
02-13 18:11:04.046 D/StatusBarPolicy(  327): updateDataIcon subscription =0
02-13 18:11:06.368 D/StatusBarPolicy(  327): onSignalStrengthsChanged:SignalStrength: 99 0 -81 -70 -81 -5 7 99 2147483647 2147483647 2147483647 2147483647 cdma for subscription0
02-13 18:11:06.368 D/StatusBarPolicy(  327): updateSignalStrength on subscription :0
02-13 18:11:06.378 D/StatusBarPolicy(  327): StatusBarPolocy::getIconLevel -EVDO
02-13 18:11:06.378 D/StatusBarPolicy(  327): getEvdoLevel_band_six -evdoDbm:-81
02-13 18:11:06.378 D/StatusBarPolicy(  327): getEvdoLevel_band_six -evdoEcio:-5
02-13 18:11:10.873 D/StatusBarPolicy(  327): onSignalStrengthsChanged:SignalStrength: 99 0 -75 -70 -77 -5 8 99 2147483647 2147483647 2147483647 2147483647 cdma for subscription0
02-13 18:11:10.873 D/StatusBarPolicy(  327): updateSignalStrength on subscription :0
02-13 18:11:10.873 D/StatusBarPolicy(  327): StatusBarPolocy::getIconLevel -EVDO
02-13 18:11:10.873 D/StatusBarPolicy(  327): getEvdoLevel_band_six -evdoDbm:-77
02-13 18:11:10.873 D/StatusBarPolicy(  327): getEvdoLevel_band_six -evdoEcio:-5
02-13 18:11:18.630 I/WindowManager(  256): Setting rotation to 0, animFlags=0
02-13 18:11:18.630 I/ActivityManager(  256): Config changed: { scale=1.0 imsi=310/120 loc=en_US touch=3 keys=1/1/2 nav=1/1 orien=1 layout=18 uiMode=17 seq=7}
02-13 18:11:22.054 D/StatusBarPolicy(  327): onSignalStrengthsChanged:SignalStrength: 99 0 -75 -70 -74 -5 8 99 2147483647 2147483647 2147483647 2147483647 cdma for subscription0
02-13 18:11:22.054 D/StatusBarPolicy(  327): updateSignalStrength on subscription :0
02-13 18:11:22.064 D/StatusBarPolicy(  327): StatusBarPolocy::getIconLevel -EVDO
02-13 18:11:22.064 D/StatusBarPolicy(  327): getEvdoLevel_band_six -evdoDbm:-74
02-13 18:11:22.064 D/StatusBarPolicy(  327): getEvdoLevel_band_six -evdoEcio:-5
02-13 18:11:24.286 D/StatusBarPolicy(  327): onSignalStrengthsChanged:SignalStrength: 99 0 -74 -80 -74 -10 8 99 2147483647 2147483647 2147483647 2147483647 cdma for subscription0
02-13 18:11:24.286 D/StatusBarPolicy(  327): updateSignalStrength on subscription :0
02-13 18:11:24.296 D/StatusBarPolicy(  327): StatusBarPolocy::getIconLevel -EVDO
02-13 18:11:24.296 D/StatusBarPolicy(  327): getEvdoLevel_band_six -evdoDbm:-74
02-13 18:11:24.296 D/StatusBarPolicy(  327): getEvdoLevel_band_six -evdoEcio:-10
02-13 18:11:26.538 D/StatusBarPolicy(  327): onSignalStrengthsChanged:SignalStrength: 99 0 -74 -80 -75 -20 8 99 2147483647 2147483647 2147483647 2147483647 cdma for subscription0
02-13 18:11:26.538 D/StatusBarPolicy(  327): updateSignalStrength on subscription :0
02-13 18:11:26.548 D/StatusBarPolicy(  327): StatusBarPolocy::getIconLevel -EVDO
02-13 18:11:26.548 D/StatusBarPolicy(  327): getEvdoLevel_band_six -evdoDbm:-75
02-13 18:11:26.548 D/StatusBarPolicy(  327): getEvdoLevel_band_six -evdoEcio:-20
02-13 18:11:31.013 D/StatusBarPolicy(  327): onSignalStrengthsChanged:SignalStrength: 99 0 -79 -80 -75 -20 8 99 2147483647 2147483647 2147483647 2147483647 cdma for subscription0
02-13 18:11:31.013 D/StatusBarPolicy(  327): updateSignalStrength on subscription :0
02-13 18:11:31.023 D/StatusBarPolicy(  327): StatusBarPolocy::getIconLevel -EVDO
02-13 18:11:31.023 D/StatusBarPolicy(  327): getEvdoLevel_band_six -evdoDbm:-75
02-13 18:11:31.023 D/StatusBarPolicy(  327): getEvdoLevel_band_six -evdoEcio:-20
02-13 18:11:33.255 D/StatusBarPolicy(  327): onSignalStrengthsChanged:SignalStrength: 99 0 -79 -80 -78 -20 7 99 2147483647 2147483647 2147483647 2147483647 cdma for subscription0
02-13 18:11:33.255 D/StatusBarPolicy(  327): updateSignalStrength on subscription :0
02-13 18:11:33.265 D/StatusBarPolicy(  327): StatusBarPolocy::getIconLevel -EVDO
02-13 18:11:33.265 D/StatusBarPolicy(  327): getEvdoLevel_band_six -evdoDbm:-78
02-13 18:11:33.265 D/StatusBarPolicy(  327): getEvdoLevel_band_six -evdoEcio:-20
02-13 18:11:35.497 D/StatusBarPolicy(  327): onSignalStrengthsChanged:SignalStrength: 99 0 -77 -70 -78 -25 7 99 2147483647 2147483647 2147483647 2147483647 cdma for subscription0
02-13 18:11:35.497 D/StatusBarPolicy(  327): updateSignalStrength on subscription :0
02-13 18:11:35.507 D/StatusBarPolicy(  327): StatusBarPolocy::getIconLevel -EVDO
02-13 18:11:35.507 D/StatusBarPolicy(  327): getEvdoLevel_band_six -evdoDbm:-78
02-13 18:11:35.507 D/StatusBarPolicy(  327): getEvdoLevel_band_six -evdoEcio:-25
02-13 18:11:41.823 D/PowerManagerService(  256): setTimeoutLocked now=401318 timeoutOverride=-1 nextState=0 when=408318
02-13 18:11:43.254 D/PowerManagerService(  256): setTimeoutLocked now=402745 timeoutOverride=-1 nextState=3 when=408745
02-13 18:11:43.335 D/PowerManagerService(  256): setTimeoutLocked now=402832 timeoutOverride=-1 nextState=3 when=408832
02-13 18:11:43.365 W/WindowManager(  256): updateFocusedWindowLocked newFocus=Window{4092da60 com.android.mms/com.android.mms.ui.ComposeMessageActivity paused=false} mode=3 mCurrentFocus = Window{4092da60 com.android.mms/com.android.mms.ui.ComposeMessageActivity paused=false}
02-13 18:11:43.735 W/WindowManager(  256): updateFocusedWindowLocked newFocus=Window{4092da60 com.android.mms/com.android.mms.ui.ComposeMessageActivity paused=false} mode=3 mCurrentFocus = Window{4092da60 com.android.mms/com.android.mms.ui.ComposeMessageActivity paused=false}
02-13 18:11:44.766 D/PowerManagerService(  256): setTimeoutLocked now=404266 timeoutOverride=-1 nextState=3 when=410266
02-13 18:11:44.896 W/WindowManager(  256): updateFocusedWindowLocked newFocus=Window{4092da60 com.android.mms/com.android.mms.ui.ComposeMessageActivity paused=false} mode=3 mCurrentFocus = Window{4092da60 com.android.mms/com.android.mms.ui.ComposeMessageActivity paused=false}
02-13 18:11:46.698 D/StatusBarPolicy(  327): onSignalStrengthsChanged:SignalStrength: 99 0 -77 -70 -77 -10 7 99 2147483647 2147483647 2147483647 2147483647 cdma for subscription0
02-13 18:11:46.698 D/StatusBarPolicy(  327): updateSignalStrength on subscription :0
02-13 18:11:46.708 D/StatusBarPolicy(  327): StatusBarPolocy::getIconLevel -EVDO
02-13 18:11:46.708 D/StatusBarPolicy(  327): getEvdoLevel_band_six -evdoDbm:-77
02-13 18:11:46.708 D/StatusBarPolicy(  327): getEvdoLevel_band_six -evdoEcio:-10
02-13 18:11:47.449 W/WindowManager(  256): updateFocusedWindowLocked newFocus=Window{4092da60 com.android.mms/com.android.mms.ui.ComposeMessageActivity paused=false} mode=3 mCurrentFocus = Window{4092da60 com.android.mms/com.android.mms.ui.ComposeMessageActivity paused=false}
02-13 18:11:50.772 D/PowerManagerService(  256): setTimeoutLocked now=410267 timeoutOverride=-1 nextState=1 when=517267
02-13 18:11:53.414 D/StatusBarPolicy(  327): onSignalStrengthsChanged:SignalStrength: 99 0 -77 -70 -76 -10 8 99 2147483647 2147483647 2147483647 2147483647 cdma for subscription0
02-13 18:11:53.414 D/StatusBarPolicy(  327): updateSignalStrength on subscription :0
02-13 18:11:53.414 D/StatusBarPolicy(  327): StatusBarPolocy::getIconLevel -EVDO
02-13 18:11:53.414 D/StatusBarPolicy(  327): getEvdoLevel_band_six -evdoDbm:-76
02-13 18:11:53.424 D/StatusBarPolicy(  327): getEvdoLevel_band_six -evdoEcio:-10
02-13 18:11:57.879 D/StatusBarPolicy(  327): onSignalStrengthsChanged:SignalStrength: 99 0 -77 -70 -77 -10 8 99 2147483647 2147483647 2147483647 2147483647 cdma for subscription0
02-13 18:11:57.879 D/StatusBarPolicy(  327): updateSignalStrength on subscription :0
02-13 18:11:57.879 D/StatusBarPolicy(  327): StatusBarPolocy::getIconLevel -EVDO
02-13 18:11:57.879 D/StatusBarPolicy(  327): getEvdoLevel_band_six -evdoDbm:-77
02-13 18:11:57.879 D/StatusBarPolicy(  327): getEvdoLevel_band_six -evdoEcio:-10
02-13 18:12:00.011 D/AlarmManager(  256): scheduleTimeTickEvent calendar=Mon Feb 13 18:13:00 CST 2012
02-13 18:12:00.011 D/AlarmManager(  256): calendar.getTimeInMillis()1329178380000
02-13 18:12:02.373 D/StatusBarPolicy(  327): onSignalStrengthsChanged:SignalStrength: 99 0 -77 -70 -76 -10 8 99 2147483647 2147483647 2147483647 2147483647 cdma for subscription0
02-13 18:12:02.373 D/StatusBarPolicy(  327): updateSignalStrength on subscription :0
02-13 18:12:02.373 D/StatusBarPolicy(  327): StatusBarPolocy::getIconLevel -EVDO
02-13 18:12:02.383 D/StatusBarPolicy(  327): getEvdoLevel_band_six -evdoDbm:-76
02-13 18:12:02.383 D/StatusBarPolicy(  327): getEvdoLevel_band_six -evdoEcio:-10
02-13 18:12:06.717 E/StatusBarPolicy(  327): onCallStateChanged Received on subscription :0
02-13 18:12:06.717 D/StatusBarPolicy(  327): updateSignalStrength on subscription :0
02-13 18:12:06.717 D/StatusBarPolicy(  327): getCdmaLevel_band_six -cdmaDbm:-77
02-13 18:12:06.717 D/StatusBarPolicy(  327): getCdmaLevel_band_six -cdmaEcio:-70
02-13 18:12:06.797 I/TelephonyRegistry(  256): notifyDataConnection: anyState=3,default/INET,apnTypeState=3,iface=rmnet0,ip=173.155.101.96,gw=173.155.101.97,isDataConnectivityPossible=true,networkType=6,reason=2GVoiceCallStarted
02-13 18:12:06.797 D/StatusBarPolicy(  327): StatusBarPolicy onDataConnectionStateChanged to 3for nw : 6on subscription : 0
02-13 18:12:06.797 D/StatusBarPolicy(  327): Data network type changed to:6
02-13 18:12:06.797 D/StatusBarPolicy(  327): updateDataIcon subscription =0
02-13 18:12:06.827 D/ConnectivityService(  256): ConnectivityChange for mobile: SUSPENDED/SUSPENDED
02-13 18:12:06.827 D/ConnectivityService(  256): Got Network Disconnected from Driver nwtype=0
02-13 18:12:06.827 D/ConnectivityService(  256): getMobileDataEnabled returning true
02-13 18:12:06.827 D/ConnectivityService(  256): Attempting to switch to WIFI
02-13 18:12:06.837 D/StatusBarPolicy(  327): Data network type changed to:6
02-13 18:12:06.857 I/TelephonyRegistry(  256): notifyDataConnection: anyState=3,default/INET6,apnTypeState=0,iface=null,ip=null,gw=null,isDataConnectivityPossible=true,networkType=6,reason=2GVoiceCallStarted
02-13 18:12:06.867 D/StatusBarPolicy(  327): updateDataIcon subscription =0
02-13 18:12:06.867 D/StatusBarPolicy(  327): updateSignalStrength on subscription :0
02-13 18:12:06.867 D/StatusBarPolicy(  327): getCdmaLevel_band_six -cdmaDbm:-77
02-13 18:12:06.867 D/StatusBarPolicy(  327): getCdmaLevel_band_six -cdmaEcio:-70
02-13 18:12:06.928 I/TelephonyRegistry(  256): notifyDataConnection: anyState=3,mms/INET,apnTypeState=3,iface=rmnet0,ip=173.155.101.96,gw=173.155.101.97,isDataConnectivityPossible=true,networkType=6,reason=2GVoiceCallStarted
02-13 18:12:06.948 I/TelephonyRegistry(  256): notifyDataConnection: anyState=3,mms/INET6,apnTypeState=0,iface=null,ip=null,gw=null,isDataConnectivityPossible=true,networkType=6,reason=2GVoiceCallStarted
02-13 18:12:06.998 D/ConnectivityService(  256): reportNetworkCondition(0, 0)
02-13 18:12:06.998 D/ConnectivityService(  256): Inet connectivity change, net=0, condition=0,mActiveDefaultNetwork=-1
02-13 18:12:06.998 D/ConnectivityService(  256): no active default network - aborting
02-13 18:12:07.008 I/TelephonyRegistry(  256): notifyDataConnection: anyState=3,supl/INET,apnTypeState=3,iface=rmnet0,ip=173.155.101.96,gw=173.155.101.97,isDataConnectivityPossible=true,networkType=6,reason=2GVoiceCallStarted
02-13 18:12:07.038 I/TelephonyRegistry(  256): notifyDataConnection: anyState=3,supl/INET6,apnTypeState=0,iface=null,ip=null,gw=null,isDataConnectivityPossible=true,networkType=6,reason=2GVoiceCallStarted
02-13 18:12:07.068 I/TelephonyRegistry(  256): notifyDataConnection: anyState=3,dun/INET,apnTypeState=0,iface=null,ip=null,gw=null,isDataConnectivityPossible=true,networkType=6,reason=2GVoiceCallStarted
