02-13 18:06:20.196 D/StatusBarPolicy(  327): getEvdoLevel_band_six -evdoDbm:-89
02-13 18:06:20.196 D/StatusBarPolicy(  327): getEvdoLevel_band_six -evdoEcio:-45
02-13 18:06:20.196 D/StatusBarPolicy(  327): updateDataIcon subscription =0
02-13 18:06:22.939 D/StatusBarPolicy(  327): onSignalStrengthsChanged:SignalStrength: 99 0 -84 -70 -89 -45 7 99 2147483647 2147483647 2147483647 2147483647 cdma for subscription0
02-13 18:06:22.939 D/StatusBarPolicy(  327): updateSignalStrength on subscription :0
02-13 18:06:22.949 D/StatusBarPolicy(  327): StatusBarPolocy::getIconLevel -EVDO
02-13 18:06:22.949 D/StatusBarPolicy(  327): getEvdoLevel_band_six -evdoDbm:-89
02-13 18:06:22.949 D/StatusBarPolicy(  327): getEvdoLevel_band_six -evdoEcio:-45
02-13 18:06:25.171 D/StatusBarPolicy(  327): onSignalStrengthsChanged:SignalStrength: 99 0 -84 -70 -85 -10 7 99 2147483647 2147483647 2147483647 2147483647 cdma for subscription0
02-13 18:06:25.171 D/StatusBarPolicy(  327): updateSignalStrength on subscription :0
02-13 18:06:25.171 D/StatusBarPolicy(  327): StatusBarPolocy::getIconLevel -EVDO
02-13 18:06:25.181 D/StatusBarPolicy(  327): getEvdoLevel_band_six -evdoDbm:-85
02-13 18:06:25.181 D/StatusBarPolicy(  327): getEvdoLevel_band_six -evdoEcio:-10
02-13 18:06:27.413 D/StatusBarPolicy(  327): onSignalStrengthsChanged:SignalStrength: 99 0 -84 -70 -80 -10 7 99 2147483647 2147483647 2147483647 2147483647 cdma for subscription0
02-13 18:06:27.413 D/StatusBarPolicy(  327): updateSignalStrength on subscription :0
02-13 18:06:27.413 D/StatusBarPolicy(  327): StatusBarPolocy::getIconLevel -EVDO
02-13 18:06:27.413 D/StatusBarPolicy(  327): getEvdoLevel_band_six -evdoDbm:-80
02-13 18:06:27.423 D/StatusBarPolicy(  327): getEvdoLevel_band_six -evdoEcio:-10
02-13 18:06:29.665 D/StatusBarPolicy(  327): onSignalStrengthsChanged:SignalStrength: 99 0 -84 -70 -83 -20 7 99 2147483647 2147483647 2147483647 2147483647 cdma for subscription0
02-13 18:06:29.665 D/StatusBarPolicy(  327): updateSignalStrength on subscription :0
02-13 18:06:29.675 D/StatusBarPolicy(  327): StatusBarPolocy::getIconLevel -EVDO
02-13 18:06:29.675 D/StatusBarPolicy(  327): getEvdoLevel_band_six -evdoDbm:-83
02-13 18:06:29.675 D/StatusBarPolicy(  327): getEvdoLevel_band_six -evdoEcio:-20
02-13 18:06:31.757 D/BatteryService(  256): updateBattery level:9 scale:100 status:3 health:2 present:true voltage: 3614 temperature: 300 technology: Li-ion AC powered:false USB powered:false icon:17302173
02-13 18:06:31.797 D/WifiService(  256): ACTION_BATTERY_CHANGED pluggedType: 0
02-13 18:06:31.797 D/WifiService(  256): WifiHandler, MESSAGE_UPDATE_STATE
02-13 18:06:31.797 D/WifiService(  256): isAirplaneModeOn(): false
02-13 18:06:31.797 D/WifiService(  256): updateWifiState(), wifiEnabled: true, airplaneMode: false, wifiShouldBeEnabled: true, wifiShouldBeStarted: true, strongestLockMode: 1
02-13 18:06:31.797 D/WifiService(  256): WifiHandler, MESSAGE_ENABLE_WIFI, msg.arg1: 0, msg.arg2: 1000
02-13 18:06:31.797 D/WifiService(  256): WifiHandler, MESSAGE_START_WIFI, msg.arg1: 1
02-13 18:06:33.880 D/PowerManagerService(  256): setTimeoutLocked now=143552 timeoutOverride=-1 nextState=0 when=150552
02-13 18:06:34.150 D/StatusBarPolicy(  327): onSignalStrengthsChanged:SignalStrength: 99 0 -92 -315 -90 -65 7 99 2147483647 2147483647 2147483647 2147483647 cdma for subscription0
02-13 18:06:34.150 D/StatusBarPolicy(  327): updateSignalStrength on subscription :0
02-13 18:06:34.160 D/StatusBarPolicy(  327): StatusBarPolocy::getIconLevel -EVDO
02-13 18:06:34.160 D/StatusBarPolicy(  327): getEvdoLevel_band_six -evdoDbm:-90
02-13 18:06:34.160 D/StatusBarPolicy(  327): getEvdoLevel_band_six -evdoEcio:-65
02-13 18:06:36.382 D/StatusBarPolicy(  327): onSignalStrengthsChanged:SignalStrength: 99 0 -92 -315 -93 -65 6 99 2147483647 2147483647 2147483647 2147483647 cdma for subscription0
02-13 18:06:36.382 D/StatusBarPolicy(  327): updateSignalStrength on subscription :0
02-13 18:06:36.382 D/StatusBarPolicy(  327): StatusBarPolocy::getIconLevel -EVDO
02-13 18:06:36.382 D/StatusBarPolicy(  327): getEvdoLevel_band_six -evdoDbm:-93
02-13 18:06:36.392 D/StatusBarPolicy(  327): getEvdoLevel_band_six -evdoEcio:-65
02-13 18:06:37.463 D/StatusBarPolicy(  327): onSignalStrengthsChanged:SignalStrength: 99 0 -103 -115 -93 -60 6 99 2147483647 2147483647 2147483647 2147483647 cdma for subscription0
02-13 18:06:37.463 D/StatusBarPolicy(  327): updateSignalStrength on subscription :0
02-13 18:06:37.463 D/StatusBarPolicy(  327): StatusBarPolocy::getIconLevel -EVDO
02-13 18:06:37.463 D/StatusBarPolicy(  327): getEvdoLevel_band_six -evdoDbm:-93
02-13 18:06:37.463 D/StatusBarPolicy(  327): getEvdoLevel_band_six -evdoEcio:-60
02-13 18:06:37.473 I/TelephonyRegistry(  256): notifyServiceState: 0 home Sprint  310099  EvDo rev. A CSS not supported 41 4139RoamInd: 1RoamStatus(sprint): 1DefRoamInd: 160EmergOnly: false
02-13 18:06:37.473 D/StatusBarPolicy(  327): onServiceStateChanged:0 home Sprint  310099  EvDo rev. A CSS not supported 41 4139RoamInd: 1RoamStatus(sprint): 1DefRoamInd: 160EmergOnly: falsefor subscription :0
02-13 18:06:37.473 D/StatusBarPolicy(  327): updateSignalStrength on subscription :0
02-13 18:06:37.473 D/StatusBarPolicy(  327): StatusBarPolocy::getIconLevel -EVDO
02-13 18:06:37.473 D/StatusBarPolicy(  327): getEvdoLevel_band_six -evdoDbm:-93
02-13 18:06:37.473 D/StatusBarPolicy(  327): getEvdoLevel_band_six -evdoEcio:-60
02-13 18:06:37.473 D/StatusBarPolicy(  327): updateDataIcon subscription =0
02-13 18:06:38.594 D/StatusBarPolicy(  327): onSignalStrengthsChanged:SignalStrength: 99 0 -104 -125 -98 -60 6 99 2147483647 2147483647 2147483647 2147483647 cdma for subscription0
02-13 18:06:38.594 D/StatusBarPolicy(  327): updateSignalStrength on subscription :0
02-13 18:06:38.594 D/StatusBarPolicy(  327): StatusBarPolocy::getIconLevel -EVDO
02-13 18:06:38.594 D/StatusBarPolicy(  327): getEvdoLevel_band_six -evdoDbm:-98
02-13 18:06:38.594 D/StatusBarPolicy(  327): getEvdoLevel_band_six -evdoEcio:-60
02-13 18:06:40.856 D/StatusBarPolicy(  327): onSignalStrengthsChanged:SignalStrength: 99 0 -105 -135 -100 -75 5 99 2147483647 2147483647 2147483647 2147483647 cdma for subscription0
02-13 18:06:40.856 D/StatusBarPolicy(  327): updateSignalStrength on subscription :0
02-13 18:06:40.856 D/StatusBarPolicy(  327): StatusBarPolocy::getIconLevel -EVDO
02-13 18:06:40.866 D/StatusBarPolicy(  327): getEvdoLevel_band_six -evdoDbm:-100
02-13 18:06:40.866 D/StatusBarPolicy(  327): getEvdoLevel_band_six -evdoEcio:-75
02-13 18:06:40.976 D/WifiService(  256): ACTION_SCREEN_OFF
02-13 18:06:40.996 D/WifiService(  256): setting ACTION_DEVICE_IDLE timer for 120,000 ms
02-13 18:07:09.552 D/AlarmManager(  256): scheduleTimeTickEvent calendar=Mon Feb 13 18:08:00 CST 2012
02-13 18:07:09.552 D/AlarmManager(  256): calendar.getTimeInMillis()1329178080000
02-13 18:07:09.602 D/WifiService(  256): ACTION_BATTERY_CHANGED pluggedType: 0
02-13 18:07:09.602 D/WifiService(  256): WifiHandler, MESSAGE_UPDATE_STATE
02-13 18:07:09.602 D/WifiService(  256): isAirplaneModeOn(): false
02-13 18:07:09.602 D/WifiService(  256): updateWifiState(), wifiEnabled: true, airplaneMode: false, wifiShouldBeEnabled: true, wifiShouldBeStarted: true, strongestLockMode: 1
02-13 18:07:09.602 D/WifiService(  256): WifiHandler, MESSAGE_ENABLE_WIFI, msg.arg1: 0, msg.arg2: 1000
02-13 18:07:09.602 D/WifiService(  256): WifiHandler, MESSAGE_START_WIFI, msg.arg1: 1
02-13 18:07:19.552 D/WifiService(  256): ACTION_BATTERY_CHANGED pluggedType: 0
02-13 18:07:19.552 D/WifiService(  256): WifiHandler, MESSAGE_UPDATE_STATE
02-13 18:07:19.552 D/WifiService(  256): isAirplaneModeOn(): false
02-13 18:07:19.552 D/WifiService(  256): updateWifiState(), wifiEnabled: true, airplaneMode: false, wifiShouldBeEnabled: true, wifiShouldBeStarted: true, strongestLockMode: 1
02-13 18:07:19.552 D/WifiService(  256): WifiHandler, MESSAGE_ENABLE_WIFI, msg.arg1: 0, msg.arg2: 1000
02-13 18:07:19.552 D/WifiService(  256): WifiHandler, MESSAGE_START_WIFI, msg.arg1: 1
02-13 18:07:34.582 D/WifiService(  256): ACTION_SCREEN_ON
02-13 18:07:34.582 D/WifiService(  256): WifiHandler, MESSAGE_UPDATE_STATE
02-13 18:07:34.582 D/WifiService(  256): isAirplaneModeOn(): false
02-13 18:07:34.582 D/WifiService(  256): updateWifiState(), wifiEnabled: true, airplaneMode: false, wifiShouldBeEnabled: true, wifiShouldBeStarted: true, strongestLockMode: 1
02-13 18:07:34.582 D/WifiService(  256): WifiHandler, MESSAGE_ENABLE_WIFI, msg.arg1: 0, msg.arg2: 1000
02-13 18:07:34.582 D/WifiService(  256): WifiHandler, MESSAGE_START_WIFI, msg.arg1: 1
02-13 18:07:34.612 D/StatusBarPolicy(  327): onSignalStrengthsChanged:SignalStrength: 99 0 -113 -315 -95 -75 5 99 2147483647 2147483647 2147483647 2147483647 cdma for subscription0
02-13 18:07:34.612 D/StatusBarPolicy(  327): updateSignalStrength on subscription :0
02-13 18:07:34.612 D/StatusBarPolicy(  327): StatusBarPolocy::getIconLevel -EVDO
02-13 18:07:34.612 D/StatusBarPolicy(  327): getEvdoLevel_band_six -evdoDbm:-95
02-13 18:07:34.612 D/StatusBarPolicy(  327): getEvdoLevel_band_six -evdoEcio:-75
02-13 18:07:34.612 W/WindowManager(  256): updateFocusedWindowLocked newFocus=Window{4076fa10 Keyguard paused=false} mode=3 mCurrentFocus = Window{4076fa10 Keyguard paused=false}
02-13 18:07:34.622 D/StatusBarPolicy(  327): updateDataIcon subscription =0
02-13 18:07:34.652 I/TelephonyRegistry(  256): notifyServiceState: 0 home Sprint  310099  EvDo rev. A CSS not supported 41 4139RoamInd: 1RoamStatus(sprint): 1DefRoamInd: 160EmergOnly: false
02-13 18:07:34.652 D/StatusBarPolicy(  327): onServiceStateChanged:0 home Sprint  310099  EvDo rev. A CSS not supported 41 4139RoamInd: 1RoamStatus(sprint): 1DefRoamInd: 160EmergOnly: falsefor subscription :0
02-13 18:07:34.652 D/StatusBarPolicy(  327): updateSignalStrength on subscription :0
02-13 18:07:34.652 D/StatusBarPolicy(  327): StatusBarPolocy::getIconLevel -EVDO
02-13 18:07:34.652 D/StatusBarPolicy(  327): getEvdoLevel_band_six -evdoDbm:-95
02-13 18:07:34.652 D/StatusBarPolicy(  327): getEvdoLevel_band_six -evdoEcio:-75
02-13 18:07:34.652 D/StatusBarPolicy(  327): updateDataIcon subscription =0
02-13 18:07:35.763 D/StatusBarPolicy(  327): onSignalStrengthsChanged:SignalStrength: 99 0 -113 -315 -101 -75 5 99 2147483647 2147483647 2147483647 2147483647 cdma for subscription0
02-13 18:07:35.763 D/StatusBarPolicy(  327): updateSignalStrength on subscription :0
02-13 18:07:35.763 D/StatusBarPolicy(  327): StatusBarPolocy::getIconLevel -EVDO
02-13 18:07:35.763 D/StatusBarPolicy(  327): getEvdoLevel_band_six -evdoDbm:-101
02-13 18:07:35.763 D/StatusBarPolicy(  327): getEvdoLevel_band_six -evdoEcio:-75
02-13 18:07:35.823 D/PowerManagerService(  256): setTimeoutLocked now=155328 timeoutOverride=-1 nextState=3 when=161328
02-13 18:07:35.833 W/WindowManager(  256): updateFocusedWindowLocked newFocus=null mode=3 mCurrentFocus = Window{4076fa10 Keyguard paused=false}
02-13 18:07:35.833 W/WindowManager(  256): updateFocusedWindowLocked newFocus=Window{40878a98  paused=false} mode=2 mCurrentFocus = null
02-13 18:07:35.873 D/PowerManagerService(  256): setTimeoutLocked now=155370 timeoutOverride=-1 nextState=3 when=161370
02-13 18:07:36.444 D/StatusBarPolicy(  327): onSignalStrengthsChanged:SignalStrength: 99 0 -111 -315 -120 -315 5 99 2147483647 2147483647 2147483647 2147483647 cdma for subscription0
02-13 18:07:36.444 D/StatusBarPolicy(  327): updateSignalStrength on subscription :0
02-13 18:07:36.444 D/StatusBarPolicy(  327): StatusBarPolocy::getIconLevel -EVDO
02-13 18:07:36.444 D/StatusBarPolicy(  327): getEvdoLevel_band_six -evdoDbm:-120
02-13 18:07:36.444 D/StatusBarPolicy(  327): getEvdoLevel_band_six -evdoEcio:-315
02-13 18:07:36.874 D/PowerManagerService(  256): setTimeoutLocked now=156371 timeoutOverride=-1 nextState=3 when=162371
02-13 18:07:36.984 D/PowerManagerService(  256): setTimeoutLocked now=156483 timeoutOverride=-1 nextState=3 when=162483
02-13 18:07:36.994 W/WindowManager(  256): updateFocusedWindowLocked newFocus=Window{4075ff80 com.android.launcher/com.android.launcher2.Launcher paused=false} mode=3 mCurrentFocus = Window{40878a98  paused=false}
02-13 18:07:38.065 D/StatusBarPolicy(  327): onSignalStrengthsChanged:SignalStrength: 99 0 -128 -25 -110 -80 3 99 2147483647 2147483647 2147483647 2147483647 cdma for subscription0
02-13 18:07:38.065 D/StatusBarPolicy(  327): updateSignalStrength on subscription :0
02-13 18:07:38.075 D/StatusBarPolicy(  327): StatusBarPolocy::getIconLevel -EVDO
02-13 18:07:38.075 D/StatusBarPolicy(  327): getEvdoLevel_band_six -evdoDbm:-110
02-13 18:07:38.075 D/StatusBarPolicy(  327): getEvdoLevel_band_six -evdoEcio:-80
02-13 18:07:38.095 I/TelephonyRegistry(  256): notifyServiceState: 0 home Sprint    EvDo rev. A CSS not supported 0 0RoamInd: 1RoamStatus(sprint): 1DefRoamInd: 160EmergOnly: false
02-13 18:07:38.095 D/StatusBarPolicy(  327): onServiceStateChanged:0 home Sprint    EvDo rev. A CSS not supported 0 0RoamInd: 1RoamStatus(sprint): 1DefRoamInd: 160EmergOnly: falsefor subscription :0
02-13 18:07:38.095 D/StatusBarPolicy(  327): updateSignalStrength on subscription :0
02-13 18:07:38.095 D/StatusBarPolicy(  327): StatusBarPolocy::getIconLevel -EVDO
02-13 18:07:38.095 D/StatusBarPolicy(  327): getEvdoLevel_band_six -evdoDbm:-110
02-13 18:07:38.095 D/StatusBarPolicy(  327): getEvdoLevel_band_six -evdoEcio:-80
02-13 18:07:38.095 D/StatusBarPolicy(  327): updateDataIcon subscription =0
02-13 18:07:38.616 I/ActivityManager(  256): Start proc zte.com.cn.alarmclock for broadcast zte.com.cn.alarmclock/.AlarmInitReceiver: pid=804 uid=10001 gids={}
02-13 18:07:38.646 I/TelephonyRegistry(  256): notifyServiceState: 0 home Sprint  310099  EvDo rev. A CSS not supported 41 4139RoamInd: 1RoamStatus(sprint): 1DefRoamInd: 160EmergOnly: false
02-13 18:07:38.656 D/StatusBarPolicy(  327): onSignalStrengthsChanged:SignalStrength: 99 0 -119 -25 -110 -80 3 99 2147483647 2147483647 2147483647 2147483647 cdma for subscription0
02-13 18:07:38.656 D/StatusBarPolicy(  327): updateSignalStrength on subscription :0
02-13 18:07:38.656 D/StatusBarPolicy(  327): StatusBarPolocy::getIconLevel -EVDO
02-13 18:07:38.656 D/StatusBarPolicy(  327): getEvdoLevel_band_six -evdoDbm:-110
02-13 18:07:38.656 D/StatusBarPolicy(  327): getEvdoLevel_band_six -evdoEcio:-80
02-13 18:07:38.656 D/StatusBarPolicy(  327): onServiceStateChanged:0 home Sprint  310099  EvDo rev. A CSS not supported 41 4139RoamInd: 1RoamStatus(sprint): 1DefRoamInd: 160EmergOnly: falsefor subscription :0
02-13 18:07:38.656 D/StatusBarPolicy(  327): updateSignalStrength on subscription :0
02-13 18:07:38.666 D/StatusBarPolicy(  327): StatusBarPolocy::getIconLevel -EVDO
02-13 18:07:38.666 D/StatusBarPolicy(  327): getEvdoLevel_band_six -evdoDbm:-110
02-13 18:07:38.666 D/StatusBarPolicy(  327): getEvdoLevel_band_six -evdoEcio:-80
02-13 18:07:38.666 D/StatusBarPolicy(  327): updateDataIcon subscription =0
02-13 18:07:38.736 I/ActivityManager(  256): No longer want com.android.calendar (pid 632): hidden #16
02-13 18:07:40.267 D/StatusBarPolicy(  327): onSignalStrengthsChanged:SignalStrength: 99 0 -108 -110 -110 -80 3 99 2147483647 2147483647 2147483647 2147483647 cdma for subscription0
02-13 18:07:40.267 D/StatusBarPolicy(  327): updateSignalStrength on subscription :0
02-13 18:07:40.277 D/StatusBarPolicy(  327): StatusBarPolocy::getIconLevel -EVDO
02-13 18:07:40.277 D/StatusBarPolicy(  327): getEvdoLevel_band_six -evdoDbm:-110
02-13 18:07:40.277 D/StatusBarPolicy(  327): getEvdoLevel_band_six -evdoEcio:-80
02-13 18:07:42.510 D/StatusBarPolicy(  327): onSignalStrengthsChanged:SignalStrength: 99 0 -115 -220 -110 -80 3 99 2147483647 2147483647 2147483647 2147483647 cdma for subscription0
02-13 18:07:42.510 D/StatusBarPolicy(  327): updateSignalStrength on subscription :0
02-13 18:07:42.520 D/StatusBarPolicy(  327): StatusBarPolocy::getIconLevel -EVDO
02-13 18:07:42.520 D/StatusBarPolicy(  327): getEvdoLevel_band_six -evdoDbm:-110
02-13 18:07:42.520 D/StatusBarPolicy(  327): getEvdoLevel_band_six -evdoEcio:-80
02-13 18:07:42.790 D/StatusBarPolicy(  327): onSignalStrengthsChanged:SignalStrength: 99 0 -115 -260 -110 -80 3 99 2147483647 2147483647 2147483647 2147483647 cdma for subscription0
02-13 18:07:42.790 D/StatusBarPolicy(  327): updateSignalStrength on subscription :0
02-13 18:07:42.790 D/StatusBarPolicy(  327): StatusBarPolocy::getIconLevel -EVDO
02-13 18:07:42.790 D/StatusBarPolicy(  327): getEvdoLevel_band_six -evdoDbm:-110
02-13 18:07:42.790 D/StatusBarPolicy(  327): getEvdoLevel_band_six -evdoEcio:-80
02-13 18:07:42.990 D/PowerManagerService(  256): setTimeoutLocked now=162484 timeoutOverride=-1 nextState=1 when=269484
02-13 18:07:43.080 D/PowerManagerService(  256): setTimeoutLocked now=162571 timeoutOverride=-1 nextState=3 when=168571
02-13 18:07:43.190 D/PowerManagerService(  256): setTimeoutLocked now=162684 timeoutOverride=-1 nextState=3 when=168684
02-13 18:07:43.200 I/ActivityManager(  256): Starting: Intent { act=android.intent.action.MAIN cat=[android.intent.category.LAUNCHER] flg=0x10200000 cmp=com.android.mms/.ui.ConversationList bnds=[163,337][237,416] } from pid 351
02-13 18:07:43.200 W/WindowManager(  256): updateFocusedWindowLocked newFocus=Window{4075ff80 com.android.launcher/com.android.launcher2.Launcher paused=false} mode=3 mCurrentFocus = Window{4075ff80 com.android.launcher/com.android.launcher2.Launcher paused=false}
02-13 18:07:43.230 W/WindowManager(  256): updateFocusedWindowLocked newFocus=null mode=0 mCurrentFocus = Window{4075ff80 com.android.launcher/com.android.launcher2.Launcher paused=true}
02-13 18:07:43.230 W/WindowManager(  256): updateFocusedWindowLocked newFocus=null mode=2 mCurrentFocus = null
02-13 18:07:43.230 W/WindowManager(  256): updateFocusedWindowLocked newFocus=null mode=2 mCurrentFocus = null
02-13 18:07:43.270 W/WindowManager(  256): updateFocusedWindowLocked newFocus=null mode=3 mCurrentFocus = null
02-13 18:07:43.811 W/WindowManager(  256): updateFocusedWindowLocked newFocus=Window{408eec40 com.android.mms/com.android.mms.ui.ConversationList paused=false} mode=3 mCurrentFocus = null
02-13 18:07:44.021 W/WindowManager(  256): updateFocusedWindowLocked newFocus=Window{408eec40 com.android.mms/com.android.mms.ui.ConversationList paused=false} mode=3 mCurrentFocus = Window{408eec40 com.android.mms/com.android.mms.ui.ConversationList paused=false}
02-13 18:07:44.762 D/StatusBarPolicy(  327): onSignalStrengthsChanged:SignalStrength: 99 0 -118 -220 -120 -315 3 99 2147483647 2147483647 2147483647 2147483647 cdma for subscription0
02-13 18:07:44.762 D/StatusBarPolicy(  327): updateSignalStrength on subscription :0
02-13 18:07:44.762 D/StatusBarPolicy(  327): StatusBarPolocy::getIconLevel -EVDO
02-13 18:07:44.762 D/StatusBarPolicy(  327): getEvdoLevel_band_six -evdoDbm:-120
02-13 18:07:44.762 D/StatusBarPolicy(  327): getEvdoLevel_band_six -evdoEcio:-315
02-13 18:07:45.002 D/PowerManagerService(  256): setTimeoutLocked now=164500 timeoutOverride=-1 nextState=3 when=170500
02-13 18:07:45.032 D/PowerManagerService(  256): setTimeoutLocked now=164538 timeoutOverride=-1 nextState=3 when=170538
02-13 18:07:45.212 I/ActivityManager(  256): Starting: Intent { dat=content://mms-sms/conversations/1 cmp=com.android.mms/.ui.ComposeMessageActivity } from pid 770
02-13 18:07:45.252 W/WindowManager(  256): updateFocusedWindowLocked newFocus=null mode=0 mCurrentFocus = Window{408eec40 com.android.mms/com.android.mms.ui.ConversationList paused=true}
02-13 18:07:46.964 D/StatusBarPolicy(  327): onSignalStrengthsChanged:SignalStrength: 99 0 -111 -125 -120 -315 3 99 2147483647 2147483647 2147483647 2147483647 cdma for subscription0
02-13 18:07:46.964 D/StatusBarPolicy(  327): updateSignalStrength on subscription :0
02-13 18:07:46.974 D/StatusBarPolicy(  327): StatusBarPolocy::getIconLevel -EVDO
02-13 18:07:46.974 D/StatusBarPolicy(  327): getEvdoLevel_band_six -evdoDbm:-120
02-13 18:07:46.974 D/StatusBarPolicy(  327): getEvdoLevel_band_six -evdoEcio:-315
02-13 18:07:47.765 W/WindowManager(  256): updateFocusedWindowLocked newFocus=Window{4092da60 com.android.mms/com.android.mms.ui.ComposeMessageActivity paused=false} mode=3 mCurrentFocus = null
02-13 18:07:48.085 W/WindowManager(  256): updateFocusedWindowLocked newFocus=Window{4092da60 com.android.mms/com.android.mms.ui.ComposeMessageActivity paused=false} mode=2 mCurrentFocus = Window{4092da60 com.android.mms/com.android.mms.ui.ComposeMessageActivity paused=false}
02-13 18:07:48.085 W/WindowManager(  256): updateFocusedWindowLocked newFocus=Window{4092da60 com.android.mms/com.android.mms.ui.ComposeMessageActivity paused=false} mode=2 mCurrentFocus = Window{4092da60 com.android.mms/com.android.mms.ui.ComposeMessageActivity paused=false}
02-13 18:07:48.175 W/WindowManager(  256): updateFocusedWindowLocked newFocus=Window{4092da60 com.android.mms/com.android.mms.ui.ComposeMessageActivity paused=false} mode=3 mCurrentFocus = Window{4092da60 com.android.mms/com.android.mms.ui.ComposeMessageActivity paused=false}
02-13 18:07:49.136 D/StatusBarPolicy(  327): onSignalStrengthsChanged:SignalStrength: 99 0 -99 -70 -120 -315 3 99 2147483647 2147483647 2147483647 2147483647 cdma for subscription0
02-13 18:07:49.136 D/StatusBarPolicy(  327): updateSignalStrength on subscription :0
02-13 18:07:49.136 D/StatusBarPolicy(  327): StatusBarPolocy::getIconLevel -EVDO
02-13 18:07:49.136 D/StatusBarPolicy(  327): getEvdoLevel_band_six -evdoDbm:-120
02-13 18:07:49.136 D/StatusBarPolicy(  327): getEvdoLevel_band_six -evdoEcio:-315
02-13 18:07:49.146 I/TelephonyRegistry(  256): notifyServiceState: 0 home Sprint  310099  EvDo rev. A CSS not supported 41 4139RoamInd: 1RoamStatus(sprint): 1DefRoamInd: 160EmergOnly: false
02-13 18:07:49.166 D/StatusBarPolicy(  327): onServiceStateChanged:0 home Sprint  310099  EvDo rev. A CSS not supported 41 4139RoamInd: 1RoamStatus(sprint): 1DefRoamInd: 160EmergOnly: falsefor subscription :0
02-13 18:07:49.166 D/StatusBarPolicy(  327): updateSignalStrength on subscription :0
02-13 18:07:49.176 D/StatusBarPolicy(  327): StatusBarPolocy::getIconLevel -EVDO
02-13 18:07:49.176 D/StatusBarPolicy(  327): getEvdoLevel_band_six -evdoDbm:-120
02-13 18:07:49.176 D/StatusBarPolicy(  327): getEvdoLevel_band_six -evdoEcio:-315
02-13 18:07:49.176 D/StatusBarPolicy(  327): updateDataIcon subscription =0
02-13 18:07:51.048 D/PowerManagerService(  256): setTimeoutLocked now=170539 timeoutOverride=-1 nextState=1 when=277539
02-13 18:07:51.488 D/StatusBarPolicy(  327): onSignalStrengthsChanged:SignalStrength: 99 0 -98 -95 -99 -25 5 99 2147483647 2147483647 2147483647 2147483647 cdma for subscription0
02-13 18:07:51.488 D/StatusBarPolicy(  327): updateSignalStrength on subscription :0
02-13 18:07:51.488 D/StatusBarPolicy(  327): StatusBarPolocy::getIconLevel -EVDO
02-13 18:07:51.488 D/StatusBarPolicy(  327): getEvdoLevel_band_six -evdoDbm:-99
02-13 18:07:51.488 D/StatusBarPolicy(  327): getEvdoLevel_band_six -evdoEcio:-25
02-13 18:07:53.240 D/StatusBarPolicy(  327): updateDataIcon subscription =0
02-13 18:07:53.721 D/StatusBarPolicy(  327): onSignalStrengthsChanged:SignalStrength: 99 0 -120 -70 -120 -10 8 99 2147483647 2147483647 2147483647 2147483647 cdma for subscription0
02-13 18:07:53.721 D/StatusBarPolicy(  327): updateSignalStrength on subscription :0
02-13 18:07:53.721 D/StatusBarPolicy(  327): StatusBarPolocy::getIconLevel -EVDO
02-13 18:07:53.721 D/StatusBarPolicy(  327): getEvdoLevel_band_six -evdoDbm:-120
02-13 18:07:53.721 D/StatusBarPolicy(  327): getEvdoLevel_band_six -evdoEcio:-10
02-13 18:07:53.761 D/StatusBarPolicy(  327): onSignalStrengthsChanged:SignalStrength: 99 0 -98 -70 -96 -10 8 99 2147483647 2147483647 2147483647 2147483647 cdma for subscription0
02-13 18:07:53.761 D/StatusBarPolicy(  327): updateSignalStrength on subscription :0
02-13 18:07:53.761 D/StatusBarPolicy(  327): StatusBarPolocy::getIconLevel -EVDO
02-13 18:07:53.761 D/StatusBarPolicy(  327): getEvdoLevel_band_six -evdoDbm:-96
02-13 18:07:53.761 D/StatusBarPolicy(  327): getEvdoLevel_band_six -evdoEcio:-10
02-13 18:07:54.241 D/StatusBarPolicy(  327): updateDataIcon subscription =0
02-13 18:07:55.252 D/StatusBarPolicy(  327): updateDataIcon subscription =0
02-13 18:07:55.512 D/PowerManagerService(  256): setTimeoutLocked now=175013 timeoutOverride=-1 nextState=3 when=181013
02-13 18:07:55.572 D/PowerManagerService(  256): setTimeoutLocked now=175076 timeoutOverride=-1 nextState=3 when=181076
02-13 18:07:55.682 W/WindowManager(  256): updateFocusedWindowLocked newFocus=Window{4092da60 com.android.mms/com.android.mms.ui.ComposeMessageActivity paused=false} mode=3 mCurrentFocus = Window{4092da60 com.android.mms/com.android.mms.ui.ComposeMessageActivity paused=false}
02-13 18:07:55.923 D/StatusBarPolicy(  327): onSignalStrengthsChanged:SignalStrength: 99 0 -99 -120 -97 -40 8 99 2147483647 2147483647 2147483647 2147483647 cdma for subscription0
02-13 18:07:55.923 D/StatusBarPolicy(  327): updateSignalStrength on subscription :0
02-13 18:07:55.933 D/StatusBarPolicy(  327): StatusBarPolocy::getIconLevel -EVDO
02-13 18:07:55.933 D/StatusBarPolicy(  327): getEvdoLevel_band_six -evdoDbm:-97
02-13 18:07:55.933 D/StatusBarPolicy(  327): getEvdoLevel_band_six -evdoEcio:-40
02-13 18:07:56.053 W/WindowManager(  256): updateFocusedWindowLocked newFocus=Window{4092da60 com.android.mms/com.android.mms.ui.ComposeMessageActivity paused=false} mode=3 mCurrentFocus = Window{4092da60 com.android.mms/com.android.mms.ui.ComposeMessageActivity paused=false}
02-13 18:07:58.165 D/StatusBarPolicy(  327): onSignalStrengthsChanged:SignalStrength: 99 0 -111 -220 -101 -165 5 99 2147483647 2147483647 2147483647 2147483647 cdma for subscription0
02-13 18:07:58.165 D/StatusBarPolicy(  327): updateSignalStrength on subscription :0
02-13 18:07:58.165 D/StatusBarPolicy(  327): StatusBarPolocy::getIconLevel -EVDO
02-13 18:07:58.165 D/StatusBarPolicy(  327): getEvdoLevel_band_six -evdoDbm:-101
02-13 18:07:58.165 D/StatusBarPolicy(  327): getEvdoLevel_band_six -evdoEcio:-165
02-13 18:07:59.766 W/WindowManager(  256): updateFocusedWindowLocked newFocus=Window{4092da60 com.android.mms/com.android.mms.ui.ComposeMessageActivity paused=false} mode=3 mCurrentFocus = Window{4092da60 com.android.mms/com.android.mms.ui.ComposeMessageActivity paused=false}
02-13 18:08:00.007 D/AlarmManager(  256): scheduleTimeTickEvent calendar=Mon Feb 13 18:09:00 CST 2012
02-13 18:08:00.007 D/AlarmManager(  256): calendar.getTimeInMillis()1329178140000
02-13 18:08:00.457 D/StatusBarPolicy(  327): onSignalStrengthsChanged:SignalStrength: 99 0 -114 -315 -104 -190 1 99 2147483647 2147483647 2147483647 2147483647 cdma for subscription0
02-13 18:08:00.457 D/StatusBarPolicy(  327): updateSignalStrength on subscription :0
02-13 18:08:00.457 D/StatusBarPolicy(  327): StatusBarPolocy::getIconLevel -EVDO
02-13 18:08:00.457 D/StatusBarPolicy(  327): getEvdoLevel_band_six -evdoDbm:-104
02-13 18:08:00.457 D/StatusBarPolicy(  327): getEvdoLevel_band_six -evdoEcio:-190
02-13 18:08:01.578 D/PowerManagerService(  256): setTimeoutLocked now=181077 timeoutOverride=-1 nextState=1 when=288077
02-13 18:08:02.339 D/PowerManagerService(  256): setTimeoutLocked now=181836 timeoutOverride=-1 nextState=3 when=187836
02-13 18:08:02.359 W/WindowManager(  256): updateFocusedWindowLocked newFocus=Window{4092da60 com.android.mms/com.android.mms.ui.ComposeMessageActivity paused=false} mode=3 mCurrentFocus = Window{4092da60 com.android.mms/com.android.mms.ui.ComposeMessageActivity paused=false}
02-13 18:08:02.429 D/PowerManagerService(  256): setTimeoutLocked now=181922 timeoutOverride=-1 nextState=3 when=187922
02-13 18:08:02.649 D/StatusBarPolicy(  327): onSignalStrengthsChanged:SignalStrength: 99 0 -117 -210 -107 -155 -1 99 2147483647 2147483647 2147483647 2147483647 cdma for subscription0
02-13 18:08:02.649 D/StatusBarPolicy(  327): updateSignalStrength on subscription :0
02-13 18:08:02.659 D/StatusBarPolicy(  327): StatusBarPolocy::getIconLevel -EVDO
02-13 18:08:02.659 D/StatusBarPolicy(  327): getEvdoLevel_band_six -evdoDbm:-107
02-13 18:08:02.659 D/StatusBarPolicy(  327): getEvdoLevel_band_six -evdoEcio:-155
02-13 18:08:02.809 W/WindowManager(  256): updateFocusedWindowLocked newFocus=Window{4092da60 com.android.mms/com.android.mms.ui.ComposeMessageActivity paused=false} mode=3 mCurrentFocus = Window{4092da60 com.android.mms/com.android.mms.ui.ComposeMessageActivity paused=false}
02-13 18:08:03.140 D/StatusBarPolicy(  327): onSignalStrengthsChanged:SignalStrength: 99 0 -118 -250 -107 -155 -1 99 2147483647 2147483647 2147483647 2147483647 cdma for subscription0
02-13 18:08:03.140 D/StatusBarPolicy(  327): updateSignalStrength on subscription :0
02-13 18:08:03.140 D/StatusBarPolicy(  327): StatusBarPolocy::getIconLevel -EVDO
02-13 18:08:03.140 D/StatusBarPolicy(  327): getEvdoLevel_band_six -evdoDbm:-107
02-13 18:08:03.140 D/StatusBarPolicy(  327): getEvdoLevel_band_six -evdoEcio:-155
02-13 18:08:03.160 D/PowerManagerService(  256): setTimeoutLocked now=182649 timeoutOverride=-1 nextState=3 when=188649
02-13 18:08:03.160 W/WindowManager(  256): updateFocusedWindowLocked newFocus=Window{4092da60 com.android.mms/com.android.mms.ui.ComposeMessageActivity paused=false} mode=3 mCurrentFocus = Window{4092da60 com.android.mms/com.android.mms.ui.ComposeMessageActivity paused=false}
02-13 18:08:03.270 D/PowerManagerService(  256): setTimeoutLocked now=182764 timeoutOverride=-1 nextState=3 when=188764
02-13 18:08:03.290 W/WindowManager(  256): updateFocusedWindowLocked newFocus=Window{4092da60 com.android.mms/com.android.mms.ui.ComposeMessageActivity paused=false} mode=3 mCurrentFocus = Window{4092da60 com.android.mms/com.android.mms.ui.ComposeMessageActivity paused=false}
02-13 18:08:03.640 W/WindowManager(  256): updateFocusedWindowLocked newFocus=Window{4092da60 com.android.mms/com.android.mms.ui.ComposeMessageActivity paused=false} mode=3 mCurrentFocus = Window{4092da60 com.android.mms/com.android.mms.ui.ComposeMessageActivity paused=false}
02-13 18:08:03.670 D/PowerManagerService(  256): setTimeoutLocked now=183165 timeoutOverride=-1 nextState=3 when=189165
02-13 18:08:03.780 D/PowerManagerService(  256): setTimeoutLocked now=183277 timeoutOverride=-1 nextState=3 when=189277
02-13 18:08:03.810 W/WindowManager(  256): updateFocusedWindowLocked newFocus=Window{4092da60 com.android.mms/com.android.mms.ui.ComposeMessageActivity paused=false} mode=3 mCurrentFocus = Window{4092da60 com.android.mms/com.android.mms.ui.ComposeMessageActivity paused=false}
02-13 18:08:03.991 W/WindowManager(  256): updateFocusedWindowLocked newFocus=Window{4092da60 com.android.mms/com.android.mms.ui.ComposeMessageActivity paused=false} mode=3 mCurrentFocus = Window{4092da60 com.android.mms/com.android.mms.ui.ComposeMessageActivity paused=false}
02-13 18:08:04.071 W/WindowManager(  256): updateFocusedWindowLocked newFocus=Window{4092da60 com.android.mms/com.android.mms.ui.ComposeMessageActivity paused=false} mode=3 mCurrentFocus = Window{4092da60 com.android.mms/com.android.mms.ui.ComposeMessageActivity paused=false}
02-13 18:08:04.851 D/PowerManagerService(  256): setTimeoutLocked now=184342 timeoutOverride=-1 nextState=3 when=190342
02-13 18:08:04.871 W/WindowManager(  256): updateFocusedWindowLocked newFocus=Window{4092da60 com.android.mms/com.android.mms.ui.ComposeMessageActivity paused=false} mode=3 mCurrentFocus = Window{4092da60 com.android.mms/com.android.mms.ui.ComposeMessageActivity paused=false}
02-13 18:08:04.891 D/StatusBarPolicy(  327): onSignalStrengthsChanged:SignalStrength: 99 0 -128 -25 -111 -110 1 99 2147483647 2147483647 2147483647 2147483647 cdma for subscription0
02-13 18:08:04.891 D/StatusBarPolicy(  327): updateSignalStrength on subscription :0
02-13 18:08:04.891 D/StatusBarPolicy(  327): StatusBarPolocy::getIconLevel -EVDO
02-13 18:08:04.891 D/StatusBarPolicy(  327): getEvdoLevel_band_six -evdoDbm:-111
02-13 18:08:04.891 D/StatusBarPolicy(  327): getEvdoLevel_band_six -evdoEcio:-110
02-13 18:08:04.911 I/TelephonyRegistry(  256): notifyServiceState: 0 home Sprint    EvDo rev. A CSS not supported 0 0RoamInd: 1RoamStatus(sprint): 1DefRoamInd: 160EmergOnly: false
02-13 18:08:04.911 D/StatusBarPolicy(  327): onServiceStateChanged:0 home Sprint    EvDo rev. A CSS not supported 0 0RoamInd: 1RoamStatus(sprint): 1DefRoamInd: 160EmergOnly: falsefor subscription :0
02-13 18:08:04.911 D/StatusBarPolicy(  327): updateSignalStrength on subscription :0
02-13 18:08:04.911 D/StatusBarPolicy(  327): StatusBarPolocy::getIconLevel -EVDO
02-13 18:08:04.911 D/StatusBarPolicy(  327): getEvdoLevel_band_six -evdoDbm:-111
02-13 18:08:04.911 D/StatusBarPolicy(  327): getEvdoLevel_band_six -evdoEcio:-110
02-13 18:08:04.921 D/StatusBarPolicy(  327): updateDataIcon subscription =0
02-13 18:08:04.931 D/PowerManagerService(  256): setTimeoutLocked now=184430 timeoutOverride=-1 nextState=3 when=190430
02-13 18:08:04.971 D/StatusBarPolicy(  327): updateDataIcon subscription =0
02-13 18:08:05.012 W/WindowManager(  256): updateFocusedWindowLocked newFocus=Window{4092da60 com.android.mms/com.android.mms.ui.ComposeMessageActivity paused=false} mode=3 mCurrentFocus = Window{4092da60 com.android.mms/com.android.mms.ui.ComposeMessageActivity paused=false}
02-13 18:08:05.132 W/WindowManager(  256): updateFocusedWindowLocked newFocus=Window{4092da60 com.android.mms/com.android.mms.ui.ComposeMessageActivity paused=false} mode=3 mCurrentFocus = Window{4092da60 com.android.mms/com.android.mms.ui.ComposeMessageActivity paused=false}
02-13 18:08:05.272 W/WindowManager(  256): updateFocusedWindowLocked newFocus=Window{4092da60 com.android.mms/com.android.mms.ui.ComposeMessageActivity paused=false} mode=3 mCurrentFocus = Window{4092da60 com.android.mms/com.android.mms.ui.ComposeMessageActivity paused=false}
02-13 18:08:05.352 D/PowerManagerService(  256): setTimeoutLocked now=184844 timeoutOverride=-1 nextState=3 when=190844
02-13 18:08:05.362 W/WindowManager(  256): updateFocusedWindowLocked newFocus=Window{4092da60 com.android.mms/com.android.mms.ui.ComposeMessageActivity paused=false} mode=3 mCurrentFocus = Window{4092da60 com.android.mms/com.android.mms.ui.ComposeMessageActivity paused=false}
02-13 18:08:05.482 W/WindowManager(  256): updateFocusedWindowLocked newFocus=Window{4092da60 com.android.mms/com.android.mms.ui.ComposeMessageActivity paused=false} mode=3 mCurrentFocus = Window{4092da60 com.android.mms/com.android.mms.ui.ComposeMessageActivity paused=false}
02-13 18:08:06.013 D/PowerManagerService(  256): setTimeoutLocked now=185516 timeoutOverride=-1 nextState=3 when=191516
02-13 18:08:06.023 W/WindowManager(  256): updateFocusedWindowLocked newFocus=Window{4092da60 com.android.mms/com.android.mms.ui.ComposeMessageActivity paused=false} mode=3 mCurrentFocus = Window{4092da60 com.android.mms/com.android.mms.ui.ComposeMessageActivity paused=false}
02-13 18:08:06.053 D/PowerManagerService(  256): setTimeoutLocked now=185552 timeoutOverride=-1 nextState=3 when=191552
02-13 18:08:06.073 W/WindowManager(  256): updateFocusedWindowLocked newFocus=Window{4092da60 com.android.mms/com.android.mms.ui.ComposeMessageActivity paused=false} mode=3 mCurrentFocus = Window{4092da60 com.android.mms/com.android.mms.ui.ComposeMessageActivity paused=false}
02-13 18:08:06.243 W/WindowManager(  256): updateFocusedWindowLocked newFocus=Window{4092da60 com.android.mms/com.android.mms.ui.ComposeMessageActivity paused=false} mode=3 mCurrentFocus = Window{4092da60 com.android.mms/com.android.mms.ui.ComposeMessageActivity paused=false}
02-13 18:08:06.403 W/WindowManager(  256): updateFocusedWindowLocked newFocus=Window{4092da60 com.android.mms/com.android.mms.ui.ComposeMessageActivity paused=false} mode=3 mCurrentFocus = Window{4092da60 com.android.mms/com.android.mms.ui.ComposeMessageActivity paused=false}
02-13 18:08:06.583 D/PowerManagerService(  256): setTimeoutLocked now=186081 timeoutOverride=-1 nextState=3 when=192081
02-13 18:08:06.593 W/WindowManager(  256): updateFocusedWindowLocked newFocus=Window{4092da60 com.android.mms/com.android.mms.ui.ComposeMessageActivity paused=false} mode=3 mCurrentFocus = Window{4092da60 com.android.mms/com.android.mms.ui.ComposeMessageActivity paused=false}
02-13 18:08:06.663 D/PowerManagerService(  256): setTimeoutLocked now=186167 timeoutOverride=-1 nextState=3 when=192167
02-13 18:08:06.683 W/WindowManager(  256): updateFocusedWindowLocked newFocus=Window{4092da60 com.android.mms/com.android.mms.ui.ComposeMessageActivity paused=false} mode=3 mCurrentFocus = Window{4092da60 com.android.mms/com.android.mms.ui.ComposeMessageActivity paused=false}
02-13 18:08:07.094 D/PowerManagerService(  256): setTimeoutLocked now=186597 timeoutOverride=-1 nextState=3 when=192597
02-13 18:08:07.124 D/StatusBarPolicy(  327): onSignalStrengthsChanged:SignalStrength: 99 0 -128 -25 -112 -90 1 99 2147483647 2147483647 2147483647 2147483647 cdma for subscription0
02-13 18:08:07.124 D/StatusBarPolicy(  327): updateSignalStrength on subscription :0
02-13 18:08:07.134 D/StatusBarPolicy(  327): StatusBarPolocy::getIconLevel -EVDO
02-13 18:08:07.134 D/StatusBarPolicy(  327): getEvdoLevel_band_six -evdoDbm:-112
02-13 18:08:07.134 D/StatusBarPolicy(  327): getEvdoLevel_band_six -evdoEcio:-90
02-13 18:08:07.204 D/PowerManagerService(  256): setTimeoutLocked now=186707 timeoutOverride=-1 nextState=3 when=192707
02-13 18:08:10.867 D/StatusBarPolicy(  327): onSignalStrengthsChanged:SignalStrength: 99 0 -114 -200 -112 -90 1 99 2147483647 2147483647 2147483647 2147483647 cdma for subscription0
02-13 18:08:10.877 D/StatusBarPolicy(  327): updateSignalStrength on subscription :0
02-13 18:08:10.877 D/StatusBarPolicy(  327): StatusBarPolocy::getIconLevel -EVDO
02-13 18:08:10.877 D/StatusBarPolicy(  327): getEvdoLevel_band_six -evdoDbm:-112
02-13 18:08:10.877 D/StatusBarPolicy(  327): getEvdoLevel_band_six -evdoEcio:-90
02-13 18:08:10.887 I/TelephonyRegistry(  256): notifyServiceState: 0 roaming    310099  EvDo rev. A CSS not supported 0 4681RoamInd: 160RoamStatus(sprint): 2DefRoamInd: 160EmergOnly: false
02-13 18:08:10.907 D/StatusBarPolicy(  327): onServiceStateChanged:0 roaming    310099  EvDo rev. A CSS not supported 0 4681RoamInd: 160RoamStatus(sprint): 2DefRoamInd: 160EmergOnly: falsefor subscription :0
02-13 18:08:10.917 D/StatusBarPolicy(  327): updateSignalStrength on subscription :0
02-13 18:08:10.917 D/StatusBarPolicy(  327): StatusBarPolocy::getIconLevel -EVDO
02-13 18:08:10.927 D/StatusBarPolicy(  327): getEvdoLevel_band_six -evdoDbm:-112
02-13 18:08:10.927 D/StatusBarPolicy(  327): getEvdoLevel_band_six -evdoEcio:-90
02-13 18:08:10.927 D/StatusBarPolicy(  327): updateDataIcon subscription =0
02-13 18:08:11.638 D/StatusBarPolicy(  327): onSignalStrengthsChanged:SignalStrength: 99 0 -114 -315 -112 -65 1 99 2147483647 2147483647 2147483647 2147483647 cdma for subscription0
02-13 18:08:11.638 D/StatusBarPolicy(  327): updateSignalStrength on subscription :0
02-13 18:08:11.648 D/StatusBarPolicy(  327): StatusBarPolocy::getIconLevel -EVDO
02-13 18:08:11.648 D/StatusBarPolicy(  327): getEvdoLevel_band_six -evdoDbm:-112
02-13 18:08:11.648 D/StatusBarPolicy(  327): getEvdoLevel_band_six -evdoEcio:-65
02-13 18:08:13.210 D/PowerManagerService(  256): setTimeoutLocked now=192708 timeoutOverride=-1 nextState=1 when=299708
02-13 18:08:13.680 D/StatusBarPolicy(  327): onSignalStrengthsChanged:SignalStrength: 99 0 -107 -80 -112 -65 1 99 2147483647 2147483647 2147483647 2147483647 cdma for subscription0
02-13 18:08:13.700 D/StatusBarPolicy(  327): updateSignalStrength on subscription :0
02-13 18:08:13.710 D/StatusBarPolicy(  327): StatusBarPolocy::getIconLevel -EVDO
02-13 18:08:13.710 D/StatusBarPolicy(  327): getEvdoLevel_band_six -evdoDbm:-112
02-13 18:08:13.710 D/StatusBarPolicy(  327): getEvdoLevel_band_six -evdoEcio:-65
02-13 18:08:13.730 I/TelephonyRegistry(  256): notifyServiceState: 0 roaming    310099  EvDo rev. A CSS not supported 0 4681RoamInd: 160RoamStatus(sprint): 2DefRoamInd: 160EmergOnly: false
02-13 18:08:13.750 D/StatusBarPolicy(  327): onServiceStateChanged:0 roaming    310099  EvDo rev. A CSS not supported 0 4681RoamInd: 160RoamStatus(sprint): 2DefRoamInd: 160EmergOnly: falsefor subscription :0
02-13 18:08:13.750 D/StatusBarPolicy(  327): updateSignalStrength on subscription :0
02-13 18:08:13.750 D/StatusBarPolicy(  327): StatusBarPolocy::getIconLevel -EVDO
02-13 18:08:13.750 D/StatusBarPolicy(  327): getEvdoLevel_band_six -evdoDbm:-112
02-13 18:08:13.750 D/StatusBarPolicy(  327): getEvdoLevel_band_six -evdoEcio:-65
02-13 18:08:13.760 D/StatusBarPolicy(  327): updateDataIcon subscription =0
02-13 18:08:16.082 D/StatusBarPolicy(  327): onSignalStrengthsChanged:SignalStrength: 99 0 -109 -160 -112 -65 1 99 2147483647 2147483647 2147483647 2147483647 cdma for subscription0
02-13 18:08:16.082 D/StatusBarPolicy(  327): updateSignalStrength on subscription :0
02-13 18:08:16.082 D/StatusBarPolicy(  327): StatusBarPolocy::getIconLevel -EVDO
02-13 18:08:16.082 D/StatusBarPolicy(  327): getEvdoLevel_band_six -evdoDbm:-112
02-13 18:08:16.082 D/StatusBarPolicy(  327): getEvdoLevel_band_six -evdoEcio:-65
02-13 18:08:18.044 I/TelephonyRegistry(  256): notifyDataConnection: anyState=2,default/INET,apnTypeState=0,iface=null,ip=null,gw=null,isDataConnectivityPossible=false,networkType=6,reason=roamingOn
02-13 18:08:18.064 I/TelephonyRegistry(  256): notifyDataConnection: anyState=2,default/INET6,apnTypeState=0,iface=null,ip=null,gw=null,isDataConnectivityPossible=false,networkType=6,reason=roamingOn
02-13 18:08:18.074 D/ConnectivityService(  256): ConnectivityChange for mobile: DISCONNECTED/DISCONNECTED
02-13 18:08:18.074 D/ConnectivityService(  256): Got Network Disconnected from Driver nwtype=0
02-13 18:08:18.074 D/ConnectivityService(  256): getMobileDataEnabled returning true
02-13 18:08:18.074 D/ConnectivityService(  256): Attempting to switch to WIFI
02-13 18:08:18.074 I/TelephonyRegistry(  256): notifyDataConnection: anyState=2,mms/INET,apnTypeState=0,iface=null,ip=null,gw=null,isDataConnectivityPossible=false,networkType=6,reason=roamingOn
02-13 18:08:18.084 D/StatusBarPolicy(  327): Data network type changed to:6
02-13 18:08:18.084 D/StatusBarPolicy(  327): updateDataIcon subscription =0
02-13 18:08:18.084 D/StatusBarPolicy(  327): updateSignalStrength on subscription :0
02-13 18:08:18.084 D/StatusBarPolicy(  327): StatusBarPolocy::getIconLevel -EVDO
02-13 18:08:18.084 D/StatusBarPolicy(  327): getEvdoLevel_band_six -evdoDbm:-112
02-13 18:08:18.084 D/StatusBarPolicy(  327): getEvdoLevel_band_six -evdoEcio:-65
02-13 18:08:18.094 I/TelephonyRegistry(  256): notifyDataConnection: anyState=2,mms/INET6,apnTypeState=0,iface=null,ip=null,gw=null,isDataConnectivityPossible=false,networkType=6,reason=roamingOn
02-13 18:08:18.134 D/ConnectivityService(  256): reportNetworkCondition(0, 0)
02-13 18:08:18.134 D/ConnectivityService(  256): Inet connectivity change, net=0, condition=0,mActiveDefaultNetwork=-1
02-13 18:08:18.134 D/ConnectivityService(  256): no active default network - aborting
02-13 18:08:18.144 I/TelephonyRegistry(  256): notifyDataConnection: anyState=2,supl/INET,apnTypeState=0,iface=null,ip=null,gw=null,isDataConnectivityPossible=false,networkType=6,reason=roamingOn
02-13 18:08:18.164 I/TelephonyRegistry(  256): notifyDataConnection: anyState=2,supl/INET6,apnTypeState=0,iface=null,ip=null,gw=null,isDataConnectivityPossible=false,networkType=6,reason=roamingOn
02-13 18:08:18.174 I/TelephonyRegistry(  256): notifyDataConnection: anyState=0,hipri/INET,apnTypeState=0,iface=null,ip=null,gw=null,isDataConnectivityPossible=false,networkType=6,reason=roamingOn
02-13 18:08:18.174 D/StatusBarPolicy(  327): StatusBarPolicy onDataConnectionStateChanged to 0for nw : 6on subscription : 0
02-13 18:08:18.174 D/StatusBarPolicy(  327): Data network type changed to:6
02-13 18:08:18.174 D/StatusBarPolicy(  327): updateDataIcon subscription =0
02-13 18:08:18.194 I/TelephonyRegistry(  256): notifyDataConnection: anyState=0,hipri/INET6,apnTypeState=0,iface=null,ip=null,gw=null,isDataConnectivityPossible=false,networkType=6,reason=roamingOn
02-13 18:08:18.365 D/StatusBarPolicy(  327): onSignalStrengthsChanged:SignalStrength: 99 0 -108 -115 -113 -55 1 99 2147483647 2147483647 2147483647 2147483647 cdma for subscription0
02-13 18:08:18.365 D/StatusBarPolicy(  327): updateSignalStrength on subscription :0
02-13 18:08:18.365 D/StatusBarPolicy(  327): StatusBarPolocy::getIconLevel -EVDO
02-13 18:08:18.365 D/StatusBarPolicy(  327): getEvdoLevel_band_six -evdoDbm:-113
02-13 18:08:18.365 D/StatusBarPolicy(  327): getEvdoLevel_band_six -evdoEcio:-55
02-13 18:08:18.385 D/RPC     (  256): 3000008c:00050000 sending call (XID 10).
02-13 18:08:18.395 D/RPC     (  256): 3000008c:00050000 received REPLY (XID 10), grabbing mutex to wake up client.
02-13 18:08:18.405 D/RPC     (  256): 3000008c:00050000 call success.
02-13 18:08:18.405 D/RPC     (  256): 3000008c:00050000 received CALL.
02-13 18:08:18.405 D/RPC     (  256): 3000008c:00050000 dispatching RPC call (XID 20, xdr 0x502bf8) for callback client 3100008c:00050001.
02-13 18:08:18.405 D/RPC     (  256): 3100008c:327681 sending RPC reply (XID 20)
02-13 18:08:18.405 D/RPC     (  256): 3000008c:00050000 sending call (XID 11).
02-13 18:08:18.405 D/RPC     (  256): 3000008c:00050000 received REPLY (XID 11), grabbing mutex to wake up client.
02-13 18:08:18.405 D/RPC     (  256): 3000008c:00050000 call success.
02-13 18:08:18.405 D/RPC     (  256): 3000008c:00050000 received CALL.
02-13 18:08:18.405 D/RPC     (  256): 3000008c:00050000 dispatching RPC call (XID 21, xdr 0x502bf8) for callback client 3100008c:00050001.
02-13 18:08:18.405 D/RPC     (  256): 3100008c:327681 sending RPC reply (XID 21)
02-13 18:08:19.906 D/StatusBarPolicy(  327): onSignalStrengthsChanged:SignalStrength: 99 0 -108 -115 -116 -35 3 99 2147483647 2147483647 2147483647 2147483647 cdma for subscription0
02-13 18:08:19.906 D/StatusBarPolicy(  327): updateSignalStrength on subscription :0
02-13 18:08:19.906 D/StatusBarPolicy(  327): StatusBarPolocy::getIconLevel -EVDO
02-13 18:08:19.906 D/StatusBarPolicy(  327): getEvdoLevel_band_six -evdoDbm:-116
02-13 18:08:19.906 D/StatusBarPolicy(  327): getEvdoLevel_band_six -evdoEcio:-35
02-13 18:08:19.916 I/TelephonyRegistry(  256): notifyServiceState: 0 roaming    310099  EvDo rev. A CSS not supported 0 4681RoamInd: 160RoamStatus(sprint): 2DefRoamInd: 160EmergOnly: false
02-13 18:08:19.916 D/StatusBarPolicy(  327): onServiceStateChanged:0 roaming    310099  EvDo rev. A CSS not supported 0 4681RoamInd: 160RoamStatus(sprint): 2DefRoamInd: 160EmergOnly: falsefor subscription :0
02-13 18:08:19.916 D/StatusBarPolicy(  327): updateSignalStrength on subscription :0
02-13 18:08:19.916 D/StatusBarPolicy(  327): StatusBarPolocy::getIconLevel -EVDO
02-13 18:08:19.916 D/StatusBarPolicy(  327): getEvdoLevel_band_six -evdoDbm:-116
02-13 18:08:19.916 D/StatusBarPolicy(  327): getEvdoLevel_band_six -evdoEcio:-35
02-13 18:08:19.916 D/StatusBarPolicy(  327): updateDataIcon subscription =0
02-13 18:08:20.587 D/StatusBarPolicy(  327): onSignalStrengthsChanged:SignalStrength: 99 0 -107 -165 -116 -35 3 99 2147483647 2147483647 2147483647 2147483647 cdma for subscription0
02-13 18:08:20.587 D/StatusBarPolicy(  327): updateSignalStrength on subscription :0
02-13 18:08:20.597 D/StatusBarPolicy(  327): StatusBarPolocy::getIconLevel -EVDO
02-13 18:08:20.597 D/StatusBarPolicy(  327): getEvdoLevel_band_six -evdoDbm:-116
02-13 18:08:20.597 D/StatusBarPolicy(  327): getEvdoLevel_band_six -evdoEcio:-35
02-13 18:08:21.688 I/TelephonyRegistry(  256): notifyServiceState: 0 roaming    310099  EvDo rev. A CSS not supported 0 4681RoamInd: 160RoamStatus(sprint): 2DefRoamInd: 160EmergOnly: false
02-13 18:08:21.688 D/StatusBarPolicy(  327): onServiceStateChanged:0 roaming    310099  EvDo rev. A CSS not supported 0 4681RoamInd: 160RoamStatus(sprint): 2DefRoamInd: 160EmergOnly: falsefor subscription :0
02-13 18:08:21.688 D/StatusBarPolicy(  327): updateSignalStrength on subscription :0
02-13 18:08:21.688 D/StatusBarPolicy(  327): StatusBarPolocy::getIconLevel -EVDO
02-13 18:08:21.688 D/StatusBarPolicy(  327): getEvdoLevel_band_six -evdoDbm:-116
02-13 18:08:21.688 D/StatusBarPolicy(  327): getEvdoLevel_band_six -evdoEcio:-35
02-13 18:08:21.688 D/StatusBarPolicy(  327): updateDataIcon subscription =0
02-13 18:08:22.889 D/StatusBarPolicy(  327): onSignalStrengthsChanged:SignalStrength: 99 0 -103 -80 -114 -45 5 99 2147483647 2147483647 2147483647 2147483647 cdma for subscription0
02-13 18:08:22.889 D/StatusBarPolicy(  327): updateSignalStrength on subscription :0
02-13 18:08:22.889 D/StatusBarPolicy(  327): StatusBarPolocy::getIconLevel -EVDO
02-13 18:08:22.889 D/StatusBarPolicy(  327): getEvdoLevel_band_six -evdoDbm:-114
02-13 18:08:22.889 D/StatusBarPolicy(  327): getEvdoLevel_band_six -evdoEcio:-45
02-13 18:08:22.909 I/TelephonyRegistry(  256): notifyServiceState: 0 roaming    310099  EvDo rev. A CSS not supported 0 4681RoamInd: 160RoamStatus(sprint): 2DefRoamInd: 160EmergOnly: false
02-13 18:08:22.909 D/StatusBarPolicy(  327): onServiceStateChanged:0 roaming    310099  EvDo rev. A CSS not supported 0 4681RoamInd: 160RoamStatus(sprint): 2DefRoamInd: 160EmergOnly: falsefor subscription :0
02-13 18:08:22.909 D/StatusBarPolicy(  327): updateSignalStrength on subscription :0
02-13 18:08:22.909 D/StatusBarPolicy(  327): StatusBarPolocy::getIconLevel -EVDO
02-13 18:08:22.909 D/StatusBarPolicy(  327): getEvdoLevel_band_six -evdoDbm:-114
02-13 18:08:22.909 D/StatusBarPolicy(  327): getEvdoLevel_band_six -evdoEcio:-45
02-13 18:08:22.909 D/StatusBarPolicy(  327): updateDataIcon subscription =0
02-13 18:08:24.180 I/TelephonyRegistry(  256): notifyServiceState: 0 roaming    310099  EvDo rev. A CSS not supported 0 4681RoamInd: 160RoamStatus(sprint): 2DefRoamInd: 160EmergOnly: false
