02-09 18:22:54.175 D/RILC    (  113): qmi_ril(0/113): [qmi_cb] qcril_event_queue Event [<Unknown event> ?, 655370] data was NULL!
02-09 18:22:54.175 D/RILC    (  113): qmi_ril(0/113): [qmi_cb] qcril_event_queue RID 0 MID 0 Queued event <Unknown event> ? (0 bytes)
02-09 18:22:54.175 I/RILC    (  113): qmi_ril(0/113): [qmi_cb] qcril_qmi_nas_unsolicited_indication_cb .. operational state 3
02-09 18:22:54.175 I/RILC    (  113): qmi_ril(0/113): [qmi_cb] qcril_qmi_nas_unsolicited_indication_cb qcril_qmi_nas_unsolicited_indication_cb completed
02-09 18:22:54.175 I/RILC    (  113): qmi_ril(0/113): [qmi_cb] qcril_qmi_nas_unsolicited_indication_cb invoked msg 0x4c
02-09 18:22:54.175 I/RILC    (  113): qmi_ril(0/113): [qmi_cb] qcril_qmi_nas_is_considered_registered qcril_qmi_nas_is_considered_registered entered
02-09 18:22:54.175 I/RILC    (  113): qmi_ril(0/113): [qmi_cb] qcril_qmi_nas_is_considered_registered qcril_qmi_nas_is_considered_registered completed with 1
02-09 18:22:54.175 I/RILC    (  113): qmi_ril(0/113): [qmi_cb] qcril_qmi_nas_network_time_ind_conv_qmi2ril qcril_qmi_nas_network_time_ind_conv_qmi2ril entry
02-09 18:22:54.175 I/RILC    (  113): qmi_ril(0/113): [qmi_cb] qcril_qmi_nas_network_time_ind_conv_qmi2ril ril_nitz_time_msg is: 12/02/10,00:23:23-24,00
02-09 18:22:54.175 I/RILC    (  113): qmi_ril(0/113): [qmi_cb] qcril_qmi_nas_unsolicited_indication_cb .. operational state 3
02-09 18:22:54.175 D/RILC    (  113): qmi_ril(0/113): [qmi_cb] qcril_send_unsol_response UI <--- RIL_UNSOL_NITZ_TIME_RECEIVED (1008) --- RIL [RID 0, Len 24, (null)]
02-09 18:22:54.175 D/RILC    (  113): qmi_ril(0/113): [event] qcril_event_main qcril_event_main(): 2 items on queue
02-09 18:22:54.175 D/RILC    (  113): qmi_ril(0/113): [event] qcril_event_main RID 0 MID 0 De-queued event <Unknown event> ? (655370)
02-09 18:22:54.175 D/RILC    (  113): qmi_ril(0/113): [event] qcril_process_event RIL <--- <Unknown event> ?(655370), RID 0, MID 0 --- AMSS
02-09 18:22:54.175 I/RILC    (  113): qmi_ril(0/113): [event] qcril_qmi_trigger_propagate_known_signal_strength_ind qcril_qmi_trigger_propagate_known_signal_strength_ind received
02-09 18:22:54.175 I/RILC    (  113): qmi_ril(0/113): [event] qcril_qmi_nas_propagate_known_signal_strength_ind qcril_qmi_nas_propagate_known_signal_strength_ind entered
02-09 18:22:54.175 I/RILC    (  113): qmi_ril(0/113): [event] qcril_qmi_nas_fetch_signal_strength_observations qcril_qmi_nas_fetch_signal_strength_observations entered
02-09 18:22:54.175 I/RILC    (  113): qmi_ril(0/113): [event] qcril_qmi_nas_fetch_signal_strength_observations ..req mask 115
02-09 18:22:54.175 I/RILC    (  113): qmi_ril(0/113): [event] qcril_qmi_nas_fetch_signal_strength_observations qcril_qmi_nas_request_signal_strength entered IF 115
02-09 18:22:54.175 I/RILC    (  113): qmi_ril(0/113): [event] qcril_qmi_nas_fetch_signal_strength_observations qcril_qmi_nas_request_signal_strength entered RIL_REQ_RES qmi_request.request__mask = 51
02-09 18:22:54.175 I/RILC    (  113): qmi_ril(0/113): [event] qcril_qmi_nas_fetch_signal_strength_observations qcril_qmi_nas_request_signal_strength entered IF QMI RESPONSE 115
02-09 18:22:54.175 I/RILC    (  113): qmi_ril(0/113): [qmi_cb] qcril_qmi_nas_unsolicited_indication_cb posted RIL indication 1008
02-09 18:22:54.175 I/RILC    (  113): qmi_ril(0/113): [qmi_cb] qcril_qmi_nas_unsolicited_indication_cb qcril_qmi_nas_unsolicited_indication_cb completed
02-09 18:22:54.175 D/RILJ    (27234): [UNSL]< UNSOL_NITZ_TIME_RECEIVED 12/02/10,00:23:23-24,00
02-09 18:22:54.175 I/RILC    (  113): qmi_ril(0/113): [event] qcril_qmi_util_convert_qmi_response_codes_to_ril_result_ex qcril_qmi_util_convert_qmi_response_codes_to_ril_result_ex ctx check 0
02-09 18:22:54.175 I/RILC    (  113): qmi_ril(0/113): [event] qcril_qmi_nas_fetch_signal_strength_observations qcril_qmi_nas_request_signal_strength entered IF UTIL_RES = SUCCESS 115
02-09 18:22:54.175 I/RILC    (  113): qmi_ril(0/113): [event] qcril_qmi_nas_fetch_signal_strength_observations qcril_qmi_nas_fetch_signal_strength_observations completed 0
02-09 18:22:54.175 I/RILC    (  113): qmi_ril(0/113): [event] qcril_qmi_nas_propagate_known_signal_strength_ind .. subfetch sig strength info 0
02-09 18:22:54.175 I/RILC    (  113): qmi_ril(0/113): [event] qcril_qmi_nas_dump_sign_strength_report qcril_qmi_nas_dump_sign_strength_report entered
02-09 18:22:54.175 I/RILC    (  113): qmi_ril(0/113): [event] qcril_qmi_nas_dump_sign_strength_report ..GW
02-09 18:22:54.175 I/RILC    (  113): qmi_ril(0/113): [event] qcril_qmi_nas_dump_sign_strength_report .. signalStrength 99, bitErrorRate 0
02-09 18:22:54.175 I/RILC    (  113): qmi_ril(0/113): [event] qcril_qmi_nas_dump_sign_strength_report ..CDMA
02-09 18:22:54.175 I/RILC    (  113): qmi_ril(0/113): [event] qcril_qmi_nas_dump_sign_strength_report .. dbm 96, ecio 95 
02-09 18:22:54.175 I/RILC    (  113): qmi_ril(0/113): [event] qcril_qmi_nas_dump_sign_strength_report ..EVDO
02-09 18:22:54.175 I/RILC    (  113): qmi_ril(0/113): [event] qcril_qmi_nas_dump_sign_strength_report .. dbm 125, ecio 25, signalNoiseRatio 8
02-09 18:22:54.175 I/RILC    (  113): qmi_ril(0/113): [event] qcril_qmi_nas_dump_sign_strength_report ..LTE
02-09 18:22:54.175 I/RILC    (  113): qmi_ril(0/113): [event] qcril_qmi_nas_dump_sign_strength_report .. signalStrength 99, rsrp 2147483647, rsrq 2147483647, rsnnr 2147483647
02-09 18:22:54.175 I/RILC    (  113): qmi_ril(0/113): [event] qcril_qmi_nas_dump_sign_strength_report qcril_qmi_nas_dump_sign_strength_report completed
02-09 18:22:54.175 I/RILC    (  113): qmi_ril(0/113): [event] qcril_qmi_nas_propagate_known_signal_strength_ind .. conf res 0
02-09 18:22:54.175 D/RILC    (  113): qmi_ril(0/113): [event] qcril_send_unsol_response UI <--- RIL_UNSOL_SIGNAL_STRENGTH (1009) --- RIL [RID 0, Len 48, (null)]
02-09 18:22:54.175 I/RILC    (  113): qmi_ril(0/113): [event] qcril_qmi_nas_propagate_known_signal_strength_ind qcril_qmi_nas_propagate_known_signal_strength_ind completed 0
02-09 18:22:54.175 I/RILC    (  113): qmi_ril(0/113): [event] qcril_process_event Exit qcril_process_event() : <Unknown event> ?, err_no 0
02-09 18:22:54.175 D/RILC    (  113): qmi_ril(0/113): [event] qcril_event_main RID 0 MID 0 De-queued event <Unknown event> ? (655370)
02-09 18:22:54.175 D/RILC    (  113): qmi_ril(0/113): [event] qcril_process_event RIL <--- <Unknown event> ?(655370), RID 0, MID 0 --- AMSS
02-09 18:22:54.175 I/RILC    (  113): qmi_ril(0/113): [event] qcril_qmi_trigger_propagate_known_signal_strength_ind qcril_qmi_trigger_propagate_known_signal_strength_ind received
02-09 18:22:54.175 I/RILC    (  113): qmi_ril(0/113): [event] qcril_qmi_nas_propagate_known_signal_strength_ind qcril_qmi_nas_propagate_known_signal_strength_ind entered
02-09 18:22:54.175 I/RILC    (  113): qmi_ril(0/113): [event] qcril_qmi_nas_fetch_signal_strength_observations qcril_qmi_nas_fetch_signal_strength_observations entered
02-09 18:22:54.175 I/RILC    (  113): qmi_ril(0/113): [event] qcril_qmi_nas_fetch_signal_strength_observations ..req mask 32
02-09 18:22:54.175 I/RILC    (  113): qmi_ril(0/113): [event] qcril_qmi_nas_fetch_signal_strength_observations qcril_qmi_nas_request_signal_strength entered IF 32
02-09 18:22:54.175 I/RILC    (  113): qmi_ril(0/113): [event] qcril_qmi_nas_fetch_signal_strength_observations qcril_qmi_nas_request_signal_strength entered RIL_REQ_RES qmi_request.request__mask = 32
02-09 18:22:54.175 I/RILC    (  113): qmi_ril(0/113): [event] qcril_qmi_nas_fetch_signal_strength_observations qcril_qmi_nas_request_signal_strength entered IF QMI RESPONSE 32
02-09 18:22:54.185 D/CDMA    (27234): extractSelCodeFromOtaSpNum -1
02-09 18:22:54.185 D/CDMA    (27234): extractSelCodeFromOtaSpNum -1
02-09 18:22:54.185 D/CDMA    (27234): isOtaSpNumber false
02-09 18:22:54.215 I/RILC    (  113): qmi_ril(0/113): [qmi_cb] qcril_qmi_nas_unsolicited_indication_cb invoked msg 0x24
02-09 18:22:54.215 I/RILC    (  113): qmi_ril(0/113): [qmi_cb] qcril_qmi_nas_is_considered_registered qcril_qmi_nas_is_considered_registered entered
02-09 18:22:54.215 I/RILC    (  113): qmi_ril(0/113): [qmi_cb] qcril_qmi_nas_is_considered_registered qcril_qmi_nas_is_considered_registered completed with 1
02-09 18:22:54.215 I/RILC    (  113): qmi_ril(0/113): [qmi_cb] qcril_qmi_nas_serving_system_ind_conv_qmi2ril qcril_qmi_nas_serving_system_ind_conv_qmi2ril entered
02-09 18:22:54.215 I/RILC    (  113): qmi_ril(0/113): [qmi_cb] qcril_qmi_nas_serving_system_ind_conv_qmi2ril .. fundamental change 0
02-09 18:22:54.215 I/RILC    (  113): qmi_ril(0/113): [qmi_cb] qcril_qmi_voice_technology_updated qcril_qmi_voice_technology_updated entered
02-09 18:22:54.215 I/RILC    (  113): qmi_ril(0/113): [qmi_cb] qcril_qmi_voice_technology_updated ..nas_cached_info.serving_system valid 1
02-09 18:22:54.215 I/RILC    (  113): qmi_ril(0/113): [qmi_cb] qcril_qmi_voice_technology_updated .. selected NW 1
02-09 18:22:54.215 I/RILC    (  113): qmi_ril(0/113): [qmi_cb] qcril_qmi_voice_technology_updated .. NW state 1
02-09 18:22:54.215 I/RILC    (  113): qmi_ril(0/113): [qmi_cb] qcril_qmi_mgr_voice_technology_updated qcril_qmi_mgr_voice_technology_updated entered
02-09 18:22:54.215 I/RILC    (  113): qmi_ril(0/113): [qmi_cb] qcril_qmi_mgr_voice_technology_updated qcril_qmi_mgr_voice_technology_updated left 2
02-09 18:22:54.215 I/RILC    (  113): qmi_ril(0/113): [qmi_cb] qcril_qmi_voice_technology_updated qcril_qmi_voice_technology_updated completed for 2
02-09 18:22:54.215 I/RILC    (  113): qmi_ril(0/113): [qmi_cb] qmi_ril_nwr_update_reg_rej_legacy qmi_ril_nwr_update_reg_rej_legacy entered
02-09 18:22:54.215 I/RILC    (  113): qmi_ril(0/113): [qmi_cb] qmi_ril_nwr_update_reg_rej_legacy .. ss srv reg state 1
02-09 18:22:54.215 I/RILC    (  113): qmi_ril(0/113): [qmi_cb] qmi_ril_nwr_update_reg_rej_legacy .. reje CS cs_rejected 0
02-09 18:22:54.215 I/RILC    (  113): qmi_ril(0/113): [qmi_cb] qmi_ril_nwr_update_reg_rej_legacy .. reje CS cs_reject_cause 0
02-09 18:22:54.215 I/RILC    (  113): qmi_ril(0/113): [qmi_cb] qmi_ril_nwr_update_reg_rej_legacy .. reje PS ps_rejected 0
02-09 18:22:54.215 I/RILC    (  113): qmi_ril(0/113): [qmi_cb] qmi_ril_nwr_update_reg_rej_legacy .. reje PS ps_reject_cause 0
02-09 18:22:54.215 I/RILC    (  113): qmi_ril(0/113): [qmi_cb] qmi_ril_nwr_util_log_mccmnc_str .. reje mcc - 
02-09 18:22:54.215 I/RILC    (  113): qmi_ril(0/113): [qmi_cb] qmi_ril_nwr_util_log_mccmnc_str .. reje mnc - 
02-09 18:22:54.215 I/RILC    (  113): qmi_ril(0/113): [qmi_cb] qmi_ril_nwr_update_reg_rej_legacy qmi_ril_nwr_update_reg_rej_legacy completed
02-09 18:22:54.215 I/RILC    (  113): qmi_ril(0/113): [qmi_cb] qcril_qmi_nas_serving_system_ind_conv_qmi2ril qcril_qmi_nas_serving_system_ind_conv_qmi2ril serving_system cached 1
02-09 18:22:54.215 I/RILC    (  113): qmi_ril(0/113): [qmi_cb] qcril_qmi_nas_serving_system_ind_conv_qmi2ril qcril_qmi_nas_serving_system_ind_conv_qmi2ril roaming_indicator cached 0
02-09 18:22:54.215 I/RILC    (  113): qmi_ril(0/113): [qmi_cb] qcril_qmi_nas_serving_system_ind_conv_qmi2ril qcril_qmi_nas_serving_system_ind_conv_qmi2ril data_capabilities cached 1
02-09 18:22:54.215 I/RILC    (  113): qmi_ril(0/113): [qmi_cb] qcril_qmi_nas_serving_system_ind_conv_qmi2ril qcril_qmi_nas_serving_system_ind_conv_qmi2ril current_plmn cached 0
02-09 18:22:54.215 I/RILC    (  113): qmi_ril(0/113): [qmi_cb] qcril_qmi_nas_serving_system_ind_conv_qmi2ril qcril_qmi_nas_serving_system_ind_conv_qmi2ril mnc_includes_pcs_digit cached 0
02-09 18:22:54.215 I/RILC    (  113): qmi_ril(0/113): [qmi_cb] qcril_qmi_nas_serving_system_ind_conv_qmi2ril qcril_qmi_nas_serving_system_ind_conv_qmi2ril completed
02-09 18:22:54.215 I/RILC    (  113): qmi_ril(0/113): [qmi_cb] qcril_qmi_nas_is_considered_registered qcril_qmi_nas_is_considered_registered entered
02-09 18:22:54.215 I/RILC    (  113): qmi_ril(0/113): [qmi_cb] qcril_qmi_nas_is_considered_registered qcril_qmi_nas_is_considered_registered completed with 1
02-09 18:22:54.215 I/RILC    (  113): qmi_ril(0/113): [qmi_cb] qcril_qmi_nas_unsolicited_indication_cb .. operational state 3
02-09 18:22:54.215 D/RILC    (  113): qmi_ril(0/113): [qmi_cb] qcril_send_unsol_response UI <--- RIL_UNSOL_RESPONSE_NETWORK_STATE_CHANGED (1002) --- RIL [RID 0, Len 0, (null)]
02-09 18:22:54.215 I/RILC    (  113): qmi_ril(0/113): [qmi_cb] qcril_qmi_nas_unsolicited_indication_cb posted RIL indication 1002
02-09 18:22:54.215 D/RILC    (  113): qmi_ril(0/113): [qmi_cb] qcril_send_unsol_response UI <--- RIL_UNSOL_RESPONSE_DATA_NETWORK_STATE_CHANGED (1037) --- RIL [RID 0, Len 0, (null)]
02-09 18:22:54.215 I/RILC    (  113): qmi_ril(0/113): [qmi_cb] qcril_qmi_nas_unsolicited_indication_cb posted RIL indication 1037
02-09 18:22:54.215 I/RILC    (  113): qmi_ril(0/113): [qmi_cb] qcril_qmi_nas_unsolicited_indication_cb qcril_qmi_nas_unsolicited_indication_cb completed
02-09 18:22:54.215 D/RILJ    (27234): [UNSL]< UNSOL_RESPONSE_NETWORK_STATE_CHANGED
02-09 18:22:54.215 D/RILJ    (27234): [UNSL]< RIL_UNSOL_RESPONSE_DATA_NETWORK_STATE_CHANGED
02-09 18:22:54.215 I/RILC    (  113): qmi_ril(0/113): [event] qcril_qmi_util_convert_qmi_response_codes_to_ril_result_ex qcril_qmi_util_convert_qmi_response_codes_to_ril_result_ex ctx check 0
02-09 18:22:54.215 I/RILC    (  113): qmi_ril(0/113): [event] qcril_qmi_nas_fetch_signal_strength_observations qcril_qmi_nas_request_signal_strength entered IF UTIL_RES = SUCCESS 32
02-09 18:22:54.215 I/RILC    (  113): qmi_ril(0/113): [event] qcril_qmi_nas_fetch_signal_strength_observations qcril_qmi_nas_fetch_signal_strength_observations completed 0
02-09 18:22:54.215 I/RILC    (  113): qmi_ril(0/113): [event] qcril_qmi_nas_propagate_known_signal_strength_ind .. subfetch sig strength info 0
02-09 18:22:54.215 I/RILC    (  113): qmi_ril(0/113): [event] qcril_qmi_nas_dump_sign_strength_report qcril_qmi_nas_dump_sign_strength_report entered
02-09 18:22:54.215 I/RILC    (  113): qmi_ril(0/113): [event] qcril_qmi_nas_dump_sign_strength_report ..GW
02-09 18:22:54.215 I/RILC    (  113): qmi_ril(0/113): [event] qcril_qmi_nas_dump_sign_strength_report .. signalStrength 99, bitErrorRate 0
02-09 18:22:54.215 I/RILC    (  113): qmi_ril(0/113): [event] qcril_qmi_nas_dump_sign_strength_report ..CDMA
02-09 18:22:54.215 I/RILC    (  113): qmi_ril(0/113): [event] qcril_qmi_nas_dump_sign_strength_report .. dbm 96, ecio 95 
02-09 18:22:54.215 I/RILC    (  113): qmi_ril(0/113): [event] qcril_qmi_nas_dump_sign_strength_report ..EVDO
02-09 18:22:54.225 I/RILC    (  113): qmi_ril(0/113): [event] qcril_qmi_nas_dump_sign_strength_report .. dbm 125, ecio 25, signalNoiseRatio 8
02-09 18:22:54.225 I/RILC    (  113): qmi_ril(0/113): [event] qcril_qmi_nas_dump_sign_strength_report ..LTE
02-09 18:22:54.225 I/RILC    (  113): qmi_ril(0/113): [event] qcril_qmi_nas_dump_sign_strength_report .. signalStrength 99, rsrp 2147483647, rsrq 2147483647, rsnnr 2147483647
02-09 18:22:54.225 I/RILC    (  113): qmi_ril(0/113): [event] qcril_qmi_nas_dump_sign_strength_report qcril_qmi_nas_dump_sign_strength_report completed
02-09 18:22:54.225 I/RILC    (  113): qmi_ril(0/113): [event] qcril_qmi_nas_propagate_known_signal_strength_ind .. conf res 0
02-09 18:22:54.225 D/RILC    (  113): qmi_ril(0/113): [event] qcril_send_unsol_response UI <--- RIL_UNSOL_SIGNAL_STRENGTH (1009) --- RIL [RID 0, Len 48, (null)]
02-09 18:22:54.225 I/RILC    (  113): qmi_ril(0/113): [event] qcril_qmi_nas_propagate_known_signal_strength_ind qcril_qmi_nas_propagate_known_signal_strength_ind completed 0
02-09 18:22:54.225 I/RILC    (  113): qmi_ril(0/113): [event] qcril_process_event Exit qcril_process_event() : <Unknown event> ?, err_no 0
02-09 18:22:54.225 D/RILC    (  113): qmi_ril(0/113): [event] qcril_event_main qcril_event_main(): Waiting...
02-09 18:22:54.645 D/RILJ    (27234): [2452]> OPERATOR
02-09 18:22:54.645 D/RILJ    (27234): [2453]> REGISTRATION_STATE
02-09 18:22:54.645 D/RILC    (  113): qmi_ril(0/113): [main] onRequest UI --- RIL_REQUEST_OPERATOR (22) ---> RIL [RID 0, token id 2452, data len 0]
02-09 18:22:54.645 I/RILC    (  113): qmi_ril(0/113): [main] qcril_qmi_nas_request_operator qcril_qmi_nas_request_operator entered
02-09 18:22:54.645 I/RILC    (  113): qmi_ril(0/113): [main] qcril_qmi_nas_is_considered_registered qcril_qmi_nas_is_considered_registered entered
02-09 18:22:54.645 I/RILC    (  113): qmi_ril(0/113): [main] qcril_qmi_nas_is_considered_registered qcril_qmi_nas_is_considered_registered completed with 1
02-09 18:22:54.645 I/RILC    (  113): qmi_ril(0/113): [main] qcril_qmi_nas_is_in_service_of_technology qcril_qmi_nas_is_in_service_of_technology entered
02-09 18:22:54.645 I/RILC    (  113): qmi_ril(0/113): [main] qcril_qmi_nas_is_in_service_of_technology qcril_qmi_nas_is_in_service_of_technology completed with 0
02-09 18:22:54.645 I/RILC    (  113): qmi_ril(0/113): [main] qcril_qmi_nas_request_operator .. everything cached non sys_info 0
02-09 18:22:54.645 D/RILJ    (27234): [2454]> DATA_REGISTRATION_STATE
02-09 18:22:54.645 I/RILC    (  113): qmi_ril(0/113): [main] qcril_qmi_util_convert_qmi_response_codes_to_ril_result_ex qcril_qmi_util_convert_qmi_response_codes_to_ril_result_ex ctx check 0
02-09 18:22:54.645 I/RILC    (  113): qmi_ril(0/113): [main] qcril_qmi_voice_technology_updated qcril_qmi_voice_technology_updated entered
02-09 18:22:54.645 I/RILC    (  113): qmi_ril(0/113): [main] qcril_qmi_voice_technology_updated ..nas_cached_info.serving_system valid 1
02-09 18:22:54.645 I/RILC    (  113): qmi_ril(0/113): [main] qcril_qmi_voice_technology_updated .. selected NW 1
02-09 18:22:54.645 I/RILC    (  113): qmi_ril(0/113): [main] qcril_qmi_voice_technology_updated .. NW state 1
02-09 18:22:54.645 I/RILC    (  113): qmi_ril(0/113): [main] qcril_qmi_mgr_voice_technology_updated qcril_qmi_mgr_voice_technology_updated entered
02-09 18:22:54.645 I/RILC    (  113): qmi_ril(0/113): [main] qcril_qmi_mgr_voice_technology_updated qcril_qmi_mgr_voice_technology_updated left 2
02-09 18:22:54.645 I/RILC    (  113): qmi_ril(0/113): [main] qcril_qmi_voice_technology_updated qcril_qmi_voice_technology_updated completed for 2
02-09 18:22:54.645 I/RILC    (  113): qmi_ril(0/113): [main] qmi_ril_nwr_update_reg_rej_legacy qmi_ril_nwr_update_reg_rej_legacy entered
02-09 18:22:54.645 I/RILC    (  113): qmi_ril(0/113): [main] qmi_ril_nwr_update_reg_rej_legacy .. ss srv reg state 1
02-09 18:22:54.645 I/RILC    (  113): qmi_ril(0/113): [main] qmi_ril_nwr_update_reg_rej_legacy .. reje CS cs_rejected 0
02-09 18:22:54.645 I/RILC    (  113): qmi_ril(0/113): [main] qmi_ril_nwr_update_reg_rej_legacy .. reje CS cs_reject_cause 0
02-09 18:22:54.645 I/RILC    (  113): qmi_ril(0/113): [main] qmi_ril_nwr_update_reg_rej_legacy .. reje PS ps_rejected 0
02-09 18:22:54.645 I/RILC    (  113): qmi_ril(0/113): [main] qmi_ril_nwr_update_reg_rej_legacy .. reje PS ps_reject_cause 0
02-09 18:22:54.645 I/RILC    (  113): qmi_ril(0/113): [main] qmi_ril_nwr_util_log_mccmnc_str .. reje mcc - 
02-09 18:22:54.645 I/RILC    (  113): qmi_ril(0/113): [main] qmi_ril_nwr_util_log_mccmnc_str .. reje mnc - 
02-09 18:22:54.645 I/RILC    (  113): qmi_ril(0/113): [main] qmi_ril_nwr_update_reg_rej_legacy qmi_ril_nwr_update_reg_rej_legacy completed
02-09 18:22:54.645 I/RILC    (  113): qmi_ril(0/113): [main] qcril_qmi_nas_fetch_serving_system_info qcril_qmi_nas_fetch_serving_system_info res 0 
02-09 18:22:54.645 I/RILC    (  113): qmi_ril(0/113): [main] qcril_qmi_nas_request_operator ..mcc_mnc_ascii 310099
02-09 18:22:54.645 I/RILC    (  113): qmi_ril(0/113): [main] qcril_qmi_nas_fill_up_3gpp2_operator_name qcril_qmi_nas_fill_up_3gpp2_operator_name mcc 310 mnc 099 sid 4139 nid 41
02-09 18:22:54.645 D/RILC    (  113): qmi_ril(0/113): [main] qcril_qmi_nas2_find_3gpp2_static_operator_name UE Memory List does not contain the specified operator
02-09 18:22:54.645 I/RILC    (  113): qmi_ril(0/113): [main] qcril_qmi_nas_fill_up_3gpp2_operator_name ..will return static , 
02-09 18:22:54.645 I/RILC    (  113): qmi_ril(0/113): [main] qcril_qmi_nas_fill_up_3gpp2_operator_name qcril_qmi_nas_fill_up_3gpp2_operator_name completed with 0
02-09 18:22:54.645 I/CDMA    (27234): NITZ: 12/02/10,00:23:23-24,00,126136133 start=126136612 delay=479
02-09 18:22:54.655 I/CDMA    (27234):  dst: 0
02-09 18:22:54.655 I/CDMA    (27234):  tzOffset: -21600000
02-09 18:22:54.655 I/CDMA    (27234):  iso: us
02-09 18:22:54.655 I/CDMA    (27234): mGotCountryCode: true
02-09 18:22:54.665 I/CDMA    (27234):  zone id : America/Chicago name : Central Standard Time
02-09 18:22:54.665 I/CDMA    (27234): set zone id: America/Chicago
02-09 18:22:54.685 I/RILC    (  113): qmi_ril(0/113): [main] qcril_qmi_util_convert_qmi_response_codes_to_ril_result_ex qcril_qmi_util_convert_qmi_response_codes_to_ril_result_ex ctx check 4
02-09 18:22:54.685 I/RILC    (  113): qmi_ril(0/113): [main] qcril_qmi_nas_request_operator 0, 0, 0
02-09 18:22:54.685 I/RILC    (  113): qmi_ril(0/113): [main] qcril_qmi_nas_request_operator nam name valid 1, len 12
02-09 18:22:54.685 I/RILC    (  113): qmi_ril(0/113): [main] qcril_qmi_nas_request_operator .. used_nam_name_len 12
02-09 18:22:54.685 I/RILC    (  113): qmi_ril(0/113): [main] qcril_qmi_nas_request_operator .. nam             
02-09 18:22:54.685 I/RILC    (  113): qmi_ril(0/113): [main] qcril_qmi_nas_request_operator .. res long             
02-09 18:22:54.685 I/RILC    (  113): qmi_ril(0/113): [main] qcril_qmi_nas_request_operator .. res short 
02-09 18:22:54.685 I/RILC    (  113): qmi_ril(0/113): [main] qcril_qmi_nas_request_operator .. res mcc_mnc 310099
02-09 18:22:54.685 I/RILC    (  113): qmi_ril(0/113): [main] qcril_qmi_nas_request_operator qcril_qmi_nas_request_operator long             
02-09 18:22:54.685 I/RILC    (  113): qmi_ril(0/113): [main] qcril_qmi_nas_request_operator qcril_qmi_nas_request_operator short 
02-09 18:22:54.685 I/RILC    (  113): qmi_ril(0/113): [main] qcril_qmi_nas_request_operator qcril_qmi_nas_request_operator mcc_mnc 310099
02-09 18:22:54.685 I/RILC    (  113): qmi_ril(0/113): [main] qcril_reqlist_find [RID 0] Not found ReqList entry : token id 2452
02-09 18:22:54.685 D/RILC    (  113): qmi_ril(0/113): [main] qcril_send_request_response UI <--- RIL_REQUEST_OPERATOR (22) Complete --- RIL [RID 0, Token 2452, Success, Len 12 ]
02-09 18:22:54.685 I/RILC    (  113): qmi_ril(0/113): [main] qcril_qmi_nas_request_operator qcril_qmi_nas_request_operator complete with 0
02-09 18:22:54.685 D/RILC    (  113): qmi_ril(0/113): [main] onRequest UI --- RIL_REQUEST_REGISTRATION_STATE (20) ---> RIL [RID 0, token id 2453, data len 0]
02-09 18:22:54.685 I/RILC    (  113): qmi_ril(0/113): [main] qcril_qmi_nas_request_registration_state qcril_qmi_nas_request_registration_state entered
02-09 18:22:54.685 I/RILC    (  113): qmi_ril(0/113): [main] qcril_qmi_nas_is_in_service_of_technology qcril_qmi_nas_is_in_service_of_technology entered
02-09 18:22:54.685 I/RILC    (  113): qmi_ril(0/113): [main] qcril_qmi_nas_is_in_service_of_technology qcril_qmi_nas_is_in_service_of_technology completed with 0
02-09 18:22:54.685 I/RILC    (  113): qmi_ril(0/113): [main] qcril_qmi_nas_is_in_service_of_technology qcril_qmi_nas_is_in_service_of_technology entered
02-09 18:22:54.685 I/RILC    (  113): qmi_ril(0/113): [main] qcril_qmi_nas_is_in_service_of_technology qcril_qmi_nas_is_in_service_of_technology completed with 1
02-09 18:22:54.685 I/RILC    (  113): qmi_ril(0/113): [main] qcril_qmi_nas_request_registration_state qcril_qmi_nas_request_registration_state cache subrequest need 1
02-09 18:22:54.685 D/RILJ    (27234): [2452]< OPERATOR {            , , 310099}
02-09 18:22:54.695 I/RILC    (  113): qmi_ril(0/113): [main] qcril_qmi_util_convert_qmi_response_codes_to_ril_result_ex qcril_qmi_util_convert_qmi_response_codes_to_ril_result_ex ctx check 0
02-09 18:22:54.695 I/RILC    (  113): qmi_ril(0/113): [main] qcril_qmi_voice_technology_updated qcril_qmi_voice_technology_updated entered
02-09 18:22:54.695 I/RILC    (  113): qmi_ril(0/113): [main] qcril_qmi_voice_technology_updated ..nas_cached_info.serving_system valid 1
02-09 18:22:54.695 I/RILC    (  113): qmi_ril(0/113): [main] qcril_qmi_voice_technology_updated .. selected NW 1
02-09 18:22:54.695 I/RILC    (  113): qmi_ril(0/113): [main] qcril_qmi_voice_technology_updated .. NW state 1
02-09 18:22:54.695 I/RILC    (  113): qmi_ril(0/113): [main] qcril_qmi_mgr_voice_technology_updated qcril_qmi_mgr_voice_technology_updated entered
02-09 18:22:54.695 I/RILC    (  113): qmi_ril(0/113): [main] qcril_qmi_mgr_voice_technology_updated qcril_qmi_mgr_voice_technology_updated left 2
02-09 18:22:54.695 I/RILC    (  113): qmi_ril(0/113): [main] qcril_qmi_voice_technology_updated qcril_qmi_voice_technology_updated completed for 2
02-09 18:22:54.695 I/RILC    (  113): qmi_ril(0/113): [main] qmi_ril_nwr_update_reg_rej_legacy qmi_ril_nwr_update_reg_rej_legacy entered
02-09 18:22:54.695 I/RILC    (  113): qmi_ril(0/113): [main] qmi_ril_nwr_update_reg_rej_legacy .. ss srv reg state 1
02-09 18:22:54.695 I/RILC    (  113): qmi_ril(0/113): [main] qmi_ril_nwr_update_reg_rej_legacy .. reje CS cs_rejected 0
02-09 18:22:54.695 I/RILC    (  113): qmi_ril(0/113): [main] qmi_ril_nwr_update_reg_rej_legacy .. reje CS cs_reject_cause 0
02-09 18:22:54.695 I/RILC    (  113): qmi_ril(0/113): [main] qmi_ril_nwr_update_reg_rej_legacy .. reje PS ps_rejected 0
02-09 18:22:54.695 I/RILC    (  113): qmi_ril(0/113): [main] qmi_ril_nwr_update_reg_rej_legacy .. reje PS ps_reject_cause 0
02-09 18:22:54.695 I/RILC    (  113): qmi_ril(0/113): [main] qmi_ril_nwr_util_log_mccmnc_str .. reje mcc - 
02-09 18:22:54.695 I/RILC    (  113): qmi_ril(0/113): [main] qmi_ril_nwr_util_log_mccmnc_str .. reje mnc - 
02-09 18:22:54.695 I/RILC    (  113): qmi_ril(0/113): [main] qmi_ril_nwr_update_reg_rej_legacy qmi_ril_nwr_update_reg_rej_legacy completed
02-09 18:22:54.695 I/RILC    (  113): qmi_ril(0/113): [main] qcril_qmi_nas_fetch_serving_system_info qcril_qmi_nas_fetch_serving_system_info res 0 
02-09 18:22:54.695 I/RILC    (  113): qmi_ril(0/113): [main] qcril_qmi_util_convert_qmi_response_codes_to_ril_result_ex qcril_qmi_util_convert_qmi_response_codes_to_ril_result_ex ctx check 0
02-09 18:22:54.695 I/RILC    (  113): qmi_ril(0/113): [main] qcril_qmi_nas_update_voice_rte qcril_qmi_nas_update_voice_rte entered
02-09 18:22:54.695 I/RILC    (  113): qmi_ril(0/113): [main] qcril_qmi_nas_util_convert_nas_srv_status_to_ril_reg_status  qcril_qmi_nas_util_convert_nas_srv_status_to_ril_reg_status entered
02-09 18:22:54.695 D/RILC    (  113): qmi_ril(0/113): [main] qcril_qmi_util_retrieve_srv_status qcril_qmi_util_retrieve_srv_status completed with 2
02-09 18:22:54.695 I/RILC    (  113): qmi_ril(0/113): [main] qcril_qmi_nas_util_convert_nas_srv_status_to_ril_reg_status ... nas_srv_status 2, is_data 0, is_3gpp 0, is_hdr 0
02-09 18:22:54.695 I/RILC    (  113): qmi_ril(0/113): [main] qcril_qmi_nas_util_convert_nas_srv_status_to_ril_reg_status ... intermediate res 1 5
02-09 18:22:54.695 I/RILC    (  113): qmi_ril(0/113): [main] qcril_qmi_nas_util_convert_nas_srv_status_to_ril_reg_status ... common_sys_info 89032
02-09 18:22:54.695 I/RILC    (  113): qmi_ril(0/113): [main] qcril_qmi_nas_util_convert_nas_srv_status_to_ril_reg_status ... srv_capability_valid, srv_capability 1, 3
02-09 18:22:54.695 I/RILC    (  113): qmi_ril(0/113): [main] qcril_qmi_nas_util_convert_nas_srv_status_to_ril_reg_status ... srv_domain_valid, srv_domain 1, 3
02-09 18:22:54.695 I/RILC    (  113): qmi_ril(0/113): [main] qcril_qmi_nas_util_convert_nas_srv_status_to_ril_reg_status ... intermediate res 2 5
02-09 18:22:54.695 I/RILC    (  113): qmi_ril(0/113): [main] qcril_qmi_nas_util_convert_nas_srv_status_to_ril_reg_status ... hdr_only_sys_info 0
02-09 18:22:54.695 I/RILC    (  113): qmi_ril(0/113): [main] qcril_qmi_nas_util_convert_nas_srv_status_to_ril_reg_status ... intermediate res 3 5
02-09 18:22:54.695 I/RILC    (  113): qmi_ril(0/113): [main] qcril_qmi_nas_util_convert_nas_srv_status_to_ril_reg_status ... is_sys_forbidden_valid, is_sys_forbidden 1, 0
02-09 18:22:54.695 I/RILC    (  113): qmi_ril(0/113): [main] qcril_qmi_nas_util_convert_nas_srv_status_to_ril_reg_status qcril_qmi_nas_util_convert_nas_srv_status_to_ril_reg_status complete with 5
02-09 18:22:54.695 I/RILC    (  113): qmi_ril(0/113): [main] qcril_qmi_nas_util_convert_nas_srv_status_to_ril_reg_status  qcril_qmi_nas_util_convert_nas_srv_status_to_ril_reg_status entered
02-09 18:22:54.695 D/RILC    (  113): qmi_ril(0/113): [main] qcril_qmi_util_retrieve_srv_status qcril_qmi_util_retrieve_srv_status completed with 0
02-09 18:22:54.695 I/RILC    (  113): qmi_ril(0/113): [main] qcril_qmi_nas_util_convert_nas_srv_status_to_ril_reg_status ... nas_srv_status 0, is_data 1, is_3gpp 0, is_hdr 1
02-09 18:22:54.695 I/RILC    (  113): qmi_ril(0/113): [main] qcril_qmi_nas_util_convert_nas_srv_status_to_ril_reg_status ... intermediate res 1 2
02-09 18:22:54.695 I/RILC    (  113): qmi_ril(0/113): [main] qcril_qmi_nas_util_convert_nas_srv_status_to_ril_reg_status ... common_sys_info 0
02-09 18:22:54.695 I/RILC    (  113): qmi_ril(0/113): [main] qcril_qmi_nas_util_convert_nas_srv_status_to_ril_reg_status ... intermediate res 2 2
02-09 18:22:54.695 I/RILC    (  113): qmi_ril(0/113): [main] qcril_qmi_nas_util_convert_nas_srv_status_to_ril_reg_status ... hdr_only_sys_info 0
02-09 18:22:54.695 I/RILC    (  113): qmi_ril(0/113): [main] qcril_qmi_nas_util_convert_nas_srv_status_to_ril_reg_status ... intermediate res 3 2
02-09 18:22:54.695 I/RILC    (  113): qmi_ril(0/113): [main] qcril_qmi_nas_util_convert_nas_srv_status_to_ril_reg_status qcril_qmi_nas_util_convert_nas_srv_status_to_ril_reg_status complete with 2
02-09 18:22:54.695 I/RILC    (  113): qmi_ril(0/113): [main] qcril_qmi_nas_update_voice_rte .. 1x reg 5
02-09 18:22:54.695 I/RILC    (  113): qmi_ril(0/113): [main] qcril_qmi_nas_update_voice_rte .. gsm reg 0
02-09 18:22:54.695 I/RILC    (  113): qmi_ril(0/113): [main] qcril_qmi_nas_update_voice_rte .. wcdma reg 0
02-09 18:22:54.695 I/RILC    (  113): qmi_ril(0/113): [main] qcril_qmi_nas_update_voice_rte .. lte reg 0
02-09 18:22:54.695 I/RILC    (  113): qmi_ril(0/113): [main] qcril_qmi_nas_update_voice_rte .. hdr reg 2
02-09 18:22:54.695 I/RILC    (  113): qmi_ril(0/113): [main] qcril_qmi_nas_update_voice_rte qcril_qmi_nas_update_voice_rte completed, new vrte 1
02-09 18:22:54.695 I/RILC    (  113): qmi_ril(0/113): [main] qcril_qmi_voice_technology_updated qcril_qmi_voice_technology_updated entered
02-09 18:22:54.695 I/RILC    (  113): qmi_ril(0/113): [main] qcril_qmi_voice_technology_updated ..nas_cached_info.serving_system valid 1
02-09 18:22:54.695 I/RILC    (  113): qmi_ril(0/113): [main] qcril_qmi_voice_technology_updated .. selected NW 1
02-09 18:22:54.695 I/RILC    (  113): qmi_ril(0/113): [main] qcril_qmi_voice_technology_updated .. NW state 1
02-09 18:22:54.695 I/RILC    (  113): qmi_ril(0/113): [main] qcril_qmi_mgr_voice_technology_updated qcril_qmi_mgr_voice_technology_updated entered
02-09 18:22:54.695 I/RILC    (  113): qmi_ril(0/113): [main] qcril_qmi_mgr_voice_technology_updated qcril_qmi_mgr_voice_technology_updated left 2
02-09 18:22:54.695 I/RILC    (  113): qmi_ril(0/113): [main] qcril_qmi_voice_technology_updated qcril_qmi_voice_technology_updated completed for 2
02-09 18:22:54.695 I/RILC    (  113): qmi_ril(0/113): [main] qmi_ril_nwr_update_reg_rej_from_sys_info qmi_ril_nwr_update_reg_rej_from_sys_info entered
02-09 18:22:54.695 I/RILC    (  113): qmi_ril(0/113): [main] qcril_qmi_nas_util_convert_nas_srv_status_to_ril_reg_status  qcril_qmi_nas_util_convert_nas_srv_status_to_ril_reg_status entered
02-09 18:22:54.695 D/RILC    (  113): qmi_ril(0/113): [main] qcril_qmi_util_retrieve_srv_status qcril_qmi_util_retrieve_srv_status completed with 2
02-09 18:22:54.695 I/RILC    (  113): qmi_ril(0/113): [main] qcril_qmi_nas_util_convert_nas_srv_status_to_ril_reg_status ... nas_srv_status 2, is_data 0, is_3gpp 0, is_hdr 0
02-09 18:22:54.695 I/RILC    (  113): qmi_ril(0/113): [main] qcril_qmi_nas_util_convert_nas_srv_status_to_ril_reg_status ... intermediate res 1 5
02-09 18:22:54.695 I/RILC    (  113): qmi_ril(0/113): [main] qcril_qmi_nas_util_convert_nas_srv_status_to_ril_reg_status ... common_sys_info 89032
02-09 18:22:54.695 I/RILC    (  113): qmi_ril(0/113): [main] qcril_qmi_nas_util_convert_nas_srv_status_to_ril_reg_status ... srv_capability_valid, srv_capability 1, 3
02-09 18:22:54.695 I/RILC    (  113): qmi_ril(0/113): [main] qcril_qmi_nas_util_convert_nas_srv_status_to_ril_reg_status ... srv_domain_valid, srv_domain 1, 3
02-09 18:22:54.695 I/RILC    (  113): qmi_ril(0/113): [main] qcril_qmi_nas_util_convert_nas_srv_status_to_ril_reg_status ... intermediate res 2 5
02-09 18:22:54.695 I/RILC    (  113): qmi_ril(0/113): [main] qcril_qmi_nas_util_convert_nas_srv_status_to_ril_reg_status ... hdr_only_sys_info 0
02-09 18:22:54.695 I/RILC    (  113): qmi_ril(0/113): [main] qcril_qmi_nas_util_convert_nas_srv_status_to_ril_reg_status ... intermediate res 3 5
02-09 18:22:54.695 I/RILC    (  113): qmi_ril(0/113): [main] qcril_qmi_nas_util_convert_nas_srv_status_to_ril_reg_status ... is_sys_forbidden_valid, is_sys_forbidden 1, 0
02-09 18:22:54.695 I/RILC    (  113): qmi_ril(0/113): [main] qcril_qmi_nas_util_convert_nas_srv_status_to_ril_reg_status qcril_qmi_nas_util_convert_nas_srv_status_to_ril_reg_status complete with 5
02-09 18:22:54.695 I/RILC    (  113): qmi_ril(0/113): [main] qcril_qmi_nas_util_convert_nas_srv_status_to_ril_reg_status  qcril_qmi_nas_util_convert_nas_srv_status_to_ril_reg_status entered
02-09 18:22:54.695 D/RILC    (  113): qmi_ril(0/113): [main] qcril_qmi_util_retrieve_srv_status qcril_qmi_util_retrieve_srv_status completed with 0
02-09 18:22:54.695 I/RILC    (  113): qmi_ril(0/113): [main] qcril_qmi_nas_util_convert_nas_srv_status_to_ril_reg_status ... nas_srv_status 0, is_data 0, is_3gpp 0, is_hdr 1
02-09 18:22:54.695 I/RILC    (  113): qmi_ril(0/113): [main] qcril_qmi_nas_util_convert_nas_srv_status_to_ril_reg_status ... intermediate res 1 2
02-09 18:22:54.695 I/RILC    (  113): qmi_ril(0/113): [main] qcril_qmi_nas_util_convert_nas_srv_status_to_ril_reg_status ... common_sys_info 0
02-09 18:22:54.695 I/RILC    (  113): qmi_ril(0/113): [main] qcril_qmi_nas_util_convert_nas_srv_status_to_ril_reg_status ... intermediate res 2 2
02-09 18:22:54.695 I/RILC    (  113): qmi_ril(0/113): [main] qcril_qmi_nas_util_convert_nas_srv_status_to_ril_reg_status ... hdr_only_sys_info 0
02-09 18:22:54.695 I/RILC    (  113): qmi_ril(0/113): [main] qcril_qmi_nas_util_convert_nas_srv_status_to_ril_reg_status ... intermediate res 3 2
02-09 18:22:54.695 I/RILC    (  113): qmi_ril(0/113): [main] qcril_qmi_nas_util_convert_nas_srv_status_to_ril_reg_status qcril_qmi_nas_util_convert_nas_srv_status_to_ril_reg_status complete with 2
02-09 18:22:54.695 I/RILC    (  113): qmi_ril(0/113): [main] qmi_ril_nwr_update_reg_rej_from_sys_info .. 1x reg 5
02-09 18:22:54.695 I/RILC    (  113): qmi_ril(0/113): [main] qmi_ril_nwr_update_reg_rej_from_sys_info .. gsm reg 0
02-09 18:22:54.695 I/RILC    (  113): qmi_ril(0/113): [main] qmi_ril_nwr_update_reg_rej_from_sys_info .. wcdma reg 0
02-09 18:22:54.695 I/RILC    (  113): qmi_ril(0/113): [main] qmi_ril_nwr_update_reg_rej_from_sys_info .. lte reg 0
02-09 18:22:54.695 I/RILC    (  113): qmi_ril(0/113): [main] qmi_ril_nwr_update_reg_rej_from_sys_info .. hdr reg 2
02-09 18:22:54.695 I/RILC    (  113): qmi_ril(0/113): [main] qmi_ril_nwr_update_reg_rej_from_sys_info .. ext info is_reject_case 0, is_managed_roaming 0, reject_cause 0
02-09 18:22:54.695 I/RILC    (  113): qmi_ril(0/113): [main] qmi_ril_nwr_update_reg_rej_from_sys_info .. rte 1 reje CS cs_rejected 0
02-09 18:22:54.695 I/RILC    (  113): qmi_ril(0/113): [main] qmi_ril_nwr_update_reg_rej_from_sys_info .. rte 1 reje CS cs_reject_cause 0
02-09 18:22:54.695 I/RILC    (  113): qmi_ril(0/113): [main] qmi_ril_nwr_util_log_mccmnc_str .. reje mcc - 
02-09 18:22:54.695 I/RILC    (  113): qmi_ril(0/113): [main] qmi_ril_nwr_util_log_mccmnc_str .. reje mnc - 
02-09 18:22:54.695 I/RILC    (  113): qmi_ril(0/113): [main] qmi_ril_nwr_update_reg_rej_from_sys_info .. ext info is_reject_case 0, is_managed_roaming 0, reject_cause 0
02-09 18:22:54.695 I/RILC    (  113): qmi_ril(0/113): [main] qmi_ril_nwr_update_reg_rej_from_sys_info .. rte 2 reje CS cs_rejected 0
02-09 18:22:54.695 I/RILC    (  113): qmi_ril(0/113): [main] qmi_ril_nwr_update_reg_rej_from_sys_info .. rte 2 reje CS cs_reject_cause 0
02-09 18:22:54.695 I/RILC    (  113): qmi_ril(0/113): [main] qmi_ril_nwr_util_log_mccmnc_str .. reje mcc - 
02-09 18:22:54.695 I/RILC    (  113): qmi_ril(0/113): [main] qmi_ril_nwr_util_log_mccmnc_str .. reje mnc - 
02-09 18:22:54.695 I/RILC    (  113): qmi_ril(0/113): [main] qmi_ril_nwr_update_reg_rej_from_sys_info .. ext info is_reject_case 0, is_managed_roaming 0, reject_cause 0
02-09 18:22:54.695 I/RILC    (  113): qmi_ril(0/113): [main] qmi_ril_nwr_update_reg_rej_from_sys_info .. rte 3 reje CS cs_rejected 0
02-09 18:22:54.695 I/RILC    (  113): qmi_ril(0/113): [main] qmi_ril_nwr_update_reg_rej_from_sys_info .. rte 3 reje CS cs_reject_cause 0
02-09 18:22:54.695 I/RILC    (  113): qmi_ril(0/113): [main] qmi_ril_nwr_util_log_mccmnc_str .. reje mcc - 
02-09 18:22:54.695 I/RILC    (  113): qmi_ril(0/113): [main] qmi_ril_nwr_util_log_mccmnc_str .. reje mnc - 
02-09 18:22:54.695 I/RILC    (  113): qmi_ril(0/113): [main] qmi_ril_nwr_update_reg_rej_from_sys_info .. ext info is_reject_case 0, is_managed_roaming 0, reject_cause 0
02-09 18:22:54.695 I/RILC    (  113): qmi_ril(0/113): [main] qmi_ril_nwr_update_reg_rej_from_sys_info .. rte 4 reje CS cs_rejected 0
02-09 18:22:54.695 I/RILC    (  113): qmi_ril(0/113): [main] qmi_ril_nwr_update_reg_rej_from_sys_info .. rte 4 reje CS cs_reject_cause 0
02-09 18:22:54.695 I/RILC    (  113): qmi_ril(0/113): [main] qmi_ril_nwr_util_log_mccmnc_str .. reje mcc - 
02-09 18:22:54.695 I/RILC    (  113): qmi_ril(0/113): [main] qmi_ril_nwr_util_log_mccmnc_str .. reje mnc - 
02-09 18:22:54.695 I/RILC    (  113): qmi_ril(0/113): [main] qmi_ril_nwr_update_reg_rej_from_sys_info .. ext info is_reject_case 0, is_managed_roaming 0, reject_cause 0
02-09 18:22:54.695 I/RILC    (  113): qmi_ril(0/113): [main] qmi_ril_nwr_update_reg_rej_from_sys_info .. rte 5 reje CS cs_rejected 0
02-09 18:22:54.695 I/RILC    (  113): qmi_ril(0/113): [main] qmi_ril_nwr_update_reg_rej_from_sys_info .. rte 5 reje CS cs_reject_cause 0
02-09 18:22:54.695 I/RILC    (  113): qmi_ril(0/113): [main] qmi_ril_nwr_util_log_mccmnc_str .. reje mcc - 
02-09 18:22:54.695 I/RILC    (  113): qmi_ril(0/113): [main] qmi_ril_nwr_util_log_mccmnc_str .. reje mnc - 
02-09 18:22:54.695 I/RILC    (  113): qmi_ril(0/113): [main] qcril_qmi_nas_util_convert_nas_srv_status_to_ril_reg_status  qcril_qmi_nas_util_convert_nas_srv_status_to_ril_reg_status entered
02-09 18:22:54.695 D/RILC    (  113): qmi_ril(0/113): [main] qcril_qmi_util_retrieve_srv_status qcril_qmi_util_retrieve_srv_status completed with 2
02-09 18:22:54.695 I/RILC    (  113): qmi_ril(0/113): [main] qcril_qmi_nas_util_convert_nas_srv_status_to_ril_reg_status ... nas_srv_status 2, is_data 1, is_3gpp 0, is_hdr 0
02-09 18:22:54.695 I/RILC    (  113): qmi_ril(0/113): [main] qcril_qmi_nas_util_convert_nas_srv_status_to_ril_reg_status ... intermediate res 1 5
02-09 18:22:54.695 I/RILC    (  113): qmi_ril(0/113): [main] qcril_qmi_nas_util_convert_nas_srv_status_to_ril_reg_status ... common_sys_info 89032
02-09 18:22:54.695 I/RILC    (  113): qmi_ril(0/113): [main] qcril_qmi_nas_util_convert_nas_srv_status_to_ril_reg_status ... srv_capability_valid, srv_capability 1, 3
02-09 18:22:54.695 I/RILC    (  113): qmi_ril(0/113): [main] qcril_qmi_nas_util_convert_nas_srv_status_to_ril_reg_status ... srv_domain_valid, srv_domain 1, 3
02-09 18:22:54.695 I/RILC    (  113): qmi_ril(0/113): [main] qcril_qmi_nas_util_convert_nas_srv_status_to_ril_reg_status ... intermediate res 2 5
02-09 18:22:54.695 I/RILC    (  113): qmi_ril(0/113): [main] qcril_qmi_nas_util_convert_nas_srv_status_to_ril_reg_status ... hdr_only_sys_info 0
02-09 18:22:54.695 I/RILC    (  113): qmi_ril(0/113): [main] qcril_qmi_nas_util_convert_nas_srv_status_to_ril_reg_status ... intermediate res 3 5
02-09 18:22:54.695 I/RILC    (  113): qmi_ril(0/113): [main] qcril_qmi_nas_util_convert_nas_srv_status_to_ril_reg_status ... is_sys_forbidden_valid, is_sys_forbidden 1, 0
02-09 18:22:54.695 I/RILC    (  113): qmi_ril(0/113): [main] qcril_qmi_nas_util_convert_nas_srv_status_to_ril_reg_status qcril_qmi_nas_util_convert_nas_srv_status_to_ril_reg_status complete with 5
02-09 18:22:54.695 I/RILC    (  113): qmi_ril(0/113): [main] qcril_qmi_nas_util_convert_nas_srv_status_to_ril_reg_status  qcril_qmi_nas_util_convert_nas_srv_status_to_ril_reg_status entered
02-09 18:22:54.695 D/RILC    (  113): qmi_ril(0/113): [main] qcril_qmi_util_retrieve_srv_status qcril_qmi_util_retrieve_srv_status completed with 0
02-09 18:22:54.695 I/RILC    (  113): qmi_ril(0/113): [main] qcril_qmi_nas_util_convert_nas_srv_status_to_ril_reg_status ... nas_srv_status 0, is_data 1, is_3gpp 0, is_hdr 1
02-09 18:22:54.695 I/RILC    (  113): qmi_ril(0/113): [main] qcril_qmi_nas_util_convert_nas_srv_status_to_ril_reg_status ... intermediate res 1 2
02-09 18:22:54.695 I/RILC    (  113): qmi_ril(0/113): [main] qcril_qmi_nas_util_convert_nas_srv_status_to_ril_reg_status ... common_sys_info 0
02-09 18:22:54.695 I/RILC    (  113): qmi_ril(0/113): [main] qcril_qmi_nas_util_convert_nas_srv_status_to_ril_reg_status ... intermediate res 2 2
02-09 18:22:54.695 I/RILC    (  113): qmi_ril(0/113): [main] qcril_qmi_nas_util_convert_nas_srv_status_to_ril_reg_status ... hdr_only_sys_info 0
02-09 18:22:54.695 I/RILC    (  113): qmi_ril(0/113): [main] qcril_qmi_nas_util_convert_nas_srv_status_to_ril_reg_status ... intermediate res 3 2
02-09 18:22:54.695 I/RILC    (  113): qmi_ril(0/113): [main] qcril_qmi_nas_util_convert_nas_srv_status_to_ril_reg_status qcril_qmi_nas_util_convert_nas_srv_status_to_ril_reg_status complete with 2
02-09 18:22:54.695 I/RILC    (  113): qmi_ril(0/113): [main] qmi_ril_nwr_update_reg_rej_from_sys_info .. 1x reg data 5
02-09 18:22:54.695 I/RILC    (  113): qmi_ril(0/113): [main] qmi_ril_nwr_update_reg_rej_from_sys_info .. gsm reg data 0
02-09 18:22:54.695 I/RILC    (  113): qmi_ril(0/113): [main] qmi_ril_nwr_update_reg_rej_from_sys_info .. wcdma reg data  0
02-09 18:22:54.695 I/RILC    (  113): qmi_ril(0/113): [main] qmi_ril_nwr_update_reg_rej_from_sys_info .. lte reg data 0
02-09 18:22:54.695 I/RILC    (  113): qmi_ril(0/113): [main] qmi_ril_nwr_update_reg_rej_from_sys_info .. hdr reg data 2
02-09 18:22:54.695 I/RILC    (  113): qmi_ril(0/113): [main] qmi_ril_nwr_update_reg_rej_from_sys_info .. rte 1 reje PS ps_rejected 0
02-09 18:22:54.695 I/RILC    (  113): qmi_ril(0/113): [main] qmi_ril_nwr_update_reg_rej_from_sys_info .. rte 1 reje PS ps_reject_cause 0
02-09 18:22:54.695 I/RILC    (  113): qmi_ril(0/113): [main] qmi_ril_nwr_util_log_mccmnc_str .. data reje mcc - 
02-09 18:22:54.695 I/RILC    (  113): qmi_ril(0/113): [main] qmi_ril_nwr_util_log_mccmnc_str .. data reje mnc - 
02-09 18:22:54.695 I/RILC    (  113): qmi_ril(0/113): [main] qmi_ril_nwr_update_reg_rej_from_sys_info .. rte 2 reje PS ps_rejected 0
02-09 18:22:54.695 I/RILC    (  113): qmi_ril(0/113): [main] qmi_ril_nwr_update_reg_rej_from_sys_info .. rte 2 reje PS ps_reject_cause 0
02-09 18:22:54.695 I/RILC    (  113): qmi_ril(0/113): [main] qmi_ril_nwr_util_log_mccmnc_str .. data reje mcc - 
02-09 18:22:54.695 I/RILC    (  113): qmi_ril(0/113): [main] qmi_ril_nwr_util_log_mccmnc_str .. data reje mnc - 
02-09 18:22:54.695 I/RILC    (  113): qmi_ril(0/113): [main] qmi_ril_nwr_update_reg_rej_from_sys_info .. rte 3 reje PS ps_rejected 0
02-09 18:22:54.695 I/RILC    (  113): qmi_ril(0/113): [main] qmi_ril_nwr_update_reg_rej_from_sys_info .. rte 3 reje PS ps_reject_cause 0
02-09 18:22:54.695 I/RILC    (  113): qmi_ril(0/113): [main] qmi_ril_nwr_util_log_mccmnc_str .. data reje mcc - 
02-09 18:22:54.695 I/RILC    (  113): qmi_ril(0/113): [main] qmi_ril_nwr_util_log_mccmnc_str .. data reje mnc - 
02-09 18:22:54.695 I/RILC    (  113): qmi_ril(0/113): [main] qmi_ril_nwr_update_reg_rej_from_sys_info .. rte 4 reje PS ps_rejected 0
02-09 18:22:54.695 I/RILC    (  113): qmi_ril(0/113): [main] qmi_ril_nwr_update_reg_rej_from_sys_info .. rte 4 reje PS ps_reject_cause 0
02-09 18:22:54.695 I/RILC    (  113): qmi_ril(0/113): [main] qmi_ril_nwr_util_log_mccmnc_str .. data reje mcc - 
02-09 18:22:54.695 I/RILC    (  113): qmi_ril(0/113): [main] qmi_ril_nwr_util_log_mccmnc_str .. data reje mnc - 
02-09 18:22:54.695 I/RILC    (  113): qmi_ril(0/113): [main] qmi_ril_nwr_update_reg_rej_from_sys_info .. rte 5 reje PS ps_rejected 0
02-09 18:22:54.695 I/RILC    (  113): qmi_ril(0/113): [main] qmi_ril_nwr_update_reg_rej_from_sys_info .. rte 5 reje PS ps_reject_cause 0
02-09 18:22:54.695 I/RILC    (  113): qmi_ril(0/113): [main] qmi_ril_nwr_util_log_mccmnc_str .. data reje mcc - 
02-09 18:22:54.695 I/RILC    (  113): qmi_ril(0/113): [main] qmi_ril_nwr_util_log_mccmnc_str .. data reje mnc - 
02-09 18:22:54.695 I/RILC    (  113): qmi_ril(0/113): [main] qmi_ril_nwr_update_reg_rej_from_sys_info qmi_ril_nwr_update_reg_rej_from_sys_info completed
02-09 18:22:54.695 I/RILC    (  113): qmi_ril(0/113): [main] qcril_qmi_nas_fetch_sys_info qcril_qmi_nas_fetch_sys_info res 0 
02-09 18:22:54.695 I/RILC    (  113): qmi_ril(0/113): [main] qcril_qmi_nas_request_registration_state qcril_qmi_nas_request_registration_state forming response
02-09 18:22:54.695 I/RILC    (  113): qmi_ril(0/113): [main] qcril_qmi_nas_request_registration_state ***zyj*** qcril_qmi_nas_request_registration_state nas_cached_info.serving_system->registration_state=1
02-09 18:22:54.695 I/RILC    (  113): qmi_ril(0/113): [main] qcril_qmi_nas_request_registration_state pre - cur reg state 1
02-09 18:22:54.695 I/RILC    (  113): qmi_ril(0/113): [main] qcril_qmi_nas_request_registration_state qcril_qmi_nas_request_registration_state cur reg state 1
02-09 18:22:54.695 I/RILC    (  113): qmi_ril(0/113): [main] qcril_qmi_nas_is_in_service_of_technology qcril_qmi_nas_is_in_service_of_technology entered
02-09 18:22:54.695 I/RILC    (  113): qmi_ril(0/113): [main] qcril_qmi_nas_is_in_service_of_technology qcril_qmi_nas_is_in_service_of_technology completed with 0
02-09 18:22:54.695 I/RILC    (  113): qmi_ril(0/113): [main] qcril_qmi_nas_is_in_service_of_technology qcril_qmi_nas_is_in_service_of_technology entered
02-09 18:22:54.695 I/RILC    (  113): qmi_ril(0/113): [main] qcril_qmi_nas_is_in_service_of_technology qcril_qmi_nas_is_in_service_of_technology completed with 0
02-09 18:22:54.695 I/RILC    (  113): qmi_ril(0/113): [main] qcril_qmi_nas_request_registration_state .. cdma p_rev valid 1
02-09 18:22:54.695 I/RILC    (  113): qmi_ril(0/113): [main] qcril_qmi_nas_request_registration_state .. cdma p_rev 6
02-09 18:22:54.695 I/RILC    (  113): qmi_ril(0/113): [main] qcril_qmi_nas_is_in_service_of_technology qcril_qmi_nas_is_in_service_of_technology entered
02-09 18:22:54.695 I/RILC    (  113): qmi_ril(0/113): [main] qcril_qmi_nas_is_in_service_of_technology qcril_qmi_nas_is_in_service_of_technology completed with 1
02-09 18:22:54.695 I/RILC    (  113): qmi_ril(0/113): [main] qcril_qmi_nas_request_registration_state .. rg 0 - 1
02-09 18:22:54.695 I/RILC    (  113): qmi_ril(0/113): [main] qcril_qmi_nas_request_registration_state .. rg 1 - 
02-09 18:22:54.695 I/RILC    (  113): qmi_ril(0/113): [main] qcril_qmi_nas_request_registration_state .. rg 2 - 
02-09 18:22:54.695 I/RILC    (  113): qmi_ril(0/113): [main] qcril_qmi_nas_request_registration_state .. rg 3 - 6
02-09 18:22:54.695 I/RILC    (  113): qmi_ril(0/113): [main] qcril_qmi_nas_request_registration_state .. rg 4 - 4721
02-09 18:22:54.695 I/RILC    (  113): qmi_ril(0/113): [main] qcril_qmi_nas_request_registration_state .. rg 5 - 560455
02-09 18:22:54.695 I/RILC    (  113): qmi_ril(0/113): [main] qcril_qmi_nas_request_registration_state .. rg 6 - -1362815
02-09 18:22:54.695 I/RILC    (  113): qmi_ril(0/113): [main] qcril_qmi_nas_request_registration_state .. rg 7 - 0
02-09 18:22:54.695 I/RILC    (  113): qmi_ril(0/113): [main] qcril_qmi_nas_request_registration_state .. rg 8 - 4139
02-09 18:22:54.695 I/RILC    (  113): qmi_ril(0/113): [main] qcril_qmi_nas_request_registration_state .. rg 9 - 41
02-09 18:22:54.695 I/RILC    (  113): qmi_ril(0/113): [main] qcril_qmi_nas_request_registration_state .. rg 10 - 1
02-09 18:22:54.695 I/RILC    (  113): qmi_ril(0/113): [main] qcril_qmi_nas_request_registration_state .. rg 11 - 1
02-09 18:22:54.695 I/RILC    (  113): qmi_ril(0/113): [main] qcril_qmi_nas_request_registration_state .. rg 12 - 160
02-09 18:22:54.695 I/RILC    (  113): qmi_ril(0/113): [main] qcril_qmi_nas_request_registration_state .. rg 13 - 0
02-09 18:22:54.695 I/RILC    (  113): qmi_ril(0/113): [main] qcril_qmi_nas_request_registration_state .. rg 14 - 0
02-09 18:22:54.695 I/RILC    (  113): qmi_ril(0/113): [main] qcril_reqlist_find [RID 0] Not found ReqList entry : token id 2453
02-09 18:22:54.695 D/RILC    (  113): qmi_ril(0/113): [main] qcril_send_request_response UI <--- RIL_REQUEST_REGISTRATION_STATE (20) Complete --- RIL [RID 0, Token 2453, Success, Len 60 ]
02-09 18:22:54.705 D/RILJ    (27234): [2453]< REGISTRATION_STATE {1,null,null,6,4721,560455,-1362815,0,4139,41,1,1,160,0,0}
02-09 18:22:54.705 I/RILC    (  113): qmi_ril(0/113): [main] qcril_qmi_nas_request_registration_state .. need to report cs/ps bar 0
02-09 18:22:54.705 I/RILC    (  113): qmi_ril(0/113): [main] qcril_qmi_nas_request_registration_state qcril_qmi_nas_request_registration_state completed with 0
02-09 18:22:54.705 D/RILC    (  113): qmi_ril(0/113): [main] onRequest UI --- RIL_REQUEST_DATA_REGISTRATION_STATE (21) ---> RIL [RID 0, token id 2454, data len 0]
02-09 18:22:54.705 I/RILC    (  113): qmi_ril(0/113): [main] qcril_qmi_nas_request_data_registration_state qcril_qmi_nas_request_data_registration_state entered
