02-09 18:22:16.108 I/RILC    (  113): qmi_ril(0/113): [event] qcril_qmi_nas_dump_sign_strength_report qcril_qmi_nas_dump_sign_strength_report entered
02-09 18:22:16.108 I/RILC    (  113): qmi_ril(0/113): [event] qcril_qmi_nas_dump_sign_strength_report ..GW
02-09 18:22:16.108 I/RILC    (  113): qmi_ril(0/113): [event] qcril_qmi_nas_dump_sign_strength_report .. signalStrength 99, bitErrorRate 0
02-09 18:22:16.108 I/RILC    (  113): qmi_ril(0/113): [event] qcril_qmi_nas_dump_sign_strength_report ..CDMA
02-09 18:22:16.108 I/RILC    (  113): qmi_ril(0/113): [event] qcril_qmi_nas_dump_sign_strength_report .. dbm 94, ecio 120 
02-09 18:22:16.108 I/RILC    (  113): qmi_ril(0/113): [event] qcril_qmi_nas_dump_sign_strength_report ..EVDO
02-09 18:22:16.108 I/RILC    (  113): qmi_ril(0/113): [event] qcril_qmi_nas_dump_sign_strength_report .. dbm 105, ecio 75, signalNoiseRatio 6
02-09 18:22:16.108 I/RILC    (  113): qmi_ril(0/113): [event] qcril_qmi_nas_dump_sign_strength_report ..LTE
02-09 18:22:16.108 I/RILC    (  113): qmi_ril(0/113): [event] qcril_qmi_nas_dump_sign_strength_report .. signalStrength 99, rsrp 2147483647, rsrq 2147483647, rsnnr 2147483647
02-09 18:22:16.108 I/RILC    (  113): qmi_ril(0/113): [event] qcril_qmi_nas_dump_sign_strength_report qcril_qmi_nas_dump_sign_strength_report completed
02-09 18:22:16.108 I/RILC    (  113): qmi_ril(0/113): [event] qcril_qmi_nas_propagate_known_signal_strength_ind .. conf res 0
02-09 18:22:16.108 D/RILC    (  113): qmi_ril(0/113): [event] qcril_send_unsol_response UI <--- RIL_UNSOL_SIGNAL_STRENGTH (1009) --- RIL [RID 0, Len 48, (null)]
02-09 18:22:16.108 I/RILC    (  113): qmi_ril(0/113): [event] qcril_qmi_nas_propagate_known_signal_strength_ind qcril_qmi_nas_propagate_known_signal_strength_ind completed 0
02-09 18:22:16.108 I/RILC    (  113): qmi_ril(0/113): [event] qcril_process_event Exit qcril_process_event() : <Unknown event> ?, err_no 0
02-09 18:22:16.108 D/RILC    (  113): qmi_ril(0/113): [event] qcril_event_main qcril_event_main(): Waiting...
02-09 18:22:16.148 D/CDMA    (27234): [CdmaCallTracker] handleMessage msg.id = 3
02-09 18:22:16.148 D/RILJ    (27234): [2431]> GET_CURRENT_CALLS
02-09 18:22:16.148 D/RILC    (  113): qmi_ril(0/113): [main] onRequest UI --- RIL_REQUEST_GET_CURRENT_CALLS (9) ---> RIL [RID 0, token id 2431, data len 0]
02-09 18:22:16.148 I/RILC    (  113): qmi_ril(0/113): [main] qcril_qmi_voice_request_get_current_calls qcril_qmi_voice_request_get_current_calls entered
02-09 18:22:16.148 I/RILC    (  113): qmi_ril(0/113): [main] qcril_qmi_voice_request_get_current_calls qcril_qmi_voice_request_get_current_calls - Call state 4, IsMT=1
02-09 18:22:16.148 I/RILC    (  113): qmi_ril(0/113): [main] qcril_qmi_voice_request_get_current_calls Reply to RIL --> Number of calls : 1
02-09 18:22:16.148 I/RILC    (  113): qmi_ril(0/113): [main] qcril_qmi_voice_request_get_current_calls Reply to RIL --> call[0] :state Incoming index 1, toa 129, isMpty 0, isMT 1, als 0, isVoice 1, isVoicePrivacy 0
02-09 18:22:16.148 I/RILC    (  113): qmi_ril(0/113): [main] qcril_qmi_voice_request_get_current_calls ...num 9134864351, num presentation 0, name (null), name presentation 0
02-09 18:22:16.148 I/RILC    (  113): qmi_ril(0/113): [main] qcril_reqlist_find [RID 0] Not found ReqList entry : token id 2431
02-09 18:22:16.148 D/RILC    (  113): qmi_ril(0/113): [main] qcril_send_request_response UI <--- RIL_REQUEST_GET_CURRENT_CALLS (9) Complete --- RIL [RID 0, Token 2431, Success, Len 4 ]
02-09 18:22:16.148 I/RILC    (  113): qmi_ril(0/113): [main] qcril_qmi_voice_request_get_current_calls qcril_qmi_voice_request_get_current_calls completed
02-09 18:22:16.148 D/RILJ    (27234): InCall VoicePrivacy is disabled
02-09 18:22:16.148 D/RILJ    (27234): [2431]< GET_CURRENT_CALLS  [id=1,INCOMING,toa=129,norm,mt,0,voc,noevp,,cli=1,,0] 
02-09 18:22:16.158 D/CDMA    (27234): [CdmaCallTracker] handleMessage msg.id = 1
02-09 18:22:16.158 D/CDMA    (27234): Event EVENT_POLL_CALLS_RESULT Received
02-09 18:22:16.158 D/CDMA    (27234): [CdmaCallTracker] handle EVENT_POLL_CALL_RESULT: set needsPoll=F
02-09 18:22:16.158 D/CDMA    (27234): >handlePollCalls
02-09 18:22:16.158 D/CDMA    (27234): Connections:
02-09 18:22:16.158 D/CDMA    (27234): Connection 0: 
02-09 18:22:16.158 D/CDMA    (27234): [conn] number: 9134864351 index: 0 incoming: true alive: true ringing: true
02-09 18:22:16.158 D/CDMA    (27234): Connection 1: NULL
02-09 18:22:16.158 D/CDMA    (27234): Driver Calls:
02-09 18:22:16.158 D/CDMA    (27234): [ dc ] number:9134864351 index: 1 incoming: true state: INCOMING
02-09 18:22:16.158 D/CDMA    (27234): [CdmaCallTracker] poll: conn[i=0]= incoming: true state: INCOMING post dial state: NOT_STARTED, dc=id=1,INCOMING,toa=129,norm,mt,0,voc,noevp,,cli=1,,0
02-09 18:22:16.158 D/CDMA    (27234): [CDMAConn] parent= INCOMING, newParent= INCOMING
02-09 18:22:16.158 D/CDMA    (27234): [CDMAConn] --dssds----null
02-09 18:22:16.158 D/CDMA    (27234): [CDMAConn] Update, wasConnectingInOrOut=true, wasHolding=false, isConnectingInOrOut=true, changed=false
02-09 18:22:16.158 D/CDMA    (27234): [CdmaCallTracker] poll: conn[i=1]=null, dc=null
02-09 18:22:16.158 D/CDMA    (27234): [CdmaCallTracker] update phone state, old=RINGING new=RINGING
02-09 18:22:16.158 D/CDMA    (27234): <handlePollCalls
02-09 18:22:16.288 I/RILC    (  113): qmi_ril(0/113): [qmi_cb] qcril_qmi_nas_unsolicited_indication_cb invoked msg 0x2
02-09 18:22:16.288 I/RILC    (  113): qmi_ril(0/113): [qmi_cb] qcril_qmi_nas_is_considered_registered qcril_qmi_nas_is_considered_registered entered
02-09 18:22:16.288 I/RILC    (  113): qmi_ril(0/113): [qmi_cb] qcril_qmi_nas_is_considered_registered qcril_qmi_nas_is_considered_registered completed with 1
02-09 18:22:16.288 I/RILC    (  113): qmi_ril(0/113): [qmi_cb] qcril_qmi_nas_event_report_ind_conv_qmi2ril qcril_qmi_nas_event_report_ind_conv_qmi2ril entered
02-09 18:22:16.288 I/RILC    (  113): qmi_ril(0/113): [qmi_cb] qcril_qmi_nas_event_report_ind_conv_qmi2ril .. reg reject valid 0
02-09 18:22:16.288 I/RILC    (  113): qmi_ril(0/113): [qmi_cb] qcril_qmi_nas_event_report_ind_conv_qmi2ril qcril_qmi_nas_event_report_ind_conv_qmi2ril completed
02-09 18:22:16.288 I/RILC    (  113): qmi_ril(0/113): [qmi_cb] qcril_qmi_nas_is_considered_registered qcril_qmi_nas_is_considered_registered entered
02-09 18:22:16.288 I/RILC    (  113): qmi_ril(0/113): [qmi_cb] qcril_qmi_nas_is_considered_registered qcril_qmi_nas_is_considered_registered completed with 1
02-09 18:22:16.288 D/RILC    (  113): qmi_ril(0/113): [qmi_cb] qcril_event_queue Event [<Unknown event> ?, 655370] data was NULL!
02-09 18:22:16.298 D/RILC    (  113): qmi_ril(0/113): [event] qcril_event_main qcril_event_main(): 1 items on queue
02-09 18:22:16.298 D/RILC    (  113): qmi_ril(0/113): [event] qcril_event_main RID 0 MID 0 De-queued event <Unknown event> ? (655370)
02-09 18:22:16.298 D/RILC    (  113): qmi_ril(0/113): [event] qcril_process_event RIL <--- <Unknown event> ?(655370), RID 0, MID 0 --- AMSS
02-09 18:22:16.298 I/RILC    (  113): qmi_ril(0/113): [event] qcril_qmi_trigger_propagate_known_signal_strength_ind qcril_qmi_trigger_propagate_known_signal_strength_ind received
02-09 18:22:16.298 I/RILC    (  113): qmi_ril(0/113): [event] qcril_qmi_nas_propagate_known_signal_strength_ind qcril_qmi_nas_propagate_known_signal_strength_ind entered
02-09 18:22:16.298 I/RILC    (  113): qmi_ril(0/113): [event] qcril_qmi_nas_fetch_signal_strength_observations qcril_qmi_nas_fetch_signal_strength_observations entered
02-09 18:22:16.298 I/RILC    (  113): qmi_ril(0/113): [event] qcril_qmi_nas_fetch_signal_strength_observations ..req mask 48
02-09 18:22:16.298 I/RILC    (  113): qmi_ril(0/113): [event] qcril_qmi_nas_fetch_signal_strength_observations qcril_qmi_nas_request_signal_strength entered IF 48
02-09 18:22:16.298 I/RILC    (  113): qmi_ril(0/113): [event] qcril_qmi_nas_fetch_signal_strength_observations qcril_qmi_nas_request_signal_strength entered RIL_REQ_RES qmi_request.request__mask = 48
02-09 18:22:16.298 I/RILC    (  113): qmi_ril(0/113): [event] qcril_qmi_nas_fetch_signal_strength_observations qcril_qmi_nas_request_signal_strength entered IF QMI RESPONSE 48
02-09 18:22:16.298 D/RILC    (  113): qmi_ril(0/113): [qmi_cb] qcril_event_queue RID 0 MID 0 Queued event <Unknown event> ? (0 bytes)
02-09 18:22:16.298 I/RILC    (  113): qmi_ril(0/113): [qmi_cb] qcril_qmi_nas_unsolicited_indication_cb .. operational state 3
02-09 18:22:16.298 I/RILC    (  113): qmi_ril(0/113): [qmi_cb] qcril_qmi_nas_unsolicited_indication_cb qcril_qmi_nas_unsolicited_indication_cb completed
02-09 18:22:16.298 I/RILC    (  113): qmi_ril(0/113): [event] qcril_qmi_util_convert_qmi_response_codes_to_ril_result_ex qcril_qmi_util_convert_qmi_response_codes_to_ril_result_ex ctx check 0
02-09 18:22:16.298 I/RILC    (  113): qmi_ril(0/113): [event] qcril_qmi_nas_fetch_signal_strength_observations qcril_qmi_nas_request_signal_strength entered IF UTIL_RES = SUCCESS 48
02-09 18:22:16.298 I/RILC    (  113): qmi_ril(0/113): [event] qcril_qmi_nas_fetch_signal_strength_observations qcril_qmi_nas_fetch_signal_strength_observations completed 0
02-09 18:22:16.298 I/RILC    (  113): qmi_ril(0/113): [event] qcril_qmi_nas_propagate_known_signal_strength_ind .. subfetch sig strength info 0
02-09 18:22:16.298 I/RILC    (  113): qmi_ril(0/113): [event] qcril_qmi_nas_dump_sign_strength_report qcril_qmi_nas_dump_sign_strength_report entered
02-09 18:22:16.298 I/RILC    (  113): qmi_ril(0/113): [event] qcril_qmi_nas_dump_sign_strength_report ..GW
02-09 18:22:16.298 I/RILC    (  113): qmi_ril(0/113): [event] qcril_qmi_nas_dump_sign_strength_report .. signalStrength 99, bitErrorRate 0
02-09 18:22:16.298 I/RILC    (  113): qmi_ril(0/113): [event] qcril_qmi_nas_dump_sign_strength_report ..CDMA
02-09 18:22:16.298 I/RILC    (  113): qmi_ril(0/113): [event] qcril_qmi_nas_dump_sign_strength_report .. dbm 94, ecio 120 
02-09 18:22:16.298 I/RILC    (  113): qmi_ril(0/113): [event] qcril_qmi_nas_dump_sign_strength_report ..EVDO
02-09 18:22:16.298 I/RILC    (  113): qmi_ril(0/113): [event] qcril_qmi_nas_dump_sign_strength_report .. dbm 105, ecio 75, signalNoiseRatio 6
02-09 18:22:16.298 I/RILC    (  113): qmi_ril(0/113): [event] qcril_qmi_nas_dump_sign_strength_report ..LTE
02-09 18:22:16.298 I/RILC    (  113): qmi_ril(0/113): [event] qcril_qmi_nas_dump_sign_strength_report .. signalStrength 99, rsrp 2147483647, rsrq 2147483647, rsnnr 2147483647
02-09 18:22:16.298 I/RILC    (  113): qmi_ril(0/113): [event] qcril_qmi_nas_dump_sign_strength_report qcril_qmi_nas_dump_sign_strength_report completed
02-09 18:22:16.298 I/RILC    (  113): qmi_ril(0/113): [event] qcril_qmi_nas_propagate_known_signal_strength_ind .. conf res 0
02-09 18:22:16.298 D/RILC    (  113): qmi_ril(0/113): [event] qcril_send_unsol_response UI <--- RIL_UNSOL_SIGNAL_STRENGTH (1009) --- RIL [RID 0, Len 48, (null)]
02-09 18:22:16.308 I/RILC    (  113): qmi_ril(0/113): [event] qcril_qmi_nas_propagate_known_signal_strength_ind qcril_qmi_nas_propagate_known_signal_strength_ind completed 0
02-09 18:22:16.308 I/RILC    (  113): qmi_ril(0/113): [event] qcril_process_event Exit qcril_process_event() : <Unknown event> ?, err_no 0
02-09 18:22:16.308 D/RILC    (  113): qmi_ril(0/113): [event] qcril_event_main qcril_event_main(): Waiting...
02-09 18:22:16.408 D/CDMA    (27234): [CdmaCallTracker] handleMessage msg.id = 3
02-09 18:22:16.408 D/RILJ    (27234): [2432]> GET_CURRENT_CALLS
02-09 18:22:16.418 D/RILC    (  113): qmi_ril(0/113): [main] onRequest UI --- RIL_REQUEST_GET_CURRENT_CALLS (9) ---> RIL [RID 0, token id 2432, data len 0]
02-09 18:22:16.418 I/RILC    (  113): qmi_ril(0/113): [main] qcril_qmi_voice_request_get_current_calls qcril_qmi_voice_request_get_current_calls entered
02-09 18:22:16.418 I/RILC    (  113): qmi_ril(0/113): [main] qcril_qmi_voice_request_get_current_calls qcril_qmi_voice_request_get_current_calls - Call state 4, IsMT=1
02-09 18:22:16.418 I/RILC    (  113): qmi_ril(0/113): [main] qcril_qmi_voice_request_get_current_calls Reply to RIL --> Number of calls : 1
02-09 18:22:16.418 I/RILC    (  113): qmi_ril(0/113): [main] qcril_qmi_voice_request_get_current_calls Reply to RIL --> call[0] :state Incoming index 1, toa 129, isMpty 0, isMT 1, als 0, isVoice 1, isVoicePrivacy 0
02-09 18:22:16.418 I/RILC    (  113): qmi_ril(0/113): [main] qcril_qmi_voice_request_get_current_calls ...num 9134864351, num presentation 0, name (null), name presentation 0
02-09 18:22:16.418 I/RILC    (  113): qmi_ril(0/113): [main] qcril_reqlist_find [RID 0] Not found ReqList entry : token id 2432
02-09 18:22:16.418 D/RILC    (  113): qmi_ril(0/113): [main] qcril_send_request_response UI <--- RIL_REQUEST_GET_CURRENT_CALLS (9) Complete --- RIL [RID 0, Token 2432, Success, Len 4 ]
02-09 18:22:16.418 I/RILC    (  113): qmi_ril(0/113): [main] qcril_qmi_voice_request_get_current_calls qcril_qmi_voice_request_get_current_calls completed
02-09 18:22:16.418 D/RILJ    (27234): InCall VoicePrivacy is disabled
02-09 18:22:16.428 D/RILJ    (27234): [2432]< GET_CURRENT_CALLS  [id=1,INCOMING,toa=129,norm,mt,0,voc,noevp,,cli=1,,0] 
02-09 18:22:16.428 D/CDMA    (27234): [CdmaCallTracker] handleMessage msg.id = 1
02-09 18:22:16.428 D/CDMA    (27234): Event EVENT_POLL_CALLS_RESULT Received
02-09 18:22:16.428 D/CDMA    (27234): [CdmaCallTracker] handle EVENT_POLL_CALL_RESULT: set needsPoll=F
02-09 18:22:16.428 D/CDMA    (27234): >handlePollCalls
02-09 18:22:16.428 D/CDMA    (27234): Connections:
02-09 18:22:16.428 D/CDMA    (27234): Connection 0: 
02-09 18:22:16.428 D/CDMA    (27234): [conn] number: 9134864351 index: 0 incoming: true alive: true ringing: true
02-09 18:22:16.428 D/CDMA    (27234): Connection 1: NULL
02-09 18:22:16.428 D/CDMA    (27234): Driver Calls:
02-09 18:22:16.428 D/CDMA    (27234): [ dc ] number:9134864351 index: 1 incoming: true state: INCOMING
02-09 18:22:16.428 D/CDMA    (27234): [CdmaCallTracker] poll: conn[i=0]= incoming: true state: INCOMING post dial state: NOT_STARTED, dc=id=1,INCOMING,toa=129,norm,mt,0,voc,noevp,,cli=1,,0
02-09 18:22:16.448 D/CDMA    (27234): [CDMAConn] parent= INCOMING, newParent= INCOMING
02-09 18:22:16.448 D/CDMA    (27234): [CDMAConn] --dssds----null
02-09 18:22:16.448 D/CDMA    (27234): [CDMAConn] Update, wasConnectingInOrOut=true, wasHolding=false, isConnectingInOrOut=true, changed=false
02-09 18:22:16.448 D/CDMA    (27234): [CdmaCallTracker] poll: conn[i=1]=null, dc=null
02-09 18:22:16.478 D/CDMA    (27234): [CdmaCallTracker] update phone state, old=RINGING new=RINGING
02-09 18:22:16.478 D/CDMA    (27234): <handlePollCalls
02-09 18:22:16.588 I/RILC    (  113): qmi_ril(0/113): [qmi_cb] qcril_qmi_nas_unsolicited_indication_cb invoked msg 0x2
02-09 18:22:16.588 I/RILC    (  113): qmi_ril(0/113): [qmi_cb] qcril_qmi_nas_is_considered_registered qcril_qmi_nas_is_considered_registered entered
02-09 18:22:16.588 I/RILC    (  113): qmi_ril(0/113): [qmi_cb] qcril_qmi_nas_is_considered_registered qcril_qmi_nas_is_considered_registered completed with 1
02-09 18:22:16.588 I/RILC    (  113): qmi_ril(0/113): [qmi_cb] qcril_qmi_nas_event_report_ind_conv_qmi2ril qcril_qmi_nas_event_report_ind_conv_qmi2ril entered
02-09 18:22:16.588 I/RILC    (  113): qmi_ril(0/113): [qmi_cb] qcril_qmi_nas_event_report_ind_conv_qmi2ril .. reg reject valid 0
02-09 18:22:16.588 I/RILC    (  113): qmi_ril(0/113): [qmi_cb] qcril_qmi_nas_event_report_ind_conv_qmi2ril qcril_qmi_nas_event_report_ind_conv_qmi2ril completed
02-09 18:22:16.588 I/RILC    (  113): qmi_ril(0/113): [qmi_cb] qcril_qmi_nas_is_considered_registered qcril_qmi_nas_is_considered_registered entered
02-09 18:22:16.588 I/RILC    (  113): qmi_ril(0/113): [qmi_cb] qcril_qmi_nas_is_considered_registered qcril_qmi_nas_is_considered_registered completed with 1
02-09 18:22:16.588 D/RILC    (  113): qmi_ril(0/113): [qmi_cb] qcril_event_queue Event [<Unknown event> ?, 655370] data was NULL!
02-09 18:22:16.588 D/RILC    (  113): qmi_ril(0/113): [qmi_cb] qcril_event_queue RID 0 MID 0 Queued event <Unknown event> ? (0 bytes)
02-09 18:22:16.588 I/RILC    (  113): qmi_ril(0/113): [qmi_cb] qcril_qmi_nas_unsolicited_indication_cb .. operational state 3
02-09 18:22:16.588 I/RILC    (  113): qmi_ril(0/113): [qmi_cb] qcril_qmi_nas_unsolicited_indication_cb qcril_qmi_nas_unsolicited_indication_cb completed
02-09 18:22:16.588 D/RILC    (  113): qmi_ril(0/113): [event] qcril_event_main qcril_event_main(): 1 items on queue
02-09 18:22:16.588 D/RILC    (  113): qmi_ril(0/113): [event] qcril_event_main RID 0 MID 0 De-queued event <Unknown event> ? (655370)
02-09 18:22:16.588 D/RILC    (  113): qmi_ril(0/113): [event] qcril_process_event RIL <--- <Unknown event> ?(655370), RID 0, MID 0 --- AMSS
02-09 18:22:16.588 I/RILC    (  113): qmi_ril(0/113): [event] qcril_qmi_trigger_propagate_known_signal_strength_ind qcril_qmi_trigger_propagate_known_signal_strength_ind received
02-09 18:22:16.588 I/RILC    (  113): qmi_ril(0/113): [event] qcril_qmi_nas_propagate_known_signal_strength_ind qcril_qmi_nas_propagate_known_signal_strength_ind entered
02-09 18:22:16.588 I/RILC    (  113): qmi_ril(0/113): [event] qcril_qmi_nas_fetch_signal_strength_observations qcril_qmi_nas_fetch_signal_strength_observations entered
02-09 18:22:16.588 I/RILC    (  113): qmi_ril(0/113): [event] qcril_qmi_nas_fetch_signal_strength_observations ..req mask 35
02-09 18:22:16.588 I/RILC    (  113): qmi_ril(0/113): [event] qcril_qmi_nas_fetch_signal_strength_observations qcril_qmi_nas_request_signal_strength entered IF 35
02-09 18:22:16.588 I/RILC    (  113): qmi_ril(0/113): [event] qcril_qmi_nas_fetch_signal_strength_observations qcril_qmi_nas_request_signal_strength entered RIL_REQ_RES qmi_request.request__mask = 35
02-09 18:22:16.588 I/RILC    (  113): qmi_ril(0/113): [event] qcril_qmi_nas_fetch_signal_strength_observations qcril_qmi_nas_request_signal_strength entered IF QMI RESPONSE 35
02-09 18:22:16.588 I/RILC    (  113): qmi_ril(0/113): [qmi_cb] qcril_qmi_nas_unsolicited_indication_cb invoked msg 0x4c
02-09 18:22:16.588 I/RILC    (  113): qmi_ril(0/113): [qmi_cb] qcril_qmi_nas_is_considered_registered qcril_qmi_nas_is_considered_registered entered
02-09 18:22:16.588 I/RILC    (  113): qmi_ril(0/113): [qmi_cb] qcril_qmi_nas_is_considered_registered qcril_qmi_nas_is_considered_registered completed with 1
02-09 18:22:16.588 I/RILC    (  113): qmi_ril(0/113): [qmi_cb] qcril_qmi_nas_network_time_ind_conv_qmi2ril qcril_qmi_nas_network_time_ind_conv_qmi2ril entry
02-09 18:22:16.588 I/RILC    (  113): qmi_ril(0/113): [qmi_cb] qcril_qmi_nas_network_time_ind_conv_qmi2ril ril_nitz_time_msg is: 12/02/10,00:22:46-24,00
02-09 18:22:16.588 I/RILC    (  113): qmi_ril(0/113): [qmi_cb] qcril_qmi_nas_unsolicited_indication_cb .. operational state 3
02-09 18:22:16.588 D/RILC    (  113): qmi_ril(0/113): [qmi_cb] qcril_send_unsol_response UI <--- RIL_UNSOL_NITZ_TIME_RECEIVED (1008) --- RIL [RID 0, Len 24, (null)]
02-09 18:22:16.588 I/RILC    (  113): qmi_ril(0/113): [qmi_cb] qcril_qmi_nas_unsolicited_indication_cb posted RIL indication 1008
02-09 18:22:16.588 I/RILC    (  113): qmi_ril(0/113): [qmi_cb] qcril_qmi_nas_unsolicited_indication_cb qcril_qmi_nas_unsolicited_indication_cb completed
02-09 18:22:16.588 D/RILJ    (27234): [UNSL]< UNSOL_NITZ_TIME_RECEIVED 12/02/10,00:22:46-24,00
02-09 18:22:16.588 I/CDMA    (27234): NITZ: 12/02/10,00:22:46-24,00,126098547 start=126098548 delay=1
02-09 18:22:16.588 I/CDMA    (27234):  dst: 0
02-09 18:22:16.588 I/CDMA    (27234):  tzOffset: -21600000
02-09 18:22:16.588 I/CDMA    (27234):  iso: us
02-09 18:22:16.588 I/CDMA    (27234): mGotCountryCode: true
02-09 18:22:16.598 I/RILC    (  113): qmi_ril(0/113): [event] qcril_qmi_util_convert_qmi_response_codes_to_ril_result_ex qcril_qmi_util_convert_qmi_response_codes_to_ril_result_ex ctx check 0
02-09 18:22:16.598 I/RILC    (  113): qmi_ril(0/113): [event] qcril_qmi_nas_fetch_signal_strength_observations qcril_qmi_nas_request_signal_strength entered IF UTIL_RES = SUCCESS 35
02-09 18:22:16.598 I/RILC    (  113): qmi_ril(0/113): [event] qcril_qmi_nas_fetch_signal_strength_observations qcril_qmi_nas_fetch_signal_strength_observations completed 0
02-09 18:22:16.598 I/RILC    (  113): qmi_ril(0/113): [event] qcril_qmi_nas_propagate_known_signal_strength_ind .. subfetch sig strength info 0
02-09 18:22:16.598 I/RILC    (  113): qmi_ril(0/113): [event] qcril_qmi_nas_dump_sign_strength_report qcril_qmi_nas_dump_sign_strength_report entered
02-09 18:22:16.598 I/RILC    (  113): qmi_ril(0/113): [event] qcril_qmi_nas_dump_sign_strength_report ..GW
02-09 18:22:16.598 I/RILC    (  113): qmi_ril(0/113): [event] qcril_qmi_nas_dump_sign_strength_report .. signalStrength 99, bitErrorRate 0
02-09 18:22:16.598 I/RILC    (  113): qmi_ril(0/113): [event] qcril_qmi_nas_dump_sign_strength_report ..CDMA
02-09 18:22:16.598 I/RILC    (  113): qmi_ril(0/113): [event] qcril_qmi_nas_dump_sign_strength_report .. dbm 93, ecio 80 
02-09 18:22:16.598 I/RILC    (  113): qmi_ril(0/113): [event] qcril_qmi_nas_dump_sign_strength_report ..EVDO
02-09 18:22:16.598 I/RILC    (  113): qmi_ril(0/113): [event] qcril_qmi_nas_dump_sign_strength_report .. dbm 105, ecio 75, signalNoiseRatio 6
02-09 18:22:16.598 I/RILC    (  113): qmi_ril(0/113): [event] qcril_qmi_nas_dump_sign_strength_report ..LTE
02-09 18:22:16.598 I/RILC    (  113): qmi_ril(0/113): [event] qcril_qmi_nas_dump_sign_strength_report .. signalStrength 99, rsrp 2147483647, rsrq 2147483647, rsnnr 2147483647
02-09 18:22:16.598 I/RILC    (  113): qmi_ril(0/113): [event] qcril_qmi_nas_dump_sign_strength_report qcril_qmi_nas_dump_sign_strength_report completed
02-09 18:22:16.598 I/RILC    (  113): qmi_ril(0/113): [event] qcril_qmi_nas_propagate_known_signal_strength_ind .. conf res 0
02-09 18:22:16.598 D/RILC    (  113): qmi_ril(0/113): [event] qcril_send_unsol_response UI <--- RIL_UNSOL_SIGNAL_STRENGTH (1009) --- RIL [RID 0, Len 48, (null)]
02-09 18:22:16.598 I/RILC    (  113): qmi_ril(0/113): [event] qcril_qmi_nas_propagate_known_signal_strength_ind qcril_qmi_nas_propagate_known_signal_strength_ind completed 0
02-09 18:22:16.598 I/RILC    (  113): qmi_ril(0/113): [event] qcril_process_event Exit qcril_process_event() : <Unknown event> ?, err_no 0
02-09 18:22:16.598 D/RILC    (  113): qmi_ril(0/113): [event] qcril_event_main qcril_event_main(): Waiting...
02-09 18:22:16.608 I/CDMA    (27234):  zone id : America/Chicago name : Central Standard Time
02-09 18:22:16.608 I/CDMA    (27234): set zone id: America/Chicago
02-09 18:22:16.608 I/CDMA    (27234):  millisSinceNitzReceived: 21
02-09 18:22:16.608 I/CDMA    (27234):  gained=29405
02-09 18:22:16.608 I/CDMA    (27234):  timeSinceLastUpdate=49043
02-09 18:22:16.608 I/CDMA    (27234):  nitzUpdateSpacing=600000  nitzUpdateDiff=2000
02-09 18:22:16.608 I/CDMA    (27234): NITZ: Auto updating time of day to Thu Feb 09 18:22:46 CST 2012 NITZ receive delay=21ms gained=29405ms from 12/02/10,00:22:46-24,00
02-09 18:22:16.618 I/CDMA    (27234): NITZ: update nitz time property
02-09 18:22:16.618 I/CDMA    (27234):  mSavedTime=1328833366021 mSavedAtTime=126098580
02-09 18:22:16.618 I/CDMA    (27234): NITZ: end=126098581 dur=33
02-09 18:22:16.698 D/CDMA    (27234): [CdmaCallTracker] handleMessage msg.id = 3
02-09 18:22:16.698 D/RILJ    (27234): [2433]> GET_CURRENT_CALLS
02-09 18:22:16.698 D/RILC    (  113): qmi_ril(0/113): [main] onRequest UI --- RIL_REQUEST_GET_CURRENT_CALLS (9) ---> RIL [RID 0, token id 2433, data len 0]
02-09 18:22:16.698 I/RILC    (  113): qmi_ril(0/113): [main] qcril_qmi_voice_request_get_current_calls qcril_qmi_voice_request_get_current_calls entered
02-09 18:22:16.698 I/RILC    (  113): qmi_ril(0/113): [main] qcril_qmi_voice_request_get_current_calls qcril_qmi_voice_request_get_current_calls - Call state 4, IsMT=1
02-09 18:22:16.698 I/RILC    (  113): qmi_ril(0/113): [main] qcril_qmi_voice_request_get_current_calls Reply to RIL --> Number of calls : 1
02-09 18:22:16.698 I/RILC    (  113): qmi_ril(0/113): [main] qcril_qmi_voice_request_get_current_calls Reply to RIL --> call[0] :state Incoming index 1, toa 129, isMpty 0, isMT 1, als 0, isVoice 1, isVoicePrivacy 0
02-09 18:22:16.698 I/RILC    (  113): qmi_ril(0/113): [main] qcril_qmi_voice_request_get_current_calls ...num 9134864351, num presentation 0, name (null), name presentation 0
02-09 18:22:16.698 I/RILC    (  113): qmi_ril(0/113): [main] qcril_reqlist_find [RID 0] Not found ReqList entry : token id 2433
02-09 18:22:16.698 D/RILC    (  113): qmi_ril(0/113): [main] qcril_send_request_response UI <--- RIL_REQUEST_GET_CURRENT_CALLS (9) Complete --- RIL [RID 0, Token 2433, Success, Len 4 ]
02-09 18:22:16.698 I/RILC    (  113): qmi_ril(0/113): [main] qcril_qmi_voice_request_get_current_calls qcril_qmi_voice_request_get_current_calls completed
02-09 18:22:16.698 D/RILJ    (27234): InCall VoicePrivacy is disabled
02-09 18:22:16.698 D/RILJ    (27234): [2433]< GET_CURRENT_CALLS  [id=1,INCOMING,toa=129,norm,mt,0,voc,noevp,,cli=1,,0] 
02-09 18:22:16.708 D/CDMA    (27234): [CdmaCallTracker] handleMessage msg.id = 1
02-09 18:22:16.708 D/CDMA    (27234): Event EVENT_POLL_CALLS_RESULT Received
02-09 18:22:16.708 D/CDMA    (27234): [CdmaCallTracker] handle EVENT_POLL_CALL_RESULT: set needsPoll=F
02-09 18:22:16.708 D/CDMA    (27234): >handlePollCalls
02-09 18:22:16.708 D/CDMA    (27234): Connections:
02-09 18:22:16.708 D/CDMA    (27234): Connection 0: 
02-09 18:22:16.708 D/CDMA    (27234): [conn] number: 9134864351 index: 0 incoming: true alive: true ringing: true
02-09 18:22:16.708 D/CDMA    (27234): Connection 1: NULL
02-09 18:22:16.708 D/CDMA    (27234): Driver Calls:
02-09 18:22:16.708 D/CDMA    (27234): [ dc ] number:9134864351 index: 1 incoming: true state: INCOMING
02-09 18:22:16.708 D/CDMA    (27234): [CdmaCallTracker] poll: conn[i=0]= incoming: true state: INCOMING post dial state: NOT_STARTED, dc=id=1,INCOMING,toa=129,norm,mt,0,voc,noevp,,cli=1,,0
02-09 18:22:16.708 D/CDMA    (27234): [CDMAConn] parent= INCOMING, newParent= INCOMING
02-09 18:22:16.708 D/CDMA    (27234): [CDMAConn] --dssds----null
02-09 18:22:16.708 D/CDMA    (27234): [CDMAConn] Update, wasConnectingInOrOut=true, wasHolding=false, isConnectingInOrOut=true, changed=false
02-09 18:22:16.708 D/CDMA    (27234): [CdmaCallTracker] poll: conn[i=1]=null, dc=null
02-09 18:22:16.718 D/CDMA    (27234): [CdmaCallTracker] update phone state, old=RINGING new=RINGING
02-09 18:22:16.718 D/CDMA    (27234): <handlePollCalls
02-09 18:22:16.969 D/CDMA    (27234): [CdmaCallTracker] handleMessage msg.id = 3
02-09 18:22:16.969 D/RILJ    (27234): [2434]> GET_CURRENT_CALLS
02-09 18:22:16.969 D/RILC    (  113): qmi_ril(0/113): [main] onRequest UI --- RIL_REQUEST_GET_CURRENT_CALLS (9) ---> RIL [RID 0, token id 2434, data len 0]
02-09 18:22:16.969 I/RILC    (  113): qmi_ril(0/113): [main] qcril_qmi_voice_request_get_current_calls qcril_qmi_voice_request_get_current_calls entered
02-09 18:22:16.969 I/RILC    (  113): qmi_ril(0/113): [main] qcril_qmi_voice_request_get_current_calls qcril_qmi_voice_request_get_current_calls - Call state 4, IsMT=1
02-09 18:22:16.969 I/RILC    (  113): qmi_ril(0/113): [main] qcril_qmi_voice_request_get_current_calls Reply to RIL --> Number of calls : 1
02-09 18:22:16.969 I/RILC    (  113): qmi_ril(0/113): [main] qcril_qmi_voice_request_get_current_calls Reply to RIL --> call[0] :state Incoming index 1, toa 129, isMpty 0, isMT 1, als 0, isVoice 1, isVoicePrivacy 0
02-09 18:22:16.969 I/RILC    (  113): qmi_ril(0/113): [main] qcril_qmi_voice_request_get_current_calls ...num 9134864351, num presentation 0, name (null), name presentation 0
02-09 18:22:16.969 I/RILC    (  113): qmi_ril(0/113): [main] qcril_reqlist_find [RID 0] Not found ReqList entry : token id 2434
02-09 18:22:16.969 D/RILC    (  113): qmi_ril(0/113): [main] qcril_send_request_response UI <--- RIL_REQUEST_GET_CURRENT_CALLS (9) Complete --- RIL [RID 0, Token 2434, Success, Len 4 ]
02-09 18:22:16.969 I/RILC    (  113): qmi_ril(0/113): [main] qcril_qmi_voice_request_get_current_calls qcril_qmi_voice_request_get_current_calls completed
02-09 18:22:16.979 D/RILJ    (27234): InCall VoicePrivacy is disabled
02-09 18:22:16.979 D/RILJ    (27234): [2434]< GET_CURRENT_CALLS  [id=1,INCOMING,toa=129,norm,mt,0,voc,noevp,,cli=1,,0] 
02-09 18:22:16.989 D/CDMA    (27234): [CdmaCallTracker] handleMessage msg.id = 1
02-09 18:22:16.989 D/CDMA    (27234): Event EVENT_POLL_CALLS_RESULT Received
02-09 18:22:16.989 D/CDMA    (27234): [CdmaCallTracker] handle EVENT_POLL_CALL_RESULT: set needsPoll=F
02-09 18:22:16.989 D/CDMA    (27234): >handlePollCalls
02-09 18:22:16.989 D/CDMA    (27234): Connections:
02-09 18:22:16.989 D/CDMA    (27234): Connection 0: 
02-09 18:22:16.989 D/CDMA    (27234): [conn] number: 9134864351 index: 0 incoming: true alive: true ringing: true
02-09 18:22:16.989 D/CDMA    (27234): Connection 1: NULL
02-09 18:22:16.989 D/CDMA    (27234): Driver Calls:
02-09 18:22:16.989 D/CDMA    (27234): [ dc ] number:9134864351 index: 1 incoming: true state: INCOMING
02-09 18:22:16.999 D/CDMA    (27234): [CdmaCallTracker] poll: conn[i=0]= incoming: true state: INCOMING post dial state: NOT_STARTED, dc=id=1,INCOMING,toa=129,norm,mt,0,voc,noevp,,cli=1,,0
02-09 18:22:16.999 D/CDMA    (27234): [CDMAConn] parent= INCOMING, newParent= INCOMING
02-09 18:22:16.999 D/CDMA    (27234): [CDMAConn] --dssds----null
02-09 18:22:16.999 D/CDMA    (27234): [CDMAConn] Update, wasConnectingInOrOut=true, wasHolding=false, isConnectingInOrOut=true, changed=false
02-09 18:22:16.999 D/CDMA    (27234): [CdmaCallTracker] poll: conn[i=1]=null, dc=null
02-09 18:22:16.999 D/CDMA    (27234): [CdmaCallTracker] update phone state, old=RINGING new=RINGING
02-09 18:22:16.999 D/CDMA    (27234): <handlePollCalls
02-09 18:22:17.249 D/CDMA    (27234): [CdmaCallTracker] handleMessage msg.id = 3
02-09 18:22:17.249 D/RILJ    (27234): [2435]> GET_CURRENT_CALLS
02-09 18:22:17.259 D/RILC    (  113): qmi_ril(0/113): [main] onRequest UI --- RIL_REQUEST_GET_CURRENT_CALLS (9) ---> RIL [RID 0, token id 2435, data len 0]
02-09 18:22:17.259 I/RILC    (  113): qmi_ril(0/113): [main] qcril_qmi_voice_request_get_current_calls qcril_qmi_voice_request_get_current_calls entered
02-09 18:22:17.259 I/RILC    (  113): qmi_ril(0/113): [main] qcril_qmi_voice_request_get_current_calls qcril_qmi_voice_request_get_current_calls - Call state 4, IsMT=1
02-09 18:22:17.259 I/RILC    (  113): qmi_ril(0/113): [main] qcril_qmi_voice_request_get_current_calls Reply to RIL --> Number of calls : 1
02-09 18:22:17.259 I/RILC    (  113): qmi_ril(0/113): [main] qcril_qmi_voice_request_get_current_calls Reply to RIL --> call[0] :state Incoming index 1, toa 129, isMpty 0, isMT 1, als 0, isVoice 1, isVoicePrivacy 0
02-09 18:22:17.259 I/RILC    (  113): qmi_ril(0/113): [main] qcril_qmi_voice_request_get_current_calls ...num 9134864351, num presentation 0, name (null), name presentation 0
02-09 18:22:17.259 I/RILC    (  113): qmi_ril(0/113): [main] qcril_reqlist_find [RID 0] Not found ReqList entry : token id 2435
02-09 18:22:17.259 D/RILC    (  113): qmi_ril(0/113): [main] qcril_send_request_response UI <--- RIL_REQUEST_GET_CURRENT_CALLS (9) Complete --- RIL [RID 0, Token 2435, Success, Len 4 ]
02-09 18:22:17.259 I/RILC    (  113): qmi_ril(0/113): [main] qcril_qmi_voice_request_get_current_calls qcril_qmi_voice_request_get_current_calls completed
02-09 18:22:17.269 D/RILJ    (27234): InCall VoicePrivacy is disabled
02-09 18:22:17.269 D/RILJ    (27234): [2435]< GET_CURRENT_CALLS  [id=1,INCOMING,toa=129,norm,mt,0,voc,noevp,,cli=1,,0] 
02-09 18:22:17.269 D/CDMA    (27234): [CdmaCallTracker] handleMessage msg.id = 1
02-09 18:22:17.269 D/CDMA    (27234): Event EVENT_POLL_CALLS_RESULT Received
02-09 18:22:17.269 D/CDMA    (27234): [CdmaCallTracker] handle EVENT_POLL_CALL_RESULT: set needsPoll=F
02-09 18:22:17.269 D/CDMA    (27234): >handlePollCalls
02-09 18:22:17.269 D/CDMA    (27234): Connections:
02-09 18:22:17.269 D/CDMA    (27234): Connection 0: 
02-09 18:22:17.269 D/CDMA    (27234): [conn] number: 9134864351 index: 0 incoming: true alive: true ringing: true
02-09 18:22:17.279 D/CDMA    (27234): Connection 1: NULL
02-09 18:22:17.279 D/CDMA    (27234): Driver Calls:
02-09 18:22:17.279 D/CDMA    (27234): [ dc ] number:9134864351 index: 1 incoming: true state: INCOMING
02-09 18:22:17.279 D/CDMA    (27234): [CdmaCallTracker] poll: conn[i=0]= incoming: true state: INCOMING post dial state: NOT_STARTED, dc=id=1,INCOMING,toa=129,norm,mt,0,voc,noevp,,cli=1,,0
02-09 18:22:17.279 D/CDMA    (27234): [CDMAConn] parent= INCOMING, newParent= INCOMING
02-09 18:22:17.279 D/CDMA    (27234): [CDMAConn] --dssds----null
02-09 18:22:17.279 D/CDMA    (27234): [CDMAConn] Update, wasConnectingInOrOut=true, wasHolding=false, isConnectingInOrOut=true, changed=false
02-09 18:22:17.279 D/CDMA    (27234): [CdmaCallTracker] poll: conn[i=1]=null, dc=null
02-09 18:22:17.289 D/CDMA    (27234): [CdmaCallTracker] update phone state, old=RINGING new=RINGING
02-09 18:22:17.289 D/CDMA    (27234): <handlePollCalls
02-09 18:22:17.529 D/CDMA    (27234): [CdmaCallTracker] handleMessage msg.id = 3
02-09 18:22:17.529 D/RILJ    (27234): [2436]> GET_CURRENT_CALLS
02-09 18:22:17.539 D/RILC    (  113): qmi_ril(0/113): [main] onRequest UI --- RIL_REQUEST_GET_CURRENT_CALLS (9) ---> RIL [RID 0, token id 2436, data len 0]
02-09 18:22:17.539 I/RILC    (  113): qmi_ril(0/113): [main] qcril_qmi_voice_request_get_current_calls qcril_qmi_voice_request_get_current_calls entered
02-09 18:22:17.539 I/RILC    (  113): qmi_ril(0/113): [main] qcril_qmi_voice_request_get_current_calls qcril_qmi_voice_request_get_current_calls - Call state 4, IsMT=1
02-09 18:22:17.539 I/RILC    (  113): qmi_ril(0/113): [main] qcril_qmi_voice_request_get_current_calls Reply to RIL --> Number of calls : 1
02-09 18:22:17.539 I/RILC    (  113): qmi_ril(0/113): [main] qcril_qmi_voice_request_get_current_calls Reply to RIL --> call[0] :state Incoming index 1, toa 129, isMpty 0, isMT 1, als 0, isVoice 1, isVoicePrivacy 0
02-09 18:22:17.539 I/RILC    (  113): qmi_ril(0/113): [main] qcril_qmi_voice_request_get_current_calls ...num 9134864351, num presentation 0, name (null), name presentation 0
02-09 18:22:17.539 I/RILC    (  113): qmi_ril(0/113): [main] qcril_reqlist_find [RID 0] Not found ReqList entry : token id 2436
02-09 18:22:17.539 D/RILC    (  113): qmi_ril(0/113): [main] qcril_send_request_response UI <--- RIL_REQUEST_GET_CURRENT_CALLS (9) Complete --- RIL [RID 0, Token 2436, Success, Len 4 ]
02-09 18:22:17.539 I/RILC    (  113): qmi_ril(0/113): [main] qcril_qmi_voice_request_get_current_calls qcril_qmi_voice_request_get_current_calls completed
02-09 18:22:17.539 D/RILJ    (27234): InCall VoicePrivacy is disabled
02-09 18:22:17.539 D/RILJ    (27234): [2436]< GET_CURRENT_CALLS  [id=1,INCOMING,toa=129,norm,mt,0,voc,noevp,,cli=1,,0] 
02-09 18:22:17.549 D/CDMA    (27234): [CdmaCallTracker] handleMessage msg.id = 1
02-09 18:22:17.549 D/CDMA    (27234): Event EVENT_POLL_CALLS_RESULT Received
02-09 18:22:17.549 D/CDMA    (27234): [CdmaCallTracker] handle EVENT_POLL_CALL_RESULT: set needsPoll=F
02-09 18:22:17.549 D/CDMA    (27234): >handlePollCalls
02-09 18:22:17.549 D/CDMA    (27234): Connections:
02-09 18:22:17.549 D/CDMA    (27234): Connection 0: 
02-09 18:22:17.549 D/CDMA    (27234): [conn] number: 9134864351 index: 0 incoming: true alive: true ringing: true
02-09 18:22:17.549 D/CDMA    (27234): Connection 1: NULL
02-09 18:22:17.549 D/CDMA    (27234): Driver Calls:
02-09 18:22:17.549 D/CDMA    (27234): [ dc ] number:9134864351 index: 1 incoming: true state: INCOMING
02-09 18:22:17.549 D/CDMA    (27234): [CdmaCallTracker] poll: conn[i=0]= incoming: true state: INCOMING post dial state: NOT_STARTED, dc=id=1,INCOMING,toa=129,norm,mt,0,voc,noevp,,cli=1,,0
02-09 18:22:17.549 D/CDMA    (27234): [CDMAConn] parent= INCOMING, newParent= INCOMING
02-09 18:22:17.549 D/CDMA    (27234): [CDMAConn] --dssds----null
02-09 18:22:17.549 D/CDMA    (27234): [CDMAConn] Update, wasConnectingInOrOut=true, wasHolding=false, isConnectingInOrOut=true, changed=false
02-09 18:22:17.549 D/CDMA    (27234): [CdmaCallTracker] poll: conn[i=1]=null, dc=null
02-09 18:22:17.549 D/CDMA    (27234): [CdmaCallTracker] update phone state, old=RINGING new=RINGING
02-09 18:22:17.559 D/CDMA    (27234): <handlePollCalls
02-09 18:22:17.799 D/CDMA    (27234): [CdmaCallTracker] handleMessage msg.id = 3
02-09 18:22:17.799 D/RILJ    (27234): [2437]> GET_CURRENT_CALLS
02-09 18:22:17.809 D/RILC    (  113): qmi_ril(0/113): [main] onRequest UI --- RIL_REQUEST_GET_CURRENT_CALLS (9) ---> RIL [RID 0, token id 2437, data len 0]
02-09 18:22:17.809 I/RILC    (  113): qmi_ril(0/113): [main] qcril_qmi_voice_request_get_current_calls qcril_qmi_voice_request_get_current_calls entered
02-09 18:22:17.809 I/RILC    (  113): qmi_ril(0/113): [main] qcril_qmi_voice_request_get_current_calls qcril_qmi_voice_request_get_current_calls - Call state 4, IsMT=1
02-09 18:22:17.809 I/RILC    (  113): qmi_ril(0/113): [main] qcril_qmi_voice_request_get_current_calls Reply to RIL --> Number of calls : 1
02-09 18:22:17.809 I/RILC    (  113): qmi_ril(0/113): [main] qcril_qmi_voice_request_get_current_calls Reply to RIL --> call[0] :state Incoming index 1, toa 129, isMpty 0, isMT 1, als 0, isVoice 1, isVoicePrivacy 0
02-09 18:22:17.809 I/RILC    (  113): qmi_ril(0/113): [main] qcril_qmi_voice_request_get_current_calls ...num 9134864351, num presentation 0, name (null), name presentation 0
02-09 18:22:17.809 I/RILC    (  113): qmi_ril(0/113): [main] qcril_reqlist_find [RID 0] Not found ReqList entry : token id 2437
02-09 18:22:17.809 D/RILC    (  113): qmi_ril(0/113): [main] qcril_send_request_response UI <--- RIL_REQUEST_GET_CURRENT_CALLS (9) Complete --- RIL [RID 0, Token 2437, Success, Len 4 ]
02-09 18:22:17.809 I/RILC    (  113): qmi_ril(0/113): [main] qcril_qmi_voice_request_get_current_calls qcril_qmi_voice_request_get_current_calls completed
02-09 18:22:17.809 D/RILJ    (27234): InCall VoicePrivacy is disabled
02-09 18:22:17.809 D/RILJ    (27234): [2437]< GET_CURRENT_CALLS  [id=1,INCOMING,toa=129,norm,mt,0,voc,noevp,,cli=1,,0] 
02-09 18:22:17.819 D/CDMA    (27234): [CdmaCallTracker] handleMessage msg.id = 1
02-09 18:22:17.819 D/CDMA    (27234): Event EVENT_POLL_CALLS_RESULT Received
02-09 18:22:17.819 D/CDMA    (27234): [CdmaCallTracker] handle EVENT_POLL_CALL_RESULT: set needsPoll=F
02-09 18:22:17.819 D/CDMA    (27234): >handlePollCalls
02-09 18:22:17.819 D/CDMA    (27234): Connections:
02-09 18:22:17.819 D/CDMA    (27234): Connection 0: 
02-09 18:22:17.819 D/CDMA    (27234): [conn] number: 9134864351 index: 0 incoming: true alive: true ringing: true
02-09 18:22:17.819 D/CDMA    (27234): Connection 1: NULL
02-09 18:22:17.819 D/CDMA    (27234): Driver Calls:
02-09 18:22:17.829 D/CDMA    (27234): [ dc ] number:9134864351 index: 1 incoming: true state: INCOMING
02-09 18:22:17.829 D/CDMA    (27234): [CdmaCallTracker] poll: conn[i=0]= incoming: true state: INCOMING post dial state: NOT_STARTED, dc=id=1,INCOMING,toa=129,norm,mt,0,voc,noevp,,cli=1,,0
02-09 18:22:17.829 D/CDMA    (27234): [CDMAConn] parent= INCOMING, newParent= INCOMING
02-09 18:22:17.829 D/CDMA    (27234): [CDMAConn] --dssds----null
02-09 18:22:17.829 D/CDMA    (27234): [CDMAConn] Update, wasConnectingInOrOut=true, wasHolding=false, isConnectingInOrOut=true, changed=false
02-09 18:22:17.829 D/CDMA    (27234): [CdmaCallTracker] poll: conn[i=1]=null, dc=null
02-09 18:22:17.829 D/CDMA    (27234): [CdmaCallTracker] update phone state, old=RINGING new=RINGING
02-09 18:22:17.829 D/CDMA    (27234): <handlePollCalls
02-09 18:22:18.090 D/CDMA    (27234): [CdmaCallTracker] handleMessage msg.id = 3
02-09 18:22:18.090 D/RILJ    (27234): [2438]> GET_CURRENT_CALLS
02-09 18:22:18.090 D/RILC    (  113): qmi_ril(0/113): [main] onRequest UI --- RIL_REQUEST_GET_CURRENT_CALLS (9) ---> RIL [RID 0, token id 2438, data len 0]
02-09 18:22:18.090 I/RILC    (  113): qmi_ril(0/113): [main] qcril_qmi_voice_request_get_current_calls qcril_qmi_voice_request_get_current_calls entered
02-09 18:22:18.090 I/RILC    (  113): qmi_ril(0/113): [main] qcril_qmi_voice_request_get_current_calls qcril_qmi_voice_request_get_current_calls - Call state 4, IsMT=1
02-09 18:22:18.090 I/RILC    (  113): qmi_ril(0/113): [main] qcril_qmi_voice_request_get_current_calls Reply to RIL --> Number of calls : 1
02-09 18:22:18.090 I/RILC    (  113): qmi_ril(0/113): [main] qcril_qmi_voice_request_get_current_calls Reply to RIL --> call[0] :state Incoming index 1, toa 129, isMpty 0, isMT 1, als 0, isVoice 1, isVoicePrivacy 0
02-09 18:22:18.090 I/RILC    (  113): qmi_ril(0/113): [main] qcril_qmi_voice_request_get_current_calls ...num 9134864351, num presentation 0, name (null), name presentation 0
02-09 18:22:18.090 I/RILC    (  113): qmi_ril(0/113): [main] qcril_reqlist_find [RID 0] Not found ReqList entry : token id 2438
02-09 18:22:18.090 D/RILC    (  113): qmi_ril(0/113): [main] qcril_send_request_response UI <--- RIL_REQUEST_GET_CURRENT_CALLS (9) Complete --- RIL [RID 0, Token 2438, Success, Len 4 ]
02-09 18:22:18.090 I/RILC    (  113): qmi_ril(0/113): [main] qcril_qmi_voice_request_get_current_calls qcril_qmi_voice_request_get_current_calls completed
02-09 18:22:18.090 D/RILJ    (27234): InCall VoicePrivacy is disabled
02-09 18:22:18.090 D/RILJ    (27234): [2438]< GET_CURRENT_CALLS  [id=1,INCOMING,toa=129,norm,mt,0,voc,noevp,,cli=1,,0] 
02-09 18:22:18.100 D/CDMA    (27234): [CdmaCallTracker] handleMessage msg.id = 1
02-09 18:22:18.100 D/CDMA    (27234): Event EVENT_POLL_CALLS_RESULT Received
02-09 18:22:18.100 D/CDMA    (27234): [CdmaCallTracker] handle EVENT_POLL_CALL_RESULT: set needsPoll=F
02-09 18:22:18.100 D/CDMA    (27234): >handlePollCalls
02-09 18:22:18.100 D/CDMA    (27234): Connections:
02-09 18:22:18.100 D/CDMA    (27234): Connection 0: 
02-09 18:22:18.100 D/CDMA    (27234): [conn] number: 9134864351 index: 0 incoming: true alive: true ringing: true
02-09 18:22:18.100 D/CDMA    (27234): Connection 1: NULL
02-09 18:22:18.110 D/CDMA    (27234): Driver Calls:
02-09 18:22:18.110 D/CDMA    (27234): [ dc ] number:9134864351 index: 1 incoming: true state: INCOMING
02-09 18:22:18.110 D/CDMA    (27234): [CdmaCallTracker] poll: conn[i=0]= incoming: true state: INCOMING post dial state: NOT_STARTED, dc=id=1,INCOMING,toa=129,norm,mt,0,voc,noevp,,cli=1,,0
02-09 18:22:18.110 D/CDMA    (27234): [CDMAConn] parent= INCOMING, newParent= INCOMING
02-09 18:22:18.110 D/CDMA    (27234): [CDMAConn] --dssds----null
02-09 18:22:18.110 D/CDMA    (27234): [CDMAConn] Update, wasConnectingInOrOut=true, wasHolding=false, isConnectingInOrOut=true, changed=false
02-09 18:22:18.110 D/CDMA    (27234): [CdmaCallTracker] poll: conn[i=1]=null, dc=null
02-09 18:22:18.110 D/CDMA    (27234): [CdmaCallTracker] update phone state, old=RINGING new=RINGING
02-09 18:22:18.110 D/CDMA    (27234): <handlePollCalls
02-09 18:22:18.210 D/RILJ    (27234): [2439]> SET_MUTE false
02-09 18:22:18.230 D/RILC    (  113): qmi_ril(0/113): [main] onRequest UI --- RIL_REQUEST_SET_MUTE (53) ---> RIL [RID 0, token id 2439, data len 4]
02-09 18:22:18.230 D/CDMA    (27234): [CdmaCallTracker] obtainCompleteMessage: pendingOperations=1, needsPoll=true
02-09 18:22:18.230 D/RILJ    (27234): [2440]> ANSWER
02-09 18:22:18.230 I/RILC    (  113): qmi_ril(0/113): [main] qcril_other_request_set_mute Handling RIL_REQUEST_SET_MUTE (53) Token ID (2439) - Mute value 0
02-09 18:22:18.230 I/RILC    (  113): qmi_ril(0/113): [main] qcril_reqlist_find [RID 0] Not found ReqList entry : token id 2439
02-09 18:22:18.230 I/RILC    (  113): qmi_ril(0/113): [main] qcril_reqlist_new_all [RID 0] Event RIL_REQUEST_SET_MUTE(53), token id 2439 [ 0x15ca8], req id 322 : 
02-09 18:22:18.230 I/RILC    (  113): qmi_ril(0/113): [main] qcril_reqlist_new_all                        MID 0, pending receipt of <none>, state QCRIL_REQ_AWAITING_CALLBACK(2)
02-09 18:22:18.230 D/RILC    (  113): qmi_ril(0/113): [main] qcril_reqlist_print_all [RID 0] ReqList entries :
02-09 18:22:18.230 D/RILC    (  113): qmi_ril(0/113): [main] qcril_reqlist_print_all     RIL_REQUEST_SET_MUTE (53), token id 2439
02-09 18:22:18.230 I/RILC    (  113): qmi_ril(0/113): [main] qcril_other_request_set_mute In call - Unmuting mic
02-09 18:22:18.230 I/RILC    (  113): qmi_ril(0/113): [main] qcril_reqlist_find [RID 0] Found ReqList entry : RIL_REQUEST_SET_MUTE(53), token id 2439
02-09 18:22:18.230 I/RILC    (  113): qmi_ril(0/113): [main] qcril_reqlist_free [RID 0] Deleted ReqList entry : token id 2439 [0x15ca8]
02-09 18:22:18.230 D/RILC    (  113): qmi_ril(0/113): [main] qcril_reqlist_print_all [RID 0] ReqList entries : Empty 
02-09 18:22:18.230 D/RILC    (  113): qmi_ril(0/113): [main] qcril_send_request_response UI <--- RIL_REQUEST_SET_MUTE (53) Complete --- RIL [RID 0, Token 2439, Success, Len 0 ]
02-09 18:22:18.230 D/RILC    (  113): qmi_ril(0/113): [main] onRequest UI --- RIL_REQUEST_ANSWER (40) ---> RIL [RID 0, token id 2440, data len 0]
02-09 18:22:18.230 I/RILC    (  113): qmi_ril(0/113): [main] qcril_qmi_voice_request_answer qcril_qmi_voice_request_answer entered
02-09 18:22:18.230 I/RILC    (  113): qmi_ril(0/113): [main] qcril_qmi_voice_voip_find_call_info_entry_by_elaboration qcril_qmi_voice_voip_find_call_info_entry_by_elaboration entry with pattern 1048576
02-09 18:22:18.230 I/RILC    (  113): qmi_ril(0/113): [main] qcril_qmi_voice_voip_find_call_info_entry_by_elaboration .. found 109336 - with call android id 1, call qmi id 1
02-09 18:22:18.230 I/RILC    (  113): qmi_ril(0/113): [main] qcril_qmi_voice_voip_find_call_info_entry_by_elaboration qcril_qmi_voice_voip_find_call_info_entry_by_elaboration completing with res 109336
02-09 18:22:18.230 I/RILC    (  113): qmi_ril(0/113): [main] qcril_reqlist_find [RID 0] Not found ReqList entry : token id 2440
02-09 18:22:18.230 I/RILC    (  113): qmi_ril(0/113): [main] qcril_reqlist_new_all [RID 0] Event RIL_REQUEST_ANSWER(40), token id 2440 [ 0x15ca0], req id 323 : 
02-09 18:22:18.230 I/RILC    (  113): qmi_ril(0/113): [main] qcril_reqlist_new_all                        MID 0, pending receipt of <none>, state QCRIL_REQ_AWAITING_CALLBACK(2)
02-09 18:22:18.230 D/RILC    (  113): qmi_ril(0/113): [main] qcril_reqlist_print_all [RID 0] ReqList entries :
02-09 18:22:18.230 D/RILC    (  113): qmi_ril(0/113): [main] qcril_reqlist_print_all     RIL_REQUEST_ANSWER (40), token id 2440
02-09 18:22:18.230 I/RILC    (  113): qmi_ril(0/113): [main] qcril_qmi_voice_request_answer .. call id qmi 1
02-09 18:22:18.230 I/RILC    (  113): qmi_ril(0/113): [main] qcril_qmi_voice_request_answer qcril_qmi_voice_request_answer completed
02-09 18:22:18.230 D/RILJ    (27234): [2439]< SET_MUTE 
02-09 18:22:18.250 I/RILC    (  113): qmi_ril(0/113): [qmi_cb] qcril_qmi_voice_command_cb qcril_qmi_voice_command_cb for msg_id 0022 (ANSWER CALL RESP)
02-09 18:22:18.250 I/RILC    (  113): qmi_ril(0/113): [qmi_cb] qcril_reqlist_find_by_req_id [RID 0] Found ReqList entry : RIL_REQUEST_ANSWER(40), token id 2440
02-09 18:22:18.250 I/RILC    (  113): qmi_ril(0/113): [qmi_cb] qcril_qmi_voice_answer_call_resp_hdlr qcril_qmi_voice_answer_call_resp_hdlr entered
02-09 18:22:18.250 I/RILC    (  113): qmi_ril(0/113): [qmi_cb] qcril_qmi_util_convert_qmi_response_codes_to_ril_result_ex qcril_qmi_util_convert_qmi_response_codes_to_ril_result_ex ctx check 0
02-09 18:22:18.250 I/RILC    (  113): qmi_ril(0/113): [qmi_cb] qcril_qmi_voice_answer_call_resp_hdlr .. transp err 0, resp err 0, ril err 0
02-09 18:22:18.250 I/RILC    (  113): qmi_ril(0/113): [qmi_cb] qcril_qmi_voice_answer_call_resp_hdlr .. call id valid 1, call id 1
02-09 18:22:18.250 I/RILC    (  113): qmi_ril(0/113): [qmi_cb] qcril_qmi_voice_voip_find_call_info_entry_by_elaboration qcril_qmi_voice_voip_find_call_info_entry_by_elaboration entry with pattern 1048576
02-09 18:22:18.250 I/RILC    (  113): qmi_ril(0/113): [qmi_cb] qcril_qmi_voice_voip_find_call_info_entry_by_elaboration .. found 109336 - with call android id 1, call qmi id 1
02-09 18:22:18.250 I/RILC    (  113): qmi_ril(0/113): [qmi_cb] qcril_qmi_voice_voip_find_call_info_entry_by_elaboration qcril_qmi_voice_voip_find_call_info_entry_by_elaboration completing with res 109336
02-09 18:22:18.250 I/RILC    (  113): qmi_ril(0/113): [qmi_cb] qcril_qmi_voice_answer_call_resp_hdlr .. call info entry 109336
02-09 18:22:18.250 I/RILC    (  113): qmi_ril(0/113): [qmi_cb] qcril_reqlist_find [RID 0] Found ReqList entry : RIL_REQUEST_ANSWER(40), token id 2440
02-09 18:22:18.250 I/RILC    (  113): qmi_ril(0/113): [qmi_cb] qcril_reqlist_free [RID 0] Deleted ReqList entry : token id 2440 [0x15ca0]
02-09 18:22:18.250 D/RILC    (  113): qmi_ril(0/113): [qmi_cb] qcril_reqlist_print_all [RID 0] ReqList entries : Empty 
02-09 18:22:18.250 D/RILC    (  113): qmi_ril(0/113): [qmi_cb] qcril_send_request_response UI <--- RIL_REQUEST_ANSWER (40) Complete --- RIL [RID 0, Token 2440, Success, Len 0 ]
02-09 18:22:18.250 I/RILC    (  113): qmi_ril(0/113): [qmi_cb] qcril_qmi_voice_answer_call_resp_hdlr qcril_qmi_voice_answer_call_resp_hdlr completed
02-09 18:22:18.250 D/RILJ    (27234): [2440]< ANSWER 
02-09 18:22:18.250 I/RILC    (  113): qmi_ril(0/113): [qmi_cb] qcril_qmi_voice_unsol_ind_cb .. operational state 3
02-09 18:22:18.250 I/RILC    (  113): qmi_ril(0/113): [qmi_cb] qcril_qmi_voice_all_call_status_ind_hdlr qcril_qmi_voice_all_call_status_ind_hdlr entered
02-09 18:22:18.250 I/RILC    (  113): qmi_ril(0/113): [qmi_cb] qcril_qmi_voice_all_call_status_ind_hdlr qcril_qmi_voice_all_call_status_ind_hdlr - Call state 3, IsMT=2
02-09 18:22:18.250 I/RILC    (  113): qmi_ril(0/113): [qmi_cb] qcril_qmi_voice_all_call_status_ind_hdlr Call state CONVERSATION for conn id 1
02-09 18:22:18.250 I/RILC    (  113): qmi_ril(0/113): [qmi_cb] qcril_qmi_voice_voip_find_call_info_entry_by_call_qmi_id qcril_qmi_voice_voip_find_call_info_entry_by_call_qmi_id entry with id 1
