02-09 18:17:11.463 I/RILC    (  113): qmi_ril(0/113): [qmi_cb] qcril_reqlist_find [RID 0] Found ReqList entry : RIL_REQUEST_CDMA_SMS_ACKNOWLEDGE(88), token id 2416
02-09 18:17:11.463 I/RILC    (  113): qmi_ril(0/113): [qmi_cb] qcril_reqlist_free [RID 0] Deleted ReqList entry : token id 2416 [0x1bf08]
02-09 18:17:11.463 D/RILC    (  113): qmi_ril(0/113): [qmi_cb] qcril_reqlist_print_all [RID 0] ReqList entries : Empty 
02-09 18:17:11.463 D/RILC    (  113): qmi_ril(0/113): [qmi_cb] qcril_send_request_response UI <--- RIL_REQUEST_CDMA_SMS_ACKNOWLEDGE (88) Complete --- RIL [RID 0, Token 2416, Success, Len 0 ]
02-09 18:17:11.463 D/RILJ    (27234): [2416]< RIL_REQUEST_CDMA_SMS_ACKNOWLEDGE 
02-09 18:18:02.725 I/RILC    (  113): qmi_ril(0/113): [qmi_cb] qcril_qmi_nas_unsolicited_indication_cb invoked msg 0x4c
02-09 18:18:02.725 I/RILC    (  113): qmi_ril(0/113): [qmi_cb] qcril_qmi_nas_is_considered_registered qcril_qmi_nas_is_considered_registered entered
02-09 18:18:02.725 I/RILC    (  113): qmi_ril(0/113): [qmi_cb] qcril_qmi_nas_is_considered_registered qcril_qmi_nas_is_considered_registered completed with 1
02-09 18:18:02.725 I/RILC    (  113): qmi_ril(0/113): [qmi_cb] qcril_qmi_nas_network_time_ind_conv_qmi2ril qcril_qmi_nas_network_time_ind_conv_qmi2ril entry
02-09 18:18:02.725 I/RILC    (  113): qmi_ril(0/113): [qmi_cb] qcril_qmi_nas_network_time_ind_conv_qmi2ril ril_nitz_time_msg is: 12/02/10,00:18:33-24,00
02-09 18:18:02.725 I/RILC    (  113): qmi_ril(0/113): [qmi_cb] qcril_qmi_nas_unsolicited_indication_cb .. operational state 3
02-09 18:18:02.725 D/RILC    (  113): qmi_ril(0/113): [qmi_cb] qcril_send_unsol_response UI <--- RIL_UNSOL_NITZ_TIME_RECEIVED (1008) --- RIL [RID 0, Len 24, (null)]
02-09 18:18:02.725 D/RILJ    (27234): [UNSL]< UNSOL_NITZ_TIME_RECEIVED 12/02/10,00:18:33-24,00
02-09 18:18:02.735 I/CDMA    (27234): NITZ: 12/02/10,00:18:33-24,00,125844684 start=125844693 delay=9
02-09 18:18:02.735 I/CDMA    (27234):  dst: 0
02-09 18:18:02.735 I/CDMA    (27234):  tzOffset: -21600000
02-09 18:18:02.735 I/CDMA    (27234):  iso: us
02-09 18:18:02.735 I/CDMA    (27234): mGotCountryCode: true
02-09 18:18:02.745 I/RILC    (  113): qmi_ril(0/113): [qmi_cb] qcril_qmi_nas_unsolicited_indication_cb posted RIL indication 1008
02-09 18:18:02.745 I/RILC    (  113): qmi_ril(0/113): [qmi_cb] qcril_qmi_nas_unsolicited_indication_cb qcril_qmi_nas_unsolicited_indication_cb completed
02-09 18:18:02.796 I/CDMA    (27234):  zone id : America/Chicago name : Central Standard Time
02-09 18:18:02.796 I/CDMA    (27234): set zone id: America/Chicago
02-09 18:18:02.806 I/CDMA    (27234):  millisSinceNitzReceived: 82
02-09 18:18:02.806 I/CDMA    (27234):  gained=30269
02-09 18:18:02.806 I/CDMA    (27234):  timeSinceLastUpdate=111255
02-09 18:18:02.806 I/CDMA    (27234):  nitzUpdateSpacing=600000  nitzUpdateDiff=2000
02-09 18:18:02.806 I/CDMA    (27234): NITZ: Auto updating time of day to Thu Feb 09 18:18:33 CST 2012 NITZ receive delay=82ms gained=30269ms from 12/02/10,00:18:33-24,00
02-09 18:18:02.816 I/CDMA    (27234): NITZ: update nitz time property
02-09 18:18:02.816 I/CDMA    (27234):  mSavedTime=1328833113082 mSavedAtTime=125844774
02-09 18:18:02.816 I/CDMA    (27234): NITZ: end=125844774 dur=81
02-09 18:18:03.526 I/RILC    (  113): qmi_ril(0/113): [qmi_cb] qcril_qmi_nas_unsolicited_indication_cb invoked msg 0x4c
02-09 18:18:03.526 I/RILC    (  113): qmi_ril(0/113): [qmi_cb] qcril_qmi_nas_is_considered_registered qcril_qmi_nas_is_considered_registered entered
02-09 18:18:03.526 I/RILC    (  113): qmi_ril(0/113): [qmi_cb] qcril_qmi_nas_is_considered_registered qcril_qmi_nas_is_considered_registered completed with 1
02-09 18:18:03.526 I/RILC    (  113): qmi_ril(0/113): [qmi_cb] qcril_qmi_nas_network_time_ind_conv_qmi2ril qcril_qmi_nas_network_time_ind_conv_qmi2ril entry
02-09 18:18:03.526 I/RILC    (  113): qmi_ril(0/113): [qmi_cb] qcril_qmi_nas_network_time_ind_conv_qmi2ril ril_nitz_time_msg is: 12/02/10,00:18:33-24,00
02-09 18:18:03.526 I/RILC    (  113): qmi_ril(0/113): [qmi_cb] qcril_qmi_nas_unsolicited_indication_cb .. operational state 3
02-09 18:18:03.526 D/RILC    (  113): qmi_ril(0/113): [qmi_cb] qcril_send_unsol_response UI <--- RIL_UNSOL_NITZ_TIME_RECEIVED (1008) --- RIL [RID 0, Len 24, (null)]
02-09 18:18:03.526 D/RILJ    (27234): [UNSL]< UNSOL_NITZ_TIME_RECEIVED 12/02/10,00:18:33-24,00
02-09 18:18:03.536 I/CDMA    (27234): NITZ: 12/02/10,00:18:33-24,00,125845488 start=125845493 delay=5
02-09 18:18:03.536 I/RILC    (  113): qmi_ril(0/113): [qmi_cb] qcril_qmi_nas_unsolicited_indication_cb posted RIL indication 1008
02-09 18:18:03.536 I/RILC    (  113): qmi_ril(0/113): [qmi_cb] qcril_qmi_nas_unsolicited_indication_cb qcril_qmi_nas_unsolicited_indication_cb completed
02-09 18:18:03.546 I/CDMA    (27234):  dst: 0
02-09 18:18:03.546 I/CDMA    (27234):  tzOffset: -21600000
02-09 18:18:03.546 I/CDMA    (27234):  iso: us
02-09 18:18:03.546 I/CDMA    (27234): mGotCountryCode: true
02-09 18:18:03.616 I/CDMA    (27234):  zone id : America/Chicago name : Central Standard Time
02-09 18:18:03.616 I/CDMA    (27234): set zone id: America/Chicago
02-09 18:18:03.626 I/CDMA    (27234):  millisSinceNitzReceived: 98
02-09 18:18:03.626 I/CDMA    (27234):  gained=29464
02-09 18:18:03.626 I/CDMA    (27234):  timeSinceLastUpdate=813
02-09 18:18:03.626 I/CDMA    (27234):  nitzUpdateSpacing=600000  nitzUpdateDiff=2000
02-09 18:18:03.626 I/CDMA    (27234): NITZ: Auto updating time of day to Thu Feb 09 18:18:33 CST 2012 NITZ receive delay=98ms gained=29464ms from 12/02/10,00:18:33-24,00
02-09 18:18:03.636 I/CDMA    (27234): NITZ: update nitz time property
02-09 18:18:03.636 I/CDMA    (27234):  mSavedTime=1328833113098 mSavedAtTime=125845595
02-09 18:18:03.636 I/CDMA    (27234): NITZ: end=125845595 dur=102
02-09 18:18:26.522 I/RILC    (  113): qmi_ril(0/113): [qmi_cb] qcril_qmi_nas_unsolicited_indication_cb invoked msg 0x4c
02-09 18:18:26.522 I/RILC    (  113): qmi_ril(0/113): [qmi_cb] qcril_qmi_nas_is_considered_registered qcril_qmi_nas_is_considered_registered entered
02-09 18:18:26.522 I/RILC    (  113): qmi_ril(0/113): [qmi_cb] qcril_qmi_nas_is_considered_registered qcril_qmi_nas_is_considered_registered completed with 1
02-09 18:18:26.522 I/RILC    (  113): qmi_ril(0/113): [qmi_cb] qcril_qmi_nas_network_time_ind_conv_qmi2ril qcril_qmi_nas_network_time_ind_conv_qmi2ril entry
02-09 18:18:26.522 I/RILC    (  113): qmi_ril(0/113): [qmi_cb] qcril_qmi_nas_network_time_ind_conv_qmi2ril ril_nitz_time_msg is: 12/02/10,00:18:56-24,00
02-09 18:18:26.522 I/RILC    (  113): qmi_ril(0/113): [qmi_cb] qcril_qmi_nas_unsolicited_indication_cb .. operational state 3
02-09 18:18:26.522 D/RILC    (  113): qmi_ril(0/113): [qmi_cb] qcril_send_unsol_response UI <--- RIL_UNSOL_NITZ_TIME_RECEIVED (1008) --- RIL [RID 0, Len 24, (null)]
02-09 18:18:26.522 I/RILC    (  113): qmi_ril(0/113): [qmi_cb] qcril_qmi_nas_unsolicited_indication_cb posted RIL indication 1008
02-09 18:18:26.522 I/RILC    (  113): qmi_ril(0/113): [qmi_cb] qcril_qmi_nas_unsolicited_indication_cb qcril_qmi_nas_unsolicited_indication_cb completed
02-09 18:18:26.522 D/RILJ    (27234): [UNSL]< UNSOL_NITZ_TIME_RECEIVED 12/02/10,00:18:56-24,00
02-09 18:18:26.522 I/CDMA    (27234): NITZ: 12/02/10,00:18:56-24,00,125868480 start=125868482 delay=2
02-09 18:18:26.522 I/CDMA    (27234):  dst: 0
02-09 18:18:26.522 I/CDMA    (27234):  tzOffset: -21600000
02-09 18:18:26.522 I/CDMA    (27234):  iso: us
02-09 18:18:26.522 I/CDMA    (27234): mGotCountryCode: true
02-09 18:18:26.532 I/CDMA    (27234):  zone id : America/Chicago name : Central Standard Time
02-09 18:18:26.532 I/CDMA    (27234): set zone id: America/Chicago
02-09 18:18:26.532 I/CDMA    (27234):  millisSinceNitzReceived: 21
02-09 18:18:26.532 I/CDMA    (27234):  gained=29471
02-09 18:18:26.532 I/CDMA    (27234):  timeSinceLastUpdate=22907
02-09 18:18:26.532 I/CDMA    (27234):  nitzUpdateSpacing=600000  nitzUpdateDiff=2000
02-09 18:18:26.542 I/CDMA    (27234): NITZ: Auto updating time of day to Thu Feb 09 18:18:56 CST 2012 NITZ receive delay=21ms gained=29471ms from 12/02/10,00:18:56-24,00
02-09 18:18:26.542 I/CDMA    (27234): NITZ: update nitz time property
02-09 18:18:26.542 I/CDMA    (27234):  mSavedTime=1328833136021 mSavedAtTime=125868511
02-09 18:18:26.542 I/CDMA    (27234): NITZ: end=125868511 dur=29
02-09 18:18:29.522 I/RILC    (  113): qmi_ril(0/113): [qmi_cb] qcril_qmi_nas_unsolicited_indication_cb invoked msg 0x4c
02-09 18:18:29.522 I/RILC    (  113): qmi_ril(0/113): [qmi_cb] qcril_qmi_nas_is_considered_registered qcril_qmi_nas_is_considered_registered entered
02-09 18:18:29.522 I/RILC    (  113): qmi_ril(0/113): [qmi_cb] qcril_qmi_nas_is_considered_registered qcril_qmi_nas_is_considered_registered completed with 1
02-09 18:18:29.522 I/RILC    (  113): qmi_ril(0/113): [qmi_cb] qcril_qmi_nas_network_time_ind_conv_qmi2ril qcril_qmi_nas_network_time_ind_conv_qmi2ril entry
02-09 18:18:29.522 I/RILC    (  113): qmi_ril(0/113): [qmi_cb] qcril_qmi_nas_network_time_ind_conv_qmi2ril ril_nitz_time_msg is: 12/02/10,00:18:59-24,00
02-09 18:18:29.522 I/RILC    (  113): qmi_ril(0/113): [qmi_cb] qcril_qmi_nas_unsolicited_indication_cb .. operational state 3
02-09 18:18:29.522 D/RILC    (  113): qmi_ril(0/113): [qmi_cb] qcril_send_unsol_response UI <--- RIL_UNSOL_NITZ_TIME_RECEIVED (1008) --- RIL [RID 0, Len 24, (null)]
02-09 18:18:29.522 I/RILC    (  113): qmi_ril(0/113): [qmi_cb] qcril_qmi_nas_unsolicited_indication_cb posted RIL indication 1008
02-09 18:18:29.522 I/RILC    (  113): qmi_ril(0/113): [qmi_cb] qcril_qmi_nas_unsolicited_indication_cb qcril_qmi_nas_unsolicited_indication_cb completed
02-09 18:18:29.522 D/RILJ    (27234): [UNSL]< UNSOL_NITZ_TIME_RECEIVED 12/02/10,00:18:59-24,00
02-09 18:18:29.522 I/CDMA    (27234): NITZ: 12/02/10,00:18:59-24,00,125871480 start=125871482 delay=2
02-09 18:18:29.522 I/CDMA    (27234):  dst: 0
02-09 18:18:29.522 I/CDMA    (27234):  tzOffset: -21600000
02-09 18:18:29.522 I/CDMA    (27234):  iso: us
02-09 18:18:29.522 I/CDMA    (27234): mGotCountryCode: true
02-09 18:18:29.532 I/CDMA    (27234):  zone id : America/Chicago name : Central Standard Time
02-09 18:18:29.532 I/CDMA    (27234): set zone id: America/Chicago
02-09 18:18:29.532 I/CDMA    (27234):  millisSinceNitzReceived: 22
02-09 18:18:29.542 I/CDMA    (27234):  gained=29472
02-09 18:18:29.542 I/CDMA    (27234):  timeSinceLastUpdate=2992
02-09 18:18:29.542 I/CDMA    (27234):  nitzUpdateSpacing=600000  nitzUpdateDiff=2000
02-09 18:18:29.542 I/CDMA    (27234): NITZ: Auto updating time of day to Thu Feb 09 18:18:59 CST 2012 NITZ receive delay=22ms gained=29472ms from 12/02/10,00:18:59-24,00
02-09 18:18:29.542 I/CDMA    (27234): NITZ: update nitz time property
02-09 18:18:29.542 I/CDMA    (27234):  mSavedTime=1328833139022 mSavedAtTime=125871512
02-09 18:18:29.542 I/CDMA    (27234): NITZ: end=125871512 dur=30
02-09 18:18:36.522 I/RILC    (  113): qmi_ril(0/113): [qmi_cb] qcril_qmi_nas_unsolicited_indication_cb invoked msg 0x4c
02-09 18:18:36.522 I/RILC    (  113): qmi_ril(0/113): [qmi_cb] qcril_qmi_nas_is_considered_registered qcril_qmi_nas_is_considered_registered entered
02-09 18:18:36.522 I/RILC    (  113): qmi_ril(0/113): [qmi_cb] qcril_qmi_nas_is_considered_registered qcril_qmi_nas_is_considered_registered completed with 1
02-09 18:18:36.522 I/RILC    (  113): qmi_ril(0/113): [qmi_cb] qcril_qmi_nas_network_time_ind_conv_qmi2ril qcril_qmi_nas_network_time_ind_conv_qmi2ril entry
02-09 18:18:36.522 I/RILC    (  113): qmi_ril(0/113): [qmi_cb] qcril_qmi_nas_network_time_ind_conv_qmi2ril ril_nitz_time_msg is: 12/02/10,00:19:06-24,00
02-09 18:18:36.522 I/RILC    (  113): qmi_ril(0/113): [qmi_cb] qcril_qmi_nas_unsolicited_indication_cb .. operational state 3
02-09 18:18:36.522 D/RILC    (  113): qmi_ril(0/113): [qmi_cb] qcril_send_unsol_response UI <--- RIL_UNSOL_NITZ_TIME_RECEIVED (1008) --- RIL [RID 0, Len 24, (null)]
02-09 18:18:36.522 I/RILC    (  113): qmi_ril(0/113): [qmi_cb] qcril_qmi_nas_unsolicited_indication_cb posted RIL indication 1008
02-09 18:18:36.522 I/RILC    (  113): qmi_ril(0/113): [qmi_cb] qcril_qmi_nas_unsolicited_indication_cb qcril_qmi_nas_unsolicited_indication_cb completed
02-09 18:18:36.522 D/RILJ    (27234): [UNSL]< UNSOL_NITZ_TIME_RECEIVED 12/02/10,00:19:06-24,00
02-09 18:18:36.522 I/CDMA    (27234): NITZ: 12/02/10,00:19:06-24,00,125878480 start=125878481 delay=1
02-09 18:18:36.522 I/CDMA    (27234):  dst: 0
02-09 18:18:36.522 I/CDMA    (27234):  tzOffset: -21600000
02-09 18:18:36.522 I/CDMA    (27234):  iso: us
02-09 18:18:36.522 I/CDMA    (27234): mGotCountryCode: true
02-09 18:18:36.532 I/CDMA    (27234):  zone id : America/Chicago name : Central Standard Time
02-09 18:18:36.532 I/CDMA    (27234): set zone id: America/Chicago
02-09 18:18:36.532 I/CDMA    (27234):  millisSinceNitzReceived: 22
02-09 18:18:36.532 I/CDMA    (27234):  gained=29472
02-09 18:18:36.532 I/CDMA    (27234):  timeSinceLastUpdate=6991
02-09 18:18:36.542 I/CDMA    (27234):  nitzUpdateSpacing=600000  nitzUpdateDiff=2000
02-09 18:18:36.542 I/CDMA    (27234): NITZ: Auto updating time of day to Thu Feb 09 18:19:06 CST 2012 NITZ receive delay=22ms gained=29472ms from 12/02/10,00:19:06-24,00
02-09 18:18:36.542 I/CDMA    (27234): NITZ: update nitz time property
02-09 18:18:36.542 I/CDMA    (27234):  mSavedTime=1328833146022 mSavedAtTime=125878511
02-09 18:18:36.542 I/CDMA    (27234): NITZ: end=125878511 dur=30
02-09 18:18:39.522 I/RILC    (  113): qmi_ril(0/113): [qmi_cb] qcril_qmi_nas_unsolicited_indication_cb invoked msg 0x4c
02-09 18:18:39.522 I/RILC    (  113): qmi_ril(0/113): [qmi_cb] qcril_qmi_nas_is_considered_registered qcril_qmi_nas_is_considered_registered entered
02-09 18:18:39.522 I/RILC    (  113): qmi_ril(0/113): [qmi_cb] qcril_qmi_nas_is_considered_registered qcril_qmi_nas_is_considered_registered completed with 1
02-09 18:18:39.522 I/RILC    (  113): qmi_ril(0/113): [qmi_cb] qcril_qmi_nas_network_time_ind_conv_qmi2ril qcril_qmi_nas_network_time_ind_conv_qmi2ril entry
02-09 18:18:39.522 I/RILC    (  113): qmi_ril(0/113): [qmi_cb] qcril_qmi_nas_network_time_ind_conv_qmi2ril ril_nitz_time_msg is: 12/02/10,00:19:09-24,00
02-09 18:18:39.522 I/RILC    (  113): qmi_ril(0/113): [qmi_cb] qcril_qmi_nas_unsolicited_indication_cb .. operational state 3
02-09 18:18:39.522 D/RILC    (  113): qmi_ril(0/113): [qmi_cb] qcril_send_unsol_response UI <--- RIL_UNSOL_NITZ_TIME_RECEIVED (1008) --- RIL [RID 0, Len 24, (null)]
02-09 18:18:39.522 I/RILC    (  113): qmi_ril(0/113): [qmi_cb] qcril_qmi_nas_unsolicited_indication_cb posted RIL indication 1008
02-09 18:18:39.522 I/RILC    (  113): qmi_ril(0/113): [qmi_cb] qcril_qmi_nas_unsolicited_indication_cb qcril_qmi_nas_unsolicited_indication_cb completed
02-09 18:18:39.522 D/RILJ    (27234): [UNSL]< UNSOL_NITZ_TIME_RECEIVED 12/02/10,00:19:09-24,00
02-09 18:18:39.522 I/CDMA    (27234): NITZ: 12/02/10,00:19:09-24,00,125881484 start=125881485 delay=1
02-09 18:18:39.522 I/CDMA    (27234):  dst: 0
02-09 18:18:39.522 I/CDMA    (27234):  tzOffset: -21600000
02-09 18:18:39.522 I/CDMA    (27234):  iso: us
02-09 18:18:39.522 I/CDMA    (27234): mGotCountryCode: true
02-09 18:18:39.542 I/CDMA    (27234):  zone id : America/Chicago name : Central Standard Time
02-09 18:18:39.542 I/CDMA    (27234): set zone id: America/Chicago
02-09 18:18:39.542 I/CDMA    (27234):  millisSinceNitzReceived: 27
02-09 18:18:39.542 I/CDMA    (27234):  gained=29468
02-09 18:18:39.542 I/CDMA    (27234):  timeSinceLastUpdate=3000
02-09 18:18:39.542 I/CDMA    (27234):  nitzUpdateSpacing=600000  nitzUpdateDiff=2000
02-09 18:18:39.542 I/CDMA    (27234): NITZ: Auto updating time of day to Thu Feb 09 18:19:09 CST 2012 NITZ receive delay=27ms gained=29468ms from 12/02/10,00:19:09-24,00
02-09 18:18:39.552 I/CDMA    (27234): NITZ: update nitz time property
02-09 18:18:39.552 I/CDMA    (27234):  mSavedTime=1328833149027 mSavedAtTime=125881518
02-09 18:18:39.552 I/CDMA    (27234): NITZ: end=125881518 dur=33
02-09 18:20:18.522 I/RILC    (  113): qmi_ril(0/113): [qmi_cb] qcril_qmi_nas_unsolicited_indication_cb invoked msg 0x4c
02-09 18:20:18.522 I/RILC    (  113): qmi_ril(0/113): [qmi_cb] qcril_qmi_nas_is_considered_registered qcril_qmi_nas_is_considered_registered entered
02-09 18:20:18.522 I/RILC    (  113): qmi_ril(0/113): [qmi_cb] qcril_qmi_nas_is_considered_registered qcril_qmi_nas_is_considered_registered completed with 1
02-09 18:20:18.522 I/RILC    (  113): qmi_ril(0/113): [qmi_cb] qcril_qmi_nas_network_time_ind_conv_qmi2ril qcril_qmi_nas_network_time_ind_conv_qmi2ril entry
02-09 18:20:18.522 I/RILC    (  113): qmi_ril(0/113): [qmi_cb] qcril_qmi_nas_network_time_ind_conv_qmi2ril ril_nitz_time_msg is: 12/02/10,00:20:48-24,00
02-09 18:20:18.522 I/RILC    (  113): qmi_ril(0/113): [qmi_cb] qcril_qmi_nas_unsolicited_indication_cb .. operational state 3
02-09 18:20:18.522 D/RILC    (  113): qmi_ril(0/113): [qmi_cb] qcril_send_unsol_response UI <--- RIL_UNSOL_NITZ_TIME_RECEIVED (1008) --- RIL [RID 0, Len 24, (null)]
02-09 18:20:18.522 I/RILC    (  113): qmi_ril(0/113): [qmi_cb] qcril_qmi_nas_unsolicited_indication_cb posted RIL indication 1008
02-09 18:20:18.522 I/RILC    (  113): qmi_ril(0/113): [qmi_cb] qcril_qmi_nas_unsolicited_indication_cb qcril_qmi_nas_unsolicited_indication_cb completed
02-09 18:20:18.522 D/RILJ    (27234): [UNSL]< UNSOL_NITZ_TIME_RECEIVED 12/02/10,00:20:48-24,00
02-09 18:20:18.522 I/CDMA    (27234): NITZ: 12/02/10,00:20:48-24,00,125980482 start=125980483 delay=1
02-09 18:20:18.522 I/CDMA    (27234):  dst: 0
02-09 18:20:18.522 I/CDMA    (27234):  tzOffset: -21600000
02-09 18:20:18.522 I/CDMA    (27234):  iso: us
02-09 18:20:18.522 I/CDMA    (27234): mGotCountryCode: true
02-09 18:20:18.572 I/CDMA    (27234):  zone id : America/Chicago name : Central Standard Time
02-09 18:20:18.572 I/CDMA    (27234): set zone id: America/Chicago
02-09 18:20:18.572 I/CDMA    (27234):  millisSinceNitzReceived: 60
02-09 18:20:18.572 I/CDMA    (27234):  gained=29470
02-09 18:20:18.572 I/CDMA    (27234):  timeSinceLastUpdate=99025
02-09 18:20:18.572 I/CDMA    (27234):  nitzUpdateSpacing=600000  nitzUpdateDiff=2000
02-09 18:20:18.582 I/CDMA    (27234): NITZ: Auto updating time of day to Thu Feb 09 18:20:48 CST 2012 NITZ receive delay=60ms gained=29470ms from 12/02/10,00:20:48-24,00
02-09 18:20:18.592 I/CDMA    (27234): NITZ: update nitz time property
02-09 18:20:18.592 I/CDMA    (27234):  mSavedTime=1328833248060 mSavedAtTime=125980555
02-09 18:20:18.592 I/CDMA    (27234): NITZ: end=125980556 dur=73
02-09 18:20:27.522 I/RILC    (  113): qmi_ril(0/113): [qmi_cb] qcril_qmi_nas_unsolicited_indication_cb invoked msg 0x4c
02-09 18:20:27.522 I/RILC    (  113): qmi_ril(0/113): [qmi_cb] qcril_qmi_nas_is_considered_registered qcril_qmi_nas_is_considered_registered entered
02-09 18:20:27.522 I/RILC    (  113): qmi_ril(0/113): [qmi_cb] qcril_qmi_nas_is_considered_registered qcril_qmi_nas_is_considered_registered completed with 1
02-09 18:20:27.522 I/RILC    (  113): qmi_ril(0/113): [qmi_cb] qcril_qmi_nas_network_time_ind_conv_qmi2ril qcril_qmi_nas_network_time_ind_conv_qmi2ril entry
02-09 18:20:27.522 I/RILC    (  113): qmi_ril(0/113): [qmi_cb] qcril_qmi_nas_network_time_ind_conv_qmi2ril ril_nitz_time_msg is: 12/02/10,00:20:57-24,00
02-09 18:20:27.522 I/RILC    (  113): qmi_ril(0/113): [qmi_cb] qcril_qmi_nas_unsolicited_indication_cb .. operational state 3
02-09 18:20:27.522 D/RILC    (  113): qmi_ril(0/113): [qmi_cb] qcril_send_unsol_response UI <--- RIL_UNSOL_NITZ_TIME_RECEIVED (1008) --- RIL [RID 0, Len 24, (null)]
02-09 18:20:27.522 I/RILC    (  113): qmi_ril(0/113): [qmi_cb] qcril_qmi_nas_unsolicited_indication_cb posted RIL indication 1008
02-09 18:20:27.522 I/RILC    (  113): qmi_ril(0/113): [qmi_cb] qcril_qmi_nas_unsolicited_indication_cb qcril_qmi_nas_unsolicited_indication_cb completed
02-09 18:20:27.522 D/RILJ    (27234): [UNSL]< UNSOL_NITZ_TIME_RECEIVED 12/02/10,00:20:57-24,00
02-09 18:20:27.522 I/CDMA    (27234): NITZ: 12/02/10,00:20:57-24,00,125989480 start=125989481 delay=1
02-09 18:20:27.522 I/CDMA    (27234):  dst: 0
02-09 18:20:27.522 I/CDMA    (27234):  tzOffset: -21600000
02-09 18:20:27.522 I/CDMA    (27234):  iso: us
02-09 18:20:27.522 I/CDMA    (27234): mGotCountryCode: true
02-09 18:20:27.532 I/CDMA    (27234):  zone id : America/Chicago name : Central Standard Time
02-09 18:20:27.532 I/CDMA    (27234): set zone id: America/Chicago
02-09 18:20:27.532 I/CDMA    (27234):  millisSinceNitzReceived: 22
02-09 18:20:27.532 I/CDMA    (27234):  gained=29472
02-09 18:20:27.542 I/CDMA    (27234):  timeSinceLastUpdate=8948
02-09 18:20:27.542 I/CDMA    (27234):  nitzUpdateSpacing=600000  nitzUpdateDiff=2000
02-09 18:20:27.542 I/CDMA    (27234): NITZ: Auto updating time of day to Thu Feb 09 18:20:57 CST 2012 NITZ receive delay=22ms gained=29472ms from 12/02/10,00:20:57-24,00
02-09 18:20:27.542 I/CDMA    (27234): NITZ: update nitz time property
02-09 18:20:27.542 I/CDMA    (27234):  mSavedTime=1328833257022 mSavedAtTime=125989511
02-09 18:20:27.542 I/CDMA    (27234): NITZ: end=125989511 dur=30
02-09 18:20:29.522 I/RILC    (  113): qmi_ril(0/113): [qmi_cb] qcril_qmi_nas_unsolicited_indication_cb invoked msg 0x4c
02-09 18:20:29.522 I/RILC    (  113): qmi_ril(0/113): [qmi_cb] qcril_qmi_nas_is_considered_registered qcril_qmi_nas_is_considered_registered entered
02-09 18:20:29.522 I/RILC    (  113): qmi_ril(0/113): [qmi_cb] qcril_qmi_nas_is_considered_registered qcril_qmi_nas_is_considered_registered completed with 1
02-09 18:20:29.522 I/RILC    (  113): qmi_ril(0/113): [qmi_cb] qcril_qmi_nas_network_time_ind_conv_qmi2ril qcril_qmi_nas_network_time_ind_conv_qmi2ril entry
02-09 18:20:29.522 I/RILC    (  113): qmi_ril(0/113): [qmi_cb] qcril_qmi_nas_network_time_ind_conv_qmi2ril ril_nitz_time_msg is: 12/02/10,00:20:59-24,00
02-09 18:20:29.522 I/RILC    (  113): qmi_ril(0/113): [qmi_cb] qcril_qmi_nas_unsolicited_indication_cb .. operational state 3
02-09 18:20:29.522 D/RILC    (  113): qmi_ril(0/113): [qmi_cb] qcril_send_unsol_response UI <--- RIL_UNSOL_NITZ_TIME_RECEIVED (1008) --- RIL [RID 0, Len 24, (null)]
02-09 18:20:29.522 I/RILC    (  113): qmi_ril(0/113): [qmi_cb] qcril_qmi_nas_unsolicited_indication_cb posted RIL indication 1008
02-09 18:20:29.522 I/RILC    (  113): qmi_ril(0/113): [qmi_cb] qcril_qmi_nas_unsolicited_indication_cb qcril_qmi_nas_unsolicited_indication_cb completed
02-09 18:20:29.522 D/RILJ    (27234): [UNSL]< UNSOL_NITZ_TIME_RECEIVED 12/02/10,00:20:59-24,00
02-09 18:20:29.522 I/CDMA    (27234): NITZ: 12/02/10,00:20:59-24,00,125991480 start=125991481 delay=1
02-09 18:20:29.522 I/CDMA    (27234):  dst: 0
02-09 18:20:29.522 I/CDMA    (27234):  tzOffset: -21600000
02-09 18:20:29.522 I/CDMA    (27234):  iso: us
02-09 18:20:29.522 I/CDMA    (27234): mGotCountryCode: true
02-09 18:20:29.532 I/CDMA    (27234):  zone id : America/Chicago name : Central Standard Time
02-09 18:20:29.532 I/CDMA    (27234): set zone id: America/Chicago
02-09 18:20:29.542 I/CDMA    (27234):  millisSinceNitzReceived: 23
02-09 18:20:29.542 I/CDMA    (27234):  gained=29472
02-09 18:20:29.542 I/CDMA    (27234):  timeSinceLastUpdate=1993
02-09 18:20:29.542 I/CDMA    (27234):  nitzUpdateSpacing=600000  nitzUpdateDiff=2000
02-09 18:20:29.542 I/CDMA    (27234): NITZ: Auto updating time of day to Thu Feb 09 18:20:59 CST 2012 NITZ receive delay=23ms gained=29472ms from 12/02/10,00:20:59-24,00
02-09 18:20:29.542 I/CDMA    (27234): NITZ: update nitz time property
02-09 18:20:29.542 I/CDMA    (27234):  mSavedTime=1328833259023 mSavedAtTime=125991513
02-09 18:20:29.542 I/CDMA    (27234): NITZ: end=125991513 dur=32
02-09 18:20:37.522 I/RILC    (  113): qmi_ril(0/113): [qmi_cb] qcril_qmi_nas_unsolicited_indication_cb invoked msg 0x4c
02-09 18:20:37.522 I/RILC    (  113): qmi_ril(0/113): [qmi_cb] qcril_qmi_nas_is_considered_registered qcril_qmi_nas_is_considered_registered entered
02-09 18:20:37.522 I/RILC    (  113): qmi_ril(0/113): [qmi_cb] qcril_qmi_nas_is_considered_registered qcril_qmi_nas_is_considered_registered completed with 1
02-09 18:20:37.522 I/RILC    (  113): qmi_ril(0/113): [qmi_cb] qcril_qmi_nas_network_time_ind_conv_qmi2ril qcril_qmi_nas_network_time_ind_conv_qmi2ril entry
02-09 18:20:37.522 I/RILC    (  113): qmi_ril(0/113): [qmi_cb] qcril_qmi_nas_network_time_ind_conv_qmi2ril ril_nitz_time_msg is: 12/02/10,00:21:07-24,00
02-09 18:20:37.522 I/RILC    (  113): qmi_ril(0/113): [qmi_cb] qcril_qmi_nas_unsolicited_indication_cb .. operational state 3
02-09 18:20:37.522 D/RILC    (  113): qmi_ril(0/113): [qmi_cb] qcril_send_unsol_response UI <--- RIL_UNSOL_NITZ_TIME_RECEIVED (1008) --- RIL [RID 0, Len 24, (null)]
02-09 18:20:37.522 I/RILC    (  113): qmi_ril(0/113): [qmi_cb] qcril_qmi_nas_unsolicited_indication_cb posted RIL indication 1008
02-09 18:20:37.522 I/RILC    (  113): qmi_ril(0/113): [qmi_cb] qcril_qmi_nas_unsolicited_indication_cb qcril_qmi_nas_unsolicited_indication_cb completed
02-09 18:20:37.522 D/RILJ    (27234): [UNSL]< UNSOL_NITZ_TIME_RECEIVED 12/02/10,00:21:07-24,00
02-09 18:20:37.522 I/CDMA    (27234): NITZ: 12/02/10,00:21:07-24,00,125999480 start=125999482 delay=2
02-09 18:20:37.522 I/CDMA    (27234):  dst: 0
02-09 18:20:37.522 I/CDMA    (27234):  tzOffset: -21600000
02-09 18:20:37.522 I/CDMA    (27234):  iso: us
02-09 18:20:37.522 I/CDMA    (27234): mGotCountryCode: true
02-09 18:20:37.532 I/CDMA    (27234):  zone id : America/Chicago name : Central Standard Time
02-09 18:20:37.532 I/CDMA    (27234): set zone id: America/Chicago
02-09 18:20:37.532 I/CDMA    (27234):  millisSinceNitzReceived: 19
02-09 18:20:37.532 I/CDMA    (27234):  gained=29472
02-09 18:20:37.532 I/CDMA    (27234):  timeSinceLastUpdate=7986
02-09 18:20:37.532 I/CDMA    (27234):  nitzUpdateSpacing=600000  nitzUpdateDiff=2000
02-09 18:20:37.532 I/CDMA    (27234): NITZ: Auto updating time of day to Thu Feb 09 18:21:07 CST 2012 NITZ receive delay=19ms gained=29472ms from 12/02/10,00:21:07-24,00
02-09 18:20:37.542 I/CDMA    (27234): NITZ: update nitz time property
02-09 18:20:37.542 I/CDMA    (27234):  mSavedTime=1328833267019 mSavedAtTime=125999509
02-09 18:20:37.542 I/CDMA    (27234): NITZ: end=125999509 dur=27
02-09 18:20:39.023 I/RILC    (  113): qmi_ril(0/113): [qmi_cb] qcril_qmi_nas_unsolicited_indication_cb invoked msg 0x4c
02-09 18:20:39.023 I/RILC    (  113): qmi_ril(0/113): [qmi_cb] qcril_qmi_nas_is_considered_registered qcril_qmi_nas_is_considered_registered entered
02-09 18:20:39.023 I/RILC    (  113): qmi_ril(0/113): [qmi_cb] qcril_qmi_nas_is_considered_registered qcril_qmi_nas_is_considered_registered completed with 1
02-09 18:20:39.023 I/RILC    (  113): qmi_ril(0/113): [qmi_cb] qcril_qmi_nas_network_time_ind_conv_qmi2ril qcril_qmi_nas_network_time_ind_conv_qmi2ril entry
02-09 18:20:39.023 I/RILC    (  113): qmi_ril(0/113): [qmi_cb] qcril_qmi_nas_network_time_ind_conv_qmi2ril ril_nitz_time_msg is: 12/02/10,00:21:08-24,00
02-09 18:20:39.023 I/RILC    (  113): qmi_ril(0/113): [qmi_cb] qcril_qmi_nas_unsolicited_indication_cb .. operational state 3
02-09 18:20:39.023 D/RILC    (  113): qmi_ril(0/113): [qmi_cb] qcril_send_unsol_response UI <--- RIL_UNSOL_NITZ_TIME_RECEIVED (1008) --- RIL [RID 0, Len 24, (null)]
02-09 18:20:39.033 D/RILJ    (27234): [UNSL]< UNSOL_NITZ_TIME_RECEIVED 12/02/10,00:21:08-24,00
02-09 18:20:39.033 I/CDMA    (27234): NITZ: 12/02/10,00:21:08-24,00,126000991 start=126000995 delay=4
02-09 18:20:39.033 I/CDMA    (27234):  dst: 0
02-09 18:20:39.033 I/CDMA    (27234):  tzOffset: -21600000
02-09 18:20:39.033 I/CDMA    (27234):  iso: us
02-09 18:20:39.033 I/CDMA    (27234): mGotCountryCode: true
02-09 18:20:39.043 I/RILC    (  113): qmi_ril(0/113): [qmi_cb] qcril_qmi_nas_unsolicited_indication_cb posted RIL indication 1008
02-09 18:20:39.043 I/RILC    (  113): qmi_ril(0/113): [qmi_cb] qcril_qmi_nas_unsolicited_indication_cb qcril_qmi_nas_unsolicited_indication_cb completed
02-09 18:20:39.083 I/CDMA    (27234):  zone id : America/Chicago name : Central Standard Time
02-09 18:20:39.083 I/CDMA    (27234): set zone id: America/Chicago
02-09 18:20:39.083 I/CDMA    (27234):  millisSinceNitzReceived: 58
02-09 18:20:39.083 I/CDMA    (27234):  gained=28961
02-09 18:20:39.083 I/CDMA    (27234):  timeSinceLastUpdate=1541
02-09 18:20:39.083 I/CDMA    (27234):  nitzUpdateSpacing=600000  nitzUpdateDiff=2000
02-09 18:20:39.083 I/CDMA    (27234): NITZ: Auto updating time of day to Thu Feb 09 18:21:08 CST 2012 NITZ receive delay=58ms gained=28961ms from 12/02/10,00:21:08-24,00
02-09 18:20:39.093 I/CDMA    (27234): NITZ: update nitz time property
02-09 18:20:39.093 I/CDMA    (27234):  mSavedTime=1328833268058 mSavedAtTime=126001058
02-09 18:20:39.093 I/CDMA    (27234): NITZ: end=126001058 dur=63
02-09 18:20:42.522 I/RILC    (  113): qmi_ril(0/113): [qmi_cb] qcril_qmi_nas_unsolicited_indication_cb invoked msg 0x4c
02-09 18:20:42.522 I/RILC    (  113): qmi_ril(0/113): [qmi_cb] qcril_qmi_nas_is_considered_registered qcril_qmi_nas_is_considered_registered entered
02-09 18:20:42.522 I/RILC    (  113): qmi_ril(0/113): [qmi_cb] qcril_qmi_nas_is_considered_registered qcril_qmi_nas_is_considered_registered completed with 1
02-09 18:20:42.522 I/RILC    (  113): qmi_ril(0/113): [qmi_cb] qcril_qmi_nas_network_time_ind_conv_qmi2ril qcril_qmi_nas_network_time_ind_conv_qmi2ril entry
02-09 18:20:42.522 I/RILC    (  113): qmi_ril(0/113): [qmi_cb] qcril_qmi_nas_network_time_ind_conv_qmi2ril ril_nitz_time_msg is: 12/02/10,00:21:12-24,00
02-09 18:20:42.522 I/RILC    (  113): qmi_ril(0/113): [qmi_cb] qcril_qmi_nas_unsolicited_indication_cb .. operational state 3
02-09 18:20:42.522 D/RILC    (  113): qmi_ril(0/113): [qmi_cb] qcril_send_unsol_response UI <--- RIL_UNSOL_NITZ_TIME_RECEIVED (1008) --- RIL [RID 0, Len 24, (null)]
02-09 18:20:42.522 I/RILC    (  113): qmi_ril(0/113): [qmi_cb] qcril_qmi_nas_unsolicited_indication_cb posted RIL indication 1008
02-09 18:20:42.522 I/RILC    (  113): qmi_ril(0/113): [qmi_cb] qcril_qmi_nas_unsolicited_indication_cb qcril_qmi_nas_unsolicited_indication_cb completed
02-09 18:20:42.522 D/RILJ    (27234): [UNSL]< UNSOL_NITZ_TIME_RECEIVED 12/02/10,00:21:12-24,00
02-09 18:20:42.522 I/CDMA    (27234): NITZ: 12/02/10,00:21:12-24,00,126004481 start=126004482 delay=1
02-09 18:20:42.522 I/CDMA    (27234):  dst: 0
02-09 18:20:42.522 I/CDMA    (27234):  tzOffset: -21600000
02-09 18:20:42.522 I/CDMA    (27234):  iso: us
02-09 18:20:42.522 I/CDMA    (27234): mGotCountryCode: true
02-09 18:20:42.532 I/CDMA    (27234):  zone id : America/Chicago name : Central Standard Time
02-09 18:20:42.532 I/CDMA    (27234): set zone id: America/Chicago
02-09 18:20:42.532 I/CDMA    (27234):  millisSinceNitzReceived: 22
02-09 18:20:42.542 I/CDMA    (27234):  gained=29468
02-09 18:20:42.542 I/CDMA    (27234):  timeSinceLastUpdate=3448
02-09 18:20:42.542 I/CDMA    (27234):  nitzUpdateSpacing=600000  nitzUpdateDiff=2000
02-09 18:20:42.542 I/CDMA    (27234): NITZ: Auto updating time of day to Thu Feb 09 18:21:12 CST 2012 NITZ receive delay=22ms gained=29468ms from 12/02/10,00:21:12-24,00
02-09 18:20:42.552 I/CDMA    (27234): NITZ: update nitz time property
02-09 18:20:42.552 I/CDMA    (27234):  mSavedTime=1328833272022 mSavedAtTime=126004514
02-09 18:20:42.552 I/CDMA    (27234): NITZ: end=126004515 dur=33
02-09 18:21:09.522 I/RILC    (  113): qmi_ril(0/113): [qmi_cb] qcril_qmi_nas_unsolicited_indication_cb invoked msg 0x4c
02-09 18:21:09.522 I/RILC    (  113): qmi_ril(0/113): [qmi_cb] qcril_qmi_nas_is_considered_registered qcril_qmi_nas_is_considered_registered entered
02-09 18:21:09.522 I/RILC    (  113): qmi_ril(0/113): [qmi_cb] qcril_qmi_nas_is_considered_registered qcril_qmi_nas_is_considered_registered completed with 1
02-09 18:21:09.522 I/RILC    (  113): qmi_ril(0/113): [qmi_cb] qcril_qmi_nas_network_time_ind_conv_qmi2ril qcril_qmi_nas_network_time_ind_conv_qmi2ril entry
02-09 18:21:09.522 I/RILC    (  113): qmi_ril(0/113): [qmi_cb] qcril_qmi_nas_network_time_ind_conv_qmi2ril ril_nitz_time_msg is: 12/02/10,00:21:39-24,00
02-09 18:21:09.522 I/RILC    (  113): qmi_ril(0/113): [qmi_cb] qcril_qmi_nas_unsolicited_indication_cb .. operational state 3
02-09 18:21:09.522 D/RILC    (  113): qmi_ril(0/113): [qmi_cb] qcril_send_unsol_response UI <--- RIL_UNSOL_NITZ_TIME_RECEIVED (1008) --- RIL [RID 0, Len 24, (null)]
02-09 18:21:09.522 I/RILC    (  113): qmi_ril(0/113): [qmi_cb] qcril_qmi_nas_unsolicited_indication_cb posted RIL indication 1008
02-09 18:21:09.522 I/RILC    (  113): qmi_ril(0/113): [qmi_cb] qcril_qmi_nas_unsolicited_indication_cb qcril_qmi_nas_unsolicited_indication_cb completed
02-09 18:21:09.522 D/RILJ    (27234): [UNSL]< UNSOL_NITZ_TIME_RECEIVED 12/02/10,00:21:39-24,00
02-09 18:21:09.522 I/CDMA    (27234): NITZ: 12/02/10,00:21:39-24,00,126031481 start=126031485 delay=4
02-09 18:21:09.522 I/CDMA    (27234):  dst: 0
02-09 18:21:09.522 I/CDMA    (27234):  tzOffset: -21600000
02-09 18:21:09.522 I/CDMA    (27234):  iso: us
02-09 18:21:09.522 I/CDMA    (27234): mGotCountryCode: true
02-09 18:21:09.562 I/CDMA    (27234):  zone id : America/Chicago name : Central Standard Time
02-09 18:21:09.562 I/CDMA    (27234): set zone id: America/Chicago
02-09 18:21:09.572 I/CDMA    (27234):  millisSinceNitzReceived: 56
02-09 18:21:09.572 I/CDMA    (27234):  gained=29471
02-09 18:21:09.572 I/CDMA    (27234):  timeSinceLastUpdate=27023
02-09 18:21:09.572 I/CDMA    (27234):  nitzUpdateSpacing=600000  nitzUpdateDiff=2000
02-09 18:21:09.572 I/CDMA    (27234): NITZ: Auto updating time of day to Thu Feb 09 18:21:39 CST 2012 NITZ receive delay=56ms gained=29471ms from 12/02/10,00:21:39-24,00
02-09 18:21:09.582 I/CDMA    (27234): NITZ: update nitz time property
02-09 18:21:09.582 I/CDMA    (27234):  mSavedTime=1328833299056 mSavedAtTime=126031545
02-09 18:21:09.582 I/CDMA    (27234): NITZ: end=126031545 dur=60
02-09 18:21:13.522 I/RILC    (  113): qmi_ril(0/113): [qmi_cb] qcril_qmi_nas_unsolicited_indication_cb invoked msg 0x4c
02-09 18:21:13.522 I/RILC    (  113): qmi_ril(0/113): [qmi_cb] qcril_qmi_nas_is_considered_registered qcril_qmi_nas_is_considered_registered entered
02-09 18:21:13.522 I/RILC    (  113): qmi_ril(0/113): [qmi_cb] qcril_qmi_nas_is_considered_registered qcril_qmi_nas_is_considered_registered completed with 1
02-09 18:21:13.522 I/RILC    (  113): qmi_ril(0/113): [qmi_cb] qcril_qmi_nas_network_time_ind_conv_qmi2ril qcril_qmi_nas_network_time_ind_conv_qmi2ril entry
02-09 18:21:13.522 I/RILC    (  113): qmi_ril(0/113): [qmi_cb] qcril_qmi_nas_network_time_ind_conv_qmi2ril ril_nitz_time_msg is: 12/02/10,00:21:43-24,00
02-09 18:21:13.522 I/RILC    (  113): qmi_ril(0/113): [qmi_cb] qcril_qmi_nas_unsolicited_indication_cb .. operational state 3
02-09 18:21:13.522 D/RILC    (  113): qmi_ril(0/113): [qmi_cb] qcril_send_unsol_response UI <--- RIL_UNSOL_NITZ_TIME_RECEIVED (1008) --- RIL [RID 0, Len 24, (null)]
02-09 18:21:13.522 I/RILC    (  113): qmi_ril(0/113): [qmi_cb] qcril_qmi_nas_unsolicited_indication_cb posted RIL indication 1008
02-09 18:21:13.522 I/RILC    (  113): qmi_ril(0/113): [qmi_cb] qcril_qmi_nas_unsolicited_indication_cb qcril_qmi_nas_unsolicited_indication_cb completed
02-09 18:21:13.522 D/RILJ    (27234): [UNSL]< UNSOL_NITZ_TIME_RECEIVED 12/02/10,00:21:43-24,00
02-09 18:21:13.522 I/CDMA    (27234): NITZ: 12/02/10,00:21:43-24,00,126035481 start=126035482 delay=1
02-09 18:21:13.522 I/CDMA    (27234):  dst: 0
02-09 18:21:13.522 I/CDMA    (27234):  tzOffset: -21600000
02-09 18:21:13.522 I/CDMA    (27234):  iso: us
02-09 18:21:13.522 I/CDMA    (27234): mGotCountryCode: true
02-09 18:21:13.532 I/CDMA    (27234):  zone id : America/Chicago name : Central Standard Time
02-09 18:21:13.532 I/CDMA    (27234): set zone id: America/Chicago
02-09 18:21:13.532 I/CDMA    (27234):  millisSinceNitzReceived: 20
02-09 18:21:13.532 I/CDMA    (27234):  gained=29471
02-09 18:21:13.532 I/CDMA    (27234):  timeSinceLastUpdate=3957
02-09 18:21:13.532 I/CDMA    (27234):  nitzUpdateSpacing=600000  nitzUpdateDiff=2000
02-09 18:21:13.542 I/CDMA    (27234): NITZ: Auto updating time of day to Thu Feb 09 18:21:43 CST 2012 NITZ receive delay=20ms gained=29471ms from 12/02/10,00:21:43-24,00
02-09 18:21:13.542 I/CDMA    (27234): NITZ: update nitz time property
02-09 18:21:13.542 I/CDMA    (27234):  mSavedTime=1328833303020 mSavedAtTime=126035511
02-09 18:21:13.542 I/CDMA    (27234): NITZ: end=126035511 dur=29
02-09 18:21:20.522 I/RILC    (  113): qmi_ril(0/113): [qmi_cb] qcril_qmi_nas_unsolicited_indication_cb invoked msg 0x4c
02-09 18:21:20.522 I/RILC    (  113): qmi_ril(0/113): [qmi_cb] qcril_qmi_nas_is_considered_registered qcril_qmi_nas_is_considered_registered entered
02-09 18:21:20.522 I/RILC    (  113): qmi_ril(0/113): [qmi_cb] qcril_qmi_nas_is_considered_registered qcril_qmi_nas_is_considered_registered completed with 1
02-09 18:21:20.522 I/RILC    (  113): qmi_ril(0/113): [qmi_cb] qcril_qmi_nas_network_time_ind_conv_qmi2ril qcril_qmi_nas_network_time_ind_conv_qmi2ril entry
02-09 18:21:20.522 I/RILC    (  113): qmi_ril(0/113): [qmi_cb] qcril_qmi_nas_network_time_ind_conv_qmi2ril ril_nitz_time_msg is: 12/02/10,00:21:50-24,00
02-09 18:21:20.522 I/RILC    (  113): qmi_ril(0/113): [qmi_cb] qcril_qmi_nas_unsolicited_indication_cb .. operational state 3
02-09 18:21:20.522 D/RILC    (  113): qmi_ril(0/113): [qmi_cb] qcril_send_unsol_response UI <--- RIL_UNSOL_NITZ_TIME_RECEIVED (1008) --- RIL [RID 0, Len 24, (null)]
02-09 18:21:20.522 I/RILC    (  113): qmi_ril(0/113): [qmi_cb] qcril_qmi_nas_unsolicited_indication_cb posted RIL indication 1008
02-09 18:21:20.522 I/RILC    (  113): qmi_ril(0/113): [qmi_cb] qcril_qmi_nas_unsolicited_indication_cb qcril_qmi_nas_unsolicited_indication_cb completed
02-09 18:21:20.522 D/RILJ    (27234): [UNSL]< UNSOL_NITZ_TIME_RECEIVED 12/02/10,00:21:50-24,00
02-09 18:21:20.522 I/CDMA    (27234): NITZ: 12/02/10,00:21:50-24,00,126042481 start=126042482 delay=1
02-09 18:21:20.522 I/CDMA    (27234):  dst: 0
02-09 18:21:20.522 I/CDMA    (27234):  tzOffset: -21600000
02-09 18:21:20.522 I/CDMA    (27234):  iso: us
02-09 18:21:20.522 I/CDMA    (27234): mGotCountryCode: true
02-09 18:21:20.532 I/CDMA    (27234):  zone id : America/Chicago name : Central Standard Time
02-09 18:21:20.532 I/CDMA    (27234): set zone id: America/Chicago
02-09 18:21:20.532 I/CDMA    (27234):  millisSinceNitzReceived: 22
02-09 18:21:20.542 I/CDMA    (27234):  gained=29471
02-09 18:21:20.542 I/CDMA    (27234):  timeSinceLastUpdate=6993
02-09 18:21:20.542 I/CDMA    (27234):  nitzUpdateSpacing=600000  nitzUpdateDiff=2000
02-09 18:21:20.542 I/CDMA    (27234): NITZ: Auto updating time of day to Thu Feb 09 18:21:50 CST 2012 NITZ receive delay=22ms gained=29471ms from 12/02/10,00:21:50-24,00
02-09 18:21:20.542 I/CDMA    (27234): NITZ: update nitz time property
02-09 18:21:20.542 I/CDMA    (27234):  mSavedTime=1328833310022 mSavedAtTime=126042512
02-09 18:21:20.542 I/CDMA    (27234): NITZ: end=126042513 dur=31
02-09 18:21:27.522 I/RILC    (  113): qmi_ril(0/113): [qmi_cb] qcril_qmi_nas_unsolicited_indication_cb invoked msg 0x4c
02-09 18:21:27.522 I/RILC    (  113): qmi_ril(0/113): [qmi_cb] qcril_qmi_nas_is_considered_registered qcril_qmi_nas_is_considered_registered entered
02-09 18:21:27.522 I/RILC    (  113): qmi_ril(0/113): [qmi_cb] qcril_qmi_nas_is_considered_registered qcril_qmi_nas_is_considered_registered completed with 1
02-09 18:21:27.522 I/RILC    (  113): qmi_ril(0/113): [qmi_cb] qcril_qmi_nas_network_time_ind_conv_qmi2ril qcril_qmi_nas_network_time_ind_conv_qmi2ril entry
02-09 18:21:27.522 I/RILC    (  113): qmi_ril(0/113): [qmi_cb] qcril_qmi_nas_network_time_ind_conv_qmi2ril ril_nitz_time_msg is: 12/02/10,00:21:57-24,00
02-09 18:21:27.522 I/RILC    (  113): qmi_ril(0/113): [qmi_cb] qcril_qmi_nas_unsolicited_indication_cb .. operational state 3
02-09 18:21:27.522 D/RILC    (  113): qmi_ril(0/113): [qmi_cb] qcril_send_unsol_response UI <--- RIL_UNSOL_NITZ_TIME_RECEIVED (1008) --- RIL [RID 0, Len 24, (null)]
02-09 18:21:27.522 I/RILC    (  113): qmi_ril(0/113): [qmi_cb] qcril_qmi_nas_unsolicited_indication_cb posted RIL indication 1008
02-09 18:21:27.522 I/RILC    (  113): qmi_ril(0/113): [qmi_cb] qcril_qmi_nas_unsolicited_indication_cb qcril_qmi_nas_unsolicited_indication_cb completed
02-09 18:21:27.522 D/RILJ    (27234): [UNSL]< UNSOL_NITZ_TIME_RECEIVED 12/02/10,00:21:57-24,00
02-09 18:21:27.522 I/CDMA    (27234): NITZ: 12/02/10,00:21:57-24,00,126049485 start=126049486 delay=1
02-09 18:21:27.522 I/CDMA    (27234):  dst: 0
02-09 18:21:27.522 I/CDMA    (27234):  tzOffset: -21600000
02-09 18:21:27.522 I/CDMA    (27234):  iso: us
02-09 18:21:27.522 I/CDMA    (27234): mGotCountryCode: true
02-09 18:21:27.542 I/CDMA    (27234):  zone id : America/Chicago name : Central Standard Time
02-09 18:21:27.542 I/CDMA    (27234): set zone id: America/Chicago
02-09 18:21:27.552 I/CDMA    (27234):  millisSinceNitzReceived: 32
02-09 18:21:27.552 I/CDMA    (27234):  gained=29467
02-09 18:21:27.552 I/CDMA    (27234):  timeSinceLastUpdate=7005
02-09 18:21:27.552 I/CDMA    (27234):  nitzUpdateSpacing=600000  nitzUpdateDiff=2000
02-09 18:21:27.552 I/CDMA    (27234): NITZ: Auto updating time of day to Thu Feb 09 18:21:57 CST 2012 NITZ receive delay=32ms gained=29467ms from 12/02/10,00:21:57-24,00
02-09 18:21:27.562 I/CDMA    (27234): NITZ: update nitz time property
02-09 18:21:27.562 I/CDMA    (27234):  mSavedTime=1328833317032 mSavedAtTime=126049525
02-09 18:21:27.562 I/CDMA    (27234): NITZ: end=126049525 dur=39
02-09 18:22:09.612 D/RILJ    (27234): [2417]> SCREEN_STATE: true
02-09 18:22:09.612 D/RILC    (  113): qmi_ril(0/113): [main] onRequest UI --- RIL_REQUEST_SCREEN_STATE (61) ---> RIL [RID 0, token id 2417, data len 4]
02-09 18:22:09.612 I/RILC    (  113): qmi_ril(0/113): [main] qcril_qmi_nas_request_screen_state qcril_qmi_nas_request_screen_state entered 
02-09 18:22:09.612 I/RILC    (  113): qmi_ril(0/113): [main] qcril_qmi_util_enable_networking_indications qcril_qmi_util_enable_networking_indications, param 1 
02-09 18:22:09.632 I/RILC    (  113): qmi_ril(0/113): [main] qcril_qmi_util_convert_qmi_response_codes_to_ril_result_ex qcril_qmi_util_convert_qmi_response_codes_to_ril_result_ex ctx check 0
02-09 18:22:09.632 I/RILC    (  113): qmi_ril(0/113): [main] qcril_qmi_util_enable_networking_indications .. requested nas event report 0, 0
02-09 18:22:09.642 I/RILC    (  113): qmi_ril(0/113): [main] qcril_qmi_util_convert_qmi_response_codes_to_ril_result_ex qcril_qmi_util_convert_qmi_response_codes_to_ril_result_ex ctx check 0
02-09 18:22:09.642 I/RILC    (  113): qmi_ril(0/113): [main] qcril_qmi_util_enable_networking_indications .. requested nas indication reports 0, 0
02-09 18:22:09.642 I/RILC    (  113): qmi_ril(0/113): [main] qcril_qmi_nas_drop_nw_info_cache  qcril_qmi_nas_drop_nw_info_cache entry 
02-09 18:22:09.642 I/RILC    (  113): qmi_ril(0/113): [main] qcril_qmi_nas_drop_nw_info_cache qcril_qmi_nas_drop_nw_info_cache complete 
02-09 18:22:09.642 I/RILC    (  113): qmi_ril(0/113): [main] qcril_qmi_util_convert_qmi_response_codes_to_ril_result_ex qcril_qmi_util_convert_qmi_response_codes_to_ril_result_ex ctx check 0
02-09 18:22:09.642 I/RILC    (  113): qmi_ril(0/113): [main] qcril_qmi_voice_technology_updated qcril_qmi_voice_technology_updated entered
02-09 18:22:09.642 I/RILC    (  113): qmi_ril(0/113): [main] qcril_qmi_voice_technology_updated ..nas_cached_info.serving_system valid 1
02-09 18:22:09.642 I/RILC    (  113): qmi_ril(0/113): [main] qcril_qmi_voice_technology_updated .. selected NW 1
02-09 18:22:09.642 I/RILC    (  113): qmi_ril(0/113): [main] qcril_qmi_voice_technology_updated .. NW state 1
02-09 18:22:09.642 I/RILC    (  113): qmi_ril(0/113): [main] qcril_qmi_mgr_voice_technology_updated qcril_qmi_mgr_voice_technology_updated entered
02-09 18:22:09.642 I/RILC    (  113): qmi_ril(0/113): [main] qcril_qmi_mgr_voice_technology_updated qcril_qmi_mgr_voice_technology_updated left 2
02-09 18:22:09.642 I/RILC    (  113): qmi_ril(0/113): [main] qcril_qmi_voice_technology_updated qcril_qmi_voice_technology_updated completed for 2
02-09 18:22:09.642 I/RILC    (  113): qmi_ril(0/113): [main] qmi_ril_nwr_update_reg_rej_legacy qmi_ril_nwr_update_reg_rej_legacy entered
02-09 18:22:09.642 I/RILC    (  113): qmi_ril(0/113): [main] qmi_ril_nwr_update_reg_rej_legacy .. ss srv reg state 1
02-09 18:22:09.642 I/RILC    (  113): qmi_ril(0/113): [main] qmi_ril_nwr_update_reg_rej_legacy .. reje CS cs_rejected 0
02-09 18:22:09.642 I/RILC    (  113): qmi_ril(0/113): [main] qmi_ril_nwr_update_reg_rej_legacy .. reje CS cs_reject_cause 0
02-09 18:22:09.642 I/RILC    (  113): qmi_ril(0/113): [main] qmi_ril_nwr_update_reg_rej_legacy .. reje PS ps_rejected 0
02-09 18:22:09.642 I/RILC    (  113): qmi_ril(0/113): [main] qmi_ril_nwr_update_reg_rej_legacy .. reje PS ps_reject_cause 0
02-09 18:22:09.642 I/RILC    (  113): qmi_ril(0/113): [main] qmi_ril_nwr_util_log_mccmnc_str .. reje mcc - 
02-09 18:22:09.642 I/RILC    (  113): qmi_ril(0/113): [main] qmi_ril_nwr_util_log_mccmnc_str .. reje mnc - 
02-09 18:22:09.642 I/RILC    (  113): qmi_ril(0/113): [main] qmi_ril_nwr_update_reg_rej_legacy qmi_ril_nwr_update_reg_rej_legacy completed
02-09 18:22:09.642 I/RILC    (  113): qmi_ril(0/113): [main] qcril_qmi_nas_fetch_serving_system_info qcril_qmi_nas_fetch_serving_system_info res 0 
02-09 18:22:09.642 I/RILC    (  113): qmi_ril(0/113): [main] qcril_qmi_nas_fetch_signal_strength_observations qcril_qmi_nas_fetch_signal_strength_observations entered
02-09 18:22:09.642 I/RILC    (  113): qmi_ril(0/113): [main] qcril_qmi_nas_fetch_signal_strength_observations ..req mask 115
02-09 18:22:09.642 I/RILC    (  113): qmi_ril(0/113): [main] qcril_qmi_nas_fetch_signal_strength_observations qcril_qmi_nas_request_signal_strength entered IF 115
02-09 18:22:09.642 I/RILC    (  113): qmi_ril(0/113): [main] qcril_qmi_nas_fetch_signal_strength_observations qcril_qmi_nas_request_signal_strength entered RIL_REQ_RES qmi_request.request__mask = 51
02-09 18:22:09.642 I/RILC    (  113): qmi_ril(0/113): [main] qcril_qmi_nas_fetch_signal_strength_observations qcril_qmi_nas_request_signal_strength entered IF QMI RESPONSE 115
02-09 18:22:09.642 I/RILC    (  113): qmi_ril(0/113): [main] qcril_qmi_util_convert_qmi_response_codes_to_ril_result_ex qcril_qmi_util_convert_qmi_response_codes_to_ril_result_ex ctx check 0
02-09 18:22:09.642 I/RILC    (  113): qmi_ril(0/113): [main] qcril_qmi_nas_fetch_signal_strength_observations qcril_qmi_nas_request_signal_strength entered IF UTIL_RES = SUCCESS 115
02-09 18:22:09.642 I/RILC    (  113): qmi_ril(0/113): [main] qcril_qmi_nas_fetch_signal_strength_observations qcril_qmi_nas_fetch_signal_strength_observations completed 0
02-09 18:22:09.642 I/RILC    (  113): qmi_ril(0/113): [main] qcril_qmi_util_enable_networking_indications .. new / old rte 2 / 2
02-09 18:22:09.642 D/RILC    (  113): qmi_ril(0/113): [main] qcril_send_unsol_response UI <--- RIL_UNSOL_RESPONSE_NETWORK_STATE_CHANGED (1002) --- RIL [RID 0, Len 0, (null)]
02-09 18:22:09.642 D/RILC    (  113): qmi_ril(0/113): [main] qcril_send_unsol_response UI <--- RIL_UNSOL_RESPONSE_DATA_NETWORK_STATE_CHANGED (1037) --- RIL [RID 0, Len 0, (null)]
02-09 18:22:09.642 I/RILC    (  113): qmi_ril(0/113): [main] qcril_qmi_util_enable_networking_indications .. restrict status info 0
02-09 18:22:09.642 I/RILC    (  113): qmi_ril(0/113): [main] qcril_qmi_nas_fill_up_restricted_state_details  .. restricted_state_changed_local, restricted_state_details_local 0, 0
02-09 18:22:09.642 D/RILC    (  113): qmi_ril(0/113): [main] qcril_event_queue Event [<Unknown event> ?, 655370] data was NULL!
02-09 18:22:09.642 D/RILJ    (27234): [UNSL]< UNSOL_RESPONSE_NETWORK_STATE_CHANGED
02-09 18:22:09.642 D/RILJ    (27234): [UNSL]< RIL_UNSOL_RESPONSE_DATA_NETWORK_STATE_CHANGED
02-09 18:22:09.642 D/RILC    (  113): qmi_ril(0/113): [event] qcril_event_main qcril_event_main(): 1 items on queue
02-09 18:22:09.642 D/RILC    (  113): qmi_ril(0/113): [event] qcril_event_main RID 0 MID 0 De-queued event <Unknown event> ? (655370)
02-09 18:22:09.642 D/RILC    (  113): qmi_ril(0/113): [event] qcril_process_event RIL <=== <Unknown event> ?(655370), RID 0, MID 0 === AMSS
02-09 18:22:09.642 I/RILC    (  113): qmi_ril(0/113): [event] qcril_qmi_trigger_propagate_known_signal_strength_ind qcril_qmi_trigger_propagate_known_signal_strength_ind received
02-09 18:22:09.642 I/RILC    (  113): qmi_ril(0/113): [event] qcril_qmi_nas_propagate_known_signal_strength_ind qcril_qmi_nas_propagate_known_signal_strength_ind entered
02-09 18:22:09.642 I/RILC    (  113): qmi_ril(0/113): [event] qcril_qmi_nas_fetch_signal_strength_observations qcril_qmi_nas_fetch_signal_strength_observations entered
02-09 18:22:09.642 I/RILC    (  113): qmi_ril(0/113): [event] qcril_qmi_nas_fetch_signal_strength_observations ..req mask 32
02-09 18:22:09.642 I/RILC    (  113): qmi_ril(0/113): [event] qcril_qmi_nas_fetch_signal_strength_observations qcril_qmi_nas_request_signal_strength entered IF 32
02-09 18:22:09.642 I/RILC    (  113): qmi_ril(0/113): [event] qcril_qmi_nas_fetch_signal_strength_observations qcril_qmi_nas_request_signal_strength entered RIL_REQ_RES qmi_request.request__mask = 32
02-09 18:22:09.642 I/RILC    (  113): qmi_ril(0/113): [event] qcril_qmi_nas_fetch_signal_strength_observations qcril_qmi_nas_request_signal_strength entered IF QMI RESPONSE 32
02-09 18:22:09.642 D/RILJ    (27234): [2418]> OPERATOR
02-09 18:22:09.642 D/RILC    (  113): qmi_ril(0/113): [main] qcril_event_queue RID 0 MID 0 Queued event <Unknown event> ? (0 bytes)
02-09 18:22:09.642 I/RILC    (  113): qmi_ril(0/113): [main] qcril_qmi_util_enable_networking_indications qcril_qmi_util_enable_networking_indications completed with 0
02-09 18:22:09.642 D/RILJ    (27234): [2419]> REGISTRATION_STATE
02-09 18:22:09.642 I/RILC    (  113): qmi_ril(0/113): [event] qcril_qmi_util_convert_qmi_response_codes_to_ril_result_ex qcril_qmi_util_convert_qmi_response_codes_to_ril_result_ex ctx check 0
