02-09 18:22:56.287 I/RILC    (  113): qmi_ril(0/113): [main] qcril_qmi_nas_request_screen_state qcril_qmi_nas_request_screen_state complete with 0
02-09 18:22:56.287 D/RILJ    (27234): [2458]< SCREEN_STATE 
02-09 18:23:01.182 I/RILC    (  113): qmi_ril(0/113): [qmi_cb] qcril_qmi_nas_unsolicited_indication_cb invoked msg 0x4c
02-09 18:23:01.182 I/RILC    (  113): qmi_ril(0/113): [qmi_cb] qcril_qmi_nas_is_considered_registered qcril_qmi_nas_is_considered_registered entered
02-09 18:23:01.182 I/RILC    (  113): qmi_ril(0/113): [qmi_cb] qcril_qmi_nas_is_considered_registered qcril_qmi_nas_is_considered_registered completed with 1
02-09 18:23:01.182 I/RILC    (  113): qmi_ril(0/113): [qmi_cb] qcril_qmi_nas_network_time_ind_conv_qmi2ril qcril_qmi_nas_network_time_ind_conv_qmi2ril entry
02-09 18:23:01.182 I/RILC    (  113): qmi_ril(0/113): [qmi_cb] qcril_qmi_nas_network_time_ind_conv_qmi2ril ril_nitz_time_msg is: 12/02/10,00:23:30-24,00
02-09 18:23:01.182 I/RILC    (  113): qmi_ril(0/113): [qmi_cb] qcril_qmi_nas_unsolicited_indication_cb .. operational state 3
02-09 18:23:01.182 D/RILC    (  113): qmi_ril(0/113): [qmi_cb] qcril_send_unsol_response UI <--- RIL_UNSOL_NITZ_TIME_RECEIVED (1008) --- RIL [RID 0, Len 24, (null)]
02-09 18:23:01.182 I/RILC    (  113): qmi_ril(0/113): [qmi_cb] qcril_qmi_nas_unsolicited_indication_cb posted RIL indication 1008
02-09 18:23:01.182 I/RILC    (  113): qmi_ril(0/113): [qmi_cb] qcril_qmi_nas_unsolicited_indication_cb qcril_qmi_nas_unsolicited_indication_cb completed
02-09 18:23:01.182 D/RILJ    (27234): [UNSL]< UNSOL_NITZ_TIME_RECEIVED 12/02/10,00:23:30-24,00
02-09 18:23:01.182 I/CDMA    (27234): NITZ: 12/02/10,00:23:30-24,00,126143137 start=126143138 delay=1
02-09 18:23:01.182 I/CDMA    (27234):  dst: 0
02-09 18:23:01.182 I/CDMA    (27234):  tzOffset: -21600000
02-09 18:23:01.182 I/CDMA    (27234):  iso: us
02-09 18:23:01.182 I/CDMA    (27234): mGotCountryCode: true
02-09 18:23:01.232 I/CDMA    (27234):  zone id : America/Chicago name : Central Standard Time
02-09 18:23:01.232 I/CDMA    (27234): set zone id: America/Chicago
02-09 18:23:01.232 I/CDMA    (27234):  millisSinceNitzReceived: 63
02-09 18:23:01.232 I/CDMA    (27234):  gained=28815
02-09 18:23:01.232 I/CDMA    (27234):  timeSinceLastUpdate=6501
02-09 18:23:01.232 I/CDMA    (27234):  nitzUpdateSpacing=600000  nitzUpdateDiff=2000
02-09 18:23:01.232 I/CDMA    (27234): NITZ: Auto updating time of day to Thu Feb 09 18:23:30 CST 2012 NITZ receive delay=63ms gained=28815ms from 12/02/10,00:23:30-24,00
02-09 18:23:01.242 I/CDMA    (27234): NITZ: update nitz time property
02-09 18:23:01.242 I/CDMA    (27234):  mSavedTime=1328833410063 mSavedAtTime=126143208
02-09 18:23:01.242 I/CDMA    (27234): NITZ: end=126143208 dur=70
02-09 18:27:18.522 I/RILC    (  113): qmi_ril(0/113): [qmi_cb] qcril_qmi_nas_unsolicited_indication_cb invoked msg 0x4c
02-09 18:27:18.522 I/RILC    (  113): qmi_ril(0/113): [qmi_cb] qcril_qmi_nas_is_considered_registered qcril_qmi_nas_is_considered_registered entered
02-09 18:27:18.522 I/RILC    (  113): qmi_ril(0/113): [qmi_cb] qcril_qmi_nas_is_considered_registered qcril_qmi_nas_is_considered_registered completed with 1
02-09 18:27:18.522 I/RILC    (  113): qmi_ril(0/113): [qmi_cb] qcril_qmi_nas_network_time_ind_conv_qmi2ril qcril_qmi_nas_network_time_ind_conv_qmi2ril entry
02-09 18:27:18.522 I/RILC    (  113): qmi_ril(0/113): [qmi_cb] qcril_qmi_nas_network_time_ind_conv_qmi2ril ril_nitz_time_msg is: 12/02/10,00:27:48-24,00
02-09 18:27:18.522 I/RILC    (  113): qmi_ril(0/113): [qmi_cb] qcril_qmi_nas_unsolicited_indication_cb .. operational state 3
02-09 18:27:18.522 D/RILC    (  113): qmi_ril(0/113): [qmi_cb] qcril_send_unsol_response UI <--- RIL_UNSOL_NITZ_TIME_RECEIVED (1008) --- RIL [RID 0, Len 24, (null)]
02-09 18:27:18.522 I/RILC    (  113): qmi_ril(0/113): [qmi_cb] qcril_qmi_nas_unsolicited_indication_cb posted RIL indication 1008
02-09 18:27:18.522 I/RILC    (  113): qmi_ril(0/113): [qmi_cb] qcril_qmi_nas_unsolicited_indication_cb qcril_qmi_nas_unsolicited_indication_cb completed
02-09 18:27:18.522 D/RILJ    (27234): [UNSL]< UNSOL_NITZ_TIME_RECEIVED 12/02/10,00:27:48-24,00
02-09 18:27:18.522 I/CDMA    (27234): NITZ: 12/02/10,00:27:48-24,00,126400484 start=126400489 delay=5
02-09 18:27:18.522 I/CDMA    (27234):  dst: 0
02-09 18:27:18.522 I/CDMA    (27234):  tzOffset: -21600000
02-09 18:27:18.522 I/CDMA    (27234):  iso: us
02-09 18:27:18.522 I/CDMA    (27234): mGotCountryCode: true
02-09 18:27:18.562 I/CDMA    (27234):  zone id : America/Chicago name : Central Standard Time
02-09 18:27:18.562 I/CDMA    (27234): set zone id: America/Chicago
02-09 18:27:18.562 I/CDMA    (27234):  millisSinceNitzReceived: 48
02-09 18:27:18.562 I/CDMA    (27234):  gained=29468
02-09 18:27:18.562 I/CDMA    (27234):  timeSinceLastUpdate=257325
02-09 18:27:18.572 I/CDMA    (27234):  nitzUpdateSpacing=600000  nitzUpdateDiff=2000
02-09 18:27:18.572 I/CDMA    (27234): NITZ: Auto updating time of day to Thu Feb 09 18:27:48 CST 2012 NITZ receive delay=48ms gained=29468ms from 12/02/10,00:27:48-24,00
02-09 18:27:18.592 I/CDMA    (27234): NITZ: update nitz time property
02-09 18:27:18.592 I/CDMA    (27234):  mSavedTime=1328833668048 mSavedAtTime=126400557
02-09 18:27:18.592 I/CDMA    (27234): NITZ: end=126400558 dur=69
02-09 18:27:22.522 I/RILC    (  113): qmi_ril(0/113): [qmi_cb] qcril_qmi_nas_unsolicited_indication_cb invoked msg 0x4c
02-09 18:27:22.522 I/RILC    (  113): qmi_ril(0/113): [qmi_cb] qcril_qmi_nas_is_considered_registered qcril_qmi_nas_is_considered_registered entered
02-09 18:27:22.522 I/RILC    (  113): qmi_ril(0/113): [qmi_cb] qcril_qmi_nas_is_considered_registered qcril_qmi_nas_is_considered_registered completed with 1
02-09 18:27:22.522 I/RILC    (  113): qmi_ril(0/113): [qmi_cb] qcril_qmi_nas_network_time_ind_conv_qmi2ril qcril_qmi_nas_network_time_ind_conv_qmi2ril entry
02-09 18:27:22.522 I/RILC    (  113): qmi_ril(0/113): [qmi_cb] qcril_qmi_nas_network_time_ind_conv_qmi2ril ril_nitz_time_msg is: 12/02/10,00:27:51-24,00
02-09 18:27:22.522 I/RILC    (  113): qmi_ril(0/113): [qmi_cb] qcril_qmi_nas_unsolicited_indication_cb .. operational state 3
02-09 18:27:22.522 D/RILC    (  113): qmi_ril(0/113): [qmi_cb] qcril_send_unsol_response UI <--- RIL_UNSOL_NITZ_TIME_RECEIVED (1008) --- RIL [RID 0, Len 24, (null)]
02-09 18:27:22.522 I/RILC    (  113): qmi_ril(0/113): [qmi_cb] qcril_qmi_nas_unsolicited_indication_cb posted RIL indication 1008
02-09 18:27:22.522 I/RILC    (  113): qmi_ril(0/113): [qmi_cb] qcril_qmi_nas_unsolicited_indication_cb qcril_qmi_nas_unsolicited_indication_cb completed
02-09 18:27:22.522 D/RILJ    (27234): [UNSL]< UNSOL_NITZ_TIME_RECEIVED 12/02/10,00:27:51-24,00
02-09 18:27:22.522 I/CDMA    (27234): NITZ: 12/02/10,00:27:51-24,00,126404480 start=126404481 delay=1
02-09 18:27:22.522 I/CDMA    (27234):  dst: 0
02-09 18:27:22.522 I/CDMA    (27234):  tzOffset: -21600000
02-09 18:27:22.522 I/CDMA    (27234):  iso: us
02-09 18:27:22.522 I/CDMA    (27234): mGotCountryCode: true
02-09 18:27:22.532 I/CDMA    (27234):  zone id : America/Chicago name : Central Standard Time
02-09 18:27:22.532 I/CDMA    (27234): set zone id: America/Chicago
02-09 18:27:22.532 I/CDMA    (27234):  millisSinceNitzReceived: 21
02-09 18:27:22.532 I/CDMA    (27234):  gained=28472
02-09 18:27:22.532 I/CDMA    (27234):  timeSinceLastUpdate=3944
02-09 18:27:22.532 I/CDMA    (27234):  nitzUpdateSpacing=600000  nitzUpdateDiff=2000
02-09 18:27:22.532 I/CDMA    (27234): NITZ: Auto updating time of day to Thu Feb 09 18:27:51 CST 2012 NITZ receive delay=21ms gained=28472ms from 12/02/10,00:27:51-24,00
02-09 18:27:22.542 I/CDMA    (27234): NITZ: update nitz time property
02-09 18:27:22.542 I/CDMA    (27234):  mSavedTime=1328833671021 mSavedAtTime=126404508
02-09 18:27:22.542 I/CDMA    (27234): NITZ: end=126404508 dur=27
02-09 18:28:02.355 I/RILC    (  113): qmi_ril(0/113): [qmi_cb] qcril_qmi_nas_unsolicited_indication_cb invoked msg 0x4c
02-09 18:28:02.355 I/RILC    (  113): qmi_ril(0/113): [qmi_cb] qcril_qmi_nas_is_considered_registered qcril_qmi_nas_is_considered_registered entered
02-09 18:28:02.355 I/RILC    (  113): qmi_ril(0/113): [qmi_cb] qcril_qmi_nas_is_considered_registered qcril_qmi_nas_is_considered_registered completed with 1
02-09 18:28:02.355 I/RILC    (  113): qmi_ril(0/113): [qmi_cb] qcril_qmi_nas_network_time_ind_conv_qmi2ril qcril_qmi_nas_network_time_ind_conv_qmi2ril entry
02-09 18:28:02.355 I/RILC    (  113): qmi_ril(0/113): [qmi_cb] qcril_qmi_nas_network_time_ind_conv_qmi2ril ril_nitz_time_msg is: 12/02/10,00:28:32-24,00
02-09 18:28:02.355 I/RILC    (  113): qmi_ril(0/113): [qmi_cb] qcril_qmi_nas_unsolicited_indication_cb .. operational state 3
02-09 18:28:02.355 D/RILC    (  113): qmi_ril(0/113): [qmi_cb] qcril_send_unsol_response UI <--- RIL_UNSOL_NITZ_TIME_RECEIVED (1008) --- RIL [RID 0, Len 24, (null)]
02-09 18:28:02.355 I/RILC    (  113): qmi_ril(0/113): [qmi_cb] qcril_qmi_nas_unsolicited_indication_cb posted RIL indication 1008
02-09 18:28:02.355 I/RILC    (  113): qmi_ril(0/113): [qmi_cb] qcril_qmi_nas_unsolicited_indication_cb qcril_qmi_nas_unsolicited_indication_cb completed
02-09 18:28:02.355 D/RILJ    (27234): [UNSL]< UNSOL_NITZ_TIME_RECEIVED 12/02/10,00:28:32-24,00
02-09 18:28:02.355 I/CDMA    (27234): NITZ: 12/02/10,00:28:32-24,00,126444318 start=126444322 delay=4
02-09 18:28:02.365 I/CDMA    (27234):  dst: 0
02-09 18:28:02.365 I/CDMA    (27234):  tzOffset: -21600000
02-09 18:28:02.365 I/CDMA    (27234):  iso: us
02-09 18:28:02.365 I/CDMA    (27234): mGotCountryCode: true
02-09 18:28:02.495 I/CDMA    (27234):  zone id : America/Chicago name : Central Standard Time
02-09 18:28:02.495 I/CDMA    (27234): set zone id: America/Chicago
02-09 18:28:02.495 I/CDMA    (27234):  millisSinceNitzReceived: 141
02-09 18:28:02.495 I/CDMA    (27234):  gained=29635
02-09 18:28:02.495 I/CDMA    (27234):  timeSinceLastUpdate=39951
02-09 18:28:02.495 I/CDMA    (27234):  nitzUpdateSpacing=600000  nitzUpdateDiff=2000
02-09 18:28:02.495 I/CDMA    (27234): NITZ: Auto updating time of day to Thu Feb 09 18:28:32 CST 2012 NITZ receive delay=141ms gained=29635ms from 12/02/10,00:28:32-24,00
02-09 18:28:02.505 I/CDMA    (27234): NITZ: update nitz time property
02-09 18:28:02.505 I/CDMA    (27234):  mSavedTime=1328833712141 mSavedAtTime=126444467
02-09 18:28:02.505 I/CDMA    (27234): NITZ: end=126444468 dur=146
02-09 18:28:04.307 I/RILC    (  113): qmi_ril(0/113): [qmi_cb] qcril_qmi_nas_unsolicited_indication_cb invoked msg 0x4c
02-09 18:28:04.307 I/RILC    (  113): qmi_ril(0/113): [qmi_cb] qcril_qmi_nas_is_considered_registered qcril_qmi_nas_is_considered_registered entered
02-09 18:28:04.307 I/RILC    (  113): qmi_ril(0/113): [qmi_cb] qcril_qmi_nas_is_considered_registered qcril_qmi_nas_is_considered_registered completed with 1
02-09 18:28:04.307 I/RILC    (  113): qmi_ril(0/113): [qmi_cb] qcril_qmi_nas_network_time_ind_conv_qmi2ril qcril_qmi_nas_network_time_ind_conv_qmi2ril entry
02-09 18:28:04.307 I/RILC    (  113): qmi_ril(0/113): [qmi_cb] qcril_qmi_nas_network_time_ind_conv_qmi2ril ril_nitz_time_msg is: 12/02/10,00:28:34-24,00
02-09 18:28:04.307 I/RILC    (  113): qmi_ril(0/113): [qmi_cb] qcril_qmi_nas_unsolicited_indication_cb .. operational state 3
02-09 18:28:04.307 D/RILC    (  113): qmi_ril(0/113): [qmi_cb] qcril_send_unsol_response UI <--- RIL_UNSOL_NITZ_TIME_RECEIVED (1008) --- RIL [RID 0, Len 24, (null)]
02-09 18:28:04.307 D/RILJ    (27234): [UNSL]< UNSOL_NITZ_TIME_RECEIVED 12/02/10,00:28:34-24,00
02-09 18:28:04.307 I/CDMA    (27234): NITZ: 12/02/10,00:28:34-24,00,126446262 start=126446267 delay=5
02-09 18:28:04.307 I/CDMA    (27234):  dst: 0
02-09 18:28:04.317 I/RILC    (  113): qmi_ril(0/113): [qmi_cb] qcril_qmi_nas_unsolicited_indication_cb posted RIL indication 1008
02-09 18:28:04.317 I/RILC    (  113): qmi_ril(0/113): [qmi_cb] qcril_qmi_nas_unsolicited_indication_cb qcril_qmi_nas_unsolicited_indication_cb completed
02-09 18:28:04.317 I/CDMA    (27234):  tzOffset: -21600000
02-09 18:28:04.317 I/CDMA    (27234):  iso: us
02-09 18:28:04.317 I/CDMA    (27234): mGotCountryCode: true
02-09 18:28:04.357 I/CDMA    (27234):  zone id : America/Chicago name : Central Standard Time
02-09 18:28:04.357 I/CDMA    (27234): set zone id: America/Chicago
02-09 18:28:04.367 I/CDMA    (27234):  millisSinceNitzReceived: 64
02-09 18:28:04.367 I/CDMA    (27234):  gained=29690
02-09 18:28:04.367 I/CDMA    (27234):  timeSinceLastUpdate=1860
02-09 18:28:04.367 I/CDMA    (27234):  nitzUpdateSpacing=600000  nitzUpdateDiff=2000
02-09 18:28:04.367 I/CDMA    (27234): NITZ: Auto updating time of day to Thu Feb 09 18:28:34 CST 2012 NITZ receive delay=64ms gained=29690ms from 12/02/10,00:28:34-24,00
02-09 18:28:04.367 I/CDMA    (27234): NITZ: update nitz time property
02-09 18:28:04.377 I/CDMA    (27234):  mSavedTime=1328833714064 mSavedAtTime=126446332
02-09 18:28:04.377 I/CDMA    (27234): NITZ: end=126446333 dur=66
02-09 18:28:50.522 I/RILC    (  113): qmi_ril(0/113): [qmi_cb] qcril_qmi_nas_unsolicited_indication_cb invoked msg 0x4c
02-09 18:28:50.522 I/RILC    (  113): qmi_ril(0/113): [qmi_cb] qcril_qmi_nas_is_considered_registered qcril_qmi_nas_is_considered_registered entered
02-09 18:28:50.522 I/RILC    (  113): qmi_ril(0/113): [qmi_cb] qcril_qmi_nas_is_considered_registered qcril_qmi_nas_is_considered_registered completed with 1
02-09 18:28:50.522 I/RILC    (  113): qmi_ril(0/113): [qmi_cb] qcril_qmi_nas_network_time_ind_conv_qmi2ril qcril_qmi_nas_network_time_ind_conv_qmi2ril entry
02-09 18:28:50.522 I/RILC    (  113): qmi_ril(0/113): [qmi_cb] qcril_qmi_nas_network_time_ind_conv_qmi2ril ril_nitz_time_msg is: 12/02/10,00:29:20-24,00
02-09 18:28:50.522 I/RILC    (  113): qmi_ril(0/113): [qmi_cb] qcril_qmi_nas_unsolicited_indication_cb .. operational state 3
02-09 18:28:50.522 D/RILC    (  113): qmi_ril(0/113): [qmi_cb] qcril_send_unsol_response UI <--- RIL_UNSOL_NITZ_TIME_RECEIVED (1008) --- RIL [RID 0, Len 24, (null)]
02-09 18:28:50.522 I/RILC    (  113): qmi_ril(0/113): [qmi_cb] qcril_qmi_nas_unsolicited_indication_cb posted RIL indication 1008
02-09 18:28:50.522 I/RILC    (  113): qmi_ril(0/113): [qmi_cb] qcril_qmi_nas_unsolicited_indication_cb qcril_qmi_nas_unsolicited_indication_cb completed
02-09 18:28:50.522 D/RILJ    (27234): [UNSL]< UNSOL_NITZ_TIME_RECEIVED 12/02/10,00:29:20-24,00
02-09 18:28:50.522 I/CDMA    (27234): NITZ: 12/02/10,00:29:20-24,00,126492672 start=126492674 delay=2
02-09 18:28:50.522 I/CDMA    (27234):  dst: 0
02-09 18:28:50.522 I/CDMA    (27234):  tzOffset: -21600000
02-09 18:28:50.522 I/CDMA    (27234):  iso: us
02-09 18:28:50.522 I/CDMA    (27234): mGotCountryCode: true
02-09 18:28:50.532 I/CDMA    (27234):  zone id : America/Chicago name : Central Standard Time
02-09 18:28:50.532 I/CDMA    (27234): set zone id: America/Chicago
02-09 18:28:50.532 I/CDMA    (27234):  millisSinceNitzReceived: 23
02-09 18:28:50.532 I/CDMA    (27234):  gained=29472
02-09 18:28:50.532 I/CDMA    (27234):  timeSinceLastUpdate=46363
02-09 18:28:50.532 I/CDMA    (27234):  nitzUpdateSpacing=600000  nitzUpdateDiff=2000
02-09 18:28:50.542 I/CDMA    (27234): NITZ: Auto updating time of day to Thu Feb 09 18:29:20 CST 2012 NITZ receive delay=23ms gained=29472ms from 12/02/10,00:29:20-24,00
02-09 18:28:50.542 I/CDMA    (27234): NITZ: update nitz time property
02-09 18:28:50.542 I/CDMA    (27234):  mSavedTime=1328833760023 mSavedAtTime=126492704
02-09 18:28:50.542 I/CDMA    (27234): NITZ: end=126492704 dur=30
02-09 18:28:54.522 I/RILC    (  113): qmi_ril(0/113): [qmi_cb] qcril_qmi_nas_unsolicited_indication_cb invoked msg 0x4c
02-09 18:28:54.522 I/RILC    (  113): qmi_ril(0/113): [qmi_cb] qcril_qmi_nas_is_considered_registered qcril_qmi_nas_is_considered_registered entered
02-09 18:28:54.522 I/RILC    (  113): qmi_ril(0/113): [qmi_cb] qcril_qmi_nas_is_considered_registered qcril_qmi_nas_is_considered_registered completed with 1
02-09 18:28:54.522 I/RILC    (  113): qmi_ril(0/113): [qmi_cb] qcril_qmi_nas_network_time_ind_conv_qmi2ril qcril_qmi_nas_network_time_ind_conv_qmi2ril entry
02-09 18:28:54.522 I/RILC    (  113): qmi_ril(0/113): [qmi_cb] qcril_qmi_nas_network_time_ind_conv_qmi2ril ril_nitz_time_msg is: 12/02/10,00:29:23-24,00
02-09 18:28:54.522 I/RILC    (  113): qmi_ril(0/113): [qmi_cb] qcril_qmi_nas_unsolicited_indication_cb .. operational state 3
02-09 18:28:54.522 D/RILC    (  113): qmi_ril(0/113): [qmi_cb] qcril_send_unsol_response UI <--- RIL_UNSOL_NITZ_TIME_RECEIVED (1008) --- RIL [RID 0, Len 24, (null)]
02-09 18:28:54.522 I/RILC    (  113): qmi_ril(0/113): [qmi_cb] qcril_qmi_nas_unsolicited_indication_cb posted RIL indication 1008
02-09 18:28:54.522 I/RILC    (  113): qmi_ril(0/113): [qmi_cb] qcril_qmi_nas_unsolicited_indication_cb qcril_qmi_nas_unsolicited_indication_cb completed
02-09 18:28:54.522 D/RILJ    (27234): [UNSL]< UNSOL_NITZ_TIME_RECEIVED 12/02/10,00:29:23-24,00
02-09 18:28:54.522 I/CDMA    (27234): NITZ: 12/02/10,00:29:23-24,00,126496675 start=126496676 delay=1
02-09 18:28:54.522 I/CDMA    (27234):  dst: 0
02-09 18:28:54.522 I/CDMA    (27234):  tzOffset: -21600000
02-09 18:28:54.522 I/CDMA    (27234):  iso: us
02-09 18:28:54.522 I/CDMA    (27234): mGotCountryCode: true
02-09 18:28:54.542 I/CDMA    (27234):  zone id : America/Chicago name : Central Standard Time
02-09 18:28:54.542 I/CDMA    (27234): set zone id: America/Chicago
02-09 18:28:54.542 I/CDMA    (27234):  millisSinceNitzReceived: 28
02-09 18:28:54.542 I/CDMA    (27234):  gained=28469
02-09 18:28:54.542 I/CDMA    (27234):  timeSinceLastUpdate=3999
02-09 18:28:54.542 I/CDMA    (27234):  nitzUpdateSpacing=600000  nitzUpdateDiff=2000
02-09 18:28:54.552 I/CDMA    (27234): NITZ: Auto updating time of day to Thu Feb 09 18:29:23 CST 2012 NITZ receive delay=28ms gained=28469ms from 12/02/10,00:29:23-24,00
02-09 18:28:54.552 I/CDMA    (27234): NITZ: update nitz time property
02-09 18:28:54.552 I/CDMA    (27234):  mSavedTime=1328833763028 mSavedAtTime=126496711
02-09 18:28:54.552 I/CDMA    (27234): NITZ: end=126496711 dur=35
02-09 18:30:54.522 I/RILC    (  113): qmi_ril(0/113): [qmi_cb] qcril_qmi_nas_unsolicited_indication_cb invoked msg 0x4c
02-09 18:30:54.522 I/RILC    (  113): qmi_ril(0/113): [qmi_cb] qcril_qmi_nas_is_considered_registered qcril_qmi_nas_is_considered_registered entered
02-09 18:30:54.522 I/RILC    (  113): qmi_ril(0/113): [qmi_cb] qcril_qmi_nas_is_considered_registered qcril_qmi_nas_is_considered_registered completed with 1
02-09 18:30:54.522 I/RILC    (  113): qmi_ril(0/113): [qmi_cb] qcril_qmi_nas_network_time_ind_conv_qmi2ril qcril_qmi_nas_network_time_ind_conv_qmi2ril entry
02-09 18:30:54.522 I/RILC    (  113): qmi_ril(0/113): [qmi_cb] qcril_qmi_nas_network_time_ind_conv_qmi2ril ril_nitz_time_msg is: 12/02/10,00:31:24-24,00
02-09 18:30:54.522 I/RILC    (  113): qmi_ril(0/113): [qmi_cb] qcril_qmi_nas_unsolicited_indication_cb .. operational state 3
02-09 18:30:54.522 D/RILC    (  113): qmi_ril(0/113): [qmi_cb] qcril_send_unsol_response UI <--- RIL_UNSOL_NITZ_TIME_RECEIVED (1008) --- RIL [RID 0, Len 24, (null)]
02-09 18:30:54.522 I/RILC    (  113): qmi_ril(0/113): [qmi_cb] qcril_qmi_nas_unsolicited_indication_cb posted RIL indication 1008
02-09 18:30:54.522 I/RILC    (  113): qmi_ril(0/113): [qmi_cb] qcril_qmi_nas_unsolicited_indication_cb qcril_qmi_nas_unsolicited_indication_cb completed
02-09 18:30:54.522 D/RILJ    (27234): [UNSL]< UNSOL_NITZ_TIME_RECEIVED 12/02/10,00:31:24-24,00
02-09 18:30:54.522 I/CDMA    (27234): NITZ: 12/02/10,00:31:24-24,00,126616674 start=126616678 delay=4
02-09 18:30:54.522 I/CDMA    (27234):  dst: 0
02-09 18:30:54.522 I/CDMA    (27234):  tzOffset: -21600000
02-09 18:30:54.522 I/CDMA    (27234):  iso: us
02-09 18:30:54.522 I/CDMA    (27234): mGotCountryCode: true
02-09 18:30:54.532 I/CDMA    (27234):  zone id : America/Chicago name : Central Standard Time
02-09 18:30:54.532 I/CDMA    (27234): set zone id: America/Chicago
02-09 18:30:54.542 I/CDMA    (27234):  millisSinceNitzReceived: 22
02-09 18:30:54.542 I/CDMA    (27234):  gained=29470
02-09 18:30:54.542 I/CDMA    (27234):  timeSinceLastUpdate=119985
02-09 18:30:54.542 I/CDMA    (27234):  nitzUpdateSpacing=600000  nitzUpdateDiff=2000
02-09 18:30:54.542 I/CDMA    (27234): NITZ: Auto updating time of day to Thu Feb 09 18:31:24 CST 2012 NITZ receive delay=22ms gained=29470ms from 12/02/10,00:31:24-24,00
02-09 18:30:54.602 I/CDMA    (27234): NITZ: update nitz time property
02-09 18:30:54.602 I/CDMA    (27234):  mSavedTime=1328833884022 mSavedAtTime=126616761
02-09 18:30:54.602 I/CDMA    (27234): NITZ: end=126616761 dur=83
02-09 18:31:22.522 I/RILC    (  113): qmi_ril(0/113): [qmi_cb] qcril_qmi_nas_unsolicited_indication_cb invoked msg 0x4c
02-09 18:31:22.522 I/RILC    (  113): qmi_ril(0/113): [qmi_cb] qcril_qmi_nas_is_considered_registered qcril_qmi_nas_is_considered_registered entered
02-09 18:31:22.522 I/RILC    (  113): qmi_ril(0/113): [qmi_cb] qcril_qmi_nas_is_considered_registered qcril_qmi_nas_is_considered_registered completed with 1
02-09 18:31:22.522 I/RILC    (  113): qmi_ril(0/113): [qmi_cb] qcril_qmi_nas_network_time_ind_conv_qmi2ril qcril_qmi_nas_network_time_ind_conv_qmi2ril entry
02-09 18:31:22.522 I/RILC    (  113): qmi_ril(0/113): [qmi_cb] qcril_qmi_nas_network_time_ind_conv_qmi2ril ril_nitz_time_msg is: 12/02/10,00:31:52-24,00
02-09 18:31:22.522 I/RILC    (  113): qmi_ril(0/113): [qmi_cb] qcril_qmi_nas_unsolicited_indication_cb .. operational state 3
02-09 18:31:22.522 D/RILC    (  113): qmi_ril(0/113): [qmi_cb] qcril_send_unsol_response UI <--- RIL_UNSOL_NITZ_TIME_RECEIVED (1008) --- RIL [RID 0, Len 24, (null)]
02-09 18:31:22.522 I/RILC    (  113): qmi_ril(0/113): [qmi_cb] qcril_qmi_nas_unsolicited_indication_cb posted RIL indication 1008
02-09 18:31:22.522 I/RILC    (  113): qmi_ril(0/113): [qmi_cb] qcril_qmi_nas_unsolicited_indication_cb qcril_qmi_nas_unsolicited_indication_cb completed
02-09 18:31:22.522 D/RILJ    (27234): [UNSL]< UNSOL_NITZ_TIME_RECEIVED 12/02/10,00:31:52-24,00
02-09 18:31:22.522 I/CDMA    (27234): NITZ: 12/02/10,00:31:52-24,00,126644673 start=126644675 delay=2
02-09 18:31:22.522 I/CDMA    (27234):  dst: 0
02-09 18:31:22.522 I/CDMA    (27234):  tzOffset: -21600000
02-09 18:31:22.522 I/CDMA    (27234):  iso: us
02-09 18:31:22.522 I/CDMA    (27234): mGotCountryCode: true
02-09 18:31:22.562 I/CDMA    (27234):  zone id : America/Chicago name : Central Standard Time
02-09 18:31:22.562 I/CDMA    (27234): set zone id: America/Chicago
02-09 18:31:22.562 I/CDMA    (27234):  millisSinceNitzReceived: 52
02-09 18:31:22.572 I/CDMA    (27234):  gained=29471
02-09 18:31:22.572 I/CDMA    (27234):  timeSinceLastUpdate=27965
02-09 18:31:22.572 I/CDMA    (27234):  nitzUpdateSpacing=600000  nitzUpdateDiff=2000
02-09 18:31:22.572 I/CDMA    (27234): NITZ: Auto updating time of day to Thu Feb 09 18:31:52 CST 2012 NITZ receive delay=52ms gained=29471ms from 12/02/10,00:31:52-24,00
02-09 18:31:22.572 I/CDMA    (27234): NITZ: update nitz time property
02-09 18:31:22.572 I/CDMA    (27234):  mSavedTime=1328833912052 mSavedAtTime=126644733
02-09 18:31:22.572 I/CDMA    (27234): NITZ: end=126644733 dur=58
02-09 18:31:34.522 I/RILC    (  113): qmi_ril(0/113): [qmi_cb] qcril_qmi_nas_unsolicited_indication_cb invoked msg 0x4c
02-09 18:31:34.522 I/RILC    (  113): qmi_ril(0/113): [qmi_cb] qcril_qmi_nas_is_considered_registered qcril_qmi_nas_is_considered_registered entered
02-09 18:31:34.522 I/RILC    (  113): qmi_ril(0/113): [qmi_cb] qcril_qmi_nas_is_considered_registered qcril_qmi_nas_is_considered_registered completed with 1
02-09 18:31:34.522 I/RILC    (  113): qmi_ril(0/113): [qmi_cb] qcril_qmi_nas_network_time_ind_conv_qmi2ril qcril_qmi_nas_network_time_ind_conv_qmi2ril entry
02-09 18:31:34.522 I/RILC    (  113): qmi_ril(0/113): [qmi_cb] qcril_qmi_nas_network_time_ind_conv_qmi2ril ril_nitz_time_msg is: 12/02/10,00:32:04-24,00
02-09 18:31:34.522 I/RILC    (  113): qmi_ril(0/113): [qmi_cb] qcril_qmi_nas_unsolicited_indication_cb .. operational state 3
02-09 18:31:34.522 D/RILC    (  113): qmi_ril(0/113): [qmi_cb] qcril_send_unsol_response UI <--- RIL_UNSOL_NITZ_TIME_RECEIVED (1008) --- RIL [RID 0, Len 24, (null)]
02-09 18:31:34.522 I/RILC    (  113): qmi_ril(0/113): [qmi_cb] qcril_qmi_nas_unsolicited_indication_cb posted RIL indication 1008
02-09 18:31:34.522 I/RILC    (  113): qmi_ril(0/113): [qmi_cb] qcril_qmi_nas_unsolicited_indication_cb qcril_qmi_nas_unsolicited_indication_cb completed
02-09 18:31:34.522 D/RILJ    (27234): [UNSL]< UNSOL_NITZ_TIME_RECEIVED 12/02/10,00:32:04-24,00
02-09 18:31:34.522 I/CDMA    (27234): NITZ: 12/02/10,00:32:04-24,00,126656672 start=126656674 delay=2
02-09 18:31:34.522 I/CDMA    (27234):  dst: 0
02-09 18:31:34.522 I/CDMA    (27234):  tzOffset: -21600000
02-09 18:31:34.522 I/CDMA    (27234):  iso: us
02-09 18:31:34.522 I/CDMA    (27234): mGotCountryCode: true
02-09 18:31:34.532 I/CDMA    (27234):  zone id : America/Chicago name : Central Standard Time
02-09 18:31:34.532 I/CDMA    (27234): set zone id: America/Chicago
02-09 18:31:34.532 I/CDMA    (27234):  millisSinceNitzReceived: 22
02-09 18:31:34.532 I/CDMA    (27234):  gained=29472
02-09 18:31:34.532 I/CDMA    (27234):  timeSinceLastUpdate=11962
02-09 18:31:34.542 I/CDMA    (27234):  nitzUpdateSpacing=600000  nitzUpdateDiff=2000
02-09 18:31:34.542 I/CDMA    (27234): NITZ: Auto updating time of day to Thu Feb 09 18:32:04 CST 2012 NITZ receive delay=22ms gained=29472ms from 12/02/10,00:32:04-24,00
02-09 18:31:34.542 I/CDMA    (27234): NITZ: update nitz time property
02-09 18:31:34.542 I/CDMA    (27234):  mSavedTime=1328833924022 mSavedAtTime=126656704
02-09 18:31:34.542 I/CDMA    (27234): NITZ: end=126656704 dur=30
02-09 18:31:38.522 I/RILC    (  113): qmi_ril(0/113): [qmi_cb] qcril_qmi_nas_unsolicited_indication_cb invoked msg 0x4c
02-09 18:31:38.522 I/RILC    (  113): qmi_ril(0/113): [qmi_cb] qcril_qmi_nas_is_considered_registered qcril_qmi_nas_is_considered_registered entered
02-09 18:31:38.522 I/RILC    (  113): qmi_ril(0/113): [qmi_cb] qcril_qmi_nas_is_considered_registered qcril_qmi_nas_is_considered_registered completed with 1
02-09 18:31:38.522 I/RILC    (  113): qmi_ril(0/113): [qmi_cb] qcril_qmi_nas_network_time_ind_conv_qmi2ril qcril_qmi_nas_network_time_ind_conv_qmi2ril entry
02-09 18:31:38.522 I/RILC    (  113): qmi_ril(0/113): [qmi_cb] qcril_qmi_nas_network_time_ind_conv_qmi2ril ril_nitz_time_msg is: 12/02/10,00:32:07-24,00
02-09 18:31:38.522 I/RILC    (  113): qmi_ril(0/113): [qmi_cb] qcril_qmi_nas_unsolicited_indication_cb .. operational state 3
02-09 18:31:38.522 D/RILC    (  113): qmi_ril(0/113): [qmi_cb] qcril_send_unsol_response UI <--- RIL_UNSOL_NITZ_TIME_RECEIVED (1008) --- RIL [RID 0, Len 24, (null)]
02-09 18:31:38.522 I/RILC    (  113): qmi_ril(0/113): [qmi_cb] qcril_qmi_nas_unsolicited_indication_cb posted RIL indication 1008
02-09 18:31:38.522 I/RILC    (  113): qmi_ril(0/113): [qmi_cb] qcril_qmi_nas_unsolicited_indication_cb qcril_qmi_nas_unsolicited_indication_cb completed
02-09 18:31:38.522 D/RILJ    (27234): [UNSL]< UNSOL_NITZ_TIME_RECEIVED 12/02/10,00:32:07-24,00
02-09 18:31:38.522 I/CDMA    (27234): NITZ: 12/02/10,00:32:07-24,00,126660672 start=126660673 delay=1
02-09 18:31:38.522 I/CDMA    (27234):  dst: 0
02-09 18:31:38.522 I/CDMA    (27234):  tzOffset: -21600000
02-09 18:31:38.522 I/CDMA    (27234):  iso: us
02-09 18:31:38.522 I/CDMA    (27234): mGotCountryCode: true
02-09 18:31:38.532 I/CDMA    (27234):  zone id : America/Chicago name : Central Standard Time
02-09 18:31:38.532 I/CDMA    (27234): set zone id: America/Chicago
02-09 18:31:38.532 I/CDMA    (27234):  millisSinceNitzReceived: 21
02-09 18:31:38.532 I/CDMA    (27234):  gained=28472
02-09 18:31:38.532 I/CDMA    (27234):  timeSinceLastUpdate=3990
02-09 18:31:38.532 I/CDMA    (27234):  nitzUpdateSpacing=600000  nitzUpdateDiff=2000
02-09 18:31:38.542 I/CDMA    (27234): NITZ: Auto updating time of day to Thu Feb 09 18:32:07 CST 2012 NITZ receive delay=21ms gained=28472ms from 12/02/10,00:32:07-24,00
02-09 18:31:38.542 I/CDMA    (27234): NITZ: update nitz time property
02-09 18:31:38.542 I/CDMA    (27234):  mSavedTime=1328833927021 mSavedAtTime=126660701
02-09 18:31:38.542 I/CDMA    (27234): NITZ: end=126660701 dur=28
02-09 18:32:41.522 I/RILC    (  113): qmi_ril(0/113): [qmi_cb] qcril_qmi_nas_unsolicited_indication_cb invoked msg 0x4c
02-09 18:32:41.522 I/RILC    (  113): qmi_ril(0/113): [qmi_cb] qcril_qmi_nas_is_considered_registered qcril_qmi_nas_is_considered_registered entered
02-09 18:32:41.522 I/RILC    (  113): qmi_ril(0/113): [qmi_cb] qcril_qmi_nas_is_considered_registered qcril_qmi_nas_is_considered_registered completed with 1
02-09 18:32:41.522 I/RILC    (  113): qmi_ril(0/113): [qmi_cb] qcril_qmi_nas_network_time_ind_conv_qmi2ril qcril_qmi_nas_network_time_ind_conv_qmi2ril entry
02-09 18:32:41.522 I/RILC    (  113): qmi_ril(0/113): [qmi_cb] qcril_qmi_nas_network_time_ind_conv_qmi2ril ril_nitz_time_msg is: 12/02/10,00:33:10-24,00
02-09 18:32:41.522 I/RILC    (  113): qmi_ril(0/113): [qmi_cb] qcril_qmi_nas_unsolicited_indication_cb .. operational state 3
02-09 18:32:41.522 D/RILC    (  113): qmi_ril(0/113): [qmi_cb] qcril_send_unsol_response UI <--- RIL_UNSOL_NITZ_TIME_RECEIVED (1008) --- RIL [RID 0, Len 24, (null)]
02-09 18:32:41.522 I/RILC    (  113): qmi_ril(0/113): [qmi_cb] qcril_qmi_nas_unsolicited_indication_cb posted RIL indication 1008
02-09 18:32:41.522 I/RILC    (  113): qmi_ril(0/113): [qmi_cb] qcril_qmi_nas_unsolicited_indication_cb qcril_qmi_nas_unsolicited_indication_cb completed
02-09 18:32:41.522 D/RILJ    (27234): [UNSL]< UNSOL_NITZ_TIME_RECEIVED 12/02/10,00:33:10-24,00
02-09 18:32:41.522 I/CDMA    (27234): NITZ: 12/02/10,00:33:10-24,00,126723672 start=126723673 delay=1
02-09 18:32:41.522 I/CDMA    (27234):  dst: 0
02-09 18:32:41.522 I/CDMA    (27234):  tzOffset: -21600000
02-09 18:32:41.522 I/CDMA    (27234):  iso: us
02-09 18:32:41.522 I/CDMA    (27234): mGotCountryCode: true
02-09 18:32:41.532 I/CDMA    (27234):  zone id : America/Chicago name : Central Standard Time
02-09 18:32:41.532 I/CDMA    (27234): set zone id: America/Chicago
02-09 18:32:41.532 I/CDMA    (27234):  millisSinceNitzReceived: 21
02-09 18:32:41.532 I/CDMA    (27234):  gained=28472
02-09 18:32:41.532 I/CDMA    (27234):  timeSinceLastUpdate=62993
02-09 18:32:41.532 I/CDMA    (27234):  nitzUpdateSpacing=600000  nitzUpdateDiff=2000
02-09 18:32:41.532 I/CDMA    (27234): NITZ: Auto updating time of day to Thu Feb 09 18:33:10 CST 2012 NITZ receive delay=21ms gained=28472ms from 12/02/10,00:33:10-24,00
02-09 18:32:41.542 I/CDMA    (27234): NITZ: update nitz time property
02-09 18:32:41.542 I/CDMA    (27234):  mSavedTime=1328833990021 mSavedAtTime=126723699
02-09 18:32:41.542 I/CDMA    (27234): NITZ: end=126723699 dur=26
02-09 18:32:50.522 I/RILC    (  113): qmi_ril(0/113): [qmi_cb] qcril_qmi_nas_unsolicited_indication_cb invoked msg 0x4c
02-09 18:32:50.522 I/RILC    (  113): qmi_ril(0/113): [qmi_cb] qcril_qmi_nas_is_considered_registered qcril_qmi_nas_is_considered_registered entered
02-09 18:32:50.522 I/RILC    (  113): qmi_ril(0/113): [qmi_cb] qcril_qmi_nas_is_considered_registered qcril_qmi_nas_is_considered_registered completed with 1
02-09 18:32:50.522 I/RILC    (  113): qmi_ril(0/113): [qmi_cb] qcril_qmi_nas_network_time_ind_conv_qmi2ril qcril_qmi_nas_network_time_ind_conv_qmi2ril entry
02-09 18:32:50.522 I/RILC    (  113): qmi_ril(0/113): [qmi_cb] qcril_qmi_nas_network_time_ind_conv_qmi2ril ril_nitz_time_msg is: 12/02/10,00:33:19-24,00
02-09 18:32:50.522 I/RILC    (  113): qmi_ril(0/113): [qmi_cb] qcril_qmi_nas_unsolicited_indication_cb .. operational state 3
02-09 18:32:50.522 D/RILC    (  113): qmi_ril(0/113): [qmi_cb] qcril_send_unsol_response UI <--- RIL_UNSOL_NITZ_TIME_RECEIVED (1008) --- RIL [RID 0, Len 24, (null)]
02-09 18:32:50.522 I/RILC    (  113): qmi_ril(0/113): [qmi_cb] qcril_qmi_nas_unsolicited_indication_cb posted RIL indication 1008
02-09 18:32:50.522 I/RILC    (  113): qmi_ril(0/113): [qmi_cb] qcril_qmi_nas_unsolicited_indication_cb qcril_qmi_nas_unsolicited_indication_cb completed
02-09 18:32:50.522 D/RILJ    (27234): [UNSL]< UNSOL_NITZ_TIME_RECEIVED 12/02/10,00:33:19-24,00
02-09 18:32:50.522 I/CDMA    (27234): NITZ: 12/02/10,00:33:19-24,00,126732676 start=126732677 delay=1
02-09 18:32:50.522 I/CDMA    (27234):  dst: 0
02-09 18:32:50.522 I/CDMA    (27234):  tzOffset: -21600000
02-09 18:32:50.522 I/CDMA    (27234):  iso: us
02-09 18:32:50.522 I/CDMA    (27234): mGotCountryCode: true
02-09 18:32:50.542 I/CDMA    (27234):  zone id : America/Chicago name : Central Standard Time
02-09 18:32:50.542 I/CDMA    (27234): set zone id: America/Chicago
02-09 18:32:50.552 I/CDMA    (27234):  millisSinceNitzReceived: 31
02-09 18:32:50.552 I/CDMA    (27234):  gained=28468
02-09 18:32:50.552 I/CDMA    (27234):  timeSinceLastUpdate=9009
02-09 18:32:50.552 I/CDMA    (27234):  nitzUpdateSpacing=600000  nitzUpdateDiff=2000
02-09 18:32:50.552 I/CDMA    (27234): NITZ: Auto updating time of day to Thu Feb 09 18:33:19 CST 2012 NITZ receive delay=31ms gained=28468ms from 12/02/10,00:33:19-24,00
02-09 18:32:50.552 I/CDMA    (27234): NITZ: update nitz time property
02-09 18:32:50.552 I/CDMA    (27234):  mSavedTime=1328833999031 mSavedAtTime=126732712
02-09 18:32:50.552 I/CDMA    (27234): NITZ: end=126732712 dur=35
