02-09 18:22:54.705 I/RILC    (  113): qmi_ril(0/113): [main] qcril_qmi_nas_is_in_service_of_technology qcril_qmi_nas_is_in_service_of_technology entered
02-09 18:22:54.705 I/RILC    (  113): qmi_ril(0/113): [main] qcril_qmi_nas_is_in_service_of_technology qcril_qmi_nas_is_in_service_of_technology completed with 0
02-09 18:22:54.705 I/RILC    (  113): qmi_ril(0/113): [main] qcril_qmi_nas_is_in_service_of_technology qcril_qmi_nas_is_in_service_of_technology entered
02-09 18:22:54.705 I/RILC    (  113): qmi_ril(0/113): [main] qcril_qmi_nas_is_in_service_of_technology qcril_qmi_nas_is_in_service_of_technology completed with 1
02-09 18:22:54.715 I/RILC    (  113): qmi_ril(0/113): [main] qcril_qmi_util_convert_qmi_response_codes_to_ril_result_ex qcril_qmi_util_convert_qmi_response_codes_to_ril_result_ex ctx check 0
02-09 18:22:54.715 I/RILC    (  113): qmi_ril(0/113): [main] qcril_qmi_voice_technology_updated qcril_qmi_voice_technology_updated entered
02-09 18:22:54.715 I/RILC    (  113): qmi_ril(0/113): [main] qcril_qmi_voice_technology_updated ..nas_cached_info.serving_system valid 1
02-09 18:22:54.715 I/RILC    (  113): qmi_ril(0/113): [main] qcril_qmi_voice_technology_updated .. selected NW 1
02-09 18:22:54.715 I/RILC    (  113): qmi_ril(0/113): [main] qcril_qmi_voice_technology_updated .. NW state 1
02-09 18:22:54.715 I/RILC    (  113): qmi_ril(0/113): [main] qcril_qmi_mgr_voice_technology_updated qcril_qmi_mgr_voice_technology_updated entered
02-09 18:22:54.715 I/RILC    (  113): qmi_ril(0/113): [main] qcril_qmi_mgr_voice_technology_updated qcril_qmi_mgr_voice_technology_updated left 2
02-09 18:22:54.715 I/RILC    (  113): qmi_ril(0/113): [main] qcril_qmi_voice_technology_updated qcril_qmi_voice_technology_updated completed for 2
02-09 18:22:54.715 I/RILC    (  113): qmi_ril(0/113): [main] qmi_ril_nwr_update_reg_rej_legacy qmi_ril_nwr_update_reg_rej_legacy entered
02-09 18:22:54.715 I/RILC    (  113): qmi_ril(0/113): [main] qmi_ril_nwr_update_reg_rej_legacy .. ss srv reg state 1
02-09 18:22:54.715 I/RILC    (  113): qmi_ril(0/113): [main] qmi_ril_nwr_update_reg_rej_legacy .. reje CS cs_rejected 0
02-09 18:22:54.715 I/RILC    (  113): qmi_ril(0/113): [main] qmi_ril_nwr_update_reg_rej_legacy .. reje CS cs_reject_cause 0
02-09 18:22:54.715 I/RILC    (  113): qmi_ril(0/113): [main] qmi_ril_nwr_update_reg_rej_legacy .. reje PS ps_rejected 0
02-09 18:22:54.715 I/RILC    (  113): qmi_ril(0/113): [main] qmi_ril_nwr_update_reg_rej_legacy .. reje PS ps_reject_cause 0
02-09 18:22:54.715 I/RILC    (  113): qmi_ril(0/113): [main] qmi_ril_nwr_util_log_mccmnc_str .. reje mcc - 
02-09 18:22:54.715 I/RILC    (  113): qmi_ril(0/113): [main] qmi_ril_nwr_util_log_mccmnc_str .. reje mnc - 
02-09 18:22:54.715 I/RILC    (  113): qmi_ril(0/113): [main] qmi_ril_nwr_update_reg_rej_legacy qmi_ril_nwr_update_reg_rej_legacy completed
02-09 18:22:54.715 I/RILC    (  113): qmi_ril(0/113): [main] qcril_qmi_nas_fetch_serving_system_info qcril_qmi_nas_fetch_serving_system_info res 0 
02-09 18:22:54.715 I/RILC    (  113): qmi_ril(0/113): [main] qcril_qmi_nas_request_data_registration_state  ... QMI NAS reg_state 1
02-09 18:22:54.715 I/RILC    (  113): qmi_ril(0/113): [main] qcril_qmi_nas_request_data_registration_state  ... cache valid for data_caps 1
02-09 18:22:54.715 I/RILC    (  113): qmi_ril(0/113): [main] qcril_qmi_nas_request_data_registration_state  ... cache valid for data_caps_len 1
02-09 18:22:54.715 I/RILC    (  113): qmi_ril(0/113): [main] qcril_qmi_nas_request_data_registration_state  ... ps attach state 1
02-09 18:22:54.715 I/RILC    (  113): qmi_ril(0/113): [main] qcril_qmi_nas_request_data_registration_state Xinjingqcril_qmi_nas_request_data_registration_state cur reg state 1
02-09 18:22:54.715 I/RILC    (  113): qmi_ril(0/113): [main] qcril_qmi_nas_request_data_registration_state .. pre  cur reg state 1
02-09 18:22:54.715 I/RILC    (  113): qmi_ril(0/113): [main] qcril_qmi_nas_request_data_registration_state qcril_qmi_nas_request_data_registration_state cur reg state 1
02-09 18:22:54.715 I/RILC    (  113): qmi_ril(0/113): [main] qcril_qmi_nas_is_in_service_of_technology qcril_qmi_nas_is_in_service_of_technology entered
02-09 18:22:54.715 I/RILC    (  113): qmi_ril(0/113): [main] qcril_qmi_nas_is_in_service_of_technology qcril_qmi_nas_is_in_service_of_technology completed with 0
02-09 18:22:54.715 I/RILC    (  113): qmi_ril(0/113): [main] qcril_qmi_nas_is_in_service_of_technology qcril_qmi_nas_is_in_service_of_technology entered
02-09 18:22:54.715 I/RILC    (  113): qmi_ril(0/113): [main] qcril_qmi_nas_is_in_service_of_technology qcril_qmi_nas_is_in_service_of_technology completed with 0
02-09 18:22:54.715 I/RILC    (  113): qmi_ril(0/113): [main] qcril_qmi_nas_request_data_registration_state .. data caps 1, 1
02-09 18:22:54.715 I/RILC    (  113): qmi_ril(0/113): [main] qcril_qmi_nas_request_data_registration_state .. detailed info val 1
02-09 18:22:54.715 I/RILC    (  113): qmi_ril(0/113): [main] qcril_qmi_nas_request_data_registration_state .. detailed info srv_cap 3
02-09 18:22:54.715 I/RILC    (  113): qmi_ril(0/113): [main] qcril_qmi_nas_request_data_registration_state .. legacy data cap 6
02-09 18:22:54.715 I/RILC    (  113): qmi_ril(0/113): [main] qcril_qmi_nas_request_data_registration_state .. final legacy data cap 6
02-09 18:22:54.715 I/RILC    (  113): qmi_ril(0/113): [main] qcril_qmi_nas_request_data_registration_state .. cdma p_rev valid 1
02-09 18:22:54.715 I/RILC    (  113): qmi_ril(0/113): [main] qcril_qmi_nas_request_data_registration_state .. cdma p_rev 6
02-09 18:22:54.715 I/RILC    (  113): qmi_ril(0/113): [main] qcril_qmi_nas_request_data_registration_state .. ehrpd adjustment check 6
02-09 18:22:54.715 I/RILC    (  113): qmi_ril(0/113): [main] qcril_qmi_nas_request_data_registration_state .. rg 0 - 1
02-09 18:22:54.715 I/RILC    (  113): qmi_ril(0/113): [main] qcril_qmi_nas_request_data_registration_state .. rg 1 - 
02-09 18:22:54.715 I/RILC    (  113): qmi_ril(0/113): [main] qcril_qmi_nas_request_data_registration_state .. rg 2 - 
02-09 18:22:54.715 I/RILC    (  113): qmi_ril(0/113): [main] qcril_qmi_nas_request_data_registration_state .. rg 3 - 6
02-09 18:22:54.715 I/RILC    (  113): qmi_ril(0/113): [main] qcril_qmi_nas_request_data_registration_state .. rg 4 - 0
02-09 18:22:54.715 I/RILC    (  113): qmi_ril(0/113): [main] qcril_qmi_nas_request_data_registration_state .. rg 5 - 20
02-09 18:22:54.715 I/RILC    (  113): qmi_ril(0/113): [main] qcril_reqlist_find [RID 0] Not found ReqList entry : token id 2454
02-09 18:22:54.715 D/RILC    (  113): qmi_ril(0/113): [main] qcril_send_request_response UI <--- RIL_REQUEST_DATA_REGISTRATION_STATE (21) Complete --- RIL [RID 0, Token 2454, Success, Len 24 ]
02-09 18:22:54.715 D/RILJ    (27234): [2454]< DATA_REGISTRATION_STATE {1,null,null,6,0,20}
02-09 18:22:54.715 I/RILC    (  113): qmi_ril(0/113): [main] qcril_qmi_nas_request_data_registration_state qcril_qmi_nas_request_data_registration_state complete with 0
02-09 18:22:54.715 I/CDMA    (27234):  millisSinceNitzReceived: 548
02-09 18:22:54.715 I/CDMA    (27234):  gained=28820
02-09 18:22:54.715 I/CDMA    (27234):  timeSinceLastUpdate=38101
02-09 18:22:54.715 I/CDMA    (27234):  nitzUpdateSpacing=600000  nitzUpdateDiff=2000
02-09 18:22:54.715 I/CDMA    (27234): NITZ: Auto updating time of day to Thu Feb 09 18:23:23 CST 2012 NITZ receive delay=548ms gained=28820ms from 12/02/10,00:23:23-24,00
02-09 18:22:54.735 I/CDMA    (27234): NITZ: update nitz time property
02-09 18:22:54.735 I/CDMA    (27234):  mSavedTime=1328833403548 mSavedAtTime=126136700
02-09 18:22:54.735 I/CDMA    (27234): NITZ: end=126136700 dur=88
02-09 18:22:54.745 D/RILJ    (27234): [2455]> OPERATOR
02-09 18:22:54.745 D/RILJ    (27234): [2456]> REGISTRATION_STATE
02-09 18:22:54.745 D/RILJ    (27234): [2457]> DATA_REGISTRATION_STATE
02-09 18:22:54.745 D/RILC    (  113): qmi_ril(0/113): [main] onRequest UI --- RIL_REQUEST_OPERATOR (22) ---> RIL [RID 0, token id 2455, data len 0]
02-09 18:22:54.745 I/RILC    (  113): qmi_ril(0/113): [main] qcril_qmi_nas_request_operator qcril_qmi_nas_request_operator entered
02-09 18:22:54.745 I/RILC    (  113): qmi_ril(0/113): [main] qcril_qmi_nas_is_considered_registered qcril_qmi_nas_is_considered_registered entered
02-09 18:22:54.745 I/RILC    (  113): qmi_ril(0/113): [main] qcril_qmi_nas_is_considered_registered qcril_qmi_nas_is_considered_registered completed with 1
02-09 18:22:54.745 I/RILC    (  113): qmi_ril(0/113): [main] qcril_qmi_nas_is_in_service_of_technology qcril_qmi_nas_is_in_service_of_technology entered
02-09 18:22:54.745 I/RILC    (  113): qmi_ril(0/113): [main] qcril_qmi_nas_is_in_service_of_technology qcril_qmi_nas_is_in_service_of_technology completed with 0
02-09 18:22:54.745 I/RILC    (  113): qmi_ril(0/113): [main] qcril_qmi_nas_request_operator .. everything cached non sys_info 1
02-09 18:22:54.745 I/RILC    (  113): qmi_ril(0/113): [main] qcril_qmi_nas_request_operator ..mcc_mnc_ascii 310099
02-09 18:22:54.745 I/RILC    (  113): qmi_ril(0/113): [main] qcril_qmi_nas_fill_up_3gpp2_operator_name qcril_qmi_nas_fill_up_3gpp2_operator_name mcc 310 mnc 099 sid 4139 nid 41
02-09 18:22:54.745 D/RILC    (  113): qmi_ril(0/113): [main] qcril_qmi_nas2_find_3gpp2_static_operator_name UE Memory List does not contain the specified operator
02-09 18:22:54.745 I/RILC    (  113): qmi_ril(0/113): [main] qcril_qmi_nas_fill_up_3gpp2_operator_name ..will return static , 
02-09 18:22:54.745 I/RILC    (  113): qmi_ril(0/113): [main] qcril_qmi_nas_fill_up_3gpp2_operator_name qcril_qmi_nas_fill_up_3gpp2_operator_name completed with 0
02-09 18:22:54.775 I/RILC    (  113): qmi_ril(0/113): [main] qcril_qmi_util_convert_qmi_response_codes_to_ril_result_ex qcril_qmi_util_convert_qmi_response_codes_to_ril_result_ex ctx check 4
02-09 18:22:54.775 I/RILC    (  113): qmi_ril(0/113): [main] qcril_qmi_nas_request_operator 0, 0, 0
02-09 18:22:54.775 I/RILC    (  113): qmi_ril(0/113): [main] qcril_qmi_nas_request_operator nam name valid 1, len 12
02-09 18:22:54.775 I/RILC    (  113): qmi_ril(0/113): [main] qcril_qmi_nas_request_operator .. used_nam_name_len 12
02-09 18:22:54.775 I/RILC    (  113): qmi_ril(0/113): [main] qcril_qmi_nas_request_operator .. nam             
02-09 18:22:54.775 I/RILC    (  113): qmi_ril(0/113): [main] qcril_qmi_nas_request_operator .. res long             
02-09 18:22:54.775 I/RILC    (  113): qmi_ril(0/113): [main] qcril_qmi_nas_request_operator .. res short 
02-09 18:22:54.775 I/RILC    (  113): qmi_ril(0/113): [main] qcril_qmi_nas_request_operator .. res mcc_mnc 310099
02-09 18:22:54.775 I/RILC    (  113): qmi_ril(0/113): [main] qcril_qmi_nas_request_operator qcril_qmi_nas_request_operator long             
02-09 18:22:54.775 I/RILC    (  113): qmi_ril(0/113): [main] qcril_qmi_nas_request_operator qcril_qmi_nas_request_operator short 
02-09 18:22:54.775 I/RILC    (  113): qmi_ril(0/113): [main] qcril_qmi_nas_request_operator qcril_qmi_nas_request_operator mcc_mnc 310099
02-09 18:22:54.775 I/RILC    (  113): qmi_ril(0/113): [main] qcril_reqlist_find [RID 0] Not found ReqList entry : token id 2455
02-09 18:22:54.775 D/RILC    (  113): qmi_ril(0/113): [main] qcril_send_request_response UI <--- RIL_REQUEST_OPERATOR (22) Complete --- RIL [RID 0, Token 2455, Success, Len 12 ]
02-09 18:22:54.775 I/RILC    (  113): qmi_ril(0/113): [main] qcril_qmi_nas_request_operator qcril_qmi_nas_request_operator complete with 0
02-09 18:22:54.775 D/RILC    (  113): qmi_ril(0/113): [main] onRequest UI --- RIL_REQUEST_REGISTRATION_STATE (20) ---> RIL [RID 0, token id 2456, data len 0]
02-09 18:22:54.775 I/RILC    (  113): qmi_ril(0/113): [main] qcril_qmi_nas_request_registration_state qcril_qmi_nas_request_registration_state entered
02-09 18:22:54.775 I/RILC    (  113): qmi_ril(0/113): [main] qcril_qmi_nas_is_in_service_of_technology qcril_qmi_nas_is_in_service_of_technology entered
02-09 18:22:54.775 I/RILC    (  113): qmi_ril(0/113): [main] qcril_qmi_nas_is_in_service_of_technology qcril_qmi_nas_is_in_service_of_technology completed with 0
02-09 18:22:54.775 I/RILC    (  113): qmi_ril(0/113): [main] qcril_qmi_nas_is_in_service_of_technology qcril_qmi_nas_is_in_service_of_technology entered
02-09 18:22:54.775 I/RILC    (  113): qmi_ril(0/113): [main] qcril_qmi_nas_is_in_service_of_technology qcril_qmi_nas_is_in_service_of_technology completed with 1
02-09 18:22:54.775 I/RILC    (  113): qmi_ril(0/113): [main] qcril_qmi_nas_request_registration_state qcril_qmi_nas_request_registration_state cache subrequest need 1
02-09 18:22:54.785 D/RILJ    (27234): [2455]< OPERATOR {            , , 310099}
02-09 18:22:54.785 I/RILC    (  113): qmi_ril(0/113): [main] qcril_qmi_util_convert_qmi_response_codes_to_ril_result_ex qcril_qmi_util_convert_qmi_response_codes_to_ril_result_ex ctx check 0
02-09 18:22:54.785 I/RILC    (  113): qmi_ril(0/113): [main] qcril_qmi_voice_technology_updated qcril_qmi_voice_technology_updated entered
02-09 18:22:54.785 I/RILC    (  113): qmi_ril(0/113): [main] qcril_qmi_voice_technology_updated ..nas_cached_info.serving_system valid 1
02-09 18:22:54.785 I/RILC    (  113): qmi_ril(0/113): [main] qcril_qmi_voice_technology_updated .. selected NW 1
02-09 18:22:54.785 I/RILC    (  113): qmi_ril(0/113): [main] qcril_qmi_voice_technology_updated .. NW state 1
02-09 18:22:54.785 I/RILC    (  113): qmi_ril(0/113): [main] qcril_qmi_mgr_voice_technology_updated qcril_qmi_mgr_voice_technology_updated entered
02-09 18:22:54.785 I/RILC    (  113): qmi_ril(0/113): [main] qcril_qmi_mgr_voice_technology_updated qcril_qmi_mgr_voice_technology_updated left 2
02-09 18:22:54.785 I/RILC    (  113): qmi_ril(0/113): [main] qcril_qmi_voice_technology_updated qcril_qmi_voice_technology_updated completed for 2
02-09 18:22:54.785 I/RILC    (  113): qmi_ril(0/113): [main] qmi_ril_nwr_update_reg_rej_legacy qmi_ril_nwr_update_reg_rej_legacy entered
02-09 18:22:54.785 I/RILC    (  113): qmi_ril(0/113): [main] qmi_ril_nwr_update_reg_rej_legacy .. ss srv reg state 1
02-09 18:22:54.785 I/RILC    (  113): qmi_ril(0/113): [main] qmi_ril_nwr_update_reg_rej_legacy .. reje CS cs_rejected 0
02-09 18:22:54.785 I/RILC    (  113): qmi_ril(0/113): [main] qmi_ril_nwr_update_reg_rej_legacy .. reje CS cs_reject_cause 0
02-09 18:22:54.785 I/RILC    (  113): qmi_ril(0/113): [main] qmi_ril_nwr_update_reg_rej_legacy .. reje PS ps_rejected 0
02-09 18:22:54.785 I/RILC    (  113): qmi_ril(0/113): [main] qmi_ril_nwr_update_reg_rej_legacy .. reje PS ps_reject_cause 0
02-09 18:22:54.785 I/RILC    (  113): qmi_ril(0/113): [main] qmi_ril_nwr_util_log_mccmnc_str .. reje mcc - 
02-09 18:22:54.785 I/RILC    (  113): qmi_ril(0/113): [main] qmi_ril_nwr_util_log_mccmnc_str .. reje mnc - 
02-09 18:22:54.785 I/RILC    (  113): qmi_ril(0/113): [main] qmi_ril_nwr_update_reg_rej_legacy qmi_ril_nwr_update_reg_rej_legacy completed
02-09 18:22:54.785 I/RILC    (  113): qmi_ril(0/113): [main] qcril_qmi_nas_fetch_serving_system_info qcril_qmi_nas_fetch_serving_system_info res 0 
02-09 18:22:54.785 I/RILC    (  113): qmi_ril(0/113): [main] qcril_qmi_util_convert_qmi_response_codes_to_ril_result_ex qcril_qmi_util_convert_qmi_response_codes_to_ril_result_ex ctx check 0
02-09 18:22:54.785 I/RILC    (  113): qmi_ril(0/113): [main] qcril_qmi_nas_update_voice_rte qcril_qmi_nas_update_voice_rte entered
02-09 18:22:54.785 I/RILC    (  113): qmi_ril(0/113): [main] qcril_qmi_nas_util_convert_nas_srv_status_to_ril_reg_status  qcril_qmi_nas_util_convert_nas_srv_status_to_ril_reg_status entered
02-09 18:22:54.785 D/RILC    (  113): qmi_ril(0/113): [main] qcril_qmi_util_retrieve_srv_status qcril_qmi_util_retrieve_srv_status completed with 2
02-09 18:22:54.785 I/RILC    (  113): qmi_ril(0/113): [main] qcril_qmi_nas_util_convert_nas_srv_status_to_ril_reg_status ... nas_srv_status 2, is_data 0, is_3gpp 0, is_hdr 0
02-09 18:22:54.785 I/RILC    (  113): qmi_ril(0/113): [main] qcril_qmi_nas_util_convert_nas_srv_status_to_ril_reg_status ... intermediate res 1 5
02-09 18:22:54.785 I/RILC    (  113): qmi_ril(0/113): [main] qcril_qmi_nas_util_convert_nas_srv_status_to_ril_reg_status ... common_sys_info 89032
02-09 18:22:54.785 I/RILC    (  113): qmi_ril(0/113): [main] qcril_qmi_nas_util_convert_nas_srv_status_to_ril_reg_status ... srv_capability_valid, srv_capability 1, 3
02-09 18:22:54.785 I/RILC    (  113): qmi_ril(0/113): [main] qcril_qmi_nas_util_convert_nas_srv_status_to_ril_reg_status ... srv_domain_valid, srv_domain 1, 3
02-09 18:22:54.785 I/RILC    (  113): qmi_ril(0/113): [main] qcril_qmi_nas_util_convert_nas_srv_status_to_ril_reg_status ... intermediate res 2 5
02-09 18:22:54.785 I/RILC    (  113): qmi_ril(0/113): [main] qcril_qmi_nas_util_convert_nas_srv_status_to_ril_reg_status ... hdr_only_sys_info 0
02-09 18:22:54.785 I/RILC    (  113): qmi_ril(0/113): [main] qcril_qmi_nas_util_convert_nas_srv_status_to_ril_reg_status ... intermediate res 3 5
02-09 18:22:54.785 I/RILC    (  113): qmi_ril(0/113): [main] qcril_qmi_nas_util_convert_nas_srv_status_to_ril_reg_status ... is_sys_forbidden_valid, is_sys_forbidden 1, 0
02-09 18:22:54.785 I/RILC    (  113): qmi_ril(0/113): [main] qcril_qmi_nas_util_convert_nas_srv_status_to_ril_reg_status qcril_qmi_nas_util_convert_nas_srv_status_to_ril_reg_status complete with 5
02-09 18:22:54.785 I/RILC    (  113): qmi_ril(0/113): [main] qcril_qmi_nas_util_convert_nas_srv_status_to_ril_reg_status  qcril_qmi_nas_util_convert_nas_srv_status_to_ril_reg_status entered
02-09 18:22:54.785 D/RILC    (  113): qmi_ril(0/113): [main] qcril_qmi_util_retrieve_srv_status qcril_qmi_util_retrieve_srv_status completed with 0
02-09 18:22:54.785 I/RILC    (  113): qmi_ril(0/113): [main] qcril_qmi_nas_util_convert_nas_srv_status_to_ril_reg_status ... nas_srv_status 0, is_data 1, is_3gpp 0, is_hdr 1
02-09 18:22:54.785 I/RILC    (  113): qmi_ril(0/113): [main] qcril_qmi_nas_util_convert_nas_srv_status_to_ril_reg_status ... intermediate res 1 2
02-09 18:22:54.785 I/RILC    (  113): qmi_ril(0/113): [main] qcril_qmi_nas_util_convert_nas_srv_status_to_ril_reg_status ... common_sys_info 0
02-09 18:22:54.785 I/RILC    (  113): qmi_ril(0/113): [main] qcril_qmi_nas_util_convert_nas_srv_status_to_ril_reg_status ... intermediate res 2 2
02-09 18:22:54.785 I/RILC    (  113): qmi_ril(0/113): [main] qcril_qmi_nas_util_convert_nas_srv_status_to_ril_reg_status ... hdr_only_sys_info 0
02-09 18:22:54.785 I/RILC    (  113): qmi_ril(0/113): [main] qcril_qmi_nas_util_convert_nas_srv_status_to_ril_reg_status ... intermediate res 3 2
02-09 18:22:54.785 I/RILC    (  113): qmi_ril(0/113): [main] qcril_qmi_nas_util_convert_nas_srv_status_to_ril_reg_status qcril_qmi_nas_util_convert_nas_srv_status_to_ril_reg_status complete with 2
02-09 18:22:54.785 I/RILC    (  113): qmi_ril(0/113): [main] qcril_qmi_nas_update_voice_rte .. 1x reg 5
02-09 18:22:54.785 I/RILC    (  113): qmi_ril(0/113): [main] qcril_qmi_nas_update_voice_rte .. gsm reg 0
02-09 18:22:54.785 I/RILC    (  113): qmi_ril(0/113): [main] qcril_qmi_nas_update_voice_rte .. wcdma reg 0
02-09 18:22:54.785 I/RILC    (  113): qmi_ril(0/113): [main] qcril_qmi_nas_update_voice_rte .. lte reg 0
02-09 18:22:54.785 I/RILC    (  113): qmi_ril(0/113): [main] qcril_qmi_nas_update_voice_rte .. hdr reg 2
02-09 18:22:54.785 I/RILC    (  113): qmi_ril(0/113): [main] qcril_qmi_nas_update_voice_rte qcril_qmi_nas_update_voice_rte completed, new vrte 1
02-09 18:22:54.785 I/RILC    (  113): qmi_ril(0/113): [main] qcril_qmi_voice_technology_updated qcril_qmi_voice_technology_updated entered
02-09 18:22:54.785 I/RILC    (  113): qmi_ril(0/113): [main] qcril_qmi_voice_technology_updated ..nas_cached_info.serving_system valid 1
02-09 18:22:54.785 I/RILC    (  113): qmi_ril(0/113): [main] qcril_qmi_voice_technology_updated .. selected NW 1
02-09 18:22:54.785 I/RILC    (  113): qmi_ril(0/113): [main] qcril_qmi_voice_technology_updated .. NW state 1
02-09 18:22:54.785 I/RILC    (  113): qmi_ril(0/113): [main] qcril_qmi_mgr_voice_technology_updated qcril_qmi_mgr_voice_technology_updated entered
02-09 18:22:54.785 I/RILC    (  113): qmi_ril(0/113): [main] qcril_qmi_mgr_voice_technology_updated qcril_qmi_mgr_voice_technology_updated left 2
02-09 18:22:54.785 I/RILC    (  113): qmi_ril(0/113): [main] qcril_qmi_voice_technology_updated qcril_qmi_voice_technology_updated completed for 2
02-09 18:22:54.785 I/RILC    (  113): qmi_ril(0/113): [main] qmi_ril_nwr_update_reg_rej_from_sys_info qmi_ril_nwr_update_reg_rej_from_sys_info entered
02-09 18:22:54.785 I/RILC    (  113): qmi_ril(0/113): [main] qcril_qmi_nas_util_convert_nas_srv_status_to_ril_reg_status  qcril_qmi_nas_util_convert_nas_srv_status_to_ril_reg_status entered
02-09 18:22:54.785 D/RILC    (  113): qmi_ril(0/113): [main] qcril_qmi_util_retrieve_srv_status qcril_qmi_util_retrieve_srv_status completed with 2
02-09 18:22:54.785 I/RILC    (  113): qmi_ril(0/113): [main] qcril_qmi_nas_util_convert_nas_srv_status_to_ril_reg_status ... nas_srv_status 2, is_data 0, is_3gpp 0, is_hdr 0
02-09 18:22:54.785 I/RILC    (  113): qmi_ril(0/113): [main] qcril_qmi_nas_util_convert_nas_srv_status_to_ril_reg_status ... intermediate res 1 5
02-09 18:22:54.785 I/RILC    (  113): qmi_ril(0/113): [main] qcril_qmi_nas_util_convert_nas_srv_status_to_ril_reg_status ... common_sys_info 89032
02-09 18:22:54.785 I/RILC    (  113): qmi_ril(0/113): [main] qcril_qmi_nas_util_convert_nas_srv_status_to_ril_reg_status ... srv_capability_valid, srv_capability 1, 3
02-09 18:22:54.785 I/RILC    (  113): qmi_ril(0/113): [main] qcril_qmi_nas_util_convert_nas_srv_status_to_ril_reg_status ... srv_domain_valid, srv_domain 1, 3
02-09 18:22:54.785 I/RILC    (  113): qmi_ril(0/113): [main] qcril_qmi_nas_util_convert_nas_srv_status_to_ril_reg_status ... intermediate res 2 5
02-09 18:22:54.785 I/RILC    (  113): qmi_ril(0/113): [main] qcril_qmi_nas_util_convert_nas_srv_status_to_ril_reg_status ... hdr_only_sys_info 0
02-09 18:22:54.785 I/RILC    (  113): qmi_ril(0/113): [main] qcril_qmi_nas_util_convert_nas_srv_status_to_ril_reg_status ... intermediate res 3 5
02-09 18:22:54.785 I/RILC    (  113): qmi_ril(0/113): [main] qcril_qmi_nas_util_convert_nas_srv_status_to_ril_reg_status ... is_sys_forbidden_valid, is_sys_forbidden 1, 0
02-09 18:22:54.785 I/RILC    (  113): qmi_ril(0/113): [main] qcril_qmi_nas_util_convert_nas_srv_status_to_ril_reg_status qcril_qmi_nas_util_convert_nas_srv_status_to_ril_reg_status complete with 5
02-09 18:22:54.785 I/RILC    (  113): qmi_ril(0/113): [main] qcril_qmi_nas_util_convert_nas_srv_status_to_ril_reg_status  qcril_qmi_nas_util_convert_nas_srv_status_to_ril_reg_status entered
02-09 18:22:54.785 D/RILC    (  113): qmi_ril(0/113): [main] qcril_qmi_util_retrieve_srv_status qcril_qmi_util_retrieve_srv_status completed with 0
02-09 18:22:54.785 I/RILC    (  113): qmi_ril(0/113): [main] qcril_qmi_nas_util_convert_nas_srv_status_to_ril_reg_status ... nas_srv_status 0, is_data 0, is_3gpp 0, is_hdr 1
02-09 18:22:54.785 I/RILC    (  113): qmi_ril(0/113): [main] qcril_qmi_nas_util_convert_nas_srv_status_to_ril_reg_status ... intermediate res 1 2
02-09 18:22:54.785 I/RILC    (  113): qmi_ril(0/113): [main] qcril_qmi_nas_util_convert_nas_srv_status_to_ril_reg_status ... common_sys_info 0
02-09 18:22:54.785 I/RILC    (  113): qmi_ril(0/113): [main] qcril_qmi_nas_util_convert_nas_srv_status_to_ril_reg_status ... intermediate res 2 2
02-09 18:22:54.785 I/RILC    (  113): qmi_ril(0/113): [main] qcril_qmi_nas_util_convert_nas_srv_status_to_ril_reg_status ... hdr_only_sys_info 0
02-09 18:22:54.785 I/RILC    (  113): qmi_ril(0/113): [main] qcril_qmi_nas_util_convert_nas_srv_status_to_ril_reg_status ... intermediate res 3 2
02-09 18:22:54.785 I/RILC    (  113): qmi_ril(0/113): [main] qcril_qmi_nas_util_convert_nas_srv_status_to_ril_reg_status qcril_qmi_nas_util_convert_nas_srv_status_to_ril_reg_status complete with 2
02-09 18:22:54.785 I/RILC    (  113): qmi_ril(0/113): [main] qmi_ril_nwr_update_reg_rej_from_sys_info .. 1x reg 5
02-09 18:22:54.785 I/RILC    (  113): qmi_ril(0/113): [main] qmi_ril_nwr_update_reg_rej_from_sys_info .. gsm reg 0
02-09 18:22:54.785 I/RILC    (  113): qmi_ril(0/113): [main] qmi_ril_nwr_update_reg_rej_from_sys_info .. wcdma reg 0
02-09 18:22:54.785 I/RILC    (  113): qmi_ril(0/113): [main] qmi_ril_nwr_update_reg_rej_from_sys_info .. lte reg 0
02-09 18:22:54.785 I/RILC    (  113): qmi_ril(0/113): [main] qmi_ril_nwr_update_reg_rej_from_sys_info .. hdr reg 2
02-09 18:22:54.785 I/RILC    (  113): qmi_ril(0/113): [main] qmi_ril_nwr_update_reg_rej_from_sys_info .. ext info is_reject_case 0, is_managed_roaming 0, reject_cause 0
02-09 18:22:54.785 I/RILC    (  113): qmi_ril(0/113): [main] qmi_ril_nwr_update_reg_rej_from_sys_info .. rte 1 reje CS cs_rejected 0
02-09 18:22:54.785 I/RILC    (  113): qmi_ril(0/113): [main] qmi_ril_nwr_update_reg_rej_from_sys_info .. rte 1 reje CS cs_reject_cause 0
02-09 18:22:54.785 I/RILC    (  113): qmi_ril(0/113): [main] qmi_ril_nwr_util_log_mccmnc_str .. reje mcc - 
02-09 18:22:54.785 I/RILC    (  113): qmi_ril(0/113): [main] qmi_ril_nwr_util_log_mccmnc_str .. reje mnc - 
02-09 18:22:54.785 I/RILC    (  113): qmi_ril(0/113): [main] qmi_ril_nwr_update_reg_rej_from_sys_info .. ext info is_reject_case 0, is_managed_roaming 0, reject_cause 0
02-09 18:22:54.785 I/RILC    (  113): qmi_ril(0/113): [main] qmi_ril_nwr_update_reg_rej_from_sys_info .. rte 2 reje CS cs_rejected 0
02-09 18:22:54.785 I/RILC    (  113): qmi_ril(0/113): [main] qmi_ril_nwr_update_reg_rej_from_sys_info .. rte 2 reje CS cs_reject_cause 0
02-09 18:22:54.785 I/RILC    (  113): qmi_ril(0/113): [main] qmi_ril_nwr_util_log_mccmnc_str .. reje mcc - 
02-09 18:22:54.785 I/RILC    (  113): qmi_ril(0/113): [main] qmi_ril_nwr_util_log_mccmnc_str .. reje mnc - 
02-09 18:22:54.785 I/RILC    (  113): qmi_ril(0/113): [main] qmi_ril_nwr_update_reg_rej_from_sys_info .. ext info is_reject_case 0, is_managed_roaming 0, reject_cause 0
02-09 18:22:54.785 I/RILC    (  113): qmi_ril(0/113): [main] qmi_ril_nwr_update_reg_rej_from_sys_info .. rte 3 reje CS cs_rejected 0
02-09 18:22:54.785 I/RILC    (  113): qmi_ril(0/113): [main] qmi_ril_nwr_update_reg_rej_from_sys_info .. rte 3 reje CS cs_reject_cause 0
02-09 18:22:54.785 I/RILC    (  113): qmi_ril(0/113): [main] qmi_ril_nwr_util_log_mccmnc_str .. reje mcc - 
02-09 18:22:54.785 I/RILC    (  113): qmi_ril(0/113): [main] qmi_ril_nwr_util_log_mccmnc_str .. reje mnc - 
02-09 18:22:54.785 I/RILC    (  113): qmi_ril(0/113): [main] qmi_ril_nwr_update_reg_rej_from_sys_info .. ext info is_reject_case 0, is_managed_roaming 0, reject_cause 0
02-09 18:22:54.785 I/RILC    (  113): qmi_ril(0/113): [main] qmi_ril_nwr_update_reg_rej_from_sys_info .. rte 4 reje CS cs_rejected 0
02-09 18:22:54.785 I/RILC    (  113): qmi_ril(0/113): [main] qmi_ril_nwr_update_reg_rej_from_sys_info .. rte 4 reje CS cs_reject_cause 0
02-09 18:22:54.785 I/RILC    (  113): qmi_ril(0/113): [main] qmi_ril_nwr_util_log_mccmnc_str .. reje mcc - 
02-09 18:22:54.785 I/RILC    (  113): qmi_ril(0/113): [main] qmi_ril_nwr_util_log_mccmnc_str .. reje mnc - 
02-09 18:22:54.785 I/RILC    (  113): qmi_ril(0/113): [main] qmi_ril_nwr_update_reg_rej_from_sys_info .. ext info is_reject_case 0, is_managed_roaming 0, reject_cause 0
02-09 18:22:54.785 I/RILC    (  113): qmi_ril(0/113): [main] qmi_ril_nwr_update_reg_rej_from_sys_info .. rte 5 reje CS cs_rejected 0
02-09 18:22:54.785 I/RILC    (  113): qmi_ril(0/113): [main] qmi_ril_nwr_update_reg_rej_from_sys_info .. rte 5 reje CS cs_reject_cause 0
02-09 18:22:54.785 I/RILC    (  113): qmi_ril(0/113): [main] qmi_ril_nwr_util_log_mccmnc_str .. reje mcc - 
02-09 18:22:54.785 I/RILC    (  113): qmi_ril(0/113): [main] qmi_ril_nwr_util_log_mccmnc_str .. reje mnc - 
02-09 18:22:54.785 I/RILC    (  113): qmi_ril(0/113): [main] qcril_qmi_nas_util_convert_nas_srv_status_to_ril_reg_status  qcril_qmi_nas_util_convert_nas_srv_status_to_ril_reg_status entered
02-09 18:22:54.785 D/RILC    (  113): qmi_ril(0/113): [main] qcril_qmi_util_retrieve_srv_status qcril_qmi_util_retrieve_srv_status completed with 2
02-09 18:22:54.785 I/RILC    (  113): qmi_ril(0/113): [main] qcril_qmi_nas_util_convert_nas_srv_status_to_ril_reg_status ... nas_srv_status 2, is_data 1, is_3gpp 0, is_hdr 0
02-09 18:22:54.785 I/RILC    (  113): qmi_ril(0/113): [main] qcril_qmi_nas_util_convert_nas_srv_status_to_ril_reg_status ... intermediate res 1 5
02-09 18:22:54.785 I/RILC    (  113): qmi_ril(0/113): [main] qcril_qmi_nas_util_convert_nas_srv_status_to_ril_reg_status ... common_sys_info 89032
02-09 18:22:54.785 I/RILC    (  113): qmi_ril(0/113): [main] qcril_qmi_nas_util_convert_nas_srv_status_to_ril_reg_status ... srv_capability_valid, srv_capability 1, 3
02-09 18:22:54.785 I/RILC    (  113): qmi_ril(0/113): [main] qcril_qmi_nas_util_convert_nas_srv_status_to_ril_reg_status ... srv_domain_valid, srv_domain 1, 3
02-09 18:22:54.785 I/RILC    (  113): qmi_ril(0/113): [main] qcril_qmi_nas_util_convert_nas_srv_status_to_ril_reg_status ... intermediate res 2 5
02-09 18:22:54.785 I/RILC    (  113): qmi_ril(0/113): [main] qcril_qmi_nas_util_convert_nas_srv_status_to_ril_reg_status ... hdr_only_sys_info 0
02-09 18:22:54.785 I/RILC    (  113): qmi_ril(0/113): [main] qcril_qmi_nas_util_convert_nas_srv_status_to_ril_reg_status ... intermediate res 3 5
02-09 18:22:54.785 I/RILC    (  113): qmi_ril(0/113): [main] qcril_qmi_nas_util_convert_nas_srv_status_to_ril_reg_status ... is_sys_forbidden_valid, is_sys_forbidden 1, 0
02-09 18:22:54.785 I/RILC    (  113): qmi_ril(0/113): [main] qcril_qmi_nas_util_convert_nas_srv_status_to_ril_reg_status qcril_qmi_nas_util_convert_nas_srv_status_to_ril_reg_status complete with 5
02-09 18:22:54.785 I/RILC    (  113): qmi_ril(0/113): [main] qcril_qmi_nas_util_convert_nas_srv_status_to_ril_reg_status  qcril_qmi_nas_util_convert_nas_srv_status_to_ril_reg_status entered
02-09 18:22:54.785 D/RILC    (  113): qmi_ril(0/113): [main] qcril_qmi_util_retrieve_srv_status qcril_qmi_util_retrieve_srv_status completed with 0
02-09 18:22:54.785 I/RILC    (  113): qmi_ril(0/113): [main] qcril_qmi_nas_util_convert_nas_srv_status_to_ril_reg_status ... nas_srv_status 0, is_data 1, is_3gpp 0, is_hdr 1
02-09 18:22:54.785 I/RILC    (  113): qmi_ril(0/113): [main] qcril_qmi_nas_util_convert_nas_srv_status_to_ril_reg_status ... intermediate res 1 2
02-09 18:22:54.785 I/RILC    (  113): qmi_ril(0/113): [main] qcril_qmi_nas_util_convert_nas_srv_status_to_ril_reg_status ... common_sys_info 0
02-09 18:22:54.785 I/RILC    (  113): qmi_ril(0/113): [main] qcril_qmi_nas_util_convert_nas_srv_status_to_ril_reg_status ... intermediate res 2 2
02-09 18:22:54.785 I/RILC    (  113): qmi_ril(0/113): [main] qcril_qmi_nas_util_convert_nas_srv_status_to_ril_reg_status ... hdr_only_sys_info 0
02-09 18:22:54.785 I/RILC    (  113): qmi_ril(0/113): [main] qcril_qmi_nas_util_convert_nas_srv_status_to_ril_reg_status ... intermediate res 3 2
02-09 18:22:54.785 I/RILC    (  113): qmi_ril(0/113): [main] qcril_qmi_nas_util_convert_nas_srv_status_to_ril_reg_status qcril_qmi_nas_util_convert_nas_srv_status_to_ril_reg_status complete with 2
02-09 18:22:54.785 I/RILC    (  113): qmi_ril(0/113): [main] qmi_ril_nwr_update_reg_rej_from_sys_info .. 1x reg data 5
02-09 18:22:54.785 I/RILC    (  113): qmi_ril(0/113): [main] qmi_ril_nwr_update_reg_rej_from_sys_info .. gsm reg data 0
02-09 18:22:54.785 I/RILC    (  113): qmi_ril(0/113): [main] qmi_ril_nwr_update_reg_rej_from_sys_info .. wcdma reg data  0
02-09 18:22:54.785 I/RILC    (  113): qmi_ril(0/113): [main] qmi_ril_nwr_update_reg_rej_from_sys_info .. lte reg data 0
02-09 18:22:54.785 I/RILC    (  113): qmi_ril(0/113): [main] qmi_ril_nwr_update_reg_rej_from_sys_info .. hdr reg data 2
02-09 18:22:54.785 I/RILC    (  113): qmi_ril(0/113): [main] qmi_ril_nwr_update_reg_rej_from_sys_info .. rte 1 reje PS ps_rejected 0
02-09 18:22:54.785 I/RILC    (  113): qmi_ril(0/113): [main] qmi_ril_nwr_update_reg_rej_from_sys_info .. rte 1 reje PS ps_reject_cause 0
02-09 18:22:54.785 I/RILC    (  113): qmi_ril(0/113): [main] qmi_ril_nwr_util_log_mccmnc_str .. data reje mcc - 
02-09 18:22:54.785 I/RILC    (  113): qmi_ril(0/113): [main] qmi_ril_nwr_util_log_mccmnc_str .. data reje mnc - 
02-09 18:22:54.785 I/RILC    (  113): qmi_ril(0/113): [main] qmi_ril_nwr_update_reg_rej_from_sys_info .. rte 2 reje PS ps_rejected 0
02-09 18:22:54.785 I/RILC    (  113): qmi_ril(0/113): [main] qmi_ril_nwr_update_reg_rej_from_sys_info .. rte 2 reje PS ps_reject_cause 0
02-09 18:22:54.785 I/RILC    (  113): qmi_ril(0/113): [main] qmi_ril_nwr_util_log_mccmnc_str .. data reje mcc - 
02-09 18:22:54.785 I/RILC    (  113): qmi_ril(0/113): [main] qmi_ril_nwr_util_log_mccmnc_str .. data reje mnc - 
02-09 18:22:54.785 I/RILC    (  113): qmi_ril(0/113): [main] qmi_ril_nwr_update_reg_rej_from_sys_info .. rte 3 reje PS ps_rejected 0
02-09 18:22:54.785 I/RILC    (  113): qmi_ril(0/113): [main] qmi_ril_nwr_update_reg_rej_from_sys_info .. rte 3 reje PS ps_reject_cause 0
02-09 18:22:54.785 I/RILC    (  113): qmi_ril(0/113): [main] qmi_ril_nwr_util_log_mccmnc_str .. data reje mcc - 
02-09 18:22:54.785 I/RILC    (  113): qmi_ril(0/113): [main] qmi_ril_nwr_util_log_mccmnc_str .. data reje mnc - 
02-09 18:22:54.785 I/RILC    (  113): qmi_ril(0/113): [main] qmi_ril_nwr_update_reg_rej_from_sys_info .. rte 4 reje PS ps_rejected 0
02-09 18:22:54.785 I/RILC    (  113): qmi_ril(0/113): [main] qmi_ril_nwr_update_reg_rej_from_sys_info .. rte 4 reje PS ps_reject_cause 0
02-09 18:22:54.785 I/RILC    (  113): qmi_ril(0/113): [main] qmi_ril_nwr_util_log_mccmnc_str .. data reje mcc - 
02-09 18:22:54.785 I/RILC    (  113): qmi_ril(0/113): [main] qmi_ril_nwr_util_log_mccmnc_str .. data reje mnc - 
02-09 18:22:54.785 I/RILC    (  113): qmi_ril(0/113): [main] qmi_ril_nwr_update_reg_rej_from_sys_info .. rte 5 reje PS ps_rejected 0
02-09 18:22:54.785 I/RILC    (  113): qmi_ril(0/113): [main] qmi_ril_nwr_update_reg_rej_from_sys_info .. rte 5 reje PS ps_reject_cause 0
02-09 18:22:54.785 I/RILC    (  113): qmi_ril(0/113): [main] qmi_ril_nwr_util_log_mccmnc_str .. data reje mcc - 
02-09 18:22:54.785 I/RILC    (  113): qmi_ril(0/113): [main] qmi_ril_nwr_util_log_mccmnc_str .. data reje mnc - 
02-09 18:22:54.785 I/RILC    (  113): qmi_ril(0/113): [main] qmi_ril_nwr_update_reg_rej_from_sys_info qmi_ril_nwr_update_reg_rej_from_sys_info completed
02-09 18:22:54.785 I/RILC    (  113): qmi_ril(0/113): [main] qcril_qmi_nas_fetch_sys_info qcril_qmi_nas_fetch_sys_info res 0 
02-09 18:22:54.785 I/RILC    (  113): qmi_ril(0/113): [main] qcril_qmi_nas_request_registration_state qcril_qmi_nas_request_registration_state forming response
02-09 18:22:54.785 I/RILC    (  113): qmi_ril(0/113): [main] qcril_qmi_nas_request_registration_state ***zyj*** qcril_qmi_nas_request_registration_state nas_cached_info.serving_system->registration_state=1
02-09 18:22:54.785 I/RILC    (  113): qmi_ril(0/113): [main] qcril_qmi_nas_request_registration_state pre - cur reg state 1
02-09 18:22:54.785 I/RILC    (  113): qmi_ril(0/113): [main] qcril_qmi_nas_request_registration_state qcril_qmi_nas_request_registration_state cur reg state 1
02-09 18:22:54.785 I/RILC    (  113): qmi_ril(0/113): [main] qcril_qmi_nas_is_in_service_of_technology qcril_qmi_nas_is_in_service_of_technology entered
02-09 18:22:54.785 I/RILC    (  113): qmi_ril(0/113): [main] qcril_qmi_nas_is_in_service_of_technology qcril_qmi_nas_is_in_service_of_technology completed with 0
02-09 18:22:54.785 I/RILC    (  113): qmi_ril(0/113): [main] qcril_qmi_nas_is_in_service_of_technology qcril_qmi_nas_is_in_service_of_technology entered
02-09 18:22:54.785 I/RILC    (  113): qmi_ril(0/113): [main] qcril_qmi_nas_is_in_service_of_technology qcril_qmi_nas_is_in_service_of_technology completed with 0
02-09 18:22:54.785 I/RILC    (  113): qmi_ril(0/113): [main] qcril_qmi_nas_request_registration_state .. cdma p_rev valid 1
02-09 18:22:54.785 I/RILC    (  113): qmi_ril(0/113): [main] qcril_qmi_nas_request_registration_state .. cdma p_rev 6
02-09 18:22:54.785 I/RILC    (  113): qmi_ril(0/113): [main] qcril_qmi_nas_is_in_service_of_technology qcril_qmi_nas_is_in_service_of_technology entered
02-09 18:22:54.785 I/RILC    (  113): qmi_ril(0/113): [main] qcril_qmi_nas_is_in_service_of_technology qcril_qmi_nas_is_in_service_of_technology completed with 1
02-09 18:22:54.785 I/RILC    (  113): qmi_ril(0/113): [main] qcril_qmi_nas_request_registration_state .. rg 0 - 1
02-09 18:22:54.785 I/RILC    (  113): qmi_ril(0/113): [main] qcril_qmi_nas_request_registration_state .. rg 1 - 
02-09 18:22:54.785 I/RILC    (  113): qmi_ril(0/113): [main] qcril_qmi_nas_request_registration_state .. rg 2 - 
02-09 18:22:54.785 I/RILC    (  113): qmi_ril(0/113): [main] qcril_qmi_nas_request_registration_state .. rg 3 - 6
02-09 18:22:54.785 I/RILC    (  113): qmi_ril(0/113): [main] qcril_qmi_nas_request_registration_state .. rg 4 - 4721
02-09 18:22:54.785 I/RILC    (  113): qmi_ril(0/113): [main] qcril_qmi_nas_request_registration_state .. rg 5 - 560455
02-09 18:22:54.785 I/RILC    (  113): qmi_ril(0/113): [main] qcril_qmi_nas_request_registration_state .. rg 6 - -1362815
02-09 18:22:54.785 I/RILC    (  113): qmi_ril(0/113): [main] qcril_qmi_nas_request_registration_state .. rg 7 - 0
02-09 18:22:54.785 I/RILC    (  113): qmi_ril(0/113): [main] qcril_qmi_nas_request_registration_state .. rg 8 - 4139
02-09 18:22:54.785 I/RILC    (  113): qmi_ril(0/113): [main] qcril_qmi_nas_request_registration_state .. rg 9 - 41
02-09 18:22:54.785 I/RILC    (  113): qmi_ril(0/113): [main] qcril_qmi_nas_request_registration_state .. rg 10 - 1
02-09 18:22:54.785 I/RILC    (  113): qmi_ril(0/113): [main] qcril_qmi_nas_request_registration_state .. rg 11 - 1
02-09 18:22:54.785 I/RILC    (  113): qmi_ril(0/113): [main] qcril_qmi_nas_request_registration_state .. rg 12 - 160
02-09 18:22:54.785 I/RILC    (  113): qmi_ril(0/113): [main] qcril_qmi_nas_request_registration_state .. rg 13 - 0
02-09 18:22:54.785 I/RILC    (  113): qmi_ril(0/113): [main] qcril_qmi_nas_request_registration_state .. rg 14 - 0
02-09 18:22:54.785 I/RILC    (  113): qmi_ril(0/113): [main] qcril_reqlist_find [RID 0] Not found ReqList entry : token id 2456
02-09 18:22:54.785 D/RILC    (  113): qmi_ril(0/113): [main] qcril_send_request_response UI <--- RIL_REQUEST_REGISTRATION_STATE (20) Complete --- RIL [RID 0, Token 2456, Success, Len 60 ]
02-09 18:22:54.796 D/RILJ    (27234): [2456]< REGISTRATION_STATE {1,null,null,6,4721,560455,-1362815,0,4139,41,1,1,160,0,0}
02-09 18:22:54.796 I/RILC    (  113): qmi_ril(0/113): [main] qcril_qmi_nas_request_registration_state .. need to report cs/ps bar 0
02-09 18:22:54.796 I/RILC    (  113): qmi_ril(0/113): [main] qcril_qmi_nas_request_registration_state qcril_qmi_nas_request_registration_state completed with 0
02-09 18:22:54.796 D/RILC    (  113): qmi_ril(0/113): [main] onRequest UI --- RIL_REQUEST_DATA_REGISTRATION_STATE (21) ---> RIL [RID 0, token id 2457, data len 0]
02-09 18:22:54.796 I/RILC    (  113): qmi_ril(0/113): [main] qcril_qmi_nas_request_data_registration_state qcril_qmi_nas_request_data_registration_state entered
02-09 18:22:54.796 I/RILC    (  113): qmi_ril(0/113): [main] qcril_qmi_nas_is_in_service_of_technology qcril_qmi_nas_is_in_service_of_technology entered
02-09 18:22:54.796 I/RILC    (  113): qmi_ril(0/113): [main] qcril_qmi_nas_is_in_service_of_technology qcril_qmi_nas_is_in_service_of_technology completed with 0
02-09 18:22:54.796 I/RILC    (  113): qmi_ril(0/113): [main] qcril_qmi_nas_is_in_service_of_technology qcril_qmi_nas_is_in_service_of_technology entered
02-09 18:22:54.796 I/RILC    (  113): qmi_ril(0/113): [main] qcril_qmi_nas_is_in_service_of_technology qcril_qmi_nas_is_in_service_of_technology completed with 1
02-09 18:22:54.796 I/RILC    (  113): qmi_ril(0/113): [main] qcril_qmi_util_convert_qmi_response_codes_to_ril_result_ex qcril_qmi_util_convert_qmi_response_codes_to_ril_result_ex ctx check 0
02-09 18:22:54.796 I/RILC    (  113): qmi_ril(0/113): [main] qcril_qmi_voice_technology_updated qcril_qmi_voice_technology_updated entered
02-09 18:22:54.796 I/RILC    (  113): qmi_ril(0/113): [main] qcril_qmi_voice_technology_updated ..nas_cached_info.serving_system valid 1
02-09 18:22:54.796 I/RILC    (  113): qmi_ril(0/113): [main] qcril_qmi_voice_technology_updated .. selected NW 1
02-09 18:22:54.796 I/RILC    (  113): qmi_ril(0/113): [main] qcril_qmi_voice_technology_updated .. NW state 1
02-09 18:22:54.796 I/RILC    (  113): qmi_ril(0/113): [main] qcril_qmi_mgr_voice_technology_updated qcril_qmi_mgr_voice_technology_updated entered
02-09 18:22:54.796 I/RILC    (  113): qmi_ril(0/113): [main] qcril_qmi_mgr_voice_technology_updated qcril_qmi_mgr_voice_technology_updated left 2
02-09 18:22:54.796 I/RILC    (  113): qmi_ril(0/113): [main] qcril_qmi_voice_technology_updated qcril_qmi_voice_technology_updated completed for 2
02-09 18:22:54.796 I/RILC    (  113): qmi_ril(0/113): [main] qmi_ril_nwr_update_reg_rej_legacy qmi_ril_nwr_update_reg_rej_legacy entered
02-09 18:22:54.796 I/RILC    (  113): qmi_ril(0/113): [main] qmi_ril_nwr_update_reg_rej_legacy .. ss srv reg state 1
02-09 18:22:54.796 I/RILC    (  113): qmi_ril(0/113): [main] qmi_ril_nwr_update_reg_rej_legacy .. reje CS cs_rejected 0
02-09 18:22:54.796 I/RILC    (  113): qmi_ril(0/113): [main] qmi_ril_nwr_update_reg_rej_legacy .. reje CS cs_reject_cause 0
02-09 18:22:54.796 I/RILC    (  113): qmi_ril(0/113): [main] qmi_ril_nwr_update_reg_rej_legacy .. reje PS ps_rejected 0
02-09 18:22:54.796 I/RILC    (  113): qmi_ril(0/113): [main] qmi_ril_nwr_update_reg_rej_legacy .. reje PS ps_reject_cause 0
02-09 18:22:54.796 I/RILC    (  113): qmi_ril(0/113): [main] qmi_ril_nwr_util_log_mccmnc_str .. reje mcc - 
02-09 18:22:54.796 I/RILC    (  113): qmi_ril(0/113): [main] qmi_ril_nwr_util_log_mccmnc_str .. reje mnc - 
02-09 18:22:54.796 I/RILC    (  113): qmi_ril(0/113): [main] qmi_ril_nwr_update_reg_rej_legacy qmi_ril_nwr_update_reg_rej_legacy completed
02-09 18:22:54.796 I/RILC    (  113): qmi_ril(0/113): [main] qcril_qmi_nas_fetch_serving_system_info qcril_qmi_nas_fetch_serving_system_info res 0 
02-09 18:22:54.796 I/RILC    (  113): qmi_ril(0/113): [main] qcril_qmi_nas_request_data_registration_state  ... QMI NAS reg_state 1
02-09 18:22:54.796 I/RILC    (  113): qmi_ril(0/113): [main] qcril_qmi_nas_request_data_registration_state  ... cache valid for data_caps 1
02-09 18:22:54.796 I/RILC    (  113): qmi_ril(0/113): [main] qcril_qmi_nas_request_data_registration_state  ... cache valid for data_caps_len 1
02-09 18:22:54.796 I/RILC    (  113): qmi_ril(0/113): [main] qcril_qmi_nas_request_data_registration_state  ... ps attach state 1
02-09 18:22:54.796 I/RILC    (  113): qmi_ril(0/113): [main] qcril_qmi_nas_request_data_registration_state Xinjingqcril_qmi_nas_request_data_registration_state cur reg state 1
02-09 18:22:54.796 I/RILC    (  113): qmi_ril(0/113): [main] qcril_qmi_nas_request_data_registration_state .. pre  cur reg state 1
02-09 18:22:54.796 I/RILC    (  113): qmi_ril(0/113): [main] qcril_qmi_nas_request_data_registration_state qcril_qmi_nas_request_data_registration_state cur reg state 1
02-09 18:22:54.796 I/RILC    (  113): qmi_ril(0/113): [main] qcril_qmi_nas_is_in_service_of_technology qcril_qmi_nas_is_in_service_of_technology entered
02-09 18:22:54.796 I/RILC    (  113): qmi_ril(0/113): [main] qcril_qmi_nas_is_in_service_of_technology qcril_qmi_nas_is_in_service_of_technology completed with 0
02-09 18:22:54.796 I/RILC    (  113): qmi_ril(0/113): [main] qcril_qmi_nas_is_in_service_of_technology qcril_qmi_nas_is_in_service_of_technology entered
02-09 18:22:54.796 I/RILC    (  113): qmi_ril(0/113): [main] qcril_qmi_nas_is_in_service_of_technology qcril_qmi_nas_is_in_service_of_technology completed with 0
02-09 18:22:54.796 I/RILC    (  113): qmi_ril(0/113): [main] qcril_qmi_nas_request_data_registration_state .. data caps 1, 1
02-09 18:22:54.796 I/RILC    (  113): qmi_ril(0/113): [main] qcril_qmi_nas_request_data_registration_state .. detailed info val 1
02-09 18:22:54.796 I/RILC    (  113): qmi_ril(0/113): [main] qcril_qmi_nas_request_data_registration_state .. detailed info srv_cap 3
02-09 18:22:54.796 I/RILC    (  113): qmi_ril(0/113): [main] qcril_qmi_nas_request_data_registration_state .. legacy data cap 6
02-09 18:22:54.796 I/RILC    (  113): qmi_ril(0/113): [main] qcril_qmi_nas_request_data_registration_state .. final legacy data cap 6
02-09 18:22:54.796 I/RILC    (  113): qmi_ril(0/113): [main] qcril_qmi_nas_request_data_registration_state .. cdma p_rev valid 1
02-09 18:22:54.796 I/RILC    (  113): qmi_ril(0/113): [main] qcril_qmi_nas_request_data_registration_state .. cdma p_rev 6
02-09 18:22:54.796 I/RILC    (  113): qmi_ril(0/113): [main] qcril_qmi_nas_request_data_registration_state .. ehrpd adjustment check 6
02-09 18:22:54.796 I/RILC    (  113): qmi_ril(0/113): [main] qcril_qmi_nas_request_data_registration_state .. rg 0 - 1
02-09 18:22:54.796 I/RILC    (  113): qmi_ril(0/113): [main] qcril_qmi_nas_request_data_registration_state .. rg 1 - 
02-09 18:22:54.796 I/RILC    (  113): qmi_ril(0/113): [main] qcril_qmi_nas_request_data_registration_state .. rg 2 - 
02-09 18:22:54.796 I/RILC    (  113): qmi_ril(0/113): [main] qcril_qmi_nas_request_data_registration_state .. rg 3 - 6
02-09 18:22:54.796 I/RILC    (  113): qmi_ril(0/113): [main] qcril_qmi_nas_request_data_registration_state .. rg 4 - 0
02-09 18:22:54.796 I/RILC    (  113): qmi_ril(0/113): [main] qcril_qmi_nas_request_data_registration_state .. rg 5 - 20
02-09 18:22:54.796 I/RILC    (  113): qmi_ril(0/113): [main] qcril_reqlist_find [RID 0] Not found ReqList entry : token id 2457
02-09 18:22:54.796 D/RILC    (  113): qmi_ril(0/113): [main] qcril_send_request_response UI <--- RIL_REQUEST_DATA_REGISTRATION_STATE (21) Complete --- RIL [RID 0, Token 2457, Success, Len 24 ]
02-09 18:22:54.796 D/RILJ    (27234): [2457]< DATA_REGISTRATION_STATE {1,null,null,6,0,20}
02-09 18:22:54.796 I/RILC    (  113): qmi_ril(0/113): [main] qcril_qmi_nas_request_data_registration_state qcril_qmi_nas_request_data_registration_state complete with 0
02-09 18:22:54.826 D/CDMA    (27234): [CdmaServiceStateTracker] ***zyj*** roamingstaus:1
02-09 18:22:54.826 D/CDMA    (27234): [CdmaServiceStateTracker] ***zyj*** namMatch && mIsInPrll
02-09 18:22:54.826 D/CDMA    (27234): [CdmaServiceStateTracker] ***zyj*** ind <=2 set ind off
02-09 18:22:54.826 D/CDMA    (27234): [CdmaServiceStateTracker] Set CDMA Roaming Indicator to: 1. mCdmaRoaming = false, isPrlLoaded = true. namMatch = true , mIsInPrl = true, mRoamingIndicator = 1, mDefaultRoamingIndicator= 160
02-09 18:22:54.826 D/CDMA    (27234): [CdmaServiceStateTracker] Poll ServiceState done: oldSS=[0 home Sprint  310099  1xRTT CSS not supported 41 4139RoamInd: 1RoamStatus(sprint): 1DefRoamInd: 160EmergOnly: false] newSS=[0 home null  310099  1xRTT CSS not supported 41 4139RoamInd: 1RoamStatus(sprint): 1DefRoamInd: 160EmergOnly: false]
02-09 18:22:55.796 D/CDMA    (27234): [CdmaCallTracker] update phone state, old=IDLE new=IDLE
02-09 18:22:56.277 D/RILJ    (27234): [2458]> SCREEN_STATE: false
02-09 18:22:56.277 D/RILC    (  113): qmi_ril(0/113): [main] onRequest UI --- RIL_REQUEST_SCREEN_STATE (61) ---> RIL [RID 0, token id 2458, data len 4]
02-09 18:22:56.277 I/RILC    (  113): qmi_ril(0/113): [main] qcril_qmi_nas_request_screen_state qcril_qmi_nas_request_screen_state entered 
02-09 18:22:56.277 I/RILC    (  113): qmi_ril(0/113): [main] qcril_qmi_util_enable_networking_indications qcril_qmi_util_enable_networking_indications, param 0 
02-09 18:22:56.287 I/RILC    (  113): qmi_ril(0/113): [main] qcril_qmi_util_convert_qmi_response_codes_to_ril_result_ex qcril_qmi_util_convert_qmi_response_codes_to_ril_result_ex ctx check 0
02-09 18:22:56.287 I/RILC    (  113): qmi_ril(0/113): [main] qcril_qmi_util_enable_networking_indications .. requested nas event report 0, 0
02-09 18:22:56.287 I/RILC    (  113): qmi_ril(0/113): [main] qcril_qmi_util_convert_qmi_response_codes_to_ril_result_ex qcril_qmi_util_convert_qmi_response_codes_to_ril_result_ex ctx check 0
02-09 18:22:56.287 I/RILC    (  113): qmi_ril(0/113): [main] qcril_qmi_util_enable_networking_indications .. requested nas indication reports 0, 0
02-09 18:22:56.287 I/RILC    (  113): qmi_ril(0/113): [main] qcril_qmi_util_enable_networking_indications qcril_qmi_util_enable_networking_indications completed with 0
02-09 18:22:56.287 I/RILC    (  113): qmi_ril(0/113): [main] qcril_data_toggle_dormancy_indications >>>>>> LOCK QCRIL_DATA MUTEX 80211bd4
02-09 18:22:56.287 I/RILC    (  113): qmi_ril(0/113): [main] qcril_data_toggle_dormancy_indications LOCK QCRIL_DATA MUTEX 80211bd4 result=0
02-09 18:22:56.287 D/RILC    (  113): qmi_ril(0/113): [main] qcril_data_toggle_dormancy_indications Switch ON/OFF dormancy indications on all active interfaces
02-09 18:22:56.287 D/RILC    (  113): qmi_ril(0/113): [main] qcril_data_toggle_dormancy_indications selected index = 0
02-09 18:22:56.287 D/RILC    (  113): qmi_ril(0/113): [main] qcril_data_iface_ioctl setting dormancy event report on wds client [1048832]
02-09 18:22:56.287 I/RILC    (  113): qmi_ril(0/113): [main] qcril_data_toggle_dormancy_indications <<<<<< UNLOCK QCRIL_DATA MUTEX 80211bd4
02-09 18:22:56.287 I/RILC    (  113): qmi_ril(0/113): [main] qcril_data_toggle_dormancy_indications UNLOCK QCRIL_DATA MUTEX 80211bd4 result=0
02-09 18:22:56.287 I/RILC    (  113): qmi_ril(0/113): [main] qcril_data_toggle_dormancy_indications qcril_data_toggle_dormancy_indications: EXIT with SUCCESS
02-09 18:22:56.287 I/RILC    (  113): qmi_ril(0/113): [main] qcril_qmi_nas_request_screen_state .. data dormancy req 1, 0
02-09 18:22:56.287 I/RILC    (  113): qmi_ril(0/113): [main] qcril_reqlist_find [RID 0] Not found ReqList entry : token id 2458
02-09 18:22:56.287 D/RILC    (  113): qmi_ril(0/113): [main] qcril_send_request_response UI <--- RIL_REQUEST_SCREEN_STATE (61) Complete --- RIL [RID 0, Token 2458, Success, Len 0 ]
