02-09 18:22:11.613 I/RILC    (  113): qmi_ril(0/113): [event] qcril_qmi_nas_dump_sign_strength_report ..CDMA
02-09 18:22:11.613 I/RILC    (  113): qmi_ril(0/113): [event] qcril_qmi_nas_dump_sign_strength_report .. dbm 95, ecio 70 
02-09 18:22:11.613 I/RILC    (  113): qmi_ril(0/113): [event] qcril_qmi_nas_dump_sign_strength_report ..EVDO
02-09 18:22:11.613 I/RILC    (  113): qmi_ril(0/113): [event] qcril_qmi_nas_dump_sign_strength_report .. dbm 105, ecio 75, signalNoiseRatio 6
02-09 18:22:11.613 I/RILC    (  113): qmi_ril(0/113): [event] qcril_qmi_nas_dump_sign_strength_report ..LTE
02-09 18:22:11.613 I/RILC    (  113): qmi_ril(0/113): [event] qcril_qmi_nas_dump_sign_strength_report .. signalStrength 99, rsrp 2147483647, rsrq 2147483647, rsnnr 2147483647
02-09 18:22:11.613 I/RILC    (  113): qmi_ril(0/113): [event] qcril_qmi_nas_dump_sign_strength_report qcril_qmi_nas_dump_sign_strength_report completed
02-09 18:22:11.613 I/RILC    (  113): qmi_ril(0/113): [event] qcril_qmi_nas_propagate_known_signal_strength_ind .. conf res 0
02-09 18:22:11.613 D/RILC    (  113): qmi_ril(0/113): [event] qcril_send_unsol_response UI <--- RIL_UNSOL_SIGNAL_STRENGTH (1009) --- RIL [RID 0, Len 48, (null)]
02-09 18:22:11.613 I/RILC    (  113): qmi_ril(0/113): [event] qcril_qmi_nas_propagate_known_signal_strength_ind qcril_qmi_nas_propagate_known_signal_strength_ind completed 0
02-09 18:22:11.613 I/RILC    (  113): qmi_ril(0/113): [event] qcril_process_event Exit qcril_process_event() : <Unknown event> ?, err_no 0
02-09 18:22:11.613 D/RILC    (  113): qmi_ril(0/113): [event] qcril_event_main qcril_event_main(): Waiting...
02-09 18:22:11.854 I/RILC    (  113): qmi_ril(0/113): [qmi_cb] qcril_qmi_voice_unsol_ind_cb .. operational state 3
02-09 18:22:11.854 I/RILC    (  113): qmi_ril(0/113): [qmi_cb] qcril_qmi_voice_all_call_status_ind_hdlr qcril_qmi_voice_all_call_status_ind_hdlr entered
02-09 18:22:11.864 I/RILC    (  113): qmi_ril(0/113): [qmi_cb] qcril_qmi_voice_all_call_status_ind_hdlr qcril_qmi_voice_all_call_status_ind_hdlr - Call state 2, IsMT=2
02-09 18:22:11.864 I/RILC    (  113): qmi_ril(0/113): [qmi_cb] qcril_qmi_voice_all_call_status_ind_hdlr Call state INCOMING for conn id 1
02-09 18:22:11.864 I/RILC    (  113): qmi_ril(0/113): [qmi_cb] qcril_qmi_voice_voip_find_call_info_entry_by_call_qmi_id qcril_qmi_voice_voip_find_call_info_entry_by_call_qmi_id entry with id 1
02-09 18:22:11.864 I/RILC    (  113): qmi_ril(0/113): [qmi_cb] qcril_qmi_voice_voip_find_call_info_entry_by_call_qmi_id qcril_qmi_voice_voip_find_call_info_entry_by_call_qmi_id completing with res 0
02-09 18:22:11.864 I/RILC    (  113): qmi_ril(0/113): [qmi_cb] qcril_qmi_voice_voip_allocate_call_android_id qcril_qmi_voice_voip_allocate_call_android_id returns res 0 and id 1
02-09 18:22:11.864 I/RILC    (  113): qmi_ril(0/113): [qmi_cb] qcril_qmi_voice_voip_create_call_info_entry qcril_qmi_voice_voip_call_info_entry_type returning entry 109336, call android id 1
02-09 18:22:11.864 I/RILC    (  113): qmi_ril(0/113): [qmi_cb] qcril_qmi_voice_voip_update_call_info_entry_mainstream qcril_qmi_voice_voip_update_call_info_entry_mainstream entry with param 109336
02-09 18:22:11.864 I/RILC    (  113): qmi_ril(0/113): [qmi_cb] qcril_qmi_voice_voip_update_call_info_entry_mainstream call android id 1, call qmi id 1
02-09 18:22:11.864 I/RILC    (  113): qmi_ril(0/113): [qmi_cb] qcril_qmi_voice_voip_update_call_info_entry_mainstream .. call state 2, call type 0
02-09 18:22:11.864 I/RILC    (  113): qmi_ril(0/113): [qmi_cb] qcril_qmi_voice_voip_update_call_info_entry_mainstream qcril_qmi_voice_voip_update_call_info_entry_mainstream completed
02-09 18:22:11.864 I/RILC    (  113): qmi_ril(0/113): [qmi_cb] qcril_qmi_voice_all_call_status_ind_hdlr -- final call dump start --
02-09 18:22:11.864 I/RILC    (  113): qmi_ril(0/113): [qmi_cb] qcril_qmi_voice_all_call_status_ind_hdlr - dumping call 1 out of 1
02-09 18:22:11.864 I/RILC    (  113): qmi_ril(0/113): [qmi_cb] qcril_qmi_voice_voip_call_info_dump qcril_qmi_voice_voip_call_info_dump entry with param 109336
02-09 18:22:11.864 I/RILC    (  113): qmi_ril(0/113): [qmi_cb] qcril_qmi_voice_voip_call_info_dump .. call android id 1, call qmi id 1
02-09 18:22:11.864 I/RILC    (  113): qmi_ril(0/113): [qmi_cb] qcril_qmi_voice_voip_call_info_dump .. elaboration 140002 hex
02-09 18:22:11.864 I/RILC    (  113): qmi_ril(0/113): [qmi_cb] qcril_qmi_voice_voip_call_info_dump .. call state 2, call type 0
02-09 18:22:11.864 I/RILC    (  113): qmi_ril(0/113): [qmi_cb] qcril_qmi_voice_voip_call_info_dump qcril_qmi_voice_voip_call_info_dump completed
02-09 18:22:11.864 I/RILC    (  113): qmi_ril(0/113): [qmi_cb] qcril_qmi_voice_all_call_status_ind_hdlr -- final call dump end --
02-09 18:22:11.864 D/RILC    (  113): qmi_ril(0/113): [qmi_cb] qcril_send_unsol_response UI <--- RIL_UNSOL_RESPONSE_CALL_STATE_CHANGED (1001) --- RIL [RID 0, Len 0, (null)]
02-09 18:22:11.864 I/RILC    (  113): qmi_ril(0/113): [qmi_cb] qcril_qmi_voice_all_call_status_ind_hdlr qcril_qmi_voice_all_call_status_ind_hdlr completed
02-09 18:22:11.864 I/RILC    (  113): qmi_ril(0/113): [qmi_cb] qcril_qmi_voice_unsol_ind_cb .. operational state 3
02-09 18:22:11.864 I/RILC    (  113): qmi_ril(0/113): [qmi_cb] qcril_qmi_voice_voip_find_call_info_entry_by_call_qmi_id qcril_qmi_voice_voip_find_call_info_entry_by_call_qmi_id entry with id 1
02-09 18:22:11.864 I/RILC    (  113): qmi_ril(0/113): [qmi_cb] qcril_qmi_voice_voip_find_call_info_entry_by_call_qmi_id qcril_qmi_voice_voip_find_call_info_entry_by_call_qmi_id completing with res 109336
02-09 18:22:11.864 I/RILC    (  113): qmi_ril(0/113): [qmi_cb] qcril_qmi_voice_voip_call_info_dump qcril_qmi_voice_voip_call_info_dump entry with param 109336
02-09 18:22:11.864 I/RILC    (  113): qmi_ril(0/113): [qmi_cb] qcril_qmi_voice_voip_call_info_dump .. call android id 1, call qmi id 1
02-09 18:22:11.864 I/RILC    (  113): qmi_ril(0/113): [qmi_cb] qcril_qmi_voice_voip_call_info_dump .. elaboration 140002 hex
02-09 18:22:11.864 I/RILC    (  113): qmi_ril(0/113): [qmi_cb] qcril_qmi_voice_voip_call_info_dump .. call state 2, call type 0
02-09 18:22:11.864 I/RILC    (  113): qmi_ril(0/113): [qmi_cb] qcril_qmi_voice_voip_call_info_dump qcril_qmi_voice_voip_call_info_dump completed
02-09 18:22:11.864 I/RILC    (  113): qmi_ril(0/113): [qmi_cb] qcril_qmi_voice_voip_call_info_dump qcril_qmi_voice_voip_call_info_dump entry with param 109336
02-09 18:22:11.864 I/RILC    (  113): qmi_ril(0/113): [qmi_cb] qcril_qmi_voice_voip_call_info_dump .. call android id 1, call qmi id 1
02-09 18:22:11.864 I/RILC    (  113): qmi_ril(0/113): [qmi_cb] qcril_qmi_voice_voip_call_info_dump .. elaboration 140012 hex
02-09 18:22:11.864 I/RILC    (  113): qmi_ril(0/113): [qmi_cb] qcril_qmi_voice_voip_call_info_dump .. call state 2, call type 0
02-09 18:22:11.864 I/RILC    (  113): qmi_ril(0/113): [qmi_cb] qcril_qmi_voice_voip_call_info_dump qcril_qmi_voice_voip_call_info_dump completed
02-09 18:22:11.864 I/RILC    (  113): qmi_ril(0/113): [qmi_cb] qcril_qmi_voice_info_rec_ind_hdlr Number of info recs to be sent in event is 2
02-09 18:22:11.864 D/RILC    (  113): qmi_ril(0/113): [qmi_cb] qcril_send_unsol_response UI <--- RIL_UNSOL_RESPONSE_CALL_STATE_CHANGED (1001) --- RIL [RID 0, Len 0, (null)]
02-09 18:22:11.864 D/RILC    (  113): qmi_ril(0/113): [qmi_cb] qcril_send_unsol_response UI <--- RIL_UNSOL_CDMA_INFO_REC (1027) --- RIL [RID 0, Len 964, (null)]
02-09 18:22:11.864 D/RILJ    (27234): [UNSL]< UNSOL_RESPONSE_CALL_STATE_CHANGED
02-09 18:22:11.864 D/RILJ    (27234): [UNSL]< UNSOL_RESPONSE_CALL_STATE_CHANGED
02-09 18:22:11.874 D/RILJ    (27234): [UNSL]< UNSOL_CDMA_INFO_REC com.android.internal.telephony.cdma.CdmaInformationRecords@40707ee0
02-09 18:22:11.874 D/RILJ    (27234): [UNSL]< UNSOL_CDMA_INFO_REC CdmaNumberInfoRec: { id: RIL_CDMA_DISPLAY_INFO_REC, number: 9134864351, numberType: 29, numberPlan: -128, pi: 0, si: 21 }
02-09 18:22:11.874 D/RILJ    (27234): [UNSL]< UNSOL_CDMA_INFO_REC com.android.internal.telephony.cdma.CdmaInformationRecords@40707f60
02-09 18:22:11.874 D/RILJ    (27234): [UNSL]< UNSOL_CDMA_INFO_REC CdmaSignalInfo: { isPresent: true, signalType: 2, alertPitch: 0, signal: 1 }
02-09 18:22:11.874 D/CDMA    (27234): [CdmaCallTracker] handleMessage msg.id = 2
02-09 18:22:11.874 D/RILJ    (27234): [2421]> GET_CURRENT_CALLS
02-09 18:22:11.894 D/CDMA    (27234): [CdmaCallTracker] handleMessage msg.id = 2
02-09 18:22:11.894 D/RILJ    (27234): [2422]> GET_CURRENT_CALLS
02-09 18:22:11.894 D/RILC    (  113): qmi_ril(0/113): [main] onRequest UI --- RIL_REQUEST_GET_CURRENT_CALLS (9) ---> RIL [RID 0, token id 2421, data len 0]
02-09 18:22:11.894 I/RILC    (  113): qmi_ril(0/113): [main] qcril_qmi_voice_request_get_current_calls qcril_qmi_voice_request_get_current_calls entered
02-09 18:22:11.894 I/RILC    (  113): qmi_ril(0/113): [main] qcril_qmi_voice_request_get_current_calls qcril_qmi_voice_request_get_current_calls - Call state 4, IsMT=1
02-09 18:22:11.894 I/RILC    (  113): qmi_ril(0/113): [main] qcril_qmi_voice_request_get_current_calls Reply to RIL --> Number of calls : 1
02-09 18:22:11.894 I/RILC    (  113): qmi_ril(0/113): [main] qcril_qmi_voice_request_get_current_calls Reply to RIL --> call[0] :state Incoming index 1, toa 129, isMpty 0, isMT 1, als 0, isVoice 1, isVoicePrivacy 0
02-09 18:22:11.894 I/RILC    (  113): qmi_ril(0/113): [main] qcril_qmi_voice_request_get_current_calls ...num 9134864351, num presentation 0, name (null), name presentation 0
02-09 18:22:11.894 I/RILC    (  113): qmi_ril(0/113): [main] qcril_reqlist_find [RID 0] Not found ReqList entry : token id 2421
02-09 18:22:11.894 D/RILC    (  113): qmi_ril(0/113): [main] qcril_send_request_response UI <--- RIL_REQUEST_GET_CURRENT_CALLS (9) Complete --- RIL [RID 0, Token 2421, Success, Len 4 ]
02-09 18:22:11.894 I/RILC    (  113): qmi_ril(0/113): [main] qcril_qmi_voice_request_get_current_calls qcril_qmi_voice_request_get_current_calls completed
02-09 18:22:11.894 D/RILJ    (27234): InCall VoicePrivacy is disabled
02-09 18:22:11.894 D/RILJ    (27234): [2421]< GET_CURRENT_CALLS  [id=1,INCOMING,toa=129,norm,mt,0,voc,noevp,,cli=1,,0] 
02-09 18:22:11.894 D/CDMA    (27234): [CdmaCallTracker] handleMessage msg.id = 1
02-09 18:22:11.894 D/CDMA    (27234): Event EVENT_POLL_CALLS_RESULT Received
02-09 18:22:11.894 D/RILC    (  113): qmi_ril(0/113): [main] onRequest UI --- RIL_REQUEST_GET_CURRENT_CALLS (9) ---> RIL [RID 0, token id 2422, data len 0]
02-09 18:22:11.894 I/RILC    (  113): qmi_ril(0/113): [main] qcril_qmi_voice_request_get_current_calls qcril_qmi_voice_request_get_current_calls entered
02-09 18:22:11.894 I/RILC    (  113): qmi_ril(0/113): [main] qcril_qmi_voice_request_get_current_calls qcril_qmi_voice_request_get_current_calls - Call state 4, IsMT=1
02-09 18:22:11.894 I/RILC    (  113): qmi_ril(0/113): [main] qcril_qmi_voice_request_get_current_calls Reply to RIL --> Number of calls : 1
02-09 18:22:11.894 I/RILC    (  113): qmi_ril(0/113): [main] qcril_qmi_voice_request_get_current_calls Reply to RIL --> call[0] :state Incoming index 1, toa 129, isMpty 0, isMT 1, als 0, isVoice 1, isVoicePrivacy 0
02-09 18:22:11.894 I/RILC    (  113): qmi_ril(0/113): [main] qcril_qmi_voice_request_get_current_calls ...num 9134864351, num presentation 0, name (null), name presentation 0
02-09 18:22:11.894 I/RILC    (  113): qmi_ril(0/113): [main] qcril_reqlist_find [RID 0] Not found ReqList entry : token id 2422
02-09 18:22:11.894 D/RILC    (  113): qmi_ril(0/113): [main] qcril_send_request_response UI <--- RIL_REQUEST_GET_CURRENT_CALLS (9) Complete --- RIL [RID 0, Token 2422, Success, Len 4 ]
02-09 18:22:11.894 I/RILC    (  113): qmi_ril(0/113): [main] qcril_qmi_voice_request_get_current_calls qcril_qmi_voice_request_get_current_calls completed
02-09 18:22:11.894 D/RILJ    (27234): InCall VoicePrivacy is disabled
02-09 18:22:11.894 D/RILJ    (27234): [2422]< GET_CURRENT_CALLS  [id=1,INCOMING,toa=129,norm,mt,0,voc,noevp,,cli=1,,0] 
02-09 18:22:11.924 D/CDMA    (27234): [CdmaCallTracker] handleMessage msg.id = 1
02-09 18:22:11.924 D/CDMA    (27234): Event EVENT_POLL_CALLS_RESULT Received
02-09 18:22:11.924 D/CDMA    (27234): [CdmaCallTracker] handle EVENT_POLL_CALL_RESULT: set needsPoll=F
02-09 18:22:11.924 D/CDMA    (27234): >handlePollCalls
02-09 18:22:11.924 D/CDMA    (27234): Connections:
02-09 18:22:11.924 D/CDMA    (27234): Connection 0: NULL
02-09 18:22:11.924 D/CDMA    (27234): Connection 1: NULL
02-09 18:22:11.924 D/CDMA    (27234): Driver Calls:
02-09 18:22:11.924 D/CDMA    (27234): [ dc ] number:9134864351 index: 1 incoming: true state: INCOMING
02-09 18:22:11.934 D/CDMA    (27234): [CdmaCallTracker] poll: conn[i=0]=null, dc=id=1,INCOMING,toa=129,norm,mt,0,voc,noevp,,cli=1,,0
02-09 18:22:11.934 D/CDMA    (27234): conn(null)
02-09 18:22:11.934 D/CDMA    (27234): [CdmaCallTracker] pendingMo=null, dc=id=1,INCOMING,toa=129,norm,mt,0,voc,noevp,,cli=1,,0
02-09 18:22:11.934 D/CDMA    (27234): [CDMAConn] acquireWakeLock
02-09 18:22:11.934 D/CDMA    (27234): [CdmaCallTracker] Notify new ring id=1,INCOMING,toa=129,norm,mt,0,voc,noevp,,cli=1,,0
02-09 18:22:11.934 D/CDMA    (27234): [CdmaCallTracker] poll: conn[i=1]=null, dc=null
02-09 18:22:11.934 D/PHONE   (27234): notifyNewRingingConnectionP enter
02-09 18:22:11.934 D/PHONE   (27234): notifyNewRingingConnectionP voice call
02-09 18:22:11.934 D/CDMA    (27234): [CdmaCallTracker] update phone state, old=IDLE new=RINGING
02-09 18:22:11.964 D/CDMA    (27234): <handlePollCalls
02-09 18:22:12.104 D/PHONE   (27234): VM: PhoneSubInfo.getVoiceMailNUmber: 
02-09 18:22:13.785 D/CDMA    (27234): [CdmaCallTracker] handleMessage msg.id = 3
02-09 18:22:13.785 D/RILJ    (27234): [2423]> GET_CURRENT_CALLS
02-09 18:22:13.796 D/RILC    (  113): qmi_ril(0/113): [main] onRequest UI --- RIL_REQUEST_GET_CURRENT_CALLS (9) ---> RIL [RID 0, token id 2423, data len 0]
02-09 18:22:13.796 I/RILC    (  113): qmi_ril(0/113): [main] qcril_qmi_voice_request_get_current_calls qcril_qmi_voice_request_get_current_calls entered
02-09 18:22:13.796 I/RILC    (  113): qmi_ril(0/113): [main] qcril_qmi_voice_request_get_current_calls qcril_qmi_voice_request_get_current_calls - Call state 4, IsMT=1
02-09 18:22:13.796 I/RILC    (  113): qmi_ril(0/113): [main] qcril_qmi_voice_request_get_current_calls Reply to RIL --> Number of calls : 1
02-09 18:22:13.796 I/RILC    (  113): qmi_ril(0/113): [main] qcril_qmi_voice_request_get_current_calls Reply to RIL --> call[0] :state Incoming index 1, toa 129, isMpty 0, isMT 1, als 0, isVoice 1, isVoicePrivacy 0
02-09 18:22:13.796 I/RILC    (  113): qmi_ril(0/113): [main] qcril_qmi_voice_request_get_current_calls ...num 9134864351, num presentation 0, name (null), name presentation 0
02-09 18:22:13.796 I/RILC    (  113): qmi_ril(0/113): [main] qcril_reqlist_find [RID 0] Not found ReqList entry : token id 2423
02-09 18:22:13.796 D/RILC    (  113): qmi_ril(0/113): [main] qcril_send_request_response UI <--- RIL_REQUEST_GET_CURRENT_CALLS (9) Complete --- RIL [RID 0, Token 2423, Success, Len 4 ]
02-09 18:22:13.796 I/RILC    (  113): qmi_ril(0/113): [main] qcril_qmi_voice_request_get_current_calls qcril_qmi_voice_request_get_current_calls completed
02-09 18:22:13.796 D/RILJ    (27234): InCall VoicePrivacy is disabled
02-09 18:22:13.796 D/RILJ    (27234): [2423]< GET_CURRENT_CALLS  [id=1,INCOMING,toa=129,norm,mt,0,voc,noevp,,cli=1,,0] 
02-09 18:22:13.856 I/RILC    (  113): qmi_ril(0/113): [qmi_cb] qcril_qmi_nas_unsolicited_indication_cb invoked msg 0x2
02-09 18:22:13.856 I/RILC    (  113): qmi_ril(0/113): [qmi_cb] qcril_qmi_nas_is_considered_registered qcril_qmi_nas_is_considered_registered entered
02-09 18:22:13.856 I/RILC    (  113): qmi_ril(0/113): [qmi_cb] qcril_qmi_nas_is_considered_registered qcril_qmi_nas_is_considered_registered completed with 1
02-09 18:22:13.856 I/RILC    (  113): qmi_ril(0/113): [qmi_cb] qcril_qmi_nas_event_report_ind_conv_qmi2ril qcril_qmi_nas_event_report_ind_conv_qmi2ril entered
02-09 18:22:13.856 I/RILC    (  113): qmi_ril(0/113): [qmi_cb] qcril_qmi_nas_event_report_ind_conv_qmi2ril .. reg reject valid 0
02-09 18:22:13.856 I/RILC    (  113): qmi_ril(0/113): [qmi_cb] qcril_qmi_nas_event_report_ind_conv_qmi2ril qcril_qmi_nas_event_report_ind_conv_qmi2ril completed
02-09 18:22:13.856 I/RILC    (  113): qmi_ril(0/113): [qmi_cb] qcril_qmi_nas_is_considered_registered qcril_qmi_nas_is_considered_registered entered
02-09 18:22:13.856 I/RILC    (  113): qmi_ril(0/113): [qmi_cb] qcril_qmi_nas_is_considered_registered qcril_qmi_nas_is_considered_registered completed with 1
02-09 18:22:13.856 D/RILC    (  113): qmi_ril(0/113): [qmi_cb] qcril_event_queue Event [<Unknown event> ?, 655370] data was NULL!
02-09 18:22:13.856 D/RILC    (  113): qmi_ril(0/113): [qmi_cb] qcril_event_queue RID 0 MID 0 Queued event <Unknown event> ? (0 bytes)
02-09 18:22:13.856 I/RILC    (  113): qmi_ril(0/113): [qmi_cb] qcril_qmi_nas_unsolicited_indication_cb .. operational state 3
02-09 18:22:13.856 I/RILC    (  113): qmi_ril(0/113): [qmi_cb] qcril_qmi_nas_unsolicited_indication_cb qcril_qmi_nas_unsolicited_indication_cb completed
02-09 18:22:13.856 D/RILC    (  113): qmi_ril(0/113): [event] qcril_event_main qcril_event_main(): 1 items on queue
02-09 18:22:13.856 D/RILC    (  113): qmi_ril(0/113): [event] qcril_event_main RID 0 MID 0 De-queued event <Unknown event> ? (655370)
02-09 18:22:13.856 D/RILC    (  113): qmi_ril(0/113): [event] qcril_process_event RIL <--- <Unknown event> ?(655370), RID 0, MID 0 --- AMSS
02-09 18:22:13.856 I/RILC    (  113): qmi_ril(0/113): [event] qcril_qmi_trigger_propagate_known_signal_strength_ind qcril_qmi_trigger_propagate_known_signal_strength_ind received
02-09 18:22:13.856 I/RILC    (  113): qmi_ril(0/113): [event] qcril_qmi_nas_propagate_known_signal_strength_ind qcril_qmi_nas_propagate_known_signal_strength_ind entered
02-09 18:22:13.856 I/RILC    (  113): qmi_ril(0/113): [event] qcril_qmi_nas_fetch_signal_strength_observations qcril_qmi_nas_fetch_signal_strength_observations entered
02-09 18:22:13.856 I/RILC    (  113): qmi_ril(0/113): [event] qcril_qmi_nas_fetch_signal_strength_observations ..req mask 35
02-09 18:22:13.856 I/RILC    (  113): qmi_ril(0/113): [event] qcril_qmi_nas_fetch_signal_strength_observations qcril_qmi_nas_request_signal_strength entered IF 35
02-09 18:22:13.856 I/RILC    (  113): qmi_ril(0/113): [event] qcril_qmi_nas_fetch_signal_strength_observations qcril_qmi_nas_request_signal_strength entered RIL_REQ_RES qmi_request.request__mask = 35
02-09 18:22:13.856 I/RILC    (  113): qmi_ril(0/113): [event] qcril_qmi_nas_fetch_signal_strength_observations qcril_qmi_nas_request_signal_strength entered IF QMI RESPONSE 35
02-09 18:22:13.856 I/RILC    (  113): qmi_ril(0/113): [event] qcril_qmi_util_convert_qmi_response_codes_to_ril_result_ex qcril_qmi_util_convert_qmi_response_codes_to_ril_result_ex ctx check 0
02-09 18:22:13.856 I/RILC    (  113): qmi_ril(0/113): [event] qcril_qmi_nas_fetch_signal_strength_observations qcril_qmi_nas_request_signal_strength entered IF UTIL_RES = SUCCESS 35
02-09 18:22:13.856 I/RILC    (  113): qmi_ril(0/113): [event] qcril_qmi_nas_fetch_signal_strength_observations qcril_qmi_nas_fetch_signal_strength_observations completed 0
02-09 18:22:13.856 I/RILC    (  113): qmi_ril(0/113): [event] qcril_qmi_nas_propagate_known_signal_strength_ind .. subfetch sig strength info 0
02-09 18:22:13.856 I/RILC    (  113): qmi_ril(0/113): [event] qcril_qmi_nas_dump_sign_strength_report qcril_qmi_nas_dump_sign_strength_report entered
02-09 18:22:13.856 I/RILC    (  113): qmi_ril(0/113): [event] qcril_qmi_nas_dump_sign_strength_report ..GW
02-09 18:22:13.856 I/RILC    (  113): qmi_ril(0/113): [event] qcril_qmi_nas_dump_sign_strength_report .. signalStrength 99, bitErrorRate 0
02-09 18:22:13.856 I/RILC    (  113): qmi_ril(0/113): [event] qcril_qmi_nas_dump_sign_strength_report ..CDMA
02-09 18:22:13.856 I/RILC    (  113): qmi_ril(0/113): [event] qcril_qmi_nas_dump_sign_strength_report .. dbm 91, ecio 80 
02-09 18:22:13.856 I/RILC    (  113): qmi_ril(0/113): [event] qcril_qmi_nas_dump_sign_strength_report ..EVDO
02-09 18:22:13.856 I/RILC    (  113): qmi_ril(0/113): [event] qcril_qmi_nas_dump_sign_strength_report .. dbm 105, ecio 75, signalNoiseRatio 6
02-09 18:22:13.856 I/RILC    (  113): qmi_ril(0/113): [event] qcril_qmi_nas_dump_sign_strength_report ..LTE
02-09 18:22:13.856 I/RILC    (  113): qmi_ril(0/113): [event] qcril_qmi_nas_dump_sign_strength_report .. signalStrength 99, rsrp 2147483647, rsrq 2147483647, rsnnr 2147483647
02-09 18:22:13.856 I/RILC    (  113): qmi_ril(0/113): [event] qcril_qmi_nas_dump_sign_strength_report qcril_qmi_nas_dump_sign_strength_report completed
02-09 18:22:13.856 I/RILC    (  113): qmi_ril(0/113): [event] qcril_qmi_nas_propagate_known_signal_strength_ind .. conf res 0
02-09 18:22:13.856 D/RILC    (  113): qmi_ril(0/113): [event] qcril_send_unsol_response UI <--- RIL_UNSOL_SIGNAL_STRENGTH (1009) --- RIL [RID 0, Len 48, (null)]
02-09 18:22:13.856 I/RILC    (  113): qmi_ril(0/113): [event] qcril_qmi_nas_propagate_known_signal_strength_ind qcril_qmi_nas_propagate_known_signal_strength_ind completed 0
02-09 18:22:13.856 I/RILC    (  113): qmi_ril(0/113): [event] qcril_process_event Exit qcril_process_event() : <Unknown event> ?, err_no 0
02-09 18:22:13.856 D/RILC    (  113): qmi_ril(0/113): [event] qcril_event_main qcril_event_main(): Waiting...
02-09 18:22:13.876 D/CDMA    (27234): [CdmaCallTracker] handleMessage msg.id = 1
02-09 18:22:13.876 D/CDMA    (27234): Event EVENT_POLL_CALLS_RESULT Received
02-09 18:22:13.876 D/CDMA    (27234): [CdmaCallTracker] handle EVENT_POLL_CALL_RESULT: set needsPoll=F
02-09 18:22:13.876 D/CDMA    (27234): >handlePollCalls
02-09 18:22:13.876 D/CDMA    (27234): Connections:
02-09 18:22:13.876 D/CDMA    (27234): Connection 0: 
02-09 18:22:13.876 D/CDMA    (27234): [conn] number: 9134864351 index: 0 incoming: true alive: true ringing: true
02-09 18:22:13.876 D/CDMA    (27234): Connection 1: NULL
02-09 18:22:13.876 D/CDMA    (27234): Driver Calls:
02-09 18:22:13.876 D/CDMA    (27234): [ dc ] number:9134864351 index: 1 incoming: true state: INCOMING
02-09 18:22:13.876 D/CDMA    (27234): [CdmaCallTracker] poll: conn[i=0]= incoming: true state: INCOMING post dial state: NOT_STARTED, dc=id=1,INCOMING,toa=129,norm,mt,0,voc,noevp,,cli=1,,0
02-09 18:22:13.876 D/CDMA    (27234): [CDMAConn] parent= INCOMING, newParent= INCOMING
02-09 18:22:13.876 D/CDMA    (27234): [CDMAConn] --dssds----null
02-09 18:22:13.876 D/CDMA    (27234): [CDMAConn] Update, wasConnectingInOrOut=true, wasHolding=false, isConnectingInOrOut=true, changed=false
02-09 18:22:13.876 D/CDMA    (27234): [CdmaCallTracker] poll: conn[i=1]=null, dc=null
02-09 18:22:13.876 D/CDMA    (27234): [CdmaCallTracker] update phone state, old=RINGING new=RINGING
02-09 18:22:13.876 D/CDMA    (27234): <handlePollCalls
02-09 18:22:13.956 D/CDMA    (27234): [CdmaCallTracker] update phone state, old=RINGING new=RINGING
02-09 18:22:14.176 D/CDMA    (27234): [CdmaCallTracker] handleMessage msg.id = 3
02-09 18:22:14.176 D/RILJ    (27234): [2424]> GET_CURRENT_CALLS
02-09 18:22:14.176 D/RILC    (  113): qmi_ril(0/113): [main] onRequest UI --- RIL_REQUEST_GET_CURRENT_CALLS (9) ---> RIL [RID 0, token id 2424, data len 0]
02-09 18:22:14.176 I/RILC    (  113): qmi_ril(0/113): [main] qcril_qmi_voice_request_get_current_calls qcril_qmi_voice_request_get_current_calls entered
02-09 18:22:14.176 I/RILC    (  113): qmi_ril(0/113): [main] qcril_qmi_voice_request_get_current_calls qcril_qmi_voice_request_get_current_calls - Call state 4, IsMT=1
02-09 18:22:14.176 I/RILC    (  113): qmi_ril(0/113): [main] qcril_qmi_voice_request_get_current_calls Reply to RIL --> Number of calls : 1
02-09 18:22:14.176 I/RILC    (  113): qmi_ril(0/113): [main] qcril_qmi_voice_request_get_current_calls Reply to RIL --> call[0] :state Incoming index 1, toa 129, isMpty 0, isMT 1, als 0, isVoice 1, isVoicePrivacy 0
02-09 18:22:14.176 I/RILC    (  113): qmi_ril(0/113): [main] qcril_qmi_voice_request_get_current_calls ...num 9134864351, num presentation 0, name (null), name presentation 0
02-09 18:22:14.176 I/RILC    (  113): qmi_ril(0/113): [main] qcril_reqlist_find [RID 0] Not found ReqList entry : token id 2424
02-09 18:22:14.176 D/RILC    (  113): qmi_ril(0/113): [main] qcril_send_request_response UI <--- RIL_REQUEST_GET_CURRENT_CALLS (9) Complete --- RIL [RID 0, Token 2424, Success, Len 4 ]
02-09 18:22:14.176 I/RILC    (  113): qmi_ril(0/113): [main] qcril_qmi_voice_request_get_current_calls qcril_qmi_voice_request_get_current_calls completed
02-09 18:22:14.176 D/RILJ    (27234): InCall VoicePrivacy is disabled
02-09 18:22:14.176 D/RILJ    (27234): [2424]< GET_CURRENT_CALLS  [id=1,INCOMING,toa=129,norm,mt,0,voc,noevp,,cli=1,,0] 
02-09 18:22:14.236 D/CDMA    (27234): [CdmaCallTracker] handleMessage msg.id = 1
02-09 18:22:14.236 D/CDMA    (27234): Event EVENT_POLL_CALLS_RESULT Received
02-09 18:22:14.236 D/CDMA    (27234): [CdmaCallTracker] handle EVENT_POLL_CALL_RESULT: set needsPoll=F
02-09 18:22:14.236 D/CDMA    (27234): >handlePollCalls
02-09 18:22:14.236 D/CDMA    (27234): Connections:
02-09 18:22:14.236 D/CDMA    (27234): Connection 0: 
02-09 18:22:14.236 D/CDMA    (27234): [conn] number: 9134864351 index: 0 incoming: true alive: true ringing: true
02-09 18:22:14.236 D/CDMA    (27234): Connection 1: NULL
02-09 18:22:14.236 D/CDMA    (27234): Driver Calls:
02-09 18:22:14.236 D/CDMA    (27234): [ dc ] number:9134864351 index: 1 incoming: true state: INCOMING
02-09 18:22:14.236 D/CDMA    (27234): [CdmaCallTracker] poll: conn[i=0]= incoming: true state: INCOMING post dial state: NOT_STARTED, dc=id=1,INCOMING,toa=129,norm,mt,0,voc,noevp,,cli=1,,0
02-09 18:22:14.236 D/CDMA    (27234): [CDMAConn] parent= INCOMING, newParent= INCOMING
02-09 18:22:14.236 D/CDMA    (27234): [CDMAConn] --dssds----null
02-09 18:22:14.236 D/CDMA    (27234): [CDMAConn] Update, wasConnectingInOrOut=true, wasHolding=false, isConnectingInOrOut=true, changed=false
02-09 18:22:14.236 D/CDMA    (27234): [CdmaCallTracker] poll: conn[i=1]=null, dc=null
02-09 18:22:14.236 D/CDMA    (27234): [CdmaCallTracker] update phone state, old=RINGING new=RINGING
02-09 18:22:14.236 D/CDMA    (27234): <handlePollCalls
02-09 18:22:14.496 D/CDMA    (27234): [CdmaCallTracker] handleMessage msg.id = 3
02-09 18:22:14.496 D/RILJ    (27234): [2425]> GET_CURRENT_CALLS
02-09 18:22:14.496 D/RILC    (  113): qmi_ril(0/113): [main] onRequest UI --- RIL_REQUEST_GET_CURRENT_CALLS (9) ---> RIL [RID 0, token id 2425, data len 0]
02-09 18:22:14.496 I/RILC    (  113): qmi_ril(0/113): [main] qcril_qmi_voice_request_get_current_calls qcril_qmi_voice_request_get_current_calls entered
02-09 18:22:14.496 I/RILC    (  113): qmi_ril(0/113): [main] qcril_qmi_voice_request_get_current_calls qcril_qmi_voice_request_get_current_calls - Call state 4, IsMT=1
02-09 18:22:14.496 I/RILC    (  113): qmi_ril(0/113): [main] qcril_qmi_voice_request_get_current_calls Reply to RIL --> Number of calls : 1
02-09 18:22:14.496 I/RILC    (  113): qmi_ril(0/113): [main] qcril_qmi_voice_request_get_current_calls Reply to RIL --> call[0] :state Incoming index 1, toa 129, isMpty 0, isMT 1, als 0, isVoice 1, isVoicePrivacy 0
02-09 18:22:14.496 I/RILC    (  113): qmi_ril(0/113): [main] qcril_qmi_voice_request_get_current_calls ...num 9134864351, num presentation 0, name (null), name presentation 0
02-09 18:22:14.496 I/RILC    (  113): qmi_ril(0/113): [main] qcril_reqlist_find [RID 0] Not found ReqList entry : token id 2425
02-09 18:22:14.496 D/RILC    (  113): qmi_ril(0/113): [main] qcril_send_request_response UI <--- RIL_REQUEST_GET_CURRENT_CALLS (9) Complete --- RIL [RID 0, Token 2425, Success, Len 4 ]
02-09 18:22:14.496 I/RILC    (  113): qmi_ril(0/113): [main] qcril_qmi_voice_request_get_current_calls qcril_qmi_voice_request_get_current_calls completed
02-09 18:22:14.496 D/RILJ    (27234): InCall VoicePrivacy is disabled
02-09 18:22:14.496 D/RILJ    (27234): [2425]< GET_CURRENT_CALLS  [id=1,INCOMING,toa=129,norm,mt,0,voc,noevp,,cli=1,,0] 
02-09 18:22:14.496 D/CDMA    (27234): [CdmaCallTracker] handleMessage msg.id = 1
02-09 18:22:14.496 D/CDMA    (27234): Event EVENT_POLL_CALLS_RESULT Received
02-09 18:22:14.496 D/CDMA    (27234): [CdmaCallTracker] handle EVENT_POLL_CALL_RESULT: set needsPoll=F
02-09 18:22:14.496 D/CDMA    (27234): >handlePollCalls
02-09 18:22:14.496 D/CDMA    (27234): Connections:
02-09 18:22:14.496 D/CDMA    (27234): Connection 0: 
02-09 18:22:14.496 D/CDMA    (27234): [conn] number: 9134864351 index: 0 incoming: true alive: true ringing: true
02-09 18:22:14.496 D/CDMA    (27234): Connection 1: NULL
02-09 18:22:14.496 D/CDMA    (27234): Driver Calls:
02-09 18:22:14.496 D/CDMA    (27234): [ dc ] number:9134864351 index: 1 incoming: true state: INCOMING
02-09 18:22:14.496 D/CDMA    (27234): [CdmaCallTracker] poll: conn[i=0]= incoming: true state: INCOMING post dial state: NOT_STARTED, dc=id=1,INCOMING,toa=129,norm,mt,0,voc,noevp,,cli=1,,0
02-09 18:22:14.496 D/CDMA    (27234): [CDMAConn] parent= INCOMING, newParent= INCOMING
02-09 18:22:14.496 D/CDMA    (27234): [CDMAConn] --dssds----null
02-09 18:22:14.496 D/CDMA    (27234): [CDMAConn] Update, wasConnectingInOrOut=true, wasHolding=false, isConnectingInOrOut=true, changed=false
02-09 18:22:14.496 D/CDMA    (27234): [CdmaCallTracker] poll: conn[i=1]=null, dc=null
02-09 18:22:14.496 D/CDMA    (27234): [CdmaCallTracker] update phone state, old=RINGING new=RINGING
02-09 18:22:14.496 D/CDMA    (27234): <handlePollCalls
02-09 18:22:14.746 D/CDMA    (27234): [CdmaCallTracker] handleMessage msg.id = 3
02-09 18:22:14.746 D/RILJ    (27234): [2426]> GET_CURRENT_CALLS
02-09 18:22:14.756 D/RILC    (  113): qmi_ril(0/113): [main] onRequest UI --- RIL_REQUEST_GET_CURRENT_CALLS (9) ---> RIL [RID 0, token id 2426, data len 0]
02-09 18:22:14.756 I/RILC    (  113): qmi_ril(0/113): [main] qcril_qmi_voice_request_get_current_calls qcril_qmi_voice_request_get_current_calls entered
02-09 18:22:14.756 I/RILC    (  113): qmi_ril(0/113): [main] qcril_qmi_voice_request_get_current_calls qcril_qmi_voice_request_get_current_calls - Call state 4, IsMT=1
02-09 18:22:14.756 I/RILC    (  113): qmi_ril(0/113): [main] qcril_qmi_voice_request_get_current_calls Reply to RIL --> Number of calls : 1
02-09 18:22:14.756 I/RILC    (  113): qmi_ril(0/113): [main] qcril_qmi_voice_request_get_current_calls Reply to RIL --> call[0] :state Incoming index 1, toa 129, isMpty 0, isMT 1, als 0, isVoice 1, isVoicePrivacy 0
02-09 18:22:14.756 I/RILC    (  113): qmi_ril(0/113): [main] qcril_qmi_voice_request_get_current_calls ...num 9134864351, num presentation 0, name (null), name presentation 0
02-09 18:22:14.756 I/RILC    (  113): qmi_ril(0/113): [main] qcril_reqlist_find [RID 0] Not found ReqList entry : token id 2426
02-09 18:22:14.756 D/RILC    (  113): qmi_ril(0/113): [main] qcril_send_request_response UI <--- RIL_REQUEST_GET_CURRENT_CALLS (9) Complete --- RIL [RID 0, Token 2426, Success, Len 4 ]
02-09 18:22:14.756 I/RILC    (  113): qmi_ril(0/113): [main] qcril_qmi_voice_request_get_current_calls qcril_qmi_voice_request_get_current_calls completed
02-09 18:22:14.756 D/RILJ    (27234): InCall VoicePrivacy is disabled
02-09 18:22:14.756 D/RILJ    (27234): [2426]< GET_CURRENT_CALLS  [id=1,INCOMING,toa=129,norm,mt,0,voc,noevp,,cli=1,,0] 
02-09 18:22:14.756 D/CDMA    (27234): [CdmaCallTracker] handleMessage msg.id = 1
02-09 18:22:14.756 D/CDMA    (27234): Event EVENT_POLL_CALLS_RESULT Received
02-09 18:22:14.756 D/CDMA    (27234): [CdmaCallTracker] handle EVENT_POLL_CALL_RESULT: set needsPoll=F
02-09 18:22:14.756 D/CDMA    (27234): >handlePollCalls
02-09 18:22:14.756 D/CDMA    (27234): Connections:
02-09 18:22:14.756 D/CDMA    (27234): Connection 0: 
02-09 18:22:14.756 D/CDMA    (27234): [conn] number: 9134864351 index: 0 incoming: true alive: true ringing: true
02-09 18:22:14.756 D/CDMA    (27234): Connection 1: NULL
02-09 18:22:14.756 D/CDMA    (27234): Driver Calls:
02-09 18:22:14.756 D/CDMA    (27234): [ dc ] number:9134864351 index: 1 incoming: true state: INCOMING
02-09 18:22:14.756 D/CDMA    (27234): [CdmaCallTracker] poll: conn[i=0]= incoming: true state: INCOMING post dial state: NOT_STARTED, dc=id=1,INCOMING,toa=129,norm,mt,0,voc,noevp,,cli=1,,0
02-09 18:22:14.756 D/CDMA    (27234): [CDMAConn] parent= INCOMING, newParent= INCOMING
02-09 18:22:14.756 D/CDMA    (27234): [CDMAConn] --dssds----null
02-09 18:22:14.756 D/CDMA    (27234): [CDMAConn] Update, wasConnectingInOrOut=true, wasHolding=false, isConnectingInOrOut=true, changed=false
02-09 18:22:14.756 D/CDMA    (27234): [CdmaCallTracker] poll: conn[i=1]=null, dc=null
02-09 18:22:14.756 D/CDMA    (27234): [CdmaCallTracker] update phone state, old=RINGING new=RINGING
02-09 18:22:14.756 D/CDMA    (27234): <handlePollCalls
02-09 18:22:15.007 D/CDMA    (27234): [CdmaCallTracker] handleMessage msg.id = 3
02-09 18:22:15.007 D/RILJ    (27234): [2427]> GET_CURRENT_CALLS
02-09 18:22:15.017 D/RILC    (  113): qmi_ril(0/113): [main] onRequest UI --- RIL_REQUEST_GET_CURRENT_CALLS (9) ---> RIL [RID 0, token id 2427, data len 0]
02-09 18:22:15.017 I/RILC    (  113): qmi_ril(0/113): [main] qcril_qmi_voice_request_get_current_calls qcril_qmi_voice_request_get_current_calls entered
02-09 18:22:15.017 I/RILC    (  113): qmi_ril(0/113): [main] qcril_qmi_voice_request_get_current_calls qcril_qmi_voice_request_get_current_calls - Call state 4, IsMT=1
02-09 18:22:15.017 I/RILC    (  113): qmi_ril(0/113): [main] qcril_qmi_voice_request_get_current_calls Reply to RIL --> Number of calls : 1
02-09 18:22:15.017 I/RILC    (  113): qmi_ril(0/113): [main] qcril_qmi_voice_request_get_current_calls Reply to RIL --> call[0] :state Incoming index 1, toa 129, isMpty 0, isMT 1, als 0, isVoice 1, isVoicePrivacy 0
02-09 18:22:15.017 I/RILC    (  113): qmi_ril(0/113): [main] qcril_qmi_voice_request_get_current_calls ...num 9134864351, num presentation 0, name (null), name presentation 0
02-09 18:22:15.017 I/RILC    (  113): qmi_ril(0/113): [main] qcril_reqlist_find [RID 0] Not found ReqList entry : token id 2427
02-09 18:22:15.017 D/RILC    (  113): qmi_ril(0/113): [main] qcril_send_request_response UI <--- RIL_REQUEST_GET_CURRENT_CALLS (9) Complete --- RIL [RID 0, Token 2427, Success, Len 4 ]
02-09 18:22:15.017 I/RILC    (  113): qmi_ril(0/113): [main] qcril_qmi_voice_request_get_current_calls qcril_qmi_voice_request_get_current_calls completed
02-09 18:22:15.017 D/RILJ    (27234): InCall VoicePrivacy is disabled
02-09 18:22:15.017 D/RILJ    (27234): [2427]< GET_CURRENT_CALLS  [id=1,INCOMING,toa=129,norm,mt,0,voc,noevp,,cli=1,,0] 
02-09 18:22:15.027 D/CDMA    (27234): [CdmaCallTracker] handleMessage msg.id = 1
02-09 18:22:15.027 D/CDMA    (27234): Event EVENT_POLL_CALLS_RESULT Received
02-09 18:22:15.027 D/CDMA    (27234): [CdmaCallTracker] handle EVENT_POLL_CALL_RESULT: set needsPoll=F
02-09 18:22:15.027 D/CDMA    (27234): >handlePollCalls
02-09 18:22:15.027 D/CDMA    (27234): Connections:
02-09 18:22:15.027 D/CDMA    (27234): Connection 0: 
02-09 18:22:15.027 D/CDMA    (27234): [conn] number: 9134864351 index: 0 incoming: true alive: true ringing: true
02-09 18:22:15.027 D/CDMA    (27234): Connection 1: NULL
02-09 18:22:15.027 D/CDMA    (27234): Driver Calls:
02-09 18:22:15.027 D/CDMA    (27234): [ dc ] number:9134864351 index: 1 incoming: true state: INCOMING
02-09 18:22:15.027 D/CDMA    (27234): [CdmaCallTracker] poll: conn[i=0]= incoming: true state: INCOMING post dial state: NOT_STARTED, dc=id=1,INCOMING,toa=129,norm,mt,0,voc,noevp,,cli=1,,0
02-09 18:22:15.037 D/CDMA    (27234): [CDMAConn] parent= INCOMING, newParent= INCOMING
02-09 18:22:15.037 D/CDMA    (27234): [CDMAConn] --dssds----null
02-09 18:22:15.037 D/CDMA    (27234): [CDMAConn] Update, wasConnectingInOrOut=true, wasHolding=false, isConnectingInOrOut=true, changed=false
02-09 18:22:15.047 D/CDMA    (27234): [CdmaCallTracker] poll: conn[i=1]=null, dc=null
02-09 18:22:15.047 D/CDMA    (27234): [CdmaCallTracker] update phone state, old=RINGING new=RINGING
02-09 18:22:15.047 D/CDMA    (27234): <handlePollCalls
02-09 18:22:15.297 D/CDMA    (27234): [CdmaCallTracker] handleMessage msg.id = 3
02-09 18:22:15.297 D/RILJ    (27234): [2428]> GET_CURRENT_CALLS
02-09 18:22:15.297 D/RILC    (  113): qmi_ril(0/113): [main] onRequest UI --- RIL_REQUEST_GET_CURRENT_CALLS (9) ---> RIL [RID 0, token id 2428, data len 0]
02-09 18:22:15.307 I/RILC    (  113): qmi_ril(0/113): [main] qcril_qmi_voice_request_get_current_calls qcril_qmi_voice_request_get_current_calls entered
02-09 18:22:15.307 I/RILC    (  113): qmi_ril(0/113): [main] qcril_qmi_voice_request_get_current_calls qcril_qmi_voice_request_get_current_calls - Call state 4, IsMT=1
02-09 18:22:15.307 I/RILC    (  113): qmi_ril(0/113): [main] qcril_qmi_voice_request_get_current_calls Reply to RIL --> Number of calls : 1
02-09 18:22:15.307 I/RILC    (  113): qmi_ril(0/113): [main] qcril_qmi_voice_request_get_current_calls Reply to RIL --> call[0] :state Incoming index 1, toa 129, isMpty 0, isMT 1, als 0, isVoice 1, isVoicePrivacy 0
02-09 18:22:15.307 I/RILC    (  113): qmi_ril(0/113): [main] qcril_qmi_voice_request_get_current_calls ...num 9134864351, num presentation 0, name (null), name presentation 0
02-09 18:22:15.307 I/RILC    (  113): qmi_ril(0/113): [main] qcril_reqlist_find [RID 0] Not found ReqList entry : token id 2428
02-09 18:22:15.307 D/RILC    (  113): qmi_ril(0/113): [main] qcril_send_request_response UI <--- RIL_REQUEST_GET_CURRENT_CALLS (9) Complete --- RIL [RID 0, Token 2428, Success, Len 4 ]
02-09 18:22:15.307 D/RILJ    (27234): InCall VoicePrivacy is disabled
02-09 18:22:15.317 D/RILJ    (27234): [2428]< GET_CURRENT_CALLS  [id=1,INCOMING,toa=129,norm,mt,0,voc,noevp,,cli=1,,0] 
02-09 18:22:15.317 I/RILC    (  113): qmi_ril(0/113): [main] qcril_qmi_voice_request_get_current_calls qcril_qmi_voice_request_get_current_calls completed
02-09 18:22:15.317 D/CDMA    (27234): [CdmaCallTracker] handleMessage msg.id = 1
02-09 18:22:15.317 D/CDMA    (27234): Event EVENT_POLL_CALLS_RESULT Received
02-09 18:22:15.317 D/CDMA    (27234): [CdmaCallTracker] handle EVENT_POLL_CALL_RESULT: set needsPoll=F
02-09 18:22:15.317 D/CDMA    (27234): >handlePollCalls
02-09 18:22:15.317 D/CDMA    (27234): Connections:
02-09 18:22:15.317 D/CDMA    (27234): Connection 0: 
02-09 18:22:15.317 D/CDMA    (27234): [conn] number: 9134864351 index: 0 incoming: true alive: true ringing: true
02-09 18:22:15.317 D/CDMA    (27234): Connection 1: NULL
02-09 18:22:15.317 D/CDMA    (27234): Driver Calls:
02-09 18:22:15.317 D/CDMA    (27234): [ dc ] number:9134864351 index: 1 incoming: true state: INCOMING
02-09 18:22:15.317 D/CDMA    (27234): [CdmaCallTracker] poll: conn[i=0]= incoming: true state: INCOMING post dial state: NOT_STARTED, dc=id=1,INCOMING,toa=129,norm,mt,0,voc,noevp,,cli=1,,0
02-09 18:22:15.317 D/CDMA    (27234): [CDMAConn] parent= INCOMING, newParent= INCOMING
02-09 18:22:15.317 D/CDMA    (27234): [CDMAConn] --dssds----null
02-09 18:22:15.317 D/CDMA    (27234): [CDMAConn] Update, wasConnectingInOrOut=true, wasHolding=false, isConnectingInOrOut=true, changed=false
02-09 18:22:15.317 D/CDMA    (27234): [CdmaCallTracker] poll: conn[i=1]=null, dc=null
02-09 18:22:15.317 D/CDMA    (27234): [CdmaCallTracker] update phone state, old=RINGING new=RINGING
02-09 18:22:15.317 D/CDMA    (27234): <handlePollCalls
02-09 18:22:15.577 D/CDMA    (27234): [CdmaCallTracker] handleMessage msg.id = 3
02-09 18:22:15.577 D/RILJ    (27234): [2429]> GET_CURRENT_CALLS
02-09 18:22:15.577 D/RILC    (  113): qmi_ril(0/113): [main] onRequest UI --- RIL_REQUEST_GET_CURRENT_CALLS (9) ---> RIL [RID 0, token id 2429, data len 0]
02-09 18:22:15.577 I/RILC    (  113): qmi_ril(0/113): [main] qcril_qmi_voice_request_get_current_calls qcril_qmi_voice_request_get_current_calls entered
02-09 18:22:15.577 I/RILC    (  113): qmi_ril(0/113): [main] qcril_qmi_voice_request_get_current_calls qcril_qmi_voice_request_get_current_calls - Call state 4, IsMT=1
02-09 18:22:15.577 I/RILC    (  113): qmi_ril(0/113): [main] qcril_qmi_voice_request_get_current_calls Reply to RIL --> Number of calls : 1
02-09 18:22:15.577 I/RILC    (  113): qmi_ril(0/113): [main] qcril_qmi_voice_request_get_current_calls Reply to RIL --> call[0] :state Incoming index 1, toa 129, isMpty 0, isMT 1, als 0, isVoice 1, isVoicePrivacy 0
02-09 18:22:15.577 I/RILC    (  113): qmi_ril(0/113): [main] qcril_qmi_voice_request_get_current_calls ...num 9134864351, num presentation 0, name (null), name presentation 0
02-09 18:22:15.577 I/RILC    (  113): qmi_ril(0/113): [main] qcril_reqlist_find [RID 0] Not found ReqList entry : token id 2429
02-09 18:22:15.577 D/RILC    (  113): qmi_ril(0/113): [main] qcril_send_request_response UI <--- RIL_REQUEST_GET_CURRENT_CALLS (9) Complete --- RIL [RID 0, Token 2429, Success, Len 4 ]
02-09 18:22:15.587 D/RILJ    (27234): InCall VoicePrivacy is disabled
02-09 18:22:15.587 D/RILJ    (27234): [2429]< GET_CURRENT_CALLS  [id=1,INCOMING,toa=129,norm,mt,0,voc,noevp,,cli=1,,0] 
02-09 18:22:15.587 I/RILC    (  113): qmi_ril(0/113): [main] qcril_qmi_voice_request_get_current_calls qcril_qmi_voice_request_get_current_calls completed
02-09 18:22:15.597 D/CDMA    (27234): [CdmaCallTracker] handleMessage msg.id = 1
02-09 18:22:15.597 D/CDMA    (27234): Event EVENT_POLL_CALLS_RESULT Received
02-09 18:22:15.597 D/CDMA    (27234): [CdmaCallTracker] handle EVENT_POLL_CALL_RESULT: set needsPoll=F
02-09 18:22:15.607 D/CDMA    (27234): >handlePollCalls
02-09 18:22:15.607 D/CDMA    (27234): Connections:
02-09 18:22:15.607 D/CDMA    (27234): Connection 0: 
02-09 18:22:15.607 D/CDMA    (27234): [conn] number: 9134864351 index: 0 incoming: true alive: true ringing: true
02-09 18:22:15.607 D/CDMA    (27234): Connection 1: NULL
02-09 18:22:15.607 D/CDMA    (27234): Driver Calls:
02-09 18:22:15.607 D/CDMA    (27234): [ dc ] number:9134864351 index: 1 incoming: true state: INCOMING
02-09 18:22:15.607 D/CDMA    (27234): [CdmaCallTracker] poll: conn[i=0]= incoming: true state: INCOMING post dial state: NOT_STARTED, dc=id=1,INCOMING,toa=129,norm,mt,0,voc,noevp,,cli=1,,0
02-09 18:22:15.607 D/CDMA    (27234): [CDMAConn] parent= INCOMING, newParent= INCOMING
02-09 18:22:15.607 D/CDMA    (27234): [CDMAConn] --dssds----null
02-09 18:22:15.607 D/CDMA    (27234): [CDMAConn] Update, wasConnectingInOrOut=true, wasHolding=false, isConnectingInOrOut=true, changed=false
02-09 18:22:15.607 D/CDMA    (27234): [CdmaCallTracker] poll: conn[i=1]=null, dc=null
02-09 18:22:15.607 D/CDMA    (27234): [CdmaCallTracker] update phone state, old=RINGING new=RINGING
02-09 18:22:15.607 D/CDMA    (27234): <handlePollCalls
02-09 18:22:15.868 D/CDMA    (27234): [CdmaCallTracker] handleMessage msg.id = 3
02-09 18:22:15.868 D/RILJ    (27234): [2430]> GET_CURRENT_CALLS
02-09 18:22:15.868 D/RILC    (  113): qmi_ril(0/113): [main] onRequest UI --- RIL_REQUEST_GET_CURRENT_CALLS (9) ---> RIL [RID 0, token id 2430, data len 0]
02-09 18:22:15.868 I/RILC    (  113): qmi_ril(0/113): [main] qcril_qmi_voice_request_get_current_calls qcril_qmi_voice_request_get_current_calls entered
02-09 18:22:15.868 I/RILC    (  113): qmi_ril(0/113): [main] qcril_qmi_voice_request_get_current_calls qcril_qmi_voice_request_get_current_calls - Call state 4, IsMT=1
02-09 18:22:15.868 I/RILC    (  113): qmi_ril(0/113): [main] qcril_qmi_voice_request_get_current_calls Reply to RIL --> Number of calls : 1
02-09 18:22:15.868 I/RILC    (  113): qmi_ril(0/113): [main] qcril_qmi_voice_request_get_current_calls Reply to RIL --> call[0] :state Incoming index 1, toa 129, isMpty 0, isMT 1, als 0, isVoice 1, isVoicePrivacy 0
02-09 18:22:15.868 I/RILC    (  113): qmi_ril(0/113): [main] qcril_qmi_voice_request_get_current_calls ...num 9134864351, num presentation 0, name (null), name presentation 0
02-09 18:22:15.868 I/RILC    (  113): qmi_ril(0/113): [main] qcril_reqlist_find [RID 0] Not found ReqList entry : token id 2430
02-09 18:22:15.868 D/RILC    (  113): qmi_ril(0/113): [main] qcril_send_request_response UI <--- RIL_REQUEST_GET_CURRENT_CALLS (9) Complete --- RIL [RID 0, Token 2430, Success, Len 4 ]
02-09 18:22:15.868 I/RILC    (  113): qmi_ril(0/113): [main] qcril_qmi_voice_request_get_current_calls qcril_qmi_voice_request_get_current_calls completed
02-09 18:22:15.868 D/RILJ    (27234): InCall VoicePrivacy is disabled
02-09 18:22:15.868 D/RILJ    (27234): [2430]< GET_CURRENT_CALLS  [id=1,INCOMING,toa=129,norm,mt,0,voc,noevp,,cli=1,,0] 
02-09 18:22:15.888 D/CDMA    (27234): [CdmaCallTracker] handleMessage msg.id = 1
02-09 18:22:15.888 D/CDMA    (27234): Event EVENT_POLL_CALLS_RESULT Received
02-09 18:22:15.888 D/CDMA    (27234): [CdmaCallTracker] handle EVENT_POLL_CALL_RESULT: set needsPoll=F
02-09 18:22:15.888 D/CDMA    (27234): >handlePollCalls
02-09 18:22:15.888 D/CDMA    (27234): Connections:
02-09 18:22:15.888 D/CDMA    (27234): Connection 0: 
02-09 18:22:15.888 D/CDMA    (27234): [conn] number: 9134864351 index: 0 incoming: true alive: true ringing: true
02-09 18:22:15.888 D/CDMA    (27234): Connection 1: NULL
02-09 18:22:15.888 D/CDMA    (27234): Driver Calls:
02-09 18:22:15.888 D/CDMA    (27234): [ dc ] number:9134864351 index: 1 incoming: true state: INCOMING
02-09 18:22:15.888 D/CDMA    (27234): [CdmaCallTracker] poll: conn[i=0]= incoming: true state: INCOMING post dial state: NOT_STARTED, dc=id=1,INCOMING,toa=129,norm,mt,0,voc,noevp,,cli=1,,0
02-09 18:22:15.888 D/CDMA    (27234): [CDMAConn] parent= INCOMING, newParent= INCOMING
02-09 18:22:15.888 D/CDMA    (27234): [CDMAConn] --dssds----null
02-09 18:22:15.888 D/CDMA    (27234): [CDMAConn] Update, wasConnectingInOrOut=true, wasHolding=false, isConnectingInOrOut=true, changed=false
02-09 18:22:15.888 D/CDMA    (27234): [CdmaCallTracker] poll: conn[i=1]=null, dc=null
02-09 18:22:15.888 D/CDMA    (27234): [CdmaCallTracker] update phone state, old=RINGING new=RINGING
02-09 18:22:15.888 D/CDMA    (27234): <handlePollCalls
02-09 18:22:16.098 I/RILC    (  113): qmi_ril(0/113): [qmi_cb] qcril_qmi_nas_unsolicited_indication_cb invoked msg 0x2
02-09 18:22:16.098 I/RILC    (  113): qmi_ril(0/113): [qmi_cb] qcril_qmi_nas_is_considered_registered qcril_qmi_nas_is_considered_registered entered
02-09 18:22:16.098 I/RILC    (  113): qmi_ril(0/113): [qmi_cb] qcril_qmi_nas_is_considered_registered qcril_qmi_nas_is_considered_registered completed with 1
02-09 18:22:16.098 I/RILC    (  113): qmi_ril(0/113): [qmi_cb] qcril_qmi_nas_event_report_ind_conv_qmi2ril qcril_qmi_nas_event_report_ind_conv_qmi2ril entered
02-09 18:22:16.098 I/RILC    (  113): qmi_ril(0/113): [qmi_cb] qcril_qmi_nas_event_report_ind_conv_qmi2ril .. reg reject valid 0
02-09 18:22:16.098 I/RILC    (  113): qmi_ril(0/113): [qmi_cb] qcril_qmi_nas_event_report_ind_conv_qmi2ril qcril_qmi_nas_event_report_ind_conv_qmi2ril completed
02-09 18:22:16.098 I/RILC    (  113): qmi_ril(0/113): [qmi_cb] qcril_qmi_nas_is_considered_registered qcril_qmi_nas_is_considered_registered entered
02-09 18:22:16.098 I/RILC    (  113): qmi_ril(0/113): [qmi_cb] qcril_qmi_nas_is_considered_registered qcril_qmi_nas_is_considered_registered completed with 1
02-09 18:22:16.098 D/RILC    (  113): qmi_ril(0/113): [qmi_cb] qcril_event_queue Event [<Unknown event> ?, 655370] data was NULL!
02-09 18:22:16.098 D/RILC    (  113): qmi_ril(0/113): [qmi_cb] qcril_event_queue RID 0 MID 0 Queued event <Unknown event> ? (0 bytes)
02-09 18:22:16.098 I/RILC    (  113): qmi_ril(0/113): [qmi_cb] qcril_qmi_nas_unsolicited_indication_cb .. operational state 3
02-09 18:22:16.098 I/RILC    (  113): qmi_ril(0/113): [qmi_cb] qcril_qmi_nas_unsolicited_indication_cb qcril_qmi_nas_unsolicited_indication_cb completed
02-09 18:22:16.108 D/RILC    (  113): qmi_ril(0/113): [event] qcril_event_main qcril_event_main(): 1 items on queue
02-09 18:22:16.108 D/RILC    (  113): qmi_ril(0/113): [event] qcril_event_main RID 0 MID 0 De-queued event <Unknown event> ? (655370)
02-09 18:22:16.108 D/RILC    (  113): qmi_ril(0/113): [event] qcril_process_event RIL <--- <Unknown event> ?(655370), RID 0, MID 0 --- AMSS
02-09 18:22:16.108 I/RILC    (  113): qmi_ril(0/113): [event] qcril_qmi_trigger_propagate_known_signal_strength_ind qcril_qmi_trigger_propagate_known_signal_strength_ind received
02-09 18:22:16.108 I/RILC    (  113): qmi_ril(0/113): [event] qcril_qmi_nas_propagate_known_signal_strength_ind qcril_qmi_nas_propagate_known_signal_strength_ind entered
02-09 18:22:16.108 I/RILC    (  113): qmi_ril(0/113): [event] qcril_qmi_nas_fetch_signal_strength_observations qcril_qmi_nas_fetch_signal_strength_observations entered
02-09 18:22:16.108 I/RILC    (  113): qmi_ril(0/113): [event] qcril_qmi_nas_fetch_signal_strength_observations ..req mask 35
02-09 18:22:16.108 I/RILC    (  113): qmi_ril(0/113): [event] qcril_qmi_nas_fetch_signal_strength_observations qcril_qmi_nas_request_signal_strength entered IF 35
02-09 18:22:16.108 I/RILC    (  113): qmi_ril(0/113): [event] qcril_qmi_nas_fetch_signal_strength_observations qcril_qmi_nas_request_signal_strength entered RIL_REQ_RES qmi_request.request__mask = 35
02-09 18:22:16.108 I/RILC    (  113): qmi_ril(0/113): [event] qcril_qmi_nas_fetch_signal_strength_observations qcril_qmi_nas_request_signal_strength entered IF QMI RESPONSE 35
02-09 18:22:16.108 I/RILC    (  113): qmi_ril(0/113): [event] qcril_qmi_util_convert_qmi_response_codes_to_ril_result_ex qcril_qmi_util_convert_qmi_response_codes_to_ril_result_ex ctx check 0
02-09 18:22:16.108 I/RILC    (  113): qmi_ril(0/113): [event] qcril_qmi_nas_fetch_signal_strength_observations qcril_qmi_nas_request_signal_strength entered IF UTIL_RES = SUCCESS 35
02-09 18:22:16.108 I/RILC    (  113): qmi_ril(0/113): [event] qcril_qmi_nas_fetch_signal_strength_observations qcril_qmi_nas_fetch_signal_strength_observations completed 0
02-09 18:22:16.108 I/RILC    (  113): qmi_ril(0/113): [event] qcril_qmi_nas_propagate_known_signal_strength_ind .. subfetch sig strength info 0
