02-09 18:22:18.250 I/RILC    (  113): qmi_ril(0/113): [qmi_cb] qcril_qmi_voice_voip_find_call_info_entry_by_call_qmi_id qcril_qmi_voice_voip_find_call_info_entry_by_call_qmi_id completing with res 109336
02-09 18:22:18.250 I/RILC    (  113): qmi_ril(0/113): [qmi_cb] qcril_qmi_voice_voip_update_call_info_entry_mainstream qcril_qmi_voice_voip_update_call_info_entry_mainstream entry with param 109336
02-09 18:22:18.250 I/RILC    (  113): qmi_ril(0/113): [qmi_cb] qcril_qmi_voice_voip_update_call_info_entry_mainstream call android id 1, call qmi id 1
02-09 18:22:18.250 I/RILC    (  113): qmi_ril(0/113): [qmi_cb] qcril_qmi_voice_voip_update_call_info_entry_mainstream .. call state 3, call type 0
02-09 18:22:18.250 I/RILC    (  113): qmi_ril(0/113): [qmi_cb] qcril_qmi_voice_voip_update_call_info_entry_mainstream qcril_qmi_voice_voip_update_call_info_entry_mainstream completed
02-09 18:22:18.250 I/RILC    (  113): qmi_ril(0/113): [qmi_cb] qcril_qmi_voice_all_call_status_ind_hdlr -- final call dump start --
02-09 18:22:18.250 I/RILC    (  113): qmi_ril(0/113): [qmi_cb] qcril_qmi_voice_all_call_status_ind_hdlr - dumping call 1 out of 1
02-09 18:22:18.250 I/RILC    (  113): qmi_ril(0/113): [qmi_cb] qcril_qmi_voice_voip_call_info_dump qcril_qmi_voice_voip_call_info_dump entry with param 109336
02-09 18:22:18.250 I/RILC    (  113): qmi_ril(0/113): [qmi_cb] qcril_qmi_voice_voip_call_info_dump .. call android id 1, call qmi id 1
02-09 18:22:18.250 I/RILC    (  113): qmi_ril(0/113): [qmi_cb] qcril_qmi_voice_voip_call_info_dump .. elaboration 40012 hex
02-09 18:22:18.250 I/RILC    (  113): qmi_ril(0/113): [qmi_cb] qcril_qmi_voice_voip_call_info_dump .. call state 3, call type 0
02-09 18:22:18.250 I/RILC    (  113): qmi_ril(0/113): [qmi_cb] qcril_qmi_voice_voip_call_info_dump qcril_qmi_voice_voip_call_info_dump completed
02-09 18:22:18.250 I/RILC    (  113): qmi_ril(0/113): [qmi_cb] qcril_qmi_voice_all_call_status_ind_hdlr -- final call dump end --
02-09 18:22:18.250 D/RILC    (  113): qmi_ril(0/113): [qmi_cb] qcril_send_unsol_response UI <--- RIL_UNSOL_RESPONSE_CALL_STATE_CHANGED (1001) --- RIL [RID 0, Len 0, (null)]
02-09 18:22:18.250 I/RILC    (  113): qmi_ril(0/113): [qmi_cb] qcril_qmi_voice_all_call_status_ind_hdlr qcril_qmi_voice_all_call_status_ind_hdlr completed
02-09 18:22:18.250 D/RILJ    (27234): [UNSL]< UNSOL_RESPONSE_CALL_STATE_CHANGED
02-09 18:22:18.280 D/CDMA    (27234): [CdmaCallTracker] handleMessage msg.id = 4
02-09 18:22:18.280 D/CDMA    (27234): [CdmaCallTracker] operationComplete: pendingOperations=0, needsPoll=true
02-09 18:22:18.280 D/RILJ    (27234): [2441]> GET_CURRENT_CALLS
02-09 18:22:18.280 D/RILC    (  113): qmi_ril(0/113): [main] onRequest UI --- RIL_REQUEST_GET_CURRENT_CALLS (9) ---> RIL [RID 0, token id 2441, data len 0]
02-09 18:22:18.280 I/RILC    (  113): qmi_ril(0/113): [main] qcril_qmi_voice_request_get_current_calls qcril_qmi_voice_request_get_current_calls entered
02-09 18:22:18.280 I/RILC    (  113): qmi_ril(0/113): [main] qcril_qmi_voice_request_get_current_calls qcril_qmi_voice_request_get_current_calls - Call state 0, IsMT=1
02-09 18:22:18.280 I/RILC    (  113): qmi_ril(0/113): [main] qcril_qmi_voice_request_get_current_calls Reply to RIL --> Number of calls : 1
02-09 18:22:18.280 I/RILC    (  113): qmi_ril(0/113): [main] qcril_qmi_voice_request_get_current_calls Reply to RIL --> call[0] :state Active index 1, toa 129, isMpty 0, isMT 1, als 0, isVoice 1, isVoicePrivacy 0
02-09 18:22:18.280 I/RILC    (  113): qmi_ril(0/113): [main] qcril_qmi_voice_request_get_current_calls ...num 9134864351, num presentation 0, name (null), name presentation 0
02-09 18:22:18.280 I/RILC    (  113): qmi_ril(0/113): [main] qcril_reqlist_find [RID 0] Not found ReqList entry : token id 2441
02-09 18:22:18.280 D/RILC    (  113): qmi_ril(0/113): [main] qcril_send_request_response UI <--- RIL_REQUEST_GET_CURRENT_CALLS (9) Complete --- RIL [RID 0, Token 2441, Success, Len 4 ]
02-09 18:22:18.280 I/RILC    (  113): qmi_ril(0/113): [main] qcril_qmi_voice_request_get_current_calls qcril_qmi_voice_request_get_current_calls completed
02-09 18:22:18.280 D/RILJ    (27234): InCall VoicePrivacy is disabled
02-09 18:22:18.280 D/RILJ    (27234): [2441]< GET_CURRENT_CALLS  [id=1,ACTIVE,toa=129,norm,mt,0,voc,noevp,,cli=1,,0] 
02-09 18:22:18.280 D/CDMA    (27234): [CdmaCallTracker] handleMessage msg.id = 2
02-09 18:22:18.280 D/RILJ    (27234): [2442]> GET_CURRENT_CALLS
02-09 18:22:18.290 D/RILC    (  113): qmi_ril(0/113): [main] onRequest UI --- RIL_REQUEST_GET_CURRENT_CALLS (9) ---> RIL [RID 0, token id 2442, data len 0]
02-09 18:22:18.290 I/RILC    (  113): qmi_ril(0/113): [main] qcril_qmi_voice_request_get_current_calls qcril_qmi_voice_request_get_current_calls entered
02-09 18:22:18.290 I/RILC    (  113): qmi_ril(0/113): [main] qcril_qmi_voice_request_get_current_calls qcril_qmi_voice_request_get_current_calls - Call state 0, IsMT=1
02-09 18:22:18.290 I/RILC    (  113): qmi_ril(0/113): [main] qcril_qmi_voice_request_get_current_calls Reply to RIL --> Number of calls : 1
02-09 18:22:18.290 I/RILC    (  113): qmi_ril(0/113): [main] qcril_qmi_voice_request_get_current_calls Reply to RIL --> call[0] :state Active index 1, toa 129, isMpty 0, isMT 1, als 0, isVoice 1, isVoicePrivacy 0
02-09 18:22:18.290 I/RILC    (  113): qmi_ril(0/113): [main] qcril_qmi_voice_request_get_current_calls ...num 9134864351, num presentation 0, name (null), name presentation 0
02-09 18:22:18.290 I/RILC    (  113): qmi_ril(0/113): [main] qcril_reqlist_find [RID 0] Not found ReqList entry : token id 2442
02-09 18:22:18.290 D/RILC    (  113): qmi_ril(0/113): [main] qcril_send_request_response UI <--- RIL_REQUEST_GET_CURRENT_CALLS (9) Complete --- RIL [RID 0, Token 2442, Success, Len 4 ]
02-09 18:22:18.290 I/RILC    (  113): qmi_ril(0/113): [main] qcril_qmi_voice_request_get_current_calls qcril_qmi_voice_request_get_current_calls completed
02-09 18:22:18.290 D/RILJ    (27234): InCall VoicePrivacy is disabled
02-09 18:22:18.290 D/RILJ    (27234): [2442]< GET_CURRENT_CALLS  [id=1,ACTIVE,toa=129,norm,mt,0,voc,noevp,,cli=1,,0] 
02-09 18:22:18.290 D/CDMA    (27234): [CdmaCallTracker] handleMessage msg.id = 1
02-09 18:22:18.290 D/CDMA    (27234): Event EVENT_POLL_CALLS_RESULT Received
02-09 18:22:18.300 D/CDMA    (27234): [CdmaCallTracker] handleMessage msg.id = 1
02-09 18:22:18.300 D/CDMA    (27234): Event EVENT_POLL_CALLS_RESULT Received
02-09 18:22:18.300 D/CDMA    (27234): [CdmaCallTracker] handle EVENT_POLL_CALL_RESULT: set needsPoll=F
02-09 18:22:18.300 D/CDMA    (27234): >handlePollCalls
02-09 18:22:18.300 D/CDMA    (27234): Connections:
02-09 18:22:18.300 D/CDMA    (27234): Connection 0: 
02-09 18:22:18.300 D/CDMA    (27234): [conn] number: 9134864351 index: 0 incoming: true alive: true ringing: true
02-09 18:22:18.300 D/CDMA    (27234): Connection 1: NULL
02-09 18:22:18.300 D/CDMA    (27234): Driver Calls:
02-09 18:22:18.300 D/CDMA    (27234): [ dc ] number:9134864351 index: 1 incoming: true state: ACTIVE
02-09 18:22:18.300 D/CDMA    (27234): [CdmaCallTracker] poll: conn[i=0]= incoming: true state: INCOMING post dial state: NOT_STARTED, dc=id=1,ACTIVE,toa=129,norm,mt,0,voc,noevp,,cli=1,,0
02-09 18:22:18.300 D/CDMA    (27234): [CDMAConn] parent= INCOMING, newParent= IDLE
02-09 18:22:18.300 D/CDMA    (27234): [CDMAConn] --dssds----null
02-09 18:22:18.300 D/CDMA    (27234): [CDMAConn] Update, wasConnectingInOrOut=true, wasHolding=false, isConnectingInOrOut=false, changed=true
02-09 18:22:18.300 D/CDMA    (27234): [CDMAConn] onConnectedInOrOut: connectTime=1328833338313
02-09 18:22:18.300 D/CDMA    (27234): [CDMAConn] releaseWakeLock
02-09 18:22:18.300 D/CDMA    (27234): [CdmaCallTracker] poll: conn[i=1]=null, dc=null
02-09 18:22:18.300 D/CDMA    (27234): [CdmaCallTracker] update phone state, old=RINGING new=OFFHOOK
02-09 18:22:18.300 D/CDMA    (27234): <handlePollCalls
02-09 18:22:18.330 I/RILC    (  113): qmi_ril(0/113): [qmi_cb] qcril_qmi_nas_unsolicited_indication_cb invoked msg 0x2
02-09 18:22:18.330 I/RILC    (  113): qmi_ril(0/113): [qmi_cb] qcril_qmi_nas_is_considered_registered qcril_qmi_nas_is_considered_registered entered
02-09 18:22:18.330 I/RILC    (  113): qmi_ril(0/113): [qmi_cb] qcril_qmi_nas_is_considered_registered qcril_qmi_nas_is_considered_registered completed with 1
02-09 18:22:18.330 I/RILC    (  113): qmi_ril(0/113): [qmi_cb] qcril_qmi_nas_event_report_ind_conv_qmi2ril qcril_qmi_nas_event_report_ind_conv_qmi2ril entered
02-09 18:22:18.330 I/RILC    (  113): qmi_ril(0/113): [qmi_cb] qcril_qmi_nas_event_report_ind_conv_qmi2ril .. reg reject valid 0
02-09 18:22:18.330 I/RILC    (  113): qmi_ril(0/113): [qmi_cb] qcril_qmi_nas_event_report_ind_conv_qmi2ril qcril_qmi_nas_event_report_ind_conv_qmi2ril completed
02-09 18:22:18.330 I/RILC    (  113): qmi_ril(0/113): [qmi_cb] qcril_qmi_nas_is_considered_registered qcril_qmi_nas_is_considered_registered entered
02-09 18:22:18.330 I/RILC    (  113): qmi_ril(0/113): [qmi_cb] qcril_qmi_nas_is_considered_registered qcril_qmi_nas_is_considered_registered completed with 1
02-09 18:22:18.330 D/RILC    (  113): qmi_ril(0/113): [qmi_cb] qcril_event_queue Event [<Unknown event> ?, 655370] data was NULL!
02-09 18:22:18.330 D/RILC    (  113): qmi_ril(0/113): [qmi_cb] qcril_event_queue RID 0 MID 0 Queued event <Unknown event> ? (0 bytes)
02-09 18:22:18.330 I/RILC    (  113): qmi_ril(0/113): [qmi_cb] qcril_qmi_nas_unsolicited_indication_cb .. operational state 3
02-09 18:22:18.330 I/RILC    (  113): qmi_ril(0/113): [qmi_cb] qcril_qmi_nas_unsolicited_indication_cb qcril_qmi_nas_unsolicited_indication_cb completed
02-09 18:22:18.340 D/RILC    (  113): qmi_ril(0/113): [event] qcril_event_main qcril_event_main(): 1 items on queue
02-09 18:22:18.340 D/RILC    (  113): qmi_ril(0/113): [event] qcril_event_main RID 0 MID 0 De-queued event <Unknown event> ? (655370)
02-09 18:22:18.340 D/RILC    (  113): qmi_ril(0/113): [event] qcril_process_event RIL <--- <Unknown event> ?(655370), RID 0, MID 0 --- AMSS
02-09 18:22:18.340 I/RILC    (  113): qmi_ril(0/113): [event] qcril_qmi_trigger_propagate_known_signal_strength_ind qcril_qmi_trigger_propagate_known_signal_strength_ind received
02-09 18:22:18.340 I/RILC    (  113): qmi_ril(0/113): [event] qcril_qmi_nas_propagate_known_signal_strength_ind qcril_qmi_nas_propagate_known_signal_strength_ind entered
02-09 18:22:18.340 I/RILC    (  113): qmi_ril(0/113): [event] qcril_qmi_nas_fetch_signal_strength_observations qcril_qmi_nas_fetch_signal_strength_observations entered
02-09 18:22:18.340 I/RILC    (  113): qmi_ril(0/113): [event] qcril_qmi_nas_fetch_signal_strength_observations ..req mask 34
02-09 18:22:18.340 I/RILC    (  113): qmi_ril(0/113): [event] qcril_qmi_nas_fetch_signal_strength_observations qcril_qmi_nas_request_signal_strength entered IF 34
02-09 18:22:18.340 I/RILC    (  113): qmi_ril(0/113): [event] qcril_qmi_nas_fetch_signal_strength_observations qcril_qmi_nas_request_signal_strength entered RIL_REQ_RES qmi_request.request__mask = 34
02-09 18:22:18.340 I/RILC    (  113): qmi_ril(0/113): [event] qcril_qmi_nas_fetch_signal_strength_observations qcril_qmi_nas_request_signal_strength entered IF QMI RESPONSE 34
02-09 18:22:18.340 I/RILC    (  113): qmi_ril(0/113): [qmi_cb] qcril_qmi_nas_unsolicited_indication_cb invoked msg 0x2
02-09 18:22:18.340 I/RILC    (  113): qmi_ril(0/113): [qmi_cb] qcril_qmi_nas_is_considered_registered qcril_qmi_nas_is_considered_registered entered
02-09 18:22:18.340 I/RILC    (  113): qmi_ril(0/113): [qmi_cb] qcril_qmi_nas_is_considered_registered qcril_qmi_nas_is_considered_registered completed with 1
02-09 18:22:18.340 I/RILC    (  113): qmi_ril(0/113): [qmi_cb] qcril_qmi_nas_event_report_ind_conv_qmi2ril qcril_qmi_nas_event_report_ind_conv_qmi2ril entered
02-09 18:22:18.340 I/RILC    (  113): qmi_ril(0/113): [qmi_cb] qcril_qmi_nas_event_report_ind_conv_qmi2ril .. reg reject valid 0
02-09 18:22:18.340 I/RILC    (  113): qmi_ril(0/113): [qmi_cb] qcril_qmi_nas_event_report_ind_conv_qmi2ril qcril_qmi_nas_event_report_ind_conv_qmi2ril completed
02-09 18:22:18.340 I/RILC    (  113): qmi_ril(0/113): [qmi_cb] qcril_qmi_nas_is_considered_registered qcril_qmi_nas_is_considered_registered entered
02-09 18:22:18.340 I/RILC    (  113): qmi_ril(0/113): [qmi_cb] qcril_qmi_nas_is_considered_registered qcril_qmi_nas_is_considered_registered completed with 1
02-09 18:22:18.340 D/RILC    (  113): qmi_ril(0/113): [qmi_cb] qcril_event_queue Event [<Unknown event> ?, 655370] data was NULL!
02-09 18:22:18.340 D/RILC    (  113): qmi_ril(0/113): [qmi_cb] qcril_event_queue RID 0 MID 0 Queued event <Unknown event> ? (0 bytes)
02-09 18:22:18.340 I/RILC    (  113): qmi_ril(0/113): [qmi_cb] qcril_qmi_nas_unsolicited_indication_cb .. operational state 3
02-09 18:22:18.340 I/RILC    (  113): qmi_ril(0/113): [qmi_cb] qcril_qmi_nas_unsolicited_indication_cb qcril_qmi_nas_unsolicited_indication_cb completed
02-09 18:22:18.340 I/RILC    (  113): qmi_ril(0/113): [event] qcril_qmi_util_convert_qmi_response_codes_to_ril_result_ex qcril_qmi_util_convert_qmi_response_codes_to_ril_result_ex ctx check 0
02-09 18:22:18.340 I/RILC    (  113): qmi_ril(0/113): [event] qcril_qmi_nas_fetch_signal_strength_observations qcril_qmi_nas_request_signal_strength entered IF UTIL_RES = SUCCESS 34
02-09 18:22:18.340 I/RILC    (  113): qmi_ril(0/113): [event] qcril_qmi_nas_fetch_signal_strength_observations qcril_qmi_nas_fetch_signal_strength_observations completed 0
02-09 18:22:18.340 I/RILC    (  113): qmi_ril(0/113): [event] qcril_qmi_nas_propagate_known_signal_strength_ind .. subfetch sig strength info 0
02-09 18:22:18.340 I/RILC    (  113): qmi_ril(0/113): [event] qcril_qmi_nas_dump_sign_strength_report qcril_qmi_nas_dump_sign_strength_report entered
02-09 18:22:18.340 I/RILC    (  113): qmi_ril(0/113): [event] qcril_qmi_nas_dump_sign_strength_report ..GW
02-09 18:22:18.340 I/RILC    (  113): qmi_ril(0/113): [event] qcril_qmi_nas_dump_sign_strength_report .. signalStrength 99, bitErrorRate 0
02-09 18:22:18.340 I/RILC    (  113): qmi_ril(0/113): [event] qcril_qmi_nas_dump_sign_strength_report ..CDMA
02-09 18:22:18.340 I/RILC    (  113): qmi_ril(0/113): [event] qcril_qmi_nas_dump_sign_strength_report .. dbm -1, ecio 90 
02-09 18:22:18.340 I/RILC    (  113): qmi_ril(0/113): [event] qcril_qmi_nas_dump_sign_strength_report ..EVDO
02-09 18:22:18.340 I/RILC    (  113): qmi_ril(0/113): [event] qcril_qmi_nas_dump_sign_strength_report .. dbm -1, ecio 315, signalNoiseRatio 6
02-09 18:22:18.340 I/RILC    (  113): qmi_ril(0/113): [event] qcril_qmi_nas_dump_sign_strength_report ..LTE
02-09 18:22:18.340 I/RILC    (  113): qmi_ril(0/113): [event] qcril_qmi_nas_dump_sign_strength_report .. signalStrength 99, rsrp 2147483647, rsrq 2147483647, rsnnr 2147483647
02-09 18:22:18.340 I/RILC    (  113): qmi_ril(0/113): [event] qcril_qmi_nas_dump_sign_strength_report qcril_qmi_nas_dump_sign_strength_report completed
02-09 18:22:18.340 I/RILC    (  113): qmi_ril(0/113): [event] qcril_qmi_nas_propagate_known_signal_strength_ind .. conf res 0
02-09 18:22:18.340 D/RILC    (  113): qmi_ril(0/113): [event] qcril_send_unsol_response UI <--- RIL_UNSOL_SIGNAL_STRENGTH (1009) --- RIL [RID 0, Len 48, (null)]
02-09 18:22:18.340 I/RILC    (  113): qmi_ril(0/113): [event] qcril_qmi_nas_propagate_known_signal_strength_ind qcril_qmi_nas_propagate_known_signal_strength_ind completed 0
02-09 18:22:18.340 I/RILC    (  113): qmi_ril(0/113): [event] qcril_process_event Exit qcril_process_event() : <Unknown event> ?, err_no 0
02-09 18:22:18.340 D/RILC    (  113): qmi_ril(0/113): [event] qcril_event_main RID 0 MID 0 De-queued event <Unknown event> ? (655370)
02-09 18:22:18.340 D/RILC    (  113): qmi_ril(0/113): [event] qcril_process_event RIL <--- <Unknown event> ?(655370), RID 0, MID 0 --- AMSS
02-09 18:22:18.340 I/RILC    (  113): qmi_ril(0/113): [event] qcril_qmi_trigger_propagate_known_signal_strength_ind qcril_qmi_trigger_propagate_known_signal_strength_ind received
02-09 18:22:18.340 I/RILC    (  113): qmi_ril(0/113): [event] qcril_qmi_nas_propagate_known_signal_strength_ind qcril_qmi_nas_propagate_known_signal_strength_ind entered
02-09 18:22:18.340 I/RILC    (  113): qmi_ril(0/113): [event] qcril_qmi_nas_fetch_signal_strength_observations qcril_qmi_nas_fetch_signal_strength_observations entered
02-09 18:22:18.340 I/RILC    (  113): qmi_ril(0/113): [event] qcril_qmi_nas_fetch_signal_strength_observations ..req mask 33
02-09 18:22:18.340 I/RILC    (  113): qmi_ril(0/113): [event] qcril_qmi_nas_fetch_signal_strength_observations qcril_qmi_nas_request_signal_strength entered IF 33
02-09 18:22:18.340 I/RILC    (  113): qmi_ril(0/113): [event] qcril_qmi_nas_fetch_signal_strength_observations qcril_qmi_nas_request_signal_strength entered RIL_REQ_RES qmi_request.request__mask = 33
02-09 18:22:18.340 I/RILC    (  113): qmi_ril(0/113): [event] qcril_qmi_nas_fetch_signal_strength_observations qcril_qmi_nas_request_signal_strength entered IF QMI RESPONSE 33
02-09 18:22:18.350 I/RILC    (  113): qmi_ril(0/113): [event] qcril_qmi_util_convert_qmi_response_codes_to_ril_result_ex qcril_qmi_util_convert_qmi_response_codes_to_ril_result_ex ctx check 0
02-09 18:22:18.350 I/RILC    (  113): qmi_ril(0/113): [event] qcril_qmi_nas_fetch_signal_strength_observations qcril_qmi_nas_request_signal_strength entered IF UTIL_RES = SUCCESS 33
02-09 18:22:18.350 I/RILC    (  113): qmi_ril(0/113): [event] qcril_qmi_nas_fetch_signal_strength_observations qcril_qmi_nas_fetch_signal_strength_observations completed 0
02-09 18:22:18.350 I/RILC    (  113): qmi_ril(0/113): [event] qcril_qmi_nas_propagate_known_signal_strength_ind .. subfetch sig strength info 0
02-09 18:22:18.350 I/RILC    (  113): qmi_ril(0/113): [event] qcril_qmi_nas_dump_sign_strength_report qcril_qmi_nas_dump_sign_strength_report entered
02-09 18:22:18.350 I/RILC    (  113): qmi_ril(0/113): [event] qcril_qmi_nas_dump_sign_strength_report ..GW
02-09 18:22:18.350 I/RILC    (  113): qmi_ril(0/113): [event] qcril_qmi_nas_dump_sign_strength_report .. signalStrength 99, bitErrorRate 0
02-09 18:22:18.350 I/RILC    (  113): qmi_ril(0/113): [event] qcril_qmi_nas_dump_sign_strength_report ..CDMA
02-09 18:22:18.350 I/RILC    (  113): qmi_ril(0/113): [event] qcril_qmi_nas_dump_sign_strength_report .. dbm 93, ecio 90 
02-09 18:22:18.350 I/RILC    (  113): qmi_ril(0/113): [event] qcril_qmi_nas_dump_sign_strength_report ..EVDO
02-09 18:22:18.350 I/RILC    (  113): qmi_ril(0/113): [event] qcril_qmi_nas_dump_sign_strength_report .. dbm 0, ecio 315, signalNoiseRatio 6
02-09 18:22:18.350 I/RILC    (  113): qmi_ril(0/113): [event] qcril_qmi_nas_dump_sign_strength_report ..LTE
02-09 18:22:18.350 I/RILC    (  113): qmi_ril(0/113): [event] qcril_qmi_nas_dump_sign_strength_report .. signalStrength 99, rsrp 2147483647, rsrq 2147483647, rsnnr 2147483647
02-09 18:22:18.350 I/RILC    (  113): qmi_ril(0/113): [event] qcril_qmi_nas_dump_sign_strength_report qcril_qmi_nas_dump_sign_strength_report completed
02-09 18:22:18.350 I/RILC    (  113): qmi_ril(0/113): [event] qcril_qmi_nas_propagate_known_signal_strength_ind .. conf res 0
02-09 18:22:18.350 D/RILC    (  113): qmi_ril(0/113): [event] qcril_send_unsol_response UI <--- RIL_UNSOL_SIGNAL_STRENGTH (1009) --- RIL [RID 0, Len 48, (null)]
02-09 18:22:18.350 I/RILC    (  113): qmi_ril(0/113): [event] qcril_qmi_nas_propagate_known_signal_strength_ind qcril_qmi_nas_propagate_known_signal_strength_ind completed 0
02-09 18:22:18.350 I/RILC    (  113): qmi_ril(0/113): [event] qcril_process_event Exit qcril_process_event() : <Unknown event> ?, err_no 0
02-09 18:22:18.350 D/RILC    (  113): qmi_ril(0/113): [event] qcril_event_main qcril_event_main(): Waiting...
02-09 18:22:18.350 D/RILC    (  113): qmi_ril(0/113): [event] qcril_event_main qcril_event_main(): 1 items on queue
02-09 18:22:18.350 D/RILC    (  113): qmi_ril(0/113): [event] qcril_event_main qcril_event_main(): Waiting...
02-09 18:22:18.510 D/CDMA    (27234): [CdmaCallTracker] handleMessage msg.id = 3
02-09 18:22:18.510 D/RILJ    (27234): [2443]> GET_CURRENT_CALLS
02-09 18:22:18.510 D/RILC    (  113): qmi_ril(0/113): [main] onRequest UI --- RIL_REQUEST_GET_CURRENT_CALLS (9) ---> RIL [RID 0, token id 2443, data len 0]
02-09 18:22:18.510 I/RILC    (  113): qmi_ril(0/113): [main] qcril_qmi_voice_request_get_current_calls qcril_qmi_voice_request_get_current_calls entered
02-09 18:22:18.510 I/RILC    (  113): qmi_ril(0/113): [main] qcril_qmi_voice_request_get_current_calls qcril_qmi_voice_request_get_current_calls - Call state 0, IsMT=1
02-09 18:22:18.510 I/RILC    (  113): qmi_ril(0/113): [main] qcril_qmi_voice_request_get_current_calls Reply to RIL --> Number of calls : 1
02-09 18:22:18.510 I/RILC    (  113): qmi_ril(0/113): [main] qcril_qmi_voice_request_get_current_calls Reply to RIL --> call[0] :state Active index 1, toa 129, isMpty 0, isMT 1, als 0, isVoice 1, isVoicePrivacy 0
02-09 18:22:18.510 I/RILC    (  113): qmi_ril(0/113): [main] qcril_qmi_voice_request_get_current_calls ...num 9134864351, num presentation 0, name (null), name presentation 0
02-09 18:22:18.510 I/RILC    (  113): qmi_ril(0/113): [main] qcril_reqlist_find [RID 0] Not found ReqList entry : token id 2443
02-09 18:22:18.510 D/RILC    (  113): qmi_ril(0/113): [main] qcril_send_request_response UI <--- RIL_REQUEST_GET_CURRENT_CALLS (9) Complete --- RIL [RID 0, Token 2443, Success, Len 4 ]
02-09 18:22:18.510 I/RILC    (  113): qmi_ril(0/113): [main] qcril_qmi_voice_request_get_current_calls qcril_qmi_voice_request_get_current_calls completed
02-09 18:22:18.510 D/RILJ    (27234): InCall VoicePrivacy is disabled
02-09 18:22:18.510 D/RILJ    (27234): [2443]< GET_CURRENT_CALLS  [id=1,ACTIVE,toa=129,norm,mt,0,voc,noevp,,cli=1,,0] 
02-09 18:22:18.530 D/CDMA    (27234): [CdmaCallTracker] handleMessage msg.id = 1
02-09 18:22:18.530 D/CDMA    (27234): Event EVENT_POLL_CALLS_RESULT Received
02-09 18:22:18.540 D/CDMA    (27234): [CdmaCallTracker] handle EVENT_POLL_CALL_RESULT: set needsPoll=F
02-09 18:22:18.540 D/CDMA    (27234): >handlePollCalls
02-09 18:22:18.540 D/CDMA    (27234): Connections:
02-09 18:22:18.540 D/CDMA    (27234): Connection 0: 
02-09 18:22:18.540 D/CDMA    (27234): [conn] number: 9134864351 index: 0 incoming: true alive: true ringing: false
02-09 18:22:18.540 D/CDMA    (27234): Connection 1: NULL
02-09 18:22:18.540 D/CDMA    (27234): Driver Calls:
02-09 18:22:18.540 D/CDMA    (27234): [ dc ] number:9134864351 index: 1 incoming: true state: ACTIVE
02-09 18:22:18.540 D/CDMA    (27234): [CdmaCallTracker] poll: conn[i=0]= incoming: true state: ACTIVE post dial state: NOT_STARTED, dc=id=1,ACTIVE,toa=129,norm,mt,0,voc,noevp,,cli=1,,0
02-09 18:22:18.540 D/CDMA    (27234): [CDMAConn] parent= ACTIVE, newParent= ACTIVE
02-09 18:22:18.540 D/CDMA    (27234): [CDMAConn] --dssds----null
02-09 18:22:18.540 D/CDMA    (27234): [CDMAConn] Update, wasConnectingInOrOut=false, wasHolding=false, isConnectingInOrOut=false, changed=false
02-09 18:22:18.540 D/CDMA    (27234): [CdmaCallTracker] poll: conn[i=1]=null, dc=null
02-09 18:22:18.540 D/CDMA    (27234): [CdmaCallTracker] update phone state, old=OFFHOOK new=OFFHOOK
02-09 18:22:18.540 D/CDMA    (27234): <handlePollCalls
02-09 18:22:19.481 D/RILJ    (27234): [2444]> SCREEN_STATE: false
02-09 18:22:19.481 D/RILC    (  113): qmi_ril(0/113): [main] onRequest UI --- RIL_REQUEST_SCREEN_STATE (61) ---> RIL [RID 0, token id 2444, data len 4]
02-09 18:22:19.481 I/RILC    (  113): qmi_ril(0/113): [main] qcril_qmi_nas_request_screen_state qcril_qmi_nas_request_screen_state entered 
02-09 18:22:19.481 I/RILC    (  113): qmi_ril(0/113): [main] qcril_qmi_util_enable_networking_indications qcril_qmi_util_enable_networking_indications, param 0 
02-09 18:22:19.481 I/RILC    (  113): qmi_ril(0/113): [main] qcril_qmi_util_convert_qmi_response_codes_to_ril_result_ex qcril_qmi_util_convert_qmi_response_codes_to_ril_result_ex ctx check 0
02-09 18:22:19.481 I/RILC    (  113): qmi_ril(0/113): [main] qcril_qmi_util_enable_networking_indications .. requested nas event report 0, 0
02-09 18:22:19.481 I/RILC    (  113): qmi_ril(0/113): [main] qcril_qmi_util_convert_qmi_response_codes_to_ril_result_ex qcril_qmi_util_convert_qmi_response_codes_to_ril_result_ex ctx check 0
02-09 18:22:19.481 I/RILC    (  113): qmi_ril(0/113): [main] qcril_qmi_util_enable_networking_indications .. requested nas indication reports 0, 0
02-09 18:22:19.481 I/RILC    (  113): qmi_ril(0/113): [main] qcril_qmi_util_enable_networking_indications qcril_qmi_util_enable_networking_indications completed with 0
02-09 18:22:19.481 I/RILC    (  113): qmi_ril(0/113): [main] qcril_data_toggle_dormancy_indications >>>>>> LOCK QCRIL_DATA MUTEX 80211bd4
02-09 18:22:19.481 I/RILC    (  113): qmi_ril(0/113): [main] qcril_data_toggle_dormancy_indications LOCK QCRIL_DATA MUTEX 80211bd4 result=0
02-09 18:22:19.481 D/RILC    (  113): qmi_ril(0/113): [main] qcril_data_toggle_dormancy_indications Switch ON/OFF dormancy indications on all active interfaces
02-09 18:22:19.481 D/RILC    (  113): qmi_ril(0/113): [main] qcril_data_toggle_dormancy_indications selected index = 0
02-09 18:22:19.481 D/RILC    (  113): qmi_ril(0/113): [main] qcril_data_iface_ioctl setting dormancy event report on wds client [1048832]
02-09 18:22:19.501 I/RILC    (  113): qmi_ril(0/113): [main] qcril_data_toggle_dormancy_indications <<<<<< UNLOCK QCRIL_DATA MUTEX 80211bd4
02-09 18:22:19.501 I/RILC    (  113): qmi_ril(0/113): [main] qcril_data_toggle_dormancy_indications UNLOCK QCRIL_DATA MUTEX 80211bd4 result=0
02-09 18:22:19.501 I/RILC    (  113): qmi_ril(0/113): [main] qcril_data_toggle_dormancy_indications qcril_data_toggle_dormancy_indications: EXIT with SUCCESS
02-09 18:22:19.501 I/RILC    (  113): qmi_ril(0/113): [main] qcril_qmi_nas_request_screen_state .. data dormancy req 1, 0
02-09 18:22:19.501 I/RILC    (  113): qmi_ril(0/113): [main] qcril_reqlist_find [RID 0] Not found ReqList entry : token id 2444
02-09 18:22:19.501 D/RILC    (  113): qmi_ril(0/113): [main] qcril_send_request_response UI <--- RIL_REQUEST_SCREEN_STATE (61) Complete --- RIL [RID 0, Token 2444, Success, Len 0 ]
02-09 18:22:19.501 I/RILC    (  113): qmi_ril(0/113): [main] qcril_qmi_nas_request_screen_state qcril_qmi_nas_request_screen_state complete with 0
02-09 18:22:19.501 D/RILJ    (27234): [2444]< SCREEN_STATE 
02-09 18:22:51.893 D/CDMA    (27234): [CdmaCallTracker] update phone state, old=OFFHOOK new=OFFHOOK
02-09 18:22:51.963 D/RILJ    (27234): [2445]> SCREEN_STATE: true
02-09 18:22:51.963 D/RILC    (  113): qmi_ril(0/113): [main] onRequest UI --- RIL_REQUEST_SCREEN_STATE (61) ---> RIL [RID 0, token id 2445, data len 4]
02-09 18:22:51.963 I/RILC    (  113): qmi_ril(0/113): [main] qcril_qmi_nas_request_screen_state qcril_qmi_nas_request_screen_state entered 
02-09 18:22:51.963 I/RILC    (  113): qmi_ril(0/113): [main] qcril_qmi_util_enable_networking_indications qcril_qmi_util_enable_networking_indications, param 1 
02-09 18:22:51.963 I/RILC    (  113): qmi_ril(0/113): [main] qcril_qmi_util_convert_qmi_response_codes_to_ril_result_ex qcril_qmi_util_convert_qmi_response_codes_to_ril_result_ex ctx check 0
02-09 18:22:51.963 I/RILC    (  113): qmi_ril(0/113): [main] qcril_qmi_util_enable_networking_indications .. requested nas event report 0, 0
02-09 18:22:51.963 I/RILC    (  113): qmi_ril(0/113): [main] qcril_qmi_util_convert_qmi_response_codes_to_ril_result_ex qcril_qmi_util_convert_qmi_response_codes_to_ril_result_ex ctx check 0
02-09 18:22:51.963 I/RILC    (  113): qmi_ril(0/113): [main] qcril_qmi_util_enable_networking_indications .. requested nas indication reports 0, 0
02-09 18:22:51.963 I/RILC    (  113): qmi_ril(0/113): [main] qcril_qmi_nas_drop_nw_info_cache  qcril_qmi_nas_drop_nw_info_cache entry 
02-09 18:22:51.963 I/RILC    (  113): qmi_ril(0/113): [main] qcril_qmi_nas_drop_nw_info_cache qcril_qmi_nas_drop_nw_info_cache complete 
02-09 18:22:51.973 I/RILC    (  113): qmi_ril(0/113): [main] qcril_qmi_util_convert_qmi_response_codes_to_ril_result_ex qcril_qmi_util_convert_qmi_response_codes_to_ril_result_ex ctx check 0
02-09 18:22:51.973 I/RILC    (  113): qmi_ril(0/113): [main] qcril_qmi_voice_technology_updated qcril_qmi_voice_technology_updated entered
02-09 18:22:51.973 I/RILC    (  113): qmi_ril(0/113): [main] qcril_qmi_voice_technology_updated ..nas_cached_info.serving_system valid 1
02-09 18:22:51.973 I/RILC    (  113): qmi_ril(0/113): [main] qcril_qmi_voice_technology_updated .. selected NW 1
02-09 18:22:51.973 I/RILC    (  113): qmi_ril(0/113): [main] qcril_qmi_voice_technology_updated .. NW state 1
02-09 18:22:51.973 I/RILC    (  113): qmi_ril(0/113): [main] qcril_qmi_mgr_voice_technology_updated qcril_qmi_mgr_voice_technology_updated entered
02-09 18:22:51.973 I/RILC    (  113): qmi_ril(0/113): [main] qcril_qmi_mgr_voice_technology_updated qcril_qmi_mgr_voice_technology_updated left 2
02-09 18:22:51.973 I/RILC    (  113): qmi_ril(0/113): [main] qcril_qmi_voice_technology_updated qcril_qmi_voice_technology_updated completed for 2
02-09 18:22:51.973 I/RILC    (  113): qmi_ril(0/113): [main] qmi_ril_nwr_update_reg_rej_legacy qmi_ril_nwr_update_reg_rej_legacy entered
02-09 18:22:51.973 I/RILC    (  113): qmi_ril(0/113): [main] qmi_ril_nwr_update_reg_rej_legacy .. ss srv reg state 1
02-09 18:22:51.973 I/RILC    (  113): qmi_ril(0/113): [main] qmi_ril_nwr_update_reg_rej_legacy .. reje CS cs_rejected 0
02-09 18:22:51.973 I/RILC    (  113): qmi_ril(0/113): [main] qmi_ril_nwr_update_reg_rej_legacy .. reje CS cs_reject_cause 0
02-09 18:22:51.973 I/RILC    (  113): qmi_ril(0/113): [main] qmi_ril_nwr_update_reg_rej_legacy .. reje PS ps_rejected 0
02-09 18:22:51.973 I/RILC    (  113): qmi_ril(0/113): [main] qmi_ril_nwr_update_reg_rej_legacy .. reje PS ps_reject_cause 0
02-09 18:22:51.973 I/RILC    (  113): qmi_ril(0/113): [main] qmi_ril_nwr_util_log_mccmnc_str .. reje mcc - 
02-09 18:22:51.973 I/RILC    (  113): qmi_ril(0/113): [main] qmi_ril_nwr_util_log_mccmnc_str .. reje mnc - 
02-09 18:22:51.973 I/RILC    (  113): qmi_ril(0/113): [main] qmi_ril_nwr_update_reg_rej_legacy qmi_ril_nwr_update_reg_rej_legacy completed
02-09 18:22:51.973 I/RILC    (  113): qmi_ril(0/113): [main] qcril_qmi_nas_fetch_serving_system_info qcril_qmi_nas_fetch_serving_system_info res 0 
02-09 18:22:51.973 I/RILC    (  113): qmi_ril(0/113): [main] qcril_qmi_nas_fetch_signal_strength_observations qcril_qmi_nas_fetch_signal_strength_observations entered
02-09 18:22:51.973 I/RILC    (  113): qmi_ril(0/113): [main] qcril_qmi_nas_fetch_signal_strength_observations ..req mask 115
02-09 18:22:51.973 I/RILC    (  113): qmi_ril(0/113): [main] qcril_qmi_nas_fetch_signal_strength_observations qcril_qmi_nas_request_signal_strength entered IF 115
02-09 18:22:51.973 I/RILC    (  113): qmi_ril(0/113): [main] qcril_qmi_nas_fetch_signal_strength_observations qcril_qmi_nas_request_signal_strength entered RIL_REQ_RES qmi_request.request__mask = 51
02-09 18:22:51.973 I/RILC    (  113): qmi_ril(0/113): [main] qcril_qmi_nas_fetch_signal_strength_observations qcril_qmi_nas_request_signal_strength entered IF QMI RESPONSE 115
02-09 18:22:51.973 I/RILC    (  113): qmi_ril(0/113): [main] qcril_qmi_util_convert_qmi_response_codes_to_ril_result_ex qcril_qmi_util_convert_qmi_response_codes_to_ril_result_ex ctx check 0
02-09 18:22:51.973 I/RILC    (  113): qmi_ril(0/113): [main] qcril_qmi_nas_fetch_signal_strength_observations qcril_qmi_nas_request_signal_strength entered IF UTIL_RES = SUCCESS 115
02-09 18:22:51.973 I/RILC    (  113): qmi_ril(0/113): [main] qcril_qmi_nas_fetch_signal_strength_observations qcril_qmi_nas_fetch_signal_strength_observations completed 0
02-09 18:22:51.973 I/RILC    (  113): qmi_ril(0/113): [main] qcril_qmi_util_enable_networking_indications .. new / old rte 2 / 2
02-09 18:22:51.973 D/RILC    (  113): qmi_ril(0/113): [main] qcril_send_unsol_response UI <--- RIL_UNSOL_RESPONSE_NETWORK_STATE_CHANGED (1002) --- RIL [RID 0, Len 0, (null)]
02-09 18:22:51.973 D/RILC    (  113): qmi_ril(0/113): [main] qcril_send_unsol_response UI <--- RIL_UNSOL_RESPONSE_DATA_NETWORK_STATE_CHANGED (1037) --- RIL [RID 0, Len 0, (null)]
02-09 18:22:51.973 I/RILC    (  113): qmi_ril(0/113): [main] qcril_qmi_util_enable_networking_indications .. restrict status info 0
02-09 18:22:51.973 I/RILC    (  113): qmi_ril(0/113): [main] qcril_qmi_nas_fill_up_restricted_state_details  .. restricted_state_changed_local, restricted_state_details_local 0, 0
02-09 18:22:51.973 D/RILC    (  113): qmi_ril(0/113): [main] qcril_event_queue Event [<Unknown event> ?, 655370] data was NULL!
02-09 18:22:51.973 D/RILC    (  113): qmi_ril(0/113): [main] qcril_event_queue RID 0 MID 0 Queued event <Unknown event> ? (0 bytes)
02-09 18:22:51.973 I/RILC    (  113): qmi_ril(0/113): [main] qcril_qmi_util_enable_networking_indications qcril_qmi_util_enable_networking_indications completed with 0
02-09 18:22:51.973 D/RILC    (  113): qmi_ril(0/113): [event] qcril_event_main qcril_event_main(): 1 items on queue
02-09 18:22:51.973 D/RILC    (  113): qmi_ril(0/113): [event] qcril_event_main RID 0 MID 0 De-queued event <Unknown event> ? (655370)
02-09 18:22:51.973 D/RILC    (  113): qmi_ril(0/113): [event] qcril_process_event RIL <--- <Unknown event> ?(655370), RID 0, MID 0 --- AMSS
02-09 18:22:51.973 I/RILC    (  113): qmi_ril(0/113): [event] qcril_qmi_trigger_propagate_known_signal_strength_ind qcril_qmi_trigger_propagate_known_signal_strength_ind received
02-09 18:22:51.973 I/RILC    (  113): qmi_ril(0/113): [event] qcril_qmi_nas_propagate_known_signal_strength_ind qcril_qmi_nas_propagate_known_signal_strength_ind entered
02-09 18:22:51.973 I/RILC    (  113): qmi_ril(0/113): [event] qcril_qmi_nas_fetch_signal_strength_observations qcril_qmi_nas_fetch_signal_strength_observations entered
02-09 18:22:51.973 I/RILC    (  113): qmi_ril(0/113): [event] qcril_qmi_nas_fetch_signal_strength_observations ..req mask 32
02-09 18:22:51.973 I/RILC    (  113): qmi_ril(0/113): [event] qcril_qmi_nas_fetch_signal_strength_observations qcril_qmi_nas_request_signal_strength entered IF 32
02-09 18:22:51.973 I/RILC    (  113): qmi_ril(0/113): [event] qcril_qmi_nas_fetch_signal_strength_observations qcril_qmi_nas_request_signal_strength entered RIL_REQ_RES qmi_request.request__mask = 32
02-09 18:22:51.973 I/RILC    (  113): qmi_ril(0/113): [event] qcril_qmi_nas_fetch_signal_strength_observations qcril_qmi_nas_request_signal_strength entered IF QMI RESPONSE 32
02-09 18:22:51.973 I/RILC    (  113): qmi_ril(0/113): [main] qcril_qmi_util_convert_qmi_response_codes_to_ril_result_ex qcril_qmi_util_convert_qmi_response_codes_to_ril_result_ex ctx check 0
02-09 18:22:51.973 I/RILC    (  113): qmi_ril(0/113): [main] qcril_qmi_voice_technology_updated qcril_qmi_voice_technology_updated entered
02-09 18:22:51.973 I/RILC    (  113): qmi_ril(0/113): [main] qcril_qmi_voice_technology_updated ..nas_cached_info.serving_system valid 1
02-09 18:22:51.973 I/RILC    (  113): qmi_ril(0/113): [main] qcril_qmi_voice_technology_updated .. selected NW 1
02-09 18:22:51.973 I/RILC    (  113): qmi_ril(0/113): [main] qcril_qmi_voice_technology_updated .. NW state 1
02-09 18:22:51.973 I/RILC    (  113): qmi_ril(0/113): [main] qcril_qmi_mgr_voice_technology_updated qcril_qmi_mgr_voice_technology_updated entered
02-09 18:22:51.973 I/RILC    (  113): qmi_ril(0/113): [main] qcril_qmi_mgr_voice_technology_updated qcril_qmi_mgr_voice_technology_updated left 2
02-09 18:22:51.973 I/RILC    (  113): qmi_ril(0/113): [main] qcril_qmi_voice_technology_updated qcril_qmi_voice_technology_updated completed for 2
02-09 18:22:51.973 I/RILC    (  113): qmi_ril(0/113): [main] qmi_ril_nwr_update_reg_rej_legacy qmi_ril_nwr_update_reg_rej_legacy entered
02-09 18:22:51.973 I/RILC    (  113): qmi_ril(0/113): [main] qmi_ril_nwr_update_reg_rej_legacy .. ss srv reg state 1
02-09 18:22:51.973 I/RILC    (  113): qmi_ril(0/113): [main] qmi_ril_nwr_update_reg_rej_legacy .. reje CS cs_rejected 0
02-09 18:22:51.973 I/RILC    (  113): qmi_ril(0/113): [main] qmi_ril_nwr_update_reg_rej_legacy .. reje CS cs_reject_cause 0
02-09 18:22:51.973 I/RILC    (  113): qmi_ril(0/113): [main] qmi_ril_nwr_update_reg_rej_legacy .. reje PS ps_rejected 0
02-09 18:22:51.973 I/RILC    (  113): qmi_ril(0/113): [main] qmi_ril_nwr_update_reg_rej_legacy .. reje PS ps_reject_cause 0
02-09 18:22:51.973 I/RILC    (  113): qmi_ril(0/113): [main] qmi_ril_nwr_util_log_mccmnc_str .. reje mcc - 
02-09 18:22:51.973 I/RILC    (  113): qmi_ril(0/113): [main] qmi_ril_nwr_util_log_mccmnc_str .. reje mnc - 
02-09 18:22:51.973 I/RILC    (  113): qmi_ril(0/113): [main] qmi_ril_nwr_update_reg_rej_legacy qmi_ril_nwr_update_reg_rej_legacy completed
02-09 18:22:51.973 I/RILC    (  113): qmi_ril(0/113): [main] qcril_qmi_nas_fetch_serving_system_info qcril_qmi_nas_fetch_serving_system_info res 0 
02-09 18:22:51.973 I/RILC    (  113): qmi_ril(0/113): [main] qcril_data_toggle_dormancy_indications >>>>>> LOCK QCRIL_DATA MUTEX 80211bd4
02-09 18:22:51.973 I/RILC    (  113): qmi_ril(0/113): [main] qcril_data_toggle_dormancy_indications LOCK QCRIL_DATA MUTEX 80211bd4 result=0
02-09 18:22:51.973 D/RILC    (  113): qmi_ril(0/113): [main] qcril_data_toggle_dormancy_indications Switch ON/OFF dormancy indications on all active interfaces
02-09 18:22:51.973 D/RILC    (  113): qmi_ril(0/113): [main] qcril_data_toggle_dormancy_indications selected index = 0
02-09 18:22:51.973 D/RILC    (  113): qmi_ril(0/113): [main] qcril_data_iface_ioctl setting dormancy event report on wds client [1048832]
02-09 18:22:51.973 I/RILC    (  113): qmi_ril(0/113): [event] qcril_qmi_util_convert_qmi_response_codes_to_ril_result_ex qcril_qmi_util_convert_qmi_response_codes_to_ril_result_ex ctx check 0
02-09 18:22:51.973 I/RILC    (  113): qmi_ril(0/113): [event] qcril_qmi_nas_fetch_signal_strength_observations qcril_qmi_nas_request_signal_strength entered IF UTIL_RES = SUCCESS 32
02-09 18:22:51.973 I/RILC    (  113): qmi_ril(0/113): [event] qcril_qmi_nas_fetch_signal_strength_observations qcril_qmi_nas_fetch_signal_strength_observations completed 0
02-09 18:22:51.973 I/RILC    (  113): qmi_ril(0/113): [event] qcril_qmi_nas_propagate_known_signal_strength_ind .. subfetch sig strength info 0
02-09 18:22:51.973 I/RILC    (  113): qmi_ril(0/113): [event] qcril_qmi_nas_dump_sign_strength_report qcril_qmi_nas_dump_sign_strength_report entered
02-09 18:22:51.973 I/RILC    (  113): qmi_ril(0/113): [event] qcril_qmi_nas_dump_sign_strength_report ..GW
02-09 18:22:51.973 I/RILC    (  113): qmi_ril(0/113): [event] qcril_qmi_nas_dump_sign_strength_report .. signalStrength 99, bitErrorRate 0
02-09 18:22:51.973 I/RILC    (  113): qmi_ril(0/113): [event] qcril_qmi_nas_dump_sign_strength_report ..CDMA
02-09 18:22:51.973 I/RILC    (  113): qmi_ril(0/113): [event] qcril_qmi_nas_dump_sign_strength_report .. dbm 96, ecio 95 
02-09 18:22:51.973 I/RILC    (  113): qmi_ril(0/113): [event] qcril_qmi_nas_dump_sign_strength_report ..EVDO
02-09 18:22:51.973 I/RILC    (  113): qmi_ril(0/113): [event] qcril_qmi_nas_dump_sign_strength_report .. dbm 0, ecio 315, signalNoiseRatio 6
02-09 18:22:51.973 I/RILC    (  113): qmi_ril(0/113): [event] qcril_qmi_nas_dump_sign_strength_report ..LTE
02-09 18:22:51.973 I/RILC    (  113): qmi_ril(0/113): [event] qcril_qmi_nas_dump_sign_strength_report .. signalStrength 99, rsrp 2147483647, rsrq 2147483647, rsnnr 2147483647
02-09 18:22:51.973 I/RILC    (  113): qmi_ril(0/113): [event] qcril_qmi_nas_dump_sign_strength_report qcril_qmi_nas_dump_sign_strength_report completed
02-09 18:22:51.973 I/RILC    (  113): qmi_ril(0/113): [event] qcril_qmi_nas_propagate_known_signal_strength_ind .. conf res 0
02-09 18:22:51.973 D/RILC    (  113): qmi_ril(0/113): [event] qcril_send_unsol_response UI <--- RIL_UNSOL_SIGNAL_STRENGTH (1009) --- RIL [RID 0, Len 48, (null)]
02-09 18:22:51.973 I/RILC    (  113): qmi_ril(0/113): [event] qcril_qmi_nas_propagate_known_signal_strength_ind qcril_qmi_nas_propagate_known_signal_strength_ind completed 0
02-09 18:22:51.973 I/RILC    (  113): qmi_ril(0/113): [event] qcril_process_event Exit qcril_process_event() : <Unknown event> ?, err_no 0
02-09 18:22:51.973 D/RILC    (  113): qmi_ril(0/113): [event] qcril_event_main qcril_event_main(): Waiting...
02-09 18:22:51.973 D/RILJ    (27234): [UNSL]< UNSOL_RESPONSE_NETWORK_STATE_CHANGED
02-09 18:22:51.973 D/RILJ    (27234): [UNSL]< RIL_UNSOL_RESPONSE_DATA_NETWORK_STATE_CHANGED
02-09 18:22:51.983 D/RILC    (  113): qmi_ril(0/113): [main] qcril_data_iface_ioctl getting dormancy status for wds client [1048832]
02-09 18:22:51.983 I/RILC    (  113): qmi_ril(0/113): [main] qcril_data_toggle_dormancy_indications <<<<<< UNLOCK QCRIL_DATA MUTEX 80211bd4
02-09 18:22:51.983 I/RILC    (  113): qmi_ril(0/113): [main] qcril_data_toggle_dormancy_indications UNLOCK QCRIL_DATA MUTEX 80211bd4 result=0
02-09 18:22:51.983 I/RILC    (  113): qmi_ril(0/113): [main] qcril_data_toggle_dormancy_indications qcril_data_toggle_dormancy_indications: EXIT with SUCCESS
02-09 18:22:51.983 I/RILC    (  113): qmi_ril(0/113): [main] qcril_qmi_nas_request_screen_state .. data dormancy req 2, 0
02-09 18:22:51.983 I/RILC    (  113): qmi_ril(0/113): [main] qcril_reqlist_find [RID 0] Not found ReqList entry : token id 2445
02-09 18:22:51.983 D/RILC    (  113): qmi_ril(0/113): [main] qcril_send_request_response UI <--- RIL_REQUEST_SCREEN_STATE (61) Complete --- RIL [RID 0, Token 2445, Success, Len 0 ]
02-09 18:22:51.983 I/RILC    (  113): qmi_ril(0/113): [main] qcril_qmi_nas_request_screen_state qcril_qmi_nas_request_screen_state complete with 0
02-09 18:22:51.983 D/RILJ    (27234): [2445]< SCREEN_STATE 
02-09 18:22:52.063 D/RILJ    (27234): [2446]> OPERATOR
02-09 18:22:52.063 D/RILC    (  113): qmi_ril(0/113): [main] onRequest UI --- RIL_REQUEST_OPERATOR (22) ---> RIL [RID 0, token id 2446, data len 0]
02-09 18:22:52.063 I/RILC    (  113): qmi_ril(0/113): [main] qcril_qmi_nas_request_operator qcril_qmi_nas_request_operator entered
02-09 18:22:52.063 I/RILC    (  113): qmi_ril(0/113): [main] qcril_qmi_nas_is_considered_registered qcril_qmi_nas_is_considered_registered entered
02-09 18:22:52.063 I/RILC    (  113): qmi_ril(0/113): [main] qcril_qmi_nas_is_considered_registered qcril_qmi_nas_is_considered_registered completed with 1
02-09 18:22:52.063 I/RILC    (  113): qmi_ril(0/113): [main] qcril_qmi_nas_is_in_service_of_technology qcril_qmi_nas_is_in_service_of_technology entered
02-09 18:22:52.063 I/RILC    (  113): qmi_ril(0/113): [main] qcril_qmi_nas_is_in_service_of_technology qcril_qmi_nas_is_in_service_of_technology completed with 0
02-09 18:22:52.063 I/RILC    (  113): qmi_ril(0/113): [main] qcril_qmi_nas_request_operator .. everything cached non sys_info 1
02-09 18:22:52.063 I/RILC    (  113): qmi_ril(0/113): [main] qcril_qmi_nas_request_operator ..mcc_mnc_ascii 310099
02-09 18:22:52.063 I/RILC    (  113): qmi_ril(0/113): [main] qcril_qmi_nas_fill_up_3gpp2_operator_name qcril_qmi_nas_fill_up_3gpp2_operator_name mcc 310 mnc 099 sid 4139 nid 41
02-09 18:22:52.063 D/RILC    (  113): qmi_ril(0/113): [main] qcril_qmi_nas2_find_3gpp2_static_operator_name UE Memory List does not contain the specified operator
02-09 18:22:52.063 I/RILC    (  113): qmi_ril(0/113): [main] qcril_qmi_nas_fill_up_3gpp2_operator_name ..will return static , 
02-09 18:22:52.063 I/RILC    (  113): qmi_ril(0/113): [main] qcril_qmi_nas_fill_up_3gpp2_operator_name qcril_qmi_nas_fill_up_3gpp2_operator_name completed with 0
02-09 18:22:52.063 D/RILJ    (27234): [2447]> REGISTRATION_STATE
02-09 18:22:52.063 D/RILJ    (27234): [2448]> DATA_REGISTRATION_STATE
02-09 18:22:52.093 I/RILC    (  113): qmi_ril(0/113): [main] qcril_qmi_util_convert_qmi_response_codes_to_ril_result_ex qcril_qmi_util_convert_qmi_response_codes_to_ril_result_ex ctx check 4
02-09 18:22:52.093 I/RILC    (  113): qmi_ril(0/113): [main] qcril_qmi_nas_request_operator 0, 0, 0
02-09 18:22:52.093 I/RILC    (  113): qmi_ril(0/113): [main] qcril_qmi_nas_request_operator nam name valid 1, len 12
02-09 18:22:52.093 I/RILC    (  113): qmi_ril(0/113): [main] qcril_qmi_nas_request_operator .. used_nam_name_len 12
02-09 18:22:52.093 I/RILC    (  113): qmi_ril(0/113): [main] qcril_qmi_nas_request_operator .. nam             
02-09 18:22:52.093 I/RILC    (  113): qmi_ril(0/113): [main] qcril_qmi_nas_request_operator .. res long             
02-09 18:22:52.093 I/RILC    (  113): qmi_ril(0/113): [main] qcril_qmi_nas_request_operator .. res short 
02-09 18:22:52.093 I/RILC    (  113): qmi_ril(0/113): [main] qcril_qmi_nas_request_operator .. res mcc_mnc 310099
02-09 18:22:52.093 I/RILC    (  113): qmi_ril(0/113): [main] qcril_qmi_nas_request_operator qcril_qmi_nas_request_operator long             
02-09 18:22:52.093 I/RILC    (  113): qmi_ril(0/113): [main] qcril_qmi_nas_request_operator qcril_qmi_nas_request_operator short 
02-09 18:22:52.093 I/RILC    (  113): qmi_ril(0/113): [main] qcril_qmi_nas_request_operator qcril_qmi_nas_request_operator mcc_mnc 310099
02-09 18:22:52.093 I/RILC    (  113): qmi_ril(0/113): [main] qcril_reqlist_find [RID 0] Not found ReqList entry : token id 2446
02-09 18:22:52.093 D/RILC    (  113): qmi_ril(0/113): [main] qcril_send_request_response UI <--- RIL_REQUEST_OPERATOR (22) Complete --- RIL [RID 0, Token 2446, Success, Len 12 ]
02-09 18:22:52.093 I/RILC    (  113): qmi_ril(0/113): [main] qcril_qmi_nas_request_operator qcril_qmi_nas_request_operator complete with 0
02-09 18:22:52.093 D/RILC    (  113): qmi_ril(0/113): [main] onRequest UI --- RIL_REQUEST_REGISTRATION_STATE (20) ---> RIL [RID 0, token id 2447, data len 0]
02-09 18:22:52.093 I/RILC    (  113): qmi_ril(0/113): [main] qcril_qmi_nas_request_registration_state qcril_qmi_nas_request_registration_state entered
02-09 18:22:52.093 I/RILC    (  113): qmi_ril(0/113): [main] qcril_qmi_nas_is_in_service_of_technology qcril_qmi_nas_is_in_service_of_technology entered
02-09 18:22:52.093 I/RILC    (  113): qmi_ril(0/113): [main] qcril_qmi_nas_is_in_service_of_technology qcril_qmi_nas_is_in_service_of_technology completed with 0
02-09 18:22:52.093 I/RILC    (  113): qmi_ril(0/113): [main] qcril_qmi_nas_is_in_service_of_technology qcril_qmi_nas_is_in_service_of_technology entered
02-09 18:22:52.093 I/RILC    (  113): qmi_ril(0/113): [main] qcril_qmi_nas_is_in_service_of_technology qcril_qmi_nas_is_in_service_of_technology completed with 1
02-09 18:22:52.093 I/RILC    (  113): qmi_ril(0/113): [main] qcril_qmi_nas_request_registration_state qcril_qmi_nas_request_registration_state cache subrequest need 1
02-09 18:22:52.093 D/RILJ    (27234): [2446]< OPERATOR {            , , 310099}
02-09 18:22:52.093 I/RILC    (  113): qmi_ril(0/113): [main] qcril_qmi_util_convert_qmi_response_codes_to_ril_result_ex qcril_qmi_util_convert_qmi_response_codes_to_ril_result_ex ctx check 0
02-09 18:22:52.093 I/RILC    (  113): qmi_ril(0/113): [main] qcril_qmi_voice_technology_updated qcril_qmi_voice_technology_updated entered
02-09 18:22:52.093 I/RILC    (  113): qmi_ril(0/113): [main] qcril_qmi_voice_technology_updated ..nas_cached_info.serving_system valid 1
02-09 18:22:52.093 I/RILC    (  113): qmi_ril(0/113): [main] qcril_qmi_voice_technology_updated .. selected NW 1
02-09 18:22:52.093 I/RILC    (  113): qmi_ril(0/113): [main] qcril_qmi_voice_technology_updated .. NW state 1
02-09 18:22:52.093 I/RILC    (  113): qmi_ril(0/113): [main] qcril_qmi_mgr_voice_technology_updated qcril_qmi_mgr_voice_technology_updated entered
02-09 18:22:52.093 I/RILC    (  113): qmi_ril(0/113): [main] qcril_qmi_mgr_voice_technology_updated qcril_qmi_mgr_voice_technology_updated left 2
02-09 18:22:52.093 I/RILC    (  113): qmi_ril(0/113): [main] qcril_qmi_voice_technology_updated qcril_qmi_voice_technology_updated completed for 2
02-09 18:22:52.093 I/RILC    (  113): qmi_ril(0/113): [main] qmi_ril_nwr_update_reg_rej_legacy qmi_ril_nwr_update_reg_rej_legacy entered
02-09 18:22:52.093 I/RILC    (  113): qmi_ril(0/113): [main] qmi_ril_nwr_update_reg_rej_legacy .. ss srv reg state 1
02-09 18:22:52.093 I/RILC    (  113): qmi_ril(0/113): [main] qmi_ril_nwr_update_reg_rej_legacy .. reje CS cs_rejected 0
02-09 18:22:52.093 I/RILC    (  113): qmi_ril(0/113): [main] qmi_ril_nwr_update_reg_rej_legacy .. reje CS cs_reject_cause 0
02-09 18:22:52.093 I/RILC    (  113): qmi_ril(0/113): [main] qmi_ril_nwr_update_reg_rej_legacy .. reje PS ps_rejected 0
02-09 18:22:52.093 I/RILC    (  113): qmi_ril(0/113): [main] qmi_ril_nwr_update_reg_rej_legacy .. reje PS ps_reject_cause 0
02-09 18:22:52.093 I/RILC    (  113): qmi_ril(0/113): [main] qmi_ril_nwr_util_log_mccmnc_str .. reje mcc - 
02-09 18:22:52.093 I/RILC    (  113): qmi_ril(0/113): [main] qmi_ril_nwr_util_log_mccmnc_str .. reje mnc - 
02-09 18:22:52.093 I/RILC    (  113): qmi_ril(0/113): [main] qmi_ril_nwr_update_reg_rej_legacy qmi_ril_nwr_update_reg_rej_legacy completed
02-09 18:22:52.093 I/RILC    (  113): qmi_ril(0/113): [main] qcril_qmi_nas_fetch_serving_system_info qcril_qmi_nas_fetch_serving_system_info res 0 
02-09 18:22:52.103 I/RILC    (  113): qmi_ril(0/113): [main] qcril_qmi_util_convert_qmi_response_codes_to_ril_result_ex qcril_qmi_util_convert_qmi_response_codes_to_ril_result_ex ctx check 0
02-09 18:22:52.103 I/RILC    (  113): qmi_ril(0/113): [main] qcril_qmi_nas_update_voice_rte qcril_qmi_nas_update_voice_rte entered
02-09 18:22:52.103 I/RILC    (  113): qmi_ril(0/113): [main] qcril_qmi_nas_util_convert_nas_srv_status_to_ril_reg_status  qcril_qmi_nas_util_convert_nas_srv_status_to_ril_reg_status entered
02-09 18:22:52.103 D/RILC    (  113): qmi_ril(0/113): [main] qcril_qmi_util_retrieve_srv_status qcril_qmi_util_retrieve_srv_status completed with 2
02-09 18:22:52.103 I/RILC    (  113): qmi_ril(0/113): [main] qcril_qmi_nas_util_convert_nas_srv_status_to_ril_reg_status ... nas_srv_status 2, is_data 0, is_3gpp 0, is_hdr 0
02-09 18:22:52.103 I/RILC    (  113): qmi_ril(0/113): [main] qcril_qmi_nas_util_convert_nas_srv_status_to_ril_reg_status ... intermediate res 1 5
