02-09 18:09:24.843 D/RILC    (  113): qmi_ril(0/113): [event] qcril_send_unsol_response UI <--- RIL_UNSOL_SIGNAL_STRENGTH (1009) --- RIL [RID 0, Len 48, (null)]
02-09 18:09:24.873 I/RILC    (  113): qmi_ril(0/113): [event] qcril_qmi_nas_propagate_known_signal_strength_ind qcril_qmi_nas_propagate_known_signal_strength_ind completed 0
02-09 18:09:24.873 I/RILC    (  113): qmi_ril(0/113): [event] qcril_process_event Exit qcril_process_event() : <Unknown event> ?, err_no 0
02-09 18:09:24.873 D/RILC    (  113): qmi_ril(0/113): [event] qcril_event_main RID 0 MID 0 De-queued event <Unknown event> ? (655370)
02-09 18:09:24.873 D/RILC    (  113): qmi_ril(0/113): [event] qcril_process_event RIL <--- <Unknown event> ?(655370), RID 0, MID 0 --- AMSS
02-09 18:09:24.873 I/RILC    (  113): qmi_ril(0/113): [event] qcril_qmi_trigger_propagate_known_signal_strength_ind qcril_qmi_trigger_propagate_known_signal_strength_ind received
02-09 18:09:24.873 I/RILC    (  113): qmi_ril(0/113): [event] qcril_qmi_nas_propagate_known_signal_strength_ind qcril_qmi_nas_propagate_known_signal_strength_ind entered
02-09 18:09:24.873 I/RILC    (  113): qmi_ril(0/113): [event] qcril_qmi_nas_fetch_signal_strength_observations qcril_qmi_nas_fetch_signal_strength_observations entered
02-09 18:09:24.873 I/RILC    (  113): qmi_ril(0/113): [event] qcril_qmi_nas_fetch_signal_strength_observations ..req mask 32
02-09 18:09:24.873 I/RILC    (  113): qmi_ril(0/113): [event] qcril_qmi_nas_fetch_signal_strength_observations qcril_qmi_nas_request_signal_strength entered IF 32
02-09 18:09:24.873 I/RILC    (  113): qmi_ril(0/113): [event] qcril_qmi_nas_fetch_signal_strength_observations qcril_qmi_nas_request_signal_strength entered RIL_REQ_RES qmi_request.request__mask = 32
02-09 18:09:24.873 I/RILC    (  113): qmi_ril(0/113): [event] qcril_qmi_nas_fetch_signal_strength_observations qcril_qmi_nas_request_signal_strength entered IF QMI RESPONSE 32
02-09 18:09:24.873 I/RILC    (  113): qmi_ril(0/113): [event] qcril_qmi_util_convert_qmi_response_codes_to_ril_result_ex qcril_qmi_util_convert_qmi_response_codes_to_ril_result_ex ctx check 0
02-09 18:09:24.873 I/RILC    (  113): qmi_ril(0/113): [event] qcril_qmi_nas_fetch_signal_strength_observations qcril_qmi_nas_request_signal_strength entered IF UTIL_RES = SUCCESS 32
02-09 18:09:24.873 I/RILC    (  113): qmi_ril(0/113): [event] qcril_qmi_nas_fetch_signal_strength_observations qcril_qmi_nas_fetch_signal_strength_observations completed 0
02-09 18:09:24.873 I/RILC    (  113): qmi_ril(0/113): [event] qcril_qmi_nas_propagate_known_signal_strength_ind .. subfetch sig strength info 0
02-09 18:09:24.873 I/RILC    (  113): qmi_ril(0/113): [event] qcril_qmi_nas_dump_sign_strength_report qcril_qmi_nas_dump_sign_strength_report entered
02-09 18:09:24.873 I/RILC    (  113): qmi_ril(0/113): [event] qcril_qmi_nas_dump_sign_strength_report ..GW
02-09 18:09:24.873 I/RILC    (  113): qmi_ril(0/113): [event] qcril_qmi_nas_dump_sign_strength_report .. signalStrength 99, bitErrorRate 0
02-09 18:09:24.873 I/RILC    (  113): qmi_ril(0/113): [event] qcril_qmi_nas_dump_sign_strength_report ..CDMA
02-09 18:09:24.873 I/RILC    (  113): qmi_ril(0/113): [event] qcril_qmi_nas_dump_sign_strength_report .. dbm 87, ecio 95 
02-09 18:09:24.873 I/RILC    (  113): qmi_ril(0/113): [event] qcril_qmi_nas_dump_sign_strength_report ..EVDO
02-09 18:09:24.873 I/RILC    (  113): qmi_ril(0/113): [event] qcril_qmi_nas_dump_sign_strength_report .. dbm 95, ecio 40, signalNoiseRatio 6
02-09 18:09:24.873 I/RILC    (  113): qmi_ril(0/113): [event] qcril_qmi_nas_dump_sign_strength_report ..LTE
02-09 18:09:24.873 I/RILC    (  113): qmi_ril(0/113): [event] qcril_qmi_nas_dump_sign_strength_report .. signalStrength 99, rsrp 2147483647, rsrq 2147483647, rsnnr 2147483647
02-09 18:09:24.873 I/RILC    (  113): qmi_ril(0/113): [event] qcril_qmi_nas_dump_sign_strength_report qcril_qmi_nas_dump_sign_strength_report completed
02-09 18:09:24.873 I/RILC    (  113): qmi_ril(0/113): [event] qcril_qmi_nas_propagate_known_signal_strength_ind .. conf res 0
02-09 18:09:24.873 D/RILC    (  113): qmi_ril(0/113): [event] qcril_send_unsol_response UI <--- RIL_UNSOL_SIGNAL_STRENGTH (1009) --- RIL [RID 0, Len 48, (null)]
02-09 18:09:24.873 I/RILC    (  113): qmi_ril(0/113): [event] qcril_qmi_nas_propagate_known_signal_strength_ind qcril_qmi_nas_propagate_known_signal_strength_ind completed 0
02-09 18:09:24.873 I/RILC    (  113): qmi_ril(0/113): [event] qcril_process_event Exit qcril_process_event() : <Unknown event> ?, err_no 0
02-09 18:09:24.873 D/RILC    (  113): qmi_ril(0/113): [event] qcril_event_main qcril_event_main(): Waiting...
02-09 18:09:24.873 D/RILC    (  113): qmi_ril(0/113): [event] qcril_event_main qcril_event_main(): 1 items on queue
02-09 18:09:24.873 D/RILC    (  113): qmi_ril(0/113): [event] qcril_event_main qcril_event_main(): Waiting...
02-09 18:09:25.504 I/RILC    (  113): qmi_ril(0/113): [qmi_cb] qcril_qmi_sms_command_cb qcril_qmi_sms_command_cb for msg_id 32 (QMI_WMS_RAW_SEND_REQ)
02-09 18:09:25.504 I/RILC    (  113): qmi_ril(0/113): [qmi_cb] qcril_reqlist_find_by_req_id [RID 0] Found ReqList entry : RIL_REQUEST_CDMA_SEND_SMS(87), token id 2412
02-09 18:09:25.504 I/RILC    (  113): qmi_ril(0/113): [qmi_cb] qcril_mo_sms_cb QMI_WMS_RAW_SEND_RESP received: SUCCESS
02-09 18:09:25.504 I/RILC    (  113): qmi_ril(0/113): [qmi_cb] qcril_reqlist_find [RID 0] Found ReqList entry : RIL_REQUEST_CDMA_SEND_SMS(87), token id 2412
02-09 18:09:25.504 I/RILC    (  113): qmi_ril(0/113): [qmi_cb] qcril_reqlist_free [RID 0] Deleted ReqList entry : token id 2412 [0x15a48]
02-09 18:09:25.504 D/RILC    (  113): qmi_ril(0/113): [qmi_cb] qcril_reqlist_print_all [RID 0] ReqList entries : Empty 
02-09 18:09:25.504 D/RILC    (  113): qmi_ril(0/113): [qmi_cb] qcril_send_request_response UI <--- RIL_REQUEST_CDMA_SEND_SMS (87) Complete --- RIL [RID 0, Token 2412, Success, Len 12 ]
02-09 18:09:25.514 D/RILJ    (27234): [2412]< RIL_REQUEST_CDMA_SEND_SMS { messageRef = 140, errorCode = -1, ackPdu = null}
02-09 18:09:25.514 D/SMS     (27234): SMS send complete. Broadcasting intent: PendingIntent{4058b490: android.os.BinderProxy@40660c70}
02-09 18:09:25.594 D/SMS     (27234): Removed message from pending queue. 0 left
02-09 18:09:25.614 D/RILJ    (27234): [2413]> SCREEN_STATE: false
02-09 18:09:25.614 D/RILC    (  113): qmi_ril(0/113): [main] onRequest UI --- RIL_REQUEST_SCREEN_STATE (61) ---> RIL [RID 0, token id 2413, data len 4]
02-09 18:09:25.614 I/RILC    (  113): qmi_ril(0/113): [main] qcril_qmi_nas_request_screen_state qcril_qmi_nas_request_screen_state entered 
02-09 18:09:25.614 I/RILC    (  113): qmi_ril(0/113): [main] qcril_qmi_util_enable_networking_indications qcril_qmi_util_enable_networking_indications, param 0 
02-09 18:09:25.624 I/RILC    (  113): qmi_ril(0/113): [main] qcril_qmi_util_convert_qmi_response_codes_to_ril_result_ex qcril_qmi_util_convert_qmi_response_codes_to_ril_result_ex ctx check 0
02-09 18:09:25.624 I/RILC    (  113): qmi_ril(0/113): [main] qcril_qmi_util_enable_networking_indications .. requested nas event report 0, 0
02-09 18:09:25.634 I/RILC    (  113): qmi_ril(0/113): [main] qcril_qmi_util_convert_qmi_response_codes_to_ril_result_ex qcril_qmi_util_convert_qmi_response_codes_to_ril_result_ex ctx check 0
02-09 18:09:25.634 I/RILC    (  113): qmi_ril(0/113): [main] qcril_qmi_util_enable_networking_indications .. requested nas indication reports 0, 0
02-09 18:09:25.634 I/RILC    (  113): qmi_ril(0/113): [main] qcril_qmi_util_enable_networking_indications qcril_qmi_util_enable_networking_indications completed with 0
02-09 18:09:25.634 I/RILC    (  113): qmi_ril(0/113): [main] qcril_data_toggle_dormancy_indications >>>>>> LOCK QCRIL_DATA MUTEX 80211bd4
02-09 18:09:25.634 I/RILC    (  113): qmi_ril(0/113): [main] qcril_data_toggle_dormancy_indications LOCK QCRIL_DATA MUTEX 80211bd4 result=0
02-09 18:09:25.634 D/RILC    (  113): qmi_ril(0/113): [main] qcril_data_toggle_dormancy_indications Switch ON/OFF dormancy indications on all active interfaces
02-09 18:09:25.634 D/RILC    (  113): qmi_ril(0/113): [main] qcril_data_toggle_dormancy_indications selected index = 0
02-09 18:09:25.634 D/RILC    (  113): qmi_ril(0/113): [main] qcril_data_iface_ioctl setting dormancy event report on wds client [1048832]
02-09 18:09:25.634 I/RILC    (  113): qmi_ril(0/113): [main] qcril_data_toggle_dormancy_indications <<<<<< UNLOCK QCRIL_DATA MUTEX 80211bd4
02-09 18:09:25.634 I/RILC    (  113): qmi_ril(0/113): [main] qcril_data_toggle_dormancy_indications UNLOCK QCRIL_DATA MUTEX 80211bd4 result=0
02-09 18:09:25.634 I/RILC    (  113): qmi_ril(0/113): [main] qcril_data_toggle_dormancy_indications qcril_data_toggle_dormancy_indications: EXIT with SUCCESS
02-09 18:09:25.634 I/RILC    (  113): qmi_ril(0/113): [main] qcril_qmi_nas_request_screen_state .. data dormancy req 1, 0
02-09 18:09:25.634 I/RILC    (  113): qmi_ril(0/113): [main] qcril_reqlist_find [RID 0] Not found ReqList entry : token id 2413
02-09 18:09:25.634 D/RILC    (  113): qmi_ril(0/113): [main] qcril_send_request_response UI <--- RIL_REQUEST_SCREEN_STATE (61) Complete --- RIL [RID 0, Token 2413, Success, Len 0 ]
02-09 18:09:25.634 I/RILC    (  113): qmi_ril(0/113): [main] qcril_qmi_nas_request_screen_state qcril_qmi_nas_request_screen_state complete with 0
02-09 18:09:25.634 D/RILJ    (27234): [2413]< SCREEN_STATE 
02-09 18:09:28.522 I/RILC    (  113): qmi_ril(0/113): [qmi_cb] qcril_qmi_nas_unsolicited_indication_cb invoked msg 0x4c
02-09 18:09:28.522 I/RILC    (  113): qmi_ril(0/113): [qmi_cb] qcril_qmi_nas_is_considered_registered qcril_qmi_nas_is_considered_registered entered
02-09 18:09:28.522 I/RILC    (  113): qmi_ril(0/113): [qmi_cb] qcril_qmi_nas_is_considered_registered qcril_qmi_nas_is_considered_registered completed with 1
02-09 18:09:28.522 I/RILC    (  113): qmi_ril(0/113): [qmi_cb] qcril_qmi_nas_network_time_ind_conv_qmi2ril qcril_qmi_nas_network_time_ind_conv_qmi2ril entry
02-09 18:09:28.522 I/RILC    (  113): qmi_ril(0/113): [qmi_cb] qcril_qmi_nas_network_time_ind_conv_qmi2ril ril_nitz_time_msg is: 12/02/10,00:09:57-24,00
02-09 18:09:28.522 I/RILC    (  113): qmi_ril(0/113): [qmi_cb] qcril_qmi_nas_unsolicited_indication_cb .. operational state 3
02-09 18:09:28.522 D/RILC    (  113): qmi_ril(0/113): [qmi_cb] qcril_send_unsol_response UI <--- RIL_UNSOL_NITZ_TIME_RECEIVED (1008) --- RIL [RID 0, Len 24, (null)]
02-09 18:09:28.522 I/RILC    (  113): qmi_ril(0/113): [qmi_cb] qcril_qmi_nas_unsolicited_indication_cb posted RIL indication 1008
02-09 18:09:28.522 I/RILC    (  113): qmi_ril(0/113): [qmi_cb] qcril_qmi_nas_unsolicited_indication_cb qcril_qmi_nas_unsolicited_indication_cb completed
02-09 18:09:28.522 D/RILJ    (27234): [UNSL]< UNSOL_NITZ_TIME_RECEIVED 12/02/10,00:09:57-24,00
02-09 18:09:28.522 I/CDMA    (27234): NITZ: 12/02/10,00:09:57-24,00,125330481 start=125330482 delay=1
02-09 18:09:28.522 I/CDMA    (27234):  dst: 0
02-09 18:09:28.522 I/CDMA    (27234):  tzOffset: -21600000
02-09 18:09:28.522 I/CDMA    (27234):  iso: us
02-09 18:09:28.522 I/CDMA    (27234): mGotCountryCode: true
02-09 18:09:28.542 I/CDMA    (27234):  zone id : America/Chicago name : Central Standard Time
02-09 18:09:28.542 I/CDMA    (27234): set zone id: America/Chicago
02-09 18:09:28.542 I/CDMA    (27234):  millisSinceNitzReceived: 25
02-09 18:09:28.542 I/CDMA    (27234):  gained=28471
02-09 18:09:28.542 I/CDMA    (27234):  timeSinceLastUpdate=112996
02-09 18:09:28.542 I/CDMA    (27234):  nitzUpdateSpacing=600000  nitzUpdateDiff=2000
02-09 18:09:28.542 I/CDMA    (27234): NITZ: Auto updating time of day to Thu Feb 09 18:09:57 CST 2012 NITZ receive delay=25ms gained=28471ms from 12/02/10,00:09:57-24,00
02-09 18:09:28.552 I/CDMA    (27234): NITZ: update nitz time property
02-09 18:09:28.552 I/CDMA    (27234):  mSavedTime=1328832597025 mSavedAtTime=125330516
02-09 18:09:28.552 I/CDMA    (27234): NITZ: end=125330516 dur=34
02-09 18:09:28.702 I/RILC    (  113): qmi_ril(0/113): [qmi_cb] qcril_qmi_nas_unsolicited_indication_cb invoked msg 0x4c
02-09 18:09:28.702 I/RILC    (  113): qmi_ril(0/113): [qmi_cb] qcril_qmi_nas_is_considered_registered qcril_qmi_nas_is_considered_registered entered
02-09 18:09:28.702 I/RILC    (  113): qmi_ril(0/113): [qmi_cb] qcril_qmi_nas_is_considered_registered qcril_qmi_nas_is_considered_registered completed with 1
02-09 18:09:28.702 I/RILC    (  113): qmi_ril(0/113): [qmi_cb] qcril_qmi_nas_network_time_ind_conv_qmi2ril qcril_qmi_nas_network_time_ind_conv_qmi2ril entry
02-09 18:09:28.702 I/RILC    (  113): qmi_ril(0/113): [qmi_cb] qcril_qmi_nas_network_time_ind_conv_qmi2ril ril_nitz_time_msg is: 12/02/10,00:09:58-24,00
02-09 18:09:28.702 I/RILC    (  113): qmi_ril(0/113): [qmi_cb] qcril_qmi_nas_unsolicited_indication_cb .. operational state 3
02-09 18:09:28.702 D/RILC    (  113): qmi_ril(0/113): [qmi_cb] qcril_send_unsol_response UI <--- RIL_UNSOL_NITZ_TIME_RECEIVED (1008) --- RIL [RID 0, Len 24, (null)]
02-09 18:09:28.702 D/RILJ    (27234): [UNSL]< UNSOL_NITZ_TIME_RECEIVED 12/02/10,00:09:58-24,00
02-09 18:09:28.712 I/CDMA    (27234): NITZ: 12/02/10,00:09:58-24,00,125330663 start=125330668 delay=5
02-09 18:09:28.712 I/CDMA    (27234):  dst: 0
02-09 18:09:28.712 I/CDMA    (27234):  tzOffset: -21600000
02-09 18:09:28.712 I/CDMA    (27234):  iso: us
02-09 18:09:28.712 I/CDMA    (27234): mGotCountryCode: true
02-09 18:09:28.722 I/RILC    (  113): qmi_ril(0/113): [qmi_cb] qcril_qmi_nas_unsolicited_indication_cb posted RIL indication 1008
02-09 18:09:28.722 I/RILC    (  113): qmi_ril(0/113): [qmi_cb] qcril_qmi_nas_unsolicited_indication_cb qcril_qmi_nas_unsolicited_indication_cb completed
02-09 18:09:28.792 I/CDMA    (27234):  zone id : America/Chicago name : Central Standard Time
02-09 18:09:28.792 I/CDMA    (27234): set zone id: America/Chicago
02-09 18:09:28.802 I/CDMA    (27234):  millisSinceNitzReceived: 98
02-09 18:09:28.802 I/CDMA    (27234):  gained=29290
02-09 18:09:28.802 I/CDMA    (27234):  timeSinceLastUpdate=245
02-09 18:09:28.802 I/CDMA    (27234):  nitzUpdateSpacing=600000  nitzUpdateDiff=2000
02-09 18:09:28.802 I/CDMA    (27234): NITZ: Auto updating time of day to Thu Feb 09 18:09:58 CST 2012 NITZ receive delay=98ms gained=29290ms from 12/02/10,00:09:58-24,00
02-09 18:09:28.812 I/CDMA    (27234): NITZ: update nitz time property
02-09 18:09:28.812 I/CDMA    (27234):  mSavedTime=1328832598098 mSavedAtTime=125330769
02-09 18:09:28.812 I/CDMA    (27234): NITZ: end=125330769 dur=101
02-09 18:09:32.522 I/RILC    (  113): qmi_ril(0/113): [qmi_cb] qcril_qmi_nas_unsolicited_indication_cb invoked msg 0x4c
02-09 18:09:32.522 I/RILC    (  113): qmi_ril(0/113): [qmi_cb] qcril_qmi_nas_is_considered_registered qcril_qmi_nas_is_considered_registered entered
02-09 18:09:32.522 I/RILC    (  113): qmi_ril(0/113): [qmi_cb] qcril_qmi_nas_is_considered_registered qcril_qmi_nas_is_considered_registered completed with 1
02-09 18:09:32.522 I/RILC    (  113): qmi_ril(0/113): [qmi_cb] qcril_qmi_nas_network_time_ind_conv_qmi2ril qcril_qmi_nas_network_time_ind_conv_qmi2ril entry
02-09 18:09:32.522 I/RILC    (  113): qmi_ril(0/113): [qmi_cb] qcril_qmi_nas_network_time_ind_conv_qmi2ril ril_nitz_time_msg is: 12/02/10,00:10:02-24,00
02-09 18:09:32.522 I/RILC    (  113): qmi_ril(0/113): [qmi_cb] qcril_qmi_nas_unsolicited_indication_cb .. operational state 3
02-09 18:09:32.522 D/RILC    (  113): qmi_ril(0/113): [qmi_cb] qcril_send_unsol_response UI <--- RIL_UNSOL_NITZ_TIME_RECEIVED (1008) --- RIL [RID 0, Len 24, (null)]
02-09 18:09:32.522 I/RILC    (  113): qmi_ril(0/113): [qmi_cb] qcril_qmi_nas_unsolicited_indication_cb posted RIL indication 1008
02-09 18:09:32.522 I/RILC    (  113): qmi_ril(0/113): [qmi_cb] qcril_qmi_nas_unsolicited_indication_cb qcril_qmi_nas_unsolicited_indication_cb completed
02-09 18:09:32.522 D/RILJ    (27234): [UNSL]< UNSOL_NITZ_TIME_RECEIVED 12/02/10,00:10:02-24,00
02-09 18:09:32.522 I/CDMA    (27234): NITZ: 12/02/10,00:10:02-24,00,125334486 start=125334487 delay=1
02-09 18:09:32.522 I/CDMA    (27234):  dst: 0
02-09 18:09:32.522 I/CDMA    (27234):  tzOffset: -21600000
02-09 18:09:32.522 I/CDMA    (27234):  iso: us
02-09 18:09:32.522 I/CDMA    (27234): mGotCountryCode: true
02-09 18:09:32.542 I/CDMA    (27234):  zone id : America/Chicago name : Central Standard Time
02-09 18:09:32.542 I/CDMA    (27234): set zone id: America/Chicago
02-09 18:09:32.552 I/CDMA    (27234):  millisSinceNitzReceived: 28
02-09 18:09:32.552 I/CDMA    (27234):  gained=29466
02-09 18:09:32.552 I/CDMA    (27234):  timeSinceLastUpdate=3746
02-09 18:09:32.552 I/CDMA    (27234):  nitzUpdateSpacing=600000  nitzUpdateDiff=2000
02-09 18:09:32.552 I/CDMA    (27234): NITZ: Auto updating time of day to Thu Feb 09 18:10:02 CST 2012 NITZ receive delay=28ms gained=29466ms from 12/02/10,00:10:02-24,00
02-09 18:09:32.552 I/CDMA    (27234): NITZ: update nitz time property
02-09 18:09:32.552 I/CDMA    (27234):  mSavedTime=1328832602028 mSavedAtTime=125334517
02-09 18:09:32.552 I/CDMA    (27234): NITZ: end=125334518 dur=31
02-09 18:09:34.522 I/RILC    (  113): qmi_ril(0/113): [qmi_cb] qcril_qmi_nas_unsolicited_indication_cb invoked msg 0x4c
02-09 18:09:34.522 I/RILC    (  113): qmi_ril(0/113): [qmi_cb] qcril_qmi_nas_is_considered_registered qcril_qmi_nas_is_considered_registered entered
02-09 18:09:34.522 I/RILC    (  113): qmi_ril(0/113): [qmi_cb] qcril_qmi_nas_is_considered_registered qcril_qmi_nas_is_considered_registered completed with 1
02-09 18:09:34.522 I/RILC    (  113): qmi_ril(0/113): [qmi_cb] qcril_qmi_nas_network_time_ind_conv_qmi2ril qcril_qmi_nas_network_time_ind_conv_qmi2ril entry
02-09 18:09:34.522 I/RILC    (  113): qmi_ril(0/113): [qmi_cb] qcril_qmi_nas_network_time_ind_conv_qmi2ril ril_nitz_time_msg is: 12/02/10,00:10:04-24,00
02-09 18:09:34.522 I/RILC    (  113): qmi_ril(0/113): [qmi_cb] qcril_qmi_nas_unsolicited_indication_cb .. operational state 3
02-09 18:09:34.522 D/RILC    (  113): qmi_ril(0/113): [qmi_cb] qcril_send_unsol_response UI <--- RIL_UNSOL_NITZ_TIME_RECEIVED (1008) --- RIL [RID 0, Len 24, (null)]
02-09 18:09:34.522 I/RILC    (  113): qmi_ril(0/113): [qmi_cb] qcril_qmi_nas_unsolicited_indication_cb posted RIL indication 1008
02-09 18:09:34.522 I/RILC    (  113): qmi_ril(0/113): [qmi_cb] qcril_qmi_nas_unsolicited_indication_cb qcril_qmi_nas_unsolicited_indication_cb completed
02-09 18:09:34.522 D/RILJ    (27234): [UNSL]< UNSOL_NITZ_TIME_RECEIVED 12/02/10,00:10:04-24,00
02-09 18:09:34.522 I/CDMA    (27234): NITZ: 12/02/10,00:10:04-24,00,125336480 start=125336482 delay=2
02-09 18:09:34.522 I/CDMA    (27234):  dst: 0
02-09 18:09:34.522 I/CDMA    (27234):  tzOffset: -21600000
02-09 18:09:34.522 I/CDMA    (27234):  iso: us
02-09 18:09:34.522 I/CDMA    (27234): mGotCountryCode: true
02-09 18:09:34.532 I/CDMA    (27234):  zone id : America/Chicago name : Central Standard Time
02-09 18:09:34.532 I/CDMA    (27234): set zone id: America/Chicago
02-09 18:09:34.532 I/CDMA    (27234):  millisSinceNitzReceived: 19
02-09 18:09:34.532 I/CDMA    (27234):  gained=29472
02-09 18:09:34.532 I/CDMA    (27234):  timeSinceLastUpdate=1982
02-09 18:09:34.532 I/CDMA    (27234):  nitzUpdateSpacing=600000  nitzUpdateDiff=2000
02-09 18:09:34.532 I/CDMA    (27234): NITZ: Auto updating time of day to Thu Feb 09 18:10:04 CST 2012 NITZ receive delay=19ms gained=29472ms from 12/02/10,00:10:04-24,00
02-09 18:09:34.542 I/CDMA    (27234): NITZ: update nitz time property
02-09 18:09:34.542 I/CDMA    (27234):  mSavedTime=1328832604019 mSavedAtTime=125336508
02-09 18:09:34.542 I/CDMA    (27234): NITZ: end=125336509 dur=27
02-09 18:13:02.644 I/RILC    (  113): qmi_ril(0/113): [qmi_cb] qcril_qmi_nas_unsolicited_indication_cb invoked msg 0x4c
02-09 18:13:02.644 I/RILC    (  113): qmi_ril(0/113): [qmi_cb] qcril_qmi_nas_is_considered_registered qcril_qmi_nas_is_considered_registered entered
02-09 18:13:02.644 I/RILC    (  113): qmi_ril(0/113): [qmi_cb] qcril_qmi_nas_is_considered_registered qcril_qmi_nas_is_considered_registered completed with 1
02-09 18:13:02.644 I/RILC    (  113): qmi_ril(0/113): [qmi_cb] qcril_qmi_nas_network_time_ind_conv_qmi2ril qcril_qmi_nas_network_time_ind_conv_qmi2ril entry
02-09 18:13:02.644 I/RILC    (  113): qmi_ril(0/113): [qmi_cb] qcril_qmi_nas_network_time_ind_conv_qmi2ril ril_nitz_time_msg is: 12/02/10,00:13:32-24,00
02-09 18:13:02.644 I/RILC    (  113): qmi_ril(0/113): [qmi_cb] qcril_qmi_nas_unsolicited_indication_cb .. operational state 3
02-09 18:13:02.644 D/RILC    (  113): qmi_ril(0/113): [qmi_cb] qcril_send_unsol_response UI <--- RIL_UNSOL_NITZ_TIME_RECEIVED (1008) --- RIL [RID 0, Len 24, (null)]
02-09 18:13:02.654 D/RILJ    (27234): [UNSL]< UNSOL_NITZ_TIME_RECEIVED 12/02/10,00:13:32-24,00
02-09 18:13:02.654 I/CDMA    (27234): NITZ: 12/02/10,00:13:32-24,00,125544609 start=125544615 delay=6
02-09 18:13:02.654 I/CDMA    (27234):  dst: 0
02-09 18:13:02.654 I/CDMA    (27234):  tzOffset: -21600000
02-09 18:13:02.654 I/CDMA    (27234):  iso: us
02-09 18:13:02.664 I/RILC    (  113): qmi_ril(0/113): [qmi_cb] qcril_qmi_nas_unsolicited_indication_cb posted RIL indication 1008
02-09 18:13:02.664 I/RILC    (  113): qmi_ril(0/113): [qmi_cb] qcril_qmi_nas_unsolicited_indication_cb qcril_qmi_nas_unsolicited_indication_cb completed
02-09 18:13:02.674 I/CDMA    (27234): mGotCountryCode: true
02-09 18:13:02.734 I/CDMA    (27234):  zone id : America/Chicago name : Central Standard Time
02-09 18:13:02.744 I/CDMA    (27234): set zone id: America/Chicago
02-09 18:13:02.744 I/CDMA    (27234):  millisSinceNitzReceived: 101
02-09 18:13:02.744 I/CDMA    (27234):  gained=29343
02-09 18:13:02.744 I/CDMA    (27234):  timeSinceLastUpdate=208202
02-09 18:13:02.744 I/CDMA    (27234):  nitzUpdateSpacing=600000  nitzUpdateDiff=2000
02-09 18:13:02.744 I/CDMA    (27234): NITZ: Auto updating time of day to Thu Feb 09 18:13:32 CST 2012 NITZ receive delay=101ms gained=29343ms from 12/02/10,00:13:32-24,00
02-09 18:13:02.754 I/CDMA    (27234): NITZ: update nitz time property
02-09 18:13:02.754 I/CDMA    (27234):  mSavedTime=1328832812101 mSavedAtTime=125544718
02-09 18:13:02.754 I/CDMA    (27234): NITZ: end=125544718 dur=103
02-09 18:13:32.522 I/RILC    (  113): qmi_ril(0/113): [qmi_cb] qcril_qmi_nas_unsolicited_indication_cb invoked msg 0x4c
02-09 18:13:32.522 I/RILC    (  113): qmi_ril(0/113): [qmi_cb] qcril_qmi_nas_is_considered_registered qcril_qmi_nas_is_considered_registered entered
02-09 18:13:32.522 I/RILC    (  113): qmi_ril(0/113): [qmi_cb] qcril_qmi_nas_is_considered_registered qcril_qmi_nas_is_considered_registered completed with 1
02-09 18:13:32.522 I/RILC    (  113): qmi_ril(0/113): [qmi_cb] qcril_qmi_nas_network_time_ind_conv_qmi2ril qcril_qmi_nas_network_time_ind_conv_qmi2ril entry
02-09 18:13:32.522 I/RILC    (  113): qmi_ril(0/113): [qmi_cb] qcril_qmi_nas_network_time_ind_conv_qmi2ril ril_nitz_time_msg is: 12/02/10,00:14:02-24,00
02-09 18:13:32.522 I/RILC    (  113): qmi_ril(0/113): [qmi_cb] qcril_qmi_nas_unsolicited_indication_cb .. operational state 3
02-09 18:13:32.522 D/RILC    (  113): qmi_ril(0/113): [qmi_cb] qcril_send_unsol_response UI <--- RIL_UNSOL_NITZ_TIME_RECEIVED (1008) --- RIL [RID 0, Len 24, (null)]
02-09 18:13:32.522 I/RILC    (  113): qmi_ril(0/113): [qmi_cb] qcril_qmi_nas_unsolicited_indication_cb posted RIL indication 1008
02-09 18:13:32.522 I/RILC    (  113): qmi_ril(0/113): [qmi_cb] qcril_qmi_nas_unsolicited_indication_cb qcril_qmi_nas_unsolicited_indication_cb completed
02-09 18:13:32.522 D/RILJ    (27234): [UNSL]< UNSOL_NITZ_TIME_RECEIVED 12/02/10,00:14:02-24,00
02-09 18:13:32.522 I/CDMA    (27234): NITZ: 12/02/10,00:14:02-24,00,125574480 start=125574482 delay=2
02-09 18:13:32.522 I/CDMA    (27234):  dst: 0
02-09 18:13:32.522 I/CDMA    (27234):  tzOffset: -21600000
02-09 18:13:32.522 I/CDMA    (27234):  iso: us
02-09 18:13:32.522 I/CDMA    (27234): mGotCountryCode: true
02-09 18:13:32.532 I/CDMA    (27234):  zone id : America/Chicago name : Central Standard Time
02-09 18:13:32.532 I/CDMA    (27234): set zone id: America/Chicago
02-09 18:13:32.532 I/CDMA    (27234):  millisSinceNitzReceived: 23
02-09 18:13:32.532 I/CDMA    (27234):  gained=29473
02-09 18:13:32.532 I/CDMA    (27234):  timeSinceLastUpdate=29785
02-09 18:13:32.532 I/CDMA    (27234):  nitzUpdateSpacing=600000  nitzUpdateDiff=2000
02-09 18:13:32.542 I/CDMA    (27234): NITZ: Auto updating time of day to Thu Feb 09 18:14:02 CST 2012 NITZ receive delay=23ms gained=29473ms from 12/02/10,00:14:02-24,00
02-09 18:13:32.542 I/CDMA    (27234): NITZ: update nitz time property
02-09 18:13:32.542 I/CDMA    (27234):  mSavedTime=1328832842023 mSavedAtTime=125574511
02-09 18:13:32.542 I/CDMA    (27234): NITZ: end=125574512 dur=30
02-09 18:15:11.522 I/RILC    (  113): qmi_ril(0/113): [qmi_cb] qcril_qmi_nas_unsolicited_indication_cb invoked msg 0x4c
02-09 18:15:11.522 I/RILC    (  113): qmi_ril(0/113): [qmi_cb] qcril_qmi_nas_is_considered_registered qcril_qmi_nas_is_considered_registered entered
02-09 18:15:11.522 I/RILC    (  113): qmi_ril(0/113): [qmi_cb] qcril_qmi_nas_is_considered_registered qcril_qmi_nas_is_considered_registered completed with 1
02-09 18:15:11.522 I/RILC    (  113): qmi_ril(0/113): [qmi_cb] qcril_qmi_nas_network_time_ind_conv_qmi2ril qcril_qmi_nas_network_time_ind_conv_qmi2ril entry
02-09 18:15:11.522 I/RILC    (  113): qmi_ril(0/113): [qmi_cb] qcril_qmi_nas_network_time_ind_conv_qmi2ril ril_nitz_time_msg is: 12/02/10,00:15:41-24,00
02-09 18:15:11.522 I/RILC    (  113): qmi_ril(0/113): [qmi_cb] qcril_qmi_nas_unsolicited_indication_cb .. operational state 3
02-09 18:15:11.522 D/RILC    (  113): qmi_ril(0/113): [qmi_cb] qcril_send_unsol_response UI <--- RIL_UNSOL_NITZ_TIME_RECEIVED (1008) --- RIL [RID 0, Len 24, (null)]
02-09 18:15:11.522 I/RILC    (  113): qmi_ril(0/113): [qmi_cb] qcril_qmi_nas_unsolicited_indication_cb posted RIL indication 1008
02-09 18:15:11.522 I/RILC    (  113): qmi_ril(0/113): [qmi_cb] qcril_qmi_nas_unsolicited_indication_cb qcril_qmi_nas_unsolicited_indication_cb completed
02-09 18:15:11.522 D/RILJ    (27234): [UNSL]< UNSOL_NITZ_TIME_RECEIVED 12/02/10,00:15:41-24,00
02-09 18:15:11.522 I/CDMA    (27234): NITZ: 12/02/10,00:15:41-24,00,125673484 start=125673488 delay=4
02-09 18:15:11.522 I/CDMA    (27234):  dst: 0
02-09 18:15:11.522 I/CDMA    (27234):  tzOffset: -21600000
02-09 18:15:11.522 I/CDMA    (27234):  iso: us
02-09 18:15:11.522 I/CDMA    (27234): mGotCountryCode: true
02-09 18:15:11.572 I/CDMA    (27234):  zone id : America/Chicago name : Central Standard Time
02-09 18:15:11.572 I/CDMA    (27234): set zone id: America/Chicago
02-09 18:15:11.582 I/CDMA    (27234):  millisSinceNitzReceived: 61
02-09 18:15:11.582 I/CDMA    (27234):  gained=29468
02-09 18:15:11.582 I/CDMA    (27234):  timeSinceLastUpdate=99034
02-09 18:15:11.582 I/CDMA    (27234):  nitzUpdateSpacing=600000  nitzUpdateDiff=2000
02-09 18:15:11.582 I/CDMA    (27234): NITZ: Auto updating time of day to Thu Feb 09 18:15:41 CST 2012 NITZ receive delay=61ms gained=29468ms from 12/02/10,00:15:41-24,00
02-09 18:15:11.582 I/CDMA    (27234): NITZ: update nitz time property
02-09 18:15:11.582 I/CDMA    (27234):  mSavedTime=1328832941061 mSavedAtTime=125673552
02-09 18:15:11.582 I/CDMA    (27234): NITZ: end=125673552 dur=64
02-09 18:15:37.522 I/RILC    (  113): qmi_ril(0/113): [qmi_cb] qcril_qmi_nas_unsolicited_indication_cb invoked msg 0x4c
02-09 18:15:37.522 I/RILC    (  113): qmi_ril(0/113): [qmi_cb] qcril_qmi_nas_is_considered_registered qcril_qmi_nas_is_considered_registered entered
02-09 18:15:37.522 I/RILC    (  113): qmi_ril(0/113): [qmi_cb] qcril_qmi_nas_is_considered_registered qcril_qmi_nas_is_considered_registered completed with 1
02-09 18:15:37.522 I/RILC    (  113): qmi_ril(0/113): [qmi_cb] qcril_qmi_nas_network_time_ind_conv_qmi2ril qcril_qmi_nas_network_time_ind_conv_qmi2ril entry
02-09 18:15:37.522 I/RILC    (  113): qmi_ril(0/113): [qmi_cb] qcril_qmi_nas_network_time_ind_conv_qmi2ril ril_nitz_time_msg is: 12/02/10,00:15:45-24,00
02-09 18:15:37.522 I/RILC    (  113): qmi_ril(0/113): [qmi_cb] qcril_qmi_nas_unsolicited_indication_cb .. operational state 3
02-09 18:15:37.522 D/RILC    (  113): qmi_ril(0/113): [qmi_cb] qcril_send_unsol_response UI <--- RIL_UNSOL_NITZ_TIME_RECEIVED (1008) --- RIL [RID 0, Len 24, (null)]
02-09 18:15:37.522 I/RILC    (  113): qmi_ril(0/113): [qmi_cb] qcril_qmi_nas_unsolicited_indication_cb posted RIL indication 1008
02-09 18:15:37.522 I/RILC    (  113): qmi_ril(0/113): [qmi_cb] qcril_qmi_nas_unsolicited_indication_cb qcril_qmi_nas_unsolicited_indication_cb completed
02-09 18:15:37.522 I/RILC    (  113): qmi_ril(0/113): [qmi_cb] qcril_qmi_nas_unsolicited_indication_cb invoked msg 0x4c
02-09 18:15:37.522 I/RILC    (  113): qmi_ril(0/113): [qmi_cb] qcril_qmi_nas_is_considered_registered qcril_qmi_nas_is_considered_registered entered
02-09 18:15:37.522 I/RILC    (  113): qmi_ril(0/113): [qmi_cb] qcril_qmi_nas_is_considered_registered qcril_qmi_nas_is_considered_registered completed with 1
02-09 18:15:37.522 I/RILC    (  113): qmi_ril(0/113): [qmi_cb] qcril_qmi_nas_network_time_ind_conv_qmi2ril qcril_qmi_nas_network_time_ind_conv_qmi2ril entry
02-09 18:15:37.522 I/RILC    (  113): qmi_ril(0/113): [qmi_cb] qcril_qmi_nas_network_time_ind_conv_qmi2ril ril_nitz_time_msg is: 12/02/10,00:16:07-24,00
02-09 18:15:37.522 I/RILC    (  113): qmi_ril(0/113): [qmi_cb] qcril_qmi_nas_unsolicited_indication_cb .. operational state 3
02-09 18:15:37.522 D/RILC    (  113): qmi_ril(0/113): [qmi_cb] qcril_send_unsol_response UI <--- RIL_UNSOL_NITZ_TIME_RECEIVED (1008) --- RIL [RID 0, Len 24, (null)]
02-09 18:15:37.522 I/RILC    (  113): qmi_ril(0/113): [qmi_cb] qcril_qmi_nas_unsolicited_indication_cb posted RIL indication 1008
02-09 18:15:37.522 D/RILJ    (27234): [UNSL]< UNSOL_NITZ_TIME_RECEIVED 12/02/10,00:15:45-24,00
02-09 18:15:37.522 D/RILJ    (27234): [UNSL]< UNSOL_NITZ_TIME_RECEIVED 12/02/10,00:16:07-24,00
02-09 18:15:37.522 I/CDMA    (27234): NITZ: 12/02/10,00:15:45-24,00,125699483 start=125699485 delay=2
02-09 18:15:37.522 I/CDMA    (27234):  dst: 0
02-09 18:15:37.522 I/CDMA    (27234):  tzOffset: -21600000
02-09 18:15:37.522 I/CDMA    (27234):  iso: us
02-09 18:15:37.522 I/CDMA    (27234): mGotCountryCode: true
02-09 18:15:37.532 I/CDMA    (27234):  zone id : America/Chicago name : Central Standard Time
02-09 18:15:37.532 I/CDMA    (27234): set zone id: America/Chicago
02-09 18:15:37.532 I/RILC    (  113): qmi_ril(0/113): [qmi_cb] qcril_qmi_nas_unsolicited_indication_cb qcril_qmi_nas_unsolicited_indication_cb completed
02-09 18:15:37.542 I/CDMA    (27234):  millisSinceNitzReceived: 29
02-09 18:15:37.542 I/CDMA    (27234):  gained=7469
02-09 18:15:37.542 I/CDMA    (27234):  timeSinceLastUpdate=25961
02-09 18:15:37.542 I/CDMA    (27234):  nitzUpdateSpacing=600000  nitzUpdateDiff=2000
02-09 18:15:37.552 I/CDMA    (27234): NITZ: Auto updating time of day to Thu Feb 09 18:15:45 CST 2012 NITZ receive delay=29ms gained=7469ms from 12/02/10,00:15:45-24,00
02-09 18:15:37.552 I/CDMA    (27234): NITZ: update nitz time property
02-09 18:15:37.552 I/CDMA    (27234):  mSavedTime=1328832945029 mSavedAtTime=125699522
02-09 18:15:37.552 I/CDMA    (27234): NITZ: end=125699522 dur=37
02-09 18:15:37.562 I/CDMA    (27234): NITZ: 12/02/10,00:16:07-24,00,125699483 start=125699524 delay=41
02-09 18:15:37.562 I/CDMA    (27234):  dst: 0
02-09 18:15:37.562 I/CDMA    (27234):  tzOffset: -21600000
02-09 18:15:37.562 I/CDMA    (27234):  iso: us
02-09 18:15:37.562 I/CDMA    (27234): mGotCountryCode: true
02-09 18:15:37.572 I/CDMA    (27234):  zone id : America/Chicago name : Central Standard Time
02-09 18:15:37.572 I/CDMA    (27234): set zone id: America/Chicago
02-09 18:15:37.582 I/CDMA    (27234):  millisSinceNitzReceived: 62
02-09 18:15:37.582 I/CDMA    (27234):  gained=29469
02-09 18:15:37.582 I/CDMA    (27234):  timeSinceLastUpdate=24
02-09 18:15:37.582 I/CDMA    (27234):  nitzUpdateSpacing=600000  nitzUpdateDiff=2000
02-09 18:15:37.582 I/CDMA    (27234): NITZ: Auto updating time of day to Thu Feb 09 18:16:07 CST 2012 NITZ receive delay=62ms gained=29469ms from 12/02/10,00:16:07-24,00
02-09 18:15:37.582 I/CDMA    (27234): NITZ: update nitz time property
02-09 18:15:37.592 I/CDMA    (27234):  mSavedTime=1328832967062 mSavedAtTime=125699553
02-09 18:15:37.592 I/CDMA    (27234): NITZ: end=125699554 dur=30
02-09 18:15:45.522 I/RILC    (  113): qmi_ril(0/113): [qmi_cb] qcril_qmi_nas_unsolicited_indication_cb invoked msg 0x4c
02-09 18:15:45.522 I/RILC    (  113): qmi_ril(0/113): [qmi_cb] qcril_qmi_nas_is_considered_registered qcril_qmi_nas_is_considered_registered entered
02-09 18:15:45.522 I/RILC    (  113): qmi_ril(0/113): [qmi_cb] qcril_qmi_nas_is_considered_registered qcril_qmi_nas_is_considered_registered completed with 1
02-09 18:15:45.522 I/RILC    (  113): qmi_ril(0/113): [qmi_cb] qcril_qmi_nas_network_time_ind_conv_qmi2ril qcril_qmi_nas_network_time_ind_conv_qmi2ril entry
02-09 18:15:45.522 I/RILC    (  113): qmi_ril(0/113): [qmi_cb] qcril_qmi_nas_network_time_ind_conv_qmi2ril ril_nitz_time_msg is: 12/02/10,00:16:15-24,00
02-09 18:15:45.522 I/RILC    (  113): qmi_ril(0/113): [qmi_cb] qcril_qmi_nas_unsolicited_indication_cb .. operational state 3
02-09 18:15:45.522 D/RILC    (  113): qmi_ril(0/113): [qmi_cb] qcril_send_unsol_response UI <--- RIL_UNSOL_NITZ_TIME_RECEIVED (1008) --- RIL [RID 0, Len 24, (null)]
02-09 18:15:45.522 I/RILC    (  113): qmi_ril(0/113): [qmi_cb] qcril_qmi_nas_unsolicited_indication_cb posted RIL indication 1008
02-09 18:15:45.522 I/RILC    (  113): qmi_ril(0/113): [qmi_cb] qcril_qmi_nas_unsolicited_indication_cb qcril_qmi_nas_unsolicited_indication_cb completed
02-09 18:15:45.522 D/RILJ    (27234): [UNSL]< UNSOL_NITZ_TIME_RECEIVED 12/02/10,00:16:15-24,00
02-09 18:15:45.522 I/CDMA    (27234): NITZ: 12/02/10,00:16:15-24,00,125707480 start=125707482 delay=2
02-09 18:15:45.522 I/CDMA    (27234):  dst: 0
02-09 18:15:45.522 I/CDMA    (27234):  tzOffset: -21600000
02-09 18:15:45.522 I/CDMA    (27234):  iso: us
02-09 18:15:45.522 I/CDMA    (27234): mGotCountryCode: true
02-09 18:15:45.532 I/CDMA    (27234):  zone id : America/Chicago name : Central Standard Time
02-09 18:15:45.532 I/CDMA    (27234): set zone id: America/Chicago
02-09 18:15:45.532 I/CDMA    (27234):  millisSinceNitzReceived: 22
02-09 18:15:45.532 I/CDMA    (27234):  gained=29472
02-09 18:15:45.532 I/CDMA    (27234):  timeSinceLastUpdate=7949
02-09 18:15:45.532 I/CDMA    (27234):  nitzUpdateSpacing=600000  nitzUpdateDiff=2000
02-09 18:15:45.532 I/CDMA    (27234): NITZ: Auto updating time of day to Thu Feb 09 18:16:15 CST 2012 NITZ receive delay=22ms gained=29472ms from 12/02/10,00:16:15-24,00
02-09 18:15:45.542 I/CDMA    (27234): NITZ: update nitz time property
02-09 18:15:45.542 I/CDMA    (27234):  mSavedTime=1328832975022 mSavedAtTime=125707511
02-09 18:15:45.542 I/CDMA    (27234): NITZ: end=125707511 dur=29
02-09 18:16:07.522 I/RILC    (  113): qmi_ril(0/113): [qmi_cb] qcril_qmi_nas_unsolicited_indication_cb invoked msg 0x4c
02-09 18:16:07.522 I/RILC    (  113): qmi_ril(0/113): [qmi_cb] qcril_qmi_nas_is_considered_registered qcril_qmi_nas_is_considered_registered entered
02-09 18:16:07.522 I/RILC    (  113): qmi_ril(0/113): [qmi_cb] qcril_qmi_nas_is_considered_registered qcril_qmi_nas_is_considered_registered completed with 1
02-09 18:16:07.522 I/RILC    (  113): qmi_ril(0/113): [qmi_cb] qcril_qmi_nas_network_time_ind_conv_qmi2ril qcril_qmi_nas_network_time_ind_conv_qmi2ril entry
02-09 18:16:07.522 I/RILC    (  113): qmi_ril(0/113): [qmi_cb] qcril_qmi_nas_network_time_ind_conv_qmi2ril ril_nitz_time_msg is: 12/02/10,00:16:37-24,00
02-09 18:16:07.522 I/RILC    (  113): qmi_ril(0/113): [qmi_cb] qcril_qmi_nas_unsolicited_indication_cb .. operational state 3
02-09 18:16:07.522 D/RILC    (  113): qmi_ril(0/113): [qmi_cb] qcril_send_unsol_response UI <--- RIL_UNSOL_NITZ_TIME_RECEIVED (1008) --- RIL [RID 0, Len 24, (null)]
02-09 18:16:07.522 I/RILC    (  113): qmi_ril(0/113): [qmi_cb] qcril_qmi_nas_unsolicited_indication_cb posted RIL indication 1008
02-09 18:16:07.522 I/RILC    (  113): qmi_ril(0/113): [qmi_cb] qcril_qmi_nas_unsolicited_indication_cb qcril_qmi_nas_unsolicited_indication_cb completed
02-09 18:16:07.522 D/RILJ    (27234): [UNSL]< UNSOL_NITZ_TIME_RECEIVED 12/02/10,00:16:37-24,00
02-09 18:16:07.522 I/CDMA    (27234): NITZ: 12/02/10,00:16:37-24,00,125729481 start=125729483 delay=2
02-09 18:16:07.522 I/CDMA    (27234):  dst: 0
02-09 18:16:07.522 I/CDMA    (27234):  tzOffset: -21600000
02-09 18:16:07.522 I/CDMA    (27234):  iso: us
02-09 18:16:07.522 I/CDMA    (27234): mGotCountryCode: true
02-09 18:16:07.562 I/CDMA    (27234):  zone id : America/Chicago name : Central Standard Time
02-09 18:16:07.562 I/CDMA    (27234): set zone id: America/Chicago
02-09 18:16:07.572 I/CDMA    (27234):  millisSinceNitzReceived: 55
02-09 18:16:07.572 I/CDMA    (27234):  gained=29471
02-09 18:16:07.572 I/CDMA    (27234):  timeSinceLastUpdate=22026
02-09 18:16:07.572 I/CDMA    (27234):  nitzUpdateSpacing=600000  nitzUpdateDiff=2000
02-09 18:16:07.572 I/CDMA    (27234): NITZ: Auto updating time of day to Thu Feb 09 18:16:37 CST 2012 NITZ receive delay=55ms gained=29471ms from 12/02/10,00:16:37-24,00
02-09 18:16:07.582 I/CDMA    (27234): NITZ: update nitz time property
02-09 18:16:07.582 I/CDMA    (27234):  mSavedTime=1328832997055 mSavedAtTime=125729545
02-09 18:16:07.582 I/CDMA    (27234): NITZ: end=125729545 dur=62
02-09 18:16:11.522 I/RILC    (  113): qmi_ril(0/113): [qmi_cb] qcril_qmi_nas_unsolicited_indication_cb invoked msg 0x4c
02-09 18:16:11.522 I/RILC    (  113): qmi_ril(0/113): [qmi_cb] qcril_qmi_nas_is_considered_registered qcril_qmi_nas_is_considered_registered entered
02-09 18:16:11.522 I/RILC    (  113): qmi_ril(0/113): [qmi_cb] qcril_qmi_nas_is_considered_registered qcril_qmi_nas_is_considered_registered completed with 1
02-09 18:16:11.522 I/RILC    (  113): qmi_ril(0/113): [qmi_cb] qcril_qmi_nas_network_time_ind_conv_qmi2ril qcril_qmi_nas_network_time_ind_conv_qmi2ril entry
02-09 18:16:11.522 I/RILC    (  113): qmi_ril(0/113): [qmi_cb] qcril_qmi_nas_network_time_ind_conv_qmi2ril ril_nitz_time_msg is: 12/02/10,00:16:41-24,00
02-09 18:16:11.522 I/RILC    (  113): qmi_ril(0/113): [qmi_cb] qcril_qmi_nas_unsolicited_indication_cb .. operational state 3
02-09 18:16:11.522 D/RILC    (  113): qmi_ril(0/113): [qmi_cb] qcril_send_unsol_response UI <--- RIL_UNSOL_NITZ_TIME_RECEIVED (1008) --- RIL [RID 0, Len 24, (null)]
02-09 18:16:11.522 I/RILC    (  113): qmi_ril(0/113): [qmi_cb] qcril_qmi_nas_unsolicited_indication_cb posted RIL indication 1008
02-09 18:16:11.522 I/RILC    (  113): qmi_ril(0/113): [qmi_cb] qcril_qmi_nas_unsolicited_indication_cb qcril_qmi_nas_unsolicited_indication_cb completed
02-09 18:16:11.522 D/RILJ    (27234): [UNSL]< UNSOL_NITZ_TIME_RECEIVED 12/02/10,00:16:41-24,00
02-09 18:16:11.522 I/CDMA    (27234): NITZ: 12/02/10,00:16:41-24,00,125733480 start=125733482 delay=2
02-09 18:16:11.522 I/CDMA    (27234):  dst: 0
02-09 18:16:11.522 I/CDMA    (27234):  tzOffset: -21600000
02-09 18:16:11.522 I/CDMA    (27234):  iso: us
02-09 18:16:11.522 I/CDMA    (27234): mGotCountryCode: true
02-09 18:16:11.532 I/CDMA    (27234):  zone id : America/Chicago name : Central Standard Time
02-09 18:16:11.532 I/CDMA    (27234): set zone id: America/Chicago
02-09 18:16:11.532 I/CDMA    (27234):  millisSinceNitzReceived: 22
02-09 18:16:11.532 I/CDMA    (27234):  gained=29472
02-09 18:16:11.532 I/CDMA    (27234):  timeSinceLastUpdate=3958
02-09 18:16:11.532 I/CDMA    (27234):  nitzUpdateSpacing=600000  nitzUpdateDiff=2000
02-09 18:16:11.542 I/CDMA    (27234): NITZ: Auto updating time of day to Thu Feb 09 18:16:41 CST 2012 NITZ receive delay=22ms gained=29472ms from 12/02/10,00:16:41-24,00
02-09 18:16:11.542 I/CDMA    (27234): NITZ: update nitz time property
02-09 18:16:11.542 I/CDMA    (27234):  mSavedTime=1328833001022 mSavedAtTime=125733511
02-09 18:16:11.542 I/CDMA    (27234): NITZ: end=125733511 dur=29
02-09 18:16:23.615 I/RILC    (  113): qmi_ril(0/113): [qmi_cb] qcril_qmi_sms_unsol_ind_cb qcril_qmi_sms_unsol_ind_cb for msg_id 1 (QMI_WMS_EVENT_REPORT_IND)
02-09 18:16:23.615 I/RILC    (  113): qmi_ril(0/113): [qmi_cb] qcril_qmi_sms_unsol_ind_cb .. operational state 3
02-09 18:16:23.615 I/RILC    (  113): qmi_ril(0/113): [qmi_cb] qcril_sms_process_event_report_ind qcril_sms_process_event_report_ind entered
02-09 18:16:23.615 I/RILC    (  113): qmi_ril(0/113): [qmi_cb] qcril_sms_process_event_report_ind .. transfer_route_mt_message_valid 1
02-09 18:16:23.615 I/RILC    (  113): qmi_ril(0/113): [qmi_cb] qcril_sms_process_event_report_ind .. transfer_route_mt_message.format 0
02-09 18:16:23.615 D/RILC    (  113): qmi_ril(0/113): [qmi_cb] qcril_send_unsol_response UI <--- RIL_UNSOL_RESPONSE_CDMA_NEW_SMS (1020) --- RIL [RID 0, Len 372, (null)]
02-09 18:16:23.615 I/RILC    (  113): qmi_ril(0/113): [qmi_cb] qcril_sms_process_event_report_ind qcril_sms_process_event_report_ind completed
02-09 18:16:23.615 D/RILJ    (27234): [UNSL]< UNSOL_RESPONSE_CDMA_NEW_SMS
02-09 18:16:23.615 D/SMS     (27234): EVENT_NEW_SMS phone id :0
02-09 18:16:23.615 D/SMS     (27234): New SMS Message Received
02-09 18:16:29.001 W/CDMA    (27733): getProtocolIdentifier: is not supported in CDMA mode.
02-09 18:16:29.021 W/CDMA    (27733): isReplace: is not supported in CDMA mode.
02-09 18:16:29.021 W/CDMA    (27733): getProtocolIdentifier: is not supported in CDMA mode.
02-09 18:16:29.021 W/CDMA    (27733): isReplyPathPresent: is not supported in CDMA mode.
02-09 18:16:29.581 D/RILJ    (27234): [2414]> RIL_REQUEST_CDMA_SMS_ACKNOWLEDGE true 0
02-09 18:16:29.591 D/RILC    (  113): qmi_ril(0/113): [main] onRequest UI --- RIL_REQUEST_CDMA_SMS_ACKNOWLEDGE (88) ---> RIL [RID 0, token id 2414, data len 8]
02-09 18:16:29.591 I/RILC    (  113): qmi_ril(0/113): [main] qcril_reqlist_find [RID 0] Not found ReqList entry : token id 2414
02-09 18:16:29.591 I/RILC    (  113): qmi_ril(0/113): [main] qcril_reqlist_new_all [RID 0] Event RIL_REQUEST_CDMA_SMS_ACKNOWLEDGE(88), token id 2414 [ 0x1bdd8], req id 319 : 
02-09 18:16:29.591 I/RILC    (  113): qmi_ril(0/113): [main] qcril_reqlist_new_all                        MID 0, pending receipt of <none>, state QCRIL_REQ_AWAITING_CALLBACK(2)
02-09 18:16:29.591 D/RILC    (  113): qmi_ril(0/113): [main] qcril_reqlist_print_all [RID 0] ReqList entries :
02-09 18:16:29.591 D/RILC    (  113): qmi_ril(0/113): [main] qcril_reqlist_print_all     RIL_REQUEST_CDMA_SMS_ACKNOWLEDGE (88), token id 2414
02-09 18:16:29.591 I/RILC    (  113): qmi_ril(0/113): [qmi_cb] qcril_qmi_sms_command_cb qcril_qmi_sms_command_cb for msg_id 55 (QMI_WMS_SEND_ACK_REQ)
02-09 18:16:29.591 I/RILC    (  113): qmi_ril(0/113): [qmi_cb] qcril_reqlist_find_by_req_id [RID 0] Found ReqList entry : RIL_REQUEST_CDMA_SMS_ACKNOWLEDGE(88), token id 2414
02-09 18:16:29.591 I/RILC    (  113): qmi_ril(0/113): [qmi_cb] qcril_ack_cb QMI_WMS_SEND_ACK_RESP received with error 47
02-09 18:16:29.591 I/RILC    (  113): qmi_ril(0/113): [qmi_cb] qcril_reqlist_find [RID 0] Found ReqList entry : RIL_REQUEST_CDMA_SMS_ACKNOWLEDGE(88), token id 2414
02-09 18:16:29.591 I/RILC    (  113): qmi_ril(0/113): [qmi_cb] qcril_reqlist_free [RID 0] Deleted ReqList entry : token id 2414 [0x1bdd8]
02-09 18:16:29.591 D/RILC    (  113): qmi_ril(0/113): [qmi_cb] qcril_reqlist_print_all [RID 0] ReqList entries : Empty 
02-09 18:16:29.591 D/RILC    (  113): qmi_ril(0/113): [qmi_cb] qcril_send_request_response UI <--- RIL_REQUEST_CDMA_SMS_ACKNOWLEDGE (88) Complete --- RIL [RID 0, Token 2414, Generic Failure, Len 0 ]
02-09 18:16:29.591 D/RILJ    (27234): [2414]< RIL_REQUEST_CDMA_SMS_ACKNOWLEDGE error: com.android.internal.telephony.CommandException: GENERIC_FAILURE
02-09 18:17:09.522 I/RILC    (  113): qmi_ril(0/113): [qmi_cb] qcril_qmi_sms_unsol_ind_cb qcril_qmi_sms_unsol_ind_cb for msg_id 1 (QMI_WMS_EVENT_REPORT_IND)
02-09 18:17:09.522 I/RILC    (  113): qmi_ril(0/113): [qmi_cb] qcril_qmi_sms_unsol_ind_cb .. operational state 3
02-09 18:17:09.522 I/RILC    (  113): qmi_ril(0/113): [qmi_cb] qcril_sms_process_event_report_ind qcril_sms_process_event_report_ind entered
02-09 18:17:09.522 I/RILC    (  113): qmi_ril(0/113): [qmi_cb] qcril_sms_process_event_report_ind .. transfer_route_mt_message_valid 1
02-09 18:17:09.522 I/RILC    (  113): qmi_ril(0/113): [qmi_cb] qcril_sms_process_event_report_ind .. transfer_route_mt_message.format 0
02-09 18:17:09.522 D/RILC    (  113): qmi_ril(0/113): [qmi_cb] qcril_send_unsol_response UI <--- RIL_UNSOL_RESPONSE_CDMA_NEW_SMS (1020) --- RIL [RID 0, Len 372, (null)]
02-09 18:17:09.522 I/RILC    (  113): qmi_ril(0/113): [qmi_cb] qcril_sms_process_event_report_ind qcril_sms_process_event_report_ind completed
02-09 18:17:09.522 D/RILJ    (27234): [UNSL]< UNSOL_RESPONSE_CDMA_NEW_SMS
02-09 18:17:09.522 D/SMS     (27234): EVENT_NEW_SMS phone id :0
02-09 18:17:09.522 D/SMS     (27234): New SMS Message Received
02-09 18:17:09.522 D/RILJ    (27234): [2415]> RIL_REQUEST_CDMA_SMS_ACKNOWLEDGE true 0
02-09 18:17:09.532 D/RILC    (  113): qmi_ril(0/113): [main] onRequest UI --- RIL_REQUEST_CDMA_SMS_ACKNOWLEDGE (88) ---> RIL [RID 0, token id 2415, data len 8]
02-09 18:17:09.532 I/RILC    (  113): qmi_ril(0/113): [main] qcril_reqlist_find [RID 0] Not found ReqList entry : token id 2415
02-09 18:17:09.532 I/RILC    (  113): qmi_ril(0/113): [main] qcril_reqlist_new_all [RID 0] Event RIL_REQUEST_CDMA_SMS_ACKNOWLEDGE(88), token id 2415 [ 0x15cb8], req id 320 : 
02-09 18:17:09.532 I/RILC    (  113): qmi_ril(0/113): [main] qcril_reqlist_new_all                        MID 0, pending receipt of <none>, state QCRIL_REQ_AWAITING_CALLBACK(2)
02-09 18:17:09.532 D/RILC    (  113): qmi_ril(0/113): [main] qcril_reqlist_print_all [RID 0] ReqList entries :
02-09 18:17:09.532 D/RILC    (  113): qmi_ril(0/113): [main] qcril_reqlist_print_all     RIL_REQUEST_CDMA_SMS_ACKNOWLEDGE (88), token id 2415
02-09 18:17:09.772 I/RILC    (  113): qmi_ril(0/113): [qmi_cb] qcril_qmi_sms_command_cb qcril_qmi_sms_command_cb for msg_id 55 (QMI_WMS_SEND_ACK_REQ)
02-09 18:17:09.772 I/RILC    (  113): qmi_ril(0/113): [qmi_cb] qcril_reqlist_find_by_req_id [RID 0] Found ReqList entry : RIL_REQUEST_CDMA_SMS_ACKNOWLEDGE(88), token id 2415
02-09 18:17:09.772 I/RILC    (  113): qmi_ril(0/113): [qmi_cb] qcril_ack_cb QMI_WMS_SEND_ACK_RESP received: SUCCESS
02-09 18:17:09.772 I/RILC    (  113): qmi_ril(0/113): [qmi_cb] qcril_reqlist_find [RID 0] Found ReqList entry : RIL_REQUEST_CDMA_SMS_ACKNOWLEDGE(88), token id 2415
02-09 18:17:09.772 I/RILC    (  113): qmi_ril(0/113): [qmi_cb] qcril_reqlist_free [RID 0] Deleted ReqList entry : token id 2415 [0x15cb8]
02-09 18:17:09.772 D/RILC    (  113): qmi_ril(0/113): [qmi_cb] qcril_reqlist_print_all [RID 0] ReqList entries : Empty 
02-09 18:17:09.772 D/RILC    (  113): qmi_ril(0/113): [qmi_cb] qcril_send_request_response UI <--- RIL_REQUEST_CDMA_SMS_ACKNOWLEDGE (88) Complete --- RIL [RID 0, Token 2415, Success, Len 0 ]
02-09 18:17:09.772 D/RILJ    (27234): [2415]< RIL_REQUEST_CDMA_SMS_ACKNOWLEDGE 
02-09 18:17:10.372 I/RILC    (  113): qmi_ril(0/113): [qmi_cb] qcril_qmi_sms_unsol_ind_cb qcril_qmi_sms_unsol_ind_cb for msg_id 1 (QMI_WMS_EVENT_REPORT_IND)
02-09 18:17:10.372 I/RILC    (  113): qmi_ril(0/113): [qmi_cb] qcril_qmi_sms_unsol_ind_cb .. operational state 3
02-09 18:17:10.372 I/RILC    (  113): qmi_ril(0/113): [qmi_cb] qcril_sms_process_event_report_ind qcril_sms_process_event_report_ind entered
02-09 18:17:10.372 I/RILC    (  113): qmi_ril(0/113): [qmi_cb] qcril_sms_process_event_report_ind .. transfer_route_mt_message_valid 1
02-09 18:17:10.372 I/RILC    (  113): qmi_ril(0/113): [qmi_cb] qcril_sms_process_event_report_ind .. transfer_route_mt_message.format 0
02-09 18:17:10.372 D/RILC    (  113): qmi_ril(0/113): [qmi_cb] qcril_send_unsol_response UI <--- RIL_UNSOL_RESPONSE_CDMA_NEW_SMS (1020) --- RIL [RID 0, Len 372, (null)]
02-09 18:17:10.372 I/RILC    (  113): qmi_ril(0/113): [qmi_cb] qcril_sms_process_event_report_ind qcril_sms_process_event_report_ind completed
02-09 18:17:10.372 D/RILJ    (27234): [UNSL]< UNSOL_RESPONSE_CDMA_NEW_SMS
02-09 18:17:10.372 D/SMS     (27234): EVENT_NEW_SMS phone id :0
02-09 18:17:10.372 D/SMS     (27234): New SMS Message Received
02-09 18:17:10.462 W/CDMA    (27733): getProtocolIdentifier: is not supported in CDMA mode.
02-09 18:17:10.472 W/CDMA    (27733): isReplace: is not supported in CDMA mode.
02-09 18:17:10.472 W/CDMA    (27733): getProtocolIdentifier: is not supported in CDMA mode.
02-09 18:17:10.472 W/CDMA    (27733): isReplyPathPresent: is not supported in CDMA mode.
02-09 18:17:11.213 D/RILJ    (27234): [2416]> RIL_REQUEST_CDMA_SMS_ACKNOWLEDGE true 0
02-09 18:17:11.213 D/RILC    (  113): qmi_ril(0/113): [main] onRequest UI --- RIL_REQUEST_CDMA_SMS_ACKNOWLEDGE (88) ---> RIL [RID 0, token id 2416, data len 8]
02-09 18:17:11.213 I/RILC    (  113): qmi_ril(0/113): [main] qcril_reqlist_find [RID 0] Not found ReqList entry : token id 2416
02-09 18:17:11.213 I/RILC    (  113): qmi_ril(0/113): [main] qcril_reqlist_new_all [RID 0] Event RIL_REQUEST_CDMA_SMS_ACKNOWLEDGE(88), token id 2416 [ 0x1bf08], req id 321 : 
02-09 18:17:11.213 I/RILC    (  113): qmi_ril(0/113): [main] qcril_reqlist_new_all                        MID 0, pending receipt of <none>, state QCRIL_REQ_AWAITING_CALLBACK(2)
02-09 18:17:11.213 D/RILC    (  113): qmi_ril(0/113): [main] qcril_reqlist_print_all [RID 0] ReqList entries :
02-09 18:17:11.213 D/RILC    (  113): qmi_ril(0/113): [main] qcril_reqlist_print_all     RIL_REQUEST_CDMA_SMS_ACKNOWLEDGE (88), token id 2416
02-09 18:17:11.463 I/RILC    (  113): qmi_ril(0/113): [qmi_cb] qcril_qmi_sms_command_cb qcril_qmi_sms_command_cb for msg_id 55 (QMI_WMS_SEND_ACK_REQ)
02-09 18:17:11.463 I/RILC    (  113): qmi_ril(0/113): [qmi_cb] qcril_reqlist_find_by_req_id [RID 0] Found ReqList entry : RIL_REQUEST_CDMA_SMS_ACKNOWLEDGE(88), token id 2416
02-09 18:17:11.463 I/RILC    (  113): qmi_ril(0/113): [qmi_cb] qcril_ack_cb QMI_WMS_SEND_ACK_RESP received: SUCCESS
