02-09 18:22:52.103 I/RILC    (  113): qmi_ril(0/113): [main] qcril_qmi_nas_util_convert_nas_srv_status_to_ril_reg_status ... common_sys_info 89048
02-09 18:22:52.103 I/RILC    (  113): qmi_ril(0/113): [main] qcril_qmi_nas_util_convert_nas_srv_status_to_ril_reg_status ... srv_capability_valid, srv_capability 1, 3
02-09 18:22:52.103 I/RILC    (  113): qmi_ril(0/113): [main] qcril_qmi_nas_util_convert_nas_srv_status_to_ril_reg_status ... srv_domain_valid, srv_domain 1, 3
02-09 18:22:52.103 I/RILC    (  113): qmi_ril(0/113): [main] qcril_qmi_nas_util_convert_nas_srv_status_to_ril_reg_status ... intermediate res 2 5
02-09 18:22:52.103 I/RILC    (  113): qmi_ril(0/113): [main] qcril_qmi_nas_util_convert_nas_srv_status_to_ril_reg_status ... hdr_only_sys_info 0
02-09 18:22:52.103 I/RILC    (  113): qmi_ril(0/113): [main] qcril_qmi_nas_util_convert_nas_srv_status_to_ril_reg_status ... intermediate res 3 5
02-09 18:22:52.103 I/RILC    (  113): qmi_ril(0/113): [main] qcril_qmi_nas_util_convert_nas_srv_status_to_ril_reg_status ... is_sys_forbidden_valid, is_sys_forbidden 1, 0
02-09 18:22:52.103 I/RILC    (  113): qmi_ril(0/113): [main] qcril_qmi_nas_util_convert_nas_srv_status_to_ril_reg_status qcril_qmi_nas_util_convert_nas_srv_status_to_ril_reg_status complete with 5
02-09 18:22:52.103 I/RILC    (  113): qmi_ril(0/113): [main] qcril_qmi_nas_util_convert_nas_srv_status_to_ril_reg_status  qcril_qmi_nas_util_convert_nas_srv_status_to_ril_reg_status entered
02-09 18:22:52.103 D/RILC    (  113): qmi_ril(0/113): [main] qcril_qmi_util_retrieve_srv_status qcril_qmi_util_retrieve_srv_status completed with 2
02-09 18:22:52.103 I/RILC    (  113): qmi_ril(0/113): [main] qcril_qmi_nas_util_convert_nas_srv_status_to_ril_reg_status ... nas_srv_status 2, is_data 1, is_3gpp 0, is_hdr 1
02-09 18:22:52.103 I/RILC    (  113): qmi_ril(0/113): [main] qcril_qmi_nas_util_convert_nas_srv_status_to_ril_reg_status ... intermediate res 1 1
02-09 18:22:52.103 I/RILC    (  113): qmi_ril(0/113): [main] qcril_qmi_nas_util_convert_nas_srv_status_to_ril_reg_status ... common_sys_info 113048
02-09 18:22:52.103 I/RILC    (  113): qmi_ril(0/113): [main] qcril_qmi_nas_util_convert_nas_srv_status_to_ril_reg_status ... srv_capability_valid, srv_capability 1, 2
02-09 18:22:52.103 I/RILC    (  113): qmi_ril(0/113): [main] qcril_qmi_nas_util_convert_nas_srv_status_to_ril_reg_status ... srv_domain_valid, srv_domain 1, 2
02-09 18:22:52.103 I/RILC    (  113): qmi_ril(0/113): [main] qcril_qmi_nas_util_convert_nas_srv_status_to_ril_reg_status ... intermediate res 2 1
02-09 18:22:52.103 I/RILC    (  113): qmi_ril(0/113): [main] qcril_qmi_nas_util_convert_nas_srv_status_to_ril_reg_status ... hdr_only_sys_info 113080
02-09 18:22:52.103 I/RILC    (  113): qmi_ril(0/113): [main] qcril_qmi_nas_util_convert_nas_srv_status_to_ril_reg_status ... hdr_active_prot_valid, hdr_personality_valid 1, 1
02-09 18:22:52.103 I/RILC    (  113): qmi_ril(0/113): [main] qcril_qmi_nas_util_convert_nas_srv_status_to_ril_reg_status ... intermediate res 3 1
02-09 18:22:52.103 I/RILC    (  113): qmi_ril(0/113): [main] qcril_qmi_nas_util_convert_nas_srv_status_to_ril_reg_status ... is_sys_forbidden_valid, is_sys_forbidden 1, 0
02-09 18:22:52.103 I/RILC    (  113): qmi_ril(0/113): [main] qcril_qmi_nas_util_convert_nas_srv_status_to_ril_reg_status qcril_qmi_nas_util_convert_nas_srv_status_to_ril_reg_status complete with 1
02-09 18:22:52.103 I/RILC    (  113): qmi_ril(0/113): [main] qcril_qmi_nas_update_voice_rte .. 1x reg 5
02-09 18:22:52.103 I/RILC    (  113): qmi_ril(0/113): [main] qcril_qmi_nas_update_voice_rte .. gsm reg 0
02-09 18:22:52.103 I/RILC    (  113): qmi_ril(0/113): [main] qcril_qmi_nas_update_voice_rte .. wcdma reg 0
02-09 18:22:52.103 I/RILC    (  113): qmi_ril(0/113): [main] qcril_qmi_nas_update_voice_rte .. lte reg 0
02-09 18:22:52.103 I/RILC    (  113): qmi_ril(0/113): [main] qcril_qmi_nas_update_voice_rte .. hdr reg 1
02-09 18:22:52.103 I/RILC    (  113): qmi_ril(0/113): [main] qcril_qmi_nas_update_voice_rte qcril_qmi_nas_update_voice_rte completed, new vrte 1
02-09 18:22:52.103 I/RILC    (  113): qmi_ril(0/113): [main] qcril_qmi_voice_technology_updated qcril_qmi_voice_technology_updated entered
02-09 18:22:52.103 I/RILC    (  113): qmi_ril(0/113): [main] qcril_qmi_voice_technology_updated ..nas_cached_info.serving_system valid 1
02-09 18:22:52.103 I/RILC    (  113): qmi_ril(0/113): [main] qcril_qmi_voice_technology_updated .. selected NW 1
02-09 18:22:52.103 I/RILC    (  113): qmi_ril(0/113): [main] qcril_qmi_voice_technology_updated .. NW state 1
02-09 18:22:52.103 I/RILC    (  113): qmi_ril(0/113): [main] qcril_qmi_mgr_voice_technology_updated qcril_qmi_mgr_voice_technology_updated entered
02-09 18:22:52.103 I/RILC    (  113): qmi_ril(0/113): [main] qcril_qmi_mgr_voice_technology_updated qcril_qmi_mgr_voice_technology_updated left 2
02-09 18:22:52.103 I/RILC    (  113): qmi_ril(0/113): [main] qcril_qmi_voice_technology_updated qcril_qmi_voice_technology_updated completed for 2
02-09 18:22:52.103 I/RILC    (  113): qmi_ril(0/113): [main] qmi_ril_nwr_update_reg_rej_from_sys_info qmi_ril_nwr_update_reg_rej_from_sys_info entered
02-09 18:22:52.103 I/RILC    (  113): qmi_ril(0/113): [main] qcril_qmi_nas_util_convert_nas_srv_status_to_ril_reg_status  qcril_qmi_nas_util_convert_nas_srv_status_to_ril_reg_status entered
02-09 18:22:52.103 D/RILC    (  113): qmi_ril(0/113): [main] qcril_qmi_util_retrieve_srv_status qcril_qmi_util_retrieve_srv_status completed with 2
02-09 18:22:52.103 I/RILC    (  113): qmi_ril(0/113): [main] qcril_qmi_nas_util_convert_nas_srv_status_to_ril_reg_status ... nas_srv_status 2, is_data 0, is_3gpp 0, is_hdr 0
02-09 18:22:52.103 I/RILC    (  113): qmi_ril(0/113): [main] qcril_qmi_nas_util_convert_nas_srv_status_to_ril_reg_status ... intermediate res 1 5
02-09 18:22:52.103 I/RILC    (  113): qmi_ril(0/113): [main] qcril_qmi_nas_util_convert_nas_srv_status_to_ril_reg_status ... common_sys_info 89048
02-09 18:22:52.103 I/RILC    (  113): qmi_ril(0/113): [main] qcril_qmi_nas_util_convert_nas_srv_status_to_ril_reg_status ... srv_capability_valid, srv_capability 1, 3
02-09 18:22:52.103 I/RILC    (  113): qmi_ril(0/113): [main] qcril_qmi_nas_util_convert_nas_srv_status_to_ril_reg_status ... srv_domain_valid, srv_domain 1, 3
02-09 18:22:52.103 I/RILC    (  113): qmi_ril(0/113): [main] qcril_qmi_nas_util_convert_nas_srv_status_to_ril_reg_status ... intermediate res 2 5
02-09 18:22:52.103 I/RILC    (  113): qmi_ril(0/113): [main] qcril_qmi_nas_util_convert_nas_srv_status_to_ril_reg_status ... hdr_only_sys_info 0
02-09 18:22:52.103 I/RILC    (  113): qmi_ril(0/113): [main] qcril_qmi_nas_util_convert_nas_srv_status_to_ril_reg_status ... intermediate res 3 5
02-09 18:22:52.103 I/RILC    (  113): qmi_ril(0/113): [main] qcril_qmi_nas_util_convert_nas_srv_status_to_ril_reg_status ... is_sys_forbidden_valid, is_sys_forbidden 1, 0
02-09 18:22:52.103 I/RILC    (  113): qmi_ril(0/113): [main] qcril_qmi_nas_util_convert_nas_srv_status_to_ril_reg_status qcril_qmi_nas_util_convert_nas_srv_status_to_ril_reg_status complete with 5
02-09 18:22:52.103 I/RILC    (  113): qmi_ril(0/113): [main] qcril_qmi_nas_util_convert_nas_srv_status_to_ril_reg_status  qcril_qmi_nas_util_convert_nas_srv_status_to_ril_reg_status entered
02-09 18:22:52.103 D/RILC    (  113): qmi_ril(0/113): [main] qcril_qmi_util_retrieve_srv_status qcril_qmi_util_retrieve_srv_status completed with 2
02-09 18:22:52.103 I/RILC    (  113): qmi_ril(0/113): [main] qcril_qmi_nas_util_convert_nas_srv_status_to_ril_reg_status ... nas_srv_status 2, is_data 0, is_3gpp 0, is_hdr 1
02-09 18:22:52.103 I/RILC    (  113): qmi_ril(0/113): [main] qcril_qmi_nas_util_convert_nas_srv_status_to_ril_reg_status ... intermediate res 1 1
02-09 18:22:52.103 I/RILC    (  113): qmi_ril(0/113): [main] qcril_qmi_nas_util_convert_nas_srv_status_to_ril_reg_status ... common_sys_info 113048
02-09 18:22:52.103 I/RILC    (  113): qmi_ril(0/113): [main] qcril_qmi_nas_util_convert_nas_srv_status_to_ril_reg_status ... srv_capability_valid, srv_capability 1, 2
02-09 18:22:52.103 I/RILC    (  113): qmi_ril(0/113): [main] qcril_qmi_nas_util_convert_nas_srv_status_to_ril_reg_status ... srv_domain_valid, srv_domain 1, 2
02-09 18:22:52.103 I/RILC    (  113): qmi_ril(0/113): [main] qcril_qmi_nas_util_convert_nas_srv_status_to_ril_reg_status ... intermediate res 2 0
02-09 18:22:52.103 I/RILC    (  113): qmi_ril(0/113): [main] qcril_qmi_nas_util_convert_nas_srv_status_to_ril_reg_status ... hdr_only_sys_info 113080
02-09 18:22:52.103 I/RILC    (  113): qmi_ril(0/113): [main] qcril_qmi_nas_util_convert_nas_srv_status_to_ril_reg_status ... intermediate res 3 0
02-09 18:22:52.103 I/RILC    (  113): qmi_ril(0/113): [main] qcril_qmi_nas_util_convert_nas_srv_status_to_ril_reg_status ... is_sys_forbidden_valid, is_sys_forbidden 1, 0
02-09 18:22:52.103 I/RILC    (  113): qmi_ril(0/113): [main] qcril_qmi_nas_util_convert_nas_srv_status_to_ril_reg_status qcril_qmi_nas_util_convert_nas_srv_status_to_ril_reg_status complete with 0
02-09 18:22:52.103 I/RILC    (  113): qmi_ril(0/113): [main] qmi_ril_nwr_update_reg_rej_from_sys_info .. 1x reg 5
02-09 18:22:52.103 I/RILC    (  113): qmi_ril(0/113): [main] qmi_ril_nwr_update_reg_rej_from_sys_info .. gsm reg 0
02-09 18:22:52.103 I/RILC    (  113): qmi_ril(0/113): [main] qmi_ril_nwr_update_reg_rej_from_sys_info .. wcdma reg 0
02-09 18:22:52.103 I/RILC    (  113): qmi_ril(0/113): [main] qmi_ril_nwr_update_reg_rej_from_sys_info .. lte reg 0
02-09 18:22:52.103 I/RILC    (  113): qmi_ril(0/113): [main] qmi_ril_nwr_update_reg_rej_from_sys_info .. hdr reg 0
02-09 18:22:52.103 I/RILC    (  113): qmi_ril(0/113): [main] qmi_ril_nwr_update_reg_rej_from_sys_info .. ext info is_reject_case 0, is_managed_roaming 0, reject_cause 0
02-09 18:22:52.103 I/RILC    (  113): qmi_ril(0/113): [main] qmi_ril_nwr_update_reg_rej_from_sys_info .. rte 1 reje CS cs_rejected 0
02-09 18:22:52.103 I/RILC    (  113): qmi_ril(0/113): [main] qmi_ril_nwr_update_reg_rej_from_sys_info .. rte 1 reje CS cs_reject_cause 0
02-09 18:22:52.103 I/RILC    (  113): qmi_ril(0/113): [main] qmi_ril_nwr_util_log_mccmnc_str .. reje mcc - 
02-09 18:22:52.103 I/RILC    (  113): qmi_ril(0/113): [main] qmi_ril_nwr_util_log_mccmnc_str .. reje mnc - 
02-09 18:22:52.103 I/RILC    (  113): qmi_ril(0/113): [main] qmi_ril_nwr_update_reg_rej_from_sys_info .. ext info is_reject_case 0, is_managed_roaming 0, reject_cause 0
02-09 18:22:52.103 I/RILC    (  113): qmi_ril(0/113): [main] qmi_ril_nwr_update_reg_rej_from_sys_info .. rte 2 reje CS cs_rejected 0
02-09 18:22:52.103 I/RILC    (  113): qmi_ril(0/113): [main] qmi_ril_nwr_update_reg_rej_from_sys_info .. rte 2 reje CS cs_reject_cause 0
02-09 18:22:52.103 I/RILC    (  113): qmi_ril(0/113): [main] qmi_ril_nwr_util_log_mccmnc_str .. reje mcc - 
02-09 18:22:52.103 I/RILC    (  113): qmi_ril(0/113): [main] qmi_ril_nwr_util_log_mccmnc_str .. reje mnc - 
02-09 18:22:52.103 I/RILC    (  113): qmi_ril(0/113): [main] qmi_ril_nwr_update_reg_rej_from_sys_info .. ext info is_reject_case 0, is_managed_roaming 0, reject_cause 0
02-09 18:22:52.103 I/RILC    (  113): qmi_ril(0/113): [main] qmi_ril_nwr_update_reg_rej_from_sys_info .. rte 3 reje CS cs_rejected 0
02-09 18:22:52.103 I/RILC    (  113): qmi_ril(0/113): [main] qmi_ril_nwr_update_reg_rej_from_sys_info .. rte 3 reje CS cs_reject_cause 0
02-09 18:22:52.103 I/RILC    (  113): qmi_ril(0/113): [main] qmi_ril_nwr_util_log_mccmnc_str .. reje mcc - 
02-09 18:22:52.103 I/RILC    (  113): qmi_ril(0/113): [main] qmi_ril_nwr_util_log_mccmnc_str .. reje mnc - 
02-09 18:22:52.103 I/RILC    (  113): qmi_ril(0/113): [main] qmi_ril_nwr_update_reg_rej_from_sys_info .. ext info is_reject_case 0, is_managed_roaming 0, reject_cause 0
02-09 18:22:52.103 I/RILC    (  113): qmi_ril(0/113): [main] qmi_ril_nwr_update_reg_rej_from_sys_info .. rte 4 reje CS cs_rejected 0
02-09 18:22:52.103 I/RILC    (  113): qmi_ril(0/113): [main] qmi_ril_nwr_update_reg_rej_from_sys_info .. rte 4 reje CS cs_reject_cause 0
02-09 18:22:52.103 I/RILC    (  113): qmi_ril(0/113): [main] qmi_ril_nwr_util_log_mccmnc_str .. reje mcc - 
02-09 18:22:52.103 I/RILC    (  113): qmi_ril(0/113): [main] qmi_ril_nwr_util_log_mccmnc_str .. reje mnc - 
02-09 18:22:52.103 I/RILC    (  113): qmi_ril(0/113): [main] qmi_ril_nwr_update_reg_rej_from_sys_info .. ext info is_reject_case 0, is_managed_roaming 0, reject_cause 0
02-09 18:22:52.103 I/RILC    (  113): qmi_ril(0/113): [main] qmi_ril_nwr_update_reg_rej_from_sys_info .. rte 5 reje CS cs_rejected 0
02-09 18:22:52.103 I/RILC    (  113): qmi_ril(0/113): [main] qmi_ril_nwr_update_reg_rej_from_sys_info .. rte 5 reje CS cs_reject_cause 0
02-09 18:22:52.103 I/RILC    (  113): qmi_ril(0/113): [main] qmi_ril_nwr_util_log_mccmnc_str .. reje mcc - 
02-09 18:22:52.103 I/RILC    (  113): qmi_ril(0/113): [main] qmi_ril_nwr_util_log_mccmnc_str .. reje mnc - 
02-09 18:22:52.103 I/RILC    (  113): qmi_ril(0/113): [main] qcril_qmi_nas_util_convert_nas_srv_status_to_ril_reg_status  qcril_qmi_nas_util_convert_nas_srv_status_to_ril_reg_status entered
02-09 18:22:52.103 D/RILC    (  113): qmi_ril(0/113): [main] qcril_qmi_util_retrieve_srv_status qcril_qmi_util_retrieve_srv_status completed with 2
02-09 18:22:52.103 I/RILC    (  113): qmi_ril(0/113): [main] qcril_qmi_nas_util_convert_nas_srv_status_to_ril_reg_status ... nas_srv_status 2, is_data 1, is_3gpp 0, is_hdr 0
02-09 18:22:52.103 I/RILC    (  113): qmi_ril(0/113): [main] qcril_qmi_nas_util_convert_nas_srv_status_to_ril_reg_status ... intermediate res 1 5
02-09 18:22:52.103 I/RILC    (  113): qmi_ril(0/113): [main] qcril_qmi_nas_util_convert_nas_srv_status_to_ril_reg_status ... common_sys_info 89048
02-09 18:22:52.103 I/RILC    (  113): qmi_ril(0/113): [main] qcril_qmi_nas_util_convert_nas_srv_status_to_ril_reg_status ... srv_capability_valid, srv_capability 1, 3
02-09 18:22:52.103 I/RILC    (  113): qmi_ril(0/113): [main] qcril_qmi_nas_util_convert_nas_srv_status_to_ril_reg_status ... srv_domain_valid, srv_domain 1, 3
02-09 18:22:52.103 I/RILC    (  113): qmi_ril(0/113): [main] qcril_qmi_nas_util_convert_nas_srv_status_to_ril_reg_status ... intermediate res 2 5
02-09 18:22:52.103 I/RILC    (  113): qmi_ril(0/113): [main] qcril_qmi_nas_util_convert_nas_srv_status_to_ril_reg_status ... hdr_only_sys_info 0
02-09 18:22:52.103 I/RILC    (  113): qmi_ril(0/113): [main] qcril_qmi_nas_util_convert_nas_srv_status_to_ril_reg_status ... intermediate res 3 5
02-09 18:22:52.103 I/RILC    (  113): qmi_ril(0/113): [main] qcril_qmi_nas_util_convert_nas_srv_status_to_ril_reg_status ... is_sys_forbidden_valid, is_sys_forbidden 1, 0
02-09 18:22:52.103 I/RILC    (  113): qmi_ril(0/113): [main] qcril_qmi_nas_util_convert_nas_srv_status_to_ril_reg_status qcril_qmi_nas_util_convert_nas_srv_status_to_ril_reg_status complete with 5
02-09 18:22:52.103 I/RILC    (  113): qmi_ril(0/113): [main] qcril_qmi_nas_util_convert_nas_srv_status_to_ril_reg_status  qcril_qmi_nas_util_convert_nas_srv_status_to_ril_reg_status entered
02-09 18:22:52.103 D/RILC    (  113): qmi_ril(0/113): [main] qcril_qmi_util_retrieve_srv_status qcril_qmi_util_retrieve_srv_status completed with 2
02-09 18:22:52.103 I/RILC    (  113): qmi_ril(0/113): [main] qcril_qmi_nas_util_convert_nas_srv_status_to_ril_reg_status ... nas_srv_status 2, is_data 1, is_3gpp 0, is_hdr 1
02-09 18:22:52.103 I/RILC    (  113): qmi_ril(0/113): [main] qcril_qmi_nas_util_convert_nas_srv_status_to_ril_reg_status ... intermediate res 1 1
02-09 18:22:52.103 I/RILC    (  113): qmi_ril(0/113): [main] qcril_qmi_nas_util_convert_nas_srv_status_to_ril_reg_status ... common_sys_info 113048
02-09 18:22:52.103 I/RILC    (  113): qmi_ril(0/113): [main] qcril_qmi_nas_util_convert_nas_srv_status_to_ril_reg_status ... srv_capability_valid, srv_capability 1, 2
02-09 18:22:52.103 I/RILC    (  113): qmi_ril(0/113): [main] qcril_qmi_nas_util_convert_nas_srv_status_to_ril_reg_status ... srv_domain_valid, srv_domain 1, 2
02-09 18:22:52.103 I/RILC    (  113): qmi_ril(0/113): [main] qcril_qmi_nas_util_convert_nas_srv_status_to_ril_reg_status ... intermediate res 2 1
02-09 18:22:52.103 I/RILC    (  113): qmi_ril(0/113): [main] qcril_qmi_nas_util_convert_nas_srv_status_to_ril_reg_status ... hdr_only_sys_info 113080
02-09 18:22:52.103 I/RILC    (  113): qmi_ril(0/113): [main] qcril_qmi_nas_util_convert_nas_srv_status_to_ril_reg_status ... hdr_active_prot_valid, hdr_personality_valid 1, 1
02-09 18:22:52.103 I/RILC    (  113): qmi_ril(0/113): [main] qcril_qmi_nas_util_convert_nas_srv_status_to_ril_reg_status ... intermediate res 3 1
02-09 18:22:52.103 I/RILC    (  113): qmi_ril(0/113): [main] qcril_qmi_nas_util_convert_nas_srv_status_to_ril_reg_status ... is_sys_forbidden_valid, is_sys_forbidden 1, 0
02-09 18:22:52.103 I/RILC    (  113): qmi_ril(0/113): [main] qcril_qmi_nas_util_convert_nas_srv_status_to_ril_reg_status qcril_qmi_nas_util_convert_nas_srv_status_to_ril_reg_status complete with 1
02-09 18:22:52.103 I/RILC    (  113): qmi_ril(0/113): [main] qmi_ril_nwr_update_reg_rej_from_sys_info .. 1x reg data 5
02-09 18:22:52.103 I/RILC    (  113): qmi_ril(0/113): [main] qmi_ril_nwr_update_reg_rej_from_sys_info .. gsm reg data 0
02-09 18:22:52.103 I/RILC    (  113): qmi_ril(0/113): [main] qmi_ril_nwr_update_reg_rej_from_sys_info .. wcdma reg data  0
02-09 18:22:52.103 I/RILC    (  113): qmi_ril(0/113): [main] qmi_ril_nwr_update_reg_rej_from_sys_info .. lte reg data 0
02-09 18:22:52.103 I/RILC    (  113): qmi_ril(0/113): [main] qmi_ril_nwr_update_reg_rej_from_sys_info .. hdr reg data 1
02-09 18:22:52.103 I/RILC    (  113): qmi_ril(0/113): [main] qmi_ril_nwr_update_reg_rej_from_sys_info .. rte 1 reje PS ps_rejected 0
02-09 18:22:52.103 I/RILC    (  113): qmi_ril(0/113): [main] qmi_ril_nwr_update_reg_rej_from_sys_info .. rte 1 reje PS ps_reject_cause 0
02-09 18:22:52.103 I/RILC    (  113): qmi_ril(0/113): [main] qmi_ril_nwr_util_log_mccmnc_str .. data reje mcc - 
02-09 18:22:52.103 I/RILC    (  113): qmi_ril(0/113): [main] qmi_ril_nwr_util_log_mccmnc_str .. data reje mnc - 
02-09 18:22:52.103 I/RILC    (  113): qmi_ril(0/113): [main] qmi_ril_nwr_update_reg_rej_from_sys_info .. rte 2 reje PS ps_rejected 0
02-09 18:22:52.103 I/RILC    (  113): qmi_ril(0/113): [main] qmi_ril_nwr_update_reg_rej_from_sys_info .. rte 2 reje PS ps_reject_cause 0
02-09 18:22:52.103 I/RILC    (  113): qmi_ril(0/113): [main] qmi_ril_nwr_util_log_mccmnc_str .. data reje mcc - 
02-09 18:22:52.103 I/RILC    (  113): qmi_ril(0/113): [main] qmi_ril_nwr_util_log_mccmnc_str .. data reje mnc - 
02-09 18:22:52.103 I/RILC    (  113): qmi_ril(0/113): [main] qmi_ril_nwr_update_reg_rej_from_sys_info .. rte 3 reje PS ps_rejected 0
02-09 18:22:52.103 I/RILC    (  113): qmi_ril(0/113): [main] qmi_ril_nwr_update_reg_rej_from_sys_info .. rte 3 reje PS ps_reject_cause 0
02-09 18:22:52.103 I/RILC    (  113): qmi_ril(0/113): [main] qmi_ril_nwr_util_log_mccmnc_str .. data reje mcc - 
02-09 18:22:52.103 I/RILC    (  113): qmi_ril(0/113): [main] qmi_ril_nwr_util_log_mccmnc_str .. data reje mnc - 
02-09 18:22:52.103 I/RILC    (  113): qmi_ril(0/113): [main] qmi_ril_nwr_update_reg_rej_from_sys_info .. rte 4 reje PS ps_rejected 0
02-09 18:22:52.103 I/RILC    (  113): qmi_ril(0/113): [main] qmi_ril_nwr_update_reg_rej_from_sys_info .. rte 4 reje PS ps_reject_cause 0
02-09 18:22:52.103 I/RILC    (  113): qmi_ril(0/113): [main] qmi_ril_nwr_util_log_mccmnc_str .. data reje mcc - 
02-09 18:22:52.103 I/RILC    (  113): qmi_ril(0/113): [main] qmi_ril_nwr_util_log_mccmnc_str .. data reje mnc - 
02-09 18:22:52.103 I/RILC    (  113): qmi_ril(0/113): [main] qmi_ril_nwr_update_reg_rej_from_sys_info .. rte 5 reje PS ps_rejected 0
02-09 18:22:52.103 I/RILC    (  113): qmi_ril(0/113): [main] qmi_ril_nwr_update_reg_rej_from_sys_info .. rte 5 reje PS ps_reject_cause 0
02-09 18:22:52.103 I/RILC    (  113): qmi_ril(0/113): [main] qmi_ril_nwr_util_log_mccmnc_str .. data reje mcc - 
02-09 18:22:52.103 I/RILC    (  113): qmi_ril(0/113): [main] qmi_ril_nwr_util_log_mccmnc_str .. data reje mnc - 
02-09 18:22:52.103 I/RILC    (  113): qmi_ril(0/113): [main] qmi_ril_nwr_update_reg_rej_from_sys_info qmi_ril_nwr_update_reg_rej_from_sys_info completed
02-09 18:22:52.103 I/RILC    (  113): qmi_ril(0/113): [main] qcril_qmi_nas_fetch_sys_info qcril_qmi_nas_fetch_sys_info res 0 
02-09 18:22:52.103 I/RILC    (  113): qmi_ril(0/113): [main] qcril_qmi_nas_request_registration_state qcril_qmi_nas_request_registration_state forming response
02-09 18:22:52.103 I/RILC    (  113): qmi_ril(0/113): [main] qcril_qmi_nas_request_registration_state ***zyj*** qcril_qmi_nas_request_registration_state nas_cached_info.serving_system->registration_state=1
02-09 18:22:52.103 I/RILC    (  113): qmi_ril(0/113): [main] qcril_qmi_nas_request_registration_state pre - cur reg state 1
02-09 18:22:52.103 I/RILC    (  113): qmi_ril(0/113): [main] qcril_qmi_nas_request_registration_state qcril_qmi_nas_request_registration_state cur reg state 1
02-09 18:22:52.103 I/RILC    (  113): qmi_ril(0/113): [main] qcril_qmi_nas_is_in_service_of_technology qcril_qmi_nas_is_in_service_of_technology entered
02-09 18:22:52.103 I/RILC    (  113): qmi_ril(0/113): [main] qcril_qmi_nas_is_in_service_of_technology qcril_qmi_nas_is_in_service_of_technology completed with 0
02-09 18:22:52.103 I/RILC    (  113): qmi_ril(0/113): [main] qcril_qmi_nas_is_in_service_of_technology qcril_qmi_nas_is_in_service_of_technology entered
02-09 18:22:52.103 I/RILC    (  113): qmi_ril(0/113): [main] qcril_qmi_nas_is_in_service_of_technology qcril_qmi_nas_is_in_service_of_technology completed with 0
02-09 18:22:52.103 I/RILC    (  113): qmi_ril(0/113): [main] qcril_qmi_nas_request_registration_state .. cdma p_rev valid 1
02-09 18:22:52.103 I/RILC    (  113): qmi_ril(0/113): [main] qcril_qmi_nas_request_registration_state .. cdma p_rev 6
02-09 18:22:52.103 I/RILC    (  113): qmi_ril(0/113): [main] qcril_qmi_nas_is_in_service_of_technology qcril_qmi_nas_is_in_service_of_technology entered
02-09 18:22:52.103 I/RILC    (  113): qmi_ril(0/113): [main] qcril_qmi_nas_is_in_service_of_technology qcril_qmi_nas_is_in_service_of_technology completed with 1
02-09 18:22:52.103 I/RILC    (  113): qmi_ril(0/113): [main] qcril_qmi_nas_request_registration_state .. rg 0 - 1
02-09 18:22:52.103 I/RILC    (  113): qmi_ril(0/113): [main] qcril_qmi_nas_request_registration_state .. rg 1 - 
02-09 18:22:52.103 I/RILC    (  113): qmi_ril(0/113): [main] qcril_qmi_nas_request_registration_state .. rg 2 - 
02-09 18:22:52.103 I/RILC    (  113): qmi_ril(0/113): [main] qcril_qmi_nas_request_registration_state .. rg 3 - 6
02-09 18:22:52.103 I/RILC    (  113): qmi_ril(0/113): [main] qcril_qmi_nas_request_registration_state .. rg 4 - 11251
02-09 18:22:52.103 I/RILC    (  113): qmi_ril(0/113): [main] qcril_qmi_nas_request_registration_state .. rg 5 - 560189
02-09 18:22:52.103 I/RILC    (  113): qmi_ril(0/113): [main] qcril_qmi_nas_request_registration_state .. rg 6 - -1362775
02-09 18:22:52.103 I/RILC    (  113): qmi_ril(0/113): [main] qcril_qmi_nas_request_registration_state .. rg 7 - 0
02-09 18:22:52.103 I/RILC    (  113): qmi_ril(0/113): [main] qcril_qmi_nas_request_registration_state .. rg 8 - 4139
02-09 18:22:52.103 I/RILC    (  113): qmi_ril(0/113): [main] qcril_qmi_nas_request_registration_state .. rg 9 - 41
02-09 18:22:52.103 I/RILC    (  113): qmi_ril(0/113): [main] qcril_qmi_nas_request_registration_state .. rg 10 - 1
02-09 18:22:52.103 I/RILC    (  113): qmi_ril(0/113): [main] qcril_qmi_nas_request_registration_state .. rg 11 - 1
02-09 18:22:52.103 I/RILC    (  113): qmi_ril(0/113): [main] qcril_qmi_nas_request_registration_state .. rg 12 - 160
02-09 18:22:52.103 I/RILC    (  113): qmi_ril(0/113): [main] qcril_qmi_nas_request_registration_state .. rg 13 - 0
02-09 18:22:52.103 I/RILC    (  113): qmi_ril(0/113): [main] qcril_qmi_nas_request_registration_state .. rg 14 - 0
02-09 18:22:52.103 I/RILC    (  113): qmi_ril(0/113): [main] qcril_reqlist_find [RID 0] Not found ReqList entry : token id 2447
02-09 18:22:52.103 D/RILC    (  113): qmi_ril(0/113): [main] qcril_send_request_response UI <--- RIL_REQUEST_REGISTRATION_STATE (20) Complete --- RIL [RID 0, Token 2447, Success, Len 60 ]
02-09 18:22:52.113 D/RILJ    (27234): [2447]< REGISTRATION_STATE {1,null,null,6,11251,560189,-1362775,0,4139,41,1,1,160,0,0}
02-09 18:22:52.113 I/RILC    (  113): qmi_ril(0/113): [main] qcril_qmi_nas_request_registration_state .. need to report cs/ps bar 0
02-09 18:22:52.113 I/RILC    (  113): qmi_ril(0/113): [main] qcril_qmi_nas_request_registration_state qcril_qmi_nas_request_registration_state completed with 0
02-09 18:22:52.113 D/RILC    (  113): qmi_ril(0/113): [main] onRequest UI --- RIL_REQUEST_DATA_REGISTRATION_STATE (21) ---> RIL [RID 0, token id 2448, data len 0]
02-09 18:22:52.113 I/RILC    (  113): qmi_ril(0/113): [main] qcril_qmi_nas_request_data_registration_state qcril_qmi_nas_request_data_registration_state entered
02-09 18:22:52.113 I/RILC    (  113): qmi_ril(0/113): [main] qcril_qmi_nas_is_in_service_of_technology qcril_qmi_nas_is_in_service_of_technology entered
02-09 18:22:52.113 I/RILC    (  113): qmi_ril(0/113): [main] qcril_qmi_nas_is_in_service_of_technology qcril_qmi_nas_is_in_service_of_technology completed with 0
02-09 18:22:52.113 I/RILC    (  113): qmi_ril(0/113): [main] qcril_qmi_nas_is_in_service_of_technology qcril_qmi_nas_is_in_service_of_technology entered
02-09 18:22:52.113 I/RILC    (  113): qmi_ril(0/113): [main] qcril_qmi_nas_is_in_service_of_technology qcril_qmi_nas_is_in_service_of_technology completed with 1
02-09 18:22:52.113 I/RILC    (  113): qmi_ril(0/113): [main] qcril_qmi_nas_request_data_registration_state  ... QMI NAS reg_state 1
02-09 18:22:52.113 I/RILC    (  113): qmi_ril(0/113): [main] qcril_qmi_nas_request_data_registration_state  ... cache valid for data_caps 1
02-09 18:22:52.113 I/RILC    (  113): qmi_ril(0/113): [main] qcril_qmi_nas_request_data_registration_state  ... cache valid for data_caps_len 2
02-09 18:22:52.113 I/RILC    (  113): qmi_ril(0/113): [main] qcril_qmi_nas_request_data_registration_state  ... ps attach state 1
02-09 18:22:52.113 I/RILC    (  113): qmi_ril(0/113): [main] qcril_qmi_nas_request_data_registration_state Xinjingqcril_qmi_nas_request_data_registration_state cur reg state 1
02-09 18:22:52.113 I/RILC    (  113): qmi_ril(0/113): [main] qcril_qmi_nas_request_data_registration_state .. pre  cur reg state 1
02-09 18:22:52.113 I/RILC    (  113): qmi_ril(0/113): [main] qcril_qmi_nas_request_data_registration_state qcril_qmi_nas_request_data_registration_state cur reg state 1
02-09 18:22:52.113 I/RILC    (  113): qmi_ril(0/113): [main] qcril_qmi_nas_is_in_service_of_technology qcril_qmi_nas_is_in_service_of_technology entered
02-09 18:22:52.113 I/RILC    (  113): qmi_ril(0/113): [main] qcril_qmi_nas_is_in_service_of_technology qcril_qmi_nas_is_in_service_of_technology completed with 0
02-09 18:22:52.113 I/RILC    (  113): qmi_ril(0/113): [main] qcril_qmi_nas_is_in_service_of_technology qcril_qmi_nas_is_in_service_of_technology entered
02-09 18:22:52.113 I/RILC    (  113): qmi_ril(0/113): [main] qcril_qmi_nas_is_in_service_of_technology qcril_qmi_nas_is_in_service_of_technology completed with 0
02-09 18:22:52.113 I/RILC    (  113): qmi_ril(0/113): [main] qcril_qmi_nas_request_data_registration_state .. data caps 1, 2
02-09 18:22:52.113 I/RILC    (  113): qmi_ril(0/113): [main] qcril_qmi_nas_request_data_registration_state .. detailed info val 1
02-09 18:22:52.113 I/RILC    (  113): qmi_ril(0/113): [main] qcril_qmi_nas_request_data_registration_state .. detailed info srv_cap 3
02-09 18:22:52.113 I/RILC    (  113): qmi_ril(0/113): [main] qcril_qmi_nas_request_data_registration_state .. legacy data cap 6
02-09 18:22:52.113 I/RILC    (  113): qmi_ril(0/113): [main] qcril_qmi_nas_request_data_registration_state .. final legacy data cap 8
02-09 18:22:52.113 I/RILC    (  113): qmi_ril(0/113): [main] qcril_qmi_nas_request_data_registration_state .. ehrpd adjustment check 8
02-09 18:22:52.113 I/RILC    (  113): qmi_ril(0/113): [main] qcril_qmi_nas_request_data_registration_state .. detailed_service_info val, nas_cached_info.hdr_personality val  1, 1
02-09 18:22:52.113 I/RILC    (  113): qmi_ril(0/113): [main] qcril_qmi_nas_request_data_registration_state .. hdr status, hdr_hybrid  2, 1
02-09 18:22:52.113 I/RILC    (  113): qmi_ril(0/113): [main] qcril_qmi_nas_request_data_registration_state .. hdr_personality check 1
02-09 18:22:52.113 I/RILC    (  113): qmi_ril(0/113): [main] qcril_qmi_nas_request_data_registration_state .. rg 0 - 1
02-09 18:22:52.113 I/RILC    (  113): qmi_ril(0/113): [main] qcril_qmi_nas_request_data_registration_state .. rg 1 - 
02-09 18:22:52.113 I/RILC    (  113): qmi_ril(0/113): [main] qcril_qmi_nas_request_data_registration_state .. rg 2 - 
02-09 18:22:52.113 I/RILC    (  113): qmi_ril(0/113): [main] qcril_qmi_nas_request_data_registration_state .. rg 3 - 8
02-09 18:22:52.113 I/RILC    (  113): qmi_ril(0/113): [main] qcril_qmi_nas_request_data_registration_state .. rg 4 - 0
02-09 18:22:52.113 I/RILC    (  113): qmi_ril(0/113): [main] qcril_qmi_nas_request_data_registration_state .. rg 5 - 20
02-09 18:22:52.113 I/RILC    (  113): qmi_ril(0/113): [main] qcril_reqlist_find [RID 0] Not found ReqList entry : token id 2448
02-09 18:22:52.113 D/RILC    (  113): qmi_ril(0/113): [main] qcril_send_request_response UI <--- RIL_REQUEST_DATA_REGISTRATION_STATE (21) Complete --- RIL [RID 0, Token 2448, Success, Len 24 ]
02-09 18:22:52.113 D/RILJ    (27234): [2448]< DATA_REGISTRATION_STATE {1,null,null,8,0,20}
02-09 18:22:52.113 I/RILC    (  113): qmi_ril(0/113): [main] qcril_qmi_nas_request_data_registration_state qcril_qmi_nas_request_data_registration_state complete with 0
02-09 18:22:52.133 D/CDMA    (27234): [CdmaServiceStateTracker] ***zyj*** roamingstaus:1
02-09 18:22:52.133 D/CDMA    (27234): [CdmaServiceStateTracker] ***zyj*** namMatch && mIsInPrll
02-09 18:22:52.133 D/CDMA    (27234): [CdmaServiceStateTracker] ***zyj*** ind <=2 set ind off
02-09 18:22:52.133 D/CDMA    (27234): [CdmaServiceStateTracker] Set CDMA Roaming Indicator to: 1. mCdmaRoaming = false, isPrlLoaded = true. namMatch = true , mIsInPrl = true, mRoamingIndicator = 1, mDefaultRoamingIndicator= 160
02-09 18:22:52.143 D/CDMA    (27234): [CdmaServiceStateTracker] Poll ServiceState done: oldSS=[0 home Sprint  310099  1xRTT CSS not supported 41 4139RoamInd: 1RoamStatus(sprint): 1DefRoamInd: 160EmergOnly: false] newSS=[0 home null  310099  1xRTT CSS not supported 41 4139RoamInd: 1RoamStatus(sprint): 1DefRoamInd: 160EmergOnly: false]
02-09 18:22:53.895 D/CDMA    (27234): [CdmaCallTracker] hangupForegroundResumeBackground
02-09 18:22:53.895 D/CDMA    (27234): [CdmaCallTracker] obtainCompleteMessage: pendingOperations=1, needsPoll=true
02-09 18:22:53.895 D/RILJ    (27234): [2449]> HANGUP_FOREGROUND_RESUME_BACKGROUND
02-09 18:22:53.905 D/RILC    (  113): qmi_ril(0/113): [main] onRequest UI --- RIL_REQUEST_HANGUP_FOREGROUND_RESUME_BACKGROUND (14) ---> RIL [RID 0, token id 2449, data len 0]
02-09 18:22:53.905 I/RILC    (  113): qmi_ril(0/113): [main] qcril_qmi_voice_request_manage_calls_hangup_foreground_resume_background qcril_qmi_voice_request_manage_calls_hangup_foreground_resume_background entered
02-09 18:22:53.905 I/RILC    (  113): qmi_ril(0/113): [main] qcril_reqlist_find [RID 0] Not found ReqList entry : token id 2449
02-09 18:22:53.905 I/RILC    (  113): qmi_ril(0/113): [main] qcril_reqlist_new_all [RID 0] Event RIL_REQUEST_HANGUP_FOREGROUND_RESUME_BACKGROUND(14), token id 2449 [ 0x1ba58], req id 324 : 
02-09 18:22:53.905 I/RILC    (  113): qmi_ril(0/113): [main] qcril_reqlist_new_all                        MID 0, pending receipt of <none>, state QCRIL_REQ_AWAITING_CALLBACK(2)
02-09 18:22:53.905 D/RILC    (  113): qmi_ril(0/113): [main] qcril_reqlist_print_all [RID 0] ReqList entries :
02-09 18:22:53.905 D/RILC    (  113): qmi_ril(0/113): [main] qcril_reqlist_print_all     RIL_REQUEST_HANGUP_FOREGROUND_RESUME_BACKGROUND (14), token id 2449
02-09 18:22:53.905 I/RILC    (  113): qmi_ril(0/113): [main] qcril_qmi_util_convert_qmi_response_codes_to_ril_result_ex qcril_qmi_util_convert_qmi_response_codes_to_ril_result_ex ctx check 0
02-09 18:22:53.905 I/RILC    (  113): qmi_ril(0/113): [main] qcril_qmi_voice_request_manage_calls_hangup_foreground_resume_background qcril_qmi_voice_request_manage_calls_hangup_foreground_resume_background completed
02-09 18:22:53.935 I/RILC    (  113): qmi_ril(0/113): [qmi_cb] qcril_qmi_voice_command_cb qcril_qmi_voice_command_cb for msg_id 0021 (END CALL RESP)
02-09 18:22:53.935 I/RILC    (  113): qmi_ril(0/113): [qmi_cb] qcril_reqlist_find_by_req_id [RID 0] Found ReqList entry : RIL_REQUEST_HANGUP_FOREGROUND_RESUME_BACKGROUND(14), token id 2449
02-09 18:22:53.935 I/RILC    (  113): qmi_ril(0/113): [qmi_cb] qcril_qmi_voice_end_call_resp_hdlr END CALL RESP SUCCESS received with call id 1
02-09 18:22:53.935 I/RILC    (  113): qmi_ril(0/113): [qmi_cb] qcril_reqlist_find [RID 0] Found ReqList entry : RIL_REQUEST_HANGUP_FOREGROUND_RESUME_BACKGROUND(14), token id 2449
02-09 18:22:53.935 I/RILC    (  113): qmi_ril(0/113): [qmi_cb] qcril_reqlist_free [RID 0] Deleted ReqList entry : token id 2449 [0x1ba58]
02-09 18:22:53.935 D/RILC    (  113): qmi_ril(0/113): [qmi_cb] qcril_reqlist_print_all [RID 0] ReqList entries : Empty 
02-09 18:22:53.935 D/RILC    (  113): qmi_ril(0/113): [qmi_cb] qcril_send_request_response UI <--- RIL_REQUEST_HANGUP_FOREGROUND_RESUME_BACKGROUND (14) Complete --- RIL [RID 0, Token 2449, Success, Len 0 ]
02-09 18:22:53.945 D/RILJ    (27234): [2449]< HANGUP_FOREGROUND_RESUME_BACKGROUND 
02-09 18:22:53.945 I/RILC    (  113): qmi_ril(0/113): [qmi_cb] qcril_qmi_voice_unsol_ind_cb .. operational state 3
02-09 18:22:53.945 I/RILC    (  113): qmi_ril(0/113): [qmi_cb] qcril_qmi_voice_all_call_status_ind_hdlr qcril_qmi_voice_all_call_status_ind_hdlr entered
02-09 18:22:53.945 I/RILC    (  113): qmi_ril(0/113): [qmi_cb] qcril_qmi_voice_all_call_status_ind_hdlr qcril_qmi_voice_all_call_status_ind_hdlr - Call state 9, IsMT=2
02-09 18:22:53.945 I/RILC    (  113): qmi_ril(0/113): [qmi_cb] qcril_qmi_voice_all_call_status_ind_hdlr Call state END for conn id 1
02-09 18:22:53.945 I/RILC    (  113): qmi_ril(0/113): [qmi_cb] qcril_qmi_voice_all_call_status_ind_hdlr Call failure cause 29
02-09 18:22:53.945 I/RILC    (  113): qmi_ril(0/113): [qmi_cb] qcril_qmi_voice_handle_new_last_call_failure_cause function entry
02-09 18:22:53.945 I/RILC    (  113): qmi_ril(0/113): [qmi_cb] qcril_qmi_voice_map_qmi_to_ril_last_call_failure_cause map qmi reason: 29 to ril reason: 16
02-09 18:22:53.945 I/RILC    (  113): qmi_ril(0/113): [qmi_cb] qcril_qmi_voice_store_last_call_failure_cause store ril reason: 16
02-09 18:22:53.945 I/RILC    (  113): qmi_ril(0/113): [qmi_cb] qcril_qmi_voice_respond_ril_last_call_failure_request function entry
02-09 18:22:53.945 I/RILC    (  113): qmi_ril(0/113): [qmi_cb] qcril_qmi_voice_respond_ril_last_call_failure_request last_call_failure_cause is valid. Will send the response if there is any pending ril request.
02-09 18:22:53.945 I/RILC    (  113): qmi_ril(0/113): [qmi_cb] qcril_reqlist_find_by_request [RID 0] Not found ReqList entry for RIL_REQUEST_LAST_CALL_FAIL_CAUSE(18)
02-09 18:22:53.945 I/RILC    (  113): qmi_ril(0/113): [qmi_cb] qcril_qmi_voice_handle_new_last_call_failure_cause function exit
02-09 18:22:53.945 I/RILC    (  113): qmi_ril(0/113): [qmi_cb] qcril_qmi_voice_all_call_status_ind_hdlr Call mode 1, call type 0
02-09 18:22:53.945 I/RILC    (  113): qmi_ril(0/113): [qmi_cb] qcril_qmi_voice_voip_find_call_info_entry_by_call_qmi_id qcril_qmi_voice_voip_find_call_info_entry_by_call_qmi_id entry with id 1
02-09 18:22:53.945 I/RILC    (  113): qmi_ril(0/113): [qmi_cb] qcril_qmi_voice_voip_find_call_info_entry_by_call_qmi_id qcril_qmi_voice_voip_find_call_info_entry_by_call_qmi_id completing with res 109336
02-09 18:22:53.945 I/RILC    (  113): qmi_ril(0/113): [qmi_cb] qcril_qmi_voice_voip_update_call_info_entry_mainstream qcril_qmi_voice_voip_update_call_info_entry_mainstream entry with param 109336
02-09 18:22:53.945 I/RILC    (  113): qmi_ril(0/113): [qmi_cb] qcril_qmi_voice_voip_update_call_info_entry_mainstream call android id 1, call qmi id 1
02-09 18:22:53.945 I/RILC    (  113): qmi_ril(0/113): [qmi_cb] qcril_qmi_voice_voip_update_call_info_entry_mainstream .. call state 9, call type 0
02-09 18:22:53.945 I/RILC    (  113): qmi_ril(0/113): [qmi_cb] qcril_qmi_voice_voip_update_call_info_entry_mainstream qcril_qmi_voice_voip_update_call_info_entry_mainstream completed
02-09 18:22:53.945 I/RILC    (  113): qmi_ril(0/113): [qmi_cb] qcril_qmi_voice_voip_destroy_call_info_entry qcril_qmi_voice_voip_destroy_call_info_entry entered
02-09 18:22:53.945 I/RILC    (  113): qmi_ril(0/113): [qmi_cb] qcril_qmi_voice_voip_destroy_call_info_entry .. entry 109336
02-09 18:22:53.945 I/RILC    (  113): qmi_ril(0/113): [qmi_cb] qcril_qmi_voice_voip_destroy_call_info_entry .. entry found 1
02-09 18:22:53.945 I/RILC    (  113): qmi_ril(0/113): [qmi_cb] qcril_qmi_voice_voip_destroy_call_info_entry qcril_qmi_voice_voip_destroy_call_info_entry completed
02-09 18:22:53.945 I/RILC    (  113): qmi_ril(0/113): [qmi_cb] qcril_qmi_voice_all_call_status_ind_hdlr -- final call dump start --
02-09 18:22:53.945 I/RILC    (  113): qmi_ril(0/113): [qmi_cb] qcril_qmi_voice_all_call_status_ind_hdlr -- final call dump end --
02-09 18:22:53.945 D/RILC    (  113): qmi_ril(0/113): [qmi_cb] qcril_send_unsol_response UI <--- RIL_UNSOL_RESPONSE_CALL_STATE_CHANGED (1001) --- RIL [RID 0, Len 0, (null)]
02-09 18:22:53.945 I/RILC    (  113): qmi_ril(0/113): [qmi_cb] qcril_qmi_voice_all_call_status_ind_hdlr qcril_qmi_voice_all_call_status_ind_hdlr completed
02-09 18:22:53.945 D/RILJ    (27234): [UNSL]< UNSOL_RESPONSE_CALL_STATE_CHANGED
02-09 18:22:54.055 D/CDMA    (27234): [CdmaCallTracker] handleMessage msg.id = 4
02-09 18:22:54.055 D/CDMA    (27234): [CdmaCallTracker] operationComplete: pendingOperations=0, needsPoll=true
02-09 18:22:54.055 D/RILJ    (27234): [2450]> GET_CURRENT_CALLS
02-09 18:22:54.055 D/RILC    (  113): qmi_ril(0/113): [main] onRequest UI --- RIL_REQUEST_GET_CURRENT_CALLS (9) ---> RIL [RID 0, token id 2450, data len 0]
02-09 18:22:54.055 I/RILC    (  113): qmi_ril(0/113): [main] qcril_qmi_voice_request_get_current_calls qcril_qmi_voice_request_get_current_calls entered
02-09 18:22:54.055 I/RILC    (  113): qmi_ril(0/113): [main] qcril_qmi_voice_request_get_current_calls Reply to RIL --> Number of calls : 0
02-09 18:22:54.055 I/RILC    (  113): qmi_ril(0/113): [main] qcril_reqlist_find [RID 0] Not found ReqList entry : token id 2450
02-09 18:22:54.055 D/RILC    (  113): qmi_ril(0/113): [main] qcril_send_request_response UI <--- RIL_REQUEST_GET_CURRENT_CALLS (9) Complete --- RIL [RID 0, Token 2450, Success, Len 0 ]
02-09 18:22:54.055 I/RILC    (  113): qmi_ril(0/113): [main] qcril_qmi_voice_request_get_current_calls qcril_qmi_voice_request_get_current_calls completed
02-09 18:22:54.055 D/RILJ    (27234): [2450]< GET_CURRENT_CALLS  
02-09 18:22:54.055 D/CDMA    (27234): [CdmaCallTracker] handleMessage msg.id = 2
02-09 18:22:54.055 D/RILJ    (27234): [2451]> GET_CURRENT_CALLS
02-09 18:22:54.065 D/RILC    (  113): qmi_ril(0/113): [main] onRequest UI --- RIL_REQUEST_GET_CURRENT_CALLS (9) ---> RIL [RID 0, token id 2451, data len 0]
02-09 18:22:54.065 I/RILC    (  113): qmi_ril(0/113): [main] qcril_qmi_voice_request_get_current_calls qcril_qmi_voice_request_get_current_calls entered
02-09 18:22:54.065 I/RILC    (  113): qmi_ril(0/113): [main] qcril_qmi_voice_request_get_current_calls Reply to RIL --> Number of calls : 0
02-09 18:22:54.065 I/RILC    (  113): qmi_ril(0/113): [main] qcril_reqlist_find [RID 0] Not found ReqList entry : token id 2451
02-09 18:22:54.065 D/RILC    (  113): qmi_ril(0/113): [main] qcril_send_request_response UI <--- RIL_REQUEST_GET_CURRENT_CALLS (9) Complete --- RIL [RID 0, Token 2451, Success, Len 0 ]
02-09 18:22:54.065 I/RILC    (  113): qmi_ril(0/113): [main] qcril_qmi_voice_request_get_current_calls qcril_qmi_voice_request_get_current_calls completed
02-09 18:22:54.065 D/RILJ    (27234): [2451]< GET_CURRENT_CALLS  
02-09 18:22:54.115 D/CDMA    (27234): [CdmaCallTracker] handleMessage msg.id = 1
02-09 18:22:54.115 D/CDMA    (27234): Event EVENT_POLL_CALLS_RESULT Received
02-09 18:22:54.115 D/CDMA    (27234): [CdmaCallTracker] handleMessage msg.id = 1
02-09 18:22:54.115 D/CDMA    (27234): Event EVENT_POLL_CALLS_RESULT Received
02-09 18:22:54.115 D/CDMA    (27234): [CdmaCallTracker] handle EVENT_POLL_CALL_RESULT: set needsPoll=F
02-09 18:22:54.115 D/CDMA    (27234): >handlePollCalls
02-09 18:22:54.115 D/CDMA    (27234): Connections:
02-09 18:22:54.115 D/CDMA    (27234): Connection 0: 
02-09 18:22:54.115 D/CDMA    (27234): [conn] number: 9134864351 index: 0 incoming: true alive: false ringing: false
02-09 18:22:54.115 D/CDMA    (27234): Connection 1: NULL
02-09 18:22:54.115 D/CDMA    (27234): Driver Calls:
02-09 18:22:54.115 D/CDMA    (27234): [CdmaCallTracker] poll: conn[i=0]= incoming: true state: DISCONNECTING post dial state: NOT_STARTED, dc=null
02-09 18:22:54.115 D/CDMA    (27234): [CdmaCallTracker] adding fgCall cn 0 to droppedDuringPoll
02-09 18:22:54.115 D/CDMA    (27234): [CdmaCallTracker] poll: conn[i=1]=null, dc=null
02-09 18:22:54.115 D/CDMA    (27234): [CDMAConn] onDisconnect: cause=LOCAL
02-09 18:22:54.115 D/CDMA    (27234): [CdmaCallTracker] update phone state, old=OFFHOOK new=IDLE
02-09 18:22:54.145 D/CDMA    (27234): <handlePollCalls
02-09 18:22:54.165 I/RILC    (  113): qmi_ril(0/113): [qmi_cb] qcril_qmi_nas_unsolicited_indication_cb invoked msg 0x24
02-09 18:22:54.165 I/RILC    (  113): qmi_ril(0/113): [qmi_cb] qcril_qmi_nas_is_considered_registered qcril_qmi_nas_is_considered_registered entered
02-09 18:22:54.165 I/RILC    (  113): qmi_ril(0/113): [qmi_cb] qcril_qmi_nas_is_considered_registered qcril_qmi_nas_is_considered_registered completed with 1
02-09 18:22:54.165 I/RILC    (  113): qmi_ril(0/113): [qmi_cb] qcril_qmi_nas_serving_system_ind_conv_qmi2ril qcril_qmi_nas_serving_system_ind_conv_qmi2ril entered
02-09 18:22:54.165 I/RILC    (  113): qmi_ril(0/113): [qmi_cb] qcril_qmi_nas_serving_system_ind_conv_qmi2ril .. fundamental change 1
02-09 18:22:54.165 I/RILC    (  113): qmi_ril(0/113): [qmi_cb] qcril_qmi_nas_drop_nw_info_cache  qcril_qmi_nas_drop_nw_info_cache entry 
02-09 18:22:54.165 I/RILC    (  113): qmi_ril(0/113): [qmi_cb] qcril_qmi_nas_drop_nw_info_cache qcril_qmi_nas_drop_nw_info_cache complete 
02-09 18:22:54.165 I/RILC    (  113): qmi_ril(0/113): [qmi_cb] qcril_qmi_voice_technology_updated qcril_qmi_voice_technology_updated entered
02-09 18:22:54.165 I/RILC    (  113): qmi_ril(0/113): [qmi_cb] qcril_qmi_voice_technology_updated ..nas_cached_info.serving_system valid 1
02-09 18:22:54.165 I/RILC    (  113): qmi_ril(0/113): [qmi_cb] qcril_qmi_voice_technology_updated .. selected NW 1
02-09 18:22:54.165 I/RILC    (  113): qmi_ril(0/113): [qmi_cb] qcril_qmi_voice_technology_updated .. NW state 1
02-09 18:22:54.165 I/RILC    (  113): qmi_ril(0/113): [qmi_cb] qcril_qmi_mgr_voice_technology_updated qcril_qmi_mgr_voice_technology_updated entered
02-09 18:22:54.165 I/RILC    (  113): qmi_ril(0/113): [qmi_cb] qcril_qmi_mgr_voice_technology_updated qcril_qmi_mgr_voice_technology_updated left 2
02-09 18:22:54.165 I/RILC    (  113): qmi_ril(0/113): [qmi_cb] qcril_qmi_voice_technology_updated qcril_qmi_voice_technology_updated completed for 2
02-09 18:22:54.165 I/RILC    (  113): qmi_ril(0/113): [qmi_cb] qmi_ril_nwr_update_reg_rej_legacy qmi_ril_nwr_update_reg_rej_legacy entered
02-09 18:22:54.165 I/RILC    (  113): qmi_ril(0/113): [qmi_cb] qmi_ril_nwr_update_reg_rej_legacy .. ss srv reg state 1
02-09 18:22:54.165 I/RILC    (  113): qmi_ril(0/113): [qmi_cb] qmi_ril_nwr_update_reg_rej_legacy .. reje CS cs_rejected 0
02-09 18:22:54.165 I/RILC    (  113): qmi_ril(0/113): [qmi_cb] qmi_ril_nwr_update_reg_rej_legacy .. reje CS cs_reject_cause 0
02-09 18:22:54.165 I/RILC    (  113): qmi_ril(0/113): [qmi_cb] qmi_ril_nwr_update_reg_rej_legacy .. reje PS ps_rejected 0
02-09 18:22:54.165 I/RILC    (  113): qmi_ril(0/113): [qmi_cb] qmi_ril_nwr_update_reg_rej_legacy .. reje PS ps_reject_cause 0
02-09 18:22:54.165 I/RILC    (  113): qmi_ril(0/113): [qmi_cb] qmi_ril_nwr_util_log_mccmnc_str .. reje mcc - 
02-09 18:22:54.165 I/RILC    (  113): qmi_ril(0/113): [qmi_cb] qmi_ril_nwr_util_log_mccmnc_str .. reje mnc - 
02-09 18:22:54.165 I/RILC    (  113): qmi_ril(0/113): [qmi_cb] qmi_ril_nwr_update_reg_rej_legacy qmi_ril_nwr_update_reg_rej_legacy completed
02-09 18:22:54.165 I/RILC    (  113): qmi_ril(0/113): [qmi_cb] qcril_qmi_nas_serving_system_ind_conv_qmi2ril qcril_qmi_nas_serving_system_ind_conv_qmi2ril serving_system cached 1
02-09 18:22:54.165 I/RILC    (  113): qmi_ril(0/113): [qmi_cb] qcril_qmi_nas_serving_system_ind_conv_qmi2ril qcril_qmi_nas_serving_system_ind_conv_qmi2ril roaming_indicator cached 0
02-09 18:22:54.165 I/RILC    (  113): qmi_ril(0/113): [qmi_cb] qcril_qmi_nas_serving_system_ind_conv_qmi2ril qcril_qmi_nas_serving_system_ind_conv_qmi2ril data_capabilities cached 1
02-09 18:22:54.165 I/RILC    (  113): qmi_ril(0/113): [qmi_cb] qcril_qmi_nas_serving_system_ind_conv_qmi2ril qcril_qmi_nas_serving_system_ind_conv_qmi2ril current_plmn cached 0
02-09 18:22:54.165 I/RILC    (  113): qmi_ril(0/113): [qmi_cb] qcril_qmi_nas_serving_system_ind_conv_qmi2ril qcril_qmi_nas_serving_system_ind_conv_qmi2ril mnc_includes_pcs_digit cached 0
02-09 18:22:54.165 I/RILC    (  113): qmi_ril(0/113): [qmi_cb] qcril_qmi_nas_serving_system_ind_conv_qmi2ril qcril_qmi_nas_serving_system_ind_conv_qmi2ril completed
02-09 18:22:54.165 I/RILC    (  113): qmi_ril(0/113): [qmi_cb] qcril_qmi_nas_is_considered_registered qcril_qmi_nas_is_considered_registered entered
02-09 18:22:54.165 I/RILC    (  113): qmi_ril(0/113): [qmi_cb] qcril_qmi_nas_is_considered_registered qcril_qmi_nas_is_considered_registered completed with 1
02-09 18:22:54.165 I/RILC    (  113): qmi_ril(0/113): [qmi_cb] qcril_qmi_nas_unsolicited_indication_cb .. operational state 3
02-09 18:22:54.165 D/RILC    (  113): qmi_ril(0/113): [qmi_cb] qcril_send_unsol_response UI <--- RIL_UNSOL_RESPONSE_NETWORK_STATE_CHANGED (1002) --- RIL [RID 0, Len 0, (null)]
02-09 18:22:54.165 I/RILC    (  113): qmi_ril(0/113): [qmi_cb] qcril_qmi_nas_unsolicited_indication_cb posted RIL indication 1002
02-09 18:22:54.165 D/RILC    (  113): qmi_ril(0/113): [qmi_cb] qcril_send_unsol_response UI <--- RIL_UNSOL_RESPONSE_DATA_NETWORK_STATE_CHANGED (1037) --- RIL [RID 0, Len 0, (null)]
02-09 18:22:54.165 I/RILC    (  113): qmi_ril(0/113): [qmi_cb] qcril_qmi_nas_unsolicited_indication_cb posted RIL indication 1037
02-09 18:22:54.165 I/RILC    (  113): qmi_ril(0/113): [qmi_cb] qcril_qmi_nas_unsolicited_indication_cb qcril_qmi_nas_unsolicited_indication_cb completed
02-09 18:22:54.165 D/RILJ    (27234): [UNSL]< UNSOL_RESPONSE_NETWORK_STATE_CHANGED
02-09 18:22:54.165 D/RILJ    (27234): [UNSL]< RIL_UNSOL_RESPONSE_DATA_NETWORK_STATE_CHANGED
02-09 18:22:54.175 I/RILC    (  113): qmi_ril(0/113): [qmi_cb] qcril_qmi_nas_unsolicited_indication_cb invoked msg 0x2
02-09 18:22:54.175 I/RILC    (  113): qmi_ril(0/113): [qmi_cb] qcril_qmi_nas_is_considered_registered qcril_qmi_nas_is_considered_registered entered
02-09 18:22:54.175 I/RILC    (  113): qmi_ril(0/113): [qmi_cb] qcril_qmi_nas_is_considered_registered qcril_qmi_nas_is_considered_registered completed with 1
02-09 18:22:54.175 I/RILC    (  113): qmi_ril(0/113): [qmi_cb] qcril_qmi_nas_event_report_ind_conv_qmi2ril qcril_qmi_nas_event_report_ind_conv_qmi2ril entered
02-09 18:22:54.175 I/RILC    (  113): qmi_ril(0/113): [qmi_cb] qcril_qmi_nas_event_report_ind_conv_qmi2ril .. reg reject valid 0
02-09 18:22:54.175 I/RILC    (  113): qmi_ril(0/113): [qmi_cb] qcril_qmi_nas_event_report_ind_conv_qmi2ril qcril_qmi_nas_event_report_ind_conv_qmi2ril completed
02-09 18:22:54.175 I/RILC    (  113): qmi_ril(0/113): [qmi_cb] qcril_qmi_nas_is_considered_registered qcril_qmi_nas_is_considered_registered entered
02-09 18:22:54.175 I/RILC    (  113): qmi_ril(0/113): [qmi_cb] qcril_qmi_nas_is_considered_registered qcril_qmi_nas_is_considered_registered completed with 1
02-09 18:22:54.175 D/RILC    (  113): qmi_ril(0/113): [qmi_cb] qcril_event_queue Event [<Unknown event> ?, 655370] data was NULL!
02-09 18:22:54.175 D/RILC    (  113): qmi_ril(0/113): [qmi_cb] qcril_event_queue RID 0 MID 0 Queued event <Unknown event> ? (0 bytes)
02-09 18:22:54.175 I/RILC    (  113): qmi_ril(0/113): [qmi_cb] qcril_qmi_nas_unsolicited_indication_cb .. operational state 3
02-09 18:22:54.175 I/RILC    (  113): qmi_ril(0/113): [qmi_cb] qcril_qmi_nas_unsolicited_indication_cb qcril_qmi_nas_unsolicited_indication_cb completed
02-09 18:22:54.175 I/RILC    (  113): qmi_ril(0/113): [qmi_cb] qcril_qmi_nas_unsolicited_indication_cb invoked msg 0x2
02-09 18:22:54.175 I/RILC    (  113): qmi_ril(0/113): [qmi_cb] qcril_qmi_nas_is_considered_registered qcril_qmi_nas_is_considered_registered entered
02-09 18:22:54.175 I/RILC    (  113): qmi_ril(0/113): [qmi_cb] qcril_qmi_nas_is_considered_registered qcril_qmi_nas_is_considered_registered completed with 1
02-09 18:22:54.175 I/RILC    (  113): qmi_ril(0/113): [qmi_cb] qcril_qmi_nas_event_report_ind_conv_qmi2ril qcril_qmi_nas_event_report_ind_conv_qmi2ril entered
02-09 18:22:54.175 I/RILC    (  113): qmi_ril(0/113): [qmi_cb] qcril_qmi_nas_event_report_ind_conv_qmi2ril .. reg reject valid 0
02-09 18:22:54.175 I/RILC    (  113): qmi_ril(0/113): [qmi_cb] qcril_qmi_nas_event_report_ind_conv_qmi2ril qcril_qmi_nas_event_report_ind_conv_qmi2ril completed
02-09 18:22:54.175 I/RILC    (  113): qmi_ril(0/113): [qmi_cb] qcril_qmi_nas_is_considered_registered qcril_qmi_nas_is_considered_registered entered
02-09 18:22:54.175 I/RILC    (  113): qmi_ril(0/113): [qmi_cb] qcril_qmi_nas_is_considered_registered qcril_qmi_nas_is_considered_registered completed with 1
