02-13 13:23:50.072 D/PowerManagerService(  206): setTimeoutLocked now=289230 timeoutOverride=-1 nextState=3 when=295230
02-13 13:23:50.202 D/PowerManagerService(  206): setTimeoutLocked now=289367 timeoutOverride=-1 nextState=3 when=295367
02-13 13:23:50.242 D/StatusBarPolicy(  317): onSignalStrengthsChanged:SignalStrength: 99 0 -98 -80 -87 -30 6 99 2147483647 2147483647 2147483647 2147483647 cdma for subscription0
02-13 13:23:50.242 D/StatusBarPolicy(  317): updateSignalStrength on subscription :0
02-13 13:23:50.242 D/StatusBarPolicy(  317): StatusBarPolocy::getIconLevel -EVDO
02-13 13:23:50.242 D/StatusBarPolicy(  317): getEvdoLevel_band_six -evdoDbm:-87
02-13 13:23:50.242 D/StatusBarPolicy(  317): getEvdoLevel_band_six -evdoEcio:-30
02-13 13:23:52.064 D/StatusBarPolicy(  317): updateDataIcon subscription =0
02-13 13:23:52.504 D/StatusBarPolicy(  317): onSignalStrengthsChanged:SignalStrength: 99 0 -98 -70 -87 -25 6 99 2147483647 2147483647 2147483647 2147483647 cdma for subscription0
02-13 13:23:52.504 D/StatusBarPolicy(  317): updateSignalStrength on subscription :0
02-13 13:23:52.514 D/StatusBarPolicy(  317): StatusBarPolocy::getIconLevel -EVDO
02-13 13:23:52.514 D/StatusBarPolicy(  317): getEvdoLevel_band_six -evdoDbm:-87
02-13 13:23:52.514 D/StatusBarPolicy(  317): getEvdoLevel_band_six -evdoEcio:-25
02-13 13:23:53.505 D/ConnectivityService(  206): Dropping ConnectivityChange for WIFI: DISCONNECTED/SCANNING
02-13 13:23:54.476 D/ConnectivityService(  206): Dropping ConnectivityChange for WIFI: DISCONNECTED/IDLE
02-13 13:23:54.736 D/StatusBarPolicy(  317): onSignalStrengthsChanged:SignalStrength: 99 0 -98 -70 -87 -25 7 99 2147483647 2147483647 2147483647 2147483647 cdma for subscription0
02-13 13:23:54.736 D/StatusBarPolicy(  317): updateSignalStrength on subscription :0
02-13 13:23:54.736 D/StatusBarPolicy(  317): StatusBarPolocy::getIconLevel -EVDO
02-13 13:23:54.736 D/StatusBarPolicy(  317): getEvdoLevel_band_six -evdoDbm:-87
02-13 13:23:54.736 D/StatusBarPolicy(  317): getEvdoLevel_band_six -evdoEcio:-25
02-13 13:23:56.198 D/PowerManagerService(  206): setTimeoutLocked now=295369 timeoutOverride=-1 nextState=1 when=297369
02-13 13:23:57.639 D/PowerManagerService(  206): setTimeoutLocked now=296803 timeoutOverride=-1 nextState=3 when=302803
02-13 13:23:57.729 W/WindowManager(  206): updateFocusedWindowLocked newFocus=Window{40629d40 com.android.settings/com.android.settings.DeviceInfoSettings paused=true} mode=0 mCurrentFocus = Window{40629d40 com.android.settings/com.android.settings.DeviceInfoSettings paused=true}
02-13 13:23:57.739 W/WindowManager(  206): updateFocusedWindowLocked newFocus=Window{406ff690 com.android.settings/com.android.settings.Settings paused=false} mode=3 mCurrentFocus = Window{40629d40 com.android.settings/com.android.settings.DeviceInfoSettings paused=false}
02-13 13:23:57.759 W/WindowManager(  206): updateFocusedWindowLocked newFocus=Window{406ff690 com.android.settings/com.android.settings.Settings paused=false} mode=2 mCurrentFocus = Window{406ff690 com.android.settings/com.android.settings.Settings paused=false}
02-13 13:23:57.759 W/WindowManager(  206): updateFocusedWindowLocked newFocus=Window{406ff690 com.android.settings/com.android.settings.Settings paused=false} mode=2 mCurrentFocus = Window{406ff690 com.android.settings/com.android.settings.Settings paused=false}
02-13 13:23:57.769 W/WindowManager(  206): updateFocusedWindowLocked newFocus=Window{406ff690 com.android.settings/com.android.settings.Settings paused=false} mode=3 mCurrentFocus = Window{406ff690 com.android.settings/com.android.settings.Settings paused=false}
02-13 13:23:57.950 W/WindowManager(  206): updateFocusedWindowLocked newFocus=Window{406ff690 com.android.settings/com.android.settings.Settings paused=false} mode=3 mCurrentFocus = Window{406ff690 com.android.settings/com.android.settings.Settings paused=false}
02-13 13:23:57.970 W/WindowManager(  206): updateFocusedWindowLocked newFocus=Window{406ff690 com.android.settings/com.android.settings.Settings paused=false} mode=0 mCurrentFocus = Window{406ff690 com.android.settings/com.android.settings.Settings paused=false}
02-13 13:23:58.840 D/PowerManagerService(  206): setTimeoutLocked now=298001 timeoutOverride=-1 nextState=3 when=304001
02-13 13:23:59.021 I/ActivityManager(  206): Starting: Intent { act=android.intent.action.MAIN cat=[android.intent.category.HOME] flg=0x10200000 cmp=com.android.launcher/com.android.launcher2.Launcher } from pid 206
02-13 13:23:59.031 W/WindowManager(  206): updateFocusedWindowLocked newFocus=Window{406ff690 com.android.settings/com.android.settings.Settings paused=true} mode=3 mCurrentFocus = Window{406ff690 com.android.settings/com.android.settings.Settings paused=true}
02-13 13:23:59.041 W/WindowManager(  206): updateFocusedWindowLocked newFocus=null mode=0 mCurrentFocus = Window{406ff690 com.android.settings/com.android.settings.Settings paused=true}
02-13 13:23:59.051 W/WindowManager(  206): updateFocusedWindowLocked newFocus=null mode=3 mCurrentFocus = null
02-13 13:23:59.081 W/WindowManager(  206): updateFocusedWindowLocked newFocus=Window{4062a350 com.android.launcher/com.android.launcher2.Launcher paused=false} mode=2 mCurrentFocus = null
02-13 13:23:59.081 W/WindowManager(  206): updateFocusedWindowLocked newFocus=Window{4062a350 com.android.launcher/com.android.launcher2.Launcher paused=false} mode=2 mCurrentFocus = Window{4062a350 com.android.launcher/com.android.launcher2.Launcher paused=false}
02-13 13:23:59.091 W/WindowManager(  206): updateFocusedWindowLocked newFocus=Window{4062a350 com.android.launcher/com.android.launcher2.Launcher paused=false} mode=3 mCurrentFocus = Window{4062a350 com.android.launcher/com.android.launcher2.Launcher paused=false}
02-13 13:23:59.531 D/PowerManagerService(  206): setTimeoutLocked now=298693 timeoutOverride=-1 nextState=3 when=304693
02-13 13:23:59.541 W/WindowManager(  206): updateFocusedWindowLocked newFocus=Window{406c1f08 TrackingView paused=false} mode=3 mCurrentFocus = Window{4062a350 com.android.launcher/com.android.launcher2.Launcher paused=false}
02-13 13:23:59.601 W/WindowManager(  206): updateFocusedWindowLocked newFocus=Window{4067ecb0 StatusBarExpanded paused=false} mode=3 mCurrentFocus = Window{406c1f08 TrackingView paused=false}
02-13 13:23:59.681 D/PowerManagerService(  206): setTimeoutLocked now=298843 timeoutOverride=-1 nextState=3 when=304843
02-13 13:24:00.012 D/AlarmManager(  206): scheduleTimeTickEvent calendar=Mon Feb 13 13:25:00 CST 2012
02-13 13:24:00.012 D/AlarmManager(  206): calendar.getTimeInMillis()1329161100000
02-13 13:24:00.272 D/WifiService(  206): ACTION_BATTERY_CHANGED pluggedType: 0
02-13 13:24:00.272 D/WifiService(  206): WifiHandler, MESSAGE_UPDATE_STATE
02-13 13:24:00.272 D/WifiService(  206): isAirplaneModeOn(): false
02-13 13:24:00.272 D/WifiService(  206): updateWifiState(), wifiEnabled: true, airplaneMode: false, wifiShouldBeEnabled: true, wifiShouldBeStarted: true, strongestLockMode: 1
02-13 13:24:00.272 D/WifiService(  206): WifiHandler, MESSAGE_ENABLE_WIFI, msg.arg1: 0, msg.arg2: 1000
02-13 13:24:00.272 D/WifiService(  206): WifiHandler, MESSAGE_START_WIFI, msg.arg1: 1
02-13 13:24:00.372 D/StatusBarPolicy(  317): onSignalStrengthsChanged:SignalStrength: 99 0 -98 -70 -77 -25 8 99 2147483647 2147483647 2147483647 2147483647 cdma for subscription0
02-13 13:24:00.372 D/StatusBarPolicy(  317): updateSignalStrength on subscription :0
02-13 13:24:00.372 D/StatusBarPolicy(  317): StatusBarPolocy::getIconLevel -EVDO
02-13 13:24:00.372 D/StatusBarPolicy(  317): getEvdoLevel_band_six -evdoDbm:-77
02-13 13:24:00.372 D/StatusBarPolicy(  317): getEvdoLevel_band_six -evdoEcio:-25
02-13 13:24:00.422 I/TelephonyRegistry(  206): notifyServiceState: 0 home Sprint  310099  EvDo rev. A CSS not supported 41 4139RoamInd: 1RoamStatus(sprint): 1DefRoamInd: 160EmergOnly: false
02-13 13:24:00.462 D/StatusBarPolicy(  317): onServiceStateChanged:0 home Sprint  310099  EvDo rev. A CSS not supported 41 4139RoamInd: 1RoamStatus(sprint): 1DefRoamInd: 160EmergOnly: falsefor subscription :0
02-13 13:24:00.462 D/StatusBarPolicy(  317): updateSignalStrength on subscription :0
02-13 13:24:00.462 D/StatusBarPolicy(  317): StatusBarPolocy::getIconLevel -EVDO
02-13 13:24:00.462 D/StatusBarPolicy(  317): getEvdoLevel_band_six -evdoDbm:-77
02-13 13:24:00.462 D/StatusBarPolicy(  317): getEvdoLevel_band_six -evdoEcio:-25
02-13 13:24:00.462 D/StatusBarPolicy(  317): updateDataIcon subscription =0
02-13 13:24:01.463 D/StatusBarPolicy(  317): onSignalStrengthsChanged:SignalStrength: 99 0 -98 -70 -79 -25 8 99 2147483647 2147483647 2147483647 2147483647 cdma for subscription0
02-13 13:24:01.463 D/StatusBarPolicy(  317): updateSignalStrength on subscription :0
02-13 13:24:01.463 D/StatusBarPolicy(  317): StatusBarPolocy::getIconLevel -EVDO
02-13 13:24:01.463 D/StatusBarPolicy(  317): getEvdoLevel_band_six -evdoDbm:-79
02-13 13:24:01.463 D/StatusBarPolicy(  317): getEvdoLevel_band_six -evdoEcio:-25
02-13 13:24:01.683 D/PowerManagerService(  206): setTimeoutLocked now=300850 timeoutOverride=-1 nextState=3 when=306850
02-13 13:24:01.753 D/PowerManagerService(  206): setTimeoutLocked now=300926 timeoutOverride=-1 nextState=3 when=306926
02-13 13:24:01.763 I/ActivityManager(  206): Starting: Intent { cmp=com.sprint.zone/.PageAlerts bnds=[0,224][320,288] } from pid -1
02-13 13:24:01.763 W/ActivityManager(  206): startActivity called from non-Activity context; forcing Intent.FLAG_ACTIVITY_NEW_TASK for: Intent { cmp=com.sprint.zone/.PageAlerts bnds=[0,224][320,288] }
02-13 13:24:01.773 W/WindowManager(  206): updateFocusedWindowLocked newFocus=Window{4067ecb0 StatusBarExpanded paused=false} mode=3 mCurrentFocus = Window{4067ecb0 StatusBarExpanded paused=false}
02-13 13:24:01.803 W/WindowManager(  206): updateFocusedWindowLocked newFocus=Window{4067ecb0 StatusBarExpanded paused=false} mode=0 mCurrentFocus = Window{4067ecb0 StatusBarExpanded paused=false}
02-13 13:24:01.813 W/WindowManager(  206): updateFocusedWindowLocked newFocus=Window{4067ecb0 StatusBarExpanded paused=false} mode=2 mCurrentFocus = Window{4067ecb0 StatusBarExpanded paused=false}
02-13 13:24:01.813 W/WindowManager(  206): updateFocusedWindowLocked newFocus=Window{4067ecb0 StatusBarExpanded paused=false} mode=2 mCurrentFocus = Window{4067ecb0 StatusBarExpanded paused=false}
02-13 13:24:01.843 W/WindowManager(  206): updateFocusedWindowLocked newFocus=Window{4067ecb0 StatusBarExpanded paused=false} mode=3 mCurrentFocus = Window{4067ecb0 StatusBarExpanded paused=false}
02-13 13:24:02.014 W/WindowManager(  206): updateFocusedWindowLocked newFocus=Window{4067ecb0 StatusBarExpanded paused=false} mode=3 mCurrentFocus = Window{4067ecb0 StatusBarExpanded paused=false}
02-13 13:24:02.014 W/WindowManager(  206): updateFocusedWindowLocked newFocus=null mode=3 mCurrentFocus = Window{4067ecb0 StatusBarExpanded paused=false}
02-13 13:24:02.074 W/WindowManager(  206): updateFocusedWindowLocked newFocus=Window{40ad0070 com.sprint.zone/com.sprint.zone.PageAlerts paused=false} mode=3 mCurrentFocus = null
02-13 13:24:02.144 W/WindowManager(  206): updateFocusedWindowLocked newFocus=Window{40ad0070 com.sprint.zone/com.sprint.zone.PageAlerts paused=false} mode=3 mCurrentFocus = Window{40ad0070 com.sprint.zone/com.sprint.zone.PageAlerts paused=false}
02-13 13:24:02.624 D/StatusBarPolicy(  317): updateDataIcon subscription =0
02-13 13:24:03.385 D/PowerManagerService(  206): setTimeoutLocked now=302544 timeoutOverride=-1 nextState=3 when=308544
02-13 13:24:03.485 W/WindowManager(  206): updateFocusedWindowLocked newFocus=Window{40ad0070 com.sprint.zone/com.sprint.zone.PageAlerts paused=true} mode=0 mCurrentFocus = Window{40ad0070 com.sprint.zone/com.sprint.zone.PageAlerts paused=true}
02-13 13:24:03.505 W/WindowManager(  206): updateFocusedWindowLocked newFocus=null mode=3 mCurrentFocus = Window{40ad0070 com.sprint.zone/com.sprint.zone.PageAlerts paused=true}
02-13 13:24:03.525 W/WindowManager(  206): updateFocusedWindowLocked newFocus=Window{4062a350 com.android.launcher/com.android.launcher2.Launcher paused=false} mode=3 mCurrentFocus = null
02-13 13:24:03.545 W/InputManagerService(  206): Starting input on non-focused client com.android.internal.view.IInputMethodClient$Stub$Proxy@40a87ab8 (uid=10002 pid=597)
02-13 13:24:03.565 W/WindowManager(  206): updateFocusedWindowLocked newFocus=Window{4062a350 com.android.launcher/com.android.launcher2.Launcher paused=false} mode=2 mCurrentFocus = Window{4062a350 com.android.launcher/com.android.launcher2.Launcher paused=false}
02-13 13:24:03.565 W/WindowManager(  206): updateFocusedWindowLocked newFocus=Window{4062a350 com.android.launcher/com.android.launcher2.Launcher paused=false} mode=2 mCurrentFocus = Window{4062a350 com.android.launcher/com.android.launcher2.Launcher paused=false}
02-13 13:24:03.575 W/WindowManager(  206): updateFocusedWindowLocked newFocus=Window{4062a350 com.android.launcher/com.android.launcher2.Launcher paused=false} mode=3 mCurrentFocus = Window{4062a350 com.android.launcher/com.android.launcher2.Launcher paused=false}
02-13 13:24:03.685 D/StatusBarPolicy(  317): onSignalStrengthsChanged:SignalStrength: 99 0 -98 -70 -81 -25 7 99 2147483647 2147483647 2147483647 2147483647 cdma for subscription0
02-13 13:24:03.685 D/StatusBarPolicy(  317): updateSignalStrength on subscription :0
02-13 13:24:03.685 D/StatusBarPolicy(  317): StatusBarPolocy::getIconLevel -EVDO
02-13 13:24:03.685 D/StatusBarPolicy(  317): getEvdoLevel_band_six -evdoDbm:-81
02-13 13:24:03.685 D/StatusBarPolicy(  317): getEvdoLevel_band_six -evdoEcio:-25
02-13 13:24:03.915 W/WindowManager(  206): updateFocusedWindowLocked newFocus=Window{4062a350 com.android.launcher/com.android.launcher2.Launcher paused=false} mode=3 mCurrentFocus = Window{4062a350 com.android.launcher/com.android.launcher2.Launcher paused=false}
02-13 13:24:03.915 D/PowerManagerService(  206): setTimeoutLocked now=303088 timeoutOverride=-1 nextState=3 when=309088
02-13 13:24:03.925 W/WindowManager(  206): updateFocusedWindowLocked newFocus=Window{406c1f08 TrackingView paused=false} mode=3 mCurrentFocus = Window{4062a350 com.android.launcher/com.android.launcher2.Launcher paused=false}
02-13 13:24:03.935 W/WindowManager(  206): updateFocusedWindowLocked newFocus=Window{4067ecb0 StatusBarExpanded paused=false} mode=3 mCurrentFocus = Window{406c1f08 TrackingView paused=false}
02-13 13:24:03.985 W/WindowManager(  206): updateFocusedWindowLocked newFocus=Window{4067ecb0 StatusBarExpanded paused=false} mode=0 mCurrentFocus = Window{4067ecb0 StatusBarExpanded paused=false}
02-13 13:24:04.056 D/PowerManagerService(  206): setTimeoutLocked now=303225 timeoutOverride=-1 nextState=3 when=309225
02-13 13:24:04.666 D/PowerManagerService(  206): setTimeoutLocked now=303833 timeoutOverride=-1 nextState=3 when=309833
02-13 13:24:04.736 D/PowerManagerService(  206): setTimeoutLocked now=303904 timeoutOverride=-1 nextState=3 when=309904
02-13 13:24:04.736 I/ActivityManager(  206): Starting: Intent { dat=content://mms-sms/conversations/1 flg=0x34000000 cmp=com.android.mms/.ui.ComposeMessageActivity bnds=[0,159][320,223] } from pid -1
02-13 13:24:04.746 W/WindowManager(  206): updateFocusedWindowLocked newFocus=Window{4067ecb0 StatusBarExpanded paused=false} mode=3 mCurrentFocus = Window{4067ecb0 StatusBarExpanded paused=false}
02-13 13:24:04.786 W/WindowManager(  206): updateFocusedWindowLocked newFocus=Window{4067ecb0 StatusBarExpanded paused=false} mode=0 mCurrentFocus = Window{4067ecb0 StatusBarExpanded paused=false}
02-13 13:24:04.786 W/WindowManager(  206): updateFocusedWindowLocked newFocus=Window{4067ecb0 StatusBarExpanded paused=false} mode=2 mCurrentFocus = Window{4067ecb0 StatusBarExpanded paused=false}
02-13 13:24:04.786 W/WindowManager(  206): updateFocusedWindowLocked newFocus=Window{4067ecb0 StatusBarExpanded paused=false} mode=2 mCurrentFocus = Window{4067ecb0 StatusBarExpanded paused=false}
02-13 13:24:04.816 W/WindowManager(  206): updateFocusedWindowLocked newFocus=Window{4067ecb0 StatusBarExpanded paused=false} mode=3 mCurrentFocus = Window{4067ecb0 StatusBarExpanded paused=false}
02-13 13:24:04.986 W/WindowManager(  206): updateFocusedWindowLocked newFocus=Window{4067ecb0 StatusBarExpanded paused=false} mode=3 mCurrentFocus = Window{4067ecb0 StatusBarExpanded paused=false}
02-13 13:24:04.986 W/WindowManager(  206): updateFocusedWindowLocked newFocus=null mode=3 mCurrentFocus = Window{4067ecb0 StatusBarExpanded paused=false}
02-13 13:24:05.257 W/WindowManager(  206): updateFocusedWindowLocked newFocus=Window{407a2008 com.android.mms/com.android.mms.ui.ComposeMessageActivity paused=false} mode=3 mCurrentFocus = null
02-13 13:24:05.597 W/WindowManager(  206): updateFocusedWindowLocked newFocus=Window{407a2008 com.android.mms/com.android.mms.ui.ComposeMessageActivity paused=false} mode=3 mCurrentFocus = Window{407a2008 com.android.mms/com.android.mms.ui.ComposeMessageActivity paused=false}
02-13 13:24:08.150 D/WifiService(  206): ACTION_SCREEN_OFF
02-13 13:24:08.160 D/StatusBarPolicy(  317): onSignalStrengthsChanged:SignalStrength: 99 0 -98 -70 -83 -25 7 99 2147483647 2147483647 2147483647 2147483647 cdma for subscription0
02-13 13:24:08.160 D/StatusBarPolicy(  317): updateSignalStrength on subscription :0
02-13 13:24:08.160 D/StatusBarPolicy(  317): StatusBarPolocy::getIconLevel -EVDO
02-13 13:24:08.160 D/StatusBarPolicy(  317): getEvdoLevel_band_six -evdoDbm:-83
02-13 13:24:08.160 D/StatusBarPolicy(  317): getEvdoLevel_band_six -evdoEcio:-25
02-13 13:24:08.160 D/WifiService(  206): setting ACTION_DEVICE_IDLE timer for 120,000 ms
02-13 13:24:08.220 D/PowerManagerService(  206): setTimeoutLocked now=307389 timeoutOverride=-1 nextState=0 when=314389
02-13 13:24:08.240 W/WindowManager(  206): updateFocusedWindowLocked newFocus=Window{406e9fc8 Keyguard paused=false} mode=3 mCurrentFocus = Window{407a2008 com.android.mms/com.android.mms.ui.ComposeMessageActivity paused=false}
02-13 13:24:20.656 W/WindowManager(  206): updateFocusedWindowLocked newFocus=Window{406e9fc8 Keyguard paused=false} mode=3 mCurrentFocus = Window{406e9fc8 Keyguard paused=false}
02-13 13:24:20.676 W/WindowManager(  206): updateFocusedWindowLocked newFocus=Window{406e9fc8 Keyguard paused=false} mode=2 mCurrentFocus = Window{406e9fc8 Keyguard paused=false}
02-13 13:24:20.676 W/WindowManager(  206): updateFocusedWindowLocked newFocus=Window{406e9fc8 Keyguard paused=false} mode=2 mCurrentFocus = Window{406e9fc8 Keyguard paused=false}
02-13 13:24:20.676 D/WifiService(  206): ACTION_SCREEN_ON
02-13 13:24:20.676 D/WifiService(  206): WifiHandler, MESSAGE_UPDATE_STATE
02-13 13:24:20.686 D/WifiService(  206): isAirplaneModeOn(): false
02-13 13:24:20.686 D/WifiService(  206): updateWifiState(), wifiEnabled: true, airplaneMode: false, wifiShouldBeEnabled: true, wifiShouldBeStarted: true, strongestLockMode: 1
02-13 13:24:20.686 D/WifiService(  206): WifiHandler, MESSAGE_ENABLE_WIFI, msg.arg1: 0, msg.arg2: 1000
02-13 13:24:20.686 D/WifiService(  206): WifiHandler, MESSAGE_START_WIFI, msg.arg1: 1
02-13 13:24:20.706 D/StatusBarPolicy(  317): onSignalStrengthsChanged:SignalStrength: 99 0 -101 -70 -89 -50 7 99 2147483647 2147483647 2147483647 2147483647 cdma for subscription0
02-13 13:24:20.706 D/StatusBarPolicy(  317): updateSignalStrength on subscription :0
02-13 13:24:20.706 D/StatusBarPolicy(  317): StatusBarPolocy::getIconLevel -EVDO
02-13 13:24:20.706 D/StatusBarPolicy(  317): getEvdoLevel_band_six -evdoDbm:-89
02-13 13:24:20.706 D/StatusBarPolicy(  317): getEvdoLevel_band_six -evdoEcio:-50
02-13 13:24:20.716 D/StatusBarPolicy(  317): updateDataIcon subscription =0
02-13 13:24:20.736 I/TelephonyRegistry(  206): notifyServiceState: 0 home Sprint  310099  EvDo rev. A CSS not supported 41 4139RoamInd: 1RoamStatus(sprint): 1DefRoamInd: 160EmergOnly: false
02-13 13:24:20.736 D/StatusBarPolicy(  317): onServiceStateChanged:0 home Sprint  310099  EvDo rev. A CSS not supported 41 4139RoamInd: 1RoamStatus(sprint): 1DefRoamInd: 160EmergOnly: falsefor subscription :0
02-13 13:24:20.736 D/StatusBarPolicy(  317): updateSignalStrength on subscription :0
02-13 13:24:20.736 D/StatusBarPolicy(  317): StatusBarPolocy::getIconLevel -EVDO
02-13 13:24:20.736 D/StatusBarPolicy(  317): getEvdoLevel_band_six -evdoDbm:-89
02-13 13:24:20.736 D/StatusBarPolicy(  317): getEvdoLevel_band_six -evdoEcio:-50
02-13 13:24:20.736 D/StatusBarPolicy(  317): updateDataIcon subscription =0
02-13 13:24:21.326 D/ConnectivityService(  206): Dropping ConnectivityChange for WIFI: DISCONNECTED/SCANNING
02-13 13:24:22.017 D/PowerManagerService(  206): setTimeoutLocked now=309363 timeoutOverride=-1 nextState=3 when=315363
02-13 13:24:22.017 W/WindowManager(  206): updateFocusedWindowLocked newFocus=null mode=3 mCurrentFocus = Window{406e9fc8 Keyguard paused=false}
02-13 13:24:22.027 W/WindowManager(  206): updateFocusedWindowLocked newFocus=Window{407a2008 com.android.mms/com.android.mms.ui.ComposeMessageActivity paused=false} mode=2 mCurrentFocus = null
02-13 13:24:22.027 D/PowerManagerService(  206): setTimeoutLocked now=309376 timeoutOverride=-1 nextState=3 when=315376
02-13 13:24:22.037 W/InputManagerService(  206): Window already focused, ignoring focus gain of: com.android.internal.view.IInputMethodClient$Stub$Proxy@40620fa0
02-13 13:24:22.287 D/ConnectivityService(  206): Dropping ConnectivityChange for WIFI: DISCONNECTED/IDLE
02-13 13:24:23.228 D/PowerManagerService(  206): setTimeoutLocked now=310571 timeoutOverride=-1 nextState=3 when=316571
02-13 13:24:23.298 D/PowerManagerService(  206): setTimeoutLocked now=310643 timeoutOverride=-1 nextState=3 when=316643
02-13 13:24:23.328 W/WindowManager(  206): updateFocusedWindowLocked newFocus=Window{407a2008 com.android.mms/com.android.mms.ui.ComposeMessageActivity paused=false} mode=3 mCurrentFocus = Window{407a2008 com.android.mms/com.android.mms.ui.ComposeMessageActivity paused=false}
02-13 13:24:23.678 W/WindowManager(  206): updateFocusedWindowLocked newFocus=Window{407a2008 com.android.mms/com.android.mms.ui.ComposeMessageActivity paused=false} mode=3 mCurrentFocus = Window{407a2008 com.android.mms/com.android.mms.ui.ComposeMessageActivity paused=false}
02-13 13:24:24.649 D/PowerManagerService(  206): setTimeoutLocked now=311992 timeoutOverride=-1 nextState=3 when=317992
02-13 13:24:24.679 W/WindowManager(  206): updateFocusedWindowLocked newFocus=Window{407a2008 com.android.mms/com.android.mms.ui.ComposeMessageActivity paused=false} mode=3 mCurrentFocus = Window{407a2008 com.android.mms/com.android.mms.ui.ComposeMessageActivity paused=false}
02-13 13:24:24.749 D/PowerManagerService(  206): setTimeoutLocked now=312093 timeoutOverride=-1 nextState=3 when=318093
02-13 13:24:25.110 W/WindowManager(  206): updateFocusedWindowLocked newFocus=Window{407a2008 com.android.mms/com.android.mms.ui.ComposeMessageActivity paused=false} mode=3 mCurrentFocus = Window{407a2008 com.android.mms/com.android.mms.ui.ComposeMessageActivity paused=false}
02-13 13:24:25.160 D/PowerManagerService(  206): setTimeoutLocked now=312495 timeoutOverride=-1 nextState=3 when=318495
02-13 13:24:25.160 W/WindowManager(  206): updateFocusedWindowLocked newFocus=Window{407a2008 com.android.mms/com.android.mms.ui.ComposeMessageActivity paused=false} mode=3 mCurrentFocus = Window{407a2008 com.android.mms/com.android.mms.ui.ComposeMessageActivity paused=false}
02-13 13:24:25.180 W/WindowManager(  206): updateFocusedWindowLocked newFocus=Window{407a2008 com.android.mms/com.android.mms.ui.ComposeMessageActivity paused=false} mode=3 mCurrentFocus = Window{407a2008 com.android.mms/com.android.mms.ui.ComposeMessageActivity paused=false}
02-13 13:24:25.230 W/WindowManager(  206): updateFocusedWindowLocked newFocus=Window{407a2008 com.android.mms/com.android.mms.ui.ComposeMessageActivity paused=false} mode=3 mCurrentFocus = Window{407a2008 com.android.mms/com.android.mms.ui.ComposeMessageActivity paused=false}
02-13 13:24:25.300 W/WindowManager(  206): updateFocusedWindowLocked newFocus=Window{407a2008 com.android.mms/com.android.mms.ui.ComposeMessageActivity paused=false} mode=3 mCurrentFocus = Window{407a2008 com.android.mms/com.android.mms.ui.ComposeMessageActivity paused=false}
02-13 13:24:25.340 D/PowerManagerService(  206): setTimeoutLocked now=312684 timeoutOverride=-1 nextState=3 when=318684
02-13 13:24:25.370 W/WindowManager(  206): updateFocusedWindowLocked newFocus=Window{407a2008 com.android.mms/com.android.mms.ui.ComposeMessageActivity paused=false} mode=3 mCurrentFocus = Window{407a2008 com.android.mms/com.android.mms.ui.ComposeMessageActivity paused=false}
02-13 13:24:25.430 W/WindowManager(  206): updateFocusedWindowLocked newFocus=Window{407a2008 com.android.mms/com.android.mms.ui.ComposeMessageActivity paused=false} mode=3 mCurrentFocus = Window{407a2008 com.android.mms/com.android.mms.ui.ComposeMessageActivity paused=false}
02-13 13:24:25.510 W/WindowManager(  206): updateFocusedWindowLocked newFocus=Window{407a2008 com.android.mms/com.android.mms.ui.ComposeMessageActivity paused=false} mode=3 mCurrentFocus = Window{407a2008 com.android.mms/com.android.mms.ui.ComposeMessageActivity paused=false}
02-13 13:24:26.020 D/PowerManagerService(  206): setTimeoutLocked now=313362 timeoutOverride=-1 nextState=3 when=319362
02-13 13:24:26.030 W/WindowManager(  206): updateFocusedWindowLocked newFocus=Window{407a2008 com.android.mms/com.android.mms.ui.ComposeMessageActivity paused=false} mode=3 mCurrentFocus = Window{407a2008 com.android.mms/com.android.mms.ui.ComposeMessageActivity paused=false}
02-13 13:24:26.091 D/PowerManagerService(  206): setTimeoutLocked now=313436 timeoutOverride=-1 nextState=3 when=319436
02-13 13:24:26.131 W/WindowManager(  206): updateFocusedWindowLocked newFocus=Window{407a2008 com.android.mms/com.android.mms.ui.ComposeMessageActivity paused=false} mode=3 mCurrentFocus = Window{407a2008 com.android.mms/com.android.mms.ui.ComposeMessageActivity paused=false}
02-13 13:24:27.302 D/StatusBarPolicy(  317): onSignalStrengthsChanged:SignalStrength: 99 0 -101 -95 -89 -20 7 99 2147483647 2147483647 2147483647 2147483647 cdma for subscription0
02-13 13:24:27.302 D/StatusBarPolicy(  317): updateSignalStrength on subscription :0
02-13 13:24:27.312 D/StatusBarPolicy(  317): StatusBarPolocy::getIconLevel -EVDO
02-13 13:24:27.312 D/StatusBarPolicy(  317): getEvdoLevel_band_six -evdoDbm:-89
02-13 13:24:27.312 D/StatusBarPolicy(  317): getEvdoLevel_band_six -evdoEcio:-20
02-13 13:24:27.602 D/PowerManagerService(  206): setTimeoutLocked now=314944 timeoutOverride=-1 nextState=3 when=320944
02-13 13:24:27.632 W/WindowManager(  206): updateFocusedWindowLocked newFocus=Window{407a2008 com.android.mms/com.android.mms.ui.ComposeMessageActivity paused=false} mode=3 mCurrentFocus = Window{407a2008 com.android.mms/com.android.mms.ui.ComposeMessageActivity paused=false}
02-13 13:24:27.702 D/PowerManagerService(  206): setTimeoutLocked now=315044 timeoutOverride=-1 nextState=3 when=321044
02-13 13:24:27.722 W/WindowManager(  206): updateFocusedWindowLocked newFocus=Window{407a2008 com.android.mms/com.android.mms.ui.ComposeMessageActivity paused=false} mode=3 mCurrentFocus = Window{407a2008 com.android.mms/com.android.mms.ui.ComposeMessageActivity paused=false}
02-13 13:24:27.962 W/WindowManager(  206): updateFocusedWindowLocked newFocus=Window{407a2008 com.android.mms/com.android.mms.ui.ComposeMessageActivity paused=false} mode=3 mCurrentFocus = Window{407a2008 com.android.mms/com.android.mms.ui.ComposeMessageActivity paused=false}
02-13 13:24:28.103 W/WindowManager(  206): updateFocusedWindowLocked newFocus=Window{407a2008 com.android.mms/com.android.mms.ui.ComposeMessageActivity paused=false} mode=3 mCurrentFocus = Window{407a2008 com.android.mms/com.android.mms.ui.ComposeMessageActivity paused=false}
02-13 13:24:28.343 D/PowerManagerService(  206): setTimeoutLocked now=315688 timeoutOverride=-1 nextState=3 when=321688
02-13 13:24:28.353 W/WindowManager(  206): updateFocusedWindowLocked newFocus=Window{407a2008 com.android.mms/com.android.mms.ui.ComposeMessageActivity paused=false} mode=3 mCurrentFocus = Window{407a2008 com.android.mms/com.android.mms.ui.ComposeMessageActivity paused=false}
02-13 13:24:28.403 D/PowerManagerService(  206): setTimeoutLocked now=315747 timeoutOverride=-1 nextState=3 when=321747
02-13 13:24:28.443 W/WindowManager(  206): updateFocusedWindowLocked newFocus=Window{407a2008 com.android.mms/com.android.mms.ui.ComposeMessageActivity paused=false} mode=3 mCurrentFocus = Window{407a2008 com.android.mms/com.android.mms.ui.ComposeMessageActivity paused=false}
02-13 13:24:28.673 W/WindowManager(  206): updateFocusedWindowLocked newFocus=Window{407a2008 com.android.mms/com.android.mms.ui.ComposeMessageActivity paused=false} mode=3 mCurrentFocus = Window{407a2008 com.android.mms/com.android.mms.ui.ComposeMessageActivity paused=false}
02-13 13:24:28.783 W/WindowManager(  206): updateFocusedWindowLocked newFocus=Window{407a2008 com.android.mms/com.android.mms.ui.ComposeMessageActivity paused=false} mode=3 mCurrentFocus = Window{407a2008 com.android.mms/com.android.mms.ui.ComposeMessageActivity paused=false}
02-13 13:24:28.923 D/PowerManagerService(  206): setTimeoutLocked now=316262 timeoutOverride=-1 nextState=3 when=322262
02-13 13:24:28.933 W/WindowManager(  206): updateFocusedWindowLocked newFocus=Window{407a2008 com.android.mms/com.android.mms.ui.ComposeMessageActivity paused=false} mode=3 mCurrentFocus = Window{407a2008 com.android.mms/com.android.mms.ui.ComposeMessageActivity paused=false}
02-13 13:24:29.013 D/PowerManagerService(  206): setTimeoutLocked now=316350 timeoutOverride=-1 nextState=3 when=322350
02-13 13:24:29.043 W/WindowManager(  206): updateFocusedWindowLocked newFocus=Window{407a2008 com.android.mms/com.android.mms.ui.ComposeMessageActivity paused=false} mode=3 mCurrentFocus = Window{407a2008 com.android.mms/com.android.mms.ui.ComposeMessageActivity paused=false}
02-13 13:24:29.274 W/WindowManager(  206): updateFocusedWindowLocked newFocus=Window{407a2008 com.android.mms/com.android.mms.ui.ComposeMessageActivity paused=false} mode=3 mCurrentFocus = Window{407a2008 com.android.mms/com.android.mms.ui.ComposeMessageActivity paused=false}
02-13 13:24:29.434 W/WindowManager(  206): updateFocusedWindowLocked newFocus=Window{407a2008 com.android.mms/com.android.mms.ui.ComposeMessageActivity paused=false} mode=3 mCurrentFocus = Window{407a2008 com.android.mms/com.android.mms.ui.ComposeMessageActivity paused=false}
02-13 13:24:29.454 D/StatusBarPolicy(  317): onSignalStrengthsChanged:SignalStrength: 99 0 -98 -95 -86 -15 7 99 2147483647 2147483647 2147483647 2147483647 cdma for subscription0
02-13 13:24:29.454 D/StatusBarPolicy(  317): updateSignalStrength on subscription :0
02-13 13:24:29.454 D/StatusBarPolicy(  317): StatusBarPolocy::getIconLevel -EVDO
02-13 13:24:29.454 D/StatusBarPolicy(  317): getEvdoLevel_band_six -evdoDbm:-86
02-13 13:24:29.454 D/StatusBarPolicy(  317): getEvdoLevel_band_six -evdoEcio:-15
02-13 13:24:29.734 D/PowerManagerService(  206): setTimeoutLocked now=317078 timeoutOverride=-1 nextState=3 when=323078
02-13 13:24:29.764 W/WindowManager(  206): updateFocusedWindowLocked newFocus=Window{407a2008 com.android.mms/com.android.mms.ui.ComposeMessageActivity paused=false} mode=3 mCurrentFocus = Window{407a2008 com.android.mms/com.android.mms.ui.ComposeMessageActivity paused=false}
02-13 13:24:29.804 D/PowerManagerService(  206): setTimeoutLocked now=317155 timeoutOverride=-1 nextState=3 when=323155
02-13 13:24:29.824 W/WindowManager(  206): updateFocusedWindowLocked newFocus=Window{407a2008 com.android.mms/com.android.mms.ui.ComposeMessageActivity paused=false} mode=3 mCurrentFocus = Window{407a2008 com.android.mms/com.android.mms.ui.ComposeMessageActivity paused=false}
02-13 13:24:29.934 W/WindowManager(  206): updateFocusedWindowLocked newFocus=Window{407a2008 com.android.mms/com.android.mms.ui.ComposeMessageActivity paused=false} mode=3 mCurrentFocus = Window{407a2008 com.android.mms/com.android.mms.ui.ComposeMessageActivity paused=false}
02-13 13:24:30.014 W/WindowManager(  206): updateFocusedWindowLocked newFocus=Window{407a2008 com.android.mms/com.android.mms.ui.ComposeMessageActivity paused=false} mode=3 mCurrentFocus = Window{407a2008 com.android.mms/com.android.mms.ui.ComposeMessageActivity paused=false}
02-13 13:24:30.104 W/WindowManager(  206): updateFocusedWindowLocked newFocus=Window{407a2008 com.android.mms/com.android.mms.ui.ComposeMessageActivity paused=false} mode=3 mCurrentFocus = Window{407a2008 com.android.mms/com.android.mms.ui.ComposeMessageActivity paused=false}
02-13 13:24:30.185 W/WindowManager(  206): updateFocusedWindowLocked newFocus=Window{407a2008 com.android.mms/com.android.mms.ui.ComposeMessageActivity paused=false} mode=3 mCurrentFocus = Window{407a2008 com.android.mms/com.android.mms.ui.ComposeMessageActivity paused=false}
02-13 13:24:30.245 D/PowerManagerService(  206): setTimeoutLocked now=317593 timeoutOverride=-1 nextState=3 when=323593
02-13 13:24:30.255 W/WindowManager(  206): updateFocusedWindowLocked newFocus=Window{407a2008 com.android.mms/com.android.mms.ui.ComposeMessageActivity paused=false} mode=3 mCurrentFocus = Window{407a2008 com.android.mms/com.android.mms.ui.ComposeMessageActivity paused=false}
02-13 13:24:30.315 D/PowerManagerService(  206): setTimeoutLocked now=317668 timeoutOverride=-1 nextState=3 when=323668
02-13 13:24:30.345 W/WindowManager(  206): updateFocusedWindowLocked newFocus=Window{407a2008 com.android.mms/com.android.mms.ui.ComposeMessageActivity paused=false} mode=3 mCurrentFocus = Window{407a2008 com.android.mms/com.android.mms.ui.ComposeMessageActivity paused=false}
02-13 13:24:31.716 D/StatusBarPolicy(  317): onSignalStrengthsChanged:SignalStrength: 99 0 -97 -70 -86 -15 7 99 2147483647 2147483647 2147483647 2147483647 cdma for subscription0
02-13 13:24:31.716 D/StatusBarPolicy(  317): updateSignalStrength on subscription :0
02-13 13:24:31.726 D/StatusBarPolicy(  317): StatusBarPolocy::getIconLevel -EVDO
02-13 13:24:31.726 D/StatusBarPolicy(  317): getEvdoLevel_band_six -evdoDbm:-86
02-13 13:24:31.726 D/StatusBarPolicy(  317): getEvdoLevel_band_six -evdoEcio:-15
02-13 13:24:34.409 D/PowerManagerService(  206): setTimeoutLocked now=321756 timeoutOverride=-1 nextState=3 when=327756
02-13 13:24:34.469 D/PowerManagerService(  206): setTimeoutLocked now=321814 timeoutOverride=-1 nextState=3 when=327814
02-13 13:24:34.499 W/WindowManager(  206): updateFocusedWindowLocked newFocus=Window{407a2008 com.android.mms/com.android.mms.ui.ComposeMessageActivity paused=false} mode=3 mCurrentFocus = Window{407a2008 com.android.mms/com.android.mms.ui.ComposeMessageActivity paused=false}
02-13 13:24:34.599 W/WindowManager(  206): updateFocusedWindowLocked newFocus=Window{407a2008 com.android.mms/com.android.mms.ui.ComposeMessageActivity paused=false} mode=3 mCurrentFocus = Window{407a2008 com.android.mms/com.android.mms.ui.ComposeMessageActivity paused=false}
02-13 13:24:34.609 W/WindowManager(  206): updateFocusedWindowLocked newFocus=Window{407a2008 com.android.mms/com.android.mms.ui.ComposeMessageActivity paused=false} mode=3 mCurrentFocus = Window{407a2008 com.android.mms/com.android.mms.ui.ComposeMessageActivity paused=false}
02-13 13:24:34.629 W/WindowManager(  206): updateFocusedWindowLocked newFocus=Window{407a2008 com.android.mms/com.android.mms.ui.ComposeMessageActivity paused=false} mode=3 mCurrentFocus = Window{407a2008 com.android.mms/com.android.mms.ui.ComposeMessageActivity paused=false}
02-13 13:24:35.360 D/PowerManagerService(  206): setTimeoutLocked now=322705 timeoutOverride=-1 nextState=3 when=328705
02-13 13:24:35.620 D/PowerManagerService(  206): setTimeoutLocked now=322965 timeoutOverride=-1 nextState=3 when=328965
02-13 13:24:36.130 D/PowerManagerService(  206): setTimeoutLocked now=323468 timeoutOverride=-1 nextState=3 when=329468
02-13 13:24:36.441 D/PowerManagerService(  206): setTimeoutLocked now=323782 timeoutOverride=-1 nextState=3 when=329782
02-13 13:24:36.671 W/WindowManager(  206): updateFocusedWindowLocked newFocus=Window{40617ae8 AtchDlg:com.android.mms/com.android.mms.ui.ComposeMessageActivity paused=false} mode=1 mCurrentFocus = Window{407a2008 com.android.mms/com.android.mms.ui.ComposeMessageActivity paused=false}
02-13 13:24:36.671 W/WindowManager(  206): updateFocusedWindowLocked newFocus=Window{40617ae8 AtchDlg:com.android.mms/com.android.mms.ui.ComposeMessageActivity paused=false} mode=3 mCurrentFocus = Window{40617ae8 AtchDlg:com.android.mms/com.android.mms.ui.ComposeMessageActivity paused=false}
02-13 13:24:36.681 W/WindowManager(  206): updateFocusedWindowLocked newFocus=Window{40617ae8 AtchDlg:com.android.mms/com.android.mms.ui.ComposeMessageActivity paused=false} mode=3 mCurrentFocus = Window{40617ae8 AtchDlg:com.android.mms/com.android.mms.ui.ComposeMessageActivity paused=false}
02-13 13:24:36.701 W/WindowManager(  206): updateFocusedWindowLocked newFocus=Window{40617ae8 AtchDlg:com.android.mms/com.android.mms.ui.ComposeMessageActivity paused=false} mode=3 mCurrentFocus = Window{40617ae8 AtchDlg:com.android.mms/com.android.mms.ui.ComposeMessageActivity paused=false}
02-13 13:24:36.991 D/PowerManagerService(  206): setTimeoutLocked now=324333 timeoutOverride=-1 nextState=3 when=330333
02-13 13:24:37.031 D/PowerManagerService(  206): setTimeoutLocked now=324371 timeoutOverride=-1 nextState=3 when=330371
02-13 13:24:37.311 D/ConnectivityService(  206): Dropping ConnectivityChange for WIFI: DISCONNECTED/SCANNING
02-13 13:24:37.422 D/PowerManagerService(  206): setTimeoutLocked now=324764 timeoutOverride=-1 nextState=3 when=330764
02-13 13:24:37.692 W/WindowManager(  206): updateFocusedWindowLocked newFocus=Window{407a2008 com.android.mms/com.android.mms.ui.ComposeMessageActivity paused=false} mode=3 mCurrentFocus = Window{40617ae8 AtchDlg:com.android.mms/com.android.mms.ui.ComposeMessageActivity paused=false}
02-13 13:24:37.702 W/InputManagerService(  206): Window already focused, ignoring focus gain of: com.android.internal.view.IInputMethodClient$Stub$Proxy@40705258
02-13 13:24:38.252 D/PowerManagerService(  206): setTimeoutLocked now=325588 timeoutOverride=-1 nextState=3 when=331588
02-13 13:24:38.272 D/ConnectivityService(  206): Dropping ConnectivityChange for WIFI: DISCONNECTED/IDLE
02-13 13:24:38.312 W/WindowManager(  206): updateFocusedWindowLocked newFocus=Window{407a2008 com.android.mms/com.android.mms.ui.ComposeMessageActivity paused=false} mode=3 mCurrentFocus = Window{407a2008 com.android.mms/com.android.mms.ui.ComposeMessageActivity paused=false}
02-13 13:24:38.423 D/StatusBarPolicy(  317): onSignalStrengthsChanged:SignalStrength: 99 0 -97 -70 -84 -15 6 99 2147483647 2147483647 2147483647 2147483647 cdma for subscription0
02-13 13:24:38.423 D/StatusBarPolicy(  317): updateSignalStrength on subscription :0
02-13 13:24:38.423 D/StatusBarPolicy(  317): StatusBarPolocy::getIconLevel -EVDO
02-13 13:24:38.423 D/StatusBarPolicy(  317): getEvdoLevel_band_six -evdoDbm:-84
02-13 13:24:38.423 D/StatusBarPolicy(  317): getEvdoLevel_band_six -evdoEcio:-15
02-13 13:24:38.923 D/StatusBarPolicy(  317): updateDataIcon subscription =0
02-13 13:24:39.193 D/PowerManagerService(  206): setTimeoutLocked now=326532 timeoutOverride=-1 nextState=3 when=332532
02-13 13:24:39.273 I/ActivityManager(  206): Starting: Intent { act=android.intent.action.MAIN cat=[android.intent.category.HOME] flg=0x10200000 cmp=com.android.launcher/com.android.launcher2.Launcher } from pid 206
02-13 13:24:39.293 W/WindowManager(  206): updateFocusedWindowLocked newFocus=null mode=3 mCurrentFocus = Window{407a2008 com.android.mms/com.android.mms.ui.ComposeMessageActivity paused=true}
02-13 13:24:39.303 W/WindowManager(  206): updateFocusedWindowLocked newFocus=null mode=0 mCurrentFocus = null
02-13 13:24:39.303 W/WindowManager(  206): updateFocusedWindowLocked newFocus=null mode=3 mCurrentFocus = null
02-13 13:24:39.343 W/WindowManager(  206): updateFocusedWindowLocked newFocus=Window{4062a350 com.android.launcher/com.android.launcher2.Launcher paused=false} mode=2 mCurrentFocus = null
02-13 13:24:39.343 W/WindowManager(  206): updateFocusedWindowLocked newFocus=Window{4062a350 com.android.launcher/com.android.launcher2.Launcher paused=false} mode=2 mCurrentFocus = Window{4062a350 com.android.launcher/com.android.launcher2.Launcher paused=false}
02-13 13:24:39.363 W/WindowManager(  206): updateFocusedWindowLocked newFocus=Window{4062a350 com.android.launcher/com.android.launcher2.Launcher paused=false} mode=3 mCurrentFocus = Window{4062a350 com.android.launcher/com.android.launcher2.Launcher paused=false}
02-13 13:24:40.495 D/PowerManagerService(  206): setTimeoutLocked now=327842 timeoutOverride=-1 nextState=3 when=333842
02-13 13:24:40.685 D/StatusBarPolicy(  317): onSignalStrengthsChanged:SignalStrength: 99 0 -97 -70 -84 -15 8 99 2147483647 2147483647 2147483647 2147483647 cdma for subscription0
02-13 13:24:40.685 D/StatusBarPolicy(  317): updateSignalStrength on subscription :0
02-13 13:24:40.685 D/StatusBarPolicy(  317): StatusBarPolocy::getIconLevel -EVDO
02-13 13:24:40.685 D/StatusBarPolicy(  317): getEvdoLevel_band_six -evdoDbm:-84
02-13 13:24:40.685 D/StatusBarPolicy(  317): getEvdoLevel_band_six -evdoEcio:-15
02-13 13:24:40.825 D/PowerManagerService(  206): setTimeoutLocked now=328166 timeoutOverride=-1 nextState=3 when=334166
02-13 13:24:41.025 W/WindowManager(  206): updateFocusedWindowLocked newFocus=Window{40a08d90 DragView paused=false} mode=1 mCurrentFocus = Window{4062a350 com.android.launcher/com.android.launcher2.Launcher paused=false}
02-13 13:24:41.075 W/WindowManager(  206): updateFocusedWindowLocked newFocus=Window{40a08d90 DragView paused=false} mode=3 mCurrentFocus = Window{40a08d90 DragView paused=false}
02-13 13:24:41.325 D/PowerManagerService(  206): setTimeoutLocked now=328669 timeoutOverride=-1 nextState=3 when=334669
02-13 13:24:41.686 D/PowerManagerService(  206): setTimeoutLocked now=329033 timeoutOverride=-1 nextState=3 when=335033
02-13 13:24:41.726 W/WindowManager(  206): updateFocusedWindowLocked newFocus=Window{4062a350 com.android.launcher/com.android.launcher2.Launcher paused=false} mode=0 mCurrentFocus = Window{40a08d90 DragView paused=false}
02-13 13:24:42.166 D/PowerManagerService(  206): setTimeoutLocked now=329510 timeoutOverride=-1 nextState=3 when=335510
02-13 13:24:42.266 D/PowerManagerService(  206): setTimeoutLocked now=329611 timeoutOverride=-1 nextState=3 when=335611
02-13 13:24:42.917 D/PowerManagerService(  206): setTimeoutLocked now=330259 timeoutOverride=-1 nextState=3 when=336259
02-13 13:24:43.267 D/PowerManagerService(  206): setTimeoutLocked now=330608 timeoutOverride=-1 nextState=3 when=336608
02-13 13:24:43.468 W/WindowManager(  206): updateFocusedWindowLocked newFocus=Window{4098b060 DragView paused=false} mode=1 mCurrentFocus = Window{4062a350 com.android.launcher/com.android.launcher2.Launcher paused=false}
02-13 13:24:43.478 W/WindowManager(  206): updateFocusedWindowLocked newFocus=Window{4098b060 DragView paused=false} mode=3 mCurrentFocus = Window{4098b060 DragView paused=false}
02-13 13:24:43.768 D/PowerManagerService(  206): setTimeoutLocked now=331110 timeoutOverride=-1 nextState=3 when=337110
02-13 13:24:44.118 D/PowerManagerService(  206): setTimeoutLocked now=331462 timeoutOverride=-1 nextState=3 when=337462
02-13 13:24:44.158 W/WindowManager(  206): updateFocusedWindowLocked newFocus=Window{4062a350 com.android.launcher/com.android.launcher2.Launcher paused=false} mode=0 mCurrentFocus = Window{4098b060 DragView paused=false}
02-13 13:24:44.378 D/PowerManagerService(  206): setTimeoutLocked now=331725 timeoutOverride=-1 nextState=3 when=337725
02-13 13:24:44.899 D/PowerManagerService(  206): setTimeoutLocked now=332241 timeoutOverride=-1 nextState=3 when=338241
02-13 13:24:45.359 D/PowerManagerService(  206): setTimeoutLocked now=332707 timeoutOverride=-1 nextState=3 when=338707
02-13 13:24:45.409 W/WindowManager(  206): updateFocusedWindowLocked newFocus=Window{409aa4c8 DragView paused=false} mode=1 mCurrentFocus = Window{4062a350 com.android.launcher/com.android.launcher2.Launcher paused=false}
02-13 13:24:45.419 W/WindowManager(  206): updateFocusedWindowLocked newFocus=Window{409aa4c8 DragView paused=false} mode=3 mCurrentFocus = Window{409aa4c8 DragView paused=false}
02-13 13:24:45.890 D/PowerManagerService(  206): setTimeoutLocked now=333231 timeoutOverride=-1 nextState=3 when=339231
02-13 13:24:45.940 D/PowerManagerService(  206): setTimeoutLocked now=333282 timeoutOverride=-1 nextState=3 when=339282
02-13 13:24:45.970 W/WindowManager(  206): updateFocusedWindowLocked newFocus=Window{4062a350 com.android.launcher/com.android.launcher2.Launcher paused=false} mode=0 mCurrentFocus = Window{409aa4c8 DragView paused=false}
02-13 13:24:46.080 D/WifiService(  206): ACTION_BATTERY_CHANGED pluggedType: 0
02-13 13:24:46.080 D/WifiService(  206): WifiHandler, MESSAGE_UPDATE_STATE
02-13 13:24:46.080 D/WifiService(  206): isAirplaneModeOn(): false
02-13 13:24:46.080 D/WifiService(  206): updateWifiState(), wifiEnabled: true, airplaneMode: false, wifiShouldBeEnabled: true, wifiShouldBeStarted: true, strongestLockMode: 1
02-13 13:24:46.080 D/WifiService(  206): WifiHandler, MESSAGE_ENABLE_WIFI, msg.arg1: 0, msg.arg2: 1000
02-13 13:24:46.080 D/WifiService(  206): WifiHandler, MESSAGE_START_WIFI, msg.arg1: 1
02-13 13:24:46.220 D/PowerManagerService(  206): setTimeoutLocked now=333559 timeoutOverride=-1 nextState=3 when=339559
02-13 13:24:46.310 D/StatusBarPolicy(  317): onSignalStrengthsChanged:SignalStrength: 99 0 -97 -70 -75 -15 8 99 2147483647 2147483647 2147483647 2147483647 cdma for subscription0
02-13 13:24:46.310 D/StatusBarPolicy(  317): updateSignalStrength on subscription :0
02-13 13:24:46.310 D/StatusBarPolicy(  317): StatusBarPolocy::getIconLevel -EVDO
02-13 13:24:46.310 D/StatusBarPolicy(  317): getEvdoLevel_band_six -evdoDbm:-75
02-13 13:24:46.310 D/StatusBarPolicy(  317): getEvdoLevel_band_six -evdoEcio:-15
02-13 13:24:46.330 I/TelephonyRegistry(  206): notifyServiceState: 0 home Sprint  310099  EvDo rev. A CSS not supported 41 4139RoamInd: 1RoamStatus(sprint): 1DefRoamInd: 160EmergOnly: false
02-13 13:24:46.350 D/StatusBarPolicy(  317): onServiceStateChanged:0 home Sprint  310099  EvDo rev. A CSS not supported 41 4139RoamInd: 1RoamStatus(sprint): 1DefRoamInd: 160EmergOnly: falsefor subscription :0
02-13 13:24:46.350 D/StatusBarPolicy(  317): updateSignalStrength on subscription :0
02-13 13:24:46.350 D/StatusBarPolicy(  317): StatusBarPolocy::getIconLevel -EVDO
02-13 13:24:46.350 D/StatusBarPolicy(  317): getEvdoLevel_band_six -evdoDbm:-75
02-13 13:24:46.350 D/StatusBarPolicy(  317): getEvdoLevel_band_six -evdoEcio:-15
02-13 13:24:46.350 D/StatusBarPolicy(  317): updateDataIcon subscription =0
02-13 13:24:46.721 D/PowerManagerService(  206): setTimeoutLocked now=334060 timeoutOverride=-1 nextState=3 when=340060
02-13 13:24:46.731 D/PowerManagerService(  206): setTimeoutLocked now=334074 timeoutOverride=-1 nextState=3 when=340074
02-13 13:24:47.291 D/PowerManagerService(  206): setTimeoutLocked now=334638 timeoutOverride=-1 nextState=3 when=340638
02-13 13:24:47.341 D/PowerManagerService(  206): setTimeoutLocked now=334688 timeoutOverride=-1 nextState=3 when=340688
02-13 13:24:47.381 D/StatusBarPolicy(  317): onSignalStrengthsChanged:SignalStrength: 99 0 -97 -70 -77 -15 8 99 2147483647 2147483647 2147483647 2147483647 cdma for subscription0
02-13 13:24:47.381 D/StatusBarPolicy(  317): updateSignalStrength on subscription :0
02-13 13:24:47.381 D/StatusBarPolicy(  317): StatusBarPolocy::getIconLevel -EVDO
02-13 13:24:47.381 D/StatusBarPolicy(  317): getEvdoLevel_band_six -evdoDbm:-77
02-13 13:24:47.381 D/StatusBarPolicy(  317): getEvdoLevel_band_six -evdoEcio:-15
02-13 13:24:47.872 D/PowerManagerService(  206): setTimeoutLocked now=335217 timeoutOverride=-1 nextState=3 when=341217
02-13 13:24:48.282 D/PowerManagerService(  206): setTimeoutLocked now=335629 timeoutOverride=-1 nextState=3 when=341629
02-13 13:24:48.452 W/WindowManager(  206): updateFocusedWindowLocked newFocus=Window{40af18d0 DragView paused=false} mode=1 mCurrentFocus = Window{4062a350 com.android.launcher/com.android.launcher2.Launcher paused=false}
02-13 13:24:48.462 W/WindowManager(  206): updateFocusedWindowLocked newFocus=Window{40af18d0 DragView paused=false} mode=3 mCurrentFocus = Window{40af18d0 DragView paused=false}
02-13 13:24:48.793 D/PowerManagerService(  206): setTimeoutLocked now=336131 timeoutOverride=-1 nextState=3 when=342131
02-13 13:24:48.813 D/PowerManagerService(  206): setTimeoutLocked now=336157 timeoutOverride=-1 nextState=3 when=342157
02-13 13:24:48.853 W/WindowManager(  206): updateFocusedWindowLocked newFocus=Window{4062a350 com.android.launcher/com.android.launcher2.Launcher paused=false} mode=0 mCurrentFocus = Window{40af18d0 DragView paused=false}
02-13 13:24:49.093 D/PowerManagerService(  206): setTimeoutLocked now=336434 timeoutOverride=-1 nextState=3 when=342434
02-13 13:24:49.533 D/StatusBarPolicy(  317): updateDataIcon subscription =0
02-13 13:24:49.593 D/PowerManagerService(  206): setTimeoutLocked now=336935 timeoutOverride=-1 nextState=3 when=342935
02-13 13:24:49.874 D/PowerManagerService(  206): setTimeoutLocked now=337211 timeoutOverride=-1 nextState=3 when=343211
02-13 13:24:50.104 W/WindowManager(  206): updateFocusedWindowLocked newFocus=Window{40a8d1d8 DragView paused=false} mode=1 mCurrentFocus = Window{4062a350 com.android.launcher/com.android.launcher2.Launcher paused=false}
02-13 13:24:50.114 W/WindowManager(  206): updateFocusedWindowLocked newFocus=Window{40a8d1d8 DragView paused=false} mode=3 mCurrentFocus = Window{40a8d1d8 DragView paused=false}
02-13 13:24:50.364 D/PowerManagerService(  206): setTimeoutLocked now=337713 timeoutOverride=-1 nextState=3 when=343713
