02-13 13:24:50.574 D/PowerManagerService(  206): setTimeoutLocked now=337927 timeoutOverride=-1 nextState=3 when=343927
02-13 13:24:50.614 W/WindowManager(  206): updateFocusedWindowLocked newFocus=Window{4062a350 com.android.launcher/com.android.launcher2.Launcher paused=false} mode=0 mCurrentFocus = Window{40a8d1d8 DragView paused=false}
02-13 13:24:50.815 D/PowerManagerService(  206): setTimeoutLocked now=338165 timeoutOverride=-1 nextState=3 when=344165
02-13 13:24:51.295 D/PowerManagerService(  206): setTimeoutLocked now=338644 timeoutOverride=-1 nextState=3 when=344644
02-13 13:24:51.886 D/StatusBarPolicy(  317): onSignalStrengthsChanged:SignalStrength: 99 0 -95 -80 -77 -15 8 99 2147483647 2147483647 2147483647 2147483647 cdma for subscription0
02-13 13:24:51.886 D/StatusBarPolicy(  317): updateSignalStrength on subscription :0
02-13 13:24:51.886 D/StatusBarPolicy(  317): StatusBarPolocy::getIconLevel -EVDO
02-13 13:24:51.886 D/StatusBarPolicy(  317): getEvdoLevel_band_six -evdoDbm:-77
02-13 13:24:51.886 D/StatusBarPolicy(  317): getEvdoLevel_band_six -evdoEcio:-15
02-13 13:24:52.697 D/PowerManagerService(  206): setTimeoutLocked now=340035 timeoutOverride=-1 nextState=3 when=346035
02-13 13:24:52.787 D/PowerManagerService(  206): setTimeoutLocked now=340134 timeoutOverride=-1 nextState=3 when=346134
02-13 13:24:53.287 D/ConnectivityService(  206): Dropping ConnectivityChange for WIFI: DISCONNECTED/SCANNING
02-13 13:24:53.597 D/StatusBarPolicy(  317): onSignalStrengthsChanged:SignalStrength: 99 0 -95 -70 -77 -15 8 99 2147483647 2147483647 2147483647 2147483647 cdma for subscription0
02-13 13:24:53.597 D/StatusBarPolicy(  317): updateSignalStrength on subscription :0
02-13 13:24:53.597 D/StatusBarPolicy(  317): StatusBarPolocy::getIconLevel -EVDO
02-13 13:24:53.597 D/StatusBarPolicy(  317): getEvdoLevel_band_six -evdoDbm:-77
02-13 13:24:53.597 D/StatusBarPolicy(  317): getEvdoLevel_band_six -evdoEcio:-15
02-13 13:24:53.607 I/TelephonyRegistry(  206): notifyServiceState: 0 home Sprint  310099  EvDo rev. A CSS not supported 41 4139RoamInd: 1RoamStatus(sprint): 1DefRoamInd: 160EmergOnly: false
02-13 13:24:53.607 D/StatusBarPolicy(  317): onServiceStateChanged:0 home Sprint  310099  EvDo rev. A CSS not supported 41 4139RoamInd: 1RoamStatus(sprint): 1DefRoamInd: 160EmergOnly: falsefor subscription :0
02-13 13:24:53.607 D/StatusBarPolicy(  317): updateSignalStrength on subscription :0
02-13 13:24:53.607 D/StatusBarPolicy(  317): StatusBarPolocy::getIconLevel -EVDO
02-13 13:24:53.607 D/StatusBarPolicy(  317): getEvdoLevel_band_six -evdoDbm:-77
02-13 13:24:53.607 D/StatusBarPolicy(  317): getEvdoLevel_band_six -evdoEcio:-15
02-13 13:24:53.607 D/StatusBarPolicy(  317): updateDataIcon subscription =0
02-13 13:24:53.667 D/PowerManagerService(  206): setTimeoutLocked now=341013 timeoutOverride=-1 nextState=3 when=347013
02-13 13:24:53.768 D/PowerManagerService(  206): setTimeoutLocked now=341113 timeoutOverride=-1 nextState=3 when=347113
02-13 13:24:54.248 D/ConnectivityService(  206): Dropping ConnectivityChange for WIFI: DISCONNECTED/IDLE
02-13 13:24:55.980 D/PowerManagerService(  206): setTimeoutLocked now=343318 timeoutOverride=-1 nextState=3 when=349318
02-13 13:24:57.041 D/PowerManagerService(  206): setTimeoutLocked now=344387 timeoutOverride=-1 nextState=3 when=350387
02-13 13:24:57.111 D/PowerManagerService(  206): setTimeoutLocked now=344449 timeoutOverride=-1 nextState=3 when=350449
02-13 13:24:57.111 I/ActivityManager(  206): Starting: Intent { act=android.intent.action.MAIN cat=[android.intent.category.LAUNCHER] flg=0x10200000 cmp=com.android.vending/.AssetBrowserActivity bnds=[243,337][317,416] } from pid 900
02-13 13:24:57.131 W/WindowManager(  206): updateFocusedWindowLocked newFocus=Window{4062a350 com.android.launcher/com.android.launcher2.Launcher paused=false} mode=3 mCurrentFocus = Window{4062a350 com.android.launcher/com.android.launcher2.Launcher paused=false}
02-13 13:24:57.171 W/WindowManager(  206): updateFocusedWindowLocked newFocus=null mode=0 mCurrentFocus = Window{4062a350 com.android.launcher/com.android.launcher2.Launcher paused=true}
02-13 13:24:57.171 W/WindowManager(  206): updateFocusedWindowLocked newFocus=null mode=2 mCurrentFocus = null
02-13 13:24:57.171 W/WindowManager(  206): updateFocusedWindowLocked newFocus=null mode=2 mCurrentFocus = null
02-13 13:24:57.221 W/WindowManager(  206): updateFocusedWindowLocked newFocus=null mode=3 mCurrentFocus = null
02-13 13:24:57.441 W/WindowManager(  206): updateFocusedWindowLocked newFocus=Window{406382a8 com.android.vending/com.android.vending.AssetBrowserActivity paused=false} mode=1 mCurrentFocus = null
02-13 13:24:57.451 W/WindowManager(  206): updateFocusedWindowLocked newFocus=Window{406382a8 com.android.vending/com.android.vending.AssetBrowserActivity paused=false} mode=3 mCurrentFocus = Window{406382a8 com.android.vending/com.android.vending.AssetBrowserActivity paused=false}
02-13 13:24:57.471 W/WindowManager(  206): updateFocusedWindowLocked newFocus=Window{406382a8 com.android.vending/com.android.vending.AssetBrowserActivity paused=false} mode=3 mCurrentFocus = Window{406382a8 com.android.vending/com.android.vending.AssetBrowserActivity paused=false}
02-13 13:24:57.521 W/WindowManager(  206): updateFocusedWindowLocked newFocus=Window{406382a8 com.android.vending/com.android.vending.AssetBrowserActivity paused=false} mode=3 mCurrentFocus = Window{406382a8 com.android.vending/com.android.vending.AssetBrowserActivity paused=false}
02-13 13:24:58.602 D/StatusBarPolicy(  317): onSignalStrengthsChanged:SignalStrength: 99 0 -95 -70 -82 -15 8 99 2147483647 2147483647 2147483647 2147483647 cdma for subscription0
02-13 13:24:58.602 D/StatusBarPolicy(  317): updateSignalStrength on subscription :0
02-13 13:24:58.612 D/StatusBarPolicy(  317): StatusBarPolocy::getIconLevel -EVDO
02-13 13:24:58.612 D/StatusBarPolicy(  317): getEvdoLevel_band_six -evdoDbm:-82
02-13 13:24:58.612 D/StatusBarPolicy(  317): getEvdoLevel_band_six -evdoEcio:-15
02-13 13:24:59.633 D/PowerManagerService(  206): setTimeoutLocked now=346974 timeoutOverride=-1 nextState=3 when=352974
02-13 13:24:59.683 D/PowerManagerService(  206): setTimeoutLocked now=347021 timeoutOverride=-1 nextState=3 when=353021
02-13 13:24:59.703 W/WindowManager(  206): updateFocusedWindowLocked newFocus=Window{408738e0 com.android.vending/com.android.vending.AssetBrowserActivity paused=false} mode=3 mCurrentFocus = Window{406382a8 com.android.vending/com.android.vending.AssetBrowserActivity paused=false}
02-13 13:24:59.994 D/AlarmManager(  206): scheduleTimeTickEvent calendar=Mon Feb 13 13:26:00 CST 2012
02-13 13:24:59.994 D/AlarmManager(  206): calendar.getTimeInMillis()1329161160000
02-13 13:25:00.064 I/ActivityManager(  206): Starting: Intent { cmp=com.google.android.gsf/.loginservice.LoginActivity (has extras) } from pid 796
02-13 13:25:00.074 W/WindowManager(  206): updateFocusedWindowLocked newFocus=null mode=0 mCurrentFocus = Window{408738e0 com.android.vending/com.android.vending.AssetBrowserActivity paused=true}
02-13 13:25:00.084 I/ActivityManager(  206): Starting: Intent { cmp=com.google.android.gsf/.loginservice.RunSetupWizardActivity (has extras) } from pid 374
02-13 13:25:00.094 W/WindowManager(  206): updateFocusedWindowLocked newFocus=null mode=0 mCurrentFocus = null
02-13 13:25:00.104 W/WindowManager(  206): updateFocusedWindowLocked newFocus=null mode=3 mCurrentFocus = null
02-13 13:25:00.174 I/ActivityManager(  206): Starting: Intent { flg=0x80000 cmp=com.google.android.gsf/.login.AccountIntroActivity (has extras) } from pid 374
02-13 13:25:00.184 W/WindowManager(  206): updateFocusedWindowLocked newFocus=null mode=0 mCurrentFocus = null
02-13 13:25:00.484 W/WindowManager(  206): updateFocusedWindowLocked newFocus=Window{405ec220 com.google.android.gsf/com.google.android.gsf.login.AccountIntroActivity paused=false} mode=3 mCurrentFocus = null
02-13 13:25:00.544 W/WindowManager(  206): updateFocusedWindowLocked newFocus=Window{405ec220 com.google.android.gsf/com.google.android.gsf.login.AccountIntroActivity paused=false} mode=2 mCurrentFocus = Window{405ec220 com.google.android.gsf/com.google.android.gsf.login.AccountIntroActivity paused=false}
02-13 13:25:00.544 W/WindowManager(  206): updateFocusedWindowLocked newFocus=Window{405ec220 com.google.android.gsf/com.google.android.gsf.login.AccountIntroActivity paused=false} mode=2 mCurrentFocus = Window{405ec220 com.google.android.gsf/com.google.android.gsf.login.AccountIntroActivity paused=false}
02-13 13:25:00.544 W/WindowManager(  206): updateFocusedWindowLocked newFocus=Window{405ec220 com.google.android.gsf/com.google.android.gsf.login.AccountIntroActivity paused=false} mode=3 mCurrentFocus = Window{405ec220 com.google.android.gsf/com.google.android.gsf.login.AccountIntroActivity paused=false}
02-13 13:25:00.554 W/WindowManager(  206): updateFocusedWindowLocked newFocus=Window{405ec220 com.google.android.gsf/com.google.android.gsf.login.AccountIntroActivity paused=false} mode=3 mCurrentFocus = Window{405ec220 com.google.android.gsf/com.google.android.gsf.login.AccountIntroActivity paused=false}
02-13 13:25:01.615 D/PowerManagerService(  206): setTimeoutLocked now=348957 timeoutOverride=-1 nextState=3 when=354957
02-13 13:25:01.645 D/PowerManagerService(  206): setTimeoutLocked now=348993 timeoutOverride=-1 nextState=3 when=354993
02-13 13:25:01.645 I/ActivityManager(  206): Starting: Intent { cmp=com.google.android.gsf/.login.ChooseAccountActivity (has extras) } from pid 374
02-13 13:25:01.665 W/WindowManager(  206): updateFocusedWindowLocked newFocus=null mode=0 mCurrentFocus = Window{405ec220 com.google.android.gsf/com.google.android.gsf.login.AccountIntroActivity paused=true}
02-13 13:25:01.725 W/WindowManager(  206): updateFocusedWindowLocked newFocus=Window{406d0e88 com.google.android.gsf/com.google.android.gsf.login.ChooseAccountActivity paused=false} mode=3 mCurrentFocus = null
02-13 13:25:01.755 W/WindowManager(  206): updateFocusedWindowLocked newFocus=Window{406d0e88 com.google.android.gsf/com.google.android.gsf.login.ChooseAccountActivity paused=false} mode=2 mCurrentFocus = Window{406d0e88 com.google.android.gsf/com.google.android.gsf.login.ChooseAccountActivity paused=false}
02-13 13:25:01.755 W/WindowManager(  206): updateFocusedWindowLocked newFocus=Window{406d0e88 com.google.android.gsf/com.google.android.gsf.login.ChooseAccountActivity paused=false} mode=2 mCurrentFocus = Window{406d0e88 com.google.android.gsf/com.google.android.gsf.login.ChooseAccountActivity paused=false}
02-13 13:25:01.755 W/WindowManager(  206): updateFocusedWindowLocked newFocus=Window{406d0e88 com.google.android.gsf/com.google.android.gsf.login.ChooseAccountActivity paused=false} mode=3 mCurrentFocus = Window{406d0e88 com.google.android.gsf/com.google.android.gsf.login.ChooseAccountActivity paused=false}
02-13 13:25:02.116 D/WifiService(  206): ACTION_BATTERY_CHANGED pluggedType: 0
02-13 13:25:02.116 D/WifiService(  206): WifiHandler, MESSAGE_UPDATE_STATE
02-13 13:25:02.116 D/WifiService(  206): isAirplaneModeOn(): false
02-13 13:25:02.116 D/WifiService(  206): updateWifiState(), wifiEnabled: true, airplaneMode: false, wifiShouldBeEnabled: true, wifiShouldBeStarted: true, strongestLockMode: 1
02-13 13:25:02.116 D/WifiService(  206): WifiHandler, MESSAGE_ENABLE_WIFI, msg.arg1: 0, msg.arg2: 1000
02-13 13:25:02.116 D/WifiService(  206): WifiHandler, MESSAGE_START_WIFI, msg.arg1: 1
02-13 13:25:03.237 D/PowerManagerService(  206): setTimeoutLocked now=350577 timeoutOverride=-1 nextState=3 when=356577
02-13 13:25:03.267 D/PowerManagerService(  206): setTimeoutLocked now=350613 timeoutOverride=-1 nextState=3 when=356613
02-13 13:25:03.267 I/ActivityManager(  206): Starting: Intent { cmp=com.google.android.gsf/.login.LoginActivity (has extras) } from pid 374
02-13 13:25:03.277 W/WindowManager(  206): updateFocusedWindowLocked newFocus=null mode=0 mCurrentFocus = Window{406d0e88 com.google.android.gsf/com.google.android.gsf.login.ChooseAccountActivity paused=true}
02-13 13:25:03.377 W/WindowManager(  206): updateFocusedWindowLocked newFocus=Window{406da048 com.google.android.gsf/com.google.android.gsf.login.LoginActivity paused=false} mode=3 mCurrentFocus = null
02-13 13:25:03.397 W/WindowManager(  206): updateFocusedWindowLocked newFocus=Window{406da048 com.google.android.gsf/com.google.android.gsf.login.LoginActivity paused=false} mode=3 mCurrentFocus = Window{406da048 com.google.android.gsf/com.google.android.gsf.login.LoginActivity paused=false}
02-13 13:25:03.437 W/WindowManager(  206): updateFocusedWindowLocked newFocus=Window{406da048 com.google.android.gsf/com.google.android.gsf.login.LoginActivity paused=false} mode=2 mCurrentFocus = Window{406da048 com.google.android.gsf/com.google.android.gsf.login.LoginActivity paused=false}
02-13 13:25:03.437 W/WindowManager(  206): updateFocusedWindowLocked newFocus=Window{406da048 com.google.android.gsf/com.google.android.gsf.login.LoginActivity paused=false} mode=2 mCurrentFocus = Window{406da048 com.google.android.gsf/com.google.android.gsf.login.LoginActivity paused=false}
02-13 13:25:03.447 W/WindowManager(  206): updateFocusedWindowLocked newFocus=Window{406da048 com.google.android.gsf/com.google.android.gsf.login.LoginActivity paused=false} mode=3 mCurrentFocus = Window{406da048 com.google.android.gsf/com.google.android.gsf.login.LoginActivity paused=false}
02-13 13:25:04.228 D/PowerManagerService(  206): setTimeoutLocked now=351574 timeoutOverride=-1 nextState=3 when=357574
02-13 13:25:04.238 W/WindowManager(  206): updateFocusedWindowLocked newFocus=Window{406da048 com.google.android.gsf/com.google.android.gsf.login.LoginActivity paused=false} mode=3 mCurrentFocus = Window{406da048 com.google.android.gsf/com.google.android.gsf.login.LoginActivity paused=false}
02-13 13:25:04.308 D/PowerManagerService(  206): setTimeoutLocked now=351658 timeoutOverride=-1 nextState=3 when=357658
02-13 13:25:04.338 W/WindowManager(  206): updateFocusedWindowLocked newFocus=Window{406da048 com.google.android.gsf/com.google.android.gsf.login.LoginActivity paused=false} mode=3 mCurrentFocus = Window{406da048 com.google.android.gsf/com.google.android.gsf.login.LoginActivity paused=false}
02-13 13:25:04.458 W/WindowManager(  206): updateFocusedWindowLocked newFocus=Window{406da048 com.google.android.gsf/com.google.android.gsf.login.LoginActivity paused=false} mode=3 mCurrentFocus = Window{406da048 com.google.android.gsf/com.google.android.gsf.login.LoginActivity paused=false}
02-13 13:25:05.199 D/PowerManagerService(  206): setTimeoutLocked now=352539 timeoutOverride=-1 nextState=3 when=358539
02-13 13:25:05.229 W/WindowManager(  206): updateFocusedWindowLocked newFocus=Window{406da048 com.google.android.gsf/com.google.android.gsf.login.LoginActivity paused=false} mode=3 mCurrentFocus = Window{406da048 com.google.android.gsf/com.google.android.gsf.login.LoginActivity paused=false}
02-13 13:25:05.279 D/PowerManagerService(  206): setTimeoutLocked now=352628 timeoutOverride=-1 nextState=3 when=358628
02-13 13:25:05.309 W/WindowManager(  206): updateFocusedWindowLocked newFocus=Window{406da048 com.google.android.gsf/com.google.android.gsf.login.LoginActivity paused=false} mode=3 mCurrentFocus = Window{406da048 com.google.android.gsf/com.google.android.gsf.login.LoginActivity paused=false}
02-13 13:25:05.319 W/WindowManager(  206): updateFocusedWindowLocked newFocus=Window{406da048 com.google.android.gsf/com.google.android.gsf.login.LoginActivity paused=false} mode=3 mCurrentFocus = Window{406da048 com.google.android.gsf/com.google.android.gsf.login.LoginActivity paused=false}
02-13 13:25:05.419 W/WindowManager(  206): updateFocusedWindowLocked newFocus=Window{406da048 com.google.android.gsf/com.google.android.gsf.login.LoginActivity paused=false} mode=3 mCurrentFocus = Window{406da048 com.google.android.gsf/com.google.android.gsf.login.LoginActivity paused=false}
02-13 13:25:05.489 W/WindowManager(  206): updateFocusedWindowLocked newFocus=Window{406da048 com.google.android.gsf/com.google.android.gsf.login.LoginActivity paused=false} mode=3 mCurrentFocus = Window{406da048 com.google.android.gsf/com.google.android.gsf.login.LoginActivity paused=false}
02-13 13:25:05.669 W/WindowManager(  206): updateFocusedWindowLocked newFocus=Window{406da048 com.google.android.gsf/com.google.android.gsf.login.LoginActivity paused=false} mode=3 mCurrentFocus = Window{406da048 com.google.android.gsf/com.google.android.gsf.login.LoginActivity paused=false}
02-13 13:25:05.719 D/PowerManagerService(  206): setTimeoutLocked now=353066 timeoutOverride=-1 nextState=3 when=359066
02-13 13:25:05.759 W/WindowManager(  206): updateFocusedWindowLocked newFocus=Window{406da048 com.google.android.gsf/com.google.android.gsf.login.LoginActivity paused=false} mode=3 mCurrentFocus = Window{406da048 com.google.android.gsf/com.google.android.gsf.login.LoginActivity paused=false}
02-13 13:25:06.090 W/WindowManager(  206): updateFocusedWindowLocked newFocus=Window{406da048 com.google.android.gsf/com.google.android.gsf.login.LoginActivity paused=false} mode=3 mCurrentFocus = Window{406da048 com.google.android.gsf/com.google.android.gsf.login.LoginActivity paused=false}
02-13 13:25:06.140 D/PowerManagerService(  206): setTimeoutLocked now=353481 timeoutOverride=-1 nextState=3 when=359481
02-13 13:25:06.150 W/WindowManager(  206): updateFocusedWindowLocked newFocus=Window{406da048 com.google.android.gsf/com.google.android.gsf.login.LoginActivity paused=false} mode=3 mCurrentFocus = Window{406da048 com.google.android.gsf/com.google.android.gsf.login.LoginActivity paused=false}
02-13 13:25:06.520 D/PowerManagerService(  206): setTimeoutLocked now=353861 timeoutOverride=-1 nextState=3 when=359861
02-13 13:25:06.550 W/WindowManager(  206): updateFocusedWindowLocked newFocus=Window{406da048 com.google.android.gsf/com.google.android.gsf.login.LoginActivity paused=false} mode=3 mCurrentFocus = Window{406da048 com.google.android.gsf/com.google.android.gsf.login.LoginActivity paused=false}
02-13 13:25:06.590 W/WindowManager(  206): updateFocusedWindowLocked newFocus=Window{406da048 com.google.android.gsf/com.google.android.gsf.login.LoginActivity paused=false} mode=3 mCurrentFocus = Window{406da048 com.google.android.gsf/com.google.android.gsf.login.LoginActivity paused=false}
02-13 13:25:06.750 W/WindowManager(  206): updateFocusedWindowLocked newFocus=Window{406da048 com.google.android.gsf/com.google.android.gsf.login.LoginActivity paused=false} mode=3 mCurrentFocus = Window{406da048 com.google.android.gsf/com.google.android.gsf.login.LoginActivity paused=false}
02-13 13:25:06.800 D/PowerManagerService(  206): setTimeoutLocked now=354146 timeoutOverride=-1 nextState=3 when=360146
02-13 13:25:06.810 W/WindowManager(  206): updateFocusedWindowLocked newFocus=Window{406da048 com.google.android.gsf/com.google.android.gsf.login.LoginActivity paused=false} mode=3 mCurrentFocus = Window{406da048 com.google.android.gsf/com.google.android.gsf.login.LoginActivity paused=false}
02-13 13:25:07.131 D/PowerManagerService(  206): setTimeoutLocked now=354473 timeoutOverride=-1 nextState=3 when=360473
02-13 13:25:07.141 W/WindowManager(  206): updateFocusedWindowLocked newFocus=Window{406da048 com.google.android.gsf/com.google.android.gsf.login.LoginActivity paused=false} mode=3 mCurrentFocus = Window{406da048 com.google.android.gsf/com.google.android.gsf.login.LoginActivity paused=false}
02-13 13:25:07.221 W/WindowManager(  206): updateFocusedWindowLocked newFocus=Window{406da048 com.google.android.gsf/com.google.android.gsf.login.LoginActivity paused=false} mode=3 mCurrentFocus = Window{406da048 com.google.android.gsf/com.google.android.gsf.login.LoginActivity paused=false}
02-13 13:25:07.581 D/StatusBarPolicy(  317): onSignalStrengthsChanged:SignalStrength: 99 0 -95 -80 -82 -15 8 99 2147483647 2147483647 2147483647 2147483647 cdma for subscription0
02-13 13:25:07.581 D/StatusBarPolicy(  317): updateSignalStrength on subscription :0
02-13 13:25:07.591 D/StatusBarPolicy(  317): StatusBarPolocy::getIconLevel -EVDO
02-13 13:25:07.591 D/StatusBarPolicy(  317): getEvdoLevel_band_six -evdoDbm:-82
02-13 13:25:07.591 D/StatusBarPolicy(  317): getEvdoLevel_band_six -evdoEcio:-15
02-13 13:25:07.811 D/PowerManagerService(  206): setTimeoutLocked now=355159 timeoutOverride=-1 nextState=3 when=361159
02-13 13:25:07.881 D/PowerManagerService(  206): setTimeoutLocked now=355219 timeoutOverride=-1 nextState=3 when=361219
02-13 13:25:09.303 D/ConnectivityService(  206): Dropping ConnectivityChange for WIFI: DISCONNECTED/SCANNING
02-13 13:25:09.583 D/PowerManagerService(  206): setTimeoutLocked now=356923 timeoutOverride=-1 nextState=3 when=362923
02-13 13:25:09.593 W/WindowManager(  206): updateFocusedWindowLocked newFocus=Window{406da048 com.google.android.gsf/com.google.android.gsf.login.LoginActivity paused=false} mode=3 mCurrentFocus = Window{406da048 com.google.android.gsf/com.google.android.gsf.login.LoginActivity paused=false}
02-13 13:25:09.603 D/PowerManagerService(  206): setTimeoutLocked now=356944 timeoutOverride=-1 nextState=3 when=362944
02-13 13:25:09.633 W/WindowManager(  206): updateFocusedWindowLocked newFocus=Window{406da048 com.google.android.gsf/com.google.android.gsf.login.LoginActivity paused=false} mode=3 mCurrentFocus = Window{406da048 com.google.android.gsf/com.google.android.gsf.login.LoginActivity paused=false}
02-13 13:25:09.813 D/StatusBarPolicy(  317): onSignalStrengthsChanged:SignalStrength: 99 0 -95 -80 -83 -15 7 99 2147483647 2147483647 2147483647 2147483647 cdma for subscription0
02-13 13:25:09.813 D/StatusBarPolicy(  317): updateSignalStrength on subscription :0
02-13 13:25:09.833 D/StatusBarPolicy(  317): StatusBarPolocy::getIconLevel -EVDO
02-13 13:25:09.833 D/StatusBarPolicy(  317): getEvdoLevel_band_six -evdoDbm:-83
02-13 13:25:09.833 D/StatusBarPolicy(  317): getEvdoLevel_band_six -evdoEcio:-15
02-13 13:25:10.274 D/ConnectivityService(  206): Dropping ConnectivityChange for WIFI: DISCONNECTED/IDLE
02-13 13:25:10.754 D/PowerManagerService(  206): setTimeoutLocked now=358099 timeoutOverride=-1 nextState=3 when=364099
02-13 13:25:10.764 W/WindowManager(  206): updateFocusedWindowLocked newFocus=Window{406da048 com.google.android.gsf/com.google.android.gsf.login.LoginActivity paused=false} mode=3 mCurrentFocus = Window{406da048 com.google.android.gsf/com.google.android.gsf.login.LoginActivity paused=false}
02-13 13:25:10.824 D/PowerManagerService(  206): setTimeoutLocked now=358174 timeoutOverride=-1 nextState=3 when=364174
02-13 13:25:10.914 W/WindowManager(  206): updateFocusedWindowLocked newFocus=Window{406da048 com.google.android.gsf/com.google.android.gsf.login.LoginActivity paused=false} mode=3 mCurrentFocus = Window{406da048 com.google.android.gsf/com.google.android.gsf.login.LoginActivity paused=false}
02-13 13:25:12.536 D/PowerManagerService(  206): setTimeoutLocked now=359879 timeoutOverride=-1 nextState=3 when=365879
02-13 13:25:12.556 W/WindowManager(  206): updateFocusedWindowLocked newFocus=Window{406da048 com.google.android.gsf/com.google.android.gsf.login.LoginActivity paused=false} mode=3 mCurrentFocus = Window{406da048 com.google.android.gsf/com.google.android.gsf.login.LoginActivity paused=false}
02-13 13:25:12.626 D/PowerManagerService(  206): setTimeoutLocked now=359979 timeoutOverride=-1 nextState=3 when=365979
02-13 13:25:12.646 W/WindowManager(  206): updateFocusedWindowLocked newFocus=Window{406da048 com.google.android.gsf/com.google.android.gsf.login.LoginActivity paused=false} mode=3 mCurrentFocus = Window{406da048 com.google.android.gsf/com.google.android.gsf.login.LoginActivity paused=false}
02-13 13:25:13.287 D/PowerManagerService(  206): setTimeoutLocked now=360628 timeoutOverride=-1 nextState=3 when=366628
02-13 13:25:13.287 W/WindowManager(  206): updateFocusedWindowLocked newFocus=Window{406da048 com.google.android.gsf/com.google.android.gsf.login.LoginActivity paused=false} mode=3 mCurrentFocus = Window{406da048 com.google.android.gsf/com.google.android.gsf.login.LoginActivity paused=false}
02-13 13:25:13.377 D/PowerManagerService(  206): setTimeoutLocked now=360725 timeoutOverride=-1 nextState=3 when=366725
02-13 13:25:13.427 W/WindowManager(  206): updateFocusedWindowLocked newFocus=Window{406da048 com.google.android.gsf/com.google.android.gsf.login.LoginActivity paused=false} mode=3 mCurrentFocus = Window{406da048 com.google.android.gsf/com.google.android.gsf.login.LoginActivity paused=false}
02-13 13:25:14.177 D/PowerManagerService(  206): setTimeoutLocked now=361526 timeoutOverride=-1 nextState=3 when=367526
02-13 13:25:14.197 W/WindowManager(  206): updateFocusedWindowLocked newFocus=Window{406da048 com.google.android.gsf/com.google.android.gsf.login.LoginActivity paused=false} mode=3 mCurrentFocus = Window{406da048 com.google.android.gsf/com.google.android.gsf.login.LoginActivity paused=false}
02-13 13:25:14.278 D/StatusBarPolicy(  317): onSignalStrengthsChanged:SignalStrength: 99 0 -94 -70 -83 -15 7 99 2147483647 2147483647 2147483647 2147483647 cdma for subscription0
02-13 13:25:14.278 D/StatusBarPolicy(  317): updateSignalStrength on subscription :0
02-13 13:25:14.278 D/StatusBarPolicy(  317): StatusBarPolocy::getIconLevel -EVDO
02-13 13:25:14.278 D/StatusBarPolicy(  317): getEvdoLevel_band_six -evdoDbm:-83
02-13 13:25:14.278 D/StatusBarPolicy(  317): getEvdoLevel_band_six -evdoEcio:-15
02-13 13:25:14.278 D/PowerManagerService(  206): setTimeoutLocked now=361627 timeoutOverride=-1 nextState=3 when=367627
02-13 13:25:14.298 W/WindowManager(  206): updateFocusedWindowLocked newFocus=Window{406da048 com.google.android.gsf/com.google.android.gsf.login.LoginActivity paused=false} mode=3 mCurrentFocus = Window{406da048 com.google.android.gsf/com.google.android.gsf.login.LoginActivity paused=false}
02-13 13:25:14.658 W/WindowManager(  206): updateFocusedWindowLocked newFocus=Window{406da048 com.google.android.gsf/com.google.android.gsf.login.LoginActivity paused=false} mode=3 mCurrentFocus = Window{406da048 com.google.android.gsf/com.google.android.gsf.login.LoginActivity paused=false}
02-13 13:25:14.688 D/PowerManagerService(  206): setTimeoutLocked now=362027 timeoutOverride=-1 nextState=3 when=368027
02-13 13:25:14.748 W/WindowManager(  206): updateFocusedWindowLocked newFocus=Window{406da048 com.google.android.gsf/com.google.android.gsf.login.LoginActivity paused=false} mode=3 mCurrentFocus = Window{406da048 com.google.android.gsf/com.google.android.gsf.login.LoginActivity paused=false}
02-13 13:25:14.968 W/WindowManager(  206): updateFocusedWindowLocked newFocus=Window{406da048 com.google.android.gsf/com.google.android.gsf.login.LoginActivity paused=false} mode=3 mCurrentFocus = Window{406da048 com.google.android.gsf/com.google.android.gsf.login.LoginActivity paused=false}
02-13 13:25:15.058 D/PowerManagerService(  206): setTimeoutLocked now=362404 timeoutOverride=-1 nextState=3 when=368404
02-13 13:25:15.108 W/WindowManager(  206): updateFocusedWindowLocked newFocus=Window{406da048 com.google.android.gsf/com.google.android.gsf.login.LoginActivity paused=false} mode=3 mCurrentFocus = Window{406da048 com.google.android.gsf/com.google.android.gsf.login.LoginActivity paused=false}
02-13 13:25:15.419 D/PowerManagerService(  206): setTimeoutLocked now=362759 timeoutOverride=-1 nextState=3 when=368759
02-13 13:25:15.429 W/WindowManager(  206): updateFocusedWindowLocked newFocus=Window{406da048 com.google.android.gsf/com.google.android.gsf.login.LoginActivity paused=false} mode=3 mCurrentFocus = Window{406da048 com.google.android.gsf/com.google.android.gsf.login.LoginActivity paused=false}
02-13 13:25:15.519 W/WindowManager(  206): updateFocusedWindowLocked newFocus=Window{406da048 com.google.android.gsf/com.google.android.gsf.login.LoginActivity paused=false} mode=3 mCurrentFocus = Window{406da048 com.google.android.gsf/com.google.android.gsf.login.LoginActivity paused=false}
02-13 13:25:15.979 D/PowerManagerService(  206): setTimeoutLocked now=363324 timeoutOverride=-1 nextState=3 when=369324
02-13 13:25:15.989 W/WindowManager(  206): updateFocusedWindowLocked newFocus=Window{406da048 com.google.android.gsf/com.google.android.gsf.login.LoginActivity paused=false} mode=3 mCurrentFocus = Window{406da048 com.google.android.gsf/com.google.android.gsf.login.LoginActivity paused=false}
02-13 13:25:16.089 D/PowerManagerService(  206): setTimeoutLocked now=363434 timeoutOverride=-1 nextState=3 when=369434
02-13 13:25:16.109 W/WindowManager(  206): updateFocusedWindowLocked newFocus=Window{406da048 com.google.android.gsf/com.google.android.gsf.login.LoginActivity paused=false} mode=3 mCurrentFocus = Window{406da048 com.google.android.gsf/com.google.android.gsf.login.LoginActivity paused=false}
02-13 13:25:16.450 W/WindowManager(  206): updateFocusedWindowLocked newFocus=Window{406da048 com.google.android.gsf/com.google.android.gsf.login.LoginActivity paused=false} mode=3 mCurrentFocus = Window{406da048 com.google.android.gsf/com.google.android.gsf.login.LoginActivity paused=false}
02-13 13:25:16.490 D/PowerManagerService(  206): setTimeoutLocked now=363836 timeoutOverride=-1 nextState=3 when=369836
02-13 13:25:16.540 W/WindowManager(  206): updateFocusedWindowLocked newFocus=Window{406da048 com.google.android.gsf/com.google.android.gsf.login.LoginActivity paused=false} mode=3 mCurrentFocus = Window{406da048 com.google.android.gsf/com.google.android.gsf.login.LoginActivity paused=false}
02-13 13:25:17.170 D/PowerManagerService(  206): setTimeoutLocked now=364510 timeoutOverride=-1 nextState=3 when=370510
02-13 13:25:17.200 W/WindowManager(  206): updateFocusedWindowLocked newFocus=Window{406da048 com.google.android.gsf/com.google.android.gsf.login.LoginActivity paused=false} mode=3 mCurrentFocus = Window{406da048 com.google.android.gsf/com.google.android.gsf.login.LoginActivity paused=false}
02-13 13:25:17.220 D/PowerManagerService(  206): setTimeoutLocked now=364569 timeoutOverride=-1 nextState=3 when=370569
02-13 13:25:17.260 W/WindowManager(  206): updateFocusedWindowLocked newFocus=Window{406da048 com.google.android.gsf/com.google.android.gsf.login.LoginActivity paused=false} mode=3 mCurrentFocus = Window{406da048 com.google.android.gsf/com.google.android.gsf.login.LoginActivity paused=false}
02-13 13:25:18.572 D/PowerManagerService(  206): setTimeoutLocked now=365916 timeoutOverride=-1 nextState=3 when=371916
02-13 13:25:18.592 W/WindowManager(  206): updateFocusedWindowLocked newFocus=Window{406da048 com.google.android.gsf/com.google.android.gsf.login.LoginActivity paused=false} mode=3 mCurrentFocus = Window{406da048 com.google.android.gsf/com.google.android.gsf.login.LoginActivity paused=false}
02-13 13:25:18.892 D/PowerManagerService(  206): setTimeoutLocked now=366230 timeoutOverride=-1 nextState=3 when=372230
02-13 13:25:19.052 W/WindowManager(  206): updateFocusedWindowLocked newFocus=Window{406da048 com.google.android.gsf/com.google.android.gsf.login.LoginActivity paused=false} mode=3 mCurrentFocus = Window{406da048 com.google.android.gsf/com.google.android.gsf.login.LoginActivity paused=false}
02-13 13:25:19.072 W/WindowManager(  206): updateFocusedWindowLocked newFocus=Window{406da048 com.google.android.gsf/com.google.android.gsf.login.LoginActivity paused=false} mode=3 mCurrentFocus = Window{406da048 com.google.android.gsf/com.google.android.gsf.login.LoginActivity paused=false}
02-13 13:25:19.312 D/PowerManagerService(  206): setTimeoutLocked now=366657 timeoutOverride=-1 nextState=3 when=372657
02-13 13:25:19.322 W/WindowManager(  206): updateFocusedWindowLocked newFocus=Window{406da048 com.google.android.gsf/com.google.android.gsf.login.LoginActivity paused=false} mode=3 mCurrentFocus = Window{406da048 com.google.android.gsf/com.google.android.gsf.login.LoginActivity paused=false}
02-13 13:25:20.514 D/PowerManagerService(  206): setTimeoutLocked now=367852 timeoutOverride=-1 nextState=3 when=373852
02-13 13:25:20.544 W/WindowManager(  206): updateFocusedWindowLocked newFocus=Window{406da048 com.google.android.gsf/com.google.android.gsf.login.LoginActivity paused=false} mode=3 mCurrentFocus = Window{406da048 com.google.android.gsf/com.google.android.gsf.login.LoginActivity paused=false}
02-13 13:25:20.574 D/PowerManagerService(  206): setTimeoutLocked now=367911 timeoutOverride=-1 nextState=3 when=373911
02-13 13:25:20.594 W/WindowManager(  206): updateFocusedWindowLocked newFocus=Window{406da048 com.google.android.gsf/com.google.android.gsf.login.LoginActivity paused=false} mode=3 mCurrentFocus = Window{406da048 com.google.android.gsf/com.google.android.gsf.login.LoginActivity paused=false}
02-13 13:25:21.304 D/PowerManagerService(  206): setTimeoutLocked now=368642 timeoutOverride=-1 nextState=3 when=374642
02-13 13:25:21.334 W/WindowManager(  206): updateFocusedWindowLocked newFocus=Window{406da048 com.google.android.gsf/com.google.android.gsf.login.LoginActivity paused=false} mode=3 mCurrentFocus = Window{406da048 com.google.android.gsf/com.google.android.gsf.login.LoginActivity paused=false}
02-13 13:25:21.374 D/PowerManagerService(  206): setTimeoutLocked now=368726 timeoutOverride=-1 nextState=3 when=374726
02-13 13:25:21.384 W/WindowManager(  206): updateFocusedWindowLocked newFocus=Window{406da048 com.google.android.gsf/com.google.android.gsf.login.LoginActivity paused=false} mode=3 mCurrentFocus = Window{406da048 com.google.android.gsf/com.google.android.gsf.login.LoginActivity paused=false}
02-13 13:25:21.525 W/WindowManager(  206): updateFocusedWindowLocked newFocus=Window{406da048 com.google.android.gsf/com.google.android.gsf.login.LoginActivity paused=false} mode=3 mCurrentFocus = Window{406da048 com.google.android.gsf/com.google.android.gsf.login.LoginActivity paused=false}
02-13 13:25:21.605 W/WindowManager(  206): updateFocusedWindowLocked newFocus=Window{406da048 com.google.android.gsf/com.google.android.gsf.login.LoginActivity paused=false} mode=3 mCurrentFocus = Window{406da048 com.google.android.gsf/com.google.android.gsf.login.LoginActivity paused=false}
02-13 13:25:22.446 D/PowerManagerService(  206): setTimeoutLocked now=369787 timeoutOverride=-1 nextState=3 when=375787
02-13 13:25:22.446 W/WindowManager(  206): updateFocusedWindowLocked newFocus=Window{406da048 com.google.android.gsf/com.google.android.gsf.login.LoginActivity paused=false} mode=3 mCurrentFocus = Window{406da048 com.google.android.gsf/com.google.android.gsf.login.LoginActivity paused=false}
02-13 13:25:22.506 D/PowerManagerService(  206): setTimeoutLocked now=369858 timeoutOverride=-1 nextState=3 when=375858
02-13 13:25:22.526 W/WindowManager(  206): updateFocusedWindowLocked newFocus=Window{406da048 com.google.android.gsf/com.google.android.gsf.login.LoginActivity paused=false} mode=3 mCurrentFocus = Window{406da048 com.google.android.gsf/com.google.android.gsf.login.LoginActivity paused=false}
02-13 13:25:23.326 D/PowerManagerService(  206): setTimeoutLocked now=370667 timeoutOverride=-1 nextState=3 when=376667
02-13 13:25:23.356 W/WindowManager(  206): updateFocusedWindowLocked newFocus=Window{406da048 com.google.android.gsf/com.google.android.gsf.login.LoginActivity paused=false} mode=3 mCurrentFocus = Window{406da048 com.google.android.gsf/com.google.android.gsf.login.LoginActivity paused=false}
02-13 13:25:24.197 D/PowerManagerService(  206): setTimeoutLocked now=371547 timeoutOverride=-1 nextState=3 when=377547
02-13 13:25:24.267 D/PowerManagerService(  206): setTimeoutLocked now=371609 timeoutOverride=-1 nextState=3 when=377609
02-13 13:25:24.277 I/ActivityManager(  206): Starting: Intent { cmp=com.google.android.gsf/.login.LoginActivityTask (has extras) } from pid 374
02-13 13:25:24.287 W/WindowManager(  206): updateFocusedWindowLocked newFocus=null mode=0 mCurrentFocus = Window{406da048 com.google.android.gsf/com.google.android.gsf.login.LoginActivity paused=true}
02-13 13:25:24.377 W/WindowManager(  206): updateFocusedWindowLocked newFocus=Window{405f9dc8 com.google.android.gsf/com.google.android.gsf.login.LoginActivityTask paused=false} mode=3 mCurrentFocus = null
02-13 13:25:24.437 W/WindowManager(  206): updateFocusedWindowLocked newFocus=Window{405f9dc8 com.google.android.gsf/com.google.android.gsf.login.LoginActivityTask paused=false} mode=2 mCurrentFocus = Window{405f9dc8 com.google.android.gsf/com.google.android.gsf.login.LoginActivityTask paused=false}
02-13 13:25:24.437 W/WindowManager(  206): updateFocusedWindowLocked newFocus=Window{405f9dc8 com.google.android.gsf/com.google.android.gsf.login.LoginActivityTask paused=false} mode=2 mCurrentFocus = Window{405f9dc8 com.google.android.gsf/com.google.android.gsf.login.LoginActivityTask paused=false}
02-13 13:25:24.457 W/WindowManager(  206): updateFocusedWindowLocked newFocus=Window{405f9dc8 com.google.android.gsf/com.google.android.gsf.login.LoginActivityTask paused=false} mode=3 mCurrentFocus = Window{405f9dc8 com.google.android.gsf/com.google.android.gsf.login.LoginActivityTask paused=false}
02-13 13:25:25.298 D/ConnectivityService(  206): Dropping ConnectivityChange for WIFI: DISCONNECTED/SCANNING
02-13 13:25:25.308 D/StatusBarPolicy(  317): updateDataIcon subscription =0
02-13 13:25:25.478 D/StatusBarPolicy(  317): onSignalStrengthsChanged:SignalStrength: 99 0 -94 -70 -83 -15 8 99 2147483647 2147483647 2147483647 2147483647 cdma for subscription0
02-13 13:25:25.478 D/StatusBarPolicy(  317): updateSignalStrength on subscription :0
02-13 13:25:25.478 D/StatusBarPolicy(  317): StatusBarPolocy::getIconLevel -EVDO
02-13 13:25:25.478 D/StatusBarPolicy(  317): getEvdoLevel_band_six -evdoDbm:-83
02-13 13:25:25.488 D/StatusBarPolicy(  317): getEvdoLevel_band_six -evdoEcio:-15
02-13 13:25:26.279 D/ConnectivityService(  206): Dropping ConnectivityChange for WIFI: DISCONNECTED/IDLE
02-13 13:25:26.319 D/StatusBarPolicy(  317): updateDataIcon subscription =0
02-13 13:25:27.350 I/ActivityManager(  206): Starting: Intent { cmp=com.google.android.gsf/.login.CloseAndLaunchActivity (has extras) } from pid 374
02-13 13:25:27.370 W/WindowManager(  206): updateFocusedWindowLocked newFocus=null mode=0 mCurrentFocus = Window{405f9dc8 com.google.android.gsf/com.google.android.gsf.login.LoginActivityTask paused=true}
02-13 13:25:27.460 I/ActivityManager(  206): Starting: Intent { act=android.intent.action.BACKUP_CONSENT cmp=com.android.setupwizard/.BackupConsentActivity (has extras) } from pid 374
02-13 13:25:27.470 W/WindowManager(  206): updateFocusedWindowLocked newFocus=null mode=3 mCurrentFocus = null
02-13 13:25:27.490 I/ActivityManager(  206): Start proc com.android.setupwizard for activity com.android.setupwizard/.BackupConsentActivity: pid=1240 uid=10017 gids={3003}
02-13 13:25:27.520 W/WindowManager(  206): updateFocusedWindowLocked newFocus=null mode=0 mCurrentFocus = null
02-13 13:25:27.520 W/WindowManager(  206): updateFocusedWindowLocked newFocus=null mode=2 mCurrentFocus = null
02-13 13:25:27.520 W/WindowManager(  206): updateFocusedWindowLocked newFocus=null mode=2 mCurrentFocus = null
02-13 13:25:27.530 W/WindowManager(  206): updateFocusedWindowLocked newFocus=null mode=3 mCurrentFocus = null
02-13 13:25:27.671 W/WindowManager(  206): updateFocusedWindowLocked newFocus=Window{40b25968 com.android.setupwizard/com.android.setupwizard.BackupConsentActivity paused=false} mode=3 mCurrentFocus = null
02-13 13:25:27.721 D/StatusBarPolicy(  317): onSignalStrengthsChanged:SignalStrength: 99 0 -95 -95 -84 -35 7 99 2147483647 2147483647 2147483647 2147483647 cdma for subscription0
02-13 13:25:27.721 D/StatusBarPolicy(  317): updateSignalStrength on subscription :0
02-13 13:25:27.721 D/StatusBarPolicy(  317): StatusBarPolocy::getIconLevel -EVDO
02-13 13:25:27.721 D/StatusBarPolicy(  317): getEvdoLevel_band_six -evdoDbm:-84
02-13 13:25:27.721 D/StatusBarPolicy(  317): getEvdoLevel_band_six -evdoEcio:-35
02-13 13:25:27.731 W/WindowManager(  206): updateFocusedWindowLocked newFocus=Window{40b25968 com.android.setupwizard/com.android.setupwizard.BackupConsentActivity paused=false} mode=3 mCurrentFocus = Window{40b25968 com.android.setupwizard/com.android.setupwizard.BackupConsentActivity paused=false}
02-13 13:25:27.751 W/WindowManager(  206): updateFocusedWindowLocked newFocus=Window{40b25968 com.android.setupwizard/com.android.setupwizard.BackupConsentActivity paused=false} mode=3 mCurrentFocus = Window{40b25968 com.android.setupwizard/com.android.setupwizard.BackupConsentActivity paused=false}
02-13 13:25:27.761 W/WindowManager(  206): updateFocusedWindowLocked newFocus=Window{40b25968 com.android.setupwizard/com.android.setupwizard.BackupConsentActivity paused=false} mode=0 mCurrentFocus = Window{40b25968 com.android.setupwizard/com.android.setupwizard.BackupConsentActivity paused=false}
02-13 13:25:29.983 D/StatusBarPolicy(  317): onSignalStrengthsChanged:SignalStrength: 99 0 -95 -95 -85 -25 7 99 2147483647 2147483647 2147483647 2147483647 cdma for subscription0
02-13 13:25:29.983 D/StatusBarPolicy(  317): updateSignalStrength on subscription :0
02-13 13:25:29.983 D/StatusBarPolicy(  317): StatusBarPolocy::getIconLevel -EVDO
02-13 13:25:29.983 D/StatusBarPolicy(  317): getEvdoLevel_band_six -evdoDbm:-85
02-13 13:25:29.993 D/StatusBarPolicy(  317): getEvdoLevel_band_six -evdoEcio:-25
02-13 13:25:30.273 D/PowerManagerService(  206): setTimeoutLocked now=377612 timeoutOverride=-1 nextState=1 when=379612
02-13 13:25:30.373 D/StatusBarPolicy(  317): updateDataIcon subscription =0
02-13 13:25:30.724 D/PowerManagerService(  206): setTimeoutLocked now=378067 timeoutOverride=-1 nextState=3 when=384067
02-13 13:25:30.764 D/PowerManagerService(  206): setTimeoutLocked now=378103 timeoutOverride=-1 nextState=3 when=384103
02-13 13:25:32.085 D/WifiService(  206): ACTION_BATTERY_CHANGED pluggedType: 0
02-13 13:25:32.095 D/WifiService(  206): WifiHandler, MESSAGE_UPDATE_STATE
02-13 13:25:32.095 D/WifiService(  206): isAirplaneModeOn(): false
02-13 13:25:32.095 D/WifiService(  206): updateWifiState(), wifiEnabled: true, airplaneMode: false, wifiShouldBeEnabled: true, wifiShouldBeStarted: true, strongestLockMode: 1
02-13 13:25:32.095 D/WifiService(  206): WifiHandler, MESSAGE_ENABLE_WIFI, msg.arg1: 0, msg.arg2: 1000
02-13 13:25:32.095 D/WifiService(  206): WifiHandler, MESSAGE_START_WIFI, msg.arg1: 1
02-13 13:25:32.445 D/StatusBarPolicy(  317): onSignalStrengthsChanged:SignalStrength: 99 0 -97 -70 -76 -35 7 99 2147483647 2147483647 2147483647 2147483647 cdma for subscription0
02-13 13:25:32.445 D/StatusBarPolicy(  317): updateSignalStrength on subscription :0
02-13 13:25:32.445 D/StatusBarPolicy(  317): StatusBarPolocy::getIconLevel -EVDO
02-13 13:25:32.445 D/StatusBarPolicy(  317): getEvdoLevel_band_six -evdoDbm:-76
02-13 13:25:32.445 D/StatusBarPolicy(  317): getEvdoLevel_band_six -evdoEcio:-35
02-13 13:25:32.455 I/TelephonyRegistry(  206): notifyServiceState: 0 home Sprint  310099  EvDo rev. A CSS not supported 41 4139RoamInd: 1RoamStatus(sprint): 1DefRoamInd: 160EmergOnly: false
02-13 13:25:32.455 D/StatusBarPolicy(  317): onServiceStateChanged:0 home Sprint  310099  EvDo rev. A CSS not supported 41 4139RoamInd: 1RoamStatus(sprint): 1DefRoamInd: 160EmergOnly: falsefor subscription :0
02-13 13:25:32.455 D/StatusBarPolicy(  317): updateSignalStrength on subscription :0
02-13 13:25:32.455 D/StatusBarPolicy(  317): StatusBarPolocy::getIconLevel -EVDO
02-13 13:25:32.455 D/StatusBarPolicy(  317): getEvdoLevel_band_six -evdoDbm:-76
02-13 13:25:32.455 D/StatusBarPolicy(  317): getEvdoLevel_band_six -evdoEcio:-35
02-13 13:25:32.455 D/StatusBarPolicy(  317): updateDataIcon subscription =0
02-13 13:25:32.886 D/PowerManagerService(  206): setTimeoutLocked now=380229 timeoutOverride=-1 nextState=3 when=386229
02-13 13:25:32.946 D/PowerManagerService(  206): setTimeoutLocked now=380292 timeoutOverride=-1 nextState=3 when=386292
02-13 13:25:32.956 I/BackupManagerService(  206): Backup enabled => false
02-13 13:25:32.956 W/WindowManager(  206): updateFocusedWindowLocked newFocus=Window{40b25968 com.android.setupwizard/com.android.setupwizard.BackupConsentActivity paused=true} mode=0 mCurrentFocus = Window{40b25968 com.android.setupwizard/com.android.setupwizard.BackupConsentActivity paused=true}
02-13 13:25:32.976 I/BackupManagerService(  206): Backup enabled => true
02-13 13:25:32.976 I/ActivityManager(  206): Starting: Intent { cmp=com.google.android.gsf/.login.SyncIntroActivity (has extras) } from pid 374
02-13 13:25:32.986 W/WindowManager(  206): updateFocusedWindowLocked newFocus=null mode=0 mCurrentFocus = Window{40b25968 com.android.setupwizard/com.android.setupwizard.BackupConsentActivity paused=false}
02-13 13:25:33.737 I/ActivityManager(  206): Start proc com.google.android.music:ui for service com.google.android.music/.tutorial.SignupStatus$SignupCheckService: pid=1251 uid=10028 gids={3003, 1015}
02-13 13:25:33.747 I/ActivityManager(  206): Start proc com.google.android.youtube for broadcast com.google.android.youtube/.core.async.UserAuthorizer$AccountsChangedReceiver: pid=1252 uid=10003 gids={3003, 1015}
02-13 13:25:33.787 W/WindowManager(  206): updateFocusedWindowLocked newFocus=Window{40552a78 com.google.android.gsf/com.google.android.gsf.login.SyncIntroActivity paused=false} mode=3 mCurrentFocus = null
02-13 13:25:33.947 D/PowerManagerService(  206): setTimeoutLocked now=381296 timeoutOverride=-1 nextState=3 when=387296
02-13 13:25:34.257 W/WindowManager(  206): updateFocusedWindowLocked newFocus=Window{40552a78 com.google.android.gsf/com.google.android.gsf.login.SyncIntroActivity paused=false} mode=2 mCurrentFocus = Window{40552a78 com.google.android.gsf/com.google.android.gsf.login.SyncIntroActivity paused=false}
02-13 13:25:34.257 W/WindowManager(  206): updateFocusedWindowLocked newFocus=Window{40552a78 com.google.android.gsf/com.google.android.gsf.login.SyncIntroActivity paused=false} mode=2 mCurrentFocus = Window{40552a78 com.google.android.gsf/com.google.android.gsf.login.SyncIntroActivity paused=false}
02-13 13:25:34.267 W/WindowManager(  206): updateFocusedWindowLocked newFocus=Window{40552a78 com.google.android.gsf/com.google.android.gsf.login.SyncIntroActivity paused=false} mode=3 mCurrentFocus = Window{40552a78 com.google.android.gsf/com.google.android.gsf.login.SyncIntroActivity paused=false}
02-13 13:25:34.287 D/PowerManagerService(  206): setTimeoutLocked now=381401 timeoutOverride=-1 nextState=3 when=387401
02-13 13:25:34.297 W/WindowManager(  206): updateFocusedWindowLocked newFocus=Window{40552a78 com.google.android.gsf/com.google.android.gsf.login.SyncIntroActivity paused=true} mode=0 mCurrentFocus = Window{40552a78 com.google.android.gsf/com.google.android.gsf.login.SyncIntroActivity paused=true}
02-13 13:25:34.347 I/ActivityManager(  206): Starting: Intent { flg=0x4000000 cmp=com.google.android.gsf/.login.AccountIntroActivity (has extras) } from pid 374
02-13 13:25:34.357 W/WindowManager(  206): updateFocusedWindowLocked newFocus=null mode=0 mCurrentFocus = Window{40552a78 com.google.android.gsf/com.google.android.gsf.login.SyncIntroActivity paused=false}
02-13 13:25:34.457 D/StatusBarPolicy(  317): updateDataIcon subscription =0
02-13 13:25:34.467 D/StatusBarPolicy(  317): onSignalStrengthsChanged:SignalStrength: 99 0 -97 -70 -78 -25 7 99 2147483647 2147483647 2147483647 2147483647 cdma for subscription0
02-13 13:25:34.467 D/StatusBarPolicy(  317): updateSignalStrength on subscription :0
02-13 13:25:34.467 D/StatusBarPolicy(  317): StatusBarPolocy::getIconLevel -EVDO
02-13 13:25:34.467 D/StatusBarPolicy(  317): getEvdoLevel_band_six -evdoDbm:-78
02-13 13:25:34.467 D/StatusBarPolicy(  317): getEvdoLevel_band_six -evdoEcio:-25
02-13 13:25:34.467 W/WindowManager(  206): updateFocusedWindowLocked newFocus=null mode=3 mCurrentFocus = null
02-13 13:25:34.477 W/WindowManager(  206): updateFocusedWindowLocked newFocus=null mode=0 mCurrentFocus = null
02-13 13:25:34.477 W/WindowManager(  206): updateFocusedWindowLocked newFocus=null mode=3 mCurrentFocus = null
02-13 13:25:34.487 W/WindowManager(  206): updateFocusedWindowLocked newFocus=null mode=0 mCurrentFocus = null
02-13 13:25:34.557 W/WindowManager(  206): updateFocusedWindowLocked newFocus=null mode=0 mCurrentFocus = null
02-13 13:25:34.557 W/WindowManager(  206): updateFocusedWindowLocked newFocus=null mode=3 mCurrentFocus = null
02-13 13:25:34.577 W/WindowManager(  206): updateFocusedWindowLocked newFocus=null mode=0 mCurrentFocus = null
02-13 13:25:34.587 W/WindowManager(  206): updateFocusedWindowLocked newFocus=Window{405a0a70 com.google.android.gsf/com.google.android.gsf.loginservice.LoginActivity paused=false} mode=3 mCurrentFocus = null
02-13 13:25:34.587 W/WindowManager(  206): updateFocusedWindowLocked newFocus=Window{405a0a70 com.google.android.gsf/com.google.android.gsf.loginservice.LoginActivity paused=false} mode=3 mCurrentFocus = Window{405a0a70 com.google.android.gsf/com.google.android.gsf.loginservice.LoginActivity paused=false}
02-13 13:25:34.627 W/WindowManager(  206): updateFocusedWindowLocked newFocus=Window{405a0a70 com.google.android.gsf/com.google.android.gsf.loginservice.LoginActivity paused=false} mode=2 mCurrentFocus = Window{405a0a70 com.google.android.gsf/com.google.android.gsf.loginservice.LoginActivity paused=false}
02-13 13:25:34.627 W/WindowManager(  206): updateFocusedWindowLocked newFocus=Window{405a0a70 com.google.android.gsf/com.google.android.gsf.loginservice.LoginActivity paused=false} mode=2 mCurrentFocus = Window{405a0a70 com.google.android.gsf/com.google.android.gsf.loginservice.LoginActivity paused=false}
02-13 13:25:34.627 W/WindowManager(  206): updateFocusedWindowLocked newFocus=Window{405a0a70 com.google.android.gsf/com.google.android.gsf.loginservice.LoginActivity paused=true} mode=0 mCurrentFocus = Window{405a0a70 com.google.android.gsf/com.google.android.gsf.loginservice.LoginActivity paused=true}
