02-13 14:12:28.289 D/StatusBarPolicy(  317): updateDataIcon subscription =0
02-13 14:12:28.629 D/PowerManagerService(  206): setTimeoutLocked now=2813650 timeoutOverride=-1 nextState=3 when=2819650
02-13 14:12:28.699 D/PowerManagerService(  206): setTimeoutLocked now=2813725 timeoutOverride=-1 nextState=3 when=2819725
02-13 14:12:29.229 D/PowerManagerService(  206): setTimeoutLocked now=2814252 timeoutOverride=-1 nextState=3 when=2820252
02-13 14:12:29.300 D/StatusBarPolicy(  317): updateDataIcon subscription =0
02-13 14:12:29.400 D/PowerManagerService(  206): setTimeoutLocked now=2814428 timeoutOverride=-1 nextState=3 when=2820428
02-13 14:12:29.860 D/PowerManagerService(  206): setTimeoutLocked now=2814881 timeoutOverride=-1 nextState=3 when=2820881
02-13 14:12:29.940 D/PowerManagerService(  206): setTimeoutLocked now=2814968 timeoutOverride=-1 nextState=3 when=2820968
02-13 14:12:30.451 D/PowerManagerService(  206): setTimeoutLocked now=2815471 timeoutOverride=-1 nextState=3 when=2821471
02-13 14:12:30.601 D/PowerManagerService(  206): setTimeoutLocked now=2815621 timeoutOverride=-1 nextState=3 when=2821621
02-13 14:12:30.621 D/StatusBarPolicy(  317): onSignalStrengthsChanged:SignalStrength: 99 0 -93 -70 -89 -45 7 99 2147483647 2147483647 2147483647 2147483647 cdma for subscription0
02-13 14:12:30.621 D/StatusBarPolicy(  317): updateSignalStrength on subscription :0
02-13 14:12:30.621 D/StatusBarPolicy(  317): StatusBarPolocy::getIconLevel -EVDO
02-13 14:12:30.621 D/StatusBarPolicy(  317): getEvdoLevel_band_six -evdoDbm:-89
02-13 14:12:30.621 D/StatusBarPolicy(  317): getEvdoLevel_band_six -evdoEcio:-45
02-13 14:12:31.011 D/PowerManagerService(  206): setTimeoutLocked now=2816036 timeoutOverride=-1 nextState=3 when=2822036
02-13 14:12:31.141 D/PowerManagerService(  206): setTimeoutLocked now=2816161 timeoutOverride=-1 nextState=3 when=2822161
02-13 14:12:31.322 D/StatusBarPolicy(  317): updateDataIcon subscription =0
02-13 14:12:31.862 D/PowerManagerService(  206): setTimeoutLocked now=2816886 timeoutOverride=-1 nextState=3 when=2822886
02-13 14:12:32.072 W/WindowManager(  206): updateFocusedWindowLocked newFocus=Window{40684488 AtchDlg:com.google.android.youtube/com.google.android.youtube.app.froyo.phone.WatchActivity paused=false} mode=1 mCurrentFocus = Window{4097e828 com.google.android.youtube/com.google.android.youtube.app.froyo.phone.WatchActivity paused=false}
02-13 14:12:32.082 W/WindowManager(  206): updateFocusedWindowLocked newFocus=Window{40684488 AtchDlg:com.google.android.youtube/com.google.android.youtube.app.froyo.phone.WatchActivity paused=false} mode=3 mCurrentFocus = Window{40684488 AtchDlg:com.google.android.youtube/com.google.android.youtube.app.froyo.phone.WatchActivity paused=false}
02-13 14:12:32.883 D/StatusBarPolicy(  317): onSignalStrengthsChanged:SignalStrength: 99 0 -93 -70 -90 -45 6 99 2147483647 2147483647 2147483647 2147483647 cdma for subscription0
02-13 14:12:32.883 D/StatusBarPolicy(  317): updateSignalStrength on subscription :0
02-13 14:12:32.883 D/StatusBarPolicy(  317): StatusBarPolocy::getIconLevel -EVDO
02-13 14:12:32.893 D/StatusBarPolicy(  317): getEvdoLevel_band_six -evdoDbm:-90
02-13 14:12:32.893 D/StatusBarPolicy(  317): getEvdoLevel_band_six -evdoEcio:-45
02-13 14:12:33.354 D/StatusBarPolicy(  317): updateDataIcon subscription =0
02-13 14:12:33.434 D/ConnectivityService(  206): Dropping ConnectivityChange for WIFI: DISCONNECTED/SCANNING
02-13 14:12:34.385 D/StatusBarPolicy(  317): updateDataIcon subscription =0
02-13 14:12:34.435 D/ConnectivityService(  206): Dropping ConnectivityChange for WIFI: DISCONNECTED/IDLE
02-13 14:12:35.115 D/StatusBarPolicy(  317): onSignalStrengthsChanged:SignalStrength: 99 0 -93 -70 -90 -45 5 99 2147483647 2147483647 2147483647 2147483647 cdma for subscription0
02-13 14:12:35.115 D/StatusBarPolicy(  317): updateSignalStrength on subscription :0
02-13 14:12:35.115 D/StatusBarPolicy(  317): StatusBarPolocy::getIconLevel -EVDO
02-13 14:12:35.135 D/StatusBarPolicy(  317): getEvdoLevel_band_six -evdoDbm:-90
02-13 14:12:35.135 D/StatusBarPolicy(  317): getEvdoLevel_band_six -evdoEcio:-45
02-13 14:12:35.696 D/NetdConnector(  206): SND -> {interface readrxcounter rmnet0} {null}
02-13 14:12:35.706 D/NetdConnector(  206): RCV <- {216 61883204}
02-13 14:12:35.706 D/NetdConnector(  206): RSP <- {216 61883204}
02-13 14:12:35.726 D/NetdConnector(  206): SND -> {interface readtxcounter rmnet0} {null}
02-13 14:12:35.726 D/NetdConnector(  206): RCV <- {217 1991012}
02-13 14:12:35.736 D/NetdConnector(  206): RSP <- {217 1991012}
02-13 14:12:36.086 D/PowerManagerService(  206): setTimeoutLocked now=2821102 timeoutOverride=-1 nextState=3 when=2827102
02-13 14:12:36.096 W/WindowManager(  206): updateFocusedWindowLocked newFocus=Window{4097e828 com.google.android.youtube/com.google.android.youtube.app.froyo.phone.WatchActivity paused=false} mode=3 mCurrentFocus = Window{40684488 AtchDlg:com.google.android.youtube/com.google.android.youtube.app.froyo.phone.WatchActivity paused=false}
02-13 14:12:36.106 W/InputManagerService(  206): Window already focused, ignoring focus gain of: com.android.internal.view.IInputMethodClient$Stub$Proxy@407a3960
02-13 14:12:36.226 D/PowerManagerService(  206): setTimeoutLocked now=2821242 timeoutOverride=-1 nextState=3 when=2827242
02-13 14:12:36.427 D/StatusBarPolicy(  317): updateDataIcon subscription =0
02-13 14:12:37.267 D/PowerManagerService(  206): setTimeoutLocked now=2822281 timeoutOverride=-1 nextState=3 when=2828281
02-13 14:12:37.387 D/PowerManagerService(  206): setTimeoutLocked now=2822404 timeoutOverride=-1 nextState=3 when=2828404
02-13 14:12:37.427 D/StatusBarPolicy(  317): updateDataIcon subscription =0
02-13 14:12:38.188 D/PowerManagerService(  206): setTimeoutLocked now=2823211 timeoutOverride=-1 nextState=3 when=2829211
02-13 14:12:38.418 D/StatusBarPolicy(  317): updateDataIcon subscription =0
02-13 14:12:38.519 D/PowerManagerService(  206): setTimeoutLocked now=2823534 timeoutOverride=-1 nextState=3 when=2829534
02-13 14:12:38.589 D/PowerManagerService(  206): setTimeoutLocked now=2823615 timeoutOverride=-1 nextState=3 when=2829615
02-13 14:12:38.989 D/PowerManagerService(  206): setTimeoutLocked now=2824012 timeoutOverride=-1 nextState=3 when=2830012
02-13 14:12:38.999 D/PowerManagerService(  206): setTimeoutLocked now=2824025 timeoutOverride=-1 nextState=3 when=2830025
02-13 14:12:39.960 D/PowerManagerService(  206): setTimeoutLocked now=2824980 timeoutOverride=-1 nextState=3 when=2830980
02-13 14:12:40.120 D/PowerManagerService(  206): setTimeoutLocked now=2825143 timeoutOverride=-1 nextState=3 when=2831143
02-13 14:12:40.440 D/StatusBarPolicy(  317): updateDataIcon subscription =0
02-13 14:12:41.461 D/StatusBarPolicy(  317): updateDataIcon subscription =0
02-13 14:12:42.673 D/PowerManagerService(  206): setTimeoutLocked now=2827698 timeoutOverride=-1 nextState=3 when=2833698
02-13 14:12:42.843 D/PowerManagerService(  206): setTimeoutLocked now=2827861 timeoutOverride=-1 nextState=3 when=2833861
02-13 14:12:43.483 D/StatusBarPolicy(  317): updateDataIcon subscription =0
02-13 14:12:44.084 D/StatusBarPolicy(  317): onSignalStrengthsChanged:SignalStrength: 99 0 -93 -70 -90 -45 6 99 2147483647 2147483647 2147483647 2147483647 cdma for subscription0
02-13 14:12:44.084 D/StatusBarPolicy(  317): updateSignalStrength on subscription :0
02-13 14:12:44.084 D/StatusBarPolicy(  317): StatusBarPolocy::getIconLevel -EVDO
02-13 14:12:44.084 D/StatusBarPolicy(  317): getEvdoLevel_band_six -evdoDbm:-90
02-13 14:12:44.084 D/StatusBarPolicy(  317): getEvdoLevel_band_six -evdoEcio:-45
02-13 14:12:44.264 D/PowerManagerService(  206): setTimeoutLocked now=2829284 timeoutOverride=-1 nextState=3 when=2835284
02-13 14:12:44.414 W/WindowManager(  206): updateFocusedWindowLocked newFocus=Window{4097e828 com.google.android.youtube/com.google.android.youtube.app.froyo.phone.WatchActivity paused=true} mode=0 mCurrentFocus = Window{4097e828 com.google.android.youtube/com.google.android.youtube.app.froyo.phone.WatchActivity paused=true}
02-13 14:12:44.494 D/StatusBarPolicy(  317): updateDataIcon subscription =0
02-13 14:12:44.915 W/ActivityManager(  206): Activity pause timeout for HistoryRecord{40abdfe0 com.google.android.youtube/.app.froyo.phone.WatchActivity}
02-13 14:12:45.505 D/StatusBarPolicy(  317): updateDataIcon subscription =0
02-13 14:12:46.216 D/PowerManagerService(  206): setTimeoutLocked now=2831236 timeoutOverride=-1 nextState=3 when=2837236
02-13 14:12:46.326 D/StatusBarPolicy(  317): onSignalStrengthsChanged:SignalStrength: 99 0 -93 -70 -91 -55 5 99 2147483647 2147483647 2147483647 2147483647 cdma for subscription0
02-13 14:12:46.326 D/StatusBarPolicy(  317): updateSignalStrength on subscription :0
02-13 14:12:46.336 D/StatusBarPolicy(  317): StatusBarPolocy::getIconLevel -EVDO
02-13 14:12:46.336 D/StatusBarPolicy(  317): getEvdoLevel_band_six -evdoDbm:-91
02-13 14:12:46.336 D/StatusBarPolicy(  317): getEvdoLevel_band_six -evdoEcio:-55
02-13 14:12:46.516 D/StatusBarPolicy(  317): updateDataIcon subscription =0
02-13 14:12:47.527 D/StatusBarPolicy(  317): updateDataIcon subscription =0
02-13 14:12:48.558 D/StatusBarPolicy(  317): updateDataIcon subscription =0
02-13 14:12:48.578 D/StatusBarPolicy(  317): onSignalStrengthsChanged:SignalStrength: 99 0 -93 -70 -90 -40 7 99 2147483647 2147483647 2147483647 2147483647 cdma for subscription0
02-13 14:12:48.598 D/StatusBarPolicy(  317): updateSignalStrength on subscription :0
02-13 14:12:48.598 D/StatusBarPolicy(  317): StatusBarPolocy::getIconLevel -EVDO
02-13 14:12:48.598 D/StatusBarPolicy(  317): getEvdoLevel_band_six -evdoDbm:-90
02-13 14:12:48.598 D/StatusBarPolicy(  317): getEvdoLevel_band_six -evdoEcio:-40
02-13 14:12:49.419 D/ConnectivityService(  206): Dropping ConnectivityChange for WIFI: DISCONNECTED/SCANNING
02-13 14:12:49.579 D/StatusBarPolicy(  317): updateDataIcon subscription =0
02-13 14:12:49.840 D/StatusBarPolicy(  317): onSignalStrengthsChanged:SignalStrength: 99 0 -93 -70 -82 -50 7 99 2147483647 2147483647 2147483647 2147483647 cdma for subscription0
02-13 14:12:49.840 D/StatusBarPolicy(  317): updateSignalStrength on subscription :0
02-13 14:12:49.840 D/StatusBarPolicy(  317): StatusBarPolocy::getIconLevel -EVDO
02-13 14:12:49.840 D/StatusBarPolicy(  317): getEvdoLevel_band_six -evdoDbm:-82
02-13 14:12:49.840 D/StatusBarPolicy(  317): getEvdoLevel_band_six -evdoEcio:-50
02-13 14:12:49.850 I/TelephonyRegistry(  206): notifyServiceState: 0 home Sprint  310099  EvDo rev. A CSS not supported 41 4139RoamInd: 1RoamStatus(sprint): 1DefRoamInd: 160EmergOnly: false
02-13 14:12:49.860 D/StatusBarPolicy(  317): onServiceStateChanged:0 home Sprint  310099  EvDo rev. A CSS not supported 41 4139RoamInd: 1RoamStatus(sprint): 1DefRoamInd: 160EmergOnly: falsefor subscription :0
02-13 14:12:49.860 D/StatusBarPolicy(  317): updateSignalStrength on subscription :0
02-13 14:12:49.880 D/StatusBarPolicy(  317): StatusBarPolocy::getIconLevel -EVDO
02-13 14:12:49.880 D/StatusBarPolicy(  317): getEvdoLevel_band_six -evdoDbm:-82
02-13 14:12:49.880 D/StatusBarPolicy(  317): getEvdoLevel_band_six -evdoEcio:-50
02-13 14:12:49.880 D/StatusBarPolicy(  317): updateDataIcon subscription =0
02-13 14:12:49.930 W/WindowManager(  206): updateFocusedWindowLocked newFocus=null mode=2 mCurrentFocus = Window{4097e828 com.google.android.youtube/com.google.android.youtube.app.froyo.phone.WatchActivity paused=false}
02-13 14:12:49.930 W/WindowManager(  206): updateFocusedWindowLocked newFocus=null mode=2 mCurrentFocus = null
02-13 14:12:50.410 D/ConnectivityService(  206): Dropping ConnectivityChange for WIFI: DISCONNECTED/IDLE
02-13 14:12:50.600 D/StatusBarPolicy(  317): updateDataIcon subscription =0
02-13 14:12:50.801 D/StatusBarPolicy(  317): onSignalStrengthsChanged:SignalStrength: 99 0 -93 -70 -83 -50 7 99 2147483647 2147483647 2147483647 2147483647 cdma for subscription0
02-13 14:12:50.811 D/StatusBarPolicy(  317): updateSignalStrength on subscription :0
02-13 14:12:50.811 D/StatusBarPolicy(  317): StatusBarPolocy::getIconLevel -EVDO
02-13 14:12:50.811 D/StatusBarPolicy(  317): getEvdoLevel_band_six -evdoDbm:-83
02-13 14:12:50.811 D/StatusBarPolicy(  317): getEvdoLevel_band_six -evdoEcio:-50
02-13 14:12:51.611 D/StatusBarPolicy(  317): updateDataIcon subscription =0
02-13 14:12:52.222 D/PowerManagerService(  206): setTimeoutLocked now=2837242 timeoutOverride=-1 nextState=1 when=2944242
02-13 14:12:52.632 D/StatusBarPolicy(  317): updateDataIcon subscription =0
02-13 14:12:53.043 D/StatusBarPolicy(  317): onSignalStrengthsChanged:SignalStrength: 99 0 -93 -70 -85 -50 7 99 2147483647 2147483647 2147483647 2147483647 cdma for subscription0
02-13 14:12:53.043 D/StatusBarPolicy(  317): updateSignalStrength on subscription :0
02-13 14:12:53.043 D/StatusBarPolicy(  317): StatusBarPolocy::getIconLevel -EVDO
02-13 14:12:53.043 D/StatusBarPolicy(  317): getEvdoLevel_band_six -evdoDbm:-85
02-13 14:12:53.043 D/StatusBarPolicy(  317): getEvdoLevel_band_six -evdoEcio:-50
02-13 14:12:53.653 D/StatusBarPolicy(  317): updateDataIcon subscription =0
02-13 14:12:54.424 W/ActivityManager(  206): Launch timeout has expired, giving up wake lock!
02-13 14:12:54.945 W/ActivityManager(  206): Activity idle timeout for HistoryRecord{40831a80 com.google.android.youtube/.app.froyo.phone.MyChannelActivity}
02-13 14:12:54.955 I/WindowManager(  206): Setting rotation to 0, animFlags=0
02-13 14:12:54.985 I/ActivityManager(  206): Config changed: { scale=1.0 imsi=310/120 loc=en_US touch=3 keys=1/1/2 nav=1/1 orien=1 layout=18 uiMode=17 seq=10}
02-13 14:12:55.105 W/WindowManager(  206): updateFocusedWindowLocked newFocus=null mode=3 mCurrentFocus = null
02-13 14:12:55.265 D/StatusBarPolicy(  317): onSignalStrengthsChanged:SignalStrength: 99 0 -93 -70 -85 -50 6 99 2147483647 2147483647 2147483647 2147483647 cdma for subscription0
02-13 14:12:55.265 D/StatusBarPolicy(  317): updateSignalStrength on subscription :0
02-13 14:12:55.265 D/StatusBarPolicy(  317): StatusBarPolocy::getIconLevel -EVDO
02-13 14:12:55.265 D/StatusBarPolicy(  317): getEvdoLevel_band_six -evdoDbm:-85
02-13 14:12:55.265 D/StatusBarPolicy(  317): getEvdoLevel_band_six -evdoEcio:-50
02-13 14:12:57.527 D/StatusBarPolicy(  317): onSignalStrengthsChanged:SignalStrength: 99 0 -93 -70 -86 -50 5 99 2147483647 2147483647 2147483647 2147483647 cdma for subscription0
02-13 14:12:57.537 D/StatusBarPolicy(  317): updateSignalStrength on subscription :0
02-13 14:12:57.537 D/StatusBarPolicy(  317): StatusBarPolocy::getIconLevel -EVDO
02-13 14:12:57.537 D/StatusBarPolicy(  317): getEvdoLevel_band_six -evdoDbm:-86
02-13 14:12:57.537 D/StatusBarPolicy(  317): getEvdoLevel_band_six -evdoEcio:-50
02-13 14:12:59.749 D/StatusBarPolicy(  317): onSignalStrengthsChanged:SignalStrength: 99 0 -93 -70 -86 -65 5 99 2147483647 2147483647 2147483647 2147483647 cdma for subscription0
02-13 14:12:59.749 D/StatusBarPolicy(  317): updateSignalStrength on subscription :0
02-13 14:12:59.759 D/StatusBarPolicy(  317): StatusBarPolocy::getIconLevel -EVDO
02-13 14:12:59.759 D/StatusBarPolicy(  317): getEvdoLevel_band_six -evdoDbm:-86
02-13 14:12:59.759 D/StatusBarPolicy(  317): getEvdoLevel_band_six -evdoEcio:-65
02-13 14:13:00.040 D/StatusBarPolicy(  317): onSignalStrengthsChanged:SignalStrength: 99 0 -93 -70 -96 -65 5 99 2147483647 2147483647 2147483647 2147483647 cdma for subscription0
02-13 14:13:00.040 D/StatusBarPolicy(  317): updateSignalStrength on subscription :0
02-13 14:13:00.040 D/StatusBarPolicy(  317): StatusBarPolocy::getIconLevel -EVDO
02-13 14:13:00.040 D/StatusBarPolicy(  317): getEvdoLevel_band_six -evdoDbm:-96
02-13 14:13:00.040 D/StatusBarPolicy(  317): getEvdoLevel_band_six -evdoEcio:-65
02-13 14:13:00.060 I/TelephonyRegistry(  206): notifyServiceState: 0 home Sprint  310099  EvDo rev. A CSS not supported 41 4139RoamInd: 1RoamStatus(sprint): 1DefRoamInd: 160EmergOnly: false
02-13 14:13:00.060 D/StatusBarPolicy(  317): onServiceStateChanged:0 home Sprint  310099  EvDo rev. A CSS not supported 41 4139RoamInd: 1RoamStatus(sprint): 1DefRoamInd: 160EmergOnly: falsefor subscription :0
02-13 14:13:00.060 D/StatusBarPolicy(  317): updateSignalStrength on subscription :0
02-13 14:13:00.060 D/StatusBarPolicy(  317): StatusBarPolocy::getIconLevel -EVDO
02-13 14:13:00.060 D/StatusBarPolicy(  317): getEvdoLevel_band_six -evdoDbm:-96
02-13 14:13:00.060 D/StatusBarPolicy(  317): getEvdoLevel_band_six -evdoEcio:-65
02-13 14:13:00.060 D/StatusBarPolicy(  317): updateDataIcon subscription =0
02-13 14:13:00.090 D/AlarmManager(  206): scheduleTimeTickEvent calendar=Mon Feb 13 14:14:00 CST 2012
02-13 14:13:00.090 D/AlarmManager(  206): calendar.getTimeInMillis()1329164040000
02-13 14:13:00.100 W/ActivityManager(  206): Activity destroy timeout for HistoryRecord{40abdfe0 com.google.android.youtube/.app.froyo.phone.WatchActivity}
02-13 14:13:01.981 D/StatusBarPolicy(  317): onSignalStrengthsChanged:SignalStrength: 99 0 -93 -70 -95 -65 5 99 2147483647 2147483647 2147483647 2147483647 cdma for subscription0
02-13 14:13:01.981 D/StatusBarPolicy(  317): updateSignalStrength on subscription :0
02-13 14:13:01.981 D/StatusBarPolicy(  317): StatusBarPolocy::getIconLevel -EVDO
02-13 14:13:01.981 D/StatusBarPolicy(  317): getEvdoLevel_band_six -evdoDbm:-95
02-13 14:13:01.981 D/StatusBarPolicy(  317): getEvdoLevel_band_six -evdoEcio:-65
02-13 14:13:04.244 D/StatusBarPolicy(  317): onSignalStrengthsChanged:SignalStrength: 99 0 -93 -70 -94 -50 6 99 2147483647 2147483647 2147483647 2147483647 cdma for subscription0
02-13 14:13:04.244 D/StatusBarPolicy(  317): updateSignalStrength on subscription :0
02-13 14:13:04.254 D/StatusBarPolicy(  317): StatusBarPolocy::getIconLevel -EVDO
02-13 14:13:04.254 D/StatusBarPolicy(  317): getEvdoLevel_band_six -evdoDbm:-94
02-13 14:13:04.254 D/StatusBarPolicy(  317): getEvdoLevel_band_six -evdoEcio:-50
02-13 14:13:05.405 D/ConnectivityService(  206): Dropping ConnectivityChange for WIFI: DISCONNECTED/SCANNING
02-13 14:13:05.945 W/WindowManager(  206): updateFocusedWindowLocked newFocus=null mode=3 mCurrentFocus = null
02-13 14:13:05.955 W/WindowManager(  206): updateFocusedWindowLocked newFocus=null mode=0 mCurrentFocus = null
02-13 14:13:05.955 W/WindowManager(  206): updateFocusedWindowLocked newFocus=null mode=0 mCurrentFocus = null
02-13 14:13:05.965 W/WindowManager(  206): updateFocusedWindowLocked newFocus=Window{40aee470 com.google.android.youtube/com.google.android.youtube.app.froyo.phone.MyChannelActivity paused=false} mode=3 mCurrentFocus = null
02-13 14:13:05.985 D/PowerManagerService(  206): setTimeoutLocked now=2831422 timeoutOverride=-1 nextState=3 when=2837422
02-13 14:13:05.985 D/PowerManagerService(  206): setTimeoutLocked now=2851001 timeoutOverride=-1 nextState=1 when=2958001
02-13 14:13:05.985 D/PowerManagerService(  206): setTimeoutLocked now=2832577 timeoutOverride=-1 nextState=3 when=2838577
02-13 14:13:05.985 D/PowerManagerService(  206): setTimeoutLocked now=2851003 timeoutOverride=-1 nextState=1 when=2958003
02-13 14:13:05.985 D/PowerManagerService(  206): setTimeoutLocked now=2832788 timeoutOverride=-1 nextState=3 when=2838788
02-13 14:13:05.985 D/PowerManagerService(  206): setTimeoutLocked now=2851004 timeoutOverride=-1 nextState=1 when=2958004
02-13 14:13:05.985 D/PowerManagerService(  206): setTimeoutLocked now=2833152 timeoutOverride=-1 nextState=3 when=2839152
02-13 14:13:05.985 D/PowerManagerService(  206): setTimeoutLocked now=2851005 timeoutOverride=-1 nextState=1 when=2958005
02-13 14:13:05.985 D/PowerManagerService(  206): setTimeoutLocked now=2833404 timeoutOverride=-1 nextState=3 when=2839404
02-13 14:13:05.985 D/PowerManagerService(  206): setTimeoutLocked now=2851006 timeoutOverride=-1 nextState=1 when=2958006
02-13 14:13:05.985 D/PowerManagerService(  206): setTimeoutLocked now=2833844 timeoutOverride=-1 nextState=3 when=2839844
02-13 14:13:05.985 D/PowerManagerService(  206): setTimeoutLocked now=2851007 timeoutOverride=-1 nextState=1 when=2958007
02-13 14:13:06.196 D/PowerManagerService(  206): setTimeoutLocked now=2834728 timeoutOverride=-1 nextState=3 when=2840728
02-13 14:13:06.196 D/PowerManagerService(  206): setTimeoutLocked now=2851213 timeoutOverride=-1 nextState=1 when=2958213
02-13 14:13:06.236 W/WindowManager(  206): updateFocusedWindowLocked newFocus=Window{40aee470 com.google.android.youtube/com.google.android.youtube.app.froyo.phone.MyChannelActivity paused=true} mode=0 mCurrentFocus = Window{40aee470 com.google.android.youtube/com.google.android.youtube.app.froyo.phone.MyChannelActivity paused=true}
02-13 14:13:06.246 W/WindowManager(  206): updateFocusedWindowLocked newFocus=null mode=3 mCurrentFocus = Window{40aee470 com.google.android.youtube/com.google.android.youtube.app.froyo.phone.MyChannelActivity paused=true}
02-13 14:13:06.296 W/WindowManager(  206): updateFocusedWindowLocked newFocus=Window{408e8d28 com.google.android.youtube/com.google.android.youtube.app.froyo.phone.HomeActivity paused=false} mode=3 mCurrentFocus = null
02-13 14:13:06.316 W/WindowManager(  206): updateFocusedWindowLocked newFocus=Window{408e8d28 com.google.android.youtube/com.google.android.youtube.app.froyo.phone.HomeActivity paused=false} mode=2 mCurrentFocus = Window{408e8d28 com.google.android.youtube/com.google.android.youtube.app.froyo.phone.HomeActivity paused=false}
02-13 14:13:06.326 D/PowerManagerService(  206): setTimeoutLocked now=2844711 timeoutOverride=-1 nextState=3 when=2850711
02-13 14:13:06.326 D/PowerManagerService(  206): setTimeoutLocked now=2851343 timeoutOverride=-1 nextState=1 when=2958343
02-13 14:13:06.326 W/WindowManager(  206): updateFocusedWindowLocked newFocus=Window{408e8d28 com.google.android.youtube/com.google.android.youtube.app.froyo.phone.HomeActivity paused=false} mode=3 mCurrentFocus = Window{408e8d28 com.google.android.youtube/com.google.android.youtube.app.froyo.phone.HomeActivity paused=false}
02-13 14:13:06.336 W/WindowManager(  206): updateFocusedWindowLocked newFocus=Window{408e8d28 com.google.android.youtube/com.google.android.youtube.app.froyo.phone.HomeActivity paused=true} mode=0 mCurrentFocus = Window{408e8d28 com.google.android.youtube/com.google.android.youtube.app.froyo.phone.HomeActivity paused=true}
02-13 14:13:06.336 W/WindowManager(  206): updateFocusedWindowLocked newFocus=null mode=3 mCurrentFocus = Window{408e8d28 com.google.android.youtube/com.google.android.youtube.app.froyo.phone.HomeActivity paused=true}
02-13 14:13:06.366 D/ConnectivityService(  206): Dropping ConnectivityChange for WIFI: DISCONNECTED/IDLE
02-13 14:13:06.376 W/WindowManager(  206): updateFocusedWindowLocked newFocus=Window{4062a350 com.android.launcher/com.android.launcher2.Launcher paused=false} mode=3 mCurrentFocus = null
02-13 14:13:06.416 W/WindowManager(  206): updateFocusedWindowLocked newFocus=Window{4062a350 com.android.launcher/com.android.launcher2.Launcher paused=false} mode=2 mCurrentFocus = Window{4062a350 com.android.launcher/com.android.launcher2.Launcher paused=false}
02-13 14:13:06.416 W/WindowManager(  206): updateFocusedWindowLocked newFocus=Window{4062a350 com.android.launcher/com.android.launcher2.Launcher paused=false} mode=3 mCurrentFocus = Window{4062a350 com.android.launcher/com.android.launcher2.Launcher paused=false}
02-13 14:13:06.426 D/PowerManagerService(  206): setTimeoutLocked now=2846242 timeoutOverride=-1 nextState=3 when=2852242
02-13 14:13:06.426 I/ActivityManager(  206): No longer want com.android.defcontainer (pid 1615): hidden #16
02-13 14:13:06.476 D/PowerManagerService(  206): setTimeoutLocked now=2846931 timeoutOverride=-1 nextState=3 when=2852931
02-13 14:13:06.476 D/StatusBarPolicy(  317): onSignalStrengthsChanged:SignalStrength: 99 0 -93 -70 -93 -60 6 99 2147483647 2147483647 2147483647 2147483647 cdma for subscription0
02-13 14:13:06.476 D/StatusBarPolicy(  317): updateSignalStrength on subscription :0
02-13 14:13:06.476 W/WindowManager(  206): updateFocusedWindowLocked newFocus=Window{4062a350 com.android.launcher/com.android.launcher2.Launcher paused=false} mode=3 mCurrentFocus = Window{4062a350 com.android.launcher/com.android.launcher2.Launcher paused=false}
02-13 14:13:06.486 D/StatusBarPolicy(  317): StatusBarPolocy::getIconLevel -EVDO
02-13 14:13:06.486 D/StatusBarPolicy(  317): getEvdoLevel_band_six -evdoDbm:-93
02-13 14:13:06.486 D/StatusBarPolicy(  317): getEvdoLevel_band_six -evdoEcio:-60
02-13 14:13:06.556 W/WindowManager(  206): updateFocusedWindowLocked newFocus=Window{4062a350 com.android.launcher/com.android.launcher2.Launcher paused=false} mode=0 mCurrentFocus = Window{4062a350 com.android.launcher/com.android.launcher2.Launcher paused=false}
02-13 14:13:06.556 W/WindowManager(  206): updateFocusedWindowLocked newFocus=Window{4062a350 com.android.launcher/com.android.launcher2.Launcher paused=false} mode=3 mCurrentFocus = Window{4062a350 com.android.launcher/com.android.launcher2.Launcher paused=false}
02-13 14:13:06.586 W/WindowManager(  206): updateFocusedWindowLocked newFocus=Window{4062a350 com.android.launcher/com.android.launcher2.Launcher paused=false} mode=3 mCurrentFocus = Window{4062a350 com.android.launcher/com.android.launcher2.Launcher paused=false}
02-13 14:13:06.626 D/PowerManagerService(  206): setTimeoutLocked now=2847483 timeoutOverride=-1 nextState=3 when=2853483
02-13 14:13:06.726 W/WindowManager(  206): updateFocusedWindowLocked newFocus=Window{4062a350 com.android.launcher/com.android.launcher2.Launcher paused=false} mode=2 mCurrentFocus = Window{4062a350 com.android.launcher/com.android.launcher2.Launcher paused=false}
02-13 14:13:06.746 D/PowerManagerService(  206): setTimeoutLocked now=2848036 timeoutOverride=-1 nextState=3 when=2854036
02-13 14:13:06.846 D/PowerManagerService(  206): setTimeoutLocked now=2848576 timeoutOverride=-1 nextState=3 when=2854576
02-13 14:13:07.767 D/PowerManagerService(  206): setTimeoutLocked now=2852779 timeoutOverride=-1 nextState=3 when=2858779
02-13 14:13:07.877 D/PowerManagerService(  206): setTimeoutLocked now=2852892 timeoutOverride=-1 nextState=3 when=2858892
02-13 14:13:08.358 D/PowerManagerService(  206): setTimeoutLocked now=2853381 timeoutOverride=-1 nextState=3 when=2859381
02-13 14:13:08.468 D/PowerManagerService(  206): setTimeoutLocked now=2853494 timeoutOverride=-1 nextState=3 when=2859494
02-13 14:13:08.698 D/StatusBarPolicy(  317): onSignalStrengthsChanged:SignalStrength: 99 0 -93 -70 -92 -60 5 99 2147483647 2147483647 2147483647 2147483647 cdma for subscription0
02-13 14:13:08.698 D/StatusBarPolicy(  317): updateSignalStrength on subscription :0
02-13 14:13:08.698 D/StatusBarPolicy(  317): StatusBarPolocy::getIconLevel -EVDO
02-13 14:13:08.698 D/StatusBarPolicy(  317): getEvdoLevel_band_six -evdoDbm:-92
02-13 14:13:08.698 D/StatusBarPolicy(  317): getEvdoLevel_band_six -evdoEcio:-60
02-13 14:13:09.349 D/PowerManagerService(  206): setTimeoutLocked now=2854374 timeoutOverride=-1 nextState=3 when=2860374
02-13 14:13:09.429 D/PowerManagerService(  206): setTimeoutLocked now=2854449 timeoutOverride=-1 nextState=3 when=2860449
02-13 14:13:09.579 I/ActivityManager(  206): Starting: Intent { act=android.intent.action.MAIN cat=[android.intent.category.LAUNCHER] flg=0x10200000 cmp=com.google.android.youtube/.app.froyo.phone.HomeActivity } from pid 900
02-13 14:13:09.589 W/WindowManager(  206): updateFocusedWindowLocked newFocus=Window{4062a350 com.android.launcher/com.android.launcher2.Launcher paused=false} mode=3 mCurrentFocus = Window{4062a350 com.android.launcher/com.android.launcher2.Launcher paused=false}
02-13 14:13:09.629 W/WindowManager(  206): updateFocusedWindowLocked newFocus=null mode=0 mCurrentFocus = Window{4062a350 com.android.launcher/com.android.launcher2.Launcher paused=true}
02-13 14:13:09.649 W/WindowManager(  206): updateFocusedWindowLocked newFocus=null mode=2 mCurrentFocus = null
02-13 14:13:09.649 W/WindowManager(  206): updateFocusedWindowLocked newFocus=null mode=2 mCurrentFocus = null
02-13 14:13:09.809 W/WindowManager(  206): updateFocusedWindowLocked newFocus=Window{406e9188 com.google.android.youtube/com.google.android.youtube.app.froyo.phone.HomeActivity paused=false} mode=3 mCurrentFocus = null
02-13 14:13:09.829 W/WindowManager(  206): updateFocusedWindowLocked newFocus=Window{406e9188 com.google.android.youtube/com.google.android.youtube.app.froyo.phone.HomeActivity paused=false} mode=3 mCurrentFocus = Window{406e9188 com.google.android.youtube/com.google.android.youtube.app.froyo.phone.HomeActivity paused=false}
02-13 14:13:09.859 W/WindowManager(  206): updateFocusedWindowLocked newFocus=Window{406e9188 com.google.android.youtube/com.google.android.youtube.app.froyo.phone.HomeActivity paused=false} mode=3 mCurrentFocus = Window{406e9188 com.google.android.youtube/com.google.android.youtube.app.froyo.phone.HomeActivity paused=false}
02-13 14:13:13.182 D/StatusBarPolicy(  317): onSignalStrengthsChanged:SignalStrength: 99 0 -93 -70 -92 -60 6 99 2147483647 2147483647 2147483647 2147483647 cdma for subscription0
02-13 14:13:13.182 D/StatusBarPolicy(  317): updateSignalStrength on subscription :0
02-13 14:13:13.182 D/StatusBarPolicy(  317): StatusBarPolocy::getIconLevel -EVDO
02-13 14:13:13.182 D/StatusBarPolicy(  317): getEvdoLevel_band_six -evdoDbm:-92
02-13 14:13:13.182 D/StatusBarPolicy(  317): getEvdoLevel_band_six -evdoEcio:-60
02-13 14:13:15.425 D/StatusBarPolicy(  317): onSignalStrengthsChanged:SignalStrength: 99 0 -93 -70 -90 -20 7 99 2147483647 2147483647 2147483647 2147483647 cdma for subscription0
02-13 14:13:15.425 D/StatusBarPolicy(  317): updateSignalStrength on subscription :0
02-13 14:13:15.435 D/PowerManagerService(  206): setTimeoutLocked now=2860450 timeoutOverride=-1 nextState=1 when=2967450
02-13 14:13:15.435 D/StatusBarPolicy(  317): StatusBarPolocy::getIconLevel -EVDO
02-13 14:13:15.435 D/StatusBarPolicy(  317): getEvdoLevel_band_six -evdoDbm:-90
02-13 14:13:15.435 D/StatusBarPolicy(  317): getEvdoLevel_band_six -evdoEcio:-20
02-13 14:13:21.390 D/ConnectivityService(  206): Dropping ConnectivityChange for WIFI: DISCONNECTED/SCANNING
02-13 14:13:21.881 D/StatusBarPolicy(  317): updateDataIcon subscription =0
02-13 14:13:22.171 D/StatusBarPolicy(  317): onSignalStrengthsChanged:SignalStrength: 99 0 -86 -70 -96 -20 7 99 2147483647 2147483647 2147483647 2147483647 cdma for subscription0
02-13 14:13:22.171 D/StatusBarPolicy(  317): updateSignalStrength on subscription :0
02-13 14:13:22.171 D/StatusBarPolicy(  317): StatusBarPolocy::getIconLevel -EVDO
02-13 14:13:22.171 D/StatusBarPolicy(  317): getEvdoLevel_band_six -evdoDbm:-96
02-13 14:13:22.181 D/StatusBarPolicy(  317): getEvdoLevel_band_six -evdoEcio:-20
02-13 14:13:22.371 D/ConnectivityService(  206): Dropping ConnectivityChange for WIFI: DISCONNECTED/IDLE
02-13 14:13:22.411 D/WifiService(  206): ACTION_BATTERY_CHANGED pluggedType: 0
02-13 14:13:22.411 D/WifiService(  206): WifiHandler, MESSAGE_UPDATE_STATE
02-13 14:13:22.411 D/WifiService(  206): isAirplaneModeOn(): false
02-13 14:13:22.411 D/WifiService(  206): updateWifiState(), wifiEnabled: true, airplaneMode: false, wifiShouldBeEnabled: true, wifiShouldBeStarted: true, strongestLockMode: 1
02-13 14:13:22.411 D/WifiService(  206): WifiHandler, MESSAGE_ENABLE_WIFI, msg.arg1: 0, msg.arg2: 1000
02-13 14:13:22.411 D/WifiService(  206): WifiHandler, MESSAGE_START_WIFI, msg.arg1: 1
02-13 14:13:24.433 D/StatusBarPolicy(  317): onSignalStrengthsChanged:SignalStrength: 99 0 -86 -70 -103 -20 7 99 2147483647 2147483647 2147483647 2147483647 cdma for subscription0
02-13 14:13:24.433 D/StatusBarPolicy(  317): updateSignalStrength on subscription :0
02-13 14:13:24.433 D/StatusBarPolicy(  317): StatusBarPolocy::getIconLevel -EVDO
02-13 14:13:24.443 D/StatusBarPolicy(  317): getEvdoLevel_band_six -evdoDbm:-103
02-13 14:13:24.443 D/StatusBarPolicy(  317): getEvdoLevel_band_six -evdoEcio:-20
02-13 14:13:26.656 D/StatusBarPolicy(  317): onSignalStrengthsChanged:SignalStrength: 99 0 -93 -70 -100 -20 8 99 2147483647 2147483647 2147483647 2147483647 cdma for subscription0
02-13 14:13:26.656 D/StatusBarPolicy(  317): updateSignalStrength on subscription :0
02-13 14:13:26.666 D/StatusBarPolicy(  317): StatusBarPolocy::getIconLevel -EVDO
02-13 14:13:26.666 D/StatusBarPolicy(  317): getEvdoLevel_band_six -evdoDbm:-100
02-13 14:13:26.666 D/StatusBarPolicy(  317): getEvdoLevel_band_six -evdoEcio:-20
