02-13 13:22:25.139 D/StatusBarPolicy(  317): onSignalStrengthsChanged:SignalStrength: 99 0 -93 -70 -93 -50 6 99 2147483647 2147483647 2147483647 2147483647 cdma for subscription0
02-13 13:22:25.139 D/StatusBarPolicy(  317): updateSignalStrength on subscription :0
02-13 13:22:25.139 D/StatusBarPolicy(  317): StatusBarPolocy::getIconLevel -EVDO
02-13 13:22:25.139 D/StatusBarPolicy(  317): getEvdoLevel_band_six -evdoDbm:-93
02-13 13:22:25.139 D/StatusBarPolicy(  317): getEvdoLevel_band_six -evdoEcio:-50
02-13 13:22:25.569 D/WifiService(  206): ACTION_SCREEN_OFF
02-13 13:22:25.579 D/WifiService(  206): setting ACTION_DEVICE_IDLE timer for 120,000 ms
02-13 13:22:26.761 D/PowerManagerService(  206): setTimeoutLocked now=205911 timeoutOverride=-1 nextState=3 when=211911
02-13 13:22:26.771 W/WindowManager(  206): updateFocusedWindowLocked newFocus=Window{4074a6d8 com.android.settings/com.android.settings.DeviceInfoSettings paused=false} mode=2 mCurrentFocus = Window{4074a6d8 com.android.settings/com.android.settings.DeviceInfoSettings paused=false}
02-13 13:22:26.771 W/WindowManager(  206): updateFocusedWindowLocked newFocus=Window{4074a6d8 com.android.settings/com.android.settings.DeviceInfoSettings paused=false} mode=2 mCurrentFocus = Window{4074a6d8 com.android.settings/com.android.settings.DeviceInfoSettings paused=false}
02-13 13:22:26.781 D/WifiService(  206): ACTION_SCREEN_ON
02-13 13:22:26.781 D/WifiService(  206): WifiHandler, MESSAGE_UPDATE_STATE
02-13 13:22:26.781 D/WifiService(  206): isAirplaneModeOn(): false
02-13 13:22:26.781 D/WifiService(  206): updateWifiState(), wifiEnabled: true, airplaneMode: false, wifiShouldBeEnabled: true, wifiShouldBeStarted: true, strongestLockMode: 1
02-13 13:22:26.781 D/WifiService(  206): WifiHandler, MESSAGE_ENABLE_WIFI, msg.arg1: 0, msg.arg2: 1000
02-13 13:22:26.781 D/WifiService(  206): WifiHandler, MESSAGE_START_WIFI, msg.arg1: 1
02-13 13:22:26.821 I/TelephonyRegistry(  206): notifyServiceState: 0 home Sprint  310099  EvDo rev. A CSS not supported 41 4139RoamInd: 1RoamStatus(sprint): 1DefRoamInd: 160EmergOnly: false
02-13 13:22:26.821 D/StatusBarPolicy(  317): onServiceStateChanged:0 home Sprint  310099  EvDo rev. A CSS not supported 41 4139RoamInd: 1RoamStatus(sprint): 1DefRoamInd: 160EmergOnly: falsefor subscription :0
02-13 13:22:26.821 D/StatusBarPolicy(  317): updateSignalStrength on subscription :0
02-13 13:22:26.821 D/StatusBarPolicy(  317): StatusBarPolocy::getIconLevel -EVDO
02-13 13:22:26.821 D/StatusBarPolicy(  317): getEvdoLevel_band_six -evdoDbm:-93
02-13 13:22:26.821 D/StatusBarPolicy(  317): getEvdoLevel_band_six -evdoEcio:-50
02-13 13:22:26.821 D/StatusBarPolicy(  317): updateDataIcon subscription =0
02-13 13:22:27.371 D/StatusBarPolicy(  317): onSignalStrengthsChanged:SignalStrength: 99 0 -93 -70 -92 -30 6 99 2147483647 2147483647 2147483647 2147483647 cdma for subscription0
02-13 13:22:27.371 D/StatusBarPolicy(  317): updateSignalStrength on subscription :0
02-13 13:22:27.371 D/StatusBarPolicy(  317): StatusBarPolocy::getIconLevel -EVDO
02-13 13:22:27.371 D/StatusBarPolicy(  317): getEvdoLevel_band_six -evdoDbm:-92
02-13 13:22:27.371 D/StatusBarPolicy(  317): getEvdoLevel_band_six -evdoEcio:-30
02-13 13:22:27.772 D/PowerManagerService(  206): setTimeoutLocked now=206939 timeoutOverride=-1 nextState=3 when=212939
02-13 13:22:27.792 D/StatusBarPolicy(  317): updateDataIcon subscription =0
02-13 13:22:28.192 D/PowerManagerService(  206): setTimeoutLocked now=207351 timeoutOverride=-1 nextState=3 when=213351
02-13 13:22:28.352 D/PowerManagerService(  206): setTimeoutLocked now=207514 timeoutOverride=-1 nextState=3 when=213514
02-13 13:22:28.532 D/PowerManagerService(  206): setTimeoutLocked now=207690 timeoutOverride=-1 nextState=3 when=213690
02-13 13:22:28.803 D/StatusBarPolicy(  317): updateDataIcon subscription =0
02-13 13:22:28.853 D/PowerManagerService(  206): setTimeoutLocked now=208016 timeoutOverride=-1 nextState=3 when=214016
02-13 13:22:28.873 D/PowerManagerService(  206): setTimeoutLocked now=208029 timeoutOverride=-1 nextState=3 when=214029
02-13 13:22:29.073 D/PowerManagerService(  206): setTimeoutLocked now=208230 timeoutOverride=-1 nextState=3 when=214230
02-13 13:22:29.593 D/StatusBarPolicy(  317): onSignalStrengthsChanged:SignalStrength: 99 0 -99 -130 -92 -50 5 99 2147483647 2147483647 2147483647 2147483647 cdma for subscription0
02-13 13:22:29.593 D/StatusBarPolicy(  317): updateSignalStrength on subscription :0
02-13 13:22:29.593 D/StatusBarPolicy(  317): StatusBarPolocy::getIconLevel -EVDO
02-13 13:22:29.593 D/StatusBarPolicy(  317): getEvdoLevel_band_six -evdoDbm:-92
02-13 13:22:29.593 D/StatusBarPolicy(  317): getEvdoLevel_band_six -evdoEcio:-50
02-13 13:22:30.264 D/WifiService(  206): ACTION_BATTERY_CHANGED pluggedType: 0
02-13 13:22:30.274 D/WifiService(  206): WifiHandler, MESSAGE_UPDATE_STATE
02-13 13:22:30.274 D/WifiService(  206): isAirplaneModeOn(): false
02-13 13:22:30.274 D/WifiService(  206): updateWifiState(), wifiEnabled: true, airplaneMode: false, wifiShouldBeEnabled: true, wifiShouldBeStarted: true, strongestLockMode: 1
02-13 13:22:30.274 D/WifiService(  206): WifiHandler, MESSAGE_ENABLE_WIFI, msg.arg1: 0, msg.arg2: 1000
02-13 13:22:30.274 D/WifiService(  206): WifiHandler, MESSAGE_START_WIFI, msg.arg1: 1
02-13 13:22:30.805 D/StatusBarPolicy(  317): updateDataIcon subscription =0
02-13 13:22:31.745 D/PowerManagerService(  206): setTimeoutLocked now=210914 timeoutOverride=-1 nextState=3 when=216914
02-13 13:22:31.836 D/StatusBarPolicy(  317): onSignalStrengthsChanged:SignalStrength: 99 0 -99 -130 -92 -30 7 99 2147483647 2147483647 2147483647 2147483647 cdma for subscription0
02-13 13:22:31.836 D/StatusBarPolicy(  317): updateSignalStrength on subscription :0
02-13 13:22:31.836 D/StatusBarPolicy(  317): StatusBarPolocy::getIconLevel -EVDO
02-13 13:22:31.836 D/StatusBarPolicy(  317): getEvdoLevel_band_six -evdoDbm:-92
02-13 13:22:31.836 D/StatusBarPolicy(  317): getEvdoLevel_band_six -evdoEcio:-30
02-13 13:22:31.876 W/WindowManager(  206): updateFocusedWindowLocked newFocus=Window{4074a6d8 com.android.settings/com.android.settings.DeviceInfoSettings paused=true} mode=0 mCurrentFocus = Window{4074a6d8 com.android.settings/com.android.settings.DeviceInfoSettings paused=true}
02-13 13:22:31.886 W/WindowManager(  206): updateFocusedWindowLocked newFocus=Window{406ff690 com.android.settings/com.android.settings.Settings paused=false} mode=3 mCurrentFocus = Window{4074a6d8 com.android.settings/com.android.settings.DeviceInfoSettings paused=false}
02-13 13:22:31.906 W/WindowManager(  206): updateFocusedWindowLocked newFocus=Window{406ff690 com.android.settings/com.android.settings.Settings paused=false} mode=2 mCurrentFocus = Window{406ff690 com.android.settings/com.android.settings.Settings paused=false}
02-13 13:22:31.906 W/WindowManager(  206): updateFocusedWindowLocked newFocus=Window{406ff690 com.android.settings/com.android.settings.Settings paused=false} mode=2 mCurrentFocus = Window{406ff690 com.android.settings/com.android.settings.Settings paused=false}
02-13 13:22:31.916 W/WindowManager(  206): updateFocusedWindowLocked newFocus=Window{406ff690 com.android.settings/com.android.settings.Settings paused=false} mode=3 mCurrentFocus = Window{406ff690 com.android.settings/com.android.settings.Settings paused=false}
02-13 13:22:32.086 W/WindowManager(  206): updateFocusedWindowLocked newFocus=Window{406ff690 com.android.settings/com.android.settings.Settings paused=false} mode=3 mCurrentFocus = Window{406ff690 com.android.settings/com.android.settings.Settings paused=false}
02-13 13:22:32.106 W/WindowManager(  206): updateFocusedWindowLocked newFocus=Window{406ff690 com.android.settings/com.android.settings.Settings paused=false} mode=0 mCurrentFocus = Window{406ff690 com.android.settings/com.android.settings.Settings paused=false}
02-13 13:22:32.847 D/StatusBarPolicy(  317): updateDataIcon subscription =0
02-13 13:22:33.187 D/PowerManagerService(  206): setTimeoutLocked now=212347 timeoutOverride=-1 nextState=3 when=218347
02-13 13:22:33.547 D/ConnectivityService(  206): Dropping ConnectivityChange for WIFI: DISCONNECTED/SCANNING
02-13 13:22:33.647 I/ActivityManager(  206): Starting: Intent { act=android.intent.action.MAIN cat=[android.intent.category.HOME] flg=0x10200000 cmp=com.android.launcher/com.android.launcher2.Launcher } from pid 206
02-13 13:22:33.657 W/WindowManager(  206): updateFocusedWindowLocked newFocus=Window{406ff690 com.android.settings/com.android.settings.Settings paused=true} mode=3 mCurrentFocus = Window{406ff690 com.android.settings/com.android.settings.Settings paused=true}
02-13 13:22:33.667 W/WindowManager(  206): updateFocusedWindowLocked newFocus=null mode=0 mCurrentFocus = Window{406ff690 com.android.settings/com.android.settings.Settings paused=true}
02-13 13:22:33.677 W/WindowManager(  206): updateFocusedWindowLocked newFocus=null mode=3 mCurrentFocus = null
02-13 13:22:33.707 W/WindowManager(  206): updateFocusedWindowLocked newFocus=Window{4062a350 com.android.launcher/com.android.launcher2.Launcher paused=false} mode=2 mCurrentFocus = null
02-13 13:22:33.707 W/WindowManager(  206): updateFocusedWindowLocked newFocus=Window{4062a350 com.android.launcher/com.android.launcher2.Launcher paused=false} mode=2 mCurrentFocus = Window{4062a350 com.android.launcher/com.android.launcher2.Launcher paused=false}
02-13 13:22:33.717 W/WindowManager(  206): updateFocusedWindowLocked newFocus=Window{4062a350 com.android.launcher/com.android.launcher2.Launcher paused=false} mode=3 mCurrentFocus = Window{4062a350 com.android.launcher/com.android.launcher2.Launcher paused=false}
02-13 13:22:33.777 D/StatusBarPolicy(  317): onSignalStrengthsChanged:SignalStrength: 99 0 -100 -75 -100 -35 7 99 2147483647 2147483647 2147483647 2147483647 cdma for subscription0
02-13 13:22:33.777 D/StatusBarPolicy(  317): updateSignalStrength on subscription :0
02-13 13:22:33.777 D/StatusBarPolicy(  317): StatusBarPolocy::getIconLevel -EVDO
02-13 13:22:33.777 D/StatusBarPolicy(  317): getEvdoLevel_band_six -evdoDbm:-100
02-13 13:22:33.777 D/StatusBarPolicy(  317): getEvdoLevel_band_six -evdoEcio:-35
02-13 13:22:33.797 I/TelephonyRegistry(  206): notifyServiceState: 0 home Sprint  310099  EvDo rev. A CSS not supported 41 4139RoamInd: 1RoamStatus(sprint): 1DefRoamInd: 160EmergOnly: false
02-13 13:22:33.827 D/StatusBarPolicy(  317): onServiceStateChanged:0 home Sprint  310099  EvDo rev. A CSS not supported 41 4139RoamInd: 1RoamStatus(sprint): 1DefRoamInd: 160EmergOnly: falsefor subscription :0
02-13 13:22:33.827 D/StatusBarPolicy(  317): updateSignalStrength on subscription :0
02-13 13:22:33.827 D/StatusBarPolicy(  317): StatusBarPolocy::getIconLevel -EVDO
02-13 13:22:33.827 D/StatusBarPolicy(  317): getEvdoLevel_band_six -evdoDbm:-100
02-13 13:22:33.827 D/StatusBarPolicy(  317): getEvdoLevel_band_six -evdoEcio:-35
02-13 13:22:33.827 D/StatusBarPolicy(  317): updateDataIcon subscription =0
02-13 13:22:33.858 D/StatusBarPolicy(  317): updateDataIcon subscription =0
02-13 13:22:34.068 D/StatusBarPolicy(  317): onSignalStrengthsChanged:SignalStrength: 99 0 -100 -75 -98 -40 7 99 2147483647 2147483647 2147483647 2147483647 cdma for subscription0
02-13 13:22:34.068 D/StatusBarPolicy(  317): updateSignalStrength on subscription :0
02-13 13:22:34.068 D/StatusBarPolicy(  317): StatusBarPolocy::getIconLevel -EVDO
02-13 13:22:34.068 D/StatusBarPolicy(  317): getEvdoLevel_band_six -evdoDbm:-98
02-13 13:22:34.068 D/StatusBarPolicy(  317): getEvdoLevel_band_six -evdoEcio:-40
02-13 13:22:34.368 D/PowerManagerService(  206): setTimeoutLocked now=213536 timeoutOverride=-1 nextState=3 when=219536
02-13 13:22:34.508 D/ConnectivityService(  206): Dropping ConnectivityChange for WIFI: DISCONNECTED/IDLE
02-13 13:22:34.508 D/PowerManagerService(  206): setTimeoutLocked now=213676 timeoutOverride=-1 nextState=3 when=219676
02-13 13:22:34.518 I/ActivityManager(  206): Starting: Intent { act=android.intent.action.MAIN flg=0x10000000 cmp=com.android.contacts/.DialtactsActivity } from pid 900
02-13 13:22:34.528 W/WindowManager(  206): updateFocusedWindowLocked newFocus=null mode=3 mCurrentFocus = Window{4062a350 com.android.launcher/com.android.launcher2.Launcher paused=true}
02-13 13:22:34.548 W/WindowManager(  206): updateFocusedWindowLocked newFocus=null mode=0 mCurrentFocus = null
02-13 13:22:34.558 W/WindowManager(  206): updateFocusedWindowLocked newFocus=null mode=3 mCurrentFocus = null
02-13 13:22:34.588 W/WindowManager(  206): updateFocusedWindowLocked newFocus=Window{409b1f80 com.android.contacts/com.android.contacts.DialtactsActivity paused=false} mode=2 mCurrentFocus = null
02-13 13:22:34.588 W/WindowManager(  206): updateFocusedWindowLocked newFocus=Window{409b1f80 com.android.contacts/com.android.contacts.DialtactsActivity paused=false} mode=2 mCurrentFocus = Window{409b1f80 com.android.contacts/com.android.contacts.DialtactsActivity paused=false}
02-13 13:22:34.638 W/WindowManager(  206): updateFocusedWindowLocked newFocus=Window{409b1f80 com.android.contacts/com.android.contacts.DialtactsActivity paused=false} mode=3 mCurrentFocus = Window{409b1f80 com.android.contacts/com.android.contacts.DialtactsActivity paused=false}
02-13 13:22:35.429 D/PowerManagerService(  206): setTimeoutLocked now=214596 timeoutOverride=-1 nextState=3 when=220596
02-13 13:22:35.589 D/PowerManagerService(  206): setTimeoutLocked now=214758 timeoutOverride=-1 nextState=3 when=220758
02-13 13:22:35.950 D/PowerManagerService(  206): setTimeoutLocked now=215108 timeoutOverride=-1 nextState=3 when=221108
02-13 13:22:36.200 D/PowerManagerService(  206): setTimeoutLocked now=215359 timeoutOverride=-1 nextState=3 when=221359
02-13 13:22:36.470 D/PowerManagerService(  206): setTimeoutLocked now=215637 timeoutOverride=-1 nextState=3 when=221637
02-13 13:22:38.522 D/PowerManagerService(  206): setTimeoutLocked now=217682 timeoutOverride=-1 nextState=3 when=223682
02-13 13:22:38.622 D/PowerManagerService(  206): setTimeoutLocked now=217780 timeoutOverride=-1 nextState=3 when=223780
02-13 13:22:38.862 I/ActivityManager(  206): Starting: Intent { flg=0x10000000 cmp=com.zte.emode/.EmodeSubmenu (has extras) } from pid 890
02-13 13:22:38.952 W/WindowManager(  206): updateFocusedWindowLocked newFocus=null mode=0 mCurrentFocus = Window{409b1f80 com.android.contacts/com.android.contacts.DialtactsActivity paused=true}
02-13 13:22:38.973 W/WindowManager(  206): updateFocusedWindowLocked newFocus=null mode=3 mCurrentFocus = null
02-13 13:22:39.003 W/WindowManager(  206): updateFocusedWindowLocked newFocus=null mode=2 mCurrentFocus = null
02-13 13:22:39.003 W/WindowManager(  206): updateFocusedWindowLocked newFocus=Window{4083cba8 com.zte.emode/com.zte.emode.EmodeSubmenu paused=false} mode=2 mCurrentFocus = null
02-13 13:22:39.033 W/InputManagerService(  206): Starting input on non-focused client com.android.internal.view.IInputMethodClient$Stub$Proxy@407f6eb8 (uid=10007 pid=402)
02-13 13:22:39.033 W/WindowManager(  206): updateFocusedWindowLocked newFocus=Window{4083cba8 com.zte.emode/com.zte.emode.EmodeSubmenu paused=false} mode=3 mCurrentFocus = Window{4083cba8 com.zte.emode/com.zte.emode.EmodeSubmenu paused=false}
02-13 13:22:40.114 D/PowerManagerService(  206): setTimeoutLocked now=219280 timeoutOverride=-1 nextState=3 when=225280
02-13 13:22:40.234 D/PowerManagerService(  206): setTimeoutLocked now=219404 timeoutOverride=-1 nextState=3 when=225404
02-13 13:22:40.284 I/ActivityManager(  206): Starting: Intent { flg=0x10000000 cmp=com.zte.emode/.DevInfo (has extras) } from pid 890
02-13 13:22:40.304 W/WindowManager(  206): updateFocusedWindowLocked newFocus=null mode=0 mCurrentFocus = Window{4083cba8 com.zte.emode/com.zte.emode.EmodeSubmenu paused=true}
02-13 13:22:40.354 W/WindowManager(  206): updateFocusedWindowLocked newFocus=Window{407ed6d8 com.zte.emode/com.zte.emode.DevInfo paused=false} mode=3 mCurrentFocus = null
02-13 13:22:40.404 W/WindowManager(  206): updateFocusedWindowLocked newFocus=Window{407ed6d8 com.zte.emode/com.zte.emode.DevInfo paused=false} mode=2 mCurrentFocus = Window{407ed6d8 com.zte.emode/com.zte.emode.DevInfo paused=false}
02-13 13:22:40.404 W/WindowManager(  206): updateFocusedWindowLocked newFocus=Window{407ed6d8 com.zte.emode/com.zte.emode.DevInfo paused=false} mode=2 mCurrentFocus = Window{407ed6d8 com.zte.emode/com.zte.emode.DevInfo paused=false}
02-13 13:22:40.414 W/WindowManager(  206): updateFocusedWindowLocked newFocus=Window{407ed6d8 com.zte.emode/com.zte.emode.DevInfo paused=false} mode=3 mCurrentFocus = Window{407ed6d8 com.zte.emode/com.zte.emode.DevInfo paused=false}
