02-13 13:21:10.456 I/ActivityManager(  206): Starting: Intent { act=com.sprint.ACTION_ALLOCATE_AND_BIND_ALL cat=[android.intent.category.DEFAULT] flg=0x10000000 cmp=com.android.launcher/com.android.launcher2.AppWidgetIdGenerator } from pid 489
02-13 13:21:10.516 W/WindowManager(  206): updateFocusedWindowLocked newFocus=null mode=0 mCurrentFocus = Window{40afd720 com.zte.emode/com.zte.emode.EmodeSubmenu paused=true}
02-13 13:21:10.566 I/ActivityManager(  206): No longer want com.google.android.googlequicksearchbox (pid 570): hidden #16
02-13 13:21:10.586 I/ActivityManager(  206): Start proc com.google.android.partnersetup for broadcast com.google.android.partnersetup/.AppInstalledReceiver: pid=937 uid=10041 gids={3003}
02-13 13:21:10.686 I/ActivityManager(  206): Starting: Intent { flg=0x10000000 cmp=com.zte.emode/.DevInfo (has extras) } from pid 890
02-13 13:21:10.686 I/ActivityManager(  206): No longer want com.cooliris.media (pid 644): hidden #16
02-13 13:21:10.796 W/WindowManager(  206): updateFocusedWindowLocked newFocus=null mode=0 mCurrentFocus = null
02-13 13:21:10.807 I/ActivityManager(  206): Starting: Intent { flg=0x10000000 cmp=com.zte.emode/.DevInfo (has extras) } from pid 890
02-13 13:21:10.927 I/ActivityManager(  206): Start proc com.sprint.widget.tutorial for broadcast com.sprint.widget.tutorial/.TutorialWidgetProvider1: pid=945 uid=10060 gids={1015}
02-13 13:21:10.947 D/PowerManagerService(  206): setTimeoutLocked now=130110 timeoutOverride=-1 nextState=3 when=136110
02-13 13:21:10.967 W/WindowManager(  206): updateFocusedWindowLocked newFocus=null mode=0 mCurrentFocus = null
02-13 13:21:11.007 D/PowerManagerService(  206): setTimeoutLocked now=130177 timeoutOverride=-1 nextState=3 when=136177
02-13 13:21:11.017 W/WindowManager(  206): updateFocusedWindowLocked newFocus=null mode=3 mCurrentFocus = null
02-13 13:21:11.087 W/WindowManager(  206): updateFocusedWindowLocked newFocus=Window{409acbc0 com.zte.emode/com.zte.emode.DevInfo paused=false} mode=3 mCurrentFocus = null
02-13 13:21:11.107 W/WindowManager(  206): updateFocusedWindowLocked newFocus=null mode=2 mCurrentFocus = Window{409acbc0 com.zte.emode/com.zte.emode.DevInfo paused=false}
02-13 13:21:11.107 W/WindowManager(  206): updateFocusedWindowLocked newFocus=Window{409acbc0 com.zte.emode/com.zte.emode.DevInfo paused=false} mode=2 mCurrentFocus = null
02-13 13:21:11.107 W/WindowManager(  206): updateFocusedWindowLocked newFocus=Window{409acbc0 com.zte.emode/com.zte.emode.DevInfo paused=false} mode=3 mCurrentFocus = Window{409acbc0 com.zte.emode/com.zte.emode.DevInfo paused=false}
02-13 13:21:11.117 W/WindowManager(  206): updateFocusedWindowLocked newFocus=Window{409acbc0 com.zte.emode/com.zte.emode.DevInfo paused=false} mode=3 mCurrentFocus = Window{409acbc0 com.zte.emode/com.zte.emode.DevInfo paused=false}
02-13 13:21:11.117 I/ActivityManager(  206): No longer want zte.com.cn.alarmclock (pid 653): hidden #16
02-13 13:21:11.177 D/StatusBarPolicy(  317): onSignalStrengthsChanged:SignalStrength: 99 0 -98 -70 -89 -45 6 99 2147483647 2147483647 2147483647 2147483647 cdma for subscription0
02-13 13:21:11.177 D/StatusBarPolicy(  317): updateSignalStrength on subscription :0
02-13 13:21:11.177 D/StatusBarPolicy(  317): StatusBarPolocy::getIconLevel -EVDO
02-13 13:21:11.177 D/StatusBarPolicy(  317): getEvdoLevel_band_six -evdoDbm:-89
02-13 13:21:11.177 D/StatusBarPolicy(  317): getEvdoLevel_band_six -evdoEcio:-45
02-13 13:21:11.447 I/TelephonyRegistry(  206): notifyMessageWaitingChanged: true
02-13 13:21:11.547 I/ActivityManager(  206): Start proc com.google.android.voicesearch for broadcast com.google.android.voicesearch/.GservicesBroadcastReceiver: pid=958 uid=10004 gids={3003, 1015}
02-13 13:21:11.747 I/ActivityManager(  206): No longer want com.google.android.apps.maps:LocationFriendService (pid 827): hidden #16
02-13 13:21:11.797 I/ActivityManager(  206): Starting: Intent { flg=0x10000000 cmp=com.google.android.gsf/.update.SystemUpdateInstallDialog } from pid 374
02-13 13:21:11.807 W/WindowManager(  206): updateFocusedWindowLocked newFocus=null mode=0 mCurrentFocus = Window{409acbc0 com.zte.emode/com.zte.emode.DevInfo paused=true}
02-13 13:21:11.838 W/WindowManager(  206): updateFocusedWindowLocked newFocus=Window{409acbc0 com.zte.emode/com.zte.emode.DevInfo paused=false} mode=0 mCurrentFocus = null
02-13 13:21:11.848 W/InputManagerService(  206): Window already focused, ignoring focus gain of: com.android.internal.view.IInputMethodClient$Stub$Proxy@40806378
02-13 13:21:11.868 W/WindowManager(  206): updateFocusedWindowLocked newFocus=Window{409acbc0 com.zte.emode/com.zte.emode.DevInfo paused=false} mode=2 mCurrentFocus = Window{409acbc0 com.zte.emode/com.zte.emode.DevInfo paused=false}
02-13 13:21:11.868 W/WindowManager(  206): updateFocusedWindowLocked newFocus=Window{409acbc0 com.zte.emode/com.zte.emode.DevInfo paused=false} mode=2 mCurrentFocus = Window{409acbc0 com.zte.emode/com.zte.emode.DevInfo paused=false}
02-13 13:21:11.988 D/StatusBarPolicy(  317): updateDataIcon subscription =0
02-13 13:21:12.618 I/ActivityManager(  206): No longer want com.google.android.apps.uploader (pid 784): hidden #16
02-13 13:21:12.999 D/StatusBarPolicy(  317): updateDataIcon subscription =0
02-13 13:21:13.179 D/PowerManagerService(  206): setTimeoutLocked now=132340 timeoutOverride=-1 nextState=3 when=138340
02-13 13:21:13.189 D/PowerManagerService(  206): setTimeoutLocked now=132353 timeoutOverride=-1 nextState=3 when=138353
02-13 13:21:13.299 D/PowerManagerService(  206): setTimeoutLocked now=132466 timeoutOverride=-1 nextState=3 when=138466
02-13 13:21:13.299 W/WindowManager(  206): updateFocusedWindowLocked newFocus=Window{409acbc0 com.zte.emode/com.zte.emode.DevInfo paused=true} mode=0 mCurrentFocus = Window{409acbc0 com.zte.emode/com.zte.emode.DevInfo paused=true}
02-13 13:21:13.319 W/WindowManager(  206): updateFocusedWindowLocked newFocus=Window{407ca518 com.zte.emode/com.zte.emode.DevInfo paused=false} mode=3 mCurrentFocus = Window{409acbc0 com.zte.emode/com.zte.emode.DevInfo paused=false}
02-13 13:21:13.339 W/WindowManager(  206): updateFocusedWindowLocked newFocus=Window{407ca518 com.zte.emode/com.zte.emode.DevInfo paused=false} mode=2 mCurrentFocus = Window{407ca518 com.zte.emode/com.zte.emode.DevInfo paused=false}
02-13 13:21:13.339 W/WindowManager(  206): updateFocusedWindowLocked newFocus=Window{407ca518 com.zte.emode/com.zte.emode.DevInfo paused=false} mode=2 mCurrentFocus = Window{407ca518 com.zte.emode/com.zte.emode.DevInfo paused=false}
02-13 13:21:13.339 W/WindowManager(  206): updateFocusedWindowLocked newFocus=Window{407ca518 com.zte.emode/com.zte.emode.DevInfo paused=false} mode=3 mCurrentFocus = Window{407ca518 com.zte.emode/com.zte.emode.DevInfo paused=false}
02-13 13:21:13.419 D/StatusBarPolicy(  317): onSignalStrengthsChanged:SignalStrength: 99 0 -98 -70 -88 -35 7 99 2147483647 2147483647 2147483647 2147483647 cdma for subscription0
02-13 13:21:13.419 D/StatusBarPolicy(  317): updateSignalStrength on subscription :0
02-13 13:21:13.419 D/StatusBarPolicy(  317): StatusBarPolocy::getIconLevel -EVDO
02-13 13:21:13.419 D/StatusBarPolicy(  317): getEvdoLevel_band_six -evdoDbm:-88
02-13 13:21:13.419 D/StatusBarPolicy(  317): getEvdoLevel_band_six -evdoEcio:-35
02-13 13:21:13.669 D/ConnectivityService(  206): Dropping ConnectivityChange for WIFI: DISCONNECTED/SCANNING
02-13 13:21:13.679 I/ActivityManager(  206): Start proc com.cooliris.media for broadcast com.cooliris.media/com.cooliris.cache.BootReceiver: pid=984 uid=10046 gids={1015, 3003}
02-13 13:21:13.789 I/ActivityManager(  206): No longer want com.sprint.w.prefact (pid 864): hidden #16
02-13 13:21:14.420 D/PowerManagerService(  206): setTimeoutLocked now=133579 timeoutOverride=-1 nextState=3 when=139579
02-13 13:21:14.530 D/PowerManagerService(  206): setTimeoutLocked now=133693 timeoutOverride=-1 nextState=3 when=139693
02-13 13:21:14.530 W/WindowManager(  206): updateFocusedWindowLocked newFocus=Window{407ca518 com.zte.emode/com.zte.emode.DevInfo paused=true} mode=0 mCurrentFocus = Window{407ca518 com.zte.emode/com.zte.emode.DevInfo paused=true}
02-13 13:21:14.570 W/WindowManager(  206): updateFocusedWindowLocked newFocus=Window{40afd720 com.zte.emode/com.zte.emode.EmodeSubmenu paused=false} mode=3 mCurrentFocus = Window{407ca518 com.zte.emode/com.zte.emode.DevInfo paused=false}
02-13 13:21:14.580 W/WindowManager(  206): updateFocusedWindowLocked newFocus=Window{40afd720 com.zte.emode/com.zte.emode.EmodeSubmenu paused=false} mode=2 mCurrentFocus = Window{40afd720 com.zte.emode/com.zte.emode.EmodeSubmenu paused=false}
02-13 13:21:14.580 W/WindowManager(  206): updateFocusedWindowLocked newFocus=Window{40afd720 com.zte.emode/com.zte.emode.EmodeSubmenu paused=false} mode=2 mCurrentFocus = Window{40afd720 com.zte.emode/com.zte.emode.EmodeSubmenu paused=false}
02-13 13:21:14.590 W/WindowManager(  206): updateFocusedWindowLocked newFocus=Window{40afd720 com.zte.emode/com.zte.emode.EmodeSubmenu paused=false} mode=3 mCurrentFocus = Window{40afd720 com.zte.emode/com.zte.emode.EmodeSubmenu paused=false}
02-13 13:21:14.620 D/ConnectivityService(  206): Dropping ConnectivityChange for WIFI: DISCONNECTED/IDLE
02-13 13:21:14.770 W/WindowManager(  206): updateFocusedWindowLocked newFocus=Window{40afd720 com.zte.emode/com.zte.emode.EmodeSubmenu paused=false} mode=3 mCurrentFocus = Window{40afd720 com.zte.emode/com.zte.emode.EmodeSubmenu paused=false}
02-13 13:21:14.770 W/WindowManager(  206): updateFocusedWindowLocked newFocus=Window{40afd720 com.zte.emode/com.zte.emode.EmodeSubmenu paused=false} mode=0 mCurrentFocus = Window{40afd720 com.zte.emode/com.zte.emode.EmodeSubmenu paused=false}
02-13 13:21:15.291 D/PowerManagerService(  206): setTimeoutLocked now=134455 timeoutOverride=-1 nextState=3 when=140455
02-13 13:21:15.381 W/WindowManager(  206): updateFocusedWindowLocked newFocus=Window{40afd720 com.zte.emode/com.zte.emode.EmodeSubmenu paused=true} mode=0 mCurrentFocus = Window{40afd720 com.zte.emode/com.zte.emode.EmodeSubmenu paused=true}
02-13 13:21:15.701 W/WindowManager(  206): updateFocusedWindowLocked newFocus=Window{4062a350 com.android.launcher/com.android.launcher2.Launcher paused=false} mode=3 mCurrentFocus = Window{40afd720 com.zte.emode/com.zte.emode.EmodeSubmenu paused=false}
02-13 13:21:15.741 W/WindowManager(  206): updateFocusedWindowLocked newFocus=Window{4062a350 com.android.launcher/com.android.launcher2.Launcher paused=false} mode=2 mCurrentFocus = Window{4062a350 com.android.launcher/com.android.launcher2.Launcher paused=false}
02-13 13:21:15.741 W/WindowManager(  206): updateFocusedWindowLocked newFocus=Window{4062a350 com.android.launcher/com.android.launcher2.Launcher paused=false} mode=2 mCurrentFocus = Window{4062a350 com.android.launcher/com.android.launcher2.Launcher paused=false}
02-13 13:21:15.751 W/WindowManager(  206): updateFocusedWindowLocked newFocus=Window{4062a350 com.android.launcher/com.android.launcher2.Launcher paused=false} mode=3 mCurrentFocus = Window{4062a350 com.android.launcher/com.android.launcher2.Launcher paused=false}
02-13 13:21:16.572 D/PowerManagerService(  206): setTimeoutLocked now=135735 timeoutOverride=-1 nextState=3 when=141735
02-13 13:21:16.652 D/PowerManagerService(  206): setTimeoutLocked now=135810 timeoutOverride=-1 nextState=3 when=141810
02-13 13:21:16.692 I/ActivityManager(  206): Starting: Intent { act=android.intent.action.MAIN flg=0x10000000 cmp=com.android.contacts/.DialtactsActivity } from pid 900
02-13 13:21:16.702 W/WindowManager(  206): updateFocusedWindowLocked newFocus=null mode=3 mCurrentFocus = Window{4062a350 com.android.launcher/com.android.launcher2.Launcher paused=true}
02-13 13:21:16.732 W/WindowManager(  206): updateFocusedWindowLocked newFocus=null mode=0 mCurrentFocus = null
02-13 13:21:16.742 W/WindowManager(  206): updateFocusedWindowLocked newFocus=null mode=3 mCurrentFocus = null
02-13 13:21:16.772 W/WindowManager(  206): updateFocusedWindowLocked newFocus=Window{409b1f80 com.android.contacts/com.android.contacts.DialtactsActivity paused=false} mode=2 mCurrentFocus = null
02-13 13:21:16.772 W/WindowManager(  206): updateFocusedWindowLocked newFocus=Window{409b1f80 com.android.contacts/com.android.contacts.DialtactsActivity paused=false} mode=2 mCurrentFocus = Window{409b1f80 com.android.contacts/com.android.contacts.DialtactsActivity paused=false}
02-13 13:21:16.792 W/WindowManager(  206): updateFocusedWindowLocked newFocus=Window{409b1f80 com.android.contacts/com.android.contacts.DialtactsActivity paused=false} mode=3 mCurrentFocus = Window{409b1f80 com.android.contacts/com.android.contacts.DialtactsActivity paused=false}
02-13 13:21:17.103 W/WindowManager(  206): updateFocusedWindowLocked newFocus=Window{409b1f80 com.android.contacts/com.android.contacts.DialtactsActivity paused=false} mode=3 mCurrentFocus = Window{409b1f80 com.android.contacts/com.android.contacts.DialtactsActivity paused=false}
02-13 13:21:17.113 W/WindowManager(  206): updateFocusedWindowLocked newFocus=Window{409b1f80 com.android.contacts/com.android.contacts.DialtactsActivity paused=false} mode=0 mCurrentFocus = Window{409b1f80 com.android.contacts/com.android.contacts.DialtactsActivity paused=false}
02-13 13:21:17.113 W/WindowManager(  206): updateFocusedWindowLocked newFocus=Window{409b1f80 com.android.contacts/com.android.contacts.DialtactsActivity paused=false} mode=3 mCurrentFocus = Window{409b1f80 com.android.contacts/com.android.contacts.DialtactsActivity paused=false}
02-13 13:21:17.123 W/WindowManager(  206): updateFocusedWindowLocked newFocus=Window{409b1f80 com.android.contacts/com.android.contacts.DialtactsActivity paused=false} mode=0 mCurrentFocus = Window{409b1f80 com.android.contacts/com.android.contacts.DialtactsActivity paused=false}
02-13 13:21:17.613 D/PowerManagerService(  206): setTimeoutLocked now=136770 timeoutOverride=-1 nextState=3 when=142770
02-13 13:21:17.713 D/PowerManagerService(  206): setTimeoutLocked now=136882 timeoutOverride=-1 nextState=3 when=142882
02-13 13:21:20.186 D/PowerManagerService(  206): setTimeoutLocked now=139355 timeoutOverride=-1 nextState=3 when=145355
02-13 13:21:20.236 D/PowerManagerService(  206): setTimeoutLocked now=139403 timeoutOverride=-1 nextState=3 when=145403
02-13 13:21:21.026 D/StatusBarPolicy(  317): updateDataIcon subscription =0
02-13 13:21:22.158 D/PowerManagerService(  206): setTimeoutLocked now=141312 timeoutOverride=-1 nextState=3 when=147312
02-13 13:21:22.278 D/PowerManagerService(  206): setTimeoutLocked now=141440 timeoutOverride=-1 nextState=3 when=147440
02-13 13:21:22.418 D/StatusBarPolicy(  317): onSignalStrengthsChanged:SignalStrength: 99 0 -98 -70 -96 -35 7 99 2147483647 2147483647 2147483647 2147483647 cdma for subscription0
02-13 13:21:22.418 D/StatusBarPolicy(  317): updateSignalStrength on subscription :0
02-13 13:21:22.418 D/StatusBarPolicy(  317): StatusBarPolocy::getIconLevel -EVDO
02-13 13:21:22.418 D/StatusBarPolicy(  317): getEvdoLevel_band_six -evdoDbm:-96
02-13 13:21:22.418 D/StatusBarPolicy(  317): getEvdoLevel_band_six -evdoEcio:-35
02-13 13:21:22.638 D/StatusBarPolicy(  317): onSignalStrengthsChanged:SignalStrength: 99 0 -98 -70 -103 -35 7 99 2147483647 2147483647 2147483647 2147483647 cdma for subscription0
02-13 13:21:22.638 D/StatusBarPolicy(  317): updateSignalStrength on subscription :0
02-13 13:21:22.638 D/StatusBarPolicy(  317): StatusBarPolocy::getIconLevel -EVDO
02-13 13:21:22.638 D/StatusBarPolicy(  317): getEvdoLevel_band_six -evdoDbm:-103
02-13 13:21:22.638 D/StatusBarPolicy(  317): getEvdoLevel_band_six -evdoEcio:-35
02-13 13:21:24.059 D/StatusBarPolicy(  317): updateDataIcon subscription =0
02-13 13:21:24.550 D/PowerManagerService(  206): setTimeoutLocked now=143714 timeoutOverride=-1 nextState=3 when=149714
02-13 13:21:24.630 D/StatusBarPolicy(  317): onSignalStrengthsChanged:SignalStrength: 99 0 -98 -70 -108 -35 7 99 2147483647 2147483647 2147483647 2147483647 cdma for subscription0
02-13 13:21:24.630 D/StatusBarPolicy(  317): updateSignalStrength on subscription :0
02-13 13:21:24.630 D/StatusBarPolicy(  317): StatusBarPolocy::getIconLevel -EVDO
02-13 13:21:24.630 D/StatusBarPolicy(  317): getEvdoLevel_band_six -evdoDbm:-108
02-13 13:21:24.630 D/StatusBarPolicy(  317): getEvdoLevel_band_six -evdoEcio:-35
02-13 13:21:24.690 D/PowerManagerService(  206): setTimeoutLocked now=143850 timeoutOverride=-1 nextState=3 when=149850
02-13 13:21:25.070 D/StatusBarPolicy(  317): updateDataIcon subscription =0
02-13 13:21:25.140 D/PowerManagerService(  206): setTimeoutLocked now=144305 timeoutOverride=-1 nextState=3 when=150305
02-13 13:21:25.261 D/PowerManagerService(  206): setTimeoutLocked now=144428 timeoutOverride=-1 nextState=3 when=150428
02-13 13:21:25.721 D/PowerManagerService(  206): setTimeoutLocked now=144881 timeoutOverride=-1 nextState=3 when=150881
02-13 13:21:25.801 D/PowerManagerService(  206): setTimeoutLocked now=144967 timeoutOverride=-1 nextState=3 when=150967
02-13 13:21:25.831 I/ActivityManager(  206): Starting: Intent { flg=0x10000000 cmp=com.zte.emode/.logset (has extras) } from pid 890
02-13 13:21:25.831 W/WindowManager(  206): updateFocusedWindowLocked newFocus=Window{409b1f80 com.android.contacts/com.android.contacts.DialtactsActivity paused=false} mode=3 mCurrentFocus = Window{409b1f80 com.android.contacts/com.android.contacts.DialtactsActivity paused=false}
02-13 13:21:25.931 W/WindowManager(  206): updateFocusedWindowLocked newFocus=null mode=0 mCurrentFocus = Window{409b1f80 com.android.contacts/com.android.contacts.DialtactsActivity paused=true}
02-13 13:21:25.951 W/WindowManager(  206): updateFocusedWindowLocked newFocus=null mode=2 mCurrentFocus = null
02-13 13:21:25.951 W/WindowManager(  206): updateFocusedWindowLocked newFocus=null mode=2 mCurrentFocus = null
02-13 13:21:26.021 W/WindowManager(  206): updateFocusedWindowLocked newFocus=Window{4084bd48 com.zte.emode/com.zte.emode.logset paused=false} mode=3 mCurrentFocus = null
02-13 13:21:26.041 W/WindowManager(  206): updateFocusedWindowLocked newFocus=Window{4084bd48 com.zte.emode/com.zte.emode.logset paused=false} mode=3 mCurrentFocus = Window{4084bd48 com.zte.emode/com.zte.emode.logset paused=false}
02-13 13:21:26.071 W/WindowManager(  206): updateFocusedWindowLocked newFocus=Window{4084bd48 com.zte.emode/com.zte.emode.logset paused=false} mode=3 mCurrentFocus = Window{4084bd48 com.zte.emode/com.zte.emode.logset paused=false}
02-13 13:21:26.091 W/InputManagerService(  206): Starting input on non-focused client com.android.internal.view.IInputMethodClient$Stub$Proxy@407f6eb8 (uid=10007 pid=402)
02-13 13:21:26.662 D/StatusBarPolicy(  317): updateDataIcon subscription =0
02-13 13:21:26.862 D/StatusBarPolicy(  317): onSignalStrengthsChanged:SignalStrength: 99 0 -98 -70 -106 -35 7 99 2147483647 2147483647 2147483647 2147483647 cdma for subscription0
02-13 13:21:26.862 D/StatusBarPolicy(  317): updateSignalStrength on subscription :0
02-13 13:21:26.862 D/StatusBarPolicy(  317): StatusBarPolocy::getIconLevel -EVDO
02-13 13:21:26.862 D/StatusBarPolicy(  317): getEvdoLevel_band_six -evdoDbm:-106
02-13 13:21:26.862 D/StatusBarPolicy(  317): getEvdoLevel_band_six -evdoEcio:-35
02-13 13:21:27.002 D/PowerManagerService(  206): setTimeoutLocked now=146167 timeoutOverride=-1 nextState=3 when=152167
02-13 13:21:27.112 D/PowerManagerService(  206): setTimeoutLocked now=146276 timeoutOverride=-1 nextState=3 when=152276
02-13 13:21:28.023 D/PowerManagerService(  206): setTimeoutLocked now=147195 timeoutOverride=-1 nextState=3 when=153195
02-13 13:21:28.113 W/WindowManager(  206): updateFocusedWindowLocked newFocus=Window{4084bd48 com.zte.emode/com.zte.emode.logset paused=true} mode=0 mCurrentFocus = Window{4084bd48 com.zte.emode/com.zte.emode.logset paused=true}
02-13 13:21:28.123 W/WindowManager(  206): updateFocusedWindowLocked newFocus=null mode=3 mCurrentFocus = Window{4084bd48 com.zte.emode/com.zte.emode.logset paused=true}
02-13 13:21:28.143 W/WindowManager(  206): updateFocusedWindowLocked newFocus=Window{409b1f80 com.android.contacts/com.android.contacts.DialtactsActivity paused=false} mode=3 mCurrentFocus = null
02-13 13:21:28.193 W/WindowManager(  206): updateFocusedWindowLocked newFocus=Window{409b1f80 com.android.contacts/com.android.contacts.DialtactsActivity paused=false} mode=2 mCurrentFocus = Window{409b1f80 com.android.contacts/com.android.contacts.DialtactsActivity paused=false}
02-13 13:21:28.193 W/WindowManager(  206): updateFocusedWindowLocked newFocus=Window{409b1f80 com.android.contacts/com.android.contacts.DialtactsActivity paused=false} mode=2 mCurrentFocus = Window{409b1f80 com.android.contacts/com.android.contacts.DialtactsActivity paused=false}
02-13 13:21:28.193 W/WindowManager(  206): updateFocusedWindowLocked newFocus=Window{409b1f80 com.android.contacts/com.android.contacts.DialtactsActivity paused=false} mode=3 mCurrentFocus = Window{409b1f80 com.android.contacts/com.android.contacts.DialtactsActivity paused=false}
02-13 13:21:28.374 W/WindowManager(  206): updateFocusedWindowLocked newFocus=Window{409b1f80 com.android.contacts/com.android.contacts.DialtactsActivity paused=false} mode=3 mCurrentFocus = Window{409b1f80 com.android.contacts/com.android.contacts.DialtactsActivity paused=false}
02-13 13:21:28.384 W/WindowManager(  206): updateFocusedWindowLocked newFocus=Window{409b1f80 com.android.contacts/com.android.contacts.DialtactsActivity paused=false} mode=0 mCurrentFocus = Window{409b1f80 com.android.contacts/com.android.contacts.DialtactsActivity paused=false}
02-13 13:21:28.644 D/StatusBarPolicy(  317): updateDataIcon subscription =0
02-13 13:21:28.854 D/PowerManagerService(  206): setTimeoutLocked now=148019 timeoutOverride=-1 nextState=3 when=154019
02-13 13:21:28.984 D/PowerManagerService(  206): setTimeoutLocked now=148156 timeoutOverride=-1 nextState=3 when=154156
02-13 13:21:29.094 D/StatusBarPolicy(  317): onSignalStrengthsChanged:SignalStrength: 99 0 -98 -70 -104 -25 6 99 2147483647 2147483647 2147483647 2147483647 cdma for subscription0
02-13 13:21:29.094 D/StatusBarPolicy(  317): updateSignalStrength on subscription :0
02-13 13:21:29.104 D/StatusBarPolicy(  317): StatusBarPolocy::getIconLevel -EVDO
02-13 13:21:29.104 D/StatusBarPolicy(  317): getEvdoLevel_band_six -evdoDbm:-104
02-13 13:21:29.104 D/StatusBarPolicy(  317): getEvdoLevel_band_six -evdoEcio:-25
02-13 13:21:29.355 D/PowerManagerService(  206): setTimeoutLocked now=148519 timeoutOverride=-1 nextState=3 when=154519
02-13 13:21:29.625 D/PowerManagerService(  206): setTimeoutLocked now=148796 timeoutOverride=-1 nextState=3 when=154796
02-13 13:21:29.635 D/ConnectivityService(  206): Dropping ConnectivityChange for WIFI: DISCONNECTED/SCANNING
02-13 13:21:29.645 D/StatusBarPolicy(  317): updateDataIcon subscription =0
02-13 13:21:29.895 D/PowerManagerService(  206): setTimeoutLocked now=149060 timeoutOverride=-1 nextState=3 when=155060
02-13 13:21:30.596 D/ConnectivityService(  206): Dropping ConnectivityChange for WIFI: DISCONNECTED/IDLE
02-13 13:21:30.636 D/PowerManagerService(  206): setTimeoutLocked now=149804 timeoutOverride=-1 nextState=3 when=155804
02-13 13:21:30.716 D/PowerManagerService(  206): setTimeoutLocked now=149880 timeoutOverride=-1 nextState=3 when=155880
02-13 13:21:31.337 D/StatusBarPolicy(  317): onSignalStrengthsChanged:SignalStrength: 99 0 -96 -85 -101 -35 7 99 2147483647 2147483647 2147483647 2147483647 cdma for subscription0
02-13 13:21:31.337 D/StatusBarPolicy(  317): updateSignalStrength on subscription :0
02-13 13:21:31.347 D/StatusBarPolicy(  317): StatusBarPolocy::getIconLevel -EVDO
02-13 13:21:31.347 D/StatusBarPolicy(  317): getEvdoLevel_band_six -evdoDbm:-101
02-13 13:21:31.347 D/StatusBarPolicy(  317): getEvdoLevel_band_six -evdoEcio:-35
02-13 13:21:32.177 D/PowerManagerService(  206): setTimeoutLocked now=151344 timeoutOverride=-1 nextState=3 when=157344
02-13 13:21:32.307 D/PowerManagerService(  206): setTimeoutLocked now=151469 timeoutOverride=-1 nextState=3 when=157469
02-13 13:21:32.688 D/PowerManagerService(  206): setTimeoutLocked now=151855 timeoutOverride=-1 nextState=3 when=157855
02-13 13:21:33.579 D/StatusBarPolicy(  317): onSignalStrengthsChanged:SignalStrength: 99 0 -97 -70 -101 -35 7 99 2147483647 2147483647 2147483647 2147483647 cdma for subscription0
02-13 13:21:33.579 D/StatusBarPolicy(  317): updateSignalStrength on subscription :0
02-13 13:21:33.589 D/StatusBarPolicy(  317): StatusBarPolocy::getIconLevel -EVDO
02-13 13:21:33.589 D/StatusBarPolicy(  317): getEvdoLevel_band_six -evdoDbm:-101
02-13 13:21:33.589 D/StatusBarPolicy(  317): getEvdoLevel_band_six -evdoEcio:-35
02-13 13:21:34.400 D/PowerManagerService(  206): setTimeoutLocked now=153559 timeoutOverride=-1 nextState=3 when=159559
02-13 13:21:34.520 D/PowerManagerService(  206): setTimeoutLocked now=153682 timeoutOverride=-1 nextState=3 when=159682
02-13 13:21:34.900 D/PowerManagerService(  206): setTimeoutLocked now=154060 timeoutOverride=-1 nextState=3 when=160060
02-13 13:21:35.260 D/PowerManagerService(  206): setTimeoutLocked now=154423 timeoutOverride=-1 nextState=3 when=160423
02-13 13:21:35.711 D/PowerManagerService(  206): setTimeoutLocked now=154874 timeoutOverride=-1 nextState=3 when=160874
02-13 13:21:35.821 D/PowerManagerService(  206): setTimeoutLocked now=154988 timeoutOverride=-1 nextState=3 when=160988
02-13 13:21:35.831 D/StatusBarPolicy(  317): onSignalStrengthsChanged:SignalStrength: 99 0 -97 -70 -96 -35 7 99 2147483647 2147483647 2147483647 2147483647 cdma for subscription0
02-13 13:21:35.831 D/StatusBarPolicy(  317): updateSignalStrength on subscription :0
02-13 13:21:35.831 D/StatusBarPolicy(  317): StatusBarPolocy::getIconLevel -EVDO
02-13 13:21:35.831 D/StatusBarPolicy(  317): getEvdoLevel_band_six -evdoDbm:-96
02-13 13:21:35.831 D/StatusBarPolicy(  317): getEvdoLevel_band_six -evdoEcio:-35
02-13 13:21:35.851 I/ActivityManager(  206): Starting: Intent { flg=0x10000000 cmp=com.zte.emode/.UsbSwitchTest (has extras) } from pid 890
02-13 13:21:35.861 W/WindowManager(  206): updateFocusedWindowLocked newFocus=Window{409b1f80 com.android.contacts/com.android.contacts.DialtactsActivity paused=false} mode=3 mCurrentFocus = Window{409b1f80 com.android.contacts/com.android.contacts.DialtactsActivity paused=false}
02-13 13:21:35.961 W/WindowManager(  206): updateFocusedWindowLocked newFocus=null mode=0 mCurrentFocus = Window{409b1f80 com.android.contacts/com.android.contacts.DialtactsActivity paused=true}
02-13 13:21:35.961 W/WindowManager(  206): updateFocusedWindowLocked newFocus=null mode=2 mCurrentFocus = null
02-13 13:21:35.961 W/WindowManager(  206): updateFocusedWindowLocked newFocus=null mode=2 mCurrentFocus = null
02-13 13:21:36.011 W/WindowManager(  206): updateFocusedWindowLocked newFocus=Window{4074eec0 com.zte.emode/com.zte.emode.UsbSwitchTest paused=false} mode=3 mCurrentFocus = null
02-13 13:21:36.071 W/WindowManager(  206): updateFocusedWindowLocked newFocus=Window{4074eec0 com.zte.emode/com.zte.emode.UsbSwitchTest paused=false} mode=3 mCurrentFocus = Window{4074eec0 com.zte.emode/com.zte.emode.UsbSwitchTest paused=false}
02-13 13:21:36.081 W/InputManagerService(  206): Starting input on non-focused client com.android.internal.view.IInputMethodClient$Stub$Proxy@407f6eb8 (uid=10007 pid=402)
02-13 13:21:36.081 W/WindowManager(  206): updateFocusedWindowLocked newFocus=Window{4074eec0 com.zte.emode/com.zte.emode.UsbSwitchTest paused=false} mode=3 mCurrentFocus = Window{4074eec0 com.zte.emode/com.zte.emode.UsbSwitchTest paused=false}
02-13 13:21:36.862 D/PowerManagerService(  206): setTimeoutLocked now=156027 timeoutOverride=-1 nextState=3 when=162027
02-13 13:21:36.942 D/PowerManagerService(  206): setTimeoutLocked now=156104 timeoutOverride=-1 nextState=3 when=162104
02-13 13:21:36.942 E/NetlinkEvent(  116): NetlinkEvent::FindParam(): Parameter 'SWITCH_NAME' not found
02-13 13:21:36.942 E/NetlinkEvent(  116): NetlinkEvent::FindParam(): Parameter 'SWITCH_STATE' not found
02-13 13:21:36.942 W/Vold    (  116): Switch /devices/virtual/switch/usb_mass_storage event missing name/state info
02-13 13:21:36.942 D/Vold    (  116): usb_mass_storage function disabled
02-13 13:21:36.942 E/NetlinkEvent(  116): NetlinkEvent::FindParam(): Parameter 'SWITCH_NAME' not found
02-13 13:21:36.942 E/NetlinkEvent(  116): NetlinkEvent::FindParam(): Parameter 'SWITCH_STATE' not found
02-13 13:21:36.942 W/Vold    (  116): Switch /devices/virtual/switch/usb_connected event missing name/state info
02-13 13:21:36.952 E/NetlinkEvent(  116): NetlinkEvent::FindParam(): Parameter 'SWITCH_NAME' not found
02-13 13:21:36.952 E/NetlinkEvent(  116): NetlinkEvent::FindParam(): Parameter 'SWITCH_STATE' not found
02-13 13:21:36.952 W/Vold    (  116): Switch /devices/virtual/switch/usb_configuration event missing name/state info
02-13 13:21:36.952 E/NetlinkEvent(  116): NetlinkEvent::FindParam(): Parameter 'SWITCH_NAME' not found
02-13 13:21:36.952 E/NetlinkEvent(  116): NetlinkEvent::FindParam(): Parameter 'SWITCH_STATE' not found
02-13 13:21:36.952 W/Vold    (  116): Switch /devices/virtual/switch/usb_connected event missing name/state info
02-13 13:21:36.952 E/NetlinkEvent(  116): NetlinkEvent::FindParam(): Parameter 'SWITCH_NAME' not found
02-13 13:21:36.952 E/NetlinkEvent(  116): NetlinkEvent::FindParam(): Parameter 'SWITCH_STATE' not found
02-13 13:21:36.952 W/Vold    (  116): Switch /devices/virtual/switch/usb_configuration event missing name/state info
02-13 13:21:36.962 E/NetlinkEvent(  116): NetlinkEvent::FindParam(): Parameter 'SWITCH_NAME' not found
02-13 13:21:36.962 E/NetlinkEvent(  116): NetlinkEvent::FindParam(): Parameter 'SWITCH_STATE' not found
02-13 13:21:36.962 W/Vold    (  116): Switch /devices/virtual/switch/usb_mass_storage event missing name/state info
02-13 13:21:36.962 D/Vold    (  116): usb_mass_storage function enabled
02-13 13:21:38.063 D/StatusBarPolicy(  317): onSignalStrengthsChanged:SignalStrength: 99 0 -97 -70 -94 -45 7 99 2147483647 2147483647 2147483647 2147483647 cdma for subscription0
02-13 13:21:38.063 D/StatusBarPolicy(  317): updateSignalStrength on subscription :0
02-13 13:21:38.063 D/StatusBarPolicy(  317): StatusBarPolocy::getIconLevel -EVDO
02-13 13:21:38.063 D/StatusBarPolicy(  317): getEvdoLevel_band_six -evdoDbm:-94
02-13 13:21:38.063 D/StatusBarPolicy(  317): getEvdoLevel_band_six -evdoEcio:-45
02-13 13:21:40.305 D/StatusBarPolicy(  317): onSignalStrengthsChanged:SignalStrength: 99 0 -97 -70 -93 -45 6 99 2147483647 2147483647 2147483647 2147483647 cdma for subscription0
02-13 13:21:40.305 D/StatusBarPolicy(  317): updateSignalStrength on subscription :0
02-13 13:21:40.305 D/StatusBarPolicy(  317): StatusBarPolocy::getIconLevel -EVDO
02-13 13:21:40.305 D/StatusBarPolicy(  317): getEvdoLevel_band_six -evdoDbm:-93
02-13 13:21:40.305 D/StatusBarPolicy(  317): getEvdoLevel_band_six -evdoEcio:-45
02-13 13:21:40.475 D/PowerManagerService(  206): setTimeoutLocked now=159640 timeoutOverride=-1 nextState=3 when=165640
02-13 13:21:40.696 I/ActivityManager(  206): Starting: Intent { act=android.intent.action.MAIN cat=[android.intent.category.HOME] flg=0x10200000 cmp=com.android.launcher/com.android.launcher2.Launcher } from pid 206
02-13 13:21:40.726 W/WindowManager(  206): updateFocusedWindowLocked newFocus=Window{4074eec0 com.zte.emode/com.zte.emode.UsbSwitchTest paused=true} mode=3 mCurrentFocus = Window{4074eec0 com.zte.emode/com.zte.emode.UsbSwitchTest paused=true}
02-13 13:21:40.736 W/WindowManager(  206): updateFocusedWindowLocked newFocus=null mode=0 mCurrentFocus = Window{4074eec0 com.zte.emode/com.zte.emode.UsbSwitchTest paused=true}
02-13 13:21:40.786 W/WindowManager(  206): updateFocusedWindowLocked newFocus=null mode=3 mCurrentFocus = null
02-13 13:21:40.806 W/WindowManager(  206): updateFocusedWindowLocked newFocus=Window{4062a350 com.android.launcher/com.android.launcher2.Launcher paused=false} mode=2 mCurrentFocus = null
02-13 13:21:40.806 W/WindowManager(  206): updateFocusedWindowLocked newFocus=Window{4062a350 com.android.launcher/com.android.launcher2.Launcher paused=false} mode=2 mCurrentFocus = Window{4062a350 com.android.launcher/com.android.launcher2.Launcher paused=false}
02-13 13:21:40.816 W/WindowManager(  206): updateFocusedWindowLocked newFocus=Window{4062a350 com.android.launcher/com.android.launcher2.Launcher paused=false} mode=3 mCurrentFocus = Window{4062a350 com.android.launcher/com.android.launcher2.Launcher paused=false}
02-13 13:21:42.537 D/StatusBarPolicy(  317): onSignalStrengthsChanged:SignalStrength: 99 0 -97 -70 -92 -65 5 99 2147483647 2147483647 2147483647 2147483647 cdma for subscription0
02-13 13:21:42.537 D/StatusBarPolicy(  317): updateSignalStrength on subscription :0
02-13 13:21:42.547 D/StatusBarPolicy(  317): StatusBarPolocy::getIconLevel -EVDO
02-13 13:21:42.547 D/StatusBarPolicy(  317): getEvdoLevel_band_six -evdoDbm:-92
02-13 13:21:42.547 D/StatusBarPolicy(  317): getEvdoLevel_band_six -evdoEcio:-65
02-13 13:21:43.729 D/StatusBarPolicy(  317): updateDataIcon subscription =0
02-13 13:21:44.730 D/StatusBarPolicy(  317): updateDataIcon subscription =0
02-13 13:21:44.780 D/StatusBarPolicy(  317): onSignalStrengthsChanged:SignalStrength: 99 0 -97 -70 -91 -30 6 99 2147483647 2147483647 2147483647 2147483647 cdma for subscription0
02-13 13:21:44.780 D/StatusBarPolicy(  317): updateSignalStrength on subscription :0
02-13 13:21:44.780 D/StatusBarPolicy(  317): StatusBarPolocy::getIconLevel -EVDO
02-13 13:21:44.780 D/StatusBarPolicy(  317): getEvdoLevel_band_six -evdoDbm:-91
02-13 13:21:44.780 D/StatusBarPolicy(  317): getEvdoLevel_band_six -evdoEcio:-30
02-13 13:21:45.610 D/ConnectivityService(  206): Dropping ConnectivityChange for WIFI: DISCONNECTED/SCANNING
02-13 13:21:46.481 D/PowerManagerService(  206): setTimeoutLocked now=165641 timeoutOverride=-1 nextState=1 when=167641
02-13 13:21:46.571 D/ConnectivityService(  206): Dropping ConnectivityChange for WIFI: DISCONNECTED/IDLE
02-13 13:21:46.742 D/StatusBarPolicy(  317): updateDataIcon subscription =0
02-13 13:21:47.022 D/StatusBarPolicy(  317): onSignalStrengthsChanged:SignalStrength: 99 0 -97 -70 -91 -40 6 99 2147483647 2147483647 2147483647 2147483647 cdma for subscription0
02-13 13:21:47.022 D/StatusBarPolicy(  317): updateSignalStrength on subscription :0
02-13 13:21:47.032 D/StatusBarPolicy(  317): StatusBarPolocy::getIconLevel -EVDO
02-13 13:21:47.032 D/StatusBarPolicy(  317): getEvdoLevel_band_six -evdoDbm:-91
02-13 13:21:47.032 D/StatusBarPolicy(  317): getEvdoLevel_band_six -evdoEcio:-40
02-13 13:21:47.202 I/ActivityManager(  206): Start proc com.android.mms for service com.android.mms/.transaction.TransactionService: pid=1108 uid=10030 gids={3003, 1015}
02-13 13:21:48.473 D/PowerManagerService(  206): setTimeoutLocked now=167641 timeoutOverride=-1 nextState=0 when=174641
02-13 13:21:49.264 D/StatusBarPolicy(  317): onSignalStrengthsChanged:SignalStrength: 99 0 -97 -70 -90 -20 7 99 2147483647 2147483647 2147483647 2147483647 cdma for subscription0
02-13 13:21:49.264 D/StatusBarPolicy(  317): updateSignalStrength on subscription :0
02-13 13:21:49.264 D/StatusBarPolicy(  317): StatusBarPolocy::getIconLevel -EVDO
02-13 13:21:49.264 D/StatusBarPolicy(  317): getEvdoLevel_band_six -evdoDbm:-90
02-13 13:21:49.264 D/StatusBarPolicy(  317): getEvdoLevel_band_six -evdoEcio:-20
02-13 13:21:49.634 D/PowerManagerService(  206): setTimeoutLocked now=168799 timeoutOverride=-1 nextState=3 when=174799
02-13 13:21:49.795 D/PowerManagerService(  206): setTimeoutLocked now=168966 timeoutOverride=-1 nextState=3 when=174966
02-13 13:21:49.975 I/ActivityManager(  206): No longer want com.sprint.w.installer (pid 489): hidden #16
02-13 13:21:50.005 I/ActivityManager(  206): No longer want com.android.defcontainer (pid 854): hidden #16
02-13 13:21:50.755 D/StatusBarPolicy(  317): updateDataIcon subscription =0
02-13 13:21:50.876 D/PowerManagerService(  206): setTimeoutLocked now=170044 timeoutOverride=-1 nextState=3 when=176044
02-13 13:21:51.236 D/PowerManagerService(  206): setTimeoutLocked now=170407 timeoutOverride=-1 nextState=3 when=176407
02-13 13:21:51.376 D/PowerManagerService(  206): setTimeoutLocked now=170543 timeoutOverride=-1 nextState=3 when=176543
02-13 13:21:51.506 D/StatusBarPolicy(  317): onSignalStrengthsChanged:SignalStrength: 99 0 -97 -70 -90 -55 6 99 2147483647 2147483647 2147483647 2147483647 cdma for subscription0
02-13 13:21:51.506 D/StatusBarPolicy(  317): updateSignalStrength on subscription :0
02-13 13:21:51.506 D/StatusBarPolicy(  317): StatusBarPolocy::getIconLevel -EVDO
02-13 13:21:51.506 D/StatusBarPolicy(  317): getEvdoLevel_band_six -evdoDbm:-90
02-13 13:21:51.506 D/StatusBarPolicy(  317): getEvdoLevel_band_six -evdoEcio:-55
02-13 13:21:52.387 D/PowerManagerService(  206): setTimeoutLocked now=171541 timeoutOverride=-1 nextState=3 when=177541
02-13 13:21:52.507 I/ActivityManager(  206): Starting: Intent { act=android.intent.action.MAIN cat=[android.intent.category.HOME] flg=0x10200000 cmp=com.android.launcher/com.android.launcher2.Launcher } from pid 206
02-13 13:21:53.538 D/PowerManagerService(  206): setTimeoutLocked now=172699 timeoutOverride=-1 nextState=3 when=178699
02-13 13:21:53.648 W/WindowManager(  206): updateFocusedWindowLocked newFocus=Window{405ec220 AtchDlg:com.android.launcher/com.android.launcher2.Launcher paused=false} mode=1 mCurrentFocus = Window{4062a350 com.android.launcher/com.android.launcher2.Launcher paused=false}
02-13 13:21:53.648 W/WindowManager(  206): updateFocusedWindowLocked newFocus=Window{405ec220 AtchDlg:com.android.launcher/com.android.launcher2.Launcher paused=false} mode=3 mCurrentFocus = Window{405ec220 AtchDlg:com.android.launcher/com.android.launcher2.Launcher paused=false}
02-13 13:21:53.748 D/StatusBarPolicy(  317): onSignalStrengthsChanged:SignalStrength: 99 0 -97 -70 -89 -20 7 99 2147483647 2147483647 2147483647 2147483647 cdma for subscription0
02-13 13:21:53.748 D/StatusBarPolicy(  317): updateSignalStrength on subscription :0
02-13 13:21:53.748 D/StatusBarPolicy(  317): StatusBarPolocy::getIconLevel -EVDO
02-13 13:21:53.748 D/StatusBarPolicy(  317): getEvdoLevel_band_six -evdoDbm:-89
02-13 13:21:53.748 D/StatusBarPolicy(  317): getEvdoLevel_band_six -evdoEcio:-20
02-13 13:21:54.789 D/StatusBarPolicy(  317): updateDataIcon subscription =0
02-13 13:21:54.809 D/PowerManagerService(  206): setTimeoutLocked now=173972 timeoutOverride=-1 nextState=3 when=179972
02-13 13:21:54.869 D/PowerManagerService(  206): setTimeoutLocked now=174034 timeoutOverride=-1 nextState=3 when=180034
02-13 13:21:54.869 I/ActivityManager(  206): Starting: Intent { act=android.settings.SETTINGS flg=0x10200000 cmp=com.android.settings/.Settings } from pid 900
02-13 13:21:54.890 W/WindowManager(  206): updateFocusedWindowLocked newFocus=Window{405ec220 AtchDlg:com.android.launcher/com.android.launcher2.Launcher paused=false} mode=3 mCurrentFocus = Window{405ec220 AtchDlg:com.android.launcher/com.android.launcher2.Launcher paused=false}
02-13 13:21:54.940 W/WindowManager(  206): updateFocusedWindowLocked newFocus=null mode=0 mCurrentFocus = Window{405ec220 AtchDlg:com.android.launcher/com.android.launcher2.Launcher paused=false}
02-13 13:21:54.940 W/WindowManager(  206): updateFocusedWindowLocked newFocus=null mode=2 mCurrentFocus = null
02-13 13:21:54.940 W/WindowManager(  206): updateFocusedWindowLocked newFocus=null mode=2 mCurrentFocus = null
02-13 13:21:55.040 W/WindowManager(  206): updateFocusedWindowLocked newFocus=null mode=3 mCurrentFocus = null
02-13 13:21:55.060 W/WindowManager(  206): updateFocusedWindowLocked newFocus=null mode=3 mCurrentFocus = null
02-13 13:21:55.090 W/WindowManager(  206): updateFocusedWindowLocked newFocus=Window{406ff690 com.android.settings/com.android.settings.Settings paused=false} mode=3 mCurrentFocus = null
02-13 13:21:55.210 W/WindowManager(  206): updateFocusedWindowLocked newFocus=Window{406ff690 com.android.settings/com.android.settings.Settings paused=false} mode=3 mCurrentFocus = Window{406ff690 com.android.settings/com.android.settings.Settings paused=false}
02-13 13:21:55.670 D/PowerManagerService(  206): setTimeoutLocked now=174834 timeoutOverride=-1 nextState=3 when=180834
02-13 13:21:55.730 D/PowerManagerService(  206): setTimeoutLocked now=174897 timeoutOverride=-1 nextState=3 when=180897
02-13 13:21:55.800 D/StatusBarPolicy(  317): updateDataIcon subscription =0
02-13 13:21:56.261 D/PowerManagerService(  206): setTimeoutLocked now=175424 timeoutOverride=-1 nextState=3 when=181424
02-13 13:21:56.321 D/PowerManagerService(  206): setTimeoutLocked now=175487 timeoutOverride=-1 nextState=3 when=181487
02-13 13:21:56.711 D/NetdConnector(  206): SND -> {interface readrxcounter rmnet0} {null}
02-13 13:21:56.711 D/NetdConnector(  206): RCV <- {216 261608}
02-13 13:21:56.711 D/NetdConnector(  206): RSP <- {216 261608}
02-13 13:21:56.711 D/NetdConnector(  206): SND -> {interface readtxcounter rmnet0} {null}
02-13 13:21:56.711 D/NetdConnector(  206): RCV <- {217 52238}
02-13 13:21:56.711 D/NetdConnector(  206): RSP <- {217 52238}
02-13 13:21:56.721 E/ThrottleService(  206): Error reading data file
02-13 13:21:56.741 D/NetdConnector(  206): SND -> {interface readrxcounter rmnet0} {null}
02-13 13:21:56.741 D/NetdConnector(  206): RCV <- {216 261608}
02-13 13:21:56.741 D/NetdConnector(  206): RSP <- {216 261608}
02-13 13:21:56.741 D/NetdConnector(  206): SND -> {interface readtxcounter rmnet0} {null}
02-13 13:21:56.741 D/NetdConnector(  206): RCV <- {217 52238}
02-13 13:21:56.741 D/NetdConnector(  206): RSP <- {217 52238}
02-13 13:21:57.832 I/ActivityManager(  206): Start proc com.sprint.w.installer for service com.sprint.w.installer/.delivery.ReportPostService: pid=1123 uid=10014 gids={3003, 1015}
02-13 13:21:59.514 D/PowerManagerService(  206): setTimeoutLocked now=178674 timeoutOverride=-1 nextState=3 when=184674
02-13 13:21:59.634 D/PowerManagerService(  206): setTimeoutLocked now=178800 timeoutOverride=-1 nextState=3 when=184800
02-13 13:21:59.644 I/ActivityManager(  206): Starting: Intent { act=android.intent.action.MAIN cmp=com.android.settings/.DeviceInfoSettings } from pid 678
02-13 13:21:59.654 W/WindowManager(  206): updateFocusedWindowLocked newFocus=null mode=0 mCurrentFocus = Window{406ff690 com.android.settings/com.android.settings.Settings paused=true}
02-13 13:21:59.714 W/WindowManager(  206): updateFocusedWindowLocked newFocus=Window{4074a6d8 com.android.settings/com.android.settings.DeviceInfoSettings paused=false} mode=3 mCurrentFocus = null
02-13 13:21:59.784 W/WindowManager(  206): updateFocusedWindowLocked newFocus=Window{4074a6d8 com.android.settings/com.android.settings.DeviceInfoSettings paused=false} mode=2 mCurrentFocus = Window{4074a6d8 com.android.settings/com.android.settings.DeviceInfoSettings paused=false}
02-13 13:21:59.784 W/WindowManager(  206): updateFocusedWindowLocked newFocus=Window{4074a6d8 com.android.settings/com.android.settings.DeviceInfoSettings paused=false} mode=2 mCurrentFocus = Window{4074a6d8 com.android.settings/com.android.settings.DeviceInfoSettings paused=false}
02-13 13:21:59.794 W/WindowManager(  206): updateFocusedWindowLocked newFocus=Window{4074a6d8 com.android.settings/com.android.settings.DeviceInfoSettings paused=false} mode=3 mCurrentFocus = Window{4074a6d8 com.android.settings/com.android.settings.DeviceInfoSettings paused=false}
02-13 13:21:59.814 D/StatusBarPolicy(  317): updateDataIcon subscription =0
02-13 13:21:59.994 D/AlarmManager(  206): scheduleTimeTickEvent calendar=Mon Feb 13 13:23:00 CST 2012
02-13 13:21:59.994 D/AlarmManager(  206): calendar.getTimeInMillis()1329160980000
02-13 13:22:00.245 D/PowerManagerService(  206): setTimeoutLocked now=179407 timeoutOverride=-1 nextState=3 when=185407
02-13 13:22:00.245 D/WifiService(  206): ACTION_BATTERY_CHANGED pluggedType: 0
02-13 13:22:00.245 D/WifiService(  206): WifiHandler, MESSAGE_UPDATE_STATE
02-13 13:22:00.245 D/WifiService(  206): isAirplaneModeOn(): false
02-13 13:22:00.245 D/WifiService(  206): updateWifiState(), wifiEnabled: true, airplaneMode: false, wifiShouldBeEnabled: true, wifiShouldBeStarted: true, strongestLockMode: 1
02-13 13:22:00.245 D/WifiService(  206): WifiHandler, MESSAGE_ENABLE_WIFI, msg.arg1: 0, msg.arg2: 1000
02-13 13:22:00.245 D/WifiService(  206): WifiHandler, MESSAGE_START_WIFI, msg.arg1: 1
02-13 13:22:00.485 D/PowerManagerService(  206): setTimeoutLocked now=179656 timeoutOverride=-1 nextState=3 when=185656
02-13 13:22:01.586 D/ConnectivityService(  206): Dropping ConnectivityChange for WIFI: DISCONNECTED/SCANNING
02-13 13:22:01.836 D/StatusBarPolicy(  317): updateDataIcon subscription =0
02-13 13:22:02.557 D/ConnectivityService(  206): Dropping ConnectivityChange for WIFI: DISCONNECTED/IDLE
02-13 13:22:02.727 D/StatusBarPolicy(  317): onSignalStrengthsChanged:SignalStrength: 99 0 -97 -70 -88 -35 6 99 2147483647 2147483647 2147483647 2147483647 cdma for subscription0
02-13 13:22:02.727 D/StatusBarPolicy(  317): updateSignalStrength on subscription :0
02-13 13:22:02.727 D/StatusBarPolicy(  317): StatusBarPolocy::getIconLevel -EVDO
02-13 13:22:02.727 D/StatusBarPolicy(  317): getEvdoLevel_band_six -evdoDbm:-88
02-13 13:22:02.737 D/StatusBarPolicy(  317): getEvdoLevel_band_six -evdoEcio:-35
02-13 13:22:03.858 D/StatusBarPolicy(  317): updateDataIcon subscription =0
02-13 13:22:04.869 D/StatusBarPolicy(  317): updateDataIcon subscription =0
02-13 13:22:04.959 D/StatusBarPolicy(  317): onSignalStrengthsChanged:SignalStrength: 99 0 -97 -70 -87 -35 7 99 2147483647 2147483647 2147483647 2147483647 cdma for subscription0
02-13 13:22:04.959 D/StatusBarPolicy(  317): updateSignalStrength on subscription :0
02-13 13:22:04.969 D/StatusBarPolicy(  317): StatusBarPolocy::getIconLevel -EVDO
02-13 13:22:04.969 D/StatusBarPolicy(  317): getEvdoLevel_band_six -evdoDbm:-87
02-13 13:22:04.979 D/StatusBarPolicy(  317): getEvdoLevel_band_six -evdoEcio:-35
02-13 13:22:06.501 D/PowerManagerService(  206): setTimeoutLocked now=185663 timeoutOverride=-1 nextState=1 when=187663
02-13 13:22:08.503 D/PowerManagerService(  206): setTimeoutLocked now=187666 timeoutOverride=-1 nextState=0 when=194666
02-13 13:22:09.404 D/PowerManagerService(  206): setTimeoutLocked now=188570 timeoutOverride=-1 nextState=3 when=194570
02-13 13:22:09.704 D/PowerManagerService(  206): setTimeoutLocked now=188870 timeoutOverride=-1 nextState=3 when=194870
02-13 13:22:10.114 D/PowerManagerService(  206): setTimeoutLocked now=189284 timeoutOverride=-1 nextState=3 when=195284
02-13 13:22:10.915 D/StatusBarPolicy(  317): updateDataIcon subscription =0
02-13 13:22:11.666 D/StatusBarPolicy(  317): onSignalStrengthsChanged:SignalStrength: 99 0 -97 -70 -88 -50 7 99 2147483647 2147483647 2147483647 2147483647 cdma for subscription0
02-13 13:22:11.666 D/StatusBarPolicy(  317): updateSignalStrength on subscription :0
02-13 13:22:11.666 D/StatusBarPolicy(  317): StatusBarPolocy::getIconLevel -EVDO
02-13 13:22:11.666 D/StatusBarPolicy(  317): getEvdoLevel_band_six -evdoDbm:-88
02-13 13:22:11.676 D/StatusBarPolicy(  317): getEvdoLevel_band_six -evdoEcio:-50
02-13 13:22:12.947 D/StatusBarPolicy(  317): updateDataIcon subscription =0
02-13 13:22:13.948 D/StatusBarPolicy(  317): onSignalStrengthsChanged:SignalStrength: 99 0 -96 -80 -96 -40 7 99 2147483647 2147483647 2147483647 2147483647 cdma for subscription0
02-13 13:22:13.948 D/StatusBarPolicy(  317): updateSignalStrength on subscription :0
02-13 13:22:13.968 D/StatusBarPolicy(  317): StatusBarPolocy::getIconLevel -EVDO
02-13 13:22:13.968 D/StatusBarPolicy(  317): getEvdoLevel_band_six -evdoDbm:-96
02-13 13:22:13.978 D/StatusBarPolicy(  317): getEvdoLevel_band_six -evdoEcio:-40
02-13 13:22:14.008 D/StatusBarPolicy(  317): updateDataIcon subscription =0
02-13 13:22:14.999 D/StatusBarPolicy(  317): updateDataIcon subscription =0
02-13 13:22:16.030 D/StatusBarPolicy(  317): updateDataIcon subscription =0
02-13 13:22:16.120 D/PowerManagerService(  206): setTimeoutLocked now=195285 timeoutOverride=-1 nextState=1 when=197285
02-13 13:22:16.180 D/StatusBarPolicy(  317): onSignalStrengthsChanged:SignalStrength: 99 0 -93 -70 -103 -40 7 99 2147483647 2147483647 2147483647 2147483647 cdma for subscription0
02-13 13:22:16.180 D/StatusBarPolicy(  317): updateSignalStrength on subscription :0
02-13 13:22:16.190 D/StatusBarPolicy(  317): StatusBarPolocy::getIconLevel -EVDO
02-13 13:22:16.190 D/StatusBarPolicy(  317): getEvdoLevel_band_six -evdoDbm:-103
02-13 13:22:16.200 D/StatusBarPolicy(  317): getEvdoLevel_band_six -evdoEcio:-40
02-13 13:22:17.031 D/StatusBarPolicy(  317): updateDataIcon subscription =0
02-13 13:22:17.582 D/ConnectivityService(  206): Dropping ConnectivityChange for WIFI: DISCONNECTED/SCANNING
02-13 13:22:18.122 D/PowerManagerService(  206): setTimeoutLocked now=197287 timeoutOverride=-1 nextState=0 when=204287
02-13 13:22:18.412 D/StatusBarPolicy(  317): onSignalStrengthsChanged:SignalStrength: 99 0 -93 -70 -100 -30 7 99 2147483647 2147483647 2147483647 2147483647 cdma for subscription0
02-13 13:22:18.412 D/StatusBarPolicy(  317): updateSignalStrength on subscription :0
02-13 13:22:18.412 D/StatusBarPolicy(  317): StatusBarPolocy::getIconLevel -EVDO
02-13 13:22:18.412 D/StatusBarPolicy(  317): getEvdoLevel_band_six -evdoDbm:-100
02-13 13:22:18.412 D/StatusBarPolicy(  317): getEvdoLevel_band_six -evdoEcio:-30
02-13 13:22:18.543 D/ConnectivityService(  206): Dropping ConnectivityChange for WIFI: DISCONNECTED/IDLE
02-13 13:22:22.867 D/StatusBarPolicy(  317): onSignalStrengthsChanged:SignalStrength: 99 0 -93 -70 -95 -30 7 99 2147483647 2147483647 2147483647 2147483647 cdma for subscription0
02-13 13:22:22.867 D/StatusBarPolicy(  317): updateSignalStrength on subscription :0
02-13 13:22:22.867 D/StatusBarPolicy(  317): StatusBarPolocy::getIconLevel -EVDO
02-13 13:22:22.867 D/StatusBarPolicy(  317): getEvdoLevel_band_six -evdoDbm:-95
02-13 13:22:22.867 D/StatusBarPolicy(  317): getEvdoLevel_band_six -evdoEcio:-30
