02-13 13:20:42.740 D/StatusBarPolicy(  317): updateSignalStrength on subscription :0
02-13 13:20:42.740 I/TelephonyRegistry(  206): notifyDataConnection: anyState=0,mms/INET,apnTypeState=0,iface=null,ip=null,gw=null,isDataConnectivityPossible=true,networkType=4,reason=dataNetworkAttached
02-13 13:20:42.750 I/TelephonyRegistry(  206): notifyDataConnection: anyState=0,mms/INET6,apnTypeState=0,iface=null,ip=null,gw=null,isDataConnectivityPossible=true,networkType=4,reason=dataNetworkAttached
02-13 13:20:42.760 D/StatusBarPolicy(  317): StatusBarPolocy::getIconLevel -CDMA
02-13 13:20:42.760 D/StatusBarPolicy(  317): getCdmaLevel_band_six -cdmaDbm:-105
02-13 13:20:42.760 D/StatusBarPolicy(  317): getCdmaLevel_band_six -cdmaEcio:-115
02-13 13:20:42.760 D/StatusBarPolicy(  317): updateDataIcon subscription =0
02-13 13:20:42.770 I/TelephonyRegistry(  206): notifyDataConnection: anyState=0,supl/INET,apnTypeState=0,iface=null,ip=null,gw=null,isDataConnectivityPossible=true,networkType=4,reason=dataNetworkAttached
02-13 13:20:42.790 I/TelephonyRegistry(  206): notifyDataConnection: anyState=0,supl/INET6,apnTypeState=0,iface=null,ip=null,gw=null,isDataConnectivityPossible=true,networkType=4,reason=dataNetworkAttached
02-13 13:20:42.800 I/ActivityManager(  206): Start proc zte.com.cn.alarmclock for broadcast zte.com.cn.alarmclock/.AlarmInitReceiver: pid=653 uid=10001 gids={}
02-13 13:20:42.810 D/StatusBarPolicy(  317): StatusBarPolicy onDataConnectionStateChanged to 0for nw : 4on subscription : 0
02-13 13:20:42.810 D/StatusBarPolicy(  317): Data network type changed to:4
02-13 13:20:42.810 D/StatusBarPolicy(  317): updateDataIcon subscription =0
02-13 13:20:42.810 I/TelephonyRegistry(  206): notifyDataConnection: anyState=0,dun/INET,apnTypeState=0,iface=null,ip=null,gw=null,isDataConnectivityPossible=true,networkType=4,reason=dataNetworkAttached
02-13 13:20:42.820 I/TelephonyRegistry(  206): notifyDataConnection: anyState=0,dun/INET6,apnTypeState=0,iface=null,ip=null,gw=null,isDataConnectivityPossible=true,networkType=4,reason=dataNetworkAttached
02-13 13:20:42.830 I/BootReceiver(  206): Copying /proc/last_kmsg to DropBox (SYSTEM_LAST_KMSG)
02-13 13:20:42.840 I/TelephonyRegistry(  206): notifyDataConnection: anyState=0,hipri/INET,apnTypeState=0,iface=null,ip=null,gw=null,isDataConnectivityPossible=true,networkType=4,reason=dataNetworkAttached
02-13 13:20:42.880 I/TelephonyRegistry(  206): notifyDataConnection: anyState=0,hipri/INET6,apnTypeState=0,iface=null,ip=null,gw=null,isDataConnectivityPossible=true,networkType=4,reason=dataNetworkAttached
02-13 13:20:42.880 I/TelephonyRegistry(  206): notifyDataConnection: anyState=0,default/INET,apnTypeState=0,iface=null,ip=null,gw=null,isDataConnectivityPossible=true,networkType=4,reason=radioTechnologyChanged
02-13 13:20:42.900 I/TelephonyRegistry(  206): notifyDataConnection: anyState=0,default/INET6,apnTypeState=0,iface=null,ip=null,gw=null,isDataConnectivityPossible=true,networkType=4,reason=radioTechnologyChanged
02-13 13:20:42.910 I/TelephonyRegistry(  206): notifyDataConnection: anyState=0,mms/INET,apnTypeState=0,iface=null,ip=null,gw=null,isDataConnectivityPossible=true,networkType=4,reason=radioTechnologyChanged
02-13 13:20:42.930 I/TelephonyRegistry(  206): notifyDataConnection: anyState=0,mms/INET6,apnTypeState=0,iface=null,ip=null,gw=null,isDataConnectivityPossible=true,networkType=4,reason=radioTechnologyChanged
02-13 13:20:42.940 I/TelephonyRegistry(  206): notifyDataConnection: anyState=0,supl/INET,apnTypeState=0,iface=null,ip=null,gw=null,isDataConnectivityPossible=true,networkType=4,reason=radioTechnologyChanged
02-13 13:20:42.950 I/TelephonyRegistry(  206): notifyDataConnection: anyState=0,supl/INET6,apnTypeState=0,iface=null,ip=null,gw=null,isDataConnectivityPossible=true,networkType=4,reason=radioTechnologyChanged
02-13 13:20:42.950 I/TelephonyRegistry(  206): notifyDataConnection: anyState=0,dun/INET,apnTypeState=0,iface=null,ip=null,gw=null,isDataConnectivityPossible=true,networkType=4,reason=radioTechnologyChanged
02-13 13:20:42.960 I/TelephonyRegistry(  206): notifyDataConnection: anyState=0,dun/INET6,apnTypeState=0,iface=null,ip=null,gw=null,isDataConnectivityPossible=true,networkType=4,reason=radioTechnologyChanged
02-13 13:20:43.070 I/TelephonyRegistry(  206): notifyDataConnection: anyState=0,hipri/INET,apnTypeState=0,iface=null,ip=null,gw=null,isDataConnectivityPossible=true,networkType=4,reason=radioTechnologyChanged
02-13 13:20:43.080 I/TelephonyRegistry(  206): notifyDataConnection: anyState=0,hipri/INET6,apnTypeState=0,iface=null,ip=null,gw=null,isDataConnectivityPossible=true,networkType=4,reason=radioTechnologyChanged
02-13 13:20:43.100 I/TelephonyRegistry(  206): notifyDataConnection: anyState=0,default/INET,apnTypeState=1,iface=null,ip=null,gw=null,isDataConnectivityPossible=true,networkType=4,reason=radioTechnologyChanged
02-13 13:20:43.270 D/StatusBarPolicy(  317): onSignalStrengthsChanged:SignalStrength: 99 0 -103 -80 -125 -25 8 99 2147483647 2147483647 2147483647 2147483647 cdma for subscription0
02-13 13:20:43.270 D/StatusBarPolicy(  317): updateSignalStrength on subscription :0
02-13 13:20:43.280 D/StatusBarPolicy(  317): StatusBarPolocy::getIconLevel -CDMA
02-13 13:20:43.280 D/StatusBarPolicy(  317): getCdmaLevel_band_six -cdmaDbm:-103
02-13 13:20:43.280 D/StatusBarPolicy(  317): getCdmaLevel_band_six -cdmaEcio:-80
02-13 13:20:43.330 I/TelephonyRegistry(  206): notifyServiceState: 0 home Sprint  310099  IS95A CSS not supported 41 4139RoamInd: 1RoamStatus(sprint): 1DefRoamInd: 160EmergOnly: false
02-13 13:20:43.330 D/StatusBarPolicy(  317): onServiceStateChanged:0 home Sprint  310099  IS95A CSS not supported 41 4139RoamInd: 1RoamStatus(sprint): 1DefRoamInd: 160EmergOnly: falsefor subscription :0
02-13 13:20:43.330 D/StatusBarPolicy(  317): updateSignalStrength on subscription :0
02-13 13:20:43.330 D/StatusBarPolicy(  317): StatusBarPolocy::getIconLevel -CDMA
02-13 13:20:43.330 D/StatusBarPolicy(  317): getCdmaLevel_band_six -cdmaDbm:-103
02-13 13:20:43.330 D/StatusBarPolicy(  317): getCdmaLevel_band_six -cdmaEcio:-80
02-13 13:20:43.330 D/StatusBarPolicy(  317): updateDataIcon subscription =0
02-13 13:20:43.350 I/TelephonyRegistry(  206): notifyServiceState: 0 home Sprint  310099  1xRTT CSS not supported 41 4139RoamInd: 1RoamStatus(sprint): 1DefRoamInd: 160EmergOnly: false
02-13 13:20:43.350 D/StatusBarPolicy(  317): onServiceStateChanged:0 home Sprint  310099  1xRTT CSS not supported 41 4139RoamInd: 1RoamStatus(sprint): 1DefRoamInd: 160EmergOnly: falsefor subscription :0
02-13 13:20:43.350 D/StatusBarPolicy(  317): updateSignalStrength on subscription :0
02-13 13:20:43.350 D/StatusBarPolicy(  317): StatusBarPolocy::getIconLevel -CDMA
02-13 13:20:43.350 D/StatusBarPolicy(  317): getCdmaLevel_band_six -cdmaDbm:-103
02-13 13:20:43.350 D/StatusBarPolicy(  317): getCdmaLevel_band_six -cdmaEcio:-80
02-13 13:20:43.350 D/StatusBarPolicy(  317): updateDataIcon subscription =0
02-13 13:20:43.400 I/TelephonyRegistry(  206): notifyDataConnection: anyState=0,default/INET,apnTypeState=1,iface=null,ip=null,gw=null,isDataConnectivityPossible=true,networkType=7,reason=radioTechnologyChanged
02-13 13:20:43.400 D/StatusBarPolicy(  317): StatusBarPolicy onDataConnectionStateChanged to 0for nw : 7on subscription : 0
02-13 13:20:43.400 D/StatusBarPolicy(  317): Data network type changed to:7
02-13 13:20:43.400 D/StatusBarPolicy(  317): updateDataIcon subscription =0
02-13 13:20:43.410 I/TelephonyRegistry(  206): notifyDataConnection: anyState=0,default/INET6,apnTypeState=0,iface=null,ip=null,gw=null,isDataConnectivityPossible=true,networkType=7,reason=radioTechnologyChanged
02-13 13:20:43.410 W/BackupManagerService(  206): dataChanged but no participant pkg='com.android.providers.settings' uid=10001
02-13 13:20:43.430 I/TelephonyRegistry(  206): notifyDataConnection: anyState=0,mms/INET,apnTypeState=0,iface=null,ip=null,gw=null,isDataConnectivityPossible=true,networkType=7,reason=radioTechnologyChanged
02-13 13:20:43.440 I/TelephonyRegistry(  206): notifyDataConnection: anyState=0,mms/INET6,apnTypeState=0,iface=null,ip=null,gw=null,isDataConnectivityPossible=true,networkType=7,reason=radioTechnologyChanged
02-13 13:20:43.450 I/TelephonyRegistry(  206): notifyDataConnection: anyState=0,supl/INET,apnTypeState=0,iface=null,ip=null,gw=null,isDataConnectivityPossible=true,networkType=7,reason=radioTechnologyChanged
02-13 13:20:43.460 I/TelephonyRegistry(  206): notifyDataConnection: anyState=0,supl/INET6,apnTypeState=0,iface=null,ip=null,gw=null,isDataConnectivityPossible=true,networkType=7,reason=radioTechnologyChanged
02-13 13:20:43.470 W/BackupManagerService(  206): dataChanged but no participant pkg='com.android.providers.settings' uid=10001
02-13 13:20:43.510 I/TelephonyRegistry(  206): notifyDataConnection: anyState=0,dun/INET,apnTypeState=0,iface=null,ip=null,gw=null,isDataConnectivityPossible=true,networkType=7,reason=radioTechnologyChanged
02-13 13:20:43.510 I/TelephonyRegistry(  206): notifyDataConnection: anyState=0,dun/INET6,apnTypeState=0,iface=null,ip=null,gw=null,isDataConnectivityPossible=true,networkType=7,reason=radioTechnologyChanged
02-13 13:20:43.520 I/TelephonyRegistry(  206): notifyDataConnection: anyState=0,hipri/INET,apnTypeState=0,iface=null,ip=null,gw=null,isDataConnectivityPossible=true,networkType=7,reason=radioTechnologyChanged
02-13 13:20:43.530 I/TelephonyRegistry(  206): notifyDataConnection: anyState=0,hipri/INET6,apnTypeState=0,iface=null,ip=null,gw=null,isDataConnectivityPossible=true,networkType=7,reason=radioTechnologyChanged
02-13 13:20:43.640 D/ConnectivityService(  206): ConnectivityChange for mobile: CONNECTING/CONNECTING
02-13 13:20:44.091 I/ActivityManager(  206): Start proc com.swype.android.inputmethod for broadcast com.swype.android.inputmethod/.SwypeDataInitializer: pid=661 uid=10010 gids={1015}
02-13 13:20:44.211 D/StatusBarPolicy(  317): onSignalStrengthsChanged:SignalStrength: 99 0 -102 -70 -95 -15 6 99 2147483647 2147483647 2147483647 2147483647 cdma for subscription0
02-13 13:20:44.211 D/StatusBarPolicy(  317): updateSignalStrength on subscription :0
02-13 13:20:44.221 D/StatusBarPolicy(  317): StatusBarPolocy::getIconLevel -CDMA
02-13 13:20:44.221 D/StatusBarPolicy(  317): getCdmaLevel_band_six -cdmaDbm:-102
02-13 13:20:44.221 D/StatusBarPolicy(  317): getCdmaLevel_band_six -cdmaEcio:-70
02-13 13:20:44.231 I/ActivityManager(  206): Start proc com.sprint.ce.updater for broadcast com.sprint.ce.updater/.BootCompletedReceiver: pid=669 uid=10012 gids={3003}
02-13 13:20:44.241 I/TelephonyRegistry(  206): notifyServiceState: 0 home Sprint  310099  1xRTT CSS not supported 41 4139RoamInd: 1RoamStatus(sprint): 1DefRoamInd: 160EmergOnly: false
02-13 13:20:44.241 D/StatusBarPolicy(  317): onServiceStateChanged:0 home Sprint  310099  1xRTT CSS not supported 41 4139RoamInd: 1RoamStatus(sprint): 1DefRoamInd: 160EmergOnly: falsefor subscription :0
02-13 13:20:44.241 D/StatusBarPolicy(  317): updateSignalStrength on subscription :0
02-13 13:20:44.241 D/StatusBarPolicy(  317): StatusBarPolocy::getIconLevel -CDMA
02-13 13:20:44.241 D/StatusBarPolicy(  317): getCdmaLevel_band_six -cdmaDbm:-102
02-13 13:20:44.241 D/StatusBarPolicy(  317): getCdmaLevel_band_six -cdmaEcio:-70
02-13 13:20:44.241 D/StatusBarPolicy(  317): updateDataIcon subscription =0
02-13 13:20:44.691 I/ActivityManager(  206): Start proc com.android.settings for broadcast com.android.qualcomm/.Dun_Autoboot: pid=678 uid=1000 gids={3002, 3001, 3003, 1015}
02-13 13:20:44.721 I/ActivityManager(  206): Start proc com.irdeto.providers.drm for broadcast com.irdeto.providers.drm/.OmaDrmReceiver: pid=685 uid=10024 gids={1015, 2001, 3003}
02-13 13:20:44.761 I/ActivityManager(  206): Start proc com.android.mms for broadcast com.android.mms/.transaction.MmsSystemEventReceiver: pid=693 uid=10030 gids={3003, 1015}
02-13 13:20:44.951 W/BackupManagerService(  206): dataChanged but no participant pkg='com.android.providers.settings' uid=10030
02-13 13:20:44.991 W/BackupManagerService(  206): dataChanged but no participant pkg='com.android.providers.settings' uid=10030
02-13 13:20:45.031 W/BackupManagerService(  206): dataChanged but no participant pkg='com.android.providers.settings' uid=10030
02-13 13:20:45.111 W/BackupManagerService(  206): dataChanged but no participant pkg='com.android.providers.settings' uid=10030
02-13 13:20:45.151 W/BackupManagerService(  206): dataChanged but no participant pkg='com.android.providers.settings' uid=10030
02-13 13:20:45.202 W/BackupManagerService(  206): dataChanged but no participant pkg='com.android.providers.settings' uid=10030
02-13 13:20:45.242 W/BackupManagerService(  206): dataChanged but no participant pkg='com.android.providers.settings' uid=10030
02-13 13:20:45.272 W/WindowManager(  206): updateFocusedWindowLocked newFocus=Window{406e9fc8 Keyguard paused=false} mode=2 mCurrentFocus = Window{406e9fc8 Keyguard paused=false}
02-13 13:20:45.282 W/WindowManager(  206): updateFocusedWindowLocked newFocus=Window{406e9fc8 Keyguard paused=false} mode=2 mCurrentFocus = Window{406e9fc8 Keyguard paused=false}
02-13 13:20:45.342 W/BackupManagerService(  206): dataChanged but no participant pkg='com.android.providers.settings' uid=10030
02-13 13:20:45.382 W/BackupManagerService(  206): dataChanged but no participant pkg='com.android.providers.settings' uid=10030
02-13 13:20:45.422 W/BackupManagerService(  206): dataChanged but no participant pkg='com.android.providers.settings' uid=10030
02-13 13:20:45.462 W/BackupManagerService(  206): dataChanged but no participant pkg='com.android.providers.settings' uid=10030
02-13 13:20:45.492 W/BackupManagerService(  206): dataChanged but no participant pkg='com.android.providers.settings' uid=10030
02-13 13:20:45.592 W/BackupManagerService(  206): dataChanged but no participant pkg='com.android.providers.settings' uid=10030
02-13 13:20:45.632 W/BackupManagerService(  206): dataChanged but no participant pkg='com.android.providers.settings' uid=10030
02-13 13:20:45.772 W/BackupManagerService(  206): dataChanged but no participant pkg='com.android.providers.settings' uid=10030
02-13 13:20:45.842 W/BackupManagerService(  206): dataChanged but no participant pkg='com.android.providers.settings' uid=10030
02-13 13:20:45.882 I/ActivityManager(  206): No longer want com.google.android.apps.uploader (pid 454): hidden #16
02-13 13:20:45.882 W/BackupManagerService(  206): dataChanged but no participant pkg='com.android.providers.settings' uid=10030
02-13 13:20:46.062 W/BackupManagerService(  206): dataChanged but no participant pkg='com.android.providers.settings' uid=10030
02-13 13:20:46.543 D/StatusBarPolicy(  317): onSignalStrengthsChanged:SignalStrength: 99 0 -104 -100 -95 -20 7 99 2147483647 2147483647 2147483647 2147483647 cdma for subscription0
02-13 13:20:46.543 D/StatusBarPolicy(  317): updateSignalStrength on subscription :0
02-13 13:20:46.543 D/StatusBarPolicy(  317): StatusBarPolocy::getIconLevel -CDMA
02-13 13:20:46.543 D/StatusBarPolicy(  317): getCdmaLevel_band_six -cdmaDbm:-104
02-13 13:20:46.543 D/StatusBarPolicy(  317): getCdmaLevel_band_six -cdmaEcio:-100
02-13 13:20:47.073 D/PowerManagerService(  206): setTimeoutLocked now=106244 timeoutOverride=-1 nextState=3 when=112244
02-13 13:20:47.073 W/WindowManager(  206): updateFocusedWindowLocked newFocus=null mode=3 mCurrentFocus = Window{406e9fc8 Keyguard paused=false}
02-13 13:20:47.083 W/WindowManager(  206): updateFocusedWindowLocked newFocus=Window{405d4e70 com.sprint.w.installer/com.sprint.w.installer.WInstaller paused=false} mode=2 mCurrentFocus = null
02-13 13:20:47.083 W/WindowManager(  206): updateFocusedWindowLocked newFocus=Window{405d4e70 com.sprint.w.installer/com.sprint.w.installer.WInstaller paused=false} mode=3 mCurrentFocus = Window{405d4e70 com.sprint.w.installer/com.sprint.w.installer.WInstaller paused=false}
02-13 13:20:47.113 D/PowerManagerService(  206): setTimeoutLocked now=106284 timeoutOverride=-1 nextState=3 when=112284
02-13 13:20:47.264 I/ActivityManager(  206): Start proc com.google.android.apps.maps:FriendService for broadcast com.google.android.apps.maps/com.google.googlenav.friend.android.ServiceReceiver: pid=711 uid=10033 gids={3003, 1015}
02-13 13:20:48.785 D/StatusBarPolicy(  317): onSignalStrengthsChanged:SignalStrength: 99 0 -104 -100 -93 -40 6 99 2147483647 2147483647 2147483647 2147483647 cdma for subscription0
02-13 13:20:48.795 D/StatusBarPolicy(  317): updateSignalStrength on subscription :0
02-13 13:20:48.795 D/StatusBarPolicy(  317): StatusBarPolocy::getIconLevel -CDMA
02-13 13:20:48.795 D/StatusBarPolicy(  317): getCdmaLevel_band_six -cdmaDbm:-104
02-13 13:20:48.795 D/StatusBarPolicy(  317): getCdmaLevel_band_six -cdmaEcio:-100
02-13 13:20:50.076 D/StatusBarPolicy(  317): onSignalStrengthsChanged:SignalStrength: 99 0 -104 -100 -93 -30 6 99 2147483647 2147483647 2147483647 2147483647 cdma for subscription0
02-13 13:20:50.076 D/StatusBarPolicy(  317): updateSignalStrength on subscription :0
02-13 13:20:50.126 D/StatusBarPolicy(  317): StatusBarPolocy::getIconLevel -CDMA
02-13 13:20:50.126 D/StatusBarPolicy(  317): getCdmaLevel_band_six -cdmaDbm:-104
02-13 13:20:50.126 D/StatusBarPolicy(  317): getCdmaLevel_band_six -cdmaEcio:-100
02-13 13:20:50.126 I/TelephonyRegistry(  206): notifyServiceState: 0 home Sprint  310099  1xRTT CSS not supported 41 4139RoamInd: 1RoamStatus(sprint): 1DefRoamInd: 160EmergOnly: false
02-13 13:20:50.126 D/StatusBarPolicy(  317): onServiceStateChanged:0 home Sprint  310099  1xRTT CSS not supported 41 4139RoamInd: 1RoamStatus(sprint): 1DefRoamInd: 160EmergOnly: falsefor subscription :0
02-13 13:20:50.126 D/StatusBarPolicy(  317): updateSignalStrength on subscription :0
02-13 13:20:50.126 D/StatusBarPolicy(  317): StatusBarPolocy::getIconLevel -CDMA
02-13 13:20:50.126 D/StatusBarPolicy(  317): getCdmaLevel_band_six -cdmaDbm:-104
02-13 13:20:50.126 D/StatusBarPolicy(  317): getCdmaLevel_band_six -cdmaEcio:-100
02-13 13:20:50.136 I/TelephonyRegistry(  206): notifyServiceState: 0 home Sprint  310099  EvDo rev. A CSS not supported 41 4139RoamInd: 1RoamStatus(sprint): 1DefRoamInd: 160EmergOnly: false
02-13 13:20:50.146 D/StatusBarPolicy(  317): updateDataIcon subscription =0
02-13 13:20:50.146 D/StatusBarPolicy(  317): onServiceStateChanged:0 home Sprint  310099  EvDo rev. A CSS not supported 41 4139RoamInd: 1RoamStatus(sprint): 1DefRoamInd: 160EmergOnly: falsefor subscription :0
02-13 13:20:50.146 D/StatusBarPolicy(  317): updateSignalStrength on subscription :0
02-13 13:20:50.146 D/StatusBarPolicy(  317): StatusBarPolocy::getIconLevel -EVDO
02-13 13:20:50.146 D/StatusBarPolicy(  317): getEvdoLevel_band_six -evdoDbm:-93
02-13 13:20:50.146 D/StatusBarPolicy(  317): getEvdoLevel_band_six -evdoEcio:-30
02-13 13:20:50.156 D/StatusBarPolicy(  317): updateDataIcon subscription =0
02-13 13:20:50.176 I/TelephonyRegistry(  206): notifyDataConnection: anyState=0,default/INET,apnTypeState=1,iface=null,ip=null,gw=null,isDataConnectivityPossible=true,networkType=6,reason=radioTechnologyChanged
02-13 13:20:50.176 D/StatusBarPolicy(  317): StatusBarPolicy onDataConnectionStateChanged to 0for nw : 6on subscription : 0
02-13 13:20:50.176 D/StatusBarPolicy(  317): Data network type changed to:6
02-13 13:20:50.176 D/StatusBarPolicy(  317): updateDataIcon subscription =0
02-13 13:20:50.186 I/TelephonyRegistry(  206): notifyDataConnection: anyState=0,default/INET6,apnTypeState=0,iface=null,ip=null,gw=null,isDataConnectivityPossible=true,networkType=6,reason=radioTechnologyChanged
02-13 13:20:50.196 I/TelephonyRegistry(  206): notifyDataConnection: anyState=0,mms/INET,apnTypeState=0,iface=null,ip=null,gw=null,isDataConnectivityPossible=true,networkType=6,reason=radioTechnologyChanged
02-13 13:20:50.206 I/TelephonyRegistry(  206): notifyDataConnection: anyState=0,mms/INET6,apnTypeState=0,iface=null,ip=null,gw=null,isDataConnectivityPossible=true,networkType=6,reason=radioTechnologyChanged
02-13 13:20:50.216 I/TelephonyRegistry(  206): notifyDataConnection: anyState=0,supl/INET,apnTypeState=0,iface=null,ip=null,gw=null,isDataConnectivityPossible=true,networkType=6,reason=radioTechnologyChanged
02-13 13:20:50.216 I/TelephonyRegistry(  206): notifyDataConnection: anyState=0,supl/INET6,apnTypeState=0,iface=null,ip=null,gw=null,isDataConnectivityPossible=true,networkType=6,reason=radioTechnologyChanged
02-13 13:20:50.236 I/TelephonyRegistry(  206): notifyDataConnection: anyState=0,dun/INET,apnTypeState=0,iface=null,ip=null,gw=null,isDataConnectivityPossible=true,networkType=6,reason=radioTechnologyChanged
02-13 13:20:50.236 I/TelephonyRegistry(  206): notifyDataConnection: anyState=0,dun/INET6,apnTypeState=0,iface=null,ip=null,gw=null,isDataConnectivityPossible=true,networkType=6,reason=radioTechnologyChanged
02-13 13:20:50.246 I/TelephonyRegistry(  206): notifyDataConnection: anyState=0,hipri/INET,apnTypeState=0,iface=null,ip=null,gw=null,isDataConnectivityPossible=true,networkType=6,reason=radioTechnologyChanged
02-13 13:20:50.256 I/TelephonyRegistry(  206): notifyDataConnection: anyState=0,hipri/INET6,apnTypeState=0,iface=null,ip=null,gw=null,isDataConnectivityPossible=true,networkType=6,reason=radioTechnologyChanged
02-13 13:20:50.487 I/ActivityManager(  206): Start proc com.android.zte.HiddenMenu for broadcast com.android.zte.HiddenMenu/.CommandReceiver: pid=720 uid=1000 gids={3002, 3001, 3003, 1015}
02-13 13:20:50.487 I/ActivityManager(  206): No longer want com.google.android.gm (pid 466): hidden #16
02-13 13:20:50.547 D/PowerManagerService(  206): setTimeoutLocked now=109703 timeoutOverride=-1 nextState=3 when=115703
02-13 13:20:50.637 I/ActivityManager(  206): Starting: Intent { act=android.intent.action.MAIN cat=[android.intent.category.HOME] flg=0x10200000 cmp=com.android.launcher/com.android.launcher2.Launcher } from pid 206
02-13 13:20:50.637 W/WindowManager(  206): updateFocusedWindowLocked newFocus=Window{405d4e70 com.sprint.w.installer/com.sprint.w.installer.WInstaller paused=true} mode=0 mCurrentFocus = Window{405d4e70 com.sprint.w.installer/com.sprint.w.installer.WInstaller paused=true}
02-13 13:20:50.637 W/WindowManager(  206): updateFocusedWindowLocked newFocus=null mode=0 mCurrentFocus = Window{405d4e70 com.sprint.w.installer/com.sprint.w.installer.WInstaller paused=true}
02-13 13:20:50.647 W/WindowManager(  206): updateFocusedWindowLocked newFocus=null mode=3 mCurrentFocus = null
02-13 13:20:50.667 I/ActivityManager(  206): No longer want com.google.android.voicesearch (pid 496): hidden #16
02-13 13:20:50.747 I/ActivityManager(  206): Starting: Intent { act=com.sprint.installer.ACTION_FIRST_RUN cat=[android.intent.category.DEFAULT] cmp=com.sprint.w.installer/.WInstaller } from pid 407
02-13 13:20:50.747 I/ActivityManager(  206): Starting: Intent { flg=0x10000000 cmp=com.google.android.gsf/.update.SystemUpdateInstallDialog } from pid 374
02-13 13:20:50.757 W/WindowManager(  206): updateFocusedWindowLocked newFocus=Window{4084bd48 com.android.launcher/com.android.launcher2.Launcher paused=true} mode=3 mCurrentFocus = null
02-13 13:20:50.777 W/WindowManager(  206): updateFocusedWindowLocked newFocus=null mode=0 mCurrentFocus = Window{4084bd48 com.android.launcher/com.android.launcher2.Launcher paused=false}
02-13 13:20:50.837 W/WindowManager(  206): updateFocusedWindowLocked newFocus=null mode=0 mCurrentFocus = null
02-13 13:20:50.887 W/InputManagerService(  206): Starting input on non-focused client com.android.internal.view.IInputMethodClient$Stub$Proxy@40681358 (uid=10037 pid=407)
02-13 13:20:50.887 W/InputManagerService(  206): Client not active, ignoring focus gain of: com.android.internal.view.IInputMethodClient$Stub$Proxy@40655738
02-13 13:20:50.927 W/WindowManager(  206): updateFocusedWindowLocked newFocus=Window{40884690 com.sprint.w.installer/com.sprint.w.installer.WInstaller paused=false} mode=3 mCurrentFocus = null
02-13 13:20:50.987 W/WindowManager(  206): updateFocusedWindowLocked newFocus=Window{40884690 com.sprint.w.installer/com.sprint.w.installer.WInstaller paused=false} mode=2 mCurrentFocus = Window{40884690 com.sprint.w.installer/com.sprint.w.installer.WInstaller paused=false}
02-13 13:20:50.987 W/WindowManager(  206): updateFocusedWindowLocked newFocus=Window{40884690 com.sprint.w.installer/com.sprint.w.installer.WInstaller paused=false} mode=2 mCurrentFocus = Window{40884690 com.sprint.w.installer/com.sprint.w.installer.WInstaller paused=false}
02-13 13:20:50.987 W/WindowManager(  206): updateFocusedWindowLocked newFocus=Window{40884690 com.sprint.w.installer/com.sprint.w.installer.WInstaller paused=false} mode=3 mCurrentFocus = Window{40884690 com.sprint.w.installer/com.sprint.w.installer.WInstaller paused=false}
02-13 13:20:51.027 D/StatusBarPolicy(  317): onSignalStrengthsChanged:SignalStrength: 99 0 -102 -70 -93 -20 6 99 2147483647 2147483647 2147483647 2147483647 cdma for subscription0
02-13 13:20:51.027 D/StatusBarPolicy(  317): updateSignalStrength on subscription :0
02-13 13:20:51.027 D/StatusBarPolicy(  317): StatusBarPolocy::getIconLevel -EVDO
02-13 13:20:51.027 D/StatusBarPolicy(  317): getEvdoLevel_band_six -evdoDbm:-93
02-13 13:20:51.027 D/StatusBarPolicy(  317): getEvdoLevel_band_six -evdoEcio:-20
02-13 13:20:51.067 W/WindowManager(  206): updateFocusedWindowLocked newFocus=Window{40884690 com.sprint.w.installer/com.sprint.w.installer.WInstaller paused=false} mode=3 mCurrentFocus = Window{40884690 com.sprint.w.installer/com.sprint.w.installer.WInstaller paused=false}
02-13 13:20:51.167 W/WindowManager(  206): updateFocusedWindowLocked newFocus=Window{40884690 com.sprint.w.installer/com.sprint.w.installer.WInstaller paused=false} mode=3 mCurrentFocus = Window{40884690 com.sprint.w.installer/com.sprint.w.installer.WInstaller paused=false}
02-13 13:20:51.177 W/WindowManager(  206): updateFocusedWindowLocked newFocus=Window{40884690 com.sprint.w.installer/com.sprint.w.installer.WInstaller paused=false} mode=0 mCurrentFocus = Window{40884690 com.sprint.w.installer/com.sprint.w.installer.WInstaller paused=false}
02-13 13:20:51.558 I/ActivityManager(  206): Force stopping package com.google.android.apps.maps uid=10033
02-13 13:20:51.688 I/ActivityManager(  206): Force stopping package com.google.android.youtube uid=10003
02-13 13:20:51.788 I/ActivityManager(  206): Start proc com.google.android.gm for broadcast com.google.android.gm/.MailIntentReceiver: pid=733 uid=10043 gids={3003, 1015}
02-13 13:20:51.798 I/ActivityManager(  206): Force stopping package com.android.vending uid=10022
02-13 13:20:52.348 I/ActivityManager(  206): Force stopping package com.google.android.voicesearch uid=10004
02-13 13:20:52.369 I/ActivityManager(  206): Start proc com.dataviz.docstogo for broadcast com.dataviz.docstogo/com.dataviz.dxtg.common.android.DTGPhoneBootReceiver: pid=747 uid=10049 gids={3003, 1015}
02-13 13:20:52.619 I/ActivityManager(  206): Force stopping package com.google.android.apps.books uid=10057
02-13 13:20:52.689 E/ActivityThread(  747): Failed to find provider info for com.dataviz.dxtg.common.android.bundleprovider
02-13 13:20:52.709 I/ActivityManager(  206): Process com.dataviz.docstogo (pid 747) has died.
02-13 13:20:53.009 I/ActivityManager(  206): Start proc com.android.camera for broadcast com.android.camera/.BootCamera: pid=758 uid=10052 gids={1006, 1015}
02-13 13:20:53.079 I/ActivityManager(  206): Start proc com.android.providers.calendar for broadcast com.android.providers.calendar/.CalendarReceiver: pid=765 uid=10053 gids={3003}
02-13 13:20:53.159 I/ActivityManager(  206): Start proc com.android.calendar for broadcast com.android.calendar/.AlertReceiver: pid=774 uid=10054 gids={3003}
02-13 13:20:53.259 D/StatusBarPolicy(  317): onSignalStrengthsChanged:SignalStrength: 99 0 -102 -70 -91 -30 7 99 2147483647 2147483647 2147483647 2147483647 cdma for subscription0
02-13 13:20:53.259 D/StatusBarPolicy(  317): updateSignalStrength on subscription :0
02-13 13:20:53.269 D/StatusBarPolicy(  317): StatusBarPolocy::getIconLevel -EVDO
02-13 13:20:53.269 D/StatusBarPolicy(  317): getEvdoLevel_band_six -evdoDbm:-91
02-13 13:20:53.269 D/StatusBarPolicy(  317): getEvdoLevel_band_six -evdoEcio:-30
02-13 13:20:53.339 I/ActivityManager(  206): Start proc com.google.android.apps.uploader for broadcast com.google.android.apps.uploader/.ConnectivityBroadcastReceiver: pid=784 uid=10031 gids={3003}
02-13 13:20:53.450 D/WifiService(  206): ACTION_SCREEN_OFF
02-13 13:20:53.460 D/WifiService(  206): setting ACTION_DEVICE_IDLE timer for 120,000 ms
02-13 13:20:53.710 D/WifiService(  206): ACTION_SCREEN_ON
02-13 13:20:53.720 D/WifiService(  206): WifiHandler, MESSAGE_UPDATE_STATE
02-13 13:20:53.720 D/WifiService(  206): isAirplaneModeOn(): false
02-13 13:20:53.720 D/WifiService(  206): updateWifiState(), wifiEnabled: true, airplaneMode: false, wifiShouldBeEnabled: true, wifiShouldBeStarted: true, strongestLockMode: 1
02-13 13:20:53.720 D/WifiService(  206): WifiHandler, MESSAGE_ENABLE_WIFI, msg.arg1: 0, msg.arg2: 1000
02-13 13:20:53.720 D/WifiService(  206): WifiHandler, MESSAGE_START_WIFI, msg.arg1: 1
02-13 13:20:53.770 I/TelephonyRegistry(  206): notifyServiceState: 0 home Sprint  310099  EvDo rev. A CSS not supported 41 4139RoamInd: 1RoamStatus(sprint): 1DefRoamInd: 160EmergOnly: false
02-13 13:20:53.770 D/StatusBarPolicy(  317): onServiceStateChanged:0 home Sprint  310099  EvDo rev. A CSS not supported 41 4139RoamInd: 1RoamStatus(sprint): 1DefRoamInd: 160EmergOnly: falsefor subscription :0
02-13 13:20:53.770 D/StatusBarPolicy(  317): updateSignalStrength on subscription :0
02-13 13:20:53.770 D/StatusBarPolicy(  317): StatusBarPolocy::getIconLevel -EVDO
02-13 13:20:53.770 D/StatusBarPolicy(  317): getEvdoLevel_band_six -evdoDbm:-91
02-13 13:20:53.770 D/StatusBarPolicy(  317): getEvdoLevel_band_six -evdoEcio:-30
02-13 13:20:53.780 D/StatusBarPolicy(  317): updateDataIcon subscription =0
02-13 13:20:53.790 I/ActivityManager(  206): Start proc com.android.vending for broadcast com.android.vending/com.google.android.finsky.receivers.PersistentPackageMonitorReceiver: pid=796 uid=10022 gids={3003, 1015}
02-13 13:20:53.980 I/ActivityManager(  206): No longer want com.qualcomm.privinit (pid 635): hidden #16
02-13 13:20:54.020 I/ActivityManager(  206): Start proc com.google.android.music:main for broadcast com.google.android.music/.store.MediaStoreImportService$Receiver: pid=817 uid=10028 gids={3003, 1015}
02-13 13:20:54.501 I/ActivityManager(  206): Start proc com.google.android.apps.maps:LocationFriendService for broadcast com.google.android.apps.maps/com.google.googlenav.friend.reporting.LocationReportingIntentReceiver: pid=827 uid=10033 gids={3003, 1015}
02-13 13:20:54.501 I/ActivityManager(  206): No longer want com.swype.android.inputmethod (pid 661): hidden #16
02-13 13:20:54.621 I/TelephonyRegistry(  206): notifyDataConnection: anyState=2,default/INET,apnTypeState=2,iface=rmnet0,ip=174.156.234.163,gw=174.156.234.161,isDataConnectivityPossible=true,networkType=6,reason=radioTechnologyChanged
02-13 13:20:54.621 D/StatusBarPolicy(  317): StatusBarPolicy onDataConnectionStateChanged to 2for nw : 6on subscription : 0
02-13 13:20:54.621 D/StatusBarPolicy(  317): Data network type changed to:6
02-13 13:20:54.621 D/StatusBarPolicy(  317): updateDataIcon subscription =0
02-13 13:20:54.651 D/ConnectivityService(  206): ConnectivityChange for mobile: CONNECTED/CONNECTED
02-13 13:20:54.651 D/ConnectivityService(  206): Got Network Connection Succ from Driver nwtype=0
02-13 13:20:54.651 D/ConnectivityService(  206): adding dns 68.28.67.132 for mobile
02-13 13:20:54.651 D/ConnectivityService(  206): adding dns 68.28.68.132 for mobile
02-13 13:20:54.651 D/NetdConnector(  206): SND -> {route replace def v4 rmnet0 174.156.234.161} {null}
02-13 13:20:54.661 I/TelephonyRegistry(  206): notifyDataConnection: anyState=2,mms/INET,apnTypeState=2,iface=rmnet0,ip=174.156.234.163,gw=174.156.234.161,isDataConnectivityPossible=true,networkType=6,reason=radioTechnologyChanged
02-13 13:20:54.691 I/TelephonyRegistry(  206): notifyDataConnection: anyState=2,supl/INET,apnTypeState=2,iface=rmnet0,ip=174.156.234.163,gw=174.156.234.161,isDataConnectivityPossible=true,networkType=6,reason=radioTechnologyChanged
02-13 13:20:54.711 I/TelephonyRegistry(  206): notifyDataConnection: anyState=2,hipri/INET,apnTypeState=2,iface=rmnet0,ip=174.156.234.163,gw=174.156.234.161,isDataConnectivityPossible=true,networkType=6,reason=radioTechnologyChanged
02-13 13:20:54.721 D/StatusBarPolicy(  317): updateDataIcon subscription =0
02-13 13:20:54.761 D/NetdConnector(  206): RCV <- {200 default route replace succeeded for [rmnet0 -4]}
02-13 13:20:54.761 D/NetdConnector(  206): RSP <- {200 default route replace succeeded for [rmnet0 -4]}
02-13 13:20:54.761 D/NetworkManagementService(  206): 200 default route replace succeeded for [rmnet0 -4]
02-13 13:20:54.901 D/StatusBarPolicy(  317): Data network type changed to:6
02-13 13:20:54.911 D/StatusBarPolicy(  317): updateDataIcon subscription =0
02-13 13:20:54.971 D/StatusBarPolicy(  317): updateSignalStrength on subscription :0
02-13 13:20:54.971 I/ActivityManager(  206): No longer want com.android.mms (pid 693): hidden #16
02-13 13:20:54.981 D/StatusBarPolicy(  317): StatusBarPolocy::getIconLevel -EVDO
02-13 13:20:54.981 D/StatusBarPolicy(  317): getEvdoLevel_band_six -evdoDbm:-91
02-13 13:20:54.981 D/StatusBarPolicy(  317): getEvdoLevel_band_six -evdoEcio:-30
02-13 13:20:55.391 D/RPC     (  206): 3000008c:00050000 sending call (XID 5).
02-13 13:20:55.391 D/RPC     (  206): 3000008c:00050000 received REPLY (XID 5), grabbing mutex to wake up client.
02-13 13:20:55.391 D/RPC     (  206): 3000008c:00050000 call success.
02-13 13:20:55.391 D/RPC     (  206): 3000008c:00050000 received CALL.
02-13 13:20:55.391 D/RPC     (  206): 3000008c:00050000 dispatching RPC call (XID 22, xdr 0x4b3028) for callback client 3100008c:00050001.
02-13 13:20:55.391 D/RPC     (  206): 3100008c:327681 sending RPC reply (XID 22)
02-13 13:20:55.391 D/RPC     (  206): 3000008c:00050000 sending call (XID 6).
02-13 13:20:55.401 D/RPC     (  206): 3000008c:00050000 received REPLY (XID 6), grabbing mutex to wake up client.
02-13 13:20:55.401 D/RPC     (  206): 3000008c:00050000 call success.
02-13 13:20:55.411 D/RPC     (  206): 3000008c:00050000 received CALL.
02-13 13:20:55.411 D/RPC     (  206): 3000008c:00050000 dispatching RPC call (XID 23, xdr 0x4b3028) for callback client 3100008c:00050001.
02-13 13:20:55.411 D/RPC     (  206): 3100008c:327681 sending RPC reply (XID 23)
02-13 13:20:55.522 I/ActivityManager(  206): No longer want com.android.zte.HiddenMenu (pid 720): hidden #16
02-13 13:20:55.682 D/RPC     (  206): 3000008c:00050000 sending call (XID 7).
02-13 13:20:55.682 D/RPC     (  206): 3000008c:00050000 received REPLY (XID 7), grabbing mutex to wake up client.
02-13 13:20:55.682 D/RPC     (  206): 3000008c:00050000 call success.
02-13 13:20:55.682 D/RPC     (  206): 3000008c:00050000 received CALL.
02-13 13:20:55.682 D/RPC     (  206): 3000008c:00050000 dispatching RPC call (XID 24, xdr 0x4b3028) for callback client 3100008c:00050001.
02-13 13:20:55.682 D/RPC     (  206): 3100008c:327681 sending RPC reply (XID 24)
02-13 13:20:55.832 W/BackupManagerService(  206): dataChanged but no participant pkg='com.android.providers.settings' uid=10024
02-13 13:20:55.922 D/StatusBarPolicy(  317): updateDataIcon subscription =0
02-13 13:20:56.543 D/PowerManagerService(  206): setTimeoutLocked now=115704 timeoutOverride=-1 nextState=1 when=117704
02-13 13:20:56.573 W/BackupManagerService(  206): dataChanged but no participant pkg='com.android.providers.settings' uid=10024
02-13 13:20:57.704 D/ConnectivityService(  206): Dropping ConnectivityChange for WIFI: DISCONNECTED/SCANNING
02-13 13:20:57.774 I/ActivityManager(  206): Start proc com.android.defcontainer for service com.android.defcontainer/.DefaultContainerService: pid=854 uid=10050 gids={1015, 2001}
02-13 13:20:57.844 W/WindowManager(  206): updateFocusedWindowLocked newFocus=Window{40884690 com.sprint.w.installer/com.sprint.w.installer.WInstaller paused=true} mode=0 mCurrentFocus = Window{40884690 com.sprint.w.installer/com.sprint.w.installer.WInstaller paused=true}
02-13 13:20:57.854 W/WindowManager(  206): updateFocusedWindowLocked newFocus=null mode=3 mCurrentFocus = Window{40884690 com.sprint.w.installer/com.sprint.w.installer.WInstaller paused=true}
02-13 13:20:57.894 W/WindowManager(  206): updateFocusedWindowLocked newFocus=Window{4084bd48 com.android.launcher/com.android.launcher2.Launcher paused=false} mode=3 mCurrentFocus = null
02-13 13:20:57.954 W/WindowManager(  206): updateFocusedWindowLocked newFocus=Window{4084bd48 com.android.launcher/com.android.launcher2.Launcher paused=false} mode=2 mCurrentFocus = Window{4084bd48 com.android.launcher/com.android.launcher2.Launcher paused=false}
02-13 13:20:57.954 W/WindowManager(  206): updateFocusedWindowLocked newFocus=Window{4084bd48 com.android.launcher/com.android.launcher2.Launcher paused=false} mode=2 mCurrentFocus = Window{4084bd48 com.android.launcher/com.android.launcher2.Launcher paused=false}
02-13 13:20:57.964 I/ActivityManager(  206): Start proc com.sprint.w.prefact for service com.sprint.w.prefact/.PreferredSetterService: pid=864 uid=10019 gids={}
02-13 13:20:57.974 W/WindowManager(  206): updateFocusedWindowLocked newFocus=Window{4084bd48 com.android.launcher/com.android.launcher2.Launcher paused=false} mode=3 mCurrentFocus = Window{4084bd48 com.android.launcher/com.android.launcher2.Launcher paused=false}
02-13 13:20:58.284 W/WindowManager(  206): updateFocusedWindowLocked newFocus=Window{4084bd48 com.android.launcher/com.android.launcher2.Launcher paused=false} mode=3 mCurrentFocus = Window{4084bd48 com.android.launcher/com.android.launcher2.Launcher paused=false}
02-13 13:20:58.284 W/WindowManager(  206): updateFocusedWindowLocked newFocus=Window{4084bd48 com.android.launcher/com.android.launcher2.Launcher paused=false} mode=0 mCurrentFocus = Window{4084bd48 com.android.launcher/com.android.launcher2.Launcher paused=false}
02-13 13:20:58.324 I/PackageManager(  206): Adding preferred activity ComponentInfo{com.android.launcher/com.android.launcher2.Launcher}:
02-13 13:20:58.334 I/ActivityManager(  206): Starting: Intent { act=android.intent.action.MAIN cat=[android.intent.category.HOME] flg=0x10400000 cmp=com.android.launcher/com.android.launcher2.Launcher } from pid 864
02-13 13:20:58.364 I/ActivityManager(  206): No longer want com.google.android.partnersetup (pid 554): hidden #16
02-13 13:20:58.535 D/PowerManagerService(  206): setTimeoutLocked now=117706 timeoutOverride=-1 nextState=0 when=124706
02-13 13:20:58.645 W/ActivityManager(  206): No content provider found for: 
02-13 13:20:58.655 D/ConnectivityService(  206): Dropping ConnectivityChange for WIFI: DISCONNECTED/IDLE
02-13 13:20:58.955 W/ActivityManager(  206): No content provider found for: 
02-13 13:20:59.155 D/PowerManagerService(  206): setTimeoutLocked now=118325 timeoutOverride=-1 nextState=3 when=124325
02-13 13:20:59.215 I/ActivityManager(  206): No longer want com.android.camera (pid 758): hidden #16
02-13 13:20:59.215 D/PowerManagerService(  206): setTimeoutLocked now=118388 timeoutOverride=-1 nextState=3 when=124388
02-13 13:20:59.255 I/ActivityManager(  206): Starting: Intent { act=android.intent.action.MAIN flg=0x10000000 cmp=com.android.contacts/.DialtactsActivity } from pid 407
02-13 13:20:59.265 W/WindowManager(  206): updateFocusedWindowLocked newFocus=Window{4084bd48 com.android.launcher/com.android.launcher2.Launcher paused=false} mode=3 mCurrentFocus = Window{4084bd48 com.android.launcher/com.android.launcher2.Launcher paused=false}
02-13 13:20:59.305 W/WindowManager(  206): updateFocusedWindowLocked newFocus=null mode=0 mCurrentFocus = Window{4084bd48 com.android.launcher/com.android.launcher2.Launcher paused=true}
02-13 13:20:59.335 W/WindowManager(  206): updateFocusedWindowLocked newFocus=null mode=2 mCurrentFocus = null
02-13 13:20:59.335 W/WindowManager(  206): updateFocusedWindowLocked newFocus=null mode=2 mCurrentFocus = null
02-13 13:20:59.746 W/WindowManager(  206): updateFocusedWindowLocked newFocus=Window{409b1f80 com.android.contacts/com.android.contacts.DialtactsActivity paused=false} mode=3 mCurrentFocus = null
02-13 13:20:59.746 W/WindowManager(  206): updateFocusedWindowLocked newFocus=Window{409b1f80 com.android.contacts/com.android.contacts.DialtactsActivity paused=false} mode=3 mCurrentFocus = Window{409b1f80 com.android.contacts/com.android.contacts.DialtactsActivity paused=false}
02-13 13:20:59.836 W/WindowManager(  206): updateFocusedWindowLocked newFocus=Window{409b1f80 com.android.contacts/com.android.contacts.DialtactsActivity paused=false} mode=3 mCurrentFocus = Window{409b1f80 com.android.contacts/com.android.contacts.DialtactsActivity paused=false}
02-13 13:20:59.976 D/StatusBarPolicy(  317): onSignalStrengthsChanged:SignalStrength: 99 0 -101 -100 -91 -30 7 99 2147483647 2147483647 2147483647 2147483647 cdma for subscription0
02-13 13:20:59.976 D/StatusBarPolicy(  317): updateSignalStrength on subscription :0
02-13 13:20:59.976 D/StatusBarPolicy(  317): StatusBarPolocy::getIconLevel -EVDO
02-13 13:20:59.976 D/StatusBarPolicy(  317): getEvdoLevel_band_six -evdoDbm:-91
02-13 13:20:59.976 D/StatusBarPolicy(  317): getEvdoLevel_band_six -evdoEcio:-30
02-13 13:20:59.986 D/AlarmManager(  206): scheduleTimeTickEvent calendar=Mon Feb 13 13:22:00 CST 2012
02-13 13:20:59.986 D/AlarmManager(  206): calendar.getTimeInMillis()1329160920000
02-13 13:21:00.246 D/BatteryService(  206): updateBattery level:100 scale:100 status:3 health:2 present:true voltage: 4165 temperature: 310 technology: Li-ion AC powered:false USB powered:false icon:17302173
02-13 13:21:00.246 D/WifiService(  206): ACTION_BATTERY_CHANGED pluggedType: 0
02-13 13:21:00.246 D/WifiService(  206): WifiHandler, MESSAGE_UPDATE_STATE
02-13 13:21:00.246 D/WifiService(  206): isAirplaneModeOn(): false
02-13 13:21:00.246 D/WifiService(  206): updateWifiState(), wifiEnabled: true, airplaneMode: false, wifiShouldBeEnabled: true, wifiShouldBeStarted: true, strongestLockMode: 1
02-13 13:21:00.246 D/WifiService(  206): WifiHandler, MESSAGE_ENABLE_WIFI, msg.arg1: 0, msg.arg2: 1000
02-13 13:21:00.246 D/WifiService(  206): WifiHandler, MESSAGE_START_WIFI, msg.arg1: 1
02-13 13:21:00.907 W/BackupManagerService(  206): dataChanged but no participant pkg='com.android.providers.settings' uid=10024
02-13 13:21:00.927 D/StatusBarPolicy(  317): updateDataIcon subscription =0
02-13 13:21:01.167 W/BackupManagerService(  206): dataChanged but no participant pkg='com.android.providers.settings' uid=10024
02-13 13:21:01.928 D/StatusBarPolicy(  317): updateDataIcon subscription =0
02-13 13:21:02.218 D/StatusBarPolicy(  317): onSignalStrengthsChanged:SignalStrength: 99 0 -102 -115 -91 -30 7 99 2147483647 2147483647 2147483647 2147483647 cdma for subscription0
02-13 13:21:02.218 D/StatusBarPolicy(  317): updateSignalStrength on subscription :0
02-13 13:21:02.218 D/StatusBarPolicy(  317): StatusBarPolocy::getIconLevel -EVDO
02-13 13:21:02.218 D/StatusBarPolicy(  317): getEvdoLevel_band_six -evdoDbm:-91
02-13 13:21:02.218 D/StatusBarPolicy(  317): getEvdoLevel_band_six -evdoEcio:-30
02-13 13:21:02.879 D/PowerManagerService(  206): setTimeoutLocked now=122046 timeoutOverride=-1 nextState=3 when=128046
02-13 13:21:03.009 D/PowerManagerService(  206): setTimeoutLocked now=122172 timeoutOverride=-1 nextState=3 when=128172
02-13 13:21:03.399 D/PowerManagerService(  206): setTimeoutLocked now=122561 timeoutOverride=-1 nextState=3 when=128561
02-13 13:21:03.720 D/PowerManagerService(  206): setTimeoutLocked now=122888 timeoutOverride=-1 nextState=3 when=128888
02-13 13:21:03.900 D/PowerManagerService(  206): setTimeoutLocked now=123063 timeoutOverride=-1 nextState=3 when=129063
02-13 13:21:03.980 I/PackageManager(  206): Unpacking native libraries for /data/app/com.sprint.widget.tutorial-1.apk
02-13 13:21:04.410 D/PowerManagerService(  206): setTimeoutLocked now=123578 timeoutOverride=-1 nextState=3 when=129578
02-13 13:21:04.510 I/ActivityManager(  206): Force stopping package com.sprint.widget.tutorial uid=10060
02-13 13:21:04.530 D/PowerManagerService(  206): setTimeoutLocked now=123693 timeoutOverride=-1 nextState=3 when=129693
02-13 13:21:04.921 D/PowerManagerService(  206): setTimeoutLocked now=124080 timeoutOverride=-1 nextState=3 when=130080
02-13 13:21:05.411 D/PowerManagerService(  206): setTimeoutLocked now=124570 timeoutOverride=-1 nextState=3 when=130570
02-13 13:21:05.541 I/ActivityManager(  206): Start proc com.zte.emode for broadcast com.zte.emode/.MatchingReceiver: pid=890 uid=1000 gids={3002, 3001, 3003, 1015}
02-13 13:21:05.601 I/ActivityManager(  206): Starting: Intent { flg=0x10000000 cmp=com.zte.emode/.EmodeSubmenu (has extras) } from pid 890
02-13 13:21:05.601 W/WindowManager(  206): updateFocusedWindowLocked newFocus=Window{409b1f80 com.android.contacts/com.android.contacts.DialtactsActivity paused=false} mode=3 mCurrentFocus = Window{409b1f80 com.android.contacts/com.android.contacts.DialtactsActivity paused=false}
02-13 13:21:05.621 I/ActivityManager(  206): No longer want com.sprint.ce.updater (pid 669): hidden #16
02-13 13:21:05.641 W/WindowManager(  206): updateFocusedWindowLocked newFocus=null mode=0 mCurrentFocus = Window{409b1f80 com.android.contacts/com.android.contacts.DialtactsActivity paused=true}
02-13 13:21:05.641 W/WindowManager(  206): updateFocusedWindowLocked newFocus=null mode=2 mCurrentFocus = null
02-13 13:21:05.641 W/WindowManager(  206): updateFocusedWindowLocked newFocus=null mode=2 mCurrentFocus = null
02-13 13:21:05.682 W/ActivityManager(  206): No content provider found for: 
02-13 13:21:05.722 W/WindowManager(  206): updateFocusedWindowLocked newFocus=null mode=3 mCurrentFocus = null
02-13 13:21:05.732 W/ActivityManager(  206): No content provider found for: 
02-13 13:21:05.842 W/WindowManager(  206): updateFocusedWindowLocked newFocus=Window{40afd720 com.zte.emode/com.zte.emode.EmodeSubmenu paused=false} mode=3 mCurrentFocus = null
02-13 13:21:05.902 W/WindowManager(  206): updateFocusedWindowLocked newFocus=Window{40afd720 com.zte.emode/com.zte.emode.EmodeSubmenu paused=false} mode=3 mCurrentFocus = Window{40afd720 com.zte.emode/com.zte.emode.EmodeSubmenu paused=false}
02-13 13:21:05.952 D/StatusBarPolicy(  317): updateDataIcon subscription =0
02-13 13:21:05.962 W/InputManagerService(  206): Starting input on non-focused client com.android.internal.view.IInputMethodClient$Stub$Proxy@407f6eb8 (uid=10007 pid=402)
02-13 13:21:06.332 I/ActivityManager(  206): Start proc com.android.launcher for content provider com.android.launcher/com.android.launcher2.LauncherProvider: pid=900 uid=10037 gids={}
02-13 13:21:06.362 I/WindowManager(  206): WIN DEATH: Window{4084bd48 com.android.launcher/com.android.launcher2.Launcher paused=false}
02-13 13:21:06.362 W/WindowManager(  206): updateFocusedWindowLocked newFocus=Window{40afd720 com.zte.emode/com.zte.emode.EmodeSubmenu paused=false} mode=0 mCurrentFocus = Window{40afd720 com.zte.emode/com.zte.emode.EmodeSubmenu paused=false}
02-13 13:21:06.713 D/StatusBarPolicy(  317): onSignalStrengthsChanged:SignalStrength: 99 0 -98 -70 -87 -35 7 99 2147483647 2147483647 2147483647 2147483647 cdma for subscription0
02-13 13:21:06.713 D/StatusBarPolicy(  317): updateSignalStrength on subscription :0
02-13 13:21:06.723 D/StatusBarPolicy(  317): StatusBarPolocy::getIconLevel -EVDO
02-13 13:21:06.723 D/StatusBarPolicy(  317): getEvdoLevel_band_six -evdoDbm:-87
02-13 13:21:06.723 D/StatusBarPolicy(  317): getEvdoLevel_band_six -evdoEcio:-35
02-13 13:21:07.493 D/PowerManagerService(  206): setTimeoutLocked now=126664 timeoutOverride=-1 nextState=3 when=132664
02-13 13:21:07.633 D/PowerManagerService(  206): setTimeoutLocked now=126801 timeoutOverride=-1 nextState=3 when=132801
02-13 13:21:07.734 I/PackageManager(  206): Unpacking native libraries for /data/app/com.sprint.voicemail-1.apk
02-13 13:21:08.945 D/PowerManagerService(  206): setTimeoutLocked now=128114 timeoutOverride=-1 nextState=3 when=134114
02-13 13:21:08.955 D/StatusBarPolicy(  317): onSignalStrengthsChanged:SignalStrength: 99 0 -98 -70 -88 -55 7 99 2147483647 2147483647 2147483647 2147483647 cdma for subscription0
02-13 13:21:08.955 D/StatusBarPolicy(  317): updateSignalStrength on subscription :0
02-13 13:21:08.955 D/StatusBarPolicy(  317): StatusBarPolocy::getIconLevel -EVDO
02-13 13:21:08.955 D/StatusBarPolicy(  317): getEvdoLevel_band_six -evdoDbm:-88
02-13 13:21:08.955 D/StatusBarPolicy(  317): getEvdoLevel_band_six -evdoEcio:-55
02-13 13:21:09.075 I/ActivityManager(  206): Force stopping package com.sprint.voicemail uid=10061
02-13 13:21:09.155 D/PowerManagerService(  206): setTimeoutLocked now=128325 timeoutOverride=-1 nextState=3 when=134325
02-13 13:21:09.295 I/ActivityManager(  206): Start proc com.svox.pico for broadcast com.svox.pico/.VoiceDataInstallerReceiver: pid=910 uid=10021 gids={}
02-13 13:21:09.355 I/ActivityManager(  206): Start proc com.sprint.ce.updater for service com.sprint.ce.updater/.UpdaterService: pid=915 uid=10012 gids={3003}
02-13 13:21:09.365 I/ActivityManager(  206): No longer want com.android.calendar (pid 774): hidden #16
02-13 13:21:09.365 I/ActivityManager(  206): No longer want com.android.email (pid 580): hidden #16
02-13 13:21:09.405 I/ActivityManager(  206): Start proc com.google.android.apps.maps for broadcast com.google.android.apps.maps/com.google.android.location.internal.NlpPackageUpdateReceiver: pid=922 uid=10033 gids={3003, 1015}
02-13 13:21:09.405 I/ActivityManager(  206): No longer want com.android.providers.calendar (pid 765): hidden #16
02-13 13:21:09.966 D/PowerManagerService(  206): setTimeoutLocked now=129129 timeoutOverride=-1 nextState=3 when=135129
02-13 13:21:10.436 D/PowerManagerService(  206): setTimeoutLocked now=129607 timeoutOverride=-1 nextState=3 when=135607
