02-13 13:22:25.139 D/StatusBarPolicy(  317): onSignalStrengthsChanged:SignalStrength: 99 0 -93 -70 -93 -50 6 99 2147483647 2147483647 2147483647 2147483647 cdma for subscription0
02-13 13:22:25.139 D/StatusBarPolicy(  317): updateSignalStrength on subscription :0
02-13 13:22:25.139 D/StatusBarPolicy(  317): StatusBarPolocy::getIconLevel -EVDO
02-13 13:22:25.139 D/StatusBarPolicy(  317): getEvdoLevel_band_six -evdoDbm:-93
02-13 13:22:25.139 D/StatusBarPolicy(  317): getEvdoLevel_band_six -evdoEcio:-50
02-13 13:22:25.569 D/WifiService(  206): ACTION_SCREEN_OFF
02-13 13:22:25.579 D/WifiService(  206): setting ACTION_DEVICE_IDLE timer for 120,000 ms
02-13 13:22:26.761 D/PowerManagerService(  206): setTimeoutLocked now=205911 timeoutOverride=-1 nextState=3 when=211911
02-13 13:22:26.771 W/WindowManager(  206): updateFocusedWindowLocked newFocus=Window{4074a6d8 com.android.settings/com.android.settings.DeviceInfoSettings paused=false} mode=2 mCurrentFocus = Window{4074a6d8 com.android.settings/com.android.settings.DeviceInfoSettings paused=false}
02-13 13:22:26.771 W/WindowManager(  206): updateFocusedWindowLocked newFocus=Window{4074a6d8 com.android.settings/com.android.settings.DeviceInfoSettings paused=false} mode=2 mCurrentFocus = Window{4074a6d8 com.android.settings/com.android.settings.DeviceInfoSettings paused=false}
02-13 13:22:26.781 D/WifiService(  206): ACTION_SCREEN_ON
02-13 13:22:26.781 D/WifiService(  206): WifiHandler, MESSAGE_UPDATE_STATE
02-13 13:22:26.781 D/WifiService(  206): isAirplaneModeOn(): false
02-13 13:22:26.781 D/WifiService(  206): updateWifiState(), wifiEnabled: true, airplaneMode: false, wifiShouldBeEnabled: true, wifiShouldBeStarted: true, strongestLockMode: 1
02-13 13:22:26.781 D/WifiService(  206): WifiHandler, MESSAGE_ENABLE_WIFI, msg.arg1: 0, msg.arg2: 1000
02-13 13:22:26.781 D/WifiService(  206): WifiHandler, MESSAGE_START_WIFI, msg.arg1: 1
02-13 13:22:26.821 I/TelephonyRegistry(  206): notifyServiceState: 0 home Sprint  310099  EvDo rev. A CSS not supported 41 4139RoamInd: 1RoamStatus(sprint): 1DefRoamInd: 160EmergOnly: false
02-13 13:22:26.821 D/StatusBarPolicy(  317): onServiceStateChanged:0 home Sprint  310099  EvDo rev. A CSS not supported 41 4139RoamInd: 1RoamStatus(sprint): 1DefRoamInd: 160EmergOnly: falsefor subscription :0
02-13 13:22:26.821 D/StatusBarPolicy(  317): updateSignalStrength on subscription :0
02-13 13:22:26.821 D/StatusBarPolicy(  317): StatusBarPolocy::getIconLevel -EVDO
02-13 13:22:26.821 D/StatusBarPolicy(  317): getEvdoLevel_band_six -evdoDbm:-93
02-13 13:22:26.821 D/StatusBarPolicy(  317): getEvdoLevel_band_six -evdoEcio:-50
02-13 13:22:26.821 D/StatusBarPolicy(  317): updateDataIcon subscription =0
02-13 13:22:27.371 D/StatusBarPolicy(  317): onSignalStrengthsChanged:SignalStrength: 99 0 -93 -70 -92 -30 6 99 2147483647 2147483647 2147483647 2147483647 cdma for subscription0
02-13 13:22:27.371 D/StatusBarPolicy(  317): updateSignalStrength on subscription :0
02-13 13:22:27.371 D/StatusBarPolicy(  317): StatusBarPolocy::getIconLevel -EVDO
02-13 13:22:27.371 D/StatusBarPolicy(  317): getEvdoLevel_band_six -evdoDbm:-92
02-13 13:22:27.371 D/StatusBarPolicy(  317): getEvdoLevel_band_six -evdoEcio:-30
02-13 13:22:27.772 D/PowerManagerService(  206): setTimeoutLocked now=206939 timeoutOverride=-1 nextState=3 when=212939
02-13 13:22:27.792 D/StatusBarPolicy(  317): updateDataIcon subscription =0
02-13 13:22:28.192 D/PowerManagerService(  206): setTimeoutLocked now=207351 timeoutOverride=-1 nextState=3 when=213351
02-13 13:22:28.352 D/PowerManagerService(  206): setTimeoutLocked now=207514 timeoutOverride=-1 nextState=3 when=213514
02-13 13:22:28.532 D/PowerManagerService(  206): setTimeoutLocked now=207690 timeoutOverride=-1 nextState=3 when=213690
02-13 13:22:28.803 D/StatusBarPolicy(  317): updateDataIcon subscription =0
02-13 13:22:28.853 D/PowerManagerService(  206): setTimeoutLocked now=208016 timeoutOverride=-1 nextState=3 when=214016
02-13 13:22:28.873 D/PowerManagerService(  206): setTimeoutLocked now=208029 timeoutOverride=-1 nextState=3 when=214029
02-13 13:22:29.073 D/PowerManagerService(  206): setTimeoutLocked now=208230 timeoutOverride=-1 nextState=3 when=214230
02-13 13:22:29.593 D/StatusBarPolicy(  317): onSignalStrengthsChanged:SignalStrength: 99 0 -99 -130 -92 -50 5 99 2147483647 2147483647 2147483647 2147483647 cdma for subscription0
02-13 13:22:29.593 D/StatusBarPolicy(  317): updateSignalStrength on subscription :0
02-13 13:22:29.593 D/StatusBarPolicy(  317): StatusBarPolocy::getIconLevel -EVDO
02-13 13:22:29.593 D/StatusBarPolicy(  317): getEvdoLevel_band_six -evdoDbm:-92
02-13 13:22:29.593 D/StatusBarPolicy(  317): getEvdoLevel_band_six -evdoEcio:-50
02-13 13:22:30.264 D/WifiService(  206): ACTION_BATTERY_CHANGED pluggedType: 0
02-13 13:22:30.274 D/WifiService(  206): WifiHandler, MESSAGE_UPDATE_STATE
02-13 13:22:30.274 D/WifiService(  206): isAirplaneModeOn(): false
02-13 13:22:30.274 D/WifiService(  206): updateWifiState(), wifiEnabled: true, airplaneMode: false, wifiShouldBeEnabled: true, wifiShouldBeStarted: true, strongestLockMode: 1
02-13 13:22:30.274 D/WifiService(  206): WifiHandler, MESSAGE_ENABLE_WIFI, msg.arg1: 0, msg.arg2: 1000
02-13 13:22:30.274 D/WifiService(  206): WifiHandler, MESSAGE_START_WIFI, msg.arg1: 1
02-13 13:22:30.805 D/StatusBarPolicy(  317): updateDataIcon subscription =0
02-13 13:22:31.745 D/PowerManagerService(  206): setTimeoutLocked now=210914 timeoutOverride=-1 nextState=3 when=216914
02-13 13:22:31.836 D/StatusBarPolicy(  317): onSignalStrengthsChanged:SignalStrength: 99 0 -99 -130 -92 -30 7 99 2147483647 2147483647 2147483647 2147483647 cdma for subscription0
02-13 13:22:31.836 D/StatusBarPolicy(  317): updateSignalStrength on subscription :0
02-13 13:22:31.836 D/StatusBarPolicy(  317): StatusBarPolocy::getIconLevel -EVDO
02-13 13:22:31.836 D/StatusBarPolicy(  317): getEvdoLevel_band_six -evdoDbm:-92
02-13 13:22:31.836 D/StatusBarPolicy(  317): getEvdoLevel_band_six -evdoEcio:-30
02-13 13:22:31.876 W/WindowManager(  206): updateFocusedWindowLocked newFocus=Window{4074a6d8 com.android.settings/com.android.settings.DeviceInfoSettings paused=true} mode=0 mCurrentFocus = Window{4074a6d8 com.android.settings/com.android.settings.DeviceInfoSettings paused=true}
02-13 13:22:31.886 W/WindowManager(  206): updateFocusedWindowLocked newFocus=Window{406ff690 com.android.settings/com.android.settings.Settings paused=false} mode=3 mCurrentFocus = Window{4074a6d8 com.android.settings/com.android.settings.DeviceInfoSettings paused=false}
02-13 13:22:31.906 W/WindowManager(  206): updateFocusedWindowLocked newFocus=Window{406ff690 com.android.settings/com.android.settings.Settings paused=false} mode=2 mCurrentFocus = Window{406ff690 com.android.settings/com.android.settings.Settings paused=false}
02-13 13:22:31.906 W/WindowManager(  206): updateFocusedWindowLocked newFocus=Window{406ff690 com.android.settings/com.android.settings.Settings paused=false} mode=2 mCurrentFocus = Window{406ff690 com.android.settings/com.android.settings.Settings paused=false}
02-13 13:22:31.916 W/WindowManager(  206): updateFocusedWindowLocked newFocus=Window{406ff690 com.android.settings/com.android.settings.Settings paused=false} mode=3 mCurrentFocus = Window{406ff690 com.android.settings/com.android.settings.Settings paused=false}
02-13 13:22:32.086 W/WindowManager(  206): updateFocusedWindowLocked newFocus=Window{406ff690 com.android.settings/com.android.settings.Settings paused=false} mode=3 mCurrentFocus = Window{406ff690 com.android.settings/com.android.settings.Settings paused=false}
02-13 13:22:32.106 W/WindowManager(  206): updateFocusedWindowLocked newFocus=Window{406ff690 com.android.settings/com.android.settings.Settings paused=false} mode=0 mCurrentFocus = Window{406ff690 com.android.settings/com.android.settings.Settings paused=false}
02-13 13:22:32.847 D/StatusBarPolicy(  317): updateDataIcon subscription =0
02-13 13:22:33.187 D/PowerManagerService(  206): setTimeoutLocked now=212347 timeoutOverride=-1 nextState=3 when=218347
02-13 13:22:33.547 D/ConnectivityService(  206): Dropping ConnectivityChange for WIFI: DISCONNECTED/SCANNING
02-13 13:22:33.647 I/ActivityManager(  206): Starting: Intent { act=android.intent.action.MAIN cat=[android.intent.category.HOME] flg=0x10200000 cmp=com.android.launcher/com.android.launcher2.Launcher } from pid 206
02-13 13:22:33.657 W/WindowManager(  206): updateFocusedWindowLocked newFocus=Window{406ff690 com.android.settings/com.android.settings.Settings paused=true} mode=3 mCurrentFocus = Window{406ff690 com.android.settings/com.android.settings.Settings paused=true}
02-13 13:22:33.667 W/WindowManager(  206): updateFocusedWindowLocked newFocus=null mode=0 mCurrentFocus = Window{406ff690 com.android.settings/com.android.settings.Settings paused=true}
02-13 13:22:33.677 W/WindowManager(  206): updateFocusedWindowLocked newFocus=null mode=3 mCurrentFocus = null
02-13 13:22:33.707 W/WindowManager(  206): updateFocusedWindowLocked newFocus=Window{4062a350 com.android.launcher/com.android.launcher2.Launcher paused=false} mode=2 mCurrentFocus = null
02-13 13:22:33.707 W/WindowManager(  206): updateFocusedWindowLocked newFocus=Window{4062a350 com.android.launcher/com.android.launcher2.Launcher paused=false} mode=2 mCurrentFocus = Window{4062a350 com.android.launcher/com.android.launcher2.Launcher paused=false}
02-13 13:22:33.717 W/WindowManager(  206): updateFocusedWindowLocked newFocus=Window{4062a350 com.android.launcher/com.android.launcher2.Launcher paused=false} mode=3 mCurrentFocus = Window{4062a350 com.android.launcher/com.android.launcher2.Launcher paused=false}
02-13 13:22:33.777 D/StatusBarPolicy(  317): onSignalStrengthsChanged:SignalStrength: 99 0 -100 -75 -100 -35 7 99 2147483647 2147483647 2147483647 2147483647 cdma for subscription0
02-13 13:22:33.777 D/StatusBarPolicy(  317): updateSignalStrength on subscription :0
02-13 13:22:33.777 D/StatusBarPolicy(  317): StatusBarPolocy::getIconLevel -EVDO
02-13 13:22:33.777 D/StatusBarPolicy(  317): getEvdoLevel_band_six -evdoDbm:-100
02-13 13:22:33.777 D/StatusBarPolicy(  317): getEvdoLevel_band_six -evdoEcio:-35
02-13 13:22:33.797 I/TelephonyRegistry(  206): notifyServiceState: 0 home Sprint  310099  EvDo rev. A CSS not supported 41 4139RoamInd: 1RoamStatus(sprint): 1DefRoamInd: 160EmergOnly: false
02-13 13:22:33.827 D/StatusBarPolicy(  317): onServiceStateChanged:0 home Sprint  310099  EvDo rev. A CSS not supported 41 4139RoamInd: 1RoamStatus(sprint): 1DefRoamInd: 160EmergOnly: falsefor subscription :0
02-13 13:22:33.827 D/StatusBarPolicy(  317): updateSignalStrength on subscription :0
02-13 13:22:33.827 D/StatusBarPolicy(  317): StatusBarPolocy::getIconLevel -EVDO
02-13 13:22:33.827 D/StatusBarPolicy(  317): getEvdoLevel_band_six -evdoDbm:-100
02-13 13:22:33.827 D/StatusBarPolicy(  317): getEvdoLevel_band_six -evdoEcio:-35
02-13 13:22:33.827 D/StatusBarPolicy(  317): updateDataIcon subscription =0
02-13 13:22:33.858 D/StatusBarPolicy(  317): updateDataIcon subscription =0
02-13 13:22:34.068 D/StatusBarPolicy(  317): onSignalStrengthsChanged:SignalStrength: 99 0 -100 -75 -98 -40 7 99 2147483647 2147483647 2147483647 2147483647 cdma for subscription0
02-13 13:22:34.068 D/StatusBarPolicy(  317): updateSignalStrength on subscription :0
02-13 13:22:34.068 D/StatusBarPolicy(  317): StatusBarPolocy::getIconLevel -EVDO
02-13 13:22:34.068 D/StatusBarPolicy(  317): getEvdoLevel_band_six -evdoDbm:-98
02-13 13:22:34.068 D/StatusBarPolicy(  317): getEvdoLevel_band_six -evdoEcio:-40
02-13 13:22:34.368 D/PowerManagerService(  206): setTimeoutLocked now=213536 timeoutOverride=-1 nextState=3 when=219536
02-13 13:22:34.508 D/ConnectivityService(  206): Dropping ConnectivityChange for WIFI: DISCONNECTED/IDLE
02-13 13:22:34.508 D/PowerManagerService(  206): setTimeoutLocked now=213676 timeoutOverride=-1 nextState=3 when=219676
02-13 13:22:34.518 I/ActivityManager(  206): Starting: Intent { act=android.intent.action.MAIN flg=0x10000000 cmp=com.android.contacts/.DialtactsActivity } from pid 900
02-13 13:22:34.528 W/WindowManager(  206): updateFocusedWindowLocked newFocus=null mode=3 mCurrentFocus = Window{4062a350 com.android.launcher/com.android.launcher2.Launcher paused=true}
02-13 13:22:34.548 W/WindowManager(  206): updateFocusedWindowLocked newFocus=null mode=0 mCurrentFocus = null
02-13 13:22:34.558 W/WindowManager(  206): updateFocusedWindowLocked newFocus=null mode=3 mCurrentFocus = null
02-13 13:22:34.588 W/WindowManager(  206): updateFocusedWindowLocked newFocus=Window{409b1f80 com.android.contacts/com.android.contacts.DialtactsActivity paused=false} mode=2 mCurrentFocus = null
02-13 13:22:34.588 W/WindowManager(  206): updateFocusedWindowLocked newFocus=Window{409b1f80 com.android.contacts/com.android.contacts.DialtactsActivity paused=false} mode=2 mCurrentFocus = Window{409b1f80 com.android.contacts/com.android.contacts.DialtactsActivity paused=false}
02-13 13:22:34.638 W/WindowManager(  206): updateFocusedWindowLocked newFocus=Window{409b1f80 com.android.contacts/com.android.contacts.DialtactsActivity paused=false} mode=3 mCurrentFocus = Window{409b1f80 com.android.contacts/com.android.contacts.DialtactsActivity paused=false}
02-13 13:22:35.429 D/PowerManagerService(  206): setTimeoutLocked now=214596 timeoutOverride=-1 nextState=3 when=220596
02-13 13:22:35.589 D/PowerManagerService(  206): setTimeoutLocked now=214758 timeoutOverride=-1 nextState=3 when=220758
02-13 13:22:35.950 D/PowerManagerService(  206): setTimeoutLocked now=215108 timeoutOverride=-1 nextState=3 when=221108
02-13 13:22:36.200 D/PowerManagerService(  206): setTimeoutLocked now=215359 timeoutOverride=-1 nextState=3 when=221359
02-13 13:22:36.470 D/PowerManagerService(  206): setTimeoutLocked now=215637 timeoutOverride=-1 nextState=3 when=221637
02-13 13:22:38.522 D/PowerManagerService(  206): setTimeoutLocked now=217682 timeoutOverride=-1 nextState=3 when=223682
02-13 13:22:38.622 D/PowerManagerService(  206): setTimeoutLocked now=217780 timeoutOverride=-1 nextState=3 when=223780
02-13 13:22:38.862 I/ActivityManager(  206): Starting: Intent { flg=0x10000000 cmp=com.zte.emode/.EmodeSubmenu (has extras) } from pid 890
02-13 13:22:38.952 W/WindowManager(  206): updateFocusedWindowLocked newFocus=null mode=0 mCurrentFocus = Window{409b1f80 com.android.contacts/com.android.contacts.DialtactsActivity paused=true}
02-13 13:22:38.973 W/WindowManager(  206): updateFocusedWindowLocked newFocus=null mode=3 mCurrentFocus = null
02-13 13:22:39.003 W/WindowManager(  206): updateFocusedWindowLocked newFocus=null mode=2 mCurrentFocus = null
02-13 13:22:39.003 W/WindowManager(  206): updateFocusedWindowLocked newFocus=Window{4083cba8 com.zte.emode/com.zte.emode.EmodeSubmenu paused=false} mode=2 mCurrentFocus = null
02-13 13:22:39.033 W/InputManagerService(  206): Starting input on non-focused client com.android.internal.view.IInputMethodClient$Stub$Proxy@407f6eb8 (uid=10007 pid=402)
02-13 13:22:39.033 W/WindowManager(  206): updateFocusedWindowLocked newFocus=Window{4083cba8 com.zte.emode/com.zte.emode.EmodeSubmenu paused=false} mode=3 mCurrentFocus = Window{4083cba8 com.zte.emode/com.zte.emode.EmodeSubmenu paused=false}
02-13 13:22:40.114 D/PowerManagerService(  206): setTimeoutLocked now=219280 timeoutOverride=-1 nextState=3 when=225280
02-13 13:22:40.234 D/PowerManagerService(  206): setTimeoutLocked now=219404 timeoutOverride=-1 nextState=3 when=225404
02-13 13:22:40.284 I/ActivityManager(  206): Starting: Intent { flg=0x10000000 cmp=com.zte.emode/.DevInfo (has extras) } from pid 890
02-13 13:22:40.304 W/WindowManager(  206): updateFocusedWindowLocked newFocus=null mode=0 mCurrentFocus = Window{4083cba8 com.zte.emode/com.zte.emode.EmodeSubmenu paused=true}
02-13 13:22:40.354 W/WindowManager(  206): updateFocusedWindowLocked newFocus=Window{407ed6d8 com.zte.emode/com.zte.emode.DevInfo paused=false} mode=3 mCurrentFocus = null
02-13 13:22:40.404 W/WindowManager(  206): updateFocusedWindowLocked newFocus=Window{407ed6d8 com.zte.emode/com.zte.emode.DevInfo paused=false} mode=2 mCurrentFocus = Window{407ed6d8 com.zte.emode/com.zte.emode.DevInfo paused=false}
02-13 13:22:40.404 W/WindowManager(  206): updateFocusedWindowLocked newFocus=Window{407ed6d8 com.zte.emode/com.zte.emode.DevInfo paused=false} mode=2 mCurrentFocus = Window{407ed6d8 com.zte.emode/com.zte.emode.DevInfo paused=false}
02-13 13:22:40.414 W/WindowManager(  206): updateFocusedWindowLocked newFocus=Window{407ed6d8 com.zte.emode/com.zte.emode.DevInfo paused=false} mode=3 mCurrentFocus = Window{407ed6d8 com.zte.emode/com.zte.emode.DevInfo paused=false}
02-13 13:22:42.526 D/StatusBarPolicy(  317): updateDataIcon subscription =0
02-13 13:22:43.046 D/StatusBarPolicy(  317): onSignalStrengthsChanged:SignalStrength: 99 0 -100 -75 -95 -40 6 99 2147483647 2147483647 2147483647 2147483647 cdma for subscription0
02-13 13:22:43.046 D/StatusBarPolicy(  317): updateSignalStrength on subscription :0
02-13 13:22:43.046 D/StatusBarPolicy(  317): StatusBarPolocy::getIconLevel -EVDO
02-13 13:22:43.057 D/StatusBarPolicy(  317): getEvdoLevel_band_six -evdoDbm:-95
02-13 13:22:43.057 D/StatusBarPolicy(  317): getEvdoLevel_band_six -evdoEcio:-40
02-13 13:22:43.537 I/TelephonyRegistry(  206): notifyServiceState: 0 home Sprint  310099  EvDo rev. A CSS not supported 41 4139RoamInd: 1RoamStatus(sprint): 1DefRoamInd: 160EmergOnly: false
02-13 13:22:43.537 D/StatusBarPolicy(  317): onServiceStateChanged:0 home Sprint  310099  EvDo rev. A CSS not supported 41 4139RoamInd: 1RoamStatus(sprint): 1DefRoamInd: 160EmergOnly: falsefor subscription :0
02-13 13:22:43.537 D/StatusBarPolicy(  317): updateSignalStrength on subscription :0
02-13 13:22:43.537 D/StatusBarPolicy(  317): StatusBarPolocy::getIconLevel -EVDO
02-13 13:22:43.537 D/StatusBarPolicy(  317): getEvdoLevel_band_six -evdoDbm:-95
02-13 13:22:43.537 D/StatusBarPolicy(  317): getEvdoLevel_band_six -evdoEcio:-40
02-13 13:22:43.537 D/StatusBarPolicy(  317): updateDataIcon subscription =0
02-13 13:22:44.788 D/StatusBarPolicy(  317): updateDataIcon subscription =0
02-13 13:22:45.289 D/StatusBarPolicy(  317): onSignalStrengthsChanged:SignalStrength: 99 0 -100 -75 -93 -40 5 99 2147483647 2147483647 2147483647 2147483647 cdma for subscription0
02-13 13:22:45.289 D/StatusBarPolicy(  317): updateSignalStrength on subscription :0
02-13 13:22:45.289 D/StatusBarPolicy(  317): StatusBarPolocy::getIconLevel -EVDO
02-13 13:22:45.289 D/StatusBarPolicy(  317): getEvdoLevel_band_six -evdoDbm:-93
02-13 13:22:45.299 D/StatusBarPolicy(  317): getEvdoLevel_band_six -evdoEcio:-40
02-13 13:22:45.809 D/StatusBarPolicy(  317): updateDataIcon subscription =0
02-13 13:22:46.240 D/PowerManagerService(  206): setTimeoutLocked now=225405 timeoutOverride=-1 nextState=1 when=227405
02-13 13:22:46.820 D/StatusBarPolicy(  317): updateDataIcon subscription =0
02-13 13:22:47.521 D/StatusBarPolicy(  317): onSignalStrengthsChanged:SignalStrength: 99 0 -100 -75 -92 -55 7 99 2147483647 2147483647 2147483647 2147483647 cdma for subscription0
02-13 13:22:47.531 D/StatusBarPolicy(  317): updateSignalStrength on subscription :0
02-13 13:22:47.531 D/StatusBarPolicy(  317): StatusBarPolocy::getIconLevel -EVDO
02-13 13:22:47.531 D/StatusBarPolicy(  317): getEvdoLevel_band_six -evdoDbm:-92
02-13 13:22:47.551 D/StatusBarPolicy(  317): getEvdoLevel_band_six -evdoEcio:-55
02-13 13:22:48.242 D/PowerManagerService(  206): setTimeoutLocked now=227405 timeoutOverride=-1 nextState=0 when=234405
02-13 13:22:48.842 D/StatusBarPolicy(  317): updateDataIcon subscription =0
02-13 13:22:49.543 D/ConnectivityService(  206): Dropping ConnectivityChange for WIFI: DISCONNECTED/SCANNING
02-13 13:22:49.803 D/StatusBarPolicy(  317): onSignalStrengthsChanged:SignalStrength: 99 0 -95 -160 -92 -1 5 99 2147483647 2147483647 2147483647 2147483647 cdma for subscription0
02-13 13:22:49.803 D/StatusBarPolicy(  317): updateSignalStrength on subscription :0
02-13 13:22:49.803 D/StatusBarPolicy(  317): StatusBarPolocy::getIconLevel -EVDO
02-13 13:22:49.803 D/StatusBarPolicy(  317): getEvdoLevel_band_six -evdoDbm:-92
02-13 13:22:49.803 D/StatusBarPolicy(  317): getEvdoLevel_band_six -evdoEcio:-1
02-13 13:22:49.803 D/StatusBarPolicy(  317): onSignalStrengthsChanged:SignalStrength: 99 0 -95 -75 -92 -65 5 99 2147483647 2147483647 2147483647 2147483647 cdma for subscription0
02-13 13:22:49.803 D/StatusBarPolicy(  317): updateSignalStrength on subscription :0
02-13 13:22:49.803 D/StatusBarPolicy(  317): StatusBarPolocy::getIconLevel -EVDO
02-13 13:22:49.803 D/StatusBarPolicy(  317): getEvdoLevel_band_six -evdoDbm:-92
02-13 13:22:49.803 D/StatusBarPolicy(  317): getEvdoLevel_band_six -evdoEcio:-65
02-13 13:22:50.504 D/ConnectivityService(  206): Dropping ConnectivityChange for WIFI: DISCONNECTED/IDLE
02-13 13:22:52.876 D/StatusBarPolicy(  317): updateDataIcon subscription =0
02-13 13:22:54.227 D/StatusBarPolicy(  317): onSignalStrengthsChanged:SignalStrength: 99 0 -94 -105 -90 -55 5 99 2147483647 2147483647 2147483647 2147483647 cdma for subscription0
02-13 13:22:54.227 D/StatusBarPolicy(  317): updateSignalStrength on subscription :0
02-13 13:22:54.237 D/StatusBarPolicy(  317): StatusBarPolocy::getIconLevel -EVDO
02-13 13:22:54.237 D/StatusBarPolicy(  317): getEvdoLevel_band_six -evdoDbm:-90
02-13 13:22:54.237 D/StatusBarPolicy(  317): getEvdoLevel_band_six -evdoEcio:-55
02-13 13:22:56.490 D/StatusBarPolicy(  317): onSignalStrengthsChanged:SignalStrength: 99 0 -94 -105 -90 -65 5 99 2147483647 2147483647 2147483647 2147483647 cdma for subscription0
02-13 13:22:56.490 D/StatusBarPolicy(  317): updateSignalStrength on subscription :0
02-13 13:22:56.490 D/StatusBarPolicy(  317): StatusBarPolocy::getIconLevel -EVDO
02-13 13:22:56.490 D/StatusBarPolicy(  317): getEvdoLevel_band_six -evdoDbm:-90
02-13 13:22:56.510 D/StatusBarPolicy(  317): getEvdoLevel_band_six -evdoEcio:-65
02-13 13:22:58.732 D/StatusBarPolicy(  317): onSignalStrengthsChanged:SignalStrength: 99 0 -94 -105 -89 -40 7 99 2147483647 2147483647 2147483647 2147483647 cdma for subscription0
02-13 13:22:58.732 D/StatusBarPolicy(  317): updateSignalStrength on subscription :0
02-13 13:22:58.732 D/StatusBarPolicy(  317): StatusBarPolocy::getIconLevel -EVDO
02-13 13:22:58.742 D/StatusBarPolicy(  317): getEvdoLevel_band_six -evdoDbm:-89
02-13 13:22:58.742 D/StatusBarPolicy(  317): getEvdoLevel_band_six -evdoEcio:-40
02-13 13:22:58.972 D/StatusBarPolicy(  317): onSignalStrengthsChanged:SignalStrength: 99 0 -97 -70 -79 -45 7 99 2147483647 2147483647 2147483647 2147483647 cdma for subscription0
02-13 13:22:58.972 D/StatusBarPolicy(  317): updateSignalStrength on subscription :0
02-13 13:22:58.972 D/StatusBarPolicy(  317): StatusBarPolocy::getIconLevel -EVDO
02-13 13:22:58.972 D/StatusBarPolicy(  317): getEvdoLevel_band_six -evdoDbm:-79
02-13 13:22:58.972 D/StatusBarPolicy(  317): getEvdoLevel_band_six -evdoEcio:-45
02-13 13:22:58.992 I/TelephonyRegistry(  206): notifyServiceState: 0 home Sprint  310099  EvDo rev. A CSS not supported 41 4139RoamInd: 1RoamStatus(sprint): 1DefRoamInd: 160EmergOnly: false
02-13 13:22:58.992 D/StatusBarPolicy(  317): onServiceStateChanged:0 home Sprint  310099  EvDo rev. A CSS not supported 41 4139RoamInd: 1RoamStatus(sprint): 1DefRoamInd: 160EmergOnly: falsefor subscription :0
02-13 13:22:58.992 D/StatusBarPolicy(  317): updateSignalStrength on subscription :0
02-13 13:22:58.992 D/StatusBarPolicy(  317): StatusBarPolocy::getIconLevel -EVDO
02-13 13:22:58.992 D/StatusBarPolicy(  317): getEvdoLevel_band_six -evdoDbm:-79
02-13 13:22:58.992 D/StatusBarPolicy(  317): getEvdoLevel_band_six -evdoEcio:-45
02-13 13:22:58.992 D/StatusBarPolicy(  317): updateDataIcon subscription =0
02-13 13:23:00.003 D/AlarmManager(  206): scheduleTimeTickEvent calendar=Mon Feb 13 13:24:00 CST 2012
02-13 13:23:00.003 D/AlarmManager(  206): calendar.getTimeInMillis()1329161040000
02-13 13:23:00.654 D/PowerManagerService(  206): setTimeoutLocked now=239827 timeoutOverride=-1 nextState=3 when=245827
02-13 13:23:00.744 D/PowerManagerService(  206): setTimeoutLocked now=239913 timeoutOverride=-1 nextState=3 when=245913
02-13 13:23:00.744 W/WindowManager(  206): updateFocusedWindowLocked newFocus=Window{407ed6d8 com.zte.emode/com.zte.emode.DevInfo paused=true} mode=0 mCurrentFocus = Window{407ed6d8 com.zte.emode/com.zte.emode.DevInfo paused=true}
02-13 13:23:00.764 W/WindowManager(  206): updateFocusedWindowLocked newFocus=Window{4083cba8 com.zte.emode/com.zte.emode.EmodeSubmenu paused=false} mode=3 mCurrentFocus = Window{407ed6d8 com.zte.emode/com.zte.emode.DevInfo paused=false}
02-13 13:23:00.784 W/WindowManager(  206): updateFocusedWindowLocked newFocus=Window{4083cba8 com.zte.emode/com.zte.emode.EmodeSubmenu paused=false} mode=2 mCurrentFocus = Window{4083cba8 com.zte.emode/com.zte.emode.EmodeSubmenu paused=false}
02-13 13:23:00.784 W/WindowManager(  206): updateFocusedWindowLocked newFocus=Window{4083cba8 com.zte.emode/com.zte.emode.EmodeSubmenu paused=false} mode=2 mCurrentFocus = Window{4083cba8 com.zte.emode/com.zte.emode.EmodeSubmenu paused=false}
02-13 13:23:00.794 W/WindowManager(  206): updateFocusedWindowLocked newFocus=Window{4083cba8 com.zte.emode/com.zte.emode.EmodeSubmenu paused=false} mode=3 mCurrentFocus = Window{4083cba8 com.zte.emode/com.zte.emode.EmodeSubmenu paused=false}
02-13 13:23:00.944 D/StatusBarPolicy(  317): onSignalStrengthsChanged:SignalStrength: 99 0 -97 -70 -80 -50 7 99 2147483647 2147483647 2147483647 2147483647 cdma for subscription0
02-13 13:23:00.944 D/StatusBarPolicy(  317): updateSignalStrength on subscription :0
02-13 13:23:00.944 D/StatusBarPolicy(  317): StatusBarPolocy::getIconLevel -EVDO
02-13 13:23:00.954 D/StatusBarPolicy(  317): getEvdoLevel_band_six -evdoDbm:-80
02-13 13:23:00.954 D/StatusBarPolicy(  317): getEvdoLevel_band_six -evdoEcio:-50
02-13 13:23:00.964 W/WindowManager(  206): updateFocusedWindowLocked newFocus=Window{4083cba8 com.zte.emode/com.zte.emode.EmodeSubmenu paused=false} mode=3 mCurrentFocus = Window{4083cba8 com.zte.emode/com.zte.emode.EmodeSubmenu paused=false}
02-13 13:23:00.974 W/WindowManager(  206): updateFocusedWindowLocked newFocus=Window{4083cba8 com.zte.emode/com.zte.emode.EmodeSubmenu paused=false} mode=0 mCurrentFocus = Window{4083cba8 com.zte.emode/com.zte.emode.EmodeSubmenu paused=false}
02-13 13:23:01.484 D/StatusBarPolicy(  317): updateDataIcon subscription =0
02-13 13:23:03.216 D/StatusBarPolicy(  317): onSignalStrengthsChanged:SignalStrength: 99 0 -97 -70 -84 -50 7 99 2147483647 2147483647 2147483647 2147483647 cdma for subscription0
02-13 13:23:03.216 D/StatusBarPolicy(  317): updateSignalStrength on subscription :0
02-13 13:23:03.226 D/StatusBarPolicy(  317): StatusBarPolocy::getIconLevel -EVDO
02-13 13:23:03.226 D/StatusBarPolicy(  317): getEvdoLevel_band_six -evdoDbm:-84
02-13 13:23:03.226 D/StatusBarPolicy(  317): getEvdoLevel_band_six -evdoEcio:-50
02-13 13:23:05.188 D/PowerManagerService(  206): setTimeoutLocked now=244343 timeoutOverride=-1 nextState=3 when=250343
02-13 13:23:05.248 W/WindowManager(  206): updateFocusedWindowLocked newFocus=Window{4083cba8 com.zte.emode/com.zte.emode.EmodeSubmenu paused=true} mode=0 mCurrentFocus = Window{4083cba8 com.zte.emode/com.zte.emode.EmodeSubmenu paused=true}
02-13 13:23:05.298 W/WindowManager(  206): updateFocusedWindowLocked newFocus=Window{4074eec0 com.zte.emode/com.zte.emode.UsbSwitchTest paused=false} mode=3 mCurrentFocus = Window{4083cba8 com.zte.emode/com.zte.emode.EmodeSubmenu paused=false}
02-13 13:23:05.328 W/WindowManager(  206): updateFocusedWindowLocked newFocus=Window{4074eec0 com.zte.emode/com.zte.emode.UsbSwitchTest paused=false} mode=2 mCurrentFocus = Window{4074eec0 com.zte.emode/com.zte.emode.UsbSwitchTest paused=false}
02-13 13:23:05.328 W/WindowManager(  206): updateFocusedWindowLocked newFocus=Window{4074eec0 com.zte.emode/com.zte.emode.UsbSwitchTest paused=false} mode=2 mCurrentFocus = Window{4074eec0 com.zte.emode/com.zte.emode.UsbSwitchTest paused=false}
02-13 13:23:05.328 W/WindowManager(  206): updateFocusedWindowLocked newFocus=Window{4074eec0 com.zte.emode/com.zte.emode.UsbSwitchTest paused=false} mode=3 mCurrentFocus = Window{4074eec0 com.zte.emode/com.zte.emode.UsbSwitchTest paused=false}
02-13 13:23:05.508 W/WindowManager(  206): updateFocusedWindowLocked newFocus=Window{4074eec0 com.zte.emode/com.zte.emode.UsbSwitchTest paused=false} mode=3 mCurrentFocus = Window{4074eec0 com.zte.emode/com.zte.emode.UsbSwitchTest paused=false}
02-13 13:23:05.528 D/ConnectivityService(  206): Dropping ConnectivityChange for WIFI: DISCONNECTED/SCANNING
02-13 13:23:05.538 W/WindowManager(  206): updateFocusedWindowLocked newFocus=Window{4074eec0 com.zte.emode/com.zte.emode.UsbSwitchTest paused=false} mode=0 mCurrentFocus = Window{4074eec0 com.zte.emode/com.zte.emode.UsbSwitchTest paused=false}
02-13 13:23:06.509 D/ConnectivityService(  206): Dropping ConnectivityChange for WIFI: DISCONNECTED/IDLE
02-13 13:23:07.300 D/PowerManagerService(  206): setTimeoutLocked now=246465 timeoutOverride=-1 nextState=3 when=252465
02-13 13:23:07.510 D/PowerManagerService(  206): setTimeoutLocked now=246678 timeoutOverride=-1 nextState=3 when=252678
02-13 13:23:07.681 D/StatusBarPolicy(  317): onSignalStrengthsChanged:SignalStrength: 99 0 -97 -70 -88 -35 7 99 2147483647 2147483647 2147483647 2147483647 cdma for subscription0
02-13 13:23:07.681 D/StatusBarPolicy(  317): updateSignalStrength on subscription :0
02-13 13:23:07.681 D/StatusBarPolicy(  317): StatusBarPolocy::getIconLevel -EVDO
02-13 13:23:07.681 D/StatusBarPolicy(  317): getEvdoLevel_band_six -evdoDbm:-88
02-13 13:23:07.681 D/StatusBarPolicy(  317): getEvdoLevel_band_six -evdoEcio:-35
02-13 13:23:09.943 D/StatusBarPolicy(  317): onSignalStrengthsChanged:SignalStrength: 99 0 -98 -85 -88 -35 7 99 2147483647 2147483647 2147483647 2147483647 cdma for subscription0
02-13 13:23:09.943 D/StatusBarPolicy(  317): updateSignalStrength on subscription :0
02-13 13:23:09.943 D/StatusBarPolicy(  317): StatusBarPolocy::getIconLevel -EVDO
02-13 13:23:09.943 D/StatusBarPolicy(  317): getEvdoLevel_band_six -evdoDbm:-88
02-13 13:23:09.953 D/StatusBarPolicy(  317): getEvdoLevel_band_six -evdoEcio:-35
02-13 13:23:10.193 D/PowerManagerService(  206): setTimeoutLocked now=249357 timeoutOverride=-1 nextState=3 when=255357
02-13 13:23:10.333 D/PowerManagerService(  206): setTimeoutLocked now=249505 timeoutOverride=-1 nextState=3 when=255505
02-13 13:23:11.845 D/PowerManagerService(  206): setTimeoutLocked now=251011 timeoutOverride=-1 nextState=3 when=257011
02-13 13:23:11.905 D/PowerManagerService(  206): setTimeoutLocked now=251073 timeoutOverride=-1 nextState=3 when=257073
02-13 13:23:12.155 D/StatusBarPolicy(  317): onSignalStrengthsChanged:SignalStrength: 99 0 -120 -70 -120 -70 6 99 2147483647 2147483647 2147483647 2147483647 cdma for subscription0
02-13 13:23:12.155 D/StatusBarPolicy(  317): updateSignalStrength on subscription :0
02-13 13:23:12.155 D/StatusBarPolicy(  317): StatusBarPolocy::getIconLevel -EVDO
02-13 13:23:12.155 D/StatusBarPolicy(  317): getEvdoLevel_band_six -evdoDbm:-120
02-13 13:23:12.155 D/StatusBarPolicy(  317): getEvdoLevel_band_six -evdoEcio:-70
02-13 13:23:12.185 D/StatusBarPolicy(  317): onSignalStrengthsChanged:SignalStrength: 99 0 -98 -70 -92 -70 6 99 2147483647 2147483647 2147483647 2147483647 cdma for subscription0
02-13 13:23:12.185 D/StatusBarPolicy(  317): updateSignalStrength on subscription :0
02-13 13:23:12.185 D/StatusBarPolicy(  317): StatusBarPolocy::getIconLevel -EVDO
02-13 13:23:12.185 D/StatusBarPolicy(  317): getEvdoLevel_band_six -evdoDbm:-92
02-13 13:23:12.185 D/StatusBarPolicy(  317): getEvdoLevel_band_six -evdoEcio:-70
02-13 13:23:14.627 D/PowerManagerService(  206): setTimeoutLocked now=253788 timeoutOverride=-1 nextState=3 when=259788
02-13 13:23:14.707 W/WindowManager(  206): updateFocusedWindowLocked newFocus=Window{4074eec0 com.zte.emode/com.zte.emode.UsbSwitchTest paused=true} mode=0 mCurrentFocus = Window{4074eec0 com.zte.emode/com.zte.emode.UsbSwitchTest paused=true}
02-13 13:23:14.717 W/WindowManager(  206): updateFocusedWindowLocked newFocus=null mode=3 mCurrentFocus = Window{4074eec0 com.zte.emode/com.zte.emode.UsbSwitchTest paused=true}
02-13 13:23:14.747 W/WindowManager(  206): updateFocusedWindowLocked newFocus=Window{409b1f80 com.android.contacts/com.android.contacts.DialtactsActivity paused=false} mode=3 mCurrentFocus = null
02-13 13:23:14.787 W/WindowManager(  206): updateFocusedWindowLocked newFocus=Window{409b1f80 com.android.contacts/com.android.contacts.DialtactsActivity paused=false} mode=2 mCurrentFocus = Window{409b1f80 com.android.contacts/com.android.contacts.DialtactsActivity paused=false}
02-13 13:23:14.787 W/WindowManager(  206): updateFocusedWindowLocked newFocus=Window{409b1f80 com.android.contacts/com.android.contacts.DialtactsActivity paused=false} mode=2 mCurrentFocus = Window{409b1f80 com.android.contacts/com.android.contacts.DialtactsActivity paused=false}
02-13 13:23:14.787 W/WindowManager(  206): updateFocusedWindowLocked newFocus=Window{409b1f80 com.android.contacts/com.android.contacts.DialtactsActivity paused=false} mode=3 mCurrentFocus = Window{409b1f80 com.android.contacts/com.android.contacts.DialtactsActivity paused=false}
02-13 13:23:14.958 I/ActivityManager(  206): No longer want com.sprint.ce.updater (pid 915): hidden #16
02-13 13:23:14.978 W/WindowManager(  206): updateFocusedWindowLocked newFocus=Window{409b1f80 com.android.contacts/com.android.contacts.DialtactsActivity paused=false} mode=3 mCurrentFocus = Window{409b1f80 com.android.contacts/com.android.contacts.DialtactsActivity paused=false}
02-13 13:23:14.998 W/WindowManager(  206): updateFocusedWindowLocked newFocus=Window{409b1f80 com.android.contacts/com.android.contacts.DialtactsActivity paused=false} mode=0 mCurrentFocus = Window{409b1f80 com.android.contacts/com.android.contacts.DialtactsActivity paused=false}
02-13 13:23:16.279 D/WifiService(  206): ACTION_BATTERY_CHANGED pluggedType: 0
02-13 13:23:16.279 D/WifiService(  206): WifiHandler, MESSAGE_UPDATE_STATE
02-13 13:23:16.289 D/WifiService(  206): isAirplaneModeOn(): false
02-13 13:23:16.289 D/WifiService(  206): updateWifiState(), wifiEnabled: true, airplaneMode: false, wifiShouldBeEnabled: true, wifiShouldBeStarted: true, strongestLockMode: 1
02-13 13:23:16.289 D/WifiService(  206): WifiHandler, MESSAGE_ENABLE_WIFI, msg.arg1: 0, msg.arg2: 1000
02-13 13:23:16.289 D/WifiService(  206): WifiHandler, MESSAGE_START_WIFI, msg.arg1: 1
02-13 13:23:16.319 D/StatusBarPolicy(  317): updateDataIcon subscription =0
02-13 13:23:16.649 D/StatusBarPolicy(  317): onSignalStrengthsChanged:SignalStrength: 99 0 -98 -70 -92 -55 5 99 2147483647 2147483647 2147483647 2147483647 cdma for subscription0
02-13 13:23:16.649 D/StatusBarPolicy(  317): updateSignalStrength on subscription :0
02-13 13:23:16.659 D/StatusBarPolicy(  317): StatusBarPolocy::getIconLevel -EVDO
02-13 13:23:16.659 D/StatusBarPolicy(  317): getEvdoLevel_band_six -evdoDbm:-92
02-13 13:23:16.659 D/StatusBarPolicy(  317): getEvdoLevel_band_six -evdoEcio:-55
02-13 13:23:17.330 D/StatusBarPolicy(  317): updateDataIcon subscription =0
02-13 13:23:18.351 D/StatusBarPolicy(  317): updateDataIcon subscription =0
02-13 13:23:18.901 D/StatusBarPolicy(  317): onSignalStrengthsChanged:SignalStrength: 99 0 -98 -70 -91 -55 7 99 2147483647 2147483647 2147483647 2147483647 cdma for subscription0
02-13 13:23:18.901 D/StatusBarPolicy(  317): updateSignalStrength on subscription :0
02-13 13:23:18.911 D/StatusBarPolicy(  317): StatusBarPolocy::getIconLevel -EVDO
02-13 13:23:18.911 D/StatusBarPolicy(  317): getEvdoLevel_band_six -evdoDbm:-91
02-13 13:23:18.911 D/StatusBarPolicy(  317): getEvdoLevel_band_six -evdoEcio:-55
02-13 13:23:19.372 D/StatusBarPolicy(  317): updateDataIcon subscription =0
02-13 13:23:20.393 D/StatusBarPolicy(  317): updateDataIcon subscription =0
02-13 13:23:20.633 D/PowerManagerService(  206): setTimeoutLocked now=259793 timeoutOverride=-1 nextState=1 when=261793
02-13 13:23:21.134 D/StatusBarPolicy(  317): onSignalStrengthsChanged:SignalStrength: 99 0 -98 -80 -91 -55 7 99 2147483647 2147483647 2147483647 2147483647 cdma for subscription0
02-13 13:23:21.134 D/StatusBarPolicy(  317): updateSignalStrength on subscription :0
02-13 13:23:21.134 D/StatusBarPolicy(  317): StatusBarPolocy::getIconLevel -EVDO
02-13 13:23:21.134 D/StatusBarPolicy(  317): getEvdoLevel_band_six -evdoDbm:-91
02-13 13:23:21.134 D/StatusBarPolicy(  317): getEvdoLevel_band_six -evdoEcio:-55
02-13 13:23:21.514 D/ConnectivityService(  206): Dropping ConnectivityChange for WIFI: DISCONNECTED/SCANNING
02-13 13:23:22.345 D/PowerManagerService(  206): setTimeoutLocked now=261505 timeoutOverride=-1 nextState=3 when=267505
02-13 13:23:22.345 W/WindowManager(  206): updateFocusedWindowLocked newFocus=Window{409b1f80 com.android.contacts/com.android.contacts.DialtactsActivity paused=true} mode=0 mCurrentFocus = Window{409b1f80 com.android.contacts/com.android.contacts.DialtactsActivity paused=true}
02-13 13:23:22.345 W/WindowManager(  206): updateFocusedWindowLocked newFocus=null mode=3 mCurrentFocus = Window{409b1f80 com.android.contacts/com.android.contacts.DialtactsActivity paused=true}
02-13 13:23:22.375 W/WindowManager(  206): updateFocusedWindowLocked newFocus=Window{4062a350 com.android.launcher/com.android.launcher2.Launcher paused=false} mode=3 mCurrentFocus = null
02-13 13:23:22.385 W/InputManagerService(  206): Starting input on non-focused client com.android.internal.view.IInputMethodClient$Stub$Proxy@407f6eb8 (uid=10007 pid=402)
02-13 13:23:22.405 W/WindowManager(  206): updateFocusedWindowLocked newFocus=Window{4062a350 com.android.launcher/com.android.launcher2.Launcher paused=false} mode=2 mCurrentFocus = Window{4062a350 com.android.launcher/com.android.launcher2.Launcher paused=false}
02-13 13:23:22.405 W/WindowManager(  206): updateFocusedWindowLocked newFocus=Window{4062a350 com.android.launcher/com.android.launcher2.Launcher paused=false} mode=2 mCurrentFocus = Window{4062a350 com.android.launcher/com.android.launcher2.Launcher paused=false}
02-13 13:23:22.405 W/WindowManager(  206): updateFocusedWindowLocked newFocus=Window{4062a350 com.android.launcher/com.android.launcher2.Launcher paused=false} mode=3 mCurrentFocus = Window{4062a350 com.android.launcher/com.android.launcher2.Launcher paused=false}
02-13 13:23:22.465 D/ConnectivityService(  206): Dropping ConnectivityChange for WIFI: DISCONNECTED/IDLE
02-13 13:23:22.765 W/WindowManager(  206): updateFocusedWindowLocked newFocus=Window{4062a350 com.android.launcher/com.android.launcher2.Launcher paused=false} mode=3 mCurrentFocus = Window{4062a350 com.android.launcher/com.android.launcher2.Launcher paused=false}
02-13 13:23:22.785 W/WindowManager(  206): updateFocusedWindowLocked newFocus=Window{4062a350 com.android.launcher/com.android.launcher2.Launcher paused=false} mode=0 mCurrentFocus = Window{4062a350 com.android.launcher/com.android.launcher2.Launcher paused=false}
02-13 13:23:24.427 D/StatusBarPolicy(  317): updateDataIcon subscription =0
02-13 13:23:25.448 D/StatusBarPolicy(  317): updateDataIcon subscription =0
02-13 13:23:25.618 D/StatusBarPolicy(  317): onSignalStrengthsChanged:SignalStrength: 99 0 -98 -80 -88 -35 7 99 2147483647 2147483647 2147483647 2147483647 cdma for subscription0
02-13 13:23:25.618 D/StatusBarPolicy(  317): updateSignalStrength on subscription :0
02-13 13:23:25.628 D/StatusBarPolicy(  317): StatusBarPolocy::getIconLevel -EVDO
02-13 13:23:25.628 D/StatusBarPolicy(  317): getEvdoLevel_band_six -evdoDbm:-88
02-13 13:23:25.628 D/StatusBarPolicy(  317): getEvdoLevel_band_six -evdoEcio:-35
02-13 13:23:28.341 D/PowerManagerService(  206): setTimeoutLocked now=267505 timeoutOverride=-1 nextState=1 when=269505
02-13 13:23:30.102 D/StatusBarPolicy(  317): onSignalStrengthsChanged:SignalStrength: 99 0 -99 -105 -86 -25 7 99 2147483647 2147483647 2147483647 2147483647 cdma for subscription0
02-13 13:23:30.102 D/StatusBarPolicy(  317): updateSignalStrength on subscription :0
02-13 13:23:30.102 D/StatusBarPolicy(  317): StatusBarPolocy::getIconLevel -EVDO
02-13 13:23:30.102 D/StatusBarPolicy(  317): getEvdoLevel_band_six -evdoDbm:-86
02-13 13:23:30.102 D/StatusBarPolicy(  317): getEvdoLevel_band_six -evdoEcio:-25
02-13 13:23:30.343 D/PowerManagerService(  206): setTimeoutLocked now=269508 timeoutOverride=-1 nextState=0 when=276508
02-13 13:23:33.526 D/StatusBarPolicy(  317): updateDataIcon subscription =0
02-13 13:23:34.547 D/StatusBarPolicy(  317): updateDataIcon subscription =0
02-13 13:23:36.819 D/StatusBarPolicy(  317): onSignalStrengthsChanged:SignalStrength: 99 0 -99 -70 -86 -25 7 99 2147483647 2147483647 2147483647 2147483647 cdma for subscription0
02-13 13:23:36.819 D/StatusBarPolicy(  317): updateSignalStrength on subscription :0
02-13 13:23:36.829 D/StatusBarPolicy(  317): StatusBarPolocy::getIconLevel -EVDO
02-13 13:23:36.829 D/StatusBarPolicy(  317): getEvdoLevel_band_six -evdoDbm:-86
02-13 13:23:36.829 D/StatusBarPolicy(  317): getEvdoLevel_band_six -evdoEcio:-25
02-13 13:23:37.490 D/ConnectivityService(  206): Dropping ConnectivityChange for WIFI: DISCONNECTED/SCANNING
02-13 13:23:37.770 D/WifiService(  206): ACTION_SCREEN_OFF
02-13 13:23:37.770 D/WifiService(  206): setting ACTION_DEVICE_IDLE timer for 120,000 ms
02-13 13:23:38.491 D/ConnectivityService(  206): Dropping ConnectivityChange for WIFI: DISCONNECTED/IDLE
02-13 13:23:41.554 D/PowerManagerService(  206): setTimeoutLocked now=280713 timeoutOverride=-1 nextState=3 when=286713
02-13 13:23:41.574 W/WindowManager(  206): updateFocusedWindowLocked newFocus=Window{4062a350 com.android.launcher/com.android.launcher2.Launcher paused=false} mode=2 mCurrentFocus = Window{4062a350 com.android.launcher/com.android.launcher2.Launcher paused=false}
02-13 13:23:41.574 W/WindowManager(  206): updateFocusedWindowLocked newFocus=Window{4062a350 com.android.launcher/com.android.launcher2.Launcher paused=false} mode=2 mCurrentFocus = Window{4062a350 com.android.launcher/com.android.launcher2.Launcher paused=false}
02-13 13:23:41.584 D/WifiService(  206): ACTION_SCREEN_ON
02-13 13:23:41.584 D/WifiService(  206): WifiHandler, MESSAGE_UPDATE_STATE
02-13 13:23:41.584 D/WifiService(  206): isAirplaneModeOn(): false
02-13 13:23:41.584 D/WifiService(  206): updateWifiState(), wifiEnabled: true, airplaneMode: false, wifiShouldBeEnabled: true, wifiShouldBeStarted: true, strongestLockMode: 1
02-13 13:23:41.584 D/WifiService(  206): WifiHandler, MESSAGE_ENABLE_WIFI, msg.arg1: 0, msg.arg2: 1000
02-13 13:23:41.584 D/WifiService(  206): WifiHandler, MESSAGE_START_WIFI, msg.arg1: 1
02-13 13:23:41.604 D/StatusBarPolicy(  317): onSignalStrengthsChanged:SignalStrength: 99 0 -99 -70 -84 -30 7 99 2147483647 2147483647 2147483647 2147483647 cdma for subscription0
02-13 13:23:41.604 D/StatusBarPolicy(  317): updateSignalStrength on subscription :0
02-13 13:23:41.604 D/StatusBarPolicy(  317): StatusBarPolocy::getIconLevel -EVDO
02-13 13:23:41.604 D/StatusBarPolicy(  317): getEvdoLevel_band_six -evdoDbm:-84
02-13 13:23:41.604 D/StatusBarPolicy(  317): getEvdoLevel_band_six -evdoEcio:-30
02-13 13:23:41.634 I/TelephonyRegistry(  206): notifyServiceState: 0 home Sprint  310099  EvDo rev. A CSS not supported 41 4139RoamInd: 1RoamStatus(sprint): 1DefRoamInd: 160EmergOnly: false
02-13 13:23:41.634 D/StatusBarPolicy(  317): onServiceStateChanged:0 home Sprint  310099  EvDo rev. A CSS not supported 41 4139RoamInd: 1RoamStatus(sprint): 1DefRoamInd: 160EmergOnly: falsefor subscription :0
02-13 13:23:41.634 D/StatusBarPolicy(  317): updateSignalStrength on subscription :0
02-13 13:23:41.644 D/StatusBarPolicy(  317): StatusBarPolocy::getIconLevel -EVDO
02-13 13:23:41.644 D/StatusBarPolicy(  317): getEvdoLevel_band_six -evdoDbm:-84
02-13 13:23:41.644 D/StatusBarPolicy(  317): getEvdoLevel_band_six -evdoEcio:-30
02-13 13:23:41.644 D/StatusBarPolicy(  317): updateDataIcon subscription =0
02-13 13:23:43.576 D/StatusBarPolicy(  317): updateDataIcon subscription =0
02-13 13:23:45.778 D/StatusBarPolicy(  317): onSignalStrengthsChanged:SignalStrength: 99 0 -99 -70 -84 -35 7 99 2147483647 2147483647 2147483647 2147483647 cdma for subscription0
02-13 13:23:45.778 D/StatusBarPolicy(  317): updateSignalStrength on subscription :0
02-13 13:23:45.788 D/StatusBarPolicy(  317): StatusBarPolocy::getIconLevel -EVDO
02-13 13:23:45.788 D/StatusBarPolicy(  317): getEvdoLevel_band_six -evdoDbm:-84
02-13 13:23:45.788 D/StatusBarPolicy(  317): getEvdoLevel_band_six -evdoEcio:-35
02-13 13:23:46.779 D/PowerManagerService(  206): setTimeoutLocked now=285946 timeoutOverride=-1 nextState=3 when=291946
02-13 13:23:46.869 W/WindowManager(  206): updateFocusedWindowLocked newFocus=Window{406da048 AtchDlg:com.android.launcher/com.android.launcher2.Launcher paused=false} mode=1 mCurrentFocus = Window{4062a350 com.android.launcher/com.android.launcher2.Launcher paused=false}
02-13 13:23:46.869 W/WindowManager(  206): updateFocusedWindowLocked newFocus=Window{406da048 AtchDlg:com.android.launcher/com.android.launcher2.Launcher paused=false} mode=3 mCurrentFocus = Window{406da048 AtchDlg:com.android.launcher/com.android.launcher2.Launcher paused=false}
02-13 13:23:47.790 D/PowerManagerService(  206): setTimeoutLocked now=286951 timeoutOverride=-1 nextState=3 when=292951
02-13 13:23:47.850 D/PowerManagerService(  206): setTimeoutLocked now=287014 timeoutOverride=-1 nextState=3 when=293014
02-13 13:23:47.860 I/ActivityManager(  206): Starting: Intent { act=android.settings.SETTINGS flg=0x10200000 cmp=com.android.settings/.Settings } from pid 900
02-13 13:23:47.880 W/WindowManager(  206): updateFocusedWindowLocked newFocus=Window{406da048 AtchDlg:com.android.launcher/com.android.launcher2.Launcher paused=false} mode=3 mCurrentFocus = Window{406da048 AtchDlg:com.android.launcher/com.android.launcher2.Launcher paused=false}
02-13 13:23:47.880 W/WindowManager(  206): updateFocusedWindowLocked newFocus=Window{406ff690 com.android.settings/com.android.settings.Settings paused=false} mode=3 mCurrentFocus = Window{406da048 AtchDlg:com.android.launcher/com.android.launcher2.Launcher paused=false}
02-13 13:23:47.900 W/WindowManager(  206): updateFocusedWindowLocked newFocus=null mode=0 mCurrentFocus = Window{406ff690 com.android.settings/com.android.settings.Settings paused=false}
02-13 13:23:47.910 W/WindowManager(  206): updateFocusedWindowLocked newFocus=Window{406ff690 com.android.settings/com.android.settings.Settings paused=false} mode=2 mCurrentFocus = null
02-13 13:23:47.910 W/WindowManager(  206): updateFocusedWindowLocked newFocus=Window{406ff690 com.android.settings/com.android.settings.Settings paused=false} mode=2 mCurrentFocus = Window{406ff690 com.android.settings/com.android.settings.Settings paused=false}
02-13 13:23:47.920 W/InputManagerService(  206): Window already focused, ignoring focus gain of: com.android.internal.view.IInputMethodClient$Stub$Proxy@409290a0
02-13 13:23:47.940 W/WindowManager(  206): updateFocusedWindowLocked newFocus=Window{406ff690 com.android.settings/com.android.settings.Settings paused=false} mode=3 mCurrentFocus = Window{406ff690 com.android.settings/com.android.settings.Settings paused=false}
02-13 13:23:47.940 W/WindowManager(  206): updateFocusedWindowLocked newFocus=Window{406ff690 com.android.settings/com.android.settings.Settings paused=false} mode=3 mCurrentFocus = Window{406ff690 com.android.settings/com.android.settings.Settings paused=false}
02-13 13:23:48.000 D/StatusBarPolicy(  317): onSignalStrengthsChanged:SignalStrength: 99 0 -99 -70 -87 -35 6 99 2147483647 2147483647 2147483647 2147483647 cdma for subscription0
02-13 13:23:48.000 D/StatusBarPolicy(  317): updateSignalStrength on subscription :0
02-13 13:23:48.000 D/StatusBarPolicy(  317): StatusBarPolocy::getIconLevel -EVDO
02-13 13:23:48.000 D/StatusBarPolicy(  317): getEvdoLevel_band_six -evdoDbm:-87
02-13 13:23:48.000 D/StatusBarPolicy(  317): getEvdoLevel_band_six -evdoEcio:-35
02-13 13:23:48.540 D/PowerManagerService(  206): setTimeoutLocked now=287703 timeoutOverride=-1 nextState=3 when=293703
02-13 13:23:48.640 D/PowerManagerService(  206): setTimeoutLocked now=287799 timeoutOverride=-1 nextState=3 when=293799
02-13 13:23:49.241 D/PowerManagerService(  206): setTimeoutLocked now=288406 timeoutOverride=-1 nextState=3 when=294406
02-13 13:23:49.341 D/PowerManagerService(  206): setTimeoutLocked now=288506 timeoutOverride=-1 nextState=3 when=294506
02-13 13:23:49.491 I/ActivityManager(  206): Starting: Intent { act=android.intent.action.MAIN cmp=com.android.settings/.DeviceInfoSettings } from pid 678
02-13 13:23:49.521 W/WindowManager(  206): updateFocusedWindowLocked newFocus=null mode=0 mCurrentFocus = Window{406ff690 com.android.settings/com.android.settings.Settings paused=true}
02-13 13:23:49.591 W/WindowManager(  206): updateFocusedWindowLocked newFocus=Window{40629d40 com.android.settings/com.android.settings.DeviceInfoSettings paused=false} mode=3 mCurrentFocus = null
02-13 13:23:49.661 W/WindowManager(  206): updateFocusedWindowLocked newFocus=Window{40629d40 com.android.settings/com.android.settings.DeviceInfoSettings paused=false} mode=2 mCurrentFocus = Window{40629d40 com.android.settings/com.android.settings.DeviceInfoSettings paused=false}
02-13 13:23:49.661 W/WindowManager(  206): updateFocusedWindowLocked newFocus=Window{40629d40 com.android.settings/com.android.settings.DeviceInfoSettings paused=false} mode=2 mCurrentFocus = Window{40629d40 com.android.settings/com.android.settings.DeviceInfoSettings paused=false}
02-13 13:23:49.671 W/WindowManager(  206): updateFocusedWindowLocked newFocus=Window{40629d40 com.android.settings/com.android.settings.DeviceInfoSettings paused=false} mode=3 mCurrentFocus = Window{40629d40 com.android.settings/com.android.settings.DeviceInfoSettings paused=false}
