02-13 13:25:34.667 W/WindowManager(  206): updateFocusedWindowLocked newFocus=Window{408738e0 com.android.vending/com.android.vending.AssetBrowserActivity paused=false} mode=2 mCurrentFocus = Window{405a0a70 com.google.android.gsf/com.google.android.gsf.loginservice.LoginActivity paused=true}
02-13 13:25:34.707 W/WindowManager(  206): updateFocusedWindowLocked newFocus=Window{408738e0 com.android.vending/com.android.vending.AssetBrowserActivity paused=false} mode=3 mCurrentFocus = Window{408738e0 com.android.vending/com.android.vending.AssetBrowserActivity paused=false}
02-13 13:25:34.707 W/WindowManager(  206): updateFocusedWindowLocked newFocus=Window{408738e0 com.android.vending/com.android.vending.AssetBrowserActivity paused=false} mode=3 mCurrentFocus = Window{408738e0 com.android.vending/com.android.vending.AssetBrowserActivity paused=false}
02-13 13:25:34.728 W/WindowManager(  206): updateFocusedWindowLocked newFocus=Window{408738e0 com.android.vending/com.android.vending.AssetBrowserActivity paused=false} mode=3 mCurrentFocus = Window{408738e0 com.android.vending/com.android.vending.AssetBrowserActivity paused=false}
02-13 13:25:34.828 W/WindowManager(  206): updateFocusedWindowLocked newFocus=Window{408738e0 com.android.vending/com.android.vending.AssetBrowserActivity paused=false} mode=2 mCurrentFocus = Window{408738e0 com.android.vending/com.android.vending.AssetBrowserActivity paused=false}
02-13 13:25:35.488 D/StatusBarPolicy(  317): updateDataIcon subscription =0
02-13 13:25:35.839 W/WindowManager(  206): updateFocusedWindowLocked newFocus=Window{408738e0 com.android.vending/com.android.vending.AssetBrowserActivity paused=false} mode=3 mCurrentFocus = Window{408738e0 com.android.vending/com.android.vending.AssetBrowserActivity paused=false}
02-13 13:25:35.849 W/WindowManager(  206): updateFocusedWindowLocked newFocus=Window{408738e0 com.android.vending/com.android.vending.AssetBrowserActivity paused=false} mode=0 mCurrentFocus = Window{408738e0 com.android.vending/com.android.vending.AssetBrowserActivity paused=false}
02-13 13:25:35.849 W/WindowManager(  206): updateFocusedWindowLocked newFocus=Window{408738e0 com.android.vending/com.android.vending.AssetBrowserActivity paused=false} mode=3 mCurrentFocus = Window{408738e0 com.android.vending/com.android.vending.AssetBrowserActivity paused=false}
02-13 13:25:35.859 W/WindowManager(  206): updateFocusedWindowLocked newFocus=Window{408738e0 com.android.vending/com.android.vending.AssetBrowserActivity paused=false} mode=0 mCurrentFocus = Window{408738e0 com.android.vending/com.android.vending.AssetBrowserActivity paused=false}
02-13 13:25:35.869 W/WindowManager(  206): updateFocusedWindowLocked newFocus=Window{408738e0 com.android.vending/com.android.vending.AssetBrowserActivity paused=false} mode=3 mCurrentFocus = Window{408738e0 com.android.vending/com.android.vending.AssetBrowserActivity paused=false}
02-13 13:25:35.869 W/WindowManager(  206): updateFocusedWindowLocked newFocus=Window{408738e0 com.android.vending/com.android.vending.AssetBrowserActivity paused=false} mode=0 mCurrentFocus = Window{408738e0 com.android.vending/com.android.vending.AssetBrowserActivity paused=false}
02-13 13:25:35.959 I/ActivityManager(  206): Start proc com.google.android.apps.books for broadcast com.google.android.apps.books/.app.AccountsReceiver: pid=1298 uid=10057 gids={3003, 1015}
02-13 13:25:36.009 W/WindowManager(  206): updateFocusedWindowLocked newFocus=Window{408738e0 com.android.vending/com.android.vending.AssetBrowserActivity paused=false} mode=3 mCurrentFocus = Window{408738e0 com.android.vending/com.android.vending.AssetBrowserActivity paused=false}
02-13 13:25:36.049 W/WindowManager(  206): updateFocusedWindowLocked newFocus=Window{408738e0 com.android.vending/com.android.vending.AssetBrowserActivity paused=false} mode=0 mCurrentFocus = Window{408738e0 com.android.vending/com.android.vending.AssetBrowserActivity paused=false}
02-13 13:25:38.922 D/StatusBarPolicy(  317): onSignalStrengthsChanged:SignalStrength: 99 0 -97 -70 -82 -35 7 99 2147483647 2147483647 2147483647 2147483647 cdma for subscription0
02-13 13:25:38.922 D/StatusBarPolicy(  317): updateSignalStrength on subscription :0
02-13 13:25:38.922 D/StatusBarPolicy(  317): StatusBarPolocy::getIconLevel -EVDO
02-13 13:25:38.922 D/StatusBarPolicy(  317): getEvdoLevel_band_six -evdoDbm:-82
02-13 13:25:38.922 D/StatusBarPolicy(  317): getEvdoLevel_band_six -evdoEcio:-35
02-13 13:25:39.883 I/ActivityManager(  206): Start proc com.android.providers.calendar for content provider com.android.providers.calendar/.CalendarProvider2: pid=1326 uid=10053 gids={3003}
02-13 13:25:40.063 D/PowerManagerService(  206): setTimeoutLocked now=387401 timeoutOverride=-1 nextState=1 when=389401
02-13 13:25:41.194 D/StatusBarPolicy(  317): onSignalStrengthsChanged:SignalStrength: 99 0 -97 -70 -84 -45 6 99 2147483647 2147483647 2147483647 2147483647 cdma for subscription0
02-13 13:25:41.194 D/StatusBarPolicy(  317): updateSignalStrength on subscription :0
02-13 13:25:41.214 D/StatusBarPolicy(  317): StatusBarPolocy::getIconLevel -EVDO
02-13 13:25:41.214 D/StatusBarPolicy(  317): getEvdoLevel_band_six -evdoDbm:-84
02-13 13:25:41.214 D/StatusBarPolicy(  317): getEvdoLevel_band_six -evdoEcio:-45
02-13 13:25:41.284 D/ConnectivityService(  206): Dropping ConnectivityChange for WIFI: DISCONNECTED/SCANNING
02-13 13:25:42.055 D/PowerManagerService(  206): setTimeoutLocked now=389401 timeoutOverride=-1 nextState=0 when=396401
02-13 13:25:42.235 I/ActivityManager(  206): Starting: Intent { flg=0x4000000 cmp=com.android.vending/com.google.android.finsky.activities.TosActivity (has extras) } from pid 796
02-13 13:25:42.245 D/ConnectivityService(  206): Dropping ConnectivityChange for WIFI: DISCONNECTED/IDLE
02-13 13:25:42.255 W/WindowManager(  206): updateFocusedWindowLocked newFocus=null mode=0 mCurrentFocus = Window{408738e0 com.android.vending/com.android.vending.AssetBrowserActivity paused=true}
02-13 13:25:42.405 W/WindowManager(  206): updateFocusedWindowLocked newFocus=Window{40552a78 com.android.vending/com.google.android.finsky.activities.TosActivity paused=false} mode=3 mCurrentFocus = null
02-13 13:25:42.435 W/WindowManager(  206): updateFocusedWindowLocked newFocus=Window{40552a78 com.android.vending/com.google.android.finsky.activities.TosActivity paused=false} mode=2 mCurrentFocus = Window{40552a78 com.android.vending/com.google.android.finsky.activities.TosActivity paused=false}
02-13 13:25:42.435 W/WindowManager(  206): updateFocusedWindowLocked newFocus=Window{40552a78 com.android.vending/com.google.android.finsky.activities.TosActivity paused=false} mode=2 mCurrentFocus = Window{40552a78 com.android.vending/com.google.android.finsky.activities.TosActivity paused=false}
02-13 13:25:42.625 D/StatusBarPolicy(  317): onSignalStrengthsChanged:SignalStrength: 99 0 -97 -70 -74 -45 5 99 2147483647 2147483647 2147483647 2147483647 cdma for subscription0
02-13 13:25:42.625 D/StatusBarPolicy(  317): updateSignalStrength on subscription :0
02-13 13:25:42.625 D/StatusBarPolicy(  317): StatusBarPolocy::getIconLevel -EVDO
02-13 13:25:42.625 D/StatusBarPolicy(  317): getEvdoLevel_band_six -evdoDbm:-74
02-13 13:25:42.625 D/StatusBarPolicy(  317): getEvdoLevel_band_six -evdoEcio:-45
02-13 13:25:42.655 I/TelephonyRegistry(  206): notifyServiceState: 0 home Sprint  310099  EvDo rev. A CSS not supported 41 4139RoamInd: 1RoamStatus(sprint): 1DefRoamInd: 160EmergOnly: false
02-13 13:25:42.665 D/StatusBarPolicy(  317): onServiceStateChanged:0 home Sprint  310099  EvDo rev. A CSS not supported 41 4139RoamInd: 1RoamStatus(sprint): 1DefRoamInd: 160EmergOnly: falsefor subscription :0
02-13 13:25:42.665 D/StatusBarPolicy(  317): updateSignalStrength on subscription :0
02-13 13:25:42.665 D/StatusBarPolicy(  317): StatusBarPolocy::getIconLevel -EVDO
02-13 13:25:42.665 D/StatusBarPolicy(  317): getEvdoLevel_band_six -evdoDbm:-74
02-13 13:25:42.665 D/StatusBarPolicy(  317): getEvdoLevel_band_six -evdoEcio:-45
02-13 13:25:42.665 D/StatusBarPolicy(  317): updateDataIcon subscription =0
02-13 13:25:43.406 D/StatusBarPolicy(  317): onSignalStrengthsChanged:SignalStrength: 99 0 -97 -70 -77 -45 5 99 2147483647 2147483647 2147483647 2147483647 cdma for subscription0
02-13 13:25:43.406 D/StatusBarPolicy(  317): updateSignalStrength on subscription :0
02-13 13:25:43.406 D/StatusBarPolicy(  317): StatusBarPolocy::getIconLevel -EVDO
02-13 13:25:43.406 D/StatusBarPolicy(  317): getEvdoLevel_band_six -evdoDbm:-77
02-13 13:25:43.406 D/StatusBarPolicy(  317): getEvdoLevel_band_six -evdoEcio:-45
02-13 13:25:44.377 I/ActivityManager(  206): No longer want com.svox.pico (pid 910): hidden #16
02-13 13:25:47.900 D/StatusBarPolicy(  317): onSignalStrengthsChanged:SignalStrength: 99 0 -97 -70 -82 -45 5 99 2147483647 2147483647 2147483647 2147483647 cdma for subscription0
02-13 13:25:47.900 D/StatusBarPolicy(  317): updateSignalStrength on subscription :0
02-13 13:25:47.900 D/StatusBarPolicy(  317): StatusBarPolocy::getIconLevel -EVDO
02-13 13:25:47.900 D/StatusBarPolicy(  317): getEvdoLevel_band_six -evdoDbm:-82
02-13 13:25:47.900 D/StatusBarPolicy(  317): getEvdoLevel_band_six -evdoEcio:-45
02-13 13:25:49.432 D/WifiService(  206): ACTION_SCREEN_OFF
02-13 13:25:49.442 D/WifiService(  206): setting ACTION_DEVICE_IDLE timer for 120,000 ms
02-13 13:25:54.547 D/PowerManagerService(  206): setTimeoutLocked now=401890 timeoutOverride=-1 nextState=0 when=408890
02-13 13:25:54.547 W/WindowManager(  206): updateFocusedWindowLocked newFocus=Window{406e9fc8 Keyguard paused=false} mode=3 mCurrentFocus = Window{40552a78 com.android.vending/com.google.android.finsky.activities.TosActivity paused=false}
02-13 13:25:57.280 D/ConnectivityService(  206): Dropping ConnectivityChange for WIFI: DISCONNECTED/SCANNING
02-13 13:25:58.230 D/ConnectivityService(  206): Dropping ConnectivityChange for WIFI: DISCONNECTED/IDLE
02-13 13:26:00.002 D/AlarmManager(  206): scheduleTimeTickEvent calendar=Mon Feb 13 13:27:00 CST 2012
02-13 13:26:00.002 D/AlarmManager(  206): calendar.getTimeInMillis()1329161220000
02-13 13:26:02.064 D/WifiService(  206): ACTION_BATTERY_CHANGED pluggedType: 0
02-13 13:26:02.064 D/WifiService(  206): WifiHandler, MESSAGE_UPDATE_STATE
02-13 13:26:02.064 D/WifiService(  206): isAirplaneModeOn(): false
02-13 13:26:02.064 D/WifiService(  206): updateWifiState(), wifiEnabled: true, airplaneMode: false, wifiShouldBeEnabled: true, wifiShouldBeStarted: true, strongestLockMode: 1
02-13 13:26:02.064 D/WifiService(  206): WifiHandler, MESSAGE_ENABLE_WIFI, msg.arg1: 0, msg.arg2: 1000
02-13 13:26:02.064 D/WifiService(  206): WifiHandler, MESSAGE_START_WIFI, msg.arg1: 1
02-13 13:26:02.074 D/ConnectivityService(  206): reportNetworkCondition(0, 100)
02-13 13:26:02.074 D/ConnectivityService(  206): Inet connectivity change, net=0, condition=100,mActiveDefaultNetwork=0
02-13 13:26:02.074 D/ConnectivityService(  206): starting a change hold
02-13 13:26:02.575 D/ConnectivityService(  206): Inet hold end, net=0, condition =100, published condition =0
02-13 13:26:02.585 D/StatusBarPolicy(  317): Data network type changed to:6
02-13 13:26:02.585 D/StatusBarPolicy(  317): updateDataIcon subscription =0
02-13 13:26:02.585 D/StatusBarPolicy(  317): updateSignalStrength on subscription :0
02-13 13:26:02.585 D/StatusBarPolicy(  317): StatusBarPolocy::getIconLevel -EVDO
02-13 13:26:02.585 D/StatusBarPolicy(  317): getEvdoLevel_band_six -evdoDbm:-82
02-13 13:26:02.585 D/StatusBarPolicy(  317): getEvdoLevel_band_six -evdoEcio:-45
02-13 13:26:10.012 I/ActivityManager(  206): No longer want com.google.android.apps.maps (pid 922): hidden #16
02-13 13:26:13.235 D/ConnectivityService(  206): Dropping ConnectivityChange for WIFI: DISCONNECTED/SCANNING
02-13 13:26:14.216 D/ConnectivityService(  206): Dropping ConnectivityChange for WIFI: DISCONNECTED/IDLE
02-13 13:26:16.068 D/WifiService(  206): ACTION_BATTERY_CHANGED pluggedType: 0
02-13 13:26:16.068 D/WifiService(  206): WifiHandler, MESSAGE_UPDATE_STATE
02-13 13:26:16.068 D/WifiService(  206): isAirplaneModeOn(): false
02-13 13:26:16.068 D/WifiService(  206): updateWifiState(), wifiEnabled: true, airplaneMode: false, wifiShouldBeEnabled: true, wifiShouldBeStarted: true, strongestLockMode: 1
02-13 13:26:16.068 D/WifiService(  206): WifiHandler, MESSAGE_ENABLE_WIFI, msg.arg1: 0, msg.arg2: 1000
02-13 13:26:16.068 D/WifiService(  206): WifiHandler, MESSAGE_START_WIFI, msg.arg1: 1
02-13 13:26:29.241 D/ConnectivityService(  206): Dropping ConnectivityChange for WIFI: DISCONNECTED/SCANNING
02-13 13:26:30.222 D/ConnectivityService(  206): Dropping ConnectivityChange for WIFI: DISCONNECTED/IDLE
02-13 13:26:42.564 W/WindowManager(  206): updateFocusedWindowLocked newFocus=Window{406e9fc8 Keyguard paused=false} mode=3 mCurrentFocus = Window{406e9fc8 Keyguard paused=false}
02-13 13:26:42.564 W/WindowManager(  206): updateFocusedWindowLocked newFocus=Window{406e9fc8 Keyguard paused=false} mode=2 mCurrentFocus = Window{406e9fc8 Keyguard paused=false}
02-13 13:26:42.564 W/WindowManager(  206): updateFocusedWindowLocked newFocus=Window{406e9fc8 Keyguard paused=false} mode=2 mCurrentFocus = Window{406e9fc8 Keyguard paused=false}
02-13 13:26:42.574 D/WifiService(  206): ACTION_SCREEN_ON
02-13 13:26:42.574 D/WifiService(  206): WifiHandler, MESSAGE_UPDATE_STATE
02-13 13:26:42.574 D/WifiService(  206): isAirplaneModeOn(): false
02-13 13:26:42.574 D/WifiService(  206): updateWifiState(), wifiEnabled: true, airplaneMode: false, wifiShouldBeEnabled: true, wifiShouldBeStarted: true, strongestLockMode: 1
02-13 13:26:42.574 D/WifiService(  206): WifiHandler, MESSAGE_ENABLE_WIFI, msg.arg1: 0, msg.arg2: 1000
02-13 13:26:42.574 D/WifiService(  206): WifiHandler, MESSAGE_START_WIFI, msg.arg1: 1
02-13 13:26:42.614 D/StatusBarPolicy(  317): onSignalStrengthsChanged:SignalStrength: 99 0 -86 -70 -98 -45 5 99 2147483647 2147483647 2147483647 2147483647 cdma for subscription0
02-13 13:26:42.614 D/StatusBarPolicy(  317): updateSignalStrength on subscription :0
02-13 13:26:42.614 D/StatusBarPolicy(  317): StatusBarPolocy::getIconLevel -EVDO
02-13 13:26:42.614 D/StatusBarPolicy(  317): getEvdoLevel_band_six -evdoDbm:-98
02-13 13:26:42.614 D/StatusBarPolicy(  317): getEvdoLevel_band_six -evdoEcio:-45
02-13 13:26:42.624 D/StatusBarPolicy(  317): updateDataIcon subscription =0
02-13 13:26:42.634 I/TelephonyRegistry(  206): notifyServiceState: 0 home Sprint  310099  EvDo rev. A CSS not supported 41 4139RoamInd: 1RoamStatus(sprint): 1DefRoamInd: 160EmergOnly: false
02-13 13:26:42.644 D/StatusBarPolicy(  317): onServiceStateChanged:0 home Sprint  310099  EvDo rev. A CSS not supported 41 4139RoamInd: 1RoamStatus(sprint): 1DefRoamInd: 160EmergOnly: falsefor subscription :0
02-13 13:26:42.644 D/StatusBarPolicy(  317): updateSignalStrength on subscription :0
02-13 13:26:42.644 D/StatusBarPolicy(  317): StatusBarPolocy::getIconLevel -EVDO
02-13 13:26:42.644 D/StatusBarPolicy(  317): getEvdoLevel_band_six -evdoDbm:-98
02-13 13:26:42.644 D/StatusBarPolicy(  317): getEvdoLevel_band_six -evdoEcio:-45
02-13 13:26:42.644 D/StatusBarPolicy(  317): updateDataIcon subscription =0
02-13 13:26:43.595 D/StatusBarPolicy(  317): updateDataIcon subscription =0
02-13 13:26:43.895 D/StatusBarPolicy(  317): onSignalStrengthsChanged:SignalStrength: 99 0 -86 -70 -95 -30 5 99 2147483647 2147483647 2147483647 2147483647 cdma for subscription0
02-13 13:26:43.915 D/StatusBarPolicy(  317): updateSignalStrength on subscription :0
02-13 13:26:43.915 D/StatusBarPolicy(  317): StatusBarPolocy::getIconLevel -EVDO
02-13 13:26:43.915 D/StatusBarPolicy(  317): getEvdoLevel_band_six -evdoDbm:-95
02-13 13:26:43.915 D/StatusBarPolicy(  317): getEvdoLevel_band_six -evdoEcio:-30
02-13 13:26:44.065 D/PowerManagerService(  206): setTimeoutLocked now=451413 timeoutOverride=-1 nextState=3 when=457413
02-13 13:26:44.065 D/PowerManagerService(  206): setTimeoutLocked now=451415 timeoutOverride=-1 nextState=3 when=457415
02-13 13:26:44.065 W/WindowManager(  206): updateFocusedWindowLocked newFocus=null mode=3 mCurrentFocus = Window{406e9fc8 Keyguard paused=false}
02-13 13:26:44.075 W/WindowManager(  206): updateFocusedWindowLocked newFocus=Window{40552a78 com.android.vending/com.google.android.finsky.activities.TosActivity paused=false} mode=2 mCurrentFocus = null
02-13 13:26:44.075 W/InputManagerService(  206): Window already focused, ignoring focus gain of: com.android.internal.view.IInputMethodClient$Stub$Proxy@4098f2c0
02-13 13:26:45.236 D/ConnectivityService(  206): Dropping ConnectivityChange for WIFI: DISCONNECTED/SCANNING
02-13 13:26:45.256 D/PowerManagerService(  206): setTimeoutLocked now=452606 timeoutOverride=-1 nextState=3 when=458606
02-13 13:26:45.316 D/PowerManagerService(  206): setTimeoutLocked now=452669 timeoutOverride=-1 nextState=3 when=458669
02-13 13:26:45.326 W/WindowManager(  206): updateFocusedWindowLocked newFocus=Window{40552a78 com.android.vending/com.google.android.finsky.activities.TosActivity paused=true} mode=0 mCurrentFocus = Window{40552a78 com.android.vending/com.google.android.finsky.activities.TosActivity paused=true}
02-13 13:26:45.346 W/WindowManager(  206): updateFocusedWindowLocked newFocus=Window{408738e0 com.android.vending/com.android.vending.AssetBrowserActivity paused=false} mode=2 mCurrentFocus = Window{40552a78 com.android.vending/com.google.android.finsky.activities.TosActivity paused=true}
02-13 13:26:45.346 W/WindowManager(  206): updateFocusedWindowLocked newFocus=Window{408738e0 com.android.vending/com.android.vending.AssetBrowserActivity paused=false} mode=2 mCurrentFocus = Window{408738e0 com.android.vending/com.android.vending.AssetBrowserActivity paused=false}
02-13 13:26:45.396 W/WindowManager(  206): updateFocusedWindowLocked newFocus=Window{408738e0 com.android.vending/com.android.vending.AssetBrowserActivity paused=false} mode=3 mCurrentFocus = Window{408738e0 com.android.vending/com.android.vending.AssetBrowserActivity paused=false}
02-13 13:26:45.707 W/WindowManager(  206): updateFocusedWindowLocked newFocus=Window{408738e0 com.android.vending/com.android.vending.AssetBrowserActivity paused=false} mode=3 mCurrentFocus = Window{408738e0 com.android.vending/com.android.vending.AssetBrowserActivity paused=false}
02-13 13:26:45.717 W/WindowManager(  206): updateFocusedWindowLocked newFocus=Window{408738e0 com.android.vending/com.android.vending.AssetBrowserActivity paused=false} mode=0 mCurrentFocus = Window{408738e0 com.android.vending/com.android.vending.AssetBrowserActivity paused=false}
02-13 13:26:46.117 D/StatusBarPolicy(  317): onSignalStrengthsChanged:SignalStrength: 99 0 -86 -70 -94 -45 6 99 2147483647 2147483647 2147483647 2147483647 cdma for subscription0
02-13 13:26:46.117 D/StatusBarPolicy(  317): updateSignalStrength on subscription :0
02-13 13:26:46.117 D/StatusBarPolicy(  317): StatusBarPolocy::getIconLevel -EVDO
02-13 13:26:46.117 D/StatusBarPolicy(  317): getEvdoLevel_band_six -evdoDbm:-94
02-13 13:26:46.117 D/StatusBarPolicy(  317): getEvdoLevel_band_six -evdoEcio:-45
02-13 13:26:46.197 D/ConnectivityService(  206): Dropping ConnectivityChange for WIFI: DISCONNECTED/IDLE
02-13 13:26:47.218 D/PowerManagerService(  206): setTimeoutLocked now=454563 timeoutOverride=-1 nextState=3 when=460563
02-13 13:26:47.248 D/PowerManagerService(  206): setTimeoutLocked now=454598 timeoutOverride=-1 nextState=3 when=460598
02-13 13:26:47.288 W/WindowManager(  206): updateFocusedWindowLocked newFocus=Window{405a0a70 com.android.vending/com.android.vending.AssetBrowserActivity paused=false} mode=1 mCurrentFocus = Window{408738e0 com.android.vending/com.android.vending.AssetBrowserActivity paused=false}
02-13 13:26:47.308 W/WindowManager(  206): updateFocusedWindowLocked newFocus=Window{405a0a70 com.android.vending/com.android.vending.AssetBrowserActivity paused=false} mode=3 mCurrentFocus = Window{405a0a70 com.android.vending/com.android.vending.AssetBrowserActivity paused=false}
02-13 13:26:47.348 W/WindowManager(  206): updateFocusedWindowLocked newFocus=Window{405a0a70 com.android.vending/com.android.vending.AssetBrowserActivity paused=false} mode=3 mCurrentFocus = Window{405a0a70 com.android.vending/com.android.vending.AssetBrowserActivity paused=false}
02-13 13:26:49.270 D/PowerManagerService(  206): setTimeoutLocked now=456616 timeoutOverride=-1 nextState=3 when=462616
02-13 13:26:49.280 W/WindowManager(  206): updateFocusedWindowLocked newFocus=Window{405a0a70 com.android.vending/com.android.vending.AssetBrowserActivity paused=false} mode=3 mCurrentFocus = Window{405a0a70 com.android.vending/com.android.vending.AssetBrowserActivity paused=false}
02-13 13:26:49.360 D/PowerManagerService(  206): setTimeoutLocked now=456702 timeoutOverride=-1 nextState=3 when=462702
02-13 13:26:49.380 W/WindowManager(  206): updateFocusedWindowLocked newFocus=Window{405a0a70 com.android.vending/com.android.vending.AssetBrowserActivity paused=false} mode=3 mCurrentFocus = Window{405a0a70 com.android.vending/com.android.vending.AssetBrowserActivity paused=false}
02-13 13:26:49.771 D/PowerManagerService(  206): setTimeoutLocked now=457119 timeoutOverride=-1 nextState=3 when=463119
02-13 13:26:49.781 W/WindowManager(  206): updateFocusedWindowLocked newFocus=Window{405a0a70 com.android.vending/com.android.vending.AssetBrowserActivity paused=false} mode=3 mCurrentFocus = Window{405a0a70 com.android.vending/com.android.vending.AssetBrowserActivity paused=false}
02-13 13:26:49.861 D/PowerManagerService(  206): setTimeoutLocked now=457204 timeoutOverride=-1 nextState=3 when=463204
02-13 13:26:49.881 W/WindowManager(  206): updateFocusedWindowLocked newFocus=Window{405a0a70 com.android.vending/com.android.vending.AssetBrowserActivity paused=false} mode=3 mCurrentFocus = Window{405a0a70 com.android.vending/com.android.vending.AssetBrowserActivity paused=false}
02-13 13:26:50.021 W/WindowManager(  206): updateFocusedWindowLocked newFocus=Window{405a0a70 com.android.vending/com.android.vending.AssetBrowserActivity paused=false} mode=3 mCurrentFocus = Window{405a0a70 com.android.vending/com.android.vending.AssetBrowserActivity paused=false}
02-13 13:26:50.091 W/WindowManager(  206): updateFocusedWindowLocked newFocus=Window{405a0a70 com.android.vending/com.android.vending.AssetBrowserActivity paused=false} mode=3 mCurrentFocus = Window{405a0a70 com.android.vending/com.android.vending.AssetBrowserActivity paused=false}
02-13 13:26:50.622 D/StatusBarPolicy(  317): onSignalStrengthsChanged:SignalStrength: 99 0 -86 -70 -93 -45 4 99 2147483647 2147483647 2147483647 2147483647 cdma for subscription0
02-13 13:26:50.622 D/StatusBarPolicy(  317): updateSignalStrength on subscription :0
02-13 13:26:50.632 D/StatusBarPolicy(  317): StatusBarPolocy::getIconLevel -EVDO
02-13 13:26:50.632 D/StatusBarPolicy(  317): getEvdoLevel_band_six -evdoDbm:-93
02-13 13:26:50.632 D/StatusBarPolicy(  317): getEvdoLevel_band_six -evdoEcio:-45
02-13 13:26:50.672 D/StatusBarPolicy(  317): updateDataIcon subscription =0
02-13 13:26:50.682 D/PowerManagerService(  206): setTimeoutLocked now=458023 timeoutOverride=-1 nextState=3 when=464023
02-13 13:26:50.692 W/WindowManager(  206): updateFocusedWindowLocked newFocus=Window{405a0a70 com.android.vending/com.android.vending.AssetBrowserActivity paused=false} mode=3 mCurrentFocus = Window{405a0a70 com.android.vending/com.android.vending.AssetBrowserActivity paused=false}
02-13 13:26:50.702 D/PowerManagerService(  206): setTimeoutLocked now=458049 timeoutOverride=-1 nextState=3 when=464049
02-13 13:26:50.722 W/WindowManager(  206): updateFocusedWindowLocked newFocus=Window{405a0a70 com.android.vending/com.android.vending.AssetBrowserActivity paused=false} mode=3 mCurrentFocus = Window{405a0a70 com.android.vending/com.android.vending.AssetBrowserActivity paused=false}
02-13 13:26:51.042 W/WindowManager(  206): updateFocusedWindowLocked newFocus=Window{405a0a70 com.android.vending/com.android.vending.AssetBrowserActivity paused=false} mode=3 mCurrentFocus = Window{405a0a70 com.android.vending/com.android.vending.AssetBrowserActivity paused=false}
02-13 13:26:51.112 W/WindowManager(  206): updateFocusedWindowLocked newFocus=Window{405a0a70 com.android.vending/com.android.vending.AssetBrowserActivity paused=false} mode=3 mCurrentFocus = Window{405a0a70 com.android.vending/com.android.vending.AssetBrowserActivity paused=false}
02-13 13:26:51.693 D/StatusBarPolicy(  317): updateDataIcon subscription =0
02-13 13:26:51.743 D/PowerManagerService(  206): setTimeoutLocked now=459084 timeoutOverride=-1 nextState=3 when=465084
02-13 13:26:51.793 D/PowerManagerService(  206): setTimeoutLocked now=459135 timeoutOverride=-1 nextState=3 when=465135
02-13 13:26:51.793 I/ActivityManager(  206): Starting: Intent { act=android.intent.action.SEARCH flg=0x10000000 cmp=com.android.vending/.AssetBrowserActivity (has extras) } from pid 796
02-13 13:26:51.873 W/WindowManager(  206): updateFocusedWindowLocked newFocus=Window{408738e0 com.android.vending/com.android.vending.AssetBrowserActivity paused=false} mode=0 mCurrentFocus = Window{405a0a70 com.android.vending/com.android.vending.AssetBrowserActivity paused=false}
02-13 13:26:52.113 W/WindowManager(  206): updateFocusedWindowLocked newFocus=Window{408738e0 com.android.vending/com.android.vending.AssetBrowserActivity paused=false} mode=3 mCurrentFocus = Window{408738e0 com.android.vending/com.android.vending.AssetBrowserActivity paused=false}
02-13 13:26:52.874 D/StatusBarPolicy(  317): onSignalStrengthsChanged:SignalStrength: 99 0 -86 -70 -92 -45 2 99 2147483647 2147483647 2147483647 2147483647 cdma for subscription0
02-13 13:26:52.874 D/StatusBarPolicy(  317): updateSignalStrength on subscription :0
02-13 13:26:52.884 D/StatusBarPolicy(  317): StatusBarPolocy::getIconLevel -EVDO
02-13 13:26:52.884 D/StatusBarPolicy(  317): getEvdoLevel_band_six -evdoDbm:-92
02-13 13:26:52.884 D/StatusBarPolicy(  317): getEvdoLevel_band_six -evdoEcio:-45
02-13 13:26:55.096 D/StatusBarPolicy(  317): onSignalStrengthsChanged:SignalStrength: 99 0 -86 -70 -92 -45 5 99 2147483647 2147483647 2147483647 2147483647 cdma for subscription0
02-13 13:26:55.096 D/StatusBarPolicy(  317): updateSignalStrength on subscription :0
02-13 13:26:55.096 D/StatusBarPolicy(  317): StatusBarPolocy::getIconLevel -EVDO
02-13 13:26:55.096 D/StatusBarPolicy(  317): getEvdoLevel_band_six -evdoDbm:-92
02-13 13:26:55.116 D/StatusBarPolicy(  317): getEvdoLevel_band_six -evdoEcio:-45
02-13 13:26:55.526 D/ConnectivityService(  206): startUsingNetworkFeature for net 0: enableHIPRI binder :android.os.BinderProxy@40611270
02-13 13:26:55.526 D/ConnectivityService(  206): getMobileDataEnabled returning true
02-13 13:26:55.526 D/ConnectivityService(  206): ++add feature user : binder = android.os.BinderProxy@40611270 UID = 10022 PID = 796
02-13 13:26:55.526 D/ConnectivityService(  206): NetworkInfo = NetworkInfo: type: mobile_hipri[CDMA - EvDo rev. A], state: UNKNOWN/IDLE, reason: (unspecified), extra: (none), roaming: false, failover: false, isAvailable: true, isIpv4Connected: false, isIpv6Connected: false, ipv4Name: null, ipv6Name: null
02-13 13:26:55.526 D/ConnectivityService(  206): isTeardownRequested = true
02-13 13:26:55.526 D/ConnectivityService(  206): reconnecting to special network
02-13 13:26:55.536 I/TelephonyRegistry(  206): notifyDataConnection: anyState=2,hipri/INET,apnTypeState=2,iface=rmnet0,ip=174.156.234.163,gw=174.156.234.161,isDataConnectivityPossible=true,networkType=6,reason=apnTypeEnabled
02-13 13:26:55.556 D/ConnectivityService(  206): ConnectivityChange for mobile_hipri: CONNECTED/CONNECTED
02-13 13:26:55.556 D/ConnectivityService(  206): Got Network Connection Succ from Driver nwtype=5
02-13 13:26:55.586 I/TelephonyRegistry(  206): notifyDataConnection: anyState=2,hipri/INET6,apnTypeState=0,iface=null,ip=null,gw=null,isDataConnectivityPossible=true,networkType=6,reason=apnTypeEnabled
02-13 13:26:55.586 D/NetdConnector(  206): SND -> {route add dst v4 rmnet0 68.28.67.132} {null}
02-13 13:26:55.666 D/NetdConnector(  206): RCV <- {200 destination route add succeeded for [rmnet0 68.28.67.132]}
02-13 13:26:55.666 D/NetdConnector(  206): RSP <- {200 destination route add succeeded for [rmnet0 68.28.67.132]}
02-13 13:26:55.666 D/NetworkManagementService(  206): 200 destination route add succeeded for [rmnet0 68.28.67.132]
02-13 13:26:55.676 D/NetdConnector(  206): SND -> {route add dst v4 rmnet0 68.28.68.132} {null}
02-13 13:26:55.686 D/NetdConnector(  206): RCV <- {200 destination route add succeeded for [rmnet0 68.28.68.132]}
02-13 13:26:55.686 D/NetdConnector(  206): RSP <- {200 destination route add succeeded for [rmnet0 68.28.68.132]}
02-13 13:26:55.686 D/NetworkManagementService(  206): 200 destination route add succeeded for [rmnet0 68.28.68.132]
02-13 13:26:55.707 D/ConnectivityService(  206): ConnectivityChange for mobile_hipri: CONNECTED/CONNECTED
02-13 13:26:55.707 D/ConnectivityService(  206): Got Network Connection Succ from Driver nwtype=5
02-13 13:26:55.707 D/NetdConnector(  206): SND -> {route add dst v4 rmnet0 209.85.225.188} {null}
02-13 13:26:55.727 I/ActivityManager(  206): Start proc com.google.android.apps.uploader for broadcast com.google.android.apps.uploader/.ConnectivityBroadcastReceiver: pid=1430 uid=10031 gids={3003}
02-13 13:26:55.767 D/NetdConnector(  206): RCV <- {200 destination route add succeeded for [rmnet0 209.85.225.188]}
02-13 13:26:55.767 D/NetdConnector(  206): RSP <- {200 destination route add succeeded for [rmnet0 209.85.225.188]}
02-13 13:26:55.767 D/NetworkManagementService(  206): 200 destination route add succeeded for [rmnet0 209.85.225.188]
02-13 13:26:55.777 D/NetdConnector(  206): SND -> {route add dst v4 rmnet0 209.85.225.188} {null}
02-13 13:26:55.807 D/NetdConnector(  206): RCV <- {200 destination route add succeeded for [rmnet0 209.85.225.188]}
02-13 13:26:55.807 D/NetdConnector(  206): RSP <- {200 destination route add succeeded for [rmnet0 209.85.225.188]}
02-13 13:26:55.807 D/NetworkManagementService(  206): 200 destination route add succeeded for [rmnet0 209.85.225.188]
02-13 13:26:55.887 I/ActivityManager(  206): No longer want com.google.android.voicesearch (pid 958): hidden #16
02-13 13:26:56.077 D/RPC     (  206): 3000008c:00050000 sending call (XID 8).
02-13 13:26:56.077 D/RPC     (  206): 3000008c:00050000 received REPLY (XID 8), grabbing mutex to wake up client.
02-13 13:26:56.077 D/RPC     (  206): 3000008c:00050000 call success.
02-13 13:26:56.087 D/RPC     (  206): 3000008c:00050000 received CALL.
02-13 13:26:56.087 D/RPC     (  206): 3000008c:00050000 dispatching RPC call (XID 36, xdr 0x4b3028) for callback client 3100008c:00050001.
02-13 13:26:56.087 D/RPC     (  206): 3100008c:327681 sending RPC reply (XID 36)
02-13 13:26:56.087 D/RPC     (  206): 3000008c:00050000 sending call (XID 9).
02-13 13:26:56.087 D/RPC     (  206): 3000008c:00050000 received REPLY (XID 9), grabbing mutex to wake up client.
02-13 13:26:56.087 D/RPC     (  206): 3000008c:00050000 call success.
02-13 13:26:56.097 D/RPC     (  206): 3000008c:00050000 received CALL.
02-13 13:26:56.097 D/RPC     (  206): 3000008c:00050000 dispatching RPC call (XID 37, xdr 0x4b3028) for callback client 3100008c:00050001.
02-13 13:26:56.097 D/RPC     (  206): 3100008c:327681 sending RPC reply (XID 37)
02-13 13:26:56.137 D/NetdConnector(  206): SND -> {route add dst v4 rmnet0 68.28.31.7} {null}
02-13 13:26:56.157 D/NetdConnector(  206): RCV <- {200 destination route add succeeded for [rmnet0 68.28.31.7]}
02-13 13:26:56.157 D/NetdConnector(  206): RSP <- {200 destination route add succeeded for [rmnet0 68.28.31.7]}
02-13 13:26:56.157 D/NetworkManagementService(  206): 200 destination route add succeeded for [rmnet0 68.28.31.7]
02-13 13:26:56.758 D/StatusBarPolicy(  317): updateDataIcon subscription =0
02-13 13:26:57.779 D/StatusBarPolicy(  317): updateDataIcon subscription =0
02-13 13:26:57.789 D/PowerManagerService(  206): setTimeoutLocked now=465138 timeoutOverride=-1 nextState=1 when=467138
02-13 13:26:59.790 D/PowerManagerService(  206): setTimeoutLocked now=467139 timeoutOverride=-1 nextState=0 when=474139
02-13 13:27:00.001 D/AlarmManager(  206): scheduleTimeTickEvent calendar=Mon Feb 13 13:28:00 CST 2012
02-13 13:27:00.001 D/AlarmManager(  206): calendar.getTimeInMillis()1329161280000
02-13 13:27:00.822 D/StatusBarPolicy(  317): updateDataIcon subscription =0
02-13 13:27:01.212 D/ConnectivityService(  206): Dropping ConnectivityChange for WIFI: DISCONNECTED/SCANNING
02-13 13:27:01.843 D/StatusBarPolicy(  317): updateDataIcon subscription =0
02-13 13:27:02.123 D/WifiService(  206): ACTION_BATTERY_CHANGED pluggedType: 0
02-13 13:27:02.123 D/WifiService(  206): WifiHandler, MESSAGE_UPDATE_STATE
02-13 13:27:02.123 D/WifiService(  206): isAirplaneModeOn(): false
02-13 13:27:02.123 D/WifiService(  206): updateWifiState(), wifiEnabled: true, airplaneMode: false, wifiShouldBeEnabled: true, wifiShouldBeStarted: true, strongestLockMode: 1
02-13 13:27:02.123 D/WifiService(  206): WifiHandler, MESSAGE_ENABLE_WIFI, msg.arg1: 0, msg.arg2: 1000
02-13 13:27:02.123 D/WifiService(  206): WifiHandler, MESSAGE_START_WIFI, msg.arg1: 1
02-13 13:27:02.193 D/ConnectivityService(  206): Dropping ConnectivityChange for WIFI: DISCONNECTED/IDLE
02-13 13:27:02.974 D/ConnectivityService(  206): feature user to remove : UID = 10022 PID = 796
02-13 13:27:02.974 D/ConnectivityService(  206): ignoring stopUsingNetworkFeature - not a live request
02-13 13:27:04.065 D/StatusBarPolicy(  317): onSignalStrengthsChanged:SignalStrength: 99 0 -86 -70 -92 -45 7 99 2147483647 2147483647 2147483647 2147483647 cdma for subscription0
02-13 13:27:04.065 D/StatusBarPolicy(  317): updateSignalStrength on subscription :0
02-13 13:27:04.075 D/StatusBarPolicy(  317): StatusBarPolocy::getIconLevel -EVDO
02-13 13:27:04.075 D/StatusBarPolicy(  317): getEvdoLevel_band_six -evdoDbm:-92
02-13 13:27:04.075 D/StatusBarPolicy(  317): getEvdoLevel_band_six -evdoEcio:-45
02-13 13:27:06.937 D/WifiService(  206): ACTION_SCREEN_OFF
02-13 13:27:06.947 D/WifiService(  206): setting ACTION_DEVICE_IDLE timer for 120,000 ms
02-13 13:27:12.062 D/PowerManagerService(  206): setTimeoutLocked now=479405 timeoutOverride=-1 nextState=0 when=486405
02-13 13:27:12.072 W/WindowManager(  206): updateFocusedWindowLocked newFocus=Window{406e9fc8 Keyguard paused=false} mode=3 mCurrentFocus = Window{408738e0 com.android.vending/com.android.vending.AssetBrowserActivity paused=false}
02-13 13:27:17.197 D/ConnectivityService(  206): Dropping ConnectivityChange for WIFI: DISCONNECTED/SCANNING
02-13 13:27:18.188 D/ConnectivityService(  206): Dropping ConnectivityChange for WIFI: DISCONNECTED/IDLE
