02-13 13:25:42.635 I/RILC    (  119): qmi_ril(0/119): [main] qcril_qmi_nas_util_convert_nas_srv_status_to_ril_reg_status ... intermediate res 2 1
02-13 13:25:42.635 I/RILC    (  119): qmi_ril(0/119): [main] qcril_qmi_nas_util_convert_nas_srv_status_to_ril_reg_status ... hdr_only_sys_info 89288
02-13 13:25:42.635 I/RILC    (  119): qmi_ril(0/119): [main] qcril_qmi_nas_util_convert_nas_srv_status_to_ril_reg_status ... hdr_active_prot_valid, hdr_personality_valid 1, 1
02-13 13:25:42.635 I/RILC    (  119): qmi_ril(0/119): [main] qcril_qmi_nas_util_convert_nas_srv_status_to_ril_reg_status ... intermediate res 3 1
02-13 13:25:42.635 I/RILC    (  119): qmi_ril(0/119): [main] qcril_qmi_nas_util_convert_nas_srv_status_to_ril_reg_status ... is_sys_forbidden_valid, is_sys_forbidden 1, 0
02-13 13:25:42.635 I/RILC    (  119): qmi_ril(0/119): [main] qcril_qmi_nas_util_convert_nas_srv_status_to_ril_reg_status qcril_qmi_nas_util_convert_nas_srv_status_to_ril_reg_status complete with 1
02-13 13:25:42.635 I/RILC    (  119): qmi_ril(0/119): [main] qmi_ril_nwr_update_reg_rej_from_sys_info .. 1x reg data 5
02-13 13:25:42.635 I/RILC    (  119): qmi_ril(0/119): [main] qmi_ril_nwr_update_reg_rej_from_sys_info .. gsm reg data 0
02-13 13:25:42.635 I/RILC    (  119): qmi_ril(0/119): [main] qmi_ril_nwr_update_reg_rej_from_sys_info .. wcdma reg data  0
02-13 13:25:42.635 I/RILC    (  119): qmi_ril(0/119): [main] qmi_ril_nwr_update_reg_rej_from_sys_info .. lte reg data 0
02-13 13:25:42.635 I/RILC    (  119): qmi_ril(0/119): [main] qmi_ril_nwr_update_reg_rej_from_sys_info .. hdr reg data 1
02-13 13:25:42.635 I/RILC    (  119): qmi_ril(0/119): [main] qmi_ril_nwr_update_reg_rej_from_sys_info .. rte 1 reje PS ps_rejected 0
02-13 13:25:42.635 I/RILC    (  119): qmi_ril(0/119): [main] qmi_ril_nwr_update_reg_rej_from_sys_info .. rte 1 reje PS ps_reject_cause 0
02-13 13:25:42.635 I/RILC    (  119): qmi_ril(0/119): [main] qmi_ril_nwr_util_log_mccmnc_str .. data reje mcc - 
02-13 13:25:42.635 I/RILC    (  119): qmi_ril(0/119): [main] qmi_ril_nwr_util_log_mccmnc_str .. data reje mnc - 
02-13 13:25:42.635 I/RILC    (  119): qmi_ril(0/119): [main] qmi_ril_nwr_update_reg_rej_from_sys_info .. rte 2 reje PS ps_rejected 0
02-13 13:25:42.635 I/RILC    (  119): qmi_ril(0/119): [main] qmi_ril_nwr_update_reg_rej_from_sys_info .. rte 2 reje PS ps_reject_cause 0
02-13 13:25:42.635 I/RILC    (  119): qmi_ril(0/119): [main] qmi_ril_nwr_util_log_mccmnc_str .. data reje mcc - 
02-13 13:25:42.635 I/RILC    (  119): qmi_ril(0/119): [main] qmi_ril_nwr_util_log_mccmnc_str .. data reje mnc - 
02-13 13:25:42.635 I/RILC    (  119): qmi_ril(0/119): [main] qmi_ril_nwr_update_reg_rej_from_sys_info .. rte 3 reje PS ps_rejected 0
02-13 13:25:42.635 I/RILC    (  119): qmi_ril(0/119): [main] qmi_ril_nwr_update_reg_rej_from_sys_info .. rte 3 reje PS ps_reject_cause 0
02-13 13:25:42.635 I/RILC    (  119): qmi_ril(0/119): [main] qmi_ril_nwr_util_log_mccmnc_str .. data reje mcc - 
02-13 13:25:42.635 I/RILC    (  119): qmi_ril(0/119): [main] qmi_ril_nwr_util_log_mccmnc_str .. data reje mnc - 
02-13 13:25:42.635 I/RILC    (  119): qmi_ril(0/119): [main] qmi_ril_nwr_update_reg_rej_from_sys_info .. rte 4 reje PS ps_rejected 0
02-13 13:25:42.635 I/RILC    (  119): qmi_ril(0/119): [main] qmi_ril_nwr_update_reg_rej_from_sys_info .. rte 4 reje PS ps_reject_cause 0
02-13 13:25:42.635 I/RILC    (  119): qmi_ril(0/119): [main] qmi_ril_nwr_util_log_mccmnc_str .. data reje mcc - 
02-13 13:25:42.635 I/RILC    (  119): qmi_ril(0/119): [main] qmi_ril_nwr_util_log_mccmnc_str .. data reje mnc - 
02-13 13:25:42.635 I/RILC    (  119): qmi_ril(0/119): [main] qmi_ril_nwr_update_reg_rej_from_sys_info .. rte 5 reje PS ps_rejected 0
02-13 13:25:42.635 I/RILC    (  119): qmi_ril(0/119): [main] qmi_ril_nwr_update_reg_rej_from_sys_info .. rte 5 reje PS ps_reject_cause 0
02-13 13:25:42.635 I/RILC    (  119): qmi_ril(0/119): [main] qmi_ril_nwr_util_log_mccmnc_str .. data reje mcc - 
02-13 13:25:42.635 I/RILC    (  119): qmi_ril(0/119): [main] qmi_ril_nwr_util_log_mccmnc_str .. data reje mnc - 
02-13 13:25:42.635 I/RILC    (  119): qmi_ril(0/119): [main] qmi_ril_nwr_update_reg_rej_from_sys_info qmi_ril_nwr_update_reg_rej_from_sys_info completed
02-13 13:25:42.635 I/RILC    (  119): qmi_ril(0/119): [main] qcril_qmi_nas_fetch_sys_info qcril_qmi_nas_fetch_sys_info res 0 
02-13 13:25:42.635 I/RILC    (  119): qmi_ril(0/119): [main] qcril_qmi_nas_request_registration_state qcril_qmi_nas_request_registration_state forming response
02-13 13:25:42.635 I/RILC    (  119): qmi_ril(0/119): [main] qcril_qmi_nas_request_registration_state ***zyj*** qcril_qmi_nas_request_registration_state nas_cached_info.serving_system->registration_state=1
02-13 13:25:42.635 I/RILC    (  119): qmi_ril(0/119): [main] qcril_qmi_nas_request_registration_state pre - cur reg state 1
02-13 13:25:42.635 I/RILC    (  119): qmi_ril(0/119): [main] qcril_qmi_nas_request_registration_state qcril_qmi_nas_request_registration_state cur reg state 1
02-13 13:25:42.635 I/RILC    (  119): qmi_ril(0/119): [main] qcril_qmi_nas_is_in_service_of_technology qcril_qmi_nas_is_in_service_of_technology entered
02-13 13:25:42.635 I/RILC    (  119): qmi_ril(0/119): [main] qcril_qmi_nas_is_in_service_of_technology qcril_qmi_nas_is_in_service_of_technology completed with 0
02-13 13:25:42.635 I/RILC    (  119): qmi_ril(0/119): [main] qcril_qmi_nas_is_in_service_of_technology qcril_qmi_nas_is_in_service_of_technology entered
02-13 13:25:42.635 I/RILC    (  119): qmi_ril(0/119): [main] qcril_qmi_nas_is_in_service_of_technology qcril_qmi_nas_is_in_service_of_technology completed with 0
02-13 13:25:42.635 I/RILC    (  119): qmi_ril(0/119): [main] qcril_qmi_nas_request_registration_state .. cdma p_rev valid 1
02-13 13:25:42.635 I/RILC    (  119): qmi_ril(0/119): [main] qcril_qmi_nas_request_registration_state .. cdma p_rev 6
02-13 13:25:42.635 I/RILC    (  119): qmi_ril(0/119): [main] qcril_qmi_nas_is_in_service_of_technology qcril_qmi_nas_is_in_service_of_technology entered
02-13 13:25:42.635 I/RILC    (  119): qmi_ril(0/119): [main] qcril_qmi_nas_is_in_service_of_technology qcril_qmi_nas_is_in_service_of_technology completed with 1
02-13 13:25:42.635 I/RILC    (  119): qmi_ril(0/119): [main] qcril_qmi_nas_request_registration_state .. rg 0 - 1
02-13 13:25:42.635 I/RILC    (  119): qmi_ril(0/119): [main] qcril_qmi_nas_request_registration_state .. rg 1 - 
02-13 13:25:42.635 I/RILC    (  119): qmi_ril(0/119): [main] qcril_qmi_nas_request_registration_state .. rg 2 - 
02-13 13:25:42.635 I/RILC    (  119): qmi_ril(0/119): [main] qcril_qmi_nas_request_registration_state .. rg 3 - 6
02-13 13:25:42.635 I/RILC    (  119): qmi_ril(0/119): [main] qcril_qmi_nas_request_registration_state .. rg 4 - 402
02-13 13:25:42.635 I/RILC    (  119): qmi_ril(0/119): [main] qcril_qmi_nas_request_registration_state .. rg 5 - 560530
02-13 13:25:42.635 I/RILC    (  119): qmi_ril(0/119): [main] qcril_qmi_nas_request_registration_state .. rg 6 - -1362896
02-13 13:25:42.635 I/RILC    (  119): qmi_ril(0/119): [main] qcril_qmi_nas_request_registration_state .. rg 7 - 0
02-13 13:25:42.635 I/RILC    (  119): qmi_ril(0/119): [main] qcril_qmi_nas_request_registration_state .. rg 8 - 4139
02-13 13:25:42.635 I/RILC    (  119): qmi_ril(0/119): [main] qcril_qmi_nas_request_registration_state .. rg 9 - 41
02-13 13:25:42.635 I/RILC    (  119): qmi_ril(0/119): [main] qcril_qmi_nas_request_registration_state .. rg 10 - 1
02-13 13:25:42.635 I/RILC    (  119): qmi_ril(0/119): [main] qcril_qmi_nas_request_registration_state .. rg 11 - 1
02-13 13:25:42.635 I/RILC    (  119): qmi_ril(0/119): [main] qcril_qmi_nas_request_registration_state .. rg 12 - 160
02-13 13:25:42.635 I/RILC    (  119): qmi_ril(0/119): [main] qcril_qmi_nas_request_registration_state .. rg 13 - 0
02-13 13:25:42.635 I/RILC    (  119): qmi_ril(0/119): [main] qcril_qmi_nas_request_registration_state .. rg 14 - 0
02-13 13:25:42.635 I/RILC    (  119): qmi_ril(0/119): [main] qcril_reqlist_find [RID 0] Not found ReqList entry : token id 122
02-13 13:25:42.635 D/RILC    (  119): qmi_ril(0/119): [main] qcril_send_request_response UI <--- RIL_REQUEST_REGISTRATION_STATE (20) Complete --- RIL [RID 0, Token 122, Success, Len 60 ]
02-13 13:25:42.655 D/RILJ    (  331): [0122]< REGISTRATION_STATE {1,null,null,6,402,560530,-1362896,0,4139,41,1,1,160,0,0}
02-13 13:25:42.655 D/CDMA    (  331): [CdmaServiceStateTracker] ***zyj*** roamingstaus:1
02-13 13:25:42.655 D/CDMA    (  331): [CdmaServiceStateTracker] ***zyj*** namMatch && mIsInPrll
02-13 13:25:42.655 D/CDMA    (  331): [CdmaServiceStateTracker] ***zyj*** ind <=2 set ind off
02-13 13:25:42.655 D/CDMA    (  331): [CdmaServiceStateTracker] Set CDMA Roaming Indicator to: 1. mCdmaRoaming = false, isPrlLoaded = true. namMatch = true , mIsInPrl = true, mRoamingIndicator = 1, mDefaultRoamingIndicator= 160
02-13 13:25:42.655 D/CDMA    (  331): [CdmaServiceStateTracker] Poll ServiceState done: oldSS=[0 home Sprint  310099  1xRTT CSS not supported 41 4139RoamInd: 1RoamStatus(sprint): 1DefRoamInd: 160EmergOnly: false] newSS=[0 home null  310099  1xRTT CSS not supported 41 4139RoamInd: 1RoamStatus(sprint): 1DefRoamInd: 160EmergOnly: false]
02-13 13:25:42.675 I/RILC    (  119): qmi_ril(0/119): [main] qcril_qmi_nas_request_registration_state .. need to report cs/ps bar 0
02-13 13:25:42.675 I/RILC    (  119): qmi_ril(0/119): [main] qcril_qmi_nas_request_registration_state qcril_qmi_nas_request_registration_state completed with 0
02-13 13:25:42.675 D/RILC    (  119): qmi_ril(0/119): [main] onRequest UI --- RIL_REQUEST_DATA_REGISTRATION_STATE (21) ---> RIL [RID 0, token id 123, data len 0]
02-13 13:25:42.675 I/RILC    (  119): qmi_ril(0/119): [main] qcril_qmi_nas_request_data_registration_state qcril_qmi_nas_request_data_registration_state entered
02-13 13:25:42.675 I/RILC    (  119): qmi_ril(0/119): [main] qcril_qmi_nas_is_in_service_of_technology qcril_qmi_nas_is_in_service_of_technology entered
02-13 13:25:42.675 I/RILC    (  119): qmi_ril(0/119): [main] qcril_qmi_nas_is_in_service_of_technology qcril_qmi_nas_is_in_service_of_technology completed with 0
02-13 13:25:42.675 I/RILC    (  119): qmi_ril(0/119): [main] qcril_qmi_nas_is_in_service_of_technology qcril_qmi_nas_is_in_service_of_technology entered
02-13 13:25:42.675 I/RILC    (  119): qmi_ril(0/119): [main] qcril_qmi_nas_is_in_service_of_technology qcril_qmi_nas_is_in_service_of_technology completed with 1
02-13 13:25:42.675 I/RILC    (  119): qmi_ril(0/119): [main] qcril_qmi_nas_request_data_registration_state  ... QMI NAS reg_state 1
02-13 13:25:42.675 I/RILC    (  119): qmi_ril(0/119): [main] qcril_qmi_nas_request_data_registration_state  ... cache valid for data_caps 1
02-13 13:25:42.675 I/RILC    (  119): qmi_ril(0/119): [main] qcril_qmi_nas_request_data_registration_state  ... cache valid for data_caps_len 2
02-13 13:25:42.675 I/RILC    (  119): qmi_ril(0/119): [main] qcril_qmi_nas_request_data_registration_state  ... ps attach state 1
02-13 13:25:42.675 I/RILC    (  119): qmi_ril(0/119): [main] qcril_qmi_nas_request_data_registration_state Xinjingqcril_qmi_nas_request_data_registration_state cur reg state 1
02-13 13:25:42.675 I/RILC    (  119): qmi_ril(0/119): [main] qcril_qmi_nas_request_data_registration_state .. pre  cur reg state 1
02-13 13:25:42.675 I/RILC    (  119): qmi_ril(0/119): [main] qcril_qmi_nas_request_data_registration_state qcril_qmi_nas_request_data_registration_state cur reg state 1
02-13 13:25:42.675 I/RILC    (  119): qmi_ril(0/119): [main] qcril_qmi_nas_is_in_service_of_technology qcril_qmi_nas_is_in_service_of_technology entered
02-13 13:25:42.675 I/RILC    (  119): qmi_ril(0/119): [main] qcril_qmi_nas_is_in_service_of_technology qcril_qmi_nas_is_in_service_of_technology completed with 0
02-13 13:25:42.675 I/RILC    (  119): qmi_ril(0/119): [main] qcril_qmi_nas_is_in_service_of_technology qcril_qmi_nas_is_in_service_of_technology entered
02-13 13:25:42.675 I/RILC    (  119): qmi_ril(0/119): [main] qcril_qmi_nas_is_in_service_of_technology qcril_qmi_nas_is_in_service_of_technology completed with 0
02-13 13:25:42.675 I/RILC    (  119): qmi_ril(0/119): [main] qcril_qmi_nas_request_data_registration_state .. data caps 1, 2
02-13 13:25:42.675 I/RILC    (  119): qmi_ril(0/119): [main] qcril_qmi_nas_request_data_registration_state .. detailed info val 1
02-13 13:25:42.675 I/RILC    (  119): qmi_ril(0/119): [main] qcril_qmi_nas_request_data_registration_state .. detailed info srv_cap 3
02-13 13:25:42.675 I/RILC    (  119): qmi_ril(0/119): [main] qcril_qmi_nas_request_data_registration_state .. legacy data cap 6
02-13 13:25:42.675 I/RILC    (  119): qmi_ril(0/119): [main] qcril_qmi_nas_request_data_registration_state .. final legacy data cap 8
02-13 13:25:42.675 I/RILC    (  119): qmi_ril(0/119): [main] qcril_qmi_nas_request_data_registration_state .. ehrpd adjustment check 8
02-13 13:25:42.675 I/RILC    (  119): qmi_ril(0/119): [main] qcril_qmi_nas_request_data_registration_state .. detailed_service_info val, nas_cached_info.hdr_personality val  1, 1
02-13 13:25:42.675 I/RILC    (  119): qmi_ril(0/119): [main] qcril_qmi_nas_request_data_registration_state .. hdr status, hdr_hybrid  2, 1
02-13 13:25:42.675 I/RILC    (  119): qmi_ril(0/119): [main] qcril_qmi_nas_request_data_registration_state .. hdr_personality check 1
02-13 13:25:42.675 I/RILC    (  119): qmi_ril(0/119): [main] qcril_qmi_nas_request_data_registration_state .. rg 0 - 1
02-13 13:25:42.675 I/RILC    (  119): qmi_ril(0/119): [main] qcril_qmi_nas_request_data_registration_state .. rg 1 - 
02-13 13:25:42.675 I/RILC    (  119): qmi_ril(0/119): [main] qcril_qmi_nas_request_data_registration_state .. rg 2 - 
02-13 13:25:42.675 I/RILC    (  119): qmi_ril(0/119): [main] qcril_qmi_nas_request_data_registration_state .. rg 3 - 8
02-13 13:25:42.675 I/RILC    (  119): qmi_ril(0/119): [main] qcril_qmi_nas_request_data_registration_state .. rg 4 - 0
02-13 13:25:42.675 I/RILC    (  119): qmi_ril(0/119): [main] qcril_qmi_nas_request_data_registration_state .. rg 5 - 20
02-13 13:25:42.675 I/RILC    (  119): qmi_ril(0/119): [main] qcril_reqlist_find [RID 0] Not found ReqList entry : token id 123
02-13 13:25:42.675 D/RILC    (  119): qmi_ril(0/119): [main] qcril_send_request_response UI <--- RIL_REQUEST_DATA_REGISTRATION_STATE (21) Complete --- RIL [RID 0, Token 123, Success, Len 24 ]
02-13 13:25:42.675 D/RILJ    (  331): [0123]< DATA_REGISTRATION_STATE {1,null,null,8,0,20}
02-13 13:25:42.675 I/RILC    (  119): qmi_ril(0/119): [main] qcril_qmi_nas_request_data_registration_state qcril_qmi_nas_request_data_registration_state complete with 0
02-13 13:25:43.386 I/RILC    (  119): qmi_ril(0/119): [qmi_cb] qcril_qmi_nas_unsolicited_indication_cb invoked msg 0x2
02-13 13:25:43.386 I/RILC    (  119): qmi_ril(0/119): [qmi_cb] qcril_qmi_nas_is_considered_registered qcril_qmi_nas_is_considered_registered entered
02-13 13:25:43.386 I/RILC    (  119): qmi_ril(0/119): [qmi_cb] qcril_qmi_nas_is_considered_registered qcril_qmi_nas_is_considered_registered completed with 1
02-13 13:25:43.386 I/RILC    (  119): qmi_ril(0/119): [qmi_cb] qcril_qmi_nas_event_report_ind_conv_qmi2ril qcril_qmi_nas_event_report_ind_conv_qmi2ril entered
02-13 13:25:43.386 I/RILC    (  119): qmi_ril(0/119): [qmi_cb] qcril_qmi_nas_event_report_ind_conv_qmi2ril .. reg reject valid 0
02-13 13:25:43.386 I/RILC    (  119): qmi_ril(0/119): [qmi_cb] qcril_qmi_nas_event_report_ind_conv_qmi2ril qcril_qmi_nas_event_report_ind_conv_qmi2ril completed
02-13 13:25:43.386 I/RILC    (  119): qmi_ril(0/119): [qmi_cb] qcril_qmi_nas_is_considered_registered qcril_qmi_nas_is_considered_registered entered
02-13 13:25:43.386 I/RILC    (  119): qmi_ril(0/119): [qmi_cb] qcril_qmi_nas_is_considered_registered qcril_qmi_nas_is_considered_registered completed with 1
02-13 13:25:43.386 D/RILC    (  119): qmi_ril(0/119): [qmi_cb] qcril_event_queue Event [<Unknown event> ?, 655370] data was NULL!
02-13 13:25:43.386 D/RILC    (  119): qmi_ril(0/119): [qmi_cb] qcril_event_queue RID 0 MID 0 Queued event <Unknown event> ? (0 bytes)
02-13 13:25:43.386 I/RILC    (  119): qmi_ril(0/119): [qmi_cb] qcril_qmi_nas_unsolicited_indication_cb .. operational state 3
02-13 13:25:43.386 I/RILC    (  119): qmi_ril(0/119): [qmi_cb] qcril_qmi_nas_unsolicited_indication_cb qcril_qmi_nas_unsolicited_indication_cb completed
02-13 13:25:43.386 D/RILC    (  119): qmi_ril(0/119): [event] qcril_event_main qcril_event_main(): 1 items on queue
02-13 13:25:43.386 D/RILC    (  119): qmi_ril(0/119): [event] qcril_event_main RID 0 MID 0 De-queued event <Unknown event> ? (655370)
02-13 13:25:43.386 D/RILC    (  119): qmi_ril(0/119): [event] qcril_process_event RIL <--- <Unknown event> ?(655370), RID 0, MID 0 --- AMSS
02-13 13:25:43.396 I/RILC    (  119): qmi_ril(0/119): [event] qcril_qmi_trigger_propagate_known_signal_strength_ind qcril_qmi_trigger_propagate_known_signal_strength_ind received
02-13 13:25:43.396 I/RILC    (  119): qmi_ril(0/119): [event] qcril_qmi_nas_propagate_known_signal_strength_ind qcril_qmi_nas_propagate_known_signal_strength_ind entered
02-13 13:25:43.396 I/RILC    (  119): qmi_ril(0/119): [event] qcril_qmi_nas_fetch_signal_strength_observations qcril_qmi_nas_fetch_signal_strength_observations entered
02-13 13:25:43.396 I/RILC    (  119): qmi_ril(0/119): [event] qcril_qmi_nas_fetch_signal_strength_observations ..req mask 33
02-13 13:25:43.396 I/RILC    (  119): qmi_ril(0/119): [event] qcril_qmi_nas_fetch_signal_strength_observations qcril_qmi_nas_request_signal_strength entered IF 33
02-13 13:25:43.396 I/RILC    (  119): qmi_ril(0/119): [event] qcril_qmi_nas_fetch_signal_strength_observations qcril_qmi_nas_request_signal_strength entered RIL_REQ_RES qmi_request.request__mask = 33
02-13 13:25:43.396 I/RILC    (  119): qmi_ril(0/119): [event] qcril_qmi_nas_fetch_signal_strength_observations qcril_qmi_nas_request_signal_strength entered IF QMI RESPONSE 33
02-13 13:25:43.396 I/RILC    (  119): qmi_ril(0/119): [event] qcril_qmi_util_convert_qmi_response_codes_to_ril_result_ex qcril_qmi_util_convert_qmi_response_codes_to_ril_result_ex ctx check 0
02-13 13:25:43.396 I/RILC    (  119): qmi_ril(0/119): [event] qcril_qmi_nas_fetch_signal_strength_observations qcril_qmi_nas_request_signal_strength entered IF UTIL_RES = SUCCESS 33
02-13 13:25:43.396 I/RILC    (  119): qmi_ril(0/119): [event] qcril_qmi_nas_fetch_signal_strength_observations qcril_qmi_nas_fetch_signal_strength_observations completed 0
02-13 13:25:43.396 I/RILC    (  119): qmi_ril(0/119): [event] qcril_qmi_nas_propagate_known_signal_strength_ind .. subfetch sig strength info 0
02-13 13:25:43.396 I/RILC    (  119): qmi_ril(0/119): [event] qcril_qmi_nas_dump_sign_strength_report qcril_qmi_nas_dump_sign_strength_report entered
02-13 13:25:43.396 I/RILC    (  119): qmi_ril(0/119): [event] qcril_qmi_nas_dump_sign_strength_report ..GW
02-13 13:25:43.396 I/RILC    (  119): qmi_ril(0/119): [event] qcril_qmi_nas_dump_sign_strength_report .. signalStrength 99, bitErrorRate 0
02-13 13:25:43.396 I/RILC    (  119): qmi_ril(0/119): [event] qcril_qmi_nas_dump_sign_strength_report ..CDMA
02-13 13:25:43.396 I/RILC    (  119): qmi_ril(0/119): [event] qcril_qmi_nas_dump_sign_strength_report .. dbm 97, ecio 70 
02-13 13:25:43.396 I/RILC    (  119): qmi_ril(0/119): [event] qcril_qmi_nas_dump_sign_strength_report ..EVDO
02-13 13:25:43.396 I/RILC    (  119): qmi_ril(0/119): [event] qcril_qmi_nas_dump_sign_strength_report .. dbm 77, ecio 45, signalNoiseRatio 5
02-13 13:25:43.396 I/RILC    (  119): qmi_ril(0/119): [event] qcril_qmi_nas_dump_sign_strength_report ..LTE
02-13 13:25:43.396 I/RILC    (  119): qmi_ril(0/119): [event] qcril_qmi_nas_dump_sign_strength_report .. signalStrength 99, rsrp 2147483647, rsrq 2147483647, rsnnr 2147483647
02-13 13:25:43.396 I/RILC    (  119): qmi_ril(0/119): [event] qcril_qmi_nas_dump_sign_strength_report qcril_qmi_nas_dump_sign_strength_report completed
02-13 13:25:43.396 I/RILC    (  119): qmi_ril(0/119): [event] qcril_qmi_nas_propagate_known_signal_strength_ind .. conf res 0
02-13 13:25:43.396 D/RILC    (  119): qmi_ril(0/119): [event] qcril_send_unsol_response UI <--- RIL_UNSOL_SIGNAL_STRENGTH (1009) --- RIL [RID 0, Len 48, (null)]
02-13 13:25:43.406 I/RILC    (  119): qmi_ril(0/119): [event] qcril_qmi_nas_propagate_known_signal_strength_ind qcril_qmi_nas_propagate_known_signal_strength_ind completed 0
02-13 13:25:43.406 I/RILC    (  119): qmi_ril(0/119): [event] qcril_process_event Exit qcril_process_event() : <Unknown event> ?, err_no 0
02-13 13:25:43.406 D/RILC    (  119): qmi_ril(0/119): [event] qcril_event_main qcril_event_main(): Waiting...
02-13 13:25:45.228 I/RILC    (  119): qmi_ril(0/119): [qmi_cb] qcril_qmi_nas_unsolicited_indication_cb invoked msg 0x2
02-13 13:25:45.228 I/RILC    (  119): qmi_ril(0/119): [qmi_cb] qcril_qmi_nas_is_considered_registered qcril_qmi_nas_is_considered_registered entered
02-13 13:25:45.228 I/RILC    (  119): qmi_ril(0/119): [qmi_cb] qcril_qmi_nas_is_considered_registered qcril_qmi_nas_is_considered_registered completed with 1
02-13 13:25:45.228 I/RILC    (  119): qmi_ril(0/119): [qmi_cb] qcril_qmi_nas_event_report_ind_conv_qmi2ril qcril_qmi_nas_event_report_ind_conv_qmi2ril entered
02-13 13:25:45.228 I/RILC    (  119): qmi_ril(0/119): [qmi_cb] qcril_qmi_nas_event_report_ind_conv_qmi2ril .. reg reject valid 0
02-13 13:25:45.228 I/RILC    (  119): qmi_ril(0/119): [qmi_cb] qcril_qmi_nas_event_report_ind_conv_qmi2ril qcril_qmi_nas_event_report_ind_conv_qmi2ril completed
02-13 13:25:45.228 I/RILC    (  119): qmi_ril(0/119): [qmi_cb] qcril_qmi_nas_is_considered_registered qcril_qmi_nas_is_considered_registered entered
02-13 13:25:45.228 I/RILC    (  119): qmi_ril(0/119): [qmi_cb] qcril_qmi_nas_is_considered_registered qcril_qmi_nas_is_considered_registered completed with 1
02-13 13:25:45.228 D/RILC    (  119): qmi_ril(0/119): [qmi_cb] qcril_event_queue Event [<Unknown event> ?, 655370] data was NULL!
02-13 13:25:45.238 D/RILC    (  119): qmi_ril(0/119): [event] qcril_event_main qcril_event_main(): 1 items on queue
02-13 13:25:45.238 D/RILC    (  119): qmi_ril(0/119): [event] qcril_event_main RID 0 MID 0 De-queued event <Unknown event> ? (655370)
02-13 13:25:45.238 D/RILC    (  119): qmi_ril(0/119): [event] qcril_process_event RIL <--- <Unknown event> ?(655370), RID 0, MID 0 --- AMSS
02-13 13:25:45.238 I/RILC    (  119): qmi_ril(0/119): [event] qcril_qmi_trigger_propagate_known_signal_strength_ind qcril_qmi_trigger_propagate_known_signal_strength_ind received
02-13 13:25:45.238 I/RILC    (  119): qmi_ril(0/119): [event] qcril_qmi_nas_propagate_known_signal_strength_ind qcril_qmi_nas_propagate_known_signal_strength_ind entered
02-13 13:25:45.238 I/RILC    (  119): qmi_ril(0/119): [event] qcril_qmi_nas_fetch_signal_strength_observations qcril_qmi_nas_fetch_signal_strength_observations entered
02-13 13:25:45.238 I/RILC    (  119): qmi_ril(0/119): [event] qcril_qmi_nas_fetch_signal_strength_observations ..req mask 48
02-13 13:25:45.238 I/RILC    (  119): qmi_ril(0/119): [event] qcril_qmi_nas_fetch_signal_strength_observations qcril_qmi_nas_request_signal_strength entered IF 48
02-13 13:25:45.238 I/RILC    (  119): qmi_ril(0/119): [event] qcril_qmi_nas_fetch_signal_strength_observations qcril_qmi_nas_request_signal_strength entered RIL_REQ_RES qmi_request.request__mask = 48
02-13 13:25:45.238 I/RILC    (  119): qmi_ril(0/119): [event] qcril_qmi_nas_fetch_signal_strength_observations qcril_qmi_nas_request_signal_strength entered IF QMI RESPONSE 48
02-13 13:25:45.238 D/RILC    (  119): qmi_ril(0/119): [qmi_cb] qcril_event_queue RID 0 MID 0 Queued event <Unknown event> ? (0 bytes)
02-13 13:25:45.238 I/RILC    (  119): qmi_ril(0/119): [qmi_cb] qcril_qmi_nas_unsolicited_indication_cb .. operational state 3
02-13 13:25:45.238 I/RILC    (  119): qmi_ril(0/119): [qmi_cb] qcril_qmi_nas_unsolicited_indication_cb qcril_qmi_nas_unsolicited_indication_cb completed
02-13 13:25:45.238 I/RILC    (  119): qmi_ril(0/119): [event] qcril_qmi_util_convert_qmi_response_codes_to_ril_result_ex qcril_qmi_util_convert_qmi_response_codes_to_ril_result_ex ctx check 0
02-13 13:25:45.238 I/RILC    (  119): qmi_ril(0/119): [event] qcril_qmi_nas_fetch_signal_strength_observations qcril_qmi_nas_request_signal_strength entered IF UTIL_RES = SUCCESS 48
02-13 13:25:45.238 I/RILC    (  119): qmi_ril(0/119): [event] qcril_qmi_nas_fetch_signal_strength_observations qcril_qmi_nas_fetch_signal_strength_observations completed 0
02-13 13:25:45.238 I/RILC    (  119): qmi_ril(0/119): [event] qcril_qmi_nas_propagate_known_signal_strength_ind .. subfetch sig strength info 0
02-13 13:25:45.238 I/RILC    (  119): qmi_ril(0/119): [event] qcril_qmi_nas_dump_sign_strength_report qcril_qmi_nas_dump_sign_strength_report entered
02-13 13:25:45.238 I/RILC    (  119): qmi_ril(0/119): [event] qcril_qmi_nas_dump_sign_strength_report ..GW
02-13 13:25:45.238 I/RILC    (  119): qmi_ril(0/119): [event] qcril_qmi_nas_dump_sign_strength_report .. signalStrength 99, bitErrorRate 0
02-13 13:25:45.238 I/RILC    (  119): qmi_ril(0/119): [event] qcril_qmi_nas_dump_sign_strength_report ..CDMA
02-13 13:25:45.238 I/RILC    (  119): qmi_ril(0/119): [event] qcril_qmi_nas_dump_sign_strength_report .. dbm 97, ecio 70 
02-13 13:25:45.238 I/RILC    (  119): qmi_ril(0/119): [event] qcril_qmi_nas_dump_sign_strength_report ..EVDO
02-13 13:25:45.238 I/RILC    (  119): qmi_ril(0/119): [event] qcril_qmi_nas_dump_sign_strength_report .. dbm 77, ecio 45, signalNoiseRatio 5
02-13 13:25:45.238 I/RILC    (  119): qmi_ril(0/119): [event] qcril_qmi_nas_dump_sign_strength_report ..LTE
02-13 13:25:45.238 I/RILC    (  119): qmi_ril(0/119): [event] qcril_qmi_nas_dump_sign_strength_report .. signalStrength 99, rsrp 2147483647, rsrq 2147483647, rsnnr 2147483647
02-13 13:25:45.238 I/RILC    (  119): qmi_ril(0/119): [event] qcril_qmi_nas_dump_sign_strength_report qcril_qmi_nas_dump_sign_strength_report completed
02-13 13:25:45.238 I/RILC    (  119): qmi_ril(0/119): [event] qcril_qmi_nas_propagate_known_signal_strength_ind .. conf res 0
02-13 13:25:45.238 D/RILC    (  119): qmi_ril(0/119): [event] qcril_send_unsol_response UI <--- RIL_UNSOL_SIGNAL_STRENGTH (1009) --- RIL [RID 0, Len 48, (null)]
02-13 13:25:45.248 I/RILC    (  119): qmi_ril(0/119): [event] qcril_qmi_nas_propagate_known_signal_strength_ind qcril_qmi_nas_propagate_known_signal_strength_ind completed 0
02-13 13:25:45.248 I/RILC    (  119): qmi_ril(0/119): [event] qcril_process_event Exit qcril_process_event() : <Unknown event> ?, err_no 0
02-13 13:25:45.248 D/RILC    (  119): qmi_ril(0/119): [event] qcril_event_main qcril_event_main(): Waiting...
02-13 13:25:47.870 I/RILC    (  119): qmi_ril(0/119): [qmi_cb] qcril_qmi_nas_unsolicited_indication_cb invoked msg 0x2
02-13 13:25:47.870 I/RILC    (  119): qmi_ril(0/119): [qmi_cb] qcril_qmi_nas_is_considered_registered qcril_qmi_nas_is_considered_registered entered
02-13 13:25:47.870 I/RILC    (  119): qmi_ril(0/119): [qmi_cb] qcril_qmi_nas_is_considered_registered qcril_qmi_nas_is_considered_registered completed with 1
02-13 13:25:47.870 I/RILC    (  119): qmi_ril(0/119): [qmi_cb] qcril_qmi_nas_event_report_ind_conv_qmi2ril qcril_qmi_nas_event_report_ind_conv_qmi2ril entered
02-13 13:25:47.870 I/RILC    (  119): qmi_ril(0/119): [qmi_cb] qcril_qmi_nas_event_report_ind_conv_qmi2ril .. reg reject valid 0
02-13 13:25:47.870 I/RILC    (  119): qmi_ril(0/119): [qmi_cb] qcril_qmi_nas_event_report_ind_conv_qmi2ril qcril_qmi_nas_event_report_ind_conv_qmi2ril completed
02-13 13:25:47.870 I/RILC    (  119): qmi_ril(0/119): [qmi_cb] qcril_qmi_nas_is_considered_registered qcril_qmi_nas_is_considered_registered entered
02-13 13:25:47.870 I/RILC    (  119): qmi_ril(0/119): [qmi_cb] qcril_qmi_nas_is_considered_registered qcril_qmi_nas_is_considered_registered completed with 1
02-13 13:25:47.870 D/RILC    (  119): qmi_ril(0/119): [qmi_cb] qcril_event_queue Event [<Unknown event> ?, 655370] data was NULL!
02-13 13:25:47.880 D/RILC    (  119): qmi_ril(0/119): [event] qcril_event_main qcril_event_main(): 1 items on queue
02-13 13:25:47.880 D/RILC    (  119): qmi_ril(0/119): [event] qcril_event_main RID 0 MID 0 De-queued event <Unknown event> ? (655370)
02-13 13:25:47.880 D/RILC    (  119): qmi_ril(0/119): [event] qcril_process_event RIL <--- <Unknown event> ?(655370), RID 0, MID 0 --- AMSS
02-13 13:25:47.880 I/RILC    (  119): qmi_ril(0/119): [event] qcril_qmi_trigger_propagate_known_signal_strength_ind qcril_qmi_trigger_propagate_known_signal_strength_ind received
02-13 13:25:47.880 I/RILC    (  119): qmi_ril(0/119): [event] qcril_qmi_nas_propagate_known_signal_strength_ind qcril_qmi_nas_propagate_known_signal_strength_ind entered
02-13 13:25:47.880 I/RILC    (  119): qmi_ril(0/119): [event] qcril_qmi_nas_fetch_signal_strength_observations qcril_qmi_nas_fetch_signal_strength_observations entered
02-13 13:25:47.880 I/RILC    (  119): qmi_ril(0/119): [event] qcril_qmi_nas_fetch_signal_strength_observations ..req mask 33
02-13 13:25:47.880 I/RILC    (  119): qmi_ril(0/119): [event] qcril_qmi_nas_fetch_signal_strength_observations qcril_qmi_nas_request_signal_strength entered IF 33
02-13 13:25:47.880 I/RILC    (  119): qmi_ril(0/119): [event] qcril_qmi_nas_fetch_signal_strength_observations qcril_qmi_nas_request_signal_strength entered RIL_REQ_RES qmi_request.request__mask = 33
02-13 13:25:47.880 I/RILC    (  119): qmi_ril(0/119): [event] qcril_qmi_nas_fetch_signal_strength_observations qcril_qmi_nas_request_signal_strength entered IF QMI RESPONSE 33
02-13 13:25:47.880 D/RILC    (  119): qmi_ril(0/119): [qmi_cb] qcril_event_queue RID 0 MID 0 Queued event <Unknown event> ? (0 bytes)
02-13 13:25:47.880 I/RILC    (  119): qmi_ril(0/119): [qmi_cb] qcril_qmi_nas_unsolicited_indication_cb .. operational state 3
02-13 13:25:47.880 I/RILC    (  119): qmi_ril(0/119): [qmi_cb] qcril_qmi_nas_unsolicited_indication_cb qcril_qmi_nas_unsolicited_indication_cb completed
02-13 13:25:47.880 I/RILC    (  119): qmi_ril(0/119): [event] qcril_qmi_util_convert_qmi_response_codes_to_ril_result_ex qcril_qmi_util_convert_qmi_response_codes_to_ril_result_ex ctx check 0
02-13 13:25:47.880 I/RILC    (  119): qmi_ril(0/119): [event] qcril_qmi_nas_fetch_signal_strength_observations qcril_qmi_nas_request_signal_strength entered IF UTIL_RES = SUCCESS 33
02-13 13:25:47.880 I/RILC    (  119): qmi_ril(0/119): [event] qcril_qmi_nas_fetch_signal_strength_observations qcril_qmi_nas_fetch_signal_strength_observations completed 0
02-13 13:25:47.880 I/RILC    (  119): qmi_ril(0/119): [event] qcril_qmi_nas_propagate_known_signal_strength_ind .. subfetch sig strength info 0
02-13 13:25:47.880 I/RILC    (  119): qmi_ril(0/119): [event] qcril_qmi_nas_dump_sign_strength_report qcril_qmi_nas_dump_sign_strength_report entered
02-13 13:25:47.880 I/RILC    (  119): qmi_ril(0/119): [event] qcril_qmi_nas_dump_sign_strength_report ..GW
02-13 13:25:47.880 I/RILC    (  119): qmi_ril(0/119): [event] qcril_qmi_nas_dump_sign_strength_report .. signalStrength 99, bitErrorRate 0
02-13 13:25:47.880 I/RILC    (  119): qmi_ril(0/119): [event] qcril_qmi_nas_dump_sign_strength_report ..CDMA
02-13 13:25:47.880 I/RILC    (  119): qmi_ril(0/119): [event] qcril_qmi_nas_dump_sign_strength_report .. dbm 97, ecio 70 
02-13 13:25:47.880 I/RILC    (  119): qmi_ril(0/119): [event] qcril_qmi_nas_dump_sign_strength_report ..EVDO
02-13 13:25:47.880 I/RILC    (  119): qmi_ril(0/119): [event] qcril_qmi_nas_dump_sign_strength_report .. dbm 82, ecio 45, signalNoiseRatio 5
02-13 13:25:47.880 I/RILC    (  119): qmi_ril(0/119): [event] qcril_qmi_nas_dump_sign_strength_report ..LTE
02-13 13:25:47.880 I/RILC    (  119): qmi_ril(0/119): [event] qcril_qmi_nas_dump_sign_strength_report .. signalStrength 99, rsrp 2147483647, rsrq 2147483647, rsnnr 2147483647
02-13 13:25:47.880 I/RILC    (  119): qmi_ril(0/119): [event] qcril_qmi_nas_dump_sign_strength_report qcril_qmi_nas_dump_sign_strength_report completed
02-13 13:25:47.880 I/RILC    (  119): qmi_ril(0/119): [event] qcril_qmi_nas_propagate_known_signal_strength_ind .. conf res 0
02-13 13:25:47.880 D/RILC    (  119): qmi_ril(0/119): [event] qcril_send_unsol_response UI <--- RIL_UNSOL_SIGNAL_STRENGTH (1009) --- RIL [RID 0, Len 48, (null)]
02-13 13:25:47.880 I/RILC    (  119): qmi_ril(0/119): [event] qcril_qmi_nas_propagate_known_signal_strength_ind qcril_qmi_nas_propagate_known_signal_strength_ind completed 0
02-13 13:25:47.880 I/RILC    (  119): qmi_ril(0/119): [event] qcril_process_event Exit qcril_process_event() : <Unknown event> ?, err_no 0
02-13 13:25:47.880 D/RILC    (  119): qmi_ril(0/119): [event] qcril_event_main qcril_event_main(): Waiting...
02-13 13:25:49.442 D/RILJ    (  331): [0124]> SCREEN_STATE: false
02-13 13:25:49.452 D/RILC    (  119): qmi_ril(0/119): [main] onRequest UI --- RIL_REQUEST_SCREEN_STATE (61) ---> RIL [RID 0, token id 124, data len 4]
02-13 13:25:49.452 I/RILC    (  119): qmi_ril(0/119): [main] qcril_qmi_nas_request_screen_state qcril_qmi_nas_request_screen_state entered 
02-13 13:25:49.452 I/RILC    (  119): qmi_ril(0/119): [main] qcril_qmi_util_enable_networking_indications qcril_qmi_util_enable_networking_indications, param 0 
02-13 13:25:49.452 I/RILC    (  119): qmi_ril(0/119): [main] qcril_qmi_util_convert_qmi_response_codes_to_ril_result_ex qcril_qmi_util_convert_qmi_response_codes_to_ril_result_ex ctx check 0
02-13 13:25:49.452 I/RILC    (  119): qmi_ril(0/119): [main] qcril_qmi_util_enable_networking_indications .. requested nas event report 0, 0
02-13 13:25:49.452 I/RILC    (  119): qmi_ril(0/119): [main] qcril_qmi_util_convert_qmi_response_codes_to_ril_result_ex qcril_qmi_util_convert_qmi_response_codes_to_ril_result_ex ctx check 0
02-13 13:25:49.452 I/RILC    (  119): qmi_ril(0/119): [main] qcril_qmi_util_enable_networking_indications .. requested nas indication reports 0, 0
02-13 13:25:49.452 I/RILC    (  119): qmi_ril(0/119): [main] qcril_qmi_util_enable_networking_indications qcril_qmi_util_enable_networking_indications completed with 0
02-13 13:25:49.452 I/RILC    (  119): qmi_ril(0/119): [main] qcril_data_toggle_dormancy_indications >>>>>> LOCK QCRIL_DATA MUTEX 80211c14
02-13 13:25:49.452 I/RILC    (  119): qmi_ril(0/119): [main] qcril_data_toggle_dormancy_indications LOCK QCRIL_DATA MUTEX 80211c14 result=0
02-13 13:25:49.452 D/RILC    (  119): qmi_ril(0/119): [main] qcril_data_toggle_dormancy_indications Switch ON/OFF dormancy indications on all active interfaces
02-13 13:25:49.452 D/RILC    (  119): qmi_ril(0/119): [main] qcril_data_toggle_dormancy_indications selected index = 0
02-13 13:25:49.452 D/RILC    (  119): qmi_ril(0/119): [main] qcril_data_iface_ioctl setting dormancy event report on wds client [196864]
02-13 13:25:49.452 I/RILC    (  119): qmi_ril(0/119): [main] qcril_data_toggle_dormancy_indications <<<<<< UNLOCK QCRIL_DATA MUTEX 80211c14
02-13 13:25:49.452 I/RILC    (  119): qmi_ril(0/119): [main] qcril_data_toggle_dormancy_indications UNLOCK QCRIL_DATA MUTEX 80211c14 result=0
02-13 13:25:49.452 I/RILC    (  119): qmi_ril(0/119): [main] qcril_data_toggle_dormancy_indications qcril_data_toggle_dormancy_indications: EXIT with SUCCESS
02-13 13:25:49.452 I/RILC    (  119): qmi_ril(0/119): [main] qcril_qmi_nas_request_screen_state .. data dormancy req 1, 0
02-13 13:25:49.452 I/RILC    (  119): qmi_ril(0/119): [main] qcril_reqlist_find [RID 0] Not found ReqList entry : token id 124
02-13 13:25:49.452 D/RILC    (  119): qmi_ril(0/119): [main] qcril_send_request_response UI <--- RIL_REQUEST_SCREEN_STATE (61) Complete --- RIL [RID 0, Token 124, Success, Len 0 ]
02-13 13:25:49.452 I/RILC    (  119): qmi_ril(0/119): [main] qcril_qmi_nas_request_screen_state qcril_qmi_nas_request_screen_state complete with 0
02-13 13:25:49.462 D/RILJ    (  331): [0124]< SCREEN_STATE 
02-13 13:26:42.584 D/RILJ    (  331): [0125]> SCREEN_STATE: true
02-13 13:26:42.584 D/RILC    (  119): qmi_ril(0/119): [main] onRequest UI --- RIL_REQUEST_SCREEN_STATE (61) ---> RIL [RID 0, token id 125, data len 4]
02-13 13:26:42.584 I/RILC    (  119): qmi_ril(0/119): [main] qcril_qmi_nas_request_screen_state qcril_qmi_nas_request_screen_state entered 
02-13 13:26:42.584 I/RILC    (  119): qmi_ril(0/119): [main] qcril_qmi_util_enable_networking_indications qcril_qmi_util_enable_networking_indications, param 1 
02-13 13:26:42.594 I/RILC    (  119): qmi_ril(0/119): [main] qcril_qmi_util_convert_qmi_response_codes_to_ril_result_ex qcril_qmi_util_convert_qmi_response_codes_to_ril_result_ex ctx check 0
02-13 13:26:42.594 I/RILC    (  119): qmi_ril(0/119): [main] qcril_qmi_util_enable_networking_indications .. requested nas event report 0, 0
02-13 13:26:42.594 I/RILC    (  119): qmi_ril(0/119): [main] qcril_qmi_util_convert_qmi_response_codes_to_ril_result_ex qcril_qmi_util_convert_qmi_response_codes_to_ril_result_ex ctx check 0
02-13 13:26:42.594 I/RILC    (  119): qmi_ril(0/119): [main] qcril_qmi_util_enable_networking_indications .. requested nas indication reports 0, 0
02-13 13:26:42.594 I/RILC    (  119): qmi_ril(0/119): [main] qcril_qmi_nas_drop_nw_info_cache  qcril_qmi_nas_drop_nw_info_cache entry 
02-13 13:26:42.594 I/RILC    (  119): qmi_ril(0/119): [main] qcril_qmi_nas_drop_nw_info_cache qcril_qmi_nas_drop_nw_info_cache complete 
02-13 13:26:42.594 I/RILC    (  119): qmi_ril(0/119): [main] qcril_qmi_util_convert_qmi_response_codes_to_ril_result_ex qcril_qmi_util_convert_qmi_response_codes_to_ril_result_ex ctx check 0
02-13 13:26:42.594 I/RILC    (  119): qmi_ril(0/119): [main] qcril_qmi_voice_technology_updated qcril_qmi_voice_technology_updated entered
02-13 13:26:42.594 I/RILC    (  119): qmi_ril(0/119): [main] qcril_qmi_voice_technology_updated ..nas_cached_info.serving_system valid 1
02-13 13:26:42.594 I/RILC    (  119): qmi_ril(0/119): [main] qcril_qmi_voice_technology_updated .. selected NW 1
02-13 13:26:42.594 I/RILC    (  119): qmi_ril(0/119): [main] qcril_qmi_voice_technology_updated .. NW state 1
02-13 13:26:42.594 I/RILC    (  119): qmi_ril(0/119): [main] qcril_qmi_mgr_voice_technology_updated qcril_qmi_mgr_voice_technology_updated entered
02-13 13:26:42.594 I/RILC    (  119): qmi_ril(0/119): [main] qcril_qmi_mgr_voice_technology_updated qcril_qmi_mgr_voice_technology_updated left 2
02-13 13:26:42.594 I/RILC    (  119): qmi_ril(0/119): [main] qcril_qmi_voice_technology_updated qcril_qmi_voice_technology_updated completed for 2
02-13 13:26:42.594 I/RILC    (  119): qmi_ril(0/119): [main] qmi_ril_nwr_update_reg_rej_legacy qmi_ril_nwr_update_reg_rej_legacy entered
02-13 13:26:42.594 I/RILC    (  119): qmi_ril(0/119): [main] qmi_ril_nwr_update_reg_rej_legacy .. ss srv reg state 1
02-13 13:26:42.594 I/RILC    (  119): qmi_ril(0/119): [main] qmi_ril_nwr_update_reg_rej_legacy .. reje CS cs_rejected 0
02-13 13:26:42.594 I/RILC    (  119): qmi_ril(0/119): [main] qmi_ril_nwr_update_reg_rej_legacy .. reje CS cs_reject_cause 0
02-13 13:26:42.594 I/RILC    (  119): qmi_ril(0/119): [main] qmi_ril_nwr_update_reg_rej_legacy .. reje PS ps_rejected 0
02-13 13:26:42.594 I/RILC    (  119): qmi_ril(0/119): [main] qmi_ril_nwr_update_reg_rej_legacy .. reje PS ps_reject_cause 0
02-13 13:26:42.594 I/RILC    (  119): qmi_ril(0/119): [main] qmi_ril_nwr_util_log_mccmnc_str .. reje mcc - 
02-13 13:26:42.594 I/RILC    (  119): qmi_ril(0/119): [main] qmi_ril_nwr_util_log_mccmnc_str .. reje mnc - 
02-13 13:26:42.594 I/RILC    (  119): qmi_ril(0/119): [main] qmi_ril_nwr_update_reg_rej_legacy qmi_ril_nwr_update_reg_rej_legacy completed
02-13 13:26:42.594 I/RILC    (  119): qmi_ril(0/119): [main] qcril_qmi_nas_fetch_serving_system_info qcril_qmi_nas_fetch_serving_system_info res 0 
02-13 13:26:42.594 I/RILC    (  119): qmi_ril(0/119): [main] qcril_qmi_nas_fetch_signal_strength_observations qcril_qmi_nas_fetch_signal_strength_observations entered
02-13 13:26:42.594 I/RILC    (  119): qmi_ril(0/119): [main] qcril_qmi_nas_fetch_signal_strength_observations ..req mask 115
02-13 13:26:42.594 I/RILC    (  119): qmi_ril(0/119): [main] qcril_qmi_nas_fetch_signal_strength_observations qcril_qmi_nas_request_signal_strength entered IF 115
02-13 13:26:42.594 I/RILC    (  119): qmi_ril(0/119): [main] qcril_qmi_nas_fetch_signal_strength_observations qcril_qmi_nas_request_signal_strength entered RIL_REQ_RES qmi_request.request__mask = 51
02-13 13:26:42.594 I/RILC    (  119): qmi_ril(0/119): [main] qcril_qmi_nas_fetch_signal_strength_observations qcril_qmi_nas_request_signal_strength entered IF QMI RESPONSE 115
02-13 13:26:42.594 I/RILC    (  119): qmi_ril(0/119): [main] qcril_qmi_util_convert_qmi_response_codes_to_ril_result_ex qcril_qmi_util_convert_qmi_response_codes_to_ril_result_ex ctx check 0
02-13 13:26:42.594 I/RILC    (  119): qmi_ril(0/119): [main] qcril_qmi_nas_fetch_signal_strength_observations qcril_qmi_nas_request_signal_strength entered IF UTIL_RES = SUCCESS 115
02-13 13:26:42.594 I/RILC    (  119): qmi_ril(0/119): [main] qcril_qmi_nas_fetch_signal_strength_observations qcril_qmi_nas_fetch_signal_strength_observations completed 0
02-13 13:26:42.594 I/RILC    (  119): qmi_ril(0/119): [main] qcril_qmi_util_enable_networking_indications .. new / old rte 2 / 2
02-13 13:26:42.594 D/RILC    (  119): qmi_ril(0/119): [main] qcril_send_unsol_response UI <--- RIL_UNSOL_RESPONSE_NETWORK_STATE_CHANGED (1002) --- RIL [RID 0, Len 0, (null)]
02-13 13:26:42.594 D/RILC    (  119): qmi_ril(0/119): [main] qcril_send_unsol_response UI <--- RIL_UNSOL_RESPONSE_DATA_NETWORK_STATE_CHANGED (1037) --- RIL [RID 0, Len 0, (null)]
02-13 13:26:42.594 I/RILC    (  119): qmi_ril(0/119): [main] qcril_qmi_util_enable_networking_indications .. restrict status info 0
02-13 13:26:42.594 I/RILC    (  119): qmi_ril(0/119): [main] qcril_qmi_nas_fill_up_restricted_state_details  .. restricted_state_changed_local, restricted_state_details_local 0, 0
02-13 13:26:42.594 D/RILC    (  119): qmi_ril(0/119): [main] qcril_event_queue Event [<Unknown event> ?, 655370] data was NULL!
02-13 13:26:42.594 D/RILC    (  119): qmi_ril(0/119): [event] qcril_event_main qcril_event_main(): 1 items on queue
02-13 13:26:42.594 D/RILC    (  119): qmi_ril(0/119): [event] qcril_event_main RID 0 MID 0 De-queued event <Unknown event> ? (655370)
02-13 13:26:42.594 D/RILC    (  119): qmi_ril(0/119): [event] qcril_process_event RIL <=== <Unknown event> ?(655370), RID 0, MID 0 === AMSS
02-13 13:26:42.594 I/RILC    (  119): qmi_ril(0/119): [event] qcril_qmi_trigger_propagate_known_signal_strength_ind qcril_qmi_trigger_propagate_known_signal_strength_ind received
02-13 13:26:42.594 I/RILC    (  119): qmi_ril(0/119): [event] qcril_qmi_nas_propagate_known_signal_strength_ind qcril_qmi_nas_propagate_known_signal_strength_ind entered
02-13 13:26:42.594 I/RILC    (  119): qmi_ril(0/119): [event] qcril_qmi_nas_fetch_signal_strength_observations qcril_qmi_nas_fetch_signal_strength_observations entered
02-13 13:26:42.594 I/RILC    (  119): qmi_ril(0/119): [event] qcril_qmi_nas_fetch_signal_strength_observations ..req mask 32
02-13 13:26:42.594 I/RILC    (  119): qmi_ril(0/119): [event] qcril_qmi_nas_fetch_signal_strength_observations qcril_qmi_nas_request_signal_strength entered IF 32
02-13 13:26:42.594 I/RILC    (  119): qmi_ril(0/119): [event] qcril_qmi_nas_fetch_signal_strength_observations qcril_qmi_nas_request_signal_strength entered RIL_REQ_RES qmi_request.request__mask = 32
02-13 13:26:42.594 I/RILC    (  119): qmi_ril(0/119): [event] qcril_qmi_nas_fetch_signal_strength_observations qcril_qmi_nas_request_signal_strength entered IF QMI RESPONSE 32
02-13 13:26:42.594 D/RILJ    (  331): [UNSL]< UNSOL_RESPONSE_NETWORK_STATE_CHANGED
02-13 13:26:42.594 D/RILJ    (  331): [UNSL]< RIL_UNSOL_RESPONSE_DATA_NETWORK_STATE_CHANGED
02-13 13:26:42.594 D/RILC    (  119): qmi_ril(0/119): [main] qcril_event_queue RID 0 MID 0 Queued event <Unknown event> ? (0 bytes)
02-13 13:26:42.594 I/RILC    (  119): qmi_ril(0/119): [main] qcril_qmi_util_enable_networking_indications qcril_qmi_util_enable_networking_indications completed with 0
02-13 13:26:42.604 D/RILJ    (  331): [0126]> OPERATOR
02-13 13:26:42.604 I/RILC    (  119): qmi_ril(0/119): [event] qcril_qmi_util_convert_qmi_response_codes_to_ril_result_ex qcril_qmi_util_convert_qmi_response_codes_to_ril_result_ex ctx check 0
02-13 13:26:42.604 I/RILC    (  119): qmi_ril(0/119): [event] qcril_qmi_nas_fetch_signal_strength_observations qcril_qmi_nas_request_signal_strength entered IF UTIL_RES = SUCCESS 32
02-13 13:26:42.604 I/RILC    (  119): qmi_ril(0/119): [event] qcril_qmi_nas_fetch_signal_strength_observations qcril_qmi_nas_fetch_signal_strength_observations completed 0
02-13 13:26:42.604 I/RILC    (  119): qmi_ril(0/119): [event] qcril_qmi_nas_propagate_known_signal_strength_ind .. subfetch sig strength info 0
02-13 13:26:42.604 I/RILC    (  119): qmi_ril(0/119): [event] qcril_qmi_nas_dump_sign_strength_report qcril_qmi_nas_dump_sign_strength_report entered
02-13 13:26:42.604 I/RILC    (  119): qmi_ril(0/119): [event] qcril_qmi_nas_dump_sign_strength_report ..GW
02-13 13:26:42.604 I/RILC    (  119): qmi_ril(0/119): [event] qcril_qmi_nas_dump_sign_strength_report .. signalStrength 99, bitErrorRate 0
02-13 13:26:42.604 I/RILC    (  119): qmi_ril(0/119): [event] qcril_qmi_nas_dump_sign_strength_report ..CDMA
02-13 13:26:42.604 I/RILC    (  119): qmi_ril(0/119): [event] qcril_qmi_nas_dump_sign_strength_report .. dbm 86, ecio 70 
02-13 13:26:42.604 I/RILC    (  119): qmi_ril(0/119): [event] qcril_qmi_nas_dump_sign_strength_report ..EVDO
02-13 13:26:42.604 I/RILC    (  119): qmi_ril(0/119): [event] qcril_qmi_nas_dump_sign_strength_report .. dbm 98, ecio 45, signalNoiseRatio 5
02-13 13:26:42.604 I/RILC    (  119): qmi_ril(0/119): [event] qcril_qmi_nas_dump_sign_strength_report ..LTE
02-13 13:26:42.604 I/RILC    (  119): qmi_ril(0/119): [event] qcril_qmi_nas_dump_sign_strength_report .. signalStrength 99, rsrp 2147483647, rsrq 2147483647, rsnnr 2147483647
02-13 13:26:42.604 I/RILC    (  119): qmi_ril(0/119): [event] qcril_qmi_nas_dump_sign_strength_report qcril_qmi_nas_dump_sign_strength_report completed
02-13 13:26:42.604 I/RILC    (  119): qmi_ril(0/119): [event] qcril_qmi_nas_propagate_known_signal_strength_ind .. conf res 0
02-13 13:26:42.604 D/RILC    (  119): qmi_ril(0/119): [event] qcril_send_unsol_response UI <--- RIL_UNSOL_SIGNAL_STRENGTH (1009) --- RIL [RID 0, Len 48, (null)]
02-13 13:26:42.604 I/RILC    (  119): qmi_ril(0/119): [event] qcril_qmi_nas_propagate_known_signal_strength_ind qcril_qmi_nas_propagate_known_signal_strength_ind completed 0
02-13 13:26:42.604 I/RILC    (  119): qmi_ril(0/119): [event] qcril_process_event Exit qcril_process_event() : <Unknown event> ?, err_no 0
02-13 13:26:42.604 D/RILC    (  119): qmi_ril(0/119): [event] qcril_event_main qcril_event_main(): Waiting...
02-13 13:26:42.604 D/RILJ    (  331): [0127]> REGISTRATION_STATE
02-13 13:26:42.604 D/RILJ    (  331): [0128]> DATA_REGISTRATION_STATE
02-13 13:26:42.604 I/RILC    (  119): qmi_ril(0/119): [main] qcril_qmi_util_convert_qmi_response_codes_to_ril_result_ex qcril_qmi_util_convert_qmi_response_codes_to_ril_result_ex ctx check 0
02-13 13:26:42.604 I/RILC    (  119): qmi_ril(0/119): [main] qcril_qmi_voice_technology_updated qcril_qmi_voice_technology_updated entered
02-13 13:26:42.604 I/RILC    (  119): qmi_ril(0/119): [main] qcril_qmi_voice_technology_updated ..nas_cached_info.serving_system valid 1
02-13 13:26:42.604 I/RILC    (  119): qmi_ril(0/119): [main] qcril_qmi_voice_technology_updated .. selected NW 1
02-13 13:26:42.604 I/RILC    (  119): qmi_ril(0/119): [main] qcril_qmi_voice_technology_updated .. NW state 1
02-13 13:26:42.604 I/RILC    (  119): qmi_ril(0/119): [main] qcril_qmi_mgr_voice_technology_updated qcril_qmi_mgr_voice_technology_updated entered
02-13 13:26:42.604 I/RILC    (  119): qmi_ril(0/119): [main] qcril_qmi_mgr_voice_technology_updated qcril_qmi_mgr_voice_technology_updated left 2
02-13 13:26:42.604 I/RILC    (  119): qmi_ril(0/119): [main] qcril_qmi_voice_technology_updated qcril_qmi_voice_technology_updated completed for 2
02-13 13:26:42.604 I/RILC    (  119): qmi_ril(0/119): [main] qmi_ril_nwr_update_reg_rej_legacy qmi_ril_nwr_update_reg_rej_legacy entered
02-13 13:26:42.604 I/RILC    (  119): qmi_ril(0/119): [main] qmi_ril_nwr_update_reg_rej_legacy .. ss srv reg state 1
02-13 13:26:42.604 I/RILC    (  119): qmi_ril(0/119): [main] qmi_ril_nwr_update_reg_rej_legacy .. reje CS cs_rejected 0
02-13 13:26:42.604 I/RILC    (  119): qmi_ril(0/119): [main] qmi_ril_nwr_update_reg_rej_legacy .. reje CS cs_reject_cause 0
02-13 13:26:42.604 I/RILC    (  119): qmi_ril(0/119): [main] qmi_ril_nwr_update_reg_rej_legacy .. reje PS ps_rejected 0
02-13 13:26:42.604 I/RILC    (  119): qmi_ril(0/119): [main] qmi_ril_nwr_update_reg_rej_legacy .. reje PS ps_reject_cause 0
02-13 13:26:42.604 I/RILC    (  119): qmi_ril(0/119): [main] qmi_ril_nwr_util_log_mccmnc_str .. reje mcc - 
02-13 13:26:42.604 I/RILC    (  119): qmi_ril(0/119): [main] qmi_ril_nwr_util_log_mccmnc_str .. reje mnc - 
02-13 13:26:42.604 I/RILC    (  119): qmi_ril(0/119): [main] qmi_ril_nwr_update_reg_rej_legacy qmi_ril_nwr_update_reg_rej_legacy completed
02-13 13:26:42.604 I/RILC    (  119): qmi_ril(0/119): [main] qcril_qmi_nas_fetch_serving_system_info qcril_qmi_nas_fetch_serving_system_info res 0 
02-13 13:26:42.604 I/RILC    (  119): qmi_ril(0/119): [main] qcril_data_toggle_dormancy_indications >>>>>> LOCK QCRIL_DATA MUTEX 80211c14
02-13 13:26:42.604 I/RILC    (  119): qmi_ril(0/119): [main] qcril_data_toggle_dormancy_indications LOCK QCRIL_DATA MUTEX 80211c14 result=0
02-13 13:26:42.604 D/RILC    (  119): qmi_ril(0/119): [main] qcril_data_toggle_dormancy_indications Switch ON/OFF dormancy indications on all active interfaces
02-13 13:26:42.604 D/RILC    (  119): qmi_ril(0/119): [main] qcril_data_toggle_dormancy_indications selected index = 0
02-13 13:26:42.604 D/RILC    (  119): qmi_ril(0/119): [main] qcril_data_iface_ioctl setting dormancy event report on wds client [196864]
