02-13 13:21:24.740 I/MediaScanner(  478): doScanFile the temppath: /mnt/sdcard/DCIM/100SSMED/SSPX0034.JPG
02-13 13:21:24.770 D/AudioTrack(  402): stop 0x4881c0
02-13 13:21:24.770 D/AudioFlinger(  121): stop(4099), calling thread 402
02-13 13:21:24.830 I/MediaScanner(  478): doScanFile the temppath: /mnt/sdcard/DCIM/100SSMED/SSPX0035.JPG
02-13 13:21:25.030 I/MediaScanner(  478): doScanFile the temppath: /mnt/sdcard/DCIM/100SSMED/SSPX0036.JPG
02-13 13:21:25.050 I/V3Client(  341): SMS type C received
02-13 13:21:25.120 I/V3Client(  341): handling control message code C
02-13 13:21:25.140 I/SmartDialerActivity(  402): Enter onInterceptTouchEvent 0x=163.96693y=264.30118
02-13 13:21:25.171 I/SmartDialerActivity(  402): Enter onInterceptTouchEvent 2x=162.9752y=263.63956
02-13 13:21:25.181 I/SmartDialerActivity(  402): Enter onInterceptTouchEvent 2x=162.9752y=263.30875
02-13 13:21:25.201 I/SmartDialerActivity(  402): Enter onInterceptTouchEvent 2x=162.9752y=263.30875
02-13 13:21:25.211 E/rmt_storage(  137): [MyTag]open: fd=-1
02-13 13:21:25.211 E/rmt_storage(  137): block rmt_storage client thread
02-13 13:21:25.221 I/SmartDialerActivity(  402): Enter onInterceptTouchEvent 2x=162.9752y=263.30875
02-13 13:21:25.241 I/MediaScanner(  478): doScanFile the temppath: /mnt/sdcard/DCIM/100SSMED/SSPX0037.JPG
02-13 13:21:25.251 I/SmartDialerActivity(  402): Enter onInterceptTouchEvent 2x=164.6281y=263.30875
02-13 13:21:25.261 I/SmartDialerActivity(  402): Enter onInterceptTouchEvent 1x=165.95041y=263.63956
02-13 13:21:25.271 D/ToneGenerator(  402): startTone
02-13 13:21:25.271 D/AudioTrack(  402): start 0x4881c0
02-13 13:21:25.271 D/AudioFlinger(  121): start(4099), calling thread 402 session 21
02-13 13:21:25.271 D/SmartDialerActivity(  402): keyPressed15
02-13 13:21:25.271 D/SmartDialerActivity(  402): afterTextChanged
02-13 13:21:25.271 D/SmartDialerActivity(  402): updateAddtoContactsButtonEnabledStatetrue
02-13 13:21:25.271 D/SmartDialerActivity(  402): getDelayTime = 0
02-13 13:21:25.271 D/SmartDialerActivity(  402): afterTextChanged
02-13 13:21:25.271 D/SmartDialerActivity(  402): updateAddtoContactsButtonEnabledStatetrue
02-13 13:21:25.271 D/SmartDialerActivity(  402): getDelayTime = 0
02-13 13:21:25.271 I/ContactAccessorSdk5(  402): Phone.CONTENT_FILTER_URI = content://com.android.contacts/data/phones/filter
02-13 13:21:25.271 I/ContactAccessorSdk5(  402): recalculate number = *983*564738
02-13 13:21:25.271 I/ContactAccessorSdk5(  402): recalculate filterName = [*][9WXYZ][8TUV][3DEF][*][5JKL][6MNO][4GHI][7PQRS][3DEF][8TUV]
02-13 13:21:25.271 I/ContactAccessorSdk5(  402): recalculate reversed = 837465*389*
02-13 13:21:25.271 I/ContactAccessorSdk5(  402): mQueryHandler = Handler{40570df8}
02-13 13:21:25.271 W/CallLogProvider(  402): query: match = 4
02-13 13:21:25.271 D/CallLogProvider(  402): DIALER_CALLS
02-13 13:21:25.281 I/ContactsProvider(  402): query: content://com.android.contacts/contacts/dailkey_filter/*983*564738
02-13 13:21:25.281 I/ContactsProvider(  402): query isCallerRegistered= true
02-13 13:21:25.281 I/ContactsProvider(  402): query forOnlyOneContactString= 0
02-13 13:21:25.281 D/ContactsProvider(  402):  query in DIALKEY_FILTER
02-13 13:21:25.281 I/ContactsProvider(  402): reversed number=837465*389*
02-13 13:21:25.281 I/ContactsProvider(  402): original sortOrder = sort_key
02-13 13:21:25.281 I/ContactsProvider(  402): changed sortOrder = REPLACE(dialer_number_header,' ','') GLOB '*983*564738*' DESC, REPLACE(dialer_number_full,' ','') GLOB '*983*564738*' DESC, sort_key
02-13 13:21:25.291 I/ContactAccessorSdk5(  402): mergeCursor.getCount = 0
02-13 13:21:25.291 I/ContactAccessorSdk5(  402): activity.myAdapter = com.android.contacts.smartdialer.contactsAdapter@4063cbb8
02-13 13:21:25.311 W/MetadataRetrieverClient(  121): setDataSource(/mnt/sdcard/DCIM/100SSMED/SSPX0017.3G2)
02-13 13:21:25.311 D/MediaPlayerService(  121): get player type from url: /mnt/sdcard/DCIM/100SSMED/SSPX0017.3G2
02-13 13:21:25.311 D/MediaPlayerService(  121): drm EAS_Shutdown url: /mnt/sdcard/DCIM/100SSMED/SSPX0017.3G2
02-13 13:21:25.311 D/MediaPlayerService(  121): extension = .sp-midi
02-13 13:21:25.311 D/MediaPlayerService(  121): extension = .spmid
02-13 13:21:25.311 D/MediaPlayerService(  121): extension = .mid
02-13 13:21:25.311 D/MediaPlayerService(  121): extension = .midi
02-13 13:21:25.311 D/MediaPlayerService(  121): extension = .smf
02-13 13:21:25.311 D/MediaPlayerService(  121): extension = .xmf
02-13 13:21:25.311 D/MediaPlayerService(  121): extension = .imy
02-13 13:21:25.311 D/MediaPlayerService(  121): extension = .imelody
02-13 13:21:25.311 D/MediaPlayerService(  121): extension = .rtttl
02-13 13:21:25.311 D/MediaPlayerService(  121): extension = .rtx
02-13 13:21:25.311 D/MediaPlayerService(  121): extension = .ota
02-13 13:21:25.311 D/MediaPlayerService(  121): extension = .ogg
02-13 13:21:25.311 D/MediaPlayerService(  121): extension = .oga
02-13 13:21:25.311 D/MediaPlayerService(  121): extension = .amr
02-13 13:21:25.311 D/MediaPlayerService(  121): extension = .wma
02-13 13:21:25.311 D/MediaPlayerService(  121): extension = .wmv
02-13 13:21:25.311 D/MediaPlayerService(  121): extension = .asf
02-13 13:21:25.311 D/MediaPlayerService(  121): extension = .3g2
02-13 13:21:25.361 E/SW_DEC  (  121): PV SW DECODER is used for MPEG4
02-13 13:21:25.361 E/MetadataRetrieverClient(  121): failed to capture a video frame
02-13 13:21:25.371 E/MediaMetadataRetrieverJNI(  478): getFrameAtTime: videoFrame is a NULL pointer
02-13 13:21:25.371 D/AudioTrack(  402): stop 0x4881c0
02-13 13:21:25.371 D/AudioFlinger(  121): stop(4099), calling thread 402
02-13 13:21:25.371 W/MediaThumbRequest(  478): Can't create mini thumbnail for /mnt/sdcard/DCIM/100SSMED/SSPX0017.3G2
02-13 13:21:25.391 I/MediaScanner(  478): doScanFile the temppath: /mnt/sdcard/DCIM/100SSMED/SSPX0038.JPG
02-13 13:21:25.461 I/MediaScanner(  478): doScanFile the temppath: /mnt/sdcard/DCIM/100SSMED/SSPX0039.JPG
02-13 13:21:25.681 I/MediaScanner(  478): doScanFile the temppath: /mnt/sdcard/DCIM/Camera/IMG_20111214_192853.jpg
02-13 13:21:25.721 I/SmartDialerActivity(  402): Enter onInterceptTouchEvent 0x=249.58678y=304.65955
02-13 13:21:25.741 I/SmartDialerActivity(  402): Enter onInterceptTouchEvent 2x=248.92561y=304.99036
02-13 13:21:25.751 I/MediaScanner(  478): doScanFile the temppath: /mnt/sdcard/DCIM/Camera/IMG_20111228_171620.jpg
02-13 13:21:25.801 I/SmartDialerActivity(  402): Enter onInterceptTouchEvent 1x=248.92561y=305.65198
02-13 13:21:25.821 D/ToneGenerator(  402): startTone
02-13 13:21:25.821 D/AudioTrack(  402): start 0x4881c0
02-13 13:21:25.821 D/AudioFlinger(  121): start(4099), calling thread 402 session 21
02-13 13:21:25.821 D/SmartDialerActivity(  402): keyPressed18
02-13 13:21:25.821 D/SmartDialerActivity(  402): afterTextChanged
02-13 13:21:25.821 D/SmartDialerActivity(  402): updateAddtoContactsButtonEnabledStatetrue
02-13 13:21:25.821 D/SmartDialerActivity(  402): getDelayTime = 0
02-13 13:21:25.821 D/SmartDialerActivity(  402): afterTextChanged
02-13 13:21:25.821 D/SmartDialerActivity(  402): updateAddtoContactsButtonEnabledStatetrue
02-13 13:21:25.821 D/SmartDialerActivity(  402): getDelayTime = 0
02-13 13:21:25.821 E/Dialer_EMode(  402): ****Emodenumber=*983*564738#   length=12
02-13 13:21:25.831 E/EmodeControl(  890): -----------------phone info------------
02-13 13:21:25.831 E/EmodeControl(  890): productName=zte_fury
02-13 13:21:25.831 E/EmodeControl(  890): boardName=sean
02-13 13:21:25.831 E/EmodeControl(  890): isCapcitance=true
02-13 13:21:25.831 E/EmodeControl(  890): isHaveVoltameter=false
02-13 13:21:25.831 E/EmodeControl(  890): mFMTest_Type=1
02-13 13:21:25.831 E/EmodeControl(  890): is_clear_oem_partion=false
02-13 13:21:25.831 E/EmodeControl(  890): -----------------phone info------------
02-13 13:21:25.831 D/KeyguardViewMediator(  206): setHidden false
02-13 13:21:25.841 D/KeyguardViewMediator(  206): setHidden false
02-13 13:21:25.851 I/ContactAccessorSdk5(  402): Phone.CONTENT_FILTER_URI = content://com.android.contacts/data/phones/filter
02-13 13:21:25.851 I/ContactAccessorSdk5(  402): recalculate number = *983*564738#
02-13 13:21:25.851 I/ContactAccessorSdk5(  402): recalculate filterName = [*][9WXYZ][8TUV][3DEF][*][5JKL][6MNO][4GHI][7PQRS][3DEF][8TUV][#]
02-13 13:21:25.851 I/ContactAccessorSdk5(  402): recalculate reversed = #837465*389*
02-13 13:21:25.851 I/ContactAccessorSdk5(  402): mQueryHandler = Handler{40570df8}
02-13 13:21:25.851 W/CallLogProvider(  402): query: match = 4
02-13 13:21:25.851 D/CallLogProvider(  402): DIALER_CALLS
02-13 13:21:25.861 I/ContactsProvider(  402): query: content://com.android.contacts/contacts/dailkey_filter/*983*564738#
02-13 13:21:25.861 I/ContactsProvider(  402): query isCallerRegistered= true
02-13 13:21:25.861 I/ContactsProvider(  402): query forOnlyOneContactString= 0
02-13 13:21:25.861 D/ContactsProvider(  402):  query in DIALKEY_FILTER
02-13 13:21:25.861 I/ContactsProvider(  402): reversed number=#837465*389*
02-13 13:21:25.861 I/ContactsProvider(  402): original sortOrder = sort_key
02-13 13:21:25.861 I/ContactsProvider(  402): changed sortOrder = REPLACE(dialer_number_header,' ','') GLOB '*983*564738#*' DESC, REPLACE(dialer_number_full,' ','') GLOB '*983*564738#*' DESC, sort_key
02-13 13:21:25.881 D/ToneGenerator(  402): stopTone
02-13 13:21:25.911 D/AudioTrack(  402): stop 0x4881c0
02-13 13:21:25.911 D/AudioFlinger(  121): stop(4099), calling thread 402
02-13 13:21:25.911 D/AudioTrack(  402): stop 0x4881c0
02-13 13:21:25.931 D/KeyguardViewMediator(  206): setHidden false
02-13 13:21:25.931 D/QC_NV_ITEMS(  890): QcNvItems instance created.
02-13 13:21:25.931 I/QC_RIL_OEM_HOOK(  890): QcRilOemHook Service Created Successfully
02-13 13:21:25.941 D/AudioFlinger(  121): remove track (4099) and delete from mixer
02-13 13:21:25.951 D/KeyguardViewMediator(  206): setHidden false
02-13 13:21:25.951 D/KeyguardViewMediator(  206): setHidden false
02-13 13:21:25.951 I/hubo    (  206): Activity {com.zte.emode/com.zte.emode.logset}
02-13 13:21:25.971 D/KeyguardViewMediator(  206): setHidden false
02-13 13:21:25.981 D/KeyguardViewMediator(  206): setHidden false
02-13 13:21:26.001 D/KeyguardViewMediator(  206): setHidden false
02-13 13:21:26.011 D/PowerManagerService(  206): acquireWakeLock flags=0x1a tag=com.zte.emode.logset
02-13 13:21:26.011 D/KeyguardViewMediator(  206): setHidden false
02-13 13:21:26.021 E/Emode   (  890): [13:21:26] com.zte.emode.logset  onResume    WakeLock:acquire   =true
02-13 13:21:26.031 D/KeyguardViewMediator(  206): setHidden false
02-13 13:21:26.031 I/ContactAccessorSdk5(  402): mergeCursor.getCount = 0
02-13 13:21:26.031 I/ContactAccessorSdk5(  402): activity.myAdapter = com.android.contacts.smartdialer.contactsAdapter@4063cbb8
02-13 13:21:26.041 D/KeyguardViewMediator(  206): setHidden false
02-13 13:21:26.041 D/KeyguardViewMediator(  206): setHidden false
02-13 13:21:26.061 D/KeyguardViewMediator(  206): setHidden false
02-13 13:21:26.071 D/KeyguardViewMediator(  206): setHidden false
02-13 13:21:26.071 D/KeyguardViewMediator(  206): setHidden false
02-13 13:21:26.071 D/KeyguardViewMediator(  206): setHidden false
02-13 13:21:26.081 D/KeyguardViewMediator(  206): setHidden false
02-13 13:21:26.091 I/MediaScanner(  478): doScanFile the temppath: /mnt/sdcard/DCIM/Camera/IMG_20111228_171634.jpg
02-13 13:21:26.091 D/KeyguardViewMediator(  206): setHidden false
02-13 13:21:26.111 D/KeyguardViewMediator(  206): setHidden false
02-13 13:21:26.111 I/ActivityManager(  206): Displayed com.zte.emode/.logset: +183ms
02-13 13:21:26.121 D/KeyguardViewMediator(  206): setHidden false
02-13 13:21:26.141 D/KeyguardViewMediator(  206): setHidden false
02-13 13:21:26.151 I/MediaScanner(  478): doScanFile the temppath: /mnt/sdcard/DCIM/Camera/IMG_20111228_171816.jpg
02-13 13:21:26.161 D/KeyguardViewMediator(  206): setHidden false
02-13 13:21:26.171 D/KeyguardViewMediator(  206): setHidden false
02-13 13:21:26.192 D/KeyguardViewMediator(  206): setHidden false
02-13 13:21:26.202 D/KeyguardViewMediator(  206): setHidden false
02-13 13:21:26.222 D/KeyguardViewMediator(  206): setHidden false
02-13 13:21:26.242 D/KeyguardViewMediator(  206): setHidden false
02-13 13:21:26.242 I/MediaScanner(  478): doScanFile the temppath: /mnt/sdcard/DCIM/Camera/IMG_20111228_171851.jpg
02-13 13:21:26.262 D/KeyguardViewMediator(  206): setHidden false
02-13 13:21:26.272 D/KeyguardViewMediator(  206): setHidden false
02-13 13:21:26.292 I/MediaScanner(  478): doScanFile the temppath: /mnt/sdcard/DCIM/Camera/IMG_20120202_164723.jpg
02-13 13:21:26.292 D/KeyguardViewMediator(  206): setHidden false
02-13 13:21:26.302 D/KeyguardViewMediator(  206): setHidden false
02-13 13:21:26.322 D/KeyguardViewMediator(  206): setHidden false
02-13 13:21:26.342 D/KeyguardViewMediator(  206): setHidden false
02-13 13:21:26.352 D/KeyguardViewMediator(  206): setHidden false
02-13 13:21:26.372 D/KeyguardViewMediator(  206): setHidden false
02-13 13:21:26.382 I/MediaScanner(  478): doScanFile the temppath: /mnt/sdcard/DCIM/Camera/IMG_20111228_171947.jpg
02-13 13:21:26.392 D/KeyguardViewMediator(  206): setHidden false
02-13 13:21:26.402 D/KeyguardViewMediator(  206): setHidden false
02-13 13:21:26.412 D/KeyguardViewMediator(  206): setHidden false
02-13 13:21:26.462 I/MediaScanner(  478): doScanFile the temppath: /mnt/sdcard/DCIM/Camera/IMG_20120205_184134.jpg
02-13 13:21:26.482 I/MediaScanner(  478): doScanFile the temppath: /mnt/sdcard/DCIM/Camera/IMG_20120205_184427.jpg
02-13 13:21:26.522 I/MediaScanner(  478): doScanFile the temppath: /mnt/sdcard/DCIM/Camera/IMG_20120208_091150.jpg
02-13 13:21:26.552 W/MetadataRetrieverClient(  121): setDataSource(/mnt/sdcard/DCIM/100SSMED/SSPX0021.3G2)
02-13 13:21:26.552 D/MediaPlayerService(  121): get player type from url: /mnt/sdcard/DCIM/100SSMED/SSPX0021.3G2
02-13 13:21:26.562 D/MediaPlayerService(  121): drm EAS_Shutdown url: /mnt/sdcard/DCIM/100SSMED/SSPX0021.3G2
02-13 13:21:26.562 D/MediaPlayerService(  121): extension = .sp-midi
02-13 13:21:26.562 D/MediaPlayerService(  121): extension = .spmid
02-13 13:21:26.562 D/MediaPlayerService(  121): extension = .mid
02-13 13:21:26.562 D/MediaPlayerService(  121): extension = .midi
02-13 13:21:26.562 D/MediaPlayerService(  121): extension = .smf
02-13 13:21:26.562 D/MediaPlayerService(  121): extension = .xmf
02-13 13:21:26.562 D/MediaPlayerService(  121): extension = .imy
02-13 13:21:26.562 D/MediaPlayerService(  121): extension = .imelody
02-13 13:21:26.562 D/MediaPlayerService(  121): extension = .rtttl
02-13 13:21:26.562 D/MediaPlayerService(  121): extension = .rtx
02-13 13:21:26.562 D/MediaPlayerService(  121): extension = .ota
02-13 13:21:26.562 D/MediaPlayerService(  121): extension = .ogg
02-13 13:21:26.562 D/MediaPlayerService(  121): extension = .oga
02-13 13:21:26.562 D/MediaPlayerService(  121): extension = .amr
02-13 13:21:26.562 D/MediaPlayerService(  121): extension = .wma
02-13 13:21:26.562 D/MediaPlayerService(  121): extension = .wmv
02-13 13:21:26.562 D/MediaPlayerService(  121): extension = .asf
02-13 13:21:26.562 D/MediaPlayerService(  121): extension = .3g2
02-13 13:21:26.602 E/SW_DEC  (  121): PV SW DECODER is used for MPEG4
02-13 13:21:26.612 E/MetadataRetrieverClient(  121): failed to capture a video frame
02-13 13:21:26.612 E/MediaMetadataRetrieverJNI(  478): getFrameAtTime: videoFrame is a NULL pointer
02-13 13:21:26.612 W/MediaThumbRequest(  478): Can't create mini thumbnail for /mnt/sdcard/DCIM/100SSMED/SSPX0021.3G2
02-13 13:21:26.622 I/MediaScanner(  478): doScanFile the temppath: /mnt/sdcard/DCIM/Camera/IMG_20120205_184641.jpg
02-13 13:21:26.662 I/DATA    (  331): [DCT(0) ] onDataCallListChanged:
02-13 13:21:26.662 I/DATA    (  331): [DCT(0) ] ---dc state list---
02-13 13:21:26.662 I/DATA    (  331): [DCT(0) ] DataCallState: { cid: 0, active: 1, type: , apn: , address: 174.156.234.163 }
02-13 13:21:26.662 I/DATA    (  331): [DCT(0) ] ---dc list---
02-13 13:21:26.662 I/DATA    (  331): [DCT(0) ] cid = 0, state = DcActiveState, bearerType = IP, ipaddress = 174.156.234.163, gw=174.156.234.161, dns=[68.28.67.132, 68.28.68.132]
02-13 13:21:26.682 I/MediaScanner(  478): doScanFile the temppath: /mnt/sdcard/DCIM/Camera/IMG_20120205_184650.jpg
02-13 13:21:26.742 I/MediaScanner(  478): doScanFile the temppath: /mnt/sdcard/DCIM/Camera/IMG_20120208_105408.jpg
02-13 13:21:26.772 I/MediaScanner(  478): doScanFile the temppath: /mnt/sdcard/DCIM/Camera/Brandon_y_u_so_QR_Droid.png
02-13 13:21:26.802 I/MediaScanner(  478): doScanFile the temppath: /mnt/sdcard/DCIM/Camera/IMG_20120206_223047.jpg
02-13 13:21:26.832 I/MediaScanner(  478): doScanFile the temppath: /mnt/sdcard/DCIM/Camera/IMG_20120208_110200.jpg
02-13 13:21:26.912 I/MediaScanner(  478): doScanFile the temppath: /mnt/sdcard/DCIM/Camera/IMG_20120208_155542.jpg
02-13 13:21:27.002 D/PowerManagerService(  206): UnPartial  wakeLock  reactivate ,flags=0x1a tag=com.zte.emode.logset
02-13 13:21:27.022 I/MediaScanner(  478): doScanFile the temppath: /mnt/sdcard/DCIM/Camera/IMG_20120209_091354.jpg
02-13 13:21:27.082 I/MediaScanner(  478): doScanFile the temppath: /mnt/sdcard/DCIM/Camera/IMG_20120213_084906.jpg
02-13 13:21:27.112 D/PowerManagerService(  206): UnPartial  wakeLock  reactivate ,flags=0x1a tag=com.zte.emode.logset
02-13 13:21:27.743 I/MediaScanner(  478): doScanFile the temppath: /mnt/sdcard/download/RecordedMessage1.amr
02-13 13:21:27.743 E/PVMediaScanner(  478): processFile /mnt/sdcard/download/RecordedMessage1.amr mimeType: (null)
02-13 13:21:27.753 E/PVMediaScanner(  478): Start to test wheater the file is drm file = /mnt/sdcard/download/RecordedMessage1.amr
02-13 13:21:27.753 E/PVMediaScanner(  478): Start pfnDrmAPI_IsProtectedFile is good result =0
02-13 13:21:27.753 E/PVMediaScanner(  478): File is not a drm file.
02-13 13:21:27.863 I/MediaScanner(  478): doScanFile the temppath: /mnt/sdcard/download/RecordedMessage2.amr
02-13 13:21:27.863 E/PVMediaScanner(  478): processFile /mnt/sdcard/download/RecordedMessage2.amr mimeType: (null)
02-13 13:21:27.863 E/PVMediaScanner(  478): Start to test wheater the file is drm file = /mnt/sdcard/download/RecordedMessage2.amr
02-13 13:21:27.863 E/PVMediaScanner(  478): Start pfnDrmAPI_IsProtectedFile is good result =0
02-13 13:21:27.863 E/PVMediaScanner(  478): File is not a drm file.
02-13 13:21:27.893 I/MediaScanner(  478): doScanFile the temppath: /mnt/sdcard/download/RecordedMessage1-1.amr
02-13 13:21:27.893 E/PVMediaScanner(  478): processFile /mnt/sdcard/download/RecordedMessage1-1.amr mimeType: (null)
02-13 13:21:27.903 E/PVMediaScanner(  478): Start to test wheater the file is drm file = /mnt/sdcard/download/RecordedMessage1-1.amr
02-13 13:21:27.903 E/PVMediaScanner(  478): Start pfnDrmAPI_IsProtectedFile is good result =0
02-13 13:21:27.903 E/PVMediaScanner(  478): File is not a drm file.
02-13 13:21:27.963 I/MediaScanner(  478): doScanFile the temppath: /mnt/sdcard/download/RecordedMessage1-2.amr
02-13 13:21:27.963 E/PVMediaScanner(  478): processFile /mnt/sdcard/download/RecordedMessage1-2.amr mimeType: (null)
02-13 13:21:27.963 E/PVMediaScanner(  478): Start to test wheater the file is drm file = /mnt/sdcard/download/RecordedMessage1-2.amr
02-13 13:21:27.963 E/PVMediaScanner(  478): Start pfnDrmAPI_IsProtectedFile is good result =0
02-13 13:21:27.963 E/PVMediaScanner(  478): File is not a drm file.
02-13 13:21:27.993 I/MediaScanner(  478): doScanFile the temppath: /mnt/sdcard/download/378964_2629079119276_1024278583_32259313_1827078327_n.jpg
02-13 13:21:28.023 D/PowerManagerService(  206): UnPartial  wakeLock  reactivate ,flags=0x1a tag=com.zte.emode.logset
02-13 13:21:28.033 W/KeyCharacterMap(  890): Can't open keycharmap file
02-13 13:21:28.033 W/KeyCharacterMap(  890): Error loading keycharmap file '/system/usr/keychars/synaptics-rmi4-ts.kcm.bin'. hw.keyboards.262146.devname='synaptics-rmi4-ts'
02-13 13:21:28.033 W/KeyCharacterMap(  890): Using default keymap: /system/usr/keychars/qwerty.kcm.bin
02-13 13:21:28.033 I/vDM     (  419): KeyCode = 4
02-13 13:21:28.033 I/vDM     (  419): Vdmc getInstance
02-13 13:21:28.033 I/vDM     (  419): Vdmc getInstance
02-13 13:21:28.033 D/DMC     (  419): MyCIMMI getInstance
02-13 13:21:28.033 I/vDM     (  419): Vdmc getInstance
02-13 13:21:28.073 I/MediaScanner(  478): doScanFile the temppath: /mnt/sdcard/download/387203_2496428683098_1024278583_32210847_1187735892_n.jpg
02-13 13:21:28.113 I/MediaScanner(  478): doScanFile the temppath: /mnt/sdcard/download/390966_10150448324446855_653361854_8441084_1378165890_n.jpg
02-13 13:21:28.113 D/PowerManagerService(  206): releaseWakeLock flags=0x1a tag=com.zte.emode.logset
02-13 13:21:28.113 E/Emode   (  890): [13:21:28] com.zte.emode.logset  WakeLock:release
02-13 13:21:28.113 E/Emode   (  890): [13:21:28] com.zte.emode.logset  onPause    WakeLock:release    =true
02-13 13:21:28.123 D/KeyguardViewMediator(  206): setHidden false
02-13 13:21:28.123 I/SmartDialerActivity(  402): onResume
02-13 13:21:28.123 D/AudioTrack(  402): Request AudioFlinger to create track
02-13 13:21:28.123 D/AudioFlinger(  121): createTrack() lSessionId: 22
02-13 13:21:28.123 D/AudioFlinger(  121): Track constructor name 4099, calling thread 402
02-13 13:21:28.123 I/SmartDialerActivity(  402): parent = null
02-13 13:21:28.133 I/SmartDialerActivity(  402): contactAccessor = com.android.contacts.smartdialer.ContactAccessorSdk5@40577730
02-13 13:21:28.133 I/SmartDialerActivity(  402): newData
02-13 13:21:28.133 I/ContactAccessorSdk5(  402): Phone.CONTENT_FILTER_URI = content://com.android.contacts/data/phones/filter
02-13 13:21:28.133 I/ContactAccessorSdk5(  402): recalculate number = *983*564738#
02-13 13:21:28.133 I/ContactAccessorSdk5(  402): recalculate filterName = [*][9WXYZ][8TUV][3DEF][*][5JKL][6MNO][4GHI][7PQRS][3DEF][8TUV][#]
02-13 13:21:28.133 I/ContactAccessorSdk5(  402): recalculate reversed = #837465*389*
02-13 13:21:28.133 I/ContactAccessorSdk5(  402): mQueryHandler = Handler{40570df8}
02-13 13:21:28.133 W/CallLogProvider(  402): query: match = 4
02-13 13:21:28.133 D/CallLogProvider(  402): DIALER_CALLS
02-13 13:21:28.133 I/ContactsProvider(  402): query: content://com.android.contacts/contacts/dailkey_filter/*983*564738#
02-13 13:21:28.133 I/ContactsProvider(  402): query isCallerRegistered= true
02-13 13:21:28.133 I/ContactsProvider(  402): query forOnlyOneContactString= 0
02-13 13:21:28.133 D/ContactsProvider(  402):  query in DIALKEY_FILTER
02-13 13:21:28.133 I/ContactsProvider(  402): reversed number=#837465*389*
02-13 13:21:28.133 I/ContactsProvider(  402): original sortOrder = sort_key
02-13 13:21:28.133 I/ContactsProvider(  402): changed sortOrder = REPLACE(dialer_number_header,' ','') GLOB '*983*564738#*' DESC, REPLACE(dialer_number_full,' ','') GLOB '*983*564738#*' DESC, sort_key
02-13 13:21:28.143 D/SmartDialerActivity(  402): updateAddtoContactsButtonEnabledStatetrue
02-13 13:21:28.143 D/KeyguardViewMediator(  206): setHidden false
02-13 13:21:28.143 I/hubo    (  206): Activity {com.android.contacts/com.android.contacts.DialtactsActivity}
02-13 13:21:28.143 I/SmartDialerActivity(  402): showDialpadChooser:false
02-13 13:21:28.143 I/SmartDialerActivity(  402): Displaying normal Dialer UI.
02-13 13:21:28.153 D/KeyguardViewMediator(  206): setHidden false
02-13 13:21:28.173 I/vDM     (  419): KeyCode = 4
02-13 13:21:28.183 I/vDM     (  419): Vdmc getInstance
02-13 13:21:28.183 I/vDM     (  419): Vdmc getInstance
02-13 13:21:28.183 D/DMC     (  419): MyCIMMI getInstance
02-13 13:21:28.183 I/vDM     (  419): Vdmc getInstance
02-13 13:21:28.183 D/KeyguardViewMediator(  206): setHidden false
02-13 13:21:28.193 D/KeyguardViewMediator(  206): setHidden false
02-13 13:21:28.193 D/KeyguardViewMediator(  206): setHidden false
02-13 13:21:28.203 I/ContactAccessorSdk5(  402): mergeCursor.getCount = 0
02-13 13:21:28.203 I/ContactAccessorSdk5(  402): activity.myAdapter = com.android.contacts.smartdialer.contactsAdapter@405e2a70
02-13 13:21:28.203 D/KeyguardViewMediator(  206): setHidden false
02-13 13:21:28.203 D/KeyguardViewMediator(  206): setHidden false
02-13 13:21:28.223 D/KeyguardViewMediator(  206): setHidden false
02-13 13:21:28.234 D/KeyguardViewMediator(  206): setHidden false
02-13 13:21:28.254 D/KeyguardViewMediator(  206): setHidden false
02-13 13:21:28.264 I/MediaScanner(  478): doScanFile the temppath: /mnt/sdcard/recordings/20111216201543.amr
02-13 13:21:28.264 E/PVMediaScanner(  478): processFile /mnt/sdcard/recordings/20111216201543.amr mimeType: (null)
02-13 13:21:28.264 E/PVMediaScanner(  478): Start to test wheater the file is drm file = /mnt/sdcard/recordings/20111216201543.amr
02-13 13:21:28.264 E/PVMediaScanner(  478): Start pfnDrmAPI_IsProtectedFile is good result =0
02-13 13:21:28.264 E/PVMediaScanner(  478): File is not a drm file.
02-13 13:21:28.264 D/KeyguardViewMediator(  206): setHidden false
02-13 13:21:28.284 D/KeyguardViewMediator(  206): setHidden false
02-13 13:21:28.304 D/KeyguardViewMediator(  206): setHidden false
02-13 13:21:28.314 D/KeyguardViewMediator(  206): setHidden false
02-13 13:21:28.334 D/KeyguardViewMediator(  206): setHidden false
02-13 13:21:28.344 D/KeyguardViewMediator(  206): setHidden false
02-13 13:21:28.364 D/KeyguardViewMediator(  206): setHidden false
02-13 13:21:28.374 D/KeyguardViewMediator(  206): setHidden false
02-13 13:21:28.374 D/KeyguardViewMediator(  206): setHidden false
02-13 13:21:28.384 I/MediaScanner(  478): doScanFile the temppath: /mnt/sdcard/recordings/20120208160047.amr
02-13 13:21:28.384 E/PVMediaScanner(  478): processFile /mnt/sdcard/recordings/20120208160047.amr mimeType: (null)
02-13 13:21:28.384 E/PVMediaScanner(  478): Start to test wheater the file is drm file = /mnt/sdcard/recordings/20120208160047.amr
02-13 13:21:28.384 E/PVMediaScanner(  478): Start pfnDrmAPI_IsProtectedFile is good result =0
02-13 13:21:28.384 E/PVMediaScanner(  478): File is not a drm file.
02-13 13:21:28.434 I/MediaScanner(  478): doScanFile the temppath: /mnt/sdcard/Notifications/hangout_ringtone.m4a
02-13 13:21:28.434 E/PVMediaScanner(  478): processFile /mnt/sdcard/Notifications/hangout_ringtone.m4a mimeType: (null)
02-13 13:21:28.434 E/PVMediaScanner(  478): Start to test wheater the file is drm file = /mnt/sdcard/Notifications/hangout_ringtone.m4a
02-13 13:21:28.434 E/PVMediaScanner(  478): Start pfnDrmAPI_IsProtectedFile is good result =0
02-13 13:21:28.434 E/PVMediaScanner(  478): File is not a drm file.
02-13 13:21:28.434 E/PVMediaScanner(  478): parseMP4::parseMP4 returned
02-13 13:21:28.444 E/PVMediaScanner(  478): mp4 error code is (95).
02-13 13:21:28.444 E/PVMediaScanner(  478): mp4 drm brand is (1295270176).
02-13 13:21:28.444 E/PVMediaScanner(  478): mp4 drm count is (1).
02-13 13:21:28.444 E/PVMediaScanner(  478): mp4 MEDIA_TYPE_AUDIO  hasAudio.
02-13 13:21:28.444 E/PVMediaScanner(  478): mp4 error hasAudio is (1),hasVideo is 0
02-13 13:21:28.444 E/PVMediaScanner(  478): mp4 MEDIA_TYPE_VISUAL  brand = 0
02-13 13:21:28.444 E/PVMediaScanner(  478): mp4 audio/mp4 
02-13 13:21:28.444 E/MediaScanner(  478): mp4 drm  setMimeType mimeType is (audio/mp4).
02-13 13:21:28.444 E/MediaScanner(  478): mp4 drm  setMimeType ret is (1).
02-13 13:21:28.444 E/PVMediaScanner(  478): mp4 result is 1 
02-13 13:21:28.584 I/MediaScanner(  478): doScanFile the temppath: /mnt/sdcard/bluetooth/04 10,000 Reasons (Bless the Lord).mp3
02-13 13:21:28.584 E/PVMediaScanner(  478): processFile /mnt/sdcard/bluetooth/04 10,000 Reasons (Bless the Lord).mp3 mimeType: (null)
02-13 13:21:28.584 E/PVMediaScanner(  478): Start to test wheater the file is drm file = /mnt/sdcard/bluetooth/04 10,000 Reasons (Bless the Lord).mp3
02-13 13:21:28.604 E/PVMediaScanner(  478): Start pfnDrmAPI_IsProtectedFile is good result =0
02-13 13:21:28.604 E/PVMediaScanner(  478): File is not a drm file.
02-13 13:21:28.604 E/PVMediaScanner(  478): IMpeg3File::ParseMp3File returned
02-13 13:21:28.644 I/DATA    (  331): [DCT(0) ] onDataCallListChanged:
02-13 13:21:28.644 I/DATA    (  331): [DCT(0) ] ---dc state list---
02-13 13:21:28.644 I/DATA    (  331): [DCT(0) ] DataCallState: { cid: 0, active: 2, type: , apn: , address: 174.156.234.163 }
02-13 13:21:28.644 I/DATA    (  331): [DCT(0) ] ---dc list---
02-13 13:21:28.644 I/DATA    (  331): [DCT(0) ] cid = 0, state = DcActiveState, bearerType = IP, ipaddress = 174.156.234.163, gw=174.156.234.161, dns=[68.28.67.132, 68.28.68.132]
02-13 13:21:28.854 I/SmartDialerActivity(  402): Enter onInterceptTouchEvent 0x=293.5537y=133.63268
02-13 13:21:28.874 I/SmartDialerActivity(  402): Enter onInterceptTouchEvent 2x=292.23138y=133.96347
02-13 13:21:28.904 I/SmartDialerActivity(  402): Enter onInterceptTouchEvent 2x=290.57852y=134.9559
02-13 13:21:28.914 D/AudioHardwareMSM7X30(  121): AudioStreamOutMSM72xx::standby()
02-13 13:21:28.914 D/AudioHardwareMSM7X30(  121): Deroute pcm out stream
02-13 13:21:28.914 D/AudioHardwareMSM7X30(  121): updateDeviceInfo: E rx_device 2 and tx_device 3
02-13 13:21:28.914 D/AudioHardwareMSM7X30(  121): No active voicecall/playback, disabling cur_rx 2
02-13 13:21:28.914 D/AudioHardwareMSM7X30(  121): value of device and enable is 2 0 ALSA dev id:3
02-13 13:21:28.924 D/AudioHardwareMSM7X30(  121): No active voicecall/recording, disabling cur_tx 3
02-13 13:21:28.924 D/AudioHardwareMSM7X30(  121): value of device and enable is 3 0 ALSA dev id:10
02-13 13:21:28.924 E/AudioHardwareMSM7X30(  121): There is no node in the routing table!
02-13 13:21:28.924 D/AudioHardwareMSM7X30(  121): updateDeviceInfo: X cur_rx 2 cur_tx 3
02-13 13:21:28.924 I/MediaScanner(  478): doScanFile the temppath: /mnt/sdcard/bluetooth/01 FOSS.mp3
02-13 13:21:28.924 E/PVMediaScanner(  478): processFile /mnt/sdcard/bluetooth/01 FOSS.mp3 mimeType: (null)
02-13 13:21:28.924 E/PVMediaScanner(  478): Start to test wheater the file is drm file = /mnt/sdcard/bluetooth/01 FOSS.mp3
02-13 13:21:28.934 E/PVMediaScanner(  478): Start pfnDrmAPI_IsProtectedFile is good result =0
02-13 13:21:28.934 E/PVMediaScanner(  478): File is not a drm file.
02-13 13:21:28.934 E/PVMediaScanner(  478): IMpeg3File::ParseMp3File returned
02-13 13:21:28.934 I/SmartDialerActivity(  402): Enter onInterceptTouchEvent 2x=290.57852y=134.9559
02-13 13:21:28.954 I/SmartDialerActivity(  402): Enter onInterceptTouchEvent 2x=291.57025y=133.96347
02-13 13:21:28.974 I/SmartDialerActivity(  402): Enter onInterceptTouchEvent 2x=294.21487y=133.96347
02-13 13:21:28.984 I/SmartDialerActivity(  402): Enter onInterceptTouchEvent 1x=294.21487y=135.61751
02-13 13:21:28.984 D/SmartDialerActivity(  402): keyPressed67
02-13 13:21:28.984 W/KeyCharacterMap(  402): No keyboard for id 0
02-13 13:21:28.984 W/KeyCharacterMap(  402): Using default keymap: /system/usr/keychars/qwerty.kcm.bin
02-13 13:21:28.994 D/SmartDialerActivity(  402): afterTextChanged
02-13 13:21:28.994 D/SmartDialerActivity(  402): updateAddtoContactsButtonEnabledStatetrue
02-13 13:21:28.994 D/SmartDialerActivity(  402): getDelayTime = 0
02-13 13:21:28.994 D/SmartDialerActivity(  402): afterTextChanged
02-13 13:21:28.994 D/SmartDialerActivity(  402): updateAddtoContactsButtonEnabledStatetrue
02-13 13:21:28.994 D/SmartDialerActivity(  402): getDelayTime = 0
02-13 13:21:28.994 I/ContactAccessorSdk5(  402): Phone.CONTENT_FILTER_URI = content://com.android.contacts/data/phones/filter
02-13 13:21:28.994 I/ContactAccessorSdk5(  402): recalculate number = *983*564738
02-13 13:21:28.994 I/ContactAccessorSdk5(  402): recalculate filterName = [*][9WXYZ][8TUV][3DEF][*][5JKL][6MNO][4GHI][7PQRS][3DEF][8TUV]
02-13 13:21:28.994 I/ContactAccessorSdk5(  402): recalculate reversed = 837465*389*
02-13 13:21:28.994 I/ContactAccessorSdk5(  402): mQueryHandler = Handler{40570df8}
02-13 13:21:29.004 W/CallLogProvider(  402): query: match = 4
02-13 13:21:29.004 D/CallLogProvider(  402): DIALER_CALLS
02-13 13:21:29.004 I/ContactsProvider(  402): query: content://com.android.contacts/contacts/dailkey_filter/*983*564738
02-13 13:21:29.004 I/ContactsProvider(  402): query isCallerRegistered= true
02-13 13:21:29.004 I/ContactsProvider(  402): query forOnlyOneContactString= 0
02-13 13:21:29.004 D/ContactsProvider(  402):  query in DIALKEY_FILTER
02-13 13:21:29.004 I/ContactsProvider(  402): reversed number=837465*389*
02-13 13:21:29.004 I/ContactsProvider(  402): original sortOrder = sort_key
02-13 13:21:29.004 I/ContactsProvider(  402): changed sortOrder = REPLACE(dialer_number_header,' ','') GLOB '*983*564738*' DESC, REPLACE(dialer_number_full,' ','') GLOB '*983*564738*' DESC, sort_key
02-13 13:21:29.004 I/ContactAccessorSdk5(  402): mergeCursor.getCount = 0
02-13 13:21:29.004 I/ContactAccessorSdk5(  402): activity.myAdapter = com.android.contacts.smartdialer.contactsAdapter@405e2a70
02-13 13:21:29.074 I/SmartDialerActivity(  402): Enter onInterceptTouchEvent 0x=311.40494y=140.2488
02-13 13:21:29.094 I/SmartDialerActivity(  402): Enter onInterceptTouchEvent 2x=300.16528y=140.5796
02-13 13:21:29.104 I/SmartDialerActivity(  402): Enter onInterceptTouchEvent 2x=292.23138y=141.90283
02-13 13:21:29.114 I/SmartDialerActivity(  402): Enter onInterceptTouchEvent 2x=290.9091y=142.89525
02-13 13:21:29.124 I/SmartDialerActivity(  402): Enter onInterceptTouchEvent 2x=291.23965y=143.88766
02-13 13:21:29.164 I/SmartDialerActivity(  402): Enter onInterceptTouchEvent 2x=292.23138y=143.88766
02-13 13:21:29.184 I/SmartDialerActivity(  402): Enter onInterceptTouchEvent 2x=293.22314y=142.89525
02-13 13:21:29.194 I/SmartDialerActivity(  402): Enter onInterceptTouchEvent 2x=290.24792y=141.90283
02-13 13:21:29.204 I/SmartDialerActivity(  402): Enter onInterceptTouchEvent 1x=285.28925y=141.57202
02-13 13:21:29.204 D/SmartDialerActivity(  402): keyPressed67
02-13 13:21:29.204 D/SmartDialerActivity(  402): afterTextChanged
02-13 13:21:29.204 D/SmartDialerActivity(  402): updateAddtoContactsButtonEnabledStatetrue
02-13 13:21:29.204 D/SmartDialerActivity(  402): getDelayTime = 0
02-13 13:21:29.204 D/SmartDialerActivity(  402): afterTextChanged
02-13 13:21:29.204 D/SmartDialerActivity(  402): updateAddtoContactsButtonEnabledStatetrue
02-13 13:21:29.204 D/SmartDialerActivity(  402): getDelayTime = 0
02-13 13:21:29.204 I/ContactAccessorSdk5(  402): Phone.CONTENT_FILTER_URI = content://com.android.contacts/data/phones/filter
02-13 13:21:29.204 I/ContactAccessorSdk5(  402): recalculate number = *983*56473
02-13 13:21:29.204 I/ContactAccessorSdk5(  402): recalculate filterName = [*][9WXYZ][8TUV][3DEF][*][5JKL][6MNO][4GHI][7PQRS][3DEF]
02-13 13:21:29.214 I/ContactAccessorSdk5(  402): recalculate reversed = 37465*389*
02-13 13:21:29.214 I/ContactAccessorSdk5(  402): mQueryHandler = Handler{40570df8}
02-13 13:21:29.214 W/CallLogProvider(  402): query: match = 4
02-13 13:21:29.214 D/CallLogProvider(  402): DIALER_CALLS
02-13 13:21:29.214 I/ContactsProvider(  402): query: content://com.android.contacts/contacts/dailkey_filter/*983*56473
02-13 13:21:29.214 I/ContactsProvider(  402): query isCallerRegistered= true
02-13 13:21:29.214 I/ContactsProvider(  402): query forOnlyOneContactString= 0
02-13 13:21:29.214 D/ContactsProvider(  402):  query in DIALKEY_FILTER
02-13 13:21:29.214 I/ContactsProvider(  402): reversed number=37465*389*
02-13 13:21:29.214 I/ContactsProvider(  402): original sortOrder = sort_key
02-13 13:21:29.214 I/ContactsProvider(  402): changed sortOrder = REPLACE(dialer_number_header,' ','') GLOB '*983*56473*' DESC, REPLACE(dialer_number_full,' ','') GLOB '*983*56473*' DESC, sort_key
02-13 13:21:29.224 I/ContactAccessorSdk5(  402): mergeCursor.getCount = 0
02-13 13:21:29.224 I/ContactAccessorSdk5(  402): activity.myAdapter = com.android.contacts.smartdialer.contactsAdapter@405e2a70
02-13 13:21:29.285 I/SmartDialerActivity(  402): Enter onInterceptTouchEvent 0x=312.0661y=141.90283
02-13 13:21:29.305 I/SmartDialerActivity(  402): Enter onInterceptTouchEvent 2x=301.157y=144.54929
02-13 13:21:29.335 I/SmartDialerActivity(  402): Enter onInterceptTouchEvent 2x=294.21487y=146.53412
02-13 13:21:29.355 I/SmartDialerActivity(  402): Enter onInterceptTouchEvent 2x=294.21487y=146.53412
02-13 13:21:29.365 I/SmartDialerActivity(  402): Enter onInterceptTouchEvent 2x=294.87604y=145.8725
02-13 13:21:29.385 I/SmartDialerActivity(  402): Enter onInterceptTouchEvent 2x=295.2066y=145.5417
02-13 13:21:29.395 I/SmartDialerActivity(  402): Enter onInterceptTouchEvent 2x=297.19006y=144.54929
02-13 13:21:29.415 I/SmartDialerActivity(  402): Enter onInterceptTouchEvent 1x=298.84296y=143.55685
02-13 13:21:29.415 I/SmartDialerActivity(  402): e1.x=312.0661 e1.y=141.90283 e2.x=298.84296 e2.y=143.55685 velocityX=-202.81163 velocityY=43.307602
02-13 13:21:29.415 D/SmartDialerActivity(  402): keyPressed67
02-13 13:21:29.415 D/SmartDialerActivity(  402): afterTextChanged
02-13 13:21:29.415 D/SmartDialerActivity(  402): updateAddtoContactsButtonEnabledStatetrue
02-13 13:21:29.415 D/SmartDialerActivity(  402): getDelayTime = 0
02-13 13:21:29.415 D/SmartDialerActivity(  402): afterTextChanged
02-13 13:21:29.415 D/SmartDialerActivity(  402): updateAddtoContactsButtonEnabledStatetrue
02-13 13:21:29.415 D/SmartDialerActivity(  402): getDelayTime = 0
02-13 13:21:29.425 I/ContactAccessorSdk5(  402): Phone.CONTENT_FILTER_URI = content://com.android.contacts/data/phones/filter
02-13 13:21:29.425 I/ContactAccessorSdk5(  402): recalculate number = *983*5647
02-13 13:21:29.425 I/ContactAccessorSdk5(  402): recalculate filterName = [*][9WXYZ][8TUV][3DEF][*][5JKL][6MNO][4GHI][7PQRS]
02-13 13:21:29.425 I/ContactAccessorSdk5(  402): recalculate reversed = 7465*389*
02-13 13:21:29.425 I/ContactAccessorSdk5(  402): mQueryHandler = Handler{40570df8}
02-13 13:21:29.425 W/CallLogProvider(  402): query: match = 4
02-13 13:21:29.425 D/CallLogProvider(  402): DIALER_CALLS
02-13 13:21:29.425 I/ContactsProvider(  402): query: content://com.android.contacts/contacts/dailkey_filter/*983*5647
02-13 13:21:29.425 I/ContactsProvider(  402): query isCallerRegistered= true
02-13 13:21:29.425 I/ContactsProvider(  402): query forOnlyOneContactString= 0
02-13 13:21:29.425 D/ContactsProvider(  402):  query in DIALKEY_FILTER
02-13 13:21:29.425 I/ContactsProvider(  402): reversed number=7465*389*
02-13 13:21:29.425 I/ContactsProvider(  402): original sortOrder = sort_key
02-13 13:21:29.425 I/ContactsProvider(  402): changed sortOrder = REPLACE(dialer_number_header,' ','') GLOB '*983*5647*' DESC, REPLACE(dialer_number_full,' ','') GLOB '*983*5647*' DESC, sort_key
02-13 13:21:29.435 I/ContactAccessorSdk5(  402): mergeCursor.getCount = 0
02-13 13:21:29.435 I/ContactAccessorSdk5(  402): activity.myAdapter = com.android.contacts.smartdialer.contactsAdapter@405e2a70
02-13 13:21:29.505 I/SmartDialerActivity(  402): Enter onInterceptTouchEvent 0x=303.80164y=141.90283
02-13 13:21:29.515 I/SmartDialerActivity(  402): Enter onInterceptTouchEvent 2x=302.47934y=142.23364
02-13 13:21:29.535 I/SmartDialerActivity(  402): Enter onInterceptTouchEvent 2x=300.82645y=142.56444
02-13 13:21:29.575 I/SmartDialerActivity(  402): Enter onInterceptTouchEvent 2x=299.50412y=142.56444
02-13 13:21:29.595 I/SmartDialerActivity(  402): Enter onInterceptTouchEvent 2x=299.50412y=142.56444
02-13 13:21:29.605 I/SmartDialerActivity(  402): Enter onInterceptTouchEvent 2x=301.157y=141.90283
02-13 13:21:29.625 I/SmartDialerActivity(  402): Enter onInterceptTouchEvent 1x=302.14874y=141.24121
02-13 13:21:29.625 D/SmartDialerActivity(  402): keyPressed67
02-13 13:21:29.625 D/SmartDialerActivity(  402): afterTextChanged
02-13 13:21:29.625 D/SmartDialerActivity(  402): updateAddtoContactsButtonEnabledStatetrue
02-13 13:21:29.625 D/SmartDialerActivity(  402): getDelayTime = 0
02-13 13:21:29.625 D/SmartDialerActivity(  402): afterTextChanged
02-13 13:21:29.625 D/SmartDialerActivity(  402): updateAddtoContactsButtonEnabledStatetrue
02-13 13:21:29.625 D/SmartDialerActivity(  402): getDelayTime = 0
02-13 13:21:29.635 I/wpa_supplicant(  304): State: INACTIVE -> SCANNING
02-13 13:21:29.635 I/wpa_supplicant(  304): CTRL-EVENT-STATE-CHANGE id=-1 state=2 BSSID=00:00:00:00:00:00
02-13 13:21:29.635 D/NetworkStateTracker(  206): setDetailed state, old =IDLE and new state=SCANNING
02-13 13:21:29.635 I/ContactAccessorSdk5(  402): Phone.CONTENT_FILTER_URI = content://com.android.contacts/data/phones/filter
02-13 13:21:29.635 I/ContactAccessorSdk5(  402): recalculate number = *983*564
02-13 13:21:29.635 I/ContactAccessorSdk5(  402): recalculate filterName = [*][9WXYZ][8TUV][3DEF][*][5JKL][6MNO][4GHI]
02-13 13:21:29.645 I/ContactAccessorSdk5(  402): recalculate reversed = 465*389*
02-13 13:21:29.645 I/ContactAccessorSdk5(  402): mQueryHandler = Handler{40570df8}
02-13 13:21:29.645 W/CallLogProvider(  402): query: match = 4
02-13 13:21:29.645 D/CallLogProvider(  402): DIALER_CALLS
02-13 13:21:29.645 I/ContactsProvider(  402): query: content://com.android.contacts/contacts/dailkey_filter/*983*564
02-13 13:21:29.645 I/ContactsProvider(  402): query isCallerRegistered= true
02-13 13:21:29.645 I/ContactsProvider(  402): query forOnlyOneContactString= 0
02-13 13:21:29.645 D/ContactsProvider(  402):  query in DIALKEY_FILTER
02-13 13:21:29.655 I/ContactsProvider(  402): reversed number=465*389*
02-13 13:21:29.655 I/ContactsProvider(  402): original sortOrder = sort_key
02-13 13:21:29.655 I/ContactsProvider(  402): changed sortOrder = REPLACE(dialer_number_header,' ','') GLOB '*983*564*' DESC, REPLACE(dialer_number_full,' ','') GLOB '*983*564*' DESC, sort_key
02-13 13:21:29.655 I/ContactAccessorSdk5(  402): mergeCursor.getCount = 0
02-13 13:21:29.665 I/ContactAccessorSdk5(  402): activity.myAdapter = com.android.contacts.smartdialer.contactsAdapter@405e2a70
02-13 13:21:29.685 I/SmartDialerActivity(  402): Enter onInterceptTouchEvent 0x=317.68594y=140.91042
02-13 13:21:29.705 I/SmartDialerActivity(  402): Enter onInterceptTouchEvent 2x=308.09918y=140.91042
02-13 13:21:29.715 I/SmartDialerActivity(  402): Enter onInterceptTouchEvent 2x=301.4876y=141.24121
02-13 13:21:29.745 I/SmartDialerActivity(  402): Enter onInterceptTouchEvent 2x=299.17355y=141.90283
02-13 13:21:29.765 I/MediaScanner(  478): doScanFile the temppath: /mnt/sdcard/bluetooth/02 1000 miles.mp3
02-13 13:21:29.765 E/PVMediaScanner(  478): processFile /mnt/sdcard/bluetooth/02 1000 miles.mp3 mimeType: (null)
02-13 13:21:29.765 E/PVMediaScanner(  478): Start to test wheater the file is drm file = /mnt/sdcard/bluetooth/02 1000 miles.mp3
02-13 13:21:29.795 I/SmartDialerActivity(  402): Enter onInterceptTouchEvent 2x=298.84296y=141.90283
02-13 13:21:29.815 I/SmartDialerActivity(  402): Enter onInterceptTouchEvent 2x=300.82645y=141.24121
02-13 13:21:29.835 I/SmartDialerActivity(  402): Enter onInterceptTouchEvent 2x=305.12396y=140.91042
02-13 13:21:29.845 I/SmartDialerActivity(  402): Enter onInterceptTouchEvent 1x=309.75208y=141.57202
02-13 13:21:29.845 D/SmartDialerActivity(  402): keyPressed67
02-13 13:21:29.845 D/SmartDialerActivity(  402): afterTextChanged
02-13 13:21:29.845 D/SmartDialerActivity(  402): updateAddtoContactsButtonEnabledStatetrue
02-13 13:21:29.845 D/SmartDialerActivity(  402): getDelayTime = 0
02-13 13:21:29.845 D/SmartDialerActivity(  402): afterTextChanged
02-13 13:21:29.845 D/SmartDialerActivity(  402): updateAddtoContactsButtonEnabledStatetrue
02-13 13:21:29.845 D/SmartDialerActivity(  402): getDelayTime = 0
02-13 13:21:29.845 I/ContactAccessorSdk5(  402): Phone.CONTENT_FILTER_URI = content://com.android.contacts/data/phones/filter
02-13 13:21:29.845 I/ContactAccessorSdk5(  402): recalculate number = *983*56
02-13 13:21:29.845 I/ContactAccessorSdk5(  402): recalculate filterName = [*][9WXYZ][8TUV][3DEF][*][5JKL][6MNO]
02-13 13:21:29.845 I/ContactAccessorSdk5(  402): recalculate reversed = 65*389*
02-13 13:21:29.845 I/ContactAccessorSdk5(  402): mQueryHandler = Handler{40570df8}
02-13 13:21:29.855 W/CallLogProvider(  402): query: match = 4
02-13 13:21:29.855 D/CallLogProvider(  402): DIALER_CALLS
02-13 13:21:29.855 I/ContactsProvider(  402): query: content://com.android.contacts/contacts/dailkey_filter/*983*56
02-13 13:21:29.855 I/ContactsProvider(  402): query isCallerRegistered= true
02-13 13:21:29.855 I/ContactsProvider(  402): query forOnlyOneContactString= 0
02-13 13:21:29.855 D/ContactsProvider(  402):  query in DIALKEY_FILTER
02-13 13:21:29.855 I/ContactsProvider(  402): reversed number=65*389*
02-13 13:21:29.855 I/ContactsProvider(  402): original sortOrder = sort_key
02-13 13:21:29.855 I/ContactsProvider(  402): changed sortOrder = REPLACE(dialer_number_header,' ','') GLOB '*983*56*' DESC, REPLACE(dialer_number_full,' ','') GLOB '*983*56*' DESC, sort_key
02-13 13:21:29.855 I/ContactAccessorSdk5(  402): mergeCursor.getCount = 0
02-13 13:21:29.855 I/ContactAccessorSdk5(  402): activity.myAdapter = com.android.contacts.smartdialer.contactsAdapter@405e2a70
02-13 13:21:29.895 I/SmartDialerActivity(  402): Enter onInterceptTouchEvent 0x=307.7686y=138.92557
02-13 13:21:29.905 I/SmartDialerActivity(  402): Enter onInterceptTouchEvent 2x=304.13223y=138.59477
02-13 13:21:29.915 I/SmartDialerActivity(  402): Enter onInterceptTouchEvent 2x=300.49585y=139.25638
02-13 13:21:29.955 I/SmartDialerActivity(  402): Enter onInterceptTouchEvent 2x=299.17355y=139.91798
02-13 13:21:29.965 I/SmartDialerActivity(  402): Enter onInterceptTouchEvent 2x=298.18182y=140.2488
02-13 13:21:30.005 I/SmartDialerActivity(  402): Enter onInterceptTouchEvent 2x=299.17355y=139.91798
02-13 13:21:30.005 E/PVMediaScanner(  478): Start pfnDrmAPI_IsProtectedFile is good result =0
02-13 13:21:30.005 E/PVMediaScanner(  478): File is not a drm file.
02-13 13:21:30.005 E/PVMediaScanner(  478): IMpeg3File::ParseMp3File returned
02-13 13:21:30.015 I/SmartDialerActivity(  402): Enter onInterceptTouchEvent 2x=301.4876y=138.26396
02-13 13:21:30.025 I/SmartDialerActivity(  402): Enter onInterceptTouchEvent 1x=300.82645y=138.92557
02-13 13:21:30.025 D/SmartDialerActivity(  402): keyPressed67
02-13 13:21:30.035 D/SmartDialerActivity(  402): afterTextChanged
02-13 13:21:30.035 D/SmartDialerActivity(  402): updateAddtoContactsButtonEnabledStatetrue
02-13 13:21:30.035 D/SmartDialerActivity(  402): getDelayTime = 0
02-13 13:21:30.035 D/SmartDialerActivity(  402): afterTextChanged
02-13 13:21:30.035 D/SmartDialerActivity(  402): updateAddtoContactsButtonEnabledStatetrue
02-13 13:21:30.035 D/SmartDialerActivity(  402): getDelayTime = 0
02-13 13:21:30.035 I/ContactAccessorSdk5(  402): Phone.CONTENT_FILTER_URI = content://com.android.contacts/data/phones/filter
02-13 13:21:30.035 I/ContactAccessorSdk5(  402): recalculate number = *983*5
02-13 13:21:30.035 I/ContactAccessorSdk5(  402): recalculate filterName = [*][9WXYZ][8TUV][3DEF][*][5JKL]
02-13 13:21:30.045 I/ContactAccessorSdk5(  402): recalculate reversed = 5*389*
02-13 13:21:30.045 I/ContactAccessorSdk5(  402): mQueryHandler = Handler{40570df8}
02-13 13:21:30.045 W/CallLogProvider(  402): query: match = 4
02-13 13:21:30.045 D/CallLogProvider(  402): DIALER_CALLS
02-13 13:21:30.045 I/ContactsProvider(  402): query: content://com.android.contacts/contacts/dailkey_filter/*983*5
02-13 13:21:30.045 I/ContactsProvider(  402): query isCallerRegistered= true
02-13 13:21:30.045 I/ContactsProvider(  402): query forOnlyOneContactString= 0
02-13 13:21:30.045 D/ContactsProvider(  402):  query in DIALKEY_FILTER
02-13 13:21:30.045 I/ContactsProvider(  402): reversed number=5*389*
02-13 13:21:30.045 I/ContactsProvider(  402): original sortOrder = sort_key
02-13 13:21:30.045 I/ContactsProvider(  402): changed sortOrder = REPLACE(dialer_number_header,' ','') GLOB '*983*5*' DESC, REPLACE(dialer_number_full,' ','') GLOB '*983*5*' DESC, sort_key
02-13 13:21:30.045 I/ContactAccessorSdk5(  402): mergeCursor.getCount = 0
02-13 13:21:30.055 I/ContactAccessorSdk5(  402): activity.myAdapter = com.android.contacts.smartdialer.contactsAdapter@405e2a70
02-13 13:21:30.175 I/V3Client(  341): HTTP resp: 200 OK
02-13 13:21:30.296 I/V3Client(  341): HTTP req: POST https://sparkle.locationlabs.com/client/v2/claim
02-13 13:21:30.586 I/wpa_supplicant(  304): State: SCANNING -> INACTIVE
02-13 13:21:30.586 I/wpa_supplicant(  304): CTRL-EVENT-STATE-CHANGE id=-1 state=1 BSSID=00:00:00:00:00:00
02-13 13:21:30.586 I/dun_service(  130): process rmnet event
02-13 13:21:30.586 I/dun_service(  130): Post event 4
02-13 13:21:30.596 I/dun_service(  130): received event: DUN_EVENT_RMNET_UP 
02-13 13:21:30.596 I/dun_service(  130): received event(DUN_EVENT_RMNET_UP) in state(DUN_STATE_USB_UNPLUG)
02-13 13:21:30.596 I/dun_service(  130): Ignoring the event DUN_EVENT_RMNET_UP in USB_UNPLUG_STATE
02-13 13:21:30.596 I/dun_service(  130): Moved to state(DUN_STATE_USB_UNPLUG)
02-13 13:21:30.596 D/NetworkStateTracker(  206): setDetailed state, old =SCANNING and new state=IDLE
02-13 13:21:30.596 D/WifiStateTracker(  206): setNotificationVisible() visible=false mNotificationShown=false force=false return.
02-13 13:21:30.636 I/SmartDialerActivity(  402): Enter onInterceptTouchEvent 0x=293.88428y=140.5796
02-13 13:21:30.666 I/SmartDialerActivity(  402): Enter onInterceptTouchEvent 2x=293.22314y=139.25638
02-13 13:21:30.676 I/SmartDialerActivity(  402): Enter onInterceptTouchEvent 2x=293.5537y=138.26396
02-13 13:21:30.696 I/SmartDialerActivity(  402): Enter onInterceptTouchEvent 2x=295.2066y=136.94073
02-13 13:21:30.706 I/SmartDialerActivity(  402): Enter onInterceptTouchEvent 2x=297.85123y=134.29428
02-13 13:21:30.716 I/SmartDialerActivity(  402): Enter onInterceptTouchEvent 1x=300.82645y=132.64024
02-13 13:21:30.716 D/SmartDialerActivity(  402): keyPressed67
02-13 13:21:30.716 D/SmartDialerActivity(  402): afterTextChanged
02-13 13:21:30.716 D/SmartDialerActivity(  402): updateAddtoContactsButtonEnabledStatetrue
02-13 13:21:30.716 D/SmartDialerActivity(  402): getDelayTime = 0
02-13 13:21:30.746 I/ContactAccessorSdk5(  402): Phone.CONTENT_FILTER_URI = content://com.android.contacts/data/phones/filter
02-13 13:21:30.746 I/ContactAccessorSdk5(  402): recalculate number = *983*
