02-13 13:26:46.197 D/WifiStateTracker(  206): setNotificationVisible() visible=false mNotificationShown=false force=false return.
02-13 13:26:46.377 D/KeyguardViewMediator(  206): setHidden false
02-13 13:26:46.488 I/ContactsProvider(  402): updateInTransaction: content://com.android.contacts/data/767?caller_is_syncadapter=true
02-13 13:26:46.488 E/ContactsProvider(  402): 20101020 isDataReadOnly, dataId:767
02-13 13:26:46.488 E/ContactsProvider(  402): 20101020 isReadOnlyRawContact, rawContactId:119
02-13 13:26:46.488 E/ContactsProvider(  402): ContactsProvider2 isContactLocked:0
02-13 13:26:46.488 I/ContactsProvider(  402): query: content://com.android.contacts/data/767?caller_is_syncadapter=true
02-13 13:26:46.488 E/ContactsProvider(  402): 101123 isCallerRegisterNeedSIMProc callerPid:374, acorePid:402
02-13 13:26:46.488 I/ContactsProvider(  402): query isCallerRegistered= false
02-13 13:26:46.488 I/ContactsProvider(  402): query forOnlyOneContactString= 0
02-13 13:26:46.498 I/ContactsProvider(  402): DataRowHandler  update:  119
02-13 13:26:47.308 D/KeyguardViewMediator(  206): setHidden false
02-13 13:26:47.328 D/KeyguardViewMediator(  206): setHidden false
02-13 13:26:47.328 D/KeyguardViewMediator(  206): setHidden false
02-13 13:26:47.348 D/KeyguardViewMediator(  206): setHidden false
02-13 13:26:47.348 D/KeyguardViewMediator(  206): setHidden false
02-13 13:26:47.388 D/KeyguardViewMediator(  206): setHidden false
02-13 13:26:47.408 D/KeyguardViewMediator(  206): setHidden false
02-13 13:26:47.408 D/KeyguardViewMediator(  206): setHidden false
02-13 13:26:47.428 D/KeyguardViewMediator(  206): setHidden false
02-13 13:26:47.428 D/KeyguardViewMediator(  206): setHidden false
02-13 13:26:47.438 D/KeyguardViewMediator(  206): setHidden false
02-13 13:26:47.458 D/KeyguardViewMediator(  206): setHidden false
02-13 13:26:47.478 D/KeyguardViewMediator(  206): setHidden false
02-13 13:26:47.488 D/KeyguardViewMediator(  206): setHidden false
02-13 13:26:47.509 D/KeyguardViewMediator(  206): setHidden false
02-13 13:26:47.519 D/KeyguardViewMediator(  206): setHidden false
02-13 13:26:47.539 D/KeyguardViewMediator(  206): setHidden false
02-13 13:26:47.559 D/KeyguardViewMediator(  206): setHidden false
02-13 13:26:47.569 D/KeyguardViewMediator(  206): setHidden false
02-13 13:26:47.589 I/ContactsProvider(  402): updateInTransaction: content://com.android.contacts/data/779?caller_is_syncadapter=true
02-13 13:26:47.589 E/ContactsProvider(  402): 20101020 isDataReadOnly, dataId:779
02-13 13:26:47.599 E/ContactsProvider(  402): 20101020 isReadOnlyRawContact, rawContactId:121
02-13 13:26:47.599 E/ContactsProvider(  402): ContactsProvider2 isContactLocked:0
02-13 13:26:47.609 I/ContactsProvider(  402): query: content://com.android.contacts/data/779?caller_is_syncadapter=true
02-13 13:26:47.609 E/ContactsProvider(  402): 101123 isCallerRegisterNeedSIMProc callerPid:374, acorePid:402
02-13 13:26:47.609 I/ContactsProvider(  402): query isCallerRegistered= false
02-13 13:26:47.609 I/ContactsProvider(  402): query forOnlyOneContactString= 0
02-13 13:26:47.629 I/ContactsProvider(  402): DataRowHandler  update:  121
02-13 13:26:48.930 D/KeyguardViewMediator(  206): handleTimeout
02-13 13:26:49.280 D/KeyguardViewMediator(  206): setHidden false
02-13 13:26:49.300 D/KeyguardViewMediator(  206): setHidden false
02-13 13:26:49.320 D/KeyguardViewMediator(  206): setHidden false
02-13 13:26:49.380 D/KeyguardViewMediator(  206): setHidden false
02-13 13:26:49.390 D/KeyguardViewMediator(  206): setHidden false
02-13 13:26:49.410 D/KeyguardViewMediator(  206): setHidden false
02-13 13:26:49.430 D/KeyguardViewMediator(  206): setHidden false
02-13 13:26:49.440 D/KeyguardViewMediator(  206): setHidden false
02-13 13:26:49.460 D/KeyguardViewMediator(  206): setHidden false
02-13 13:26:49.480 D/KeyguardViewMediator(  206): setHidden false
02-13 13:26:49.480 D/KeyguardViewMediator(  206): setHidden false
02-13 13:26:49.781 D/KeyguardViewMediator(  206): setHidden false
02-13 13:26:49.801 D/KeyguardViewMediator(  206): setHidden false
02-13 13:26:49.821 D/KeyguardViewMediator(  206): setHidden false
02-13 13:26:49.881 D/KeyguardViewMediator(  206): setHidden false
02-13 13:26:49.891 D/KeyguardViewMediator(  206): setHidden false
02-13 13:26:49.911 D/KeyguardViewMediator(  206): setHidden false
02-13 13:26:49.931 D/KeyguardViewMediator(  206): setHidden false
02-13 13:26:49.941 D/KeyguardViewMediator(  206): setHidden false
02-13 13:26:49.961 D/KeyguardViewMediator(  206): setHidden false
02-13 13:26:49.981 D/KeyguardViewMediator(  206): setHidden false
02-13 13:26:49.981 D/KeyguardViewMediator(  206): setHidden false
02-13 13:26:50.031 D/KeyguardViewMediator(  206): setHidden false
02-13 13:26:50.041 D/KeyguardViewMediator(  206): setHidden false
02-13 13:26:50.061 D/KeyguardViewMediator(  206): setHidden false
02-13 13:26:50.091 D/KeyguardViewMediator(  206): setHidden false
02-13 13:26:50.111 D/KeyguardViewMediator(  206): setHidden false
02-13 13:26:50.121 D/KeyguardViewMediator(  206): setHidden false
02-13 13:26:50.141 D/KeyguardViewMediator(  206): setHidden false
02-13 13:26:50.161 D/KeyguardViewMediator(  206): setHidden false
02-13 13:26:50.171 D/KeyguardViewMediator(  206): setHidden false
02-13 13:26:50.191 D/KeyguardViewMediator(  206): setHidden false
02-13 13:26:50.191 D/KeyguardViewMediator(  206): setHidden false
02-13 13:26:50.692 D/KeyguardViewMediator(  206): setHidden false
02-13 13:26:50.712 D/KeyguardViewMediator(  206): setHidden false
02-13 13:26:50.722 D/KeyguardViewMediator(  206): setHidden false
02-13 13:26:50.722 D/KeyguardViewMediator(  206): setHidden false
02-13 13:26:50.742 D/KeyguardViewMediator(  206): setHidden false
02-13 13:26:50.752 D/KeyguardViewMediator(  206): setHidden false
02-13 13:26:50.772 D/KeyguardViewMediator(  206): setHidden false
02-13 13:26:50.792 D/KeyguardViewMediator(  206): setHidden false
02-13 13:26:50.802 D/KeyguardViewMediator(  206): setHidden false
02-13 13:26:50.822 D/KeyguardViewMediator(  206): setHidden false
02-13 13:26:50.822 D/KeyguardViewMediator(  206): setHidden false
02-13 13:26:51.042 D/KeyguardViewMediator(  206): setHidden false
02-13 13:26:51.062 D/KeyguardViewMediator(  206): setHidden false
02-13 13:26:51.072 D/KeyguardViewMediator(  206): setHidden false
02-13 13:26:51.112 D/KeyguardViewMediator(  206): setHidden false
02-13 13:26:51.132 D/KeyguardViewMediator(  206): setHidden false
02-13 13:26:51.142 D/KeyguardViewMediator(  206): setHidden false
02-13 13:26:51.162 D/KeyguardViewMediator(  206): setHidden false
02-13 13:26:51.172 D/KeyguardViewMediator(  206): setHidden false
02-13 13:26:51.192 D/KeyguardViewMediator(  206): setHidden false
02-13 13:26:51.212 D/KeyguardViewMediator(  206): setHidden false
02-13 13:26:51.212 D/KeyguardViewMediator(  206): setHidden false
02-13 13:26:51.793 D/SearchDialog(  796): launching Intent { act=android.intent.action.SEARCH flg=0x10000000 cmp=com.android.vending/.AssetBrowserActivity (has extras) }
02-13 13:26:51.793 I/SearchDialog(  796): Starting (as ourselves) #Intent;action=android.intent.action.SEARCH;launchFlags=0x10000000;component=com.android.vending/.AssetBrowserActivity;S.query=voice;S.user_query=voice;end
02-13 13:26:51.873 D/KeyguardViewMediator(  206): setHidden false
02-13 13:26:51.883 D/KeyguardViewMediator(  206): setHidden false
02-13 13:26:51.963 W/IInputConnectionWrapper(  796): finishComposingText on inactive InputConnection
02-13 13:26:52.063 D/Bitmap  (  326): Detect unrecycled bitmap.
02-13 13:26:52.063 D/Bitmap  (  326):       Size: 270080 Bytes, Width: 320 , Height: 211 , Hash code: 1079320120
02-13 13:26:52.063 D/Bitmap  (  326):  This bimap was created in:
02-13 13:26:52.063 D/Bitmap  (  326):       android.graphics.Bitmap.<init>(Bitmap.java:136)
02-13 13:26:52.063 D/Bitmap  (  326):       android.graphics.Bitmap.nativeCreate(Native Method)
02-13 13:26:52.063 D/Bitmap  (  326):       android.graphics.Bitmap.createBitmap(Bitmap.java:547)
02-13 13:26:52.063 D/Bitmap  (  326):       com.android.inputmethod.latin.LatinKeyboardBaseView.onBufferDraw(LatinKeyboardBaseView.java:775)
02-13 13:26:52.063 D/Bitmap  (  326):       com.android.inputmethod.latin.LatinKeyboardBaseView.onDraw(LatinKeyboardBaseView.java:763)
02-13 13:26:52.063 D/Bitmap  (  326):       android.view.View.draw(View.java:6880)
02-13 13:26:52.063 D/Bitmap  (  326):       com.android.inputmethod.latin.LatinKeyboardView.draw(LatinKeyboardView.java:353)
02-13 13:26:52.063 D/Bitmap  (  326):       android.view.ViewGroup.drawChild(ViewGroup.java:1649)
02-13 13:26:52.063 D/Bitmap  (  326):       android.view.ViewGroup.dispatchDraw(ViewGroup.java:1376)
02-13 13:26:52.063 D/Bitmap  (  326):       android.view.ViewGroup.drawChild(ViewGroup.java:1647)
02-13 13:26:52.063 D/Bitmap  (  326):       android.view.ViewGroup.dispatchDraw(ViewGroup.java:1376)
02-13 13:26:52.063 D/Bitmap  (  326):       android.view.ViewGroup.drawChild(ViewGroup.java:1647)
02-13 13:26:52.063 D/Bitmap  (  326):       android.view.ViewGroup.dispatchDraw(ViewGroup.java:1376)
02-13 13:26:52.063 D/Bitmap  (  326):       android.view.ViewGroup.drawChild(ViewGroup.java:1647)
02-13 13:26:52.063 D/Bitmap  (  326):       android.view.ViewGroup.dispatchDraw(ViewGroup.java:1376)
02-13 13:26:52.063 D/Bitmap  (  326):       android.view.View.draw(View.java:6883)
02-13 13:26:52.063 D/Bitmap  (  326):       android.widget.FrameLayout.draw(FrameLayout.java:357)
02-13 13:26:52.063 D/Bitmap  (  326):       com.android.internal.policy.impl.PhoneWindow$DecorView.draw(PhoneWindow.java:1866)
02-13 13:26:52.063 D/Bitmap  (  326):       android.view.ViewRoot.draw(ViewRoot.java:1526)
02-13 13:26:52.063 D/Bitmap  (  326):       android.view.ViewRoot.performTraversals(ViewRoot.java:1262)
02-13 13:26:52.063 D/Bitmap  (  326):       android.view.ViewRoot.handleMessage(ViewRoot.java:1864)
02-13 13:26:52.063 D/Bitmap  (  326):       android.os.Handler.dispatchMessage(Handler.java:99)
02-13 13:26:52.063 D/Bitmap  (  326):       android.os.Looper.loop(Looper.java:130)
02-13 13:26:52.063 D/Bitmap  (  326):       android.app.ActivityThread.main(ActivityThread.java:3704)
02-13 13:26:52.063 D/Bitmap  (  326):       java.lang.reflect.Method.invokeNative(Native Method)
02-13 13:26:52.063 D/Bitmap  (  326):       java.lang.reflect.Method.invoke(Method.java:507)
02-13 13:26:52.063 D/Bitmap  (  326):       com.android.internal.os.ZygoteInit$MethodAndArgsCaller.run(ZygoteInit.java:875)
02-13 13:26:52.063 D/Bitmap  (  326):       com.android.internal.os.ZygoteInit.main(ZygoteInit.java:633)
02-13 13:26:52.063 D/Bitmap  (  326):       dalvik.system.NativeStart.main(Native Method)
02-13 13:26:52.063 D/Bitmap  (  326): _
02-13 13:26:52.073 D/Bitmap  (  326): Detect unrecycled bitmap.
02-13 13:26:52.073 D/Bitmap  (  326):       Size: 270080 Bytes, Width: 320 , Height: 211 , Hash code: 1079419168
02-13 13:26:52.073 D/Bitmap  (  326):  This bimap was created in:
02-13 13:26:52.073 D/Bitmap  (  326):       android.graphics.Bitmap.<init>(Bitmap.java:136)
02-13 13:26:52.073 D/Bitmap  (  326):       android.graphics.Bitmap.nativeCreate(Native Method)
02-13 13:26:52.073 D/Bitmap  (  326):       android.graphics.Bitmap.createBitmap(Bitmap.java:547)
02-13 13:26:52.073 D/Bitmap  (  326):       com.android.inputmethod.latin.LatinKeyboardBaseView.onBufferDraw(LatinKeyboardBaseView.java:775)
02-13 13:26:52.073 D/Bitmap  (  326):       com.android.inputmethod.latin.LatinKeyboardBaseView.onDraw(LatinKeyboardBaseView.java:763)
02-13 13:26:52.073 D/Bitmap  (  326):       android.view.View.draw(View.java:6880)
02-13 13:26:52.073 D/Bitmap  (  326):       com.android.inputmethod.latin.LatinKeyboardView.draw(LatinKeyboardView.java:353)
02-13 13:26:52.073 D/Bitmap  (  326):       android.view.ViewGroup.drawChild(ViewGroup.java:1649)
02-13 13:26:52.073 D/Bitmap  (  326):       android.view.ViewGroup.dispatchDraw(ViewGroup.java:1376)
02-13 13:26:52.073 D/Bitmap  (  326):       android.view.ViewGroup.drawChild(ViewGroup.java:1647)
02-13 13:26:52.073 D/Bitmap  (  326):       android.view.ViewGroup.dispatchDraw(ViewGroup.java:1376)
02-13 13:26:52.073 D/Bitmap  (  326):       android.view.ViewGroup.drawChild(ViewGroup.java:1647)
02-13 13:26:52.073 D/Bitmap  (  326):       android.view.ViewGroup.dispatchDraw(ViewGroup.java:1376)
02-13 13:26:52.073 D/Bitmap  (  326):       android.view.ViewGroup.drawChild(ViewGroup.java:1647)
02-13 13:26:52.073 D/Bitmap  (  326):       android.view.ViewGroup.dispatchDraw(ViewGroup.java:1376)
02-13 13:26:52.073 D/Bitmap  (  326):       android.view.View.draw(View.java:6883)
02-13 13:26:52.073 D/Bitmap  (  326):       android.widget.FrameLayout.draw(FrameLayout.java:357)
02-13 13:26:52.073 D/Bitmap  (  326):       com.android.internal.policy.impl.PhoneWindow$DecorView.draw(PhoneWindow.java:1866)
02-13 13:26:52.073 D/Bitmap  (  326):       android.view.ViewRoot.draw(ViewRoot.java:1526)
02-13 13:26:52.073 D/Bitmap  (  326):       android.view.ViewRoot.performTraversals(ViewRoot.java:1262)
02-13 13:26:52.073 D/Bitmap  (  326):       android.view.ViewRoot.handleMessage(ViewRoot.java:1864)
02-13 13:26:52.073 D/Bitmap  (  326):       android.os.Handler.dispatchMessage(Handler.java:99)
02-13 13:26:52.073 D/Bitmap  (  326):       android.os.Looper.loop(Looper.java:130)
02-13 13:26:52.073 D/Bitmap  (  326):       android.app.ActivityThread.main(ActivityThread.java:3704)
02-13 13:26:52.073 D/Bitmap  (  326):       java.lang.reflect.Method.invokeNative(Native Method)
02-13 13:26:52.073 D/Bitmap  (  326):       java.lang.reflect.Method.invoke(Method.java:507)
02-13 13:26:52.073 D/Bitmap  (  326):       com.android.internal.os.ZygoteInit$MethodAndArgsCaller.run(ZygoteInit.java:875)
02-13 13:26:52.083 D/Bitmap  (  326):       com.android.internal.os.ZygoteInit.main(ZygoteInit.java:633)
02-13 13:26:52.083 D/Bitmap  (  326):       dalvik.system.NativeStart.main(Native Method)
02-13 13:26:52.083 D/Bitmap  (  326): _
02-13 13:26:52.113 D/KeyguardViewMediator(  206): setHidden false
02-13 13:26:52.133 D/KeyguardViewMediator(  206): setHidden false
02-13 13:26:52.143 D/KeyguardViewMediator(  206): setHidden false
02-13 13:26:52.163 D/KeyguardViewMediator(  206): setHidden false
02-13 13:26:52.173 D/KeyguardViewMediator(  206): setHidden false
02-13 13:26:52.193 D/KeyguardViewMediator(  206): setHidden false
02-13 13:26:52.213 D/KeyguardViewMediator(  206): setHidden false
02-13 13:26:52.223 D/KeyguardViewMediator(  206): setHidden false
02-13 13:26:52.243 D/KeyguardViewMediator(  206): setHidden false
02-13 13:26:52.253 D/KeyguardViewMediator(  206): setHidden false
02-13 13:26:52.273 D/KeyguardViewMediator(  206): setHidden false
02-13 13:26:52.293 D/KeyguardViewMediator(  206): setHidden false
02-13 13:26:53.745 D/Volley  (  796): [16] BasicNetwork.logSlowRequests: HTTP response for request=<[ ] http://www.gstatic.com/android/market_images/device/featured/tile-game-10052011.jpg LOW 22> [lifetime=7540], [size=8875], [rc=200], [retryCount=1]
02-13 13:26:53.795 D/Volley  (  796): [1] Request.finish: 7602 ms: [ ] http://www.gstatic.com/android/market_images/device/featured/tile-game-10052011.jpg LOW 22
02-13 13:26:55.526 E/MobileDataStateTracker(  206): reconnect : set enabled = true.
02-13 13:26:55.536 I/DATA    (  331): [SERVICE_TYPE_HIPRI] set enabled = true
02-13 13:26:55.536 D/Phone   (  331): [PhoneNotifier] [DefaultPhoneNotifier] : hipri, INET, CONNECTED
02-13 13:26:55.536 I/TelephonyRegistry(  206): notifyDataConnection: state=2 isDataConnectivityPossible=true reason=apnTypeEnabled interfaceName=rmnet0 networkType=6 apnType=hipri apn=null
02-13 13:26:55.536 I/TelephonyRegistry(  206): +++broadcastDataConnectionStateChanged
02-13 13:26:55.536 I/TelephonyRegistry(  206): +++sendStickyBroadcast
02-13 13:26:55.546 D/MobileDataStateTracker(  206): [hipri]  MobileDataStateReceiver onReceive(): Entry.
02-13 13:26:55.546 D/MobileDataStateTracker(  206): [hipri]  intent.getAction()= android.intent.action.ANY_DATA_STATE
02-13 13:26:55.546 D/MobileDataStateTracker(  206): [hipri]  mEnabled = true
02-13 13:26:55.546 D/PhoneApp(  331): mReceiver: ACTION_ANY_DATA_CONNECTION_STATE_CHANGED
02-13 13:26:55.546 D/PhoneApp(  331): - state: CONNECTED
02-13 13:26:55.546 D/PhoneApp(  331): - reason: apnTypeEnabled
02-13 13:26:55.546 D/PhoneApp(  331): old phone type:2, New Phone type:2
02-13 13:26:55.546 D/NotificationMgr(  331): hideDataDisconnectedRoaming()...
02-13 13:26:55.546 D/MobileDataStateTracker(  206): [hipri]  apnTypeList = hipri
02-13 13:26:55.546 D/MobileDataStateTracker(  206): [hipri]  unavailable = false
02-13 13:26:55.546 D/MobileDataStateTracker(  206): [hipri] CALL updateMobileInfoFromIntent
02-13 13:26:55.546 I/MobileDataStateTracker(  206): [hipri] dc state change intent received for hipri/INET with state  CONNECTED. enabled=true state change reason = apnTypeEnabled
02-13 13:26:55.546 I/MobileDataStateTracker(  206): [hipri] old state = CONNECTING
02-13 13:26:55.546 I/MobileDataStateTracker(  206): [hipri] updated mobile state info for INET : [state=CONNECTED, iface=rmnet0, mApnName=null, mIpAddress=/174.156.234.163, mGateway=/174.156.234.161]
02-13 13:26:55.556 D/NetworkStateTracker(  206): setDetailed state, old =IDLE and new state=CONNECTED
02-13 13:26:55.556 D/MobileDataStateTracker(  206): [dun]  MobileDataStateReceiver onReceive(): Entry.
02-13 13:26:55.556 D/MobileDataStateTracker(  206): [dun]  intent.getAction()= android.intent.action.ANY_DATA_STATE
02-13 13:26:55.556 W/NetworkStateTracker(  206): net.tcp.buffersize.evdo not found in system properties. Using defaults
02-13 13:26:55.556 D/MobileDataStateTracker(  206): [dun]  mEnabled = false
02-13 13:26:55.566 W/NetworkStateTracker(  206): ### addPrivateDnsRoutes for iface  rmnet0  mPrivateDnsRouteSet[0] = false
02-13 13:26:55.576 D/MobileDataStateTracker(  206): [dun]  apnTypeList = hipri
02-13 13:26:55.576 D/MobileDataStateTracker(  206): [dun]  unavailable = false
02-13 13:26:55.576 D/MobileDataStateTracker(  206): [dun] Do not process intents if disabled.
02-13 13:26:55.576 D/MobileDataStateTracker(  206): [supl]  MobileDataStateReceiver onReceive(): Entry.
02-13 13:26:55.576 D/MobileDataStateTracker(  206): [supl]  intent.getAction()= android.intent.action.ANY_DATA_STATE
02-13 13:26:55.576 D/MobileDataStateTracker(  206): [supl]  mEnabled = false
02-13 13:26:55.576 D/Phone   (  331): [PhoneNotifier] [DefaultPhoneNotifier] : hipri, INET6, DISCONNECTED
02-13 13:26:55.586 D/MobileDataStateTracker(  206): [supl]  apnTypeList = hipri
02-13 13:26:55.586 D/MobileDataStateTracker(  206): [supl]  unavailable = false
02-13 13:26:55.586 D/MobileDataStateTracker(  206): [supl] Do not process intents if disabled.
02-13 13:26:55.586 D/MobileDataStateTracker(  206): [mms]  MobileDataStateReceiver onReceive(): Entry.
02-13 13:26:55.586 D/MobileDataStateTracker(  206): [mms]  intent.getAction()= android.intent.action.ANY_DATA_STATE
02-13 13:26:55.586 D/MobileDataStateTracker(  206): [mms]  mEnabled = false
02-13 13:26:55.586 D/MobileDataStateTracker(  206): [mms]  apnTypeList = hipri
02-13 13:26:55.586 D/MobileDataStateTracker(  206): [mms]  unavailable = false
02-13 13:26:55.586 D/MobileDataStateTracker(  206): [mms] Do not process intents if disabled.
02-13 13:26:55.586 D/MobileDataStateTracker(  206): [default]  MobileDataStateReceiver onReceive(): Entry.
02-13 13:26:55.586 D/MobileDataStateTracker(  206): [default]  intent.getAction()= android.intent.action.ANY_DATA_STATE
02-13 13:26:55.586 D/MobileDataStateTracker(  206): [default]  mEnabled = true
02-13 13:26:55.586 I/TelephonyRegistry(  206): notifyDataConnection: state=0 isDataConnectivityPossible=true reason=apnTypeEnabled interfaceName=null networkType=6 apnType=hipri apn=null
02-13 13:26:55.586 I/TelephonyRegistry(  206): +++broadcastDataConnectionStateChanged
02-13 13:26:55.586 W/NetworkStateTracker(  206): adding ipv4 dns 68.28.67.132 68.28.67.132 through rmnet0
02-13 13:26:55.596 D/MobileDataStateTracker(  206): [default]  apnTypeList = hipri
02-13 13:26:55.596 D/MobileDataStateTracker(  206): [default]  unavailable = false
02-13 13:26:55.596 D/MobileDataStateTracker(  206): [default] not what we are looking for.
02-13 13:26:55.606 I/TelephonyRegistry(  206): +++sendStickyBroadcast
02-13 13:26:55.606 D/PhoneApp(  331): mReceiver: ACTION_ANY_DATA_CONNECTION_STATE_CHANGED
02-13 13:26:55.606 D/PhoneApp(  331): - state: CONNECTED
02-13 13:26:55.606 D/PhoneApp(  331): - reason: apnTypeEnabled
02-13 13:26:55.606 D/PhoneApp(  331): old phone type:2, New Phone type:2
02-13 13:26:55.606 D/NotificationMgr(  331): hideDataDisconnectedRoaming()...
02-13 13:26:55.616 D/MobileDataStateTracker(  206): [hipri]  MobileDataStateReceiver onReceive(): Entry.
02-13 13:26:55.616 D/MobileDataStateTracker(  206): [hipri]  intent.getAction()= android.intent.action.ANY_DATA_STATE
02-13 13:26:55.616 D/MobileDataStateTracker(  206): [hipri]  mEnabled = true
02-13 13:26:55.616 D/MobileDataStateTracker(  206): [hipri]  apnTypeList = hipri
02-13 13:26:55.616 D/MobileDataStateTracker(  206): [hipri]  unavailable = false
02-13 13:26:55.616 D/MobileDataStateTracker(  206): [hipri] CALL updateMobileInfoFromIntent
02-13 13:26:55.616 I/MobileDataStateTracker(  206): [hipri] dc state change intent received for hipri/INET6 with state  DISCONNECTED. enabled=true state change reason = apnTypeEnabled
02-13 13:26:55.616 I/MobileDataStateTracker(  206): [hipri] old state = CONNECTING
02-13 13:26:55.616 W/NetworkStateTracker(  206): ### removePrivateDnsRoutes for iface  null   mPrivateDnsRouteSet[1] = false
02-13 13:26:55.616 W/NetworkStateTracker(  206):  skip removePrivateDnsRoutes. 
02-13 13:26:55.616 W/NetworkStateTracker(  206): removePrivateDnsRoutes : set mPrivateDnsRouteSet[1] = false
02-13 13:26:55.616 I/MobileDataStateTracker(  206): [hipri] updated mobile state info for INET6 : [state=DISCONNECTED, iface=null, mApnName=null, mIpAddress=null, mGateway=null]
02-13 13:26:55.616 D/NetworkStateTracker(  206): setDetailed state, old =CONNECTED and new state=CONNECTED
02-13 13:26:55.616 D/MobileDataStateTracker(  206): [dun]  MobileDataStateReceiver onReceive(): Entry.
02-13 13:26:55.616 D/MobileDataStateTracker(  206): [dun]  intent.getAction()= android.intent.action.ANY_DATA_STATE
02-13 13:26:55.616 D/MobileDataStateTracker(  206): [dun]  mEnabled = false
02-13 13:26:55.616 E/NatController( 1423): +++child prcess pid = 1423, tag = /system/bin/ip
02-13 13:26:55.626 I/MobileDataStateTracker(  206): [hipri] dct reports apn already active. Mobile data state: IPV4=[state=CONNECTED, iface=rmnet0, mApnName=null, mIpAddress=/174.156.234.163, mGateway=/174.156.234.161], IPV6=[state=DISCONNECTED, iface=null, mApnName=null, mIpAddress=null, mGateway=null]
02-13 13:26:55.626 I/DATA    (  331): [DCT(0) ] onUpdateDataConnections: reason=apnTypeEnabled
02-13 13:26:55.626 I/DATA    (  331): [DCT(0) ] ---dc list---
02-13 13:26:55.626 I/DATA    (  331): [DCT(0) ] cid = 0, state = DcActiveState, bearerType = IP, ipaddress = 174.156.234.163, gw=174.156.234.161, dns=[68.28.67.132, 68.28.68.132]
02-13 13:26:55.626 I/DATA    (  331): [DCT(0) ] ---ds list---
02-13 13:26:55.626 I/DATA    (  331): [DCT(0) ] ds= SERVICE_TYPE_DEFAULT, enabled = true, active = v4:CONNECTED(0) v6:IDLE
02-13 13:26:55.626 I/DATA    (  331): [DCT(0) ] ds= SERVICE_TYPE_MMS, enabled = false, active = v4:CONNECTED(0) v6:IDLE
02-13 13:26:55.626 I/DATA    (  331): [DCT(0) ] ds= SERVICE_TYPE_SUPL, enabled = false, active = v4:CONNECTED(0) v6:IDLE
02-13 13:26:55.626 I/DATA    (  331): [DCT(0) ] ds= SERVICE_TYPE_DUN, enabled = false, active = v4:IDLE v6:IDLE
02-13 13:26:55.636 I/DATA    (  331): [DCT(0) ] ds= SERVICE_TYPE_HIPRI, enabled = true, active = v4:CONNECTED(0) v6:IDLE
02-13 13:26:55.636 I/DATA    (  331): [DCT(0) ] Ready for data : 
02-13 13:26:55.646 D/MobileDataStateTracker(  206): [dun]  apnTypeList = hipri
02-13 13:26:55.646 D/MobileDataStateTracker(  206): [dun]  unavailable = false
02-13 13:26:55.646 D/MobileDataStateTracker(  206): [dun] Do not process intents if disabled.
02-13 13:26:55.646 D/MobileDataStateTracker(  206): [supl]  MobileDataStateReceiver onReceive(): Entry.
02-13 13:26:55.646 D/MobileDataStateTracker(  206): [supl]  intent.getAction()= android.intent.action.ANY_DATA_STATE
02-13 13:26:55.646 D/MobileDataStateTracker(  206): [supl]  mEnabled = false
02-13 13:26:55.646 D/MobileDataStateTracker(  206): [supl]  apnTypeList = hipri
02-13 13:26:55.646 D/MobileDataStateTracker(  206): [supl]  unavailable = false
02-13 13:26:55.646 D/MobileDataStateTracker(  206): [supl] Do not process intents if disabled.
02-13 13:26:55.646 D/MobileDataStateTracker(  206): [mms]  MobileDataStateReceiver onReceive(): Entry.
02-13 13:26:55.646 D/MobileDataStateTracker(  206): [mms]  intent.getAction()= android.intent.action.ANY_DATA_STATE
02-13 13:26:55.646 D/MobileDataStateTracker(  206): [mms]  mEnabled = false
02-13 13:26:55.656 I/DATA    (  331): [DCT(0) ]    getDesiredPowerState() = true
02-13 13:26:55.656 I/DATA    (  331): [DCT(0) ]    mCm.getRadioState() = RADIO_ON
02-13 13:26:55.656 I/DATA    (  331): [DCT(0) ]    [DataRadioTech = RADIO_TECH_EVDO_A, data network state = 0, mMasterDataEnabled = true, is Roaming = false, dataOnRoamingEnable = false, isPsRestricted = false, desiredPowerState  = true, mSIMRecords = , cdmaSubSource = 1/310120, mRuimRecords = , checks = true/true]
02-13 13:26:55.656 D/MobileDataStateTracker(  206): [mms]  apnTypeList = hipri
02-13 13:26:55.656 D/MobileDataStateTracker(  206): [mms]  unavailable = false
02-13 13:26:55.656 D/MobileDataStateTracker(  206): [mms] Do not process intents if disabled.
02-13 13:26:55.656 D/MobileDataStateTracker(  206): [default]  MobileDataStateReceiver onReceive(): Entry.
02-13 13:26:55.656 D/MobileDataStateTracker(  206): [default]  intent.getAction()= android.intent.action.ANY_DATA_STATE
02-13 13:26:55.656 D/MobileDataStateTracker(  206): [default]  mEnabled = true
02-13 13:26:55.656 D/MobileDataStateTracker(  206): [default]  apnTypeList = hipri
02-13 13:26:55.656 D/MobileDataStateTracker(  206): [default]  unavailable = false
02-13 13:26:55.656 D/MobileDataStateTracker(  206): [default] not what we are looking for.
02-13 13:26:55.656 E/NatController(  117): tag = /system/bin/ip, buffer[a] = RTNETLINK answers: No such process
02-13 13:26:55.656 E/NatController(  117): +++ parent2 block wait for child 1423 , tag = /system/bin/ip
02-13 13:26:55.656 E/NatController(  117): ## waited wpid = 1423
02-13 13:26:55.656 E/NatController(  117):  exit status = 2
02-13 13:26:55.656 E/NatController(  117): @@ /system/bin/ip terminated by exit(2)
02-13 13:26:55.666 E/NatController( 1424): +++child prcess pid = 1424, tag = /system/bin/ip
02-13 13:26:55.666 E/NatController(  117): +++ parent2 block wait for child 1424 , tag = /system/bin/ip
02-13 13:26:55.666 E/NatController(  117): ## waited wpid = 1424
02-13 13:26:55.666 E/NatController(  117):  exit status = 0
02-13 13:26:55.666 E/NatController( 1425): +++child prcess pid = 1425, tag = /system/bin/ip
02-13 13:26:55.666 E/NatController(  117): +++ parent2 block wait for child 1425 , tag = /system/bin/ip
02-13 13:26:55.666 E/NatController(  117): ## waited wpid = 1425
02-13 13:26:55.666 E/NatController(  117):  exit status = 0
02-13 13:26:55.666 W/NetworkStateTracker(  206): adding ipv4 dns 68.28.68.132 68.28.68.132 through rmnet0
02-13 13:26:55.676 E/NatController( 1426): +++child prcess pid = 1426, tag = /system/bin/ip
02-13 13:26:55.676 E/NatController(  117): tag = /system/bin/ip, buffer[a] = RTNETLINK answers: No such process
02-13 13:26:55.676 E/NatController(  117): +++ parent2 block wait for child 1426 , tag = /system/bin/ip
02-13 13:26:55.676 E/NatController(  117): ## waited wpid = 1426
02-13 13:26:55.676 E/NatController(  117):  exit status = 2
02-13 13:26:55.676 E/NatController(  117): @@ /system/bin/ip terminated by exit(2)
02-13 13:26:55.676 E/NatController( 1427): +++child prcess pid = 1427, tag = /system/bin/ip
02-13 13:26:55.676 E/NatController(  117): +++ parent2 block wait for child 1427 , tag = /system/bin/ip
02-13 13:26:55.676 E/NatController(  117): ## waited wpid = 1427
02-13 13:26:55.676 E/NatController(  117):  exit status = 0
02-13 13:26:55.676 E/NatController( 1428): +++child prcess pid = 1428, tag = /system/bin/ip
02-13 13:26:55.686 E/NatController(  117): +++ parent2 block wait for child 1428 , tag = /system/bin/ip
02-13 13:26:55.686 E/NatController(  117): ## waited wpid = 1428
02-13 13:26:55.686 E/NatController(  117):  exit status = 0
02-13 13:26:55.686 W/NetworkStateTracker(  206): addPrivateDnsRoutes : set mPrivateDnsRouteSet[0] = false
02-13 13:26:55.686 W/NetworkStateTracker(  206): ### addPrivateDnsRoutes for iface  null  mPrivateDnsRouteSet[1] = false
02-13 13:26:55.686 W/NetworkStateTracker(  206):  skip addPrivateDnsRoutes. 
02-13 13:26:55.697 D/Tethering(  206): MasterInitialState.processMessage what=3
02-13 13:26:55.697 D/GTalkService(  374): ##### Network broadcast (connected=true) type=mobile_hipri, state=CONNECTED
02-13 13:26:55.707 I/GTalkService(  374): [GTalkConnection.1] --- requestRouteToHost for TYPE_MOBILE_HIPRI, ipAddr=-1126083119
02-13 13:26:55.707 I/MobileDataStateTracker(  206): [hipri] Requested host route to 209.85.225.188 for hipri(rmnet0)
02-13 13:26:55.707 W/NetworkStateTracker(  206): net.tcp.buffersize.evdo not found in system properties. Using defaults
02-13 13:26:55.727 W/NetworkStateTracker(  206): ### addPrivateDnsRoutes for iface  rmnet0  mPrivateDnsRouteSet[0] = true
02-13 13:26:55.727 W/NetworkStateTracker(  206):  skip addPrivateDnsRoutes. 
02-13 13:26:55.727 W/NetworkStateTracker(  206): ### addPrivateDnsRoutes for iface  null  mPrivateDnsRouteSet[1] = false
02-13 13:26:55.727 W/NetworkStateTracker(  206):  skip addPrivateDnsRoutes. 
02-13 13:26:55.727 E/NatController( 1429): +++child prcess pid = 1429, tag = /system/bin/ip
02-13 13:26:55.727 E/NatController(  117): tag = /system/bin/ip, buffer[a] = RTNETLINK answers: No such process
02-13 13:26:55.727 E/NatController(  117): +++ parent2 block wait for child 1429 , tag = /system/bin/ip
02-13 13:26:55.727 D/Tethering(  206): MasterInitialState.processMessage what=3
02-13 13:26:55.737 E/NatController(  117): ## waited wpid = 1429
02-13 13:26:55.737 E/NatController(  117):  exit status = 2
02-13 13:26:55.737 E/NatController(  117): @@ /system/bin/ip terminated by exit(2)
02-13 13:26:55.747 E/NatController( 1432): +++child prcess pid = 1432, tag = /system/bin/ip
02-13 13:26:55.747 E/NatController(  117): +++ parent2 block wait for child 1432 , tag = /system/bin/ip
02-13 13:26:55.747 E/NatController(  117): ## waited wpid = 1432
02-13 13:26:55.747 E/NatController(  117):  exit status = 0
02-13 13:26:55.757 E/NatController( 1434): +++child prcess pid = 1434, tag = /system/bin/ip
02-13 13:26:55.767 D/GpsLocationProvider(  206): updateNetworkState available info: NetworkInfo: type: mobile_hipri[CDMA - EvDo rev. A], state: CONNECTED/CONNECTED, reason: apnTypeEnabled, extra: (none), roaming: false, failover: false, isAvailable: true, isIpv4Connected: true, isIpv6Connected: false, ipv4Name: rmnet0, ipv6Name: null
02-13 13:26:55.767 E/NatController(  117): +++ parent2 block wait for child 1434 , tag = /system/bin/ip
02-13 13:26:55.767 E/NatController(  117): ## waited wpid = 1434
02-13 13:26:55.767 E/NatController(  117):  exit status = 0
02-13 13:26:55.777 I/GTalkService(  374): [GTalkConnection.1] networkStateChanged for MOBILE_HIPRI: set MOBILE_HIPRI=true
02-13 13:26:55.777 I/GTalkService(  374): [GTalkConnection.1] networkStateChanged: active_net_type=0, current_net_type=0, in MOBILE_HIPRI, ignore
02-13 13:26:55.777 D/GTalkService(  374): ##### Network broadcast (connected=true) type=mobile_hipri, state=CONNECTED
02-13 13:26:55.777 I/GTalkService(  374): [GTalkConnection.1] --- requestRouteToHost for TYPE_MOBILE_HIPRI, ipAddr=-1126083119
02-13 13:26:55.777 I/MobileDataStateTracker(  206): [hipri] Requested host route to 209.85.225.188 for hipri(rmnet0)
02-13 13:26:55.777 E/NatController( 1435): +++child prcess pid = 1435, tag = /system/bin/ip
02-13 13:26:55.777 E/NatController(  117): +++ parent2 block wait for child 1435 , tag = /system/bin/ip
02-13 13:26:55.787 E/NatController(  117): ## waited wpid = 1435
02-13 13:26:55.787 E/NatController(  117):  exit status = 0
02-13 13:26:55.787 E/NatController( 1438): +++child prcess pid = 1438, tag = /system/bin/ip
02-13 13:26:55.797 E/NatController(  117): +++ parent2 block wait for child 1438 , tag = /system/bin/ip
02-13 13:26:55.797 E/NatController(  117): ## waited wpid = 1438
02-13 13:26:55.797 E/NatController(  117):  exit status = 0
02-13 13:26:55.797 E/NatController( 1439): +++child prcess pid = 1439, tag = /system/bin/ip
02-13 13:26:55.807 E/NatController(  117): +++ parent2 block wait for child 1439 , tag = /system/bin/ip
02-13 13:26:55.807 E/NatController(  117): ## waited wpid = 1439
02-13 13:26:55.807 E/NatController(  117):  exit status = 0
02-13 13:26:55.807 E/NatController( 1440): +++child prcess pid = 1440, tag = /system/bin/ip
02-13 13:26:55.807 E/NatController(  117): +++ parent2 block wait for child 1440 , tag = /system/bin/ip
02-13 13:26:55.807 E/NatController(  117): ## waited wpid = 1440
02-13 13:26:55.807 E/NatController(  117):  exit status = 0
02-13 13:26:55.827 I/GTalkService(  374): [GTalkConnection.1] networkStateChanged for MOBILE_HIPRI: set MOBILE_HIPRI=true
02-13 13:26:55.827 I/GTalkService(  374): [GTalkConnection.1] networkStateChanged: active_net_type=0, current_net_type=0, in MOBILE_HIPRI, ignore
02-13 13:26:55.847 I/ActivityThread( 1430): Pub com.google.android.apps.uploader: com.google.android.apps.uploader.UploadsContentProvider
02-13 13:26:55.857 I/ActivityThread( 1430): Pub com.google.photos.provider.Album: com.google.android.apps.uploader.clients.picasa.AlbumProvider
02-13 13:26:55.857 D/MediaUploader( 1430): UploaderApplication.onCreate
02-13 13:26:55.877 D/MediaUploader( 1430): nonWifiLimit=20971520, default=20971520
02-13 13:26:55.877 I/MediaUploader( 1430): No need to wake up
02-13 13:26:56.037 I/MediaUploader( 1430): No need to wake up
02-13 13:26:56.087 D/AlarmManager(  206): +++Alarm set:type=0 com.google.android.gsf  Trigger after:525065868ms
02-13 13:26:56.097 D/GpsLocationProvider(  206): getAGpsConnectionInfo connType - 3
02-13 13:26:56.107 D/AlarmManager(  206): +++Alarm set:type=0 com.google.android.gsf  Trigger after:525065852ms
02-13 13:26:56.137 I/MobileDataStateTracker(  206): [hipri] Requested host route to 68.28.31.7 for hipri(rmnet0)
02-13 13:26:56.137 E/NatController( 1447): +++child prcess pid = 1447, tag = /system/bin/ip
02-13 13:26:56.147 E/NatController(  117): tag = /system/bin/ip, buffer[a] = RTNETLINK answers: No such process
02-13 13:26:56.147 E/NatController(  117): +++ parent2 block wait for child 1447 , tag = /system/bin/ip
02-13 13:26:56.147 E/NatController(  117): ## waited wpid = 1447
02-13 13:26:56.147 E/NatController(  117):  exit status = 2
02-13 13:26:56.147 E/NatController(  117): @@ /system/bin/ip terminated by exit(2)
02-13 13:26:56.147 E/NatController( 1448): +++child prcess pid = 1448, tag = /system/bin/ip
02-13 13:26:56.147 E/NatController(  117): +++ parent2 block wait for child 1448 , tag = /system/bin/ip
02-13 13:26:56.147 E/NatController(  117): ## waited wpid = 1448
02-13 13:26:56.147 E/NatController(  117):  exit status = 0
02-13 13:26:56.147 E/NatController( 1449): +++child prcess pid = 1449, tag = /system/bin/ip
02-13 13:26:56.147 E/NatController(  117): +++ parent2 block wait for child 1449 , tag = /system/bin/ip
02-13 13:26:56.147 E/NatController(  117): ## waited wpid = 1449
02-13 13:26:56.147 E/NatController(  117):  exit status = 0
02-13 13:26:59.790 D/PowerManagerService(  206): setPowerState: mPowerState=0x3 newState=0x1 noChangeLights=false reason=3
02-13 13:27:00.031 D/KeyguardUpdateMonitor(  206): received broadcast android.intent.action.TIME_TICK
02-13 13:27:00.031 D/KeyguardUpdateMonitor(  206): handleTimeUpdate
02-13 13:27:01.202 I/wpa_supplicant(  304): State: INACTIVE -> SCANNING
02-13 13:27:01.202 I/wpa_supplicant(  304): CTRL-EVENT-STATE-CHANGE id=-1 state=2 BSSID=00:00:00:00:00:00
02-13 13:27:01.212 D/NetworkStateTracker(  206): setDetailed state, old =IDLE and new state=SCANNING
02-13 13:27:02.073 I/dun_service(  130): The value returned from dun_getusbmodemstate_fromsys is 2 
02-13 13:27:02.113 D/KeyguardUpdateMonitor(  206): received broadcast android.intent.action.BATTERY_CHANGED
02-13 13:27:02.113 D/KeyguardUpdateMonitor(  206): handleBatteryUpdate
02-13 13:27:02.183 I/wpa_supplicant(  304): State: SCANNING -> INACTIVE
02-13 13:27:02.183 I/wpa_supplicant(  304): CTRL-EVENT-STATE-CHANGE id=-1 state=1 BSSID=00:00:00:00:00:00
02-13 13:27:02.183 I/dun_service(  130): process rmnet event
02-13 13:27:02.183 I/dun_service(  130): Post event 4
02-13 13:27:02.193 I/dun_service(  130): received event: DUN_EVENT_RMNET_UP 
02-13 13:27:02.193 I/dun_service(  130): received event(DUN_EVENT_RMNET_UP) in state(DUN_STATE_USB_UNPLUG)
02-13 13:27:02.193 I/dun_service(  130): Ignoring the event DUN_EVENT_RMNET_UP in USB_UNPLUG_STATE
02-13 13:27:02.193 I/dun_service(  130): Moved to state(DUN_STATE_USB_UNPLUG)
02-13 13:27:02.193 D/NetworkStateTracker(  206): setDetailed state, old =SCANNING and new state=IDLE
02-13 13:27:02.193 D/WifiStateTracker(  206): setNotificationVisible() visible=false mNotificationShown=false force=false return.
02-13 13:27:02.213 I/ContactsProvider(  402): updateInTransaction: content://com.android.contacts/data/797?caller_is_syncadapter=true
02-13 13:27:02.213 E/ContactsProvider(  402): 20101020 isDataReadOnly, dataId:797
02-13 13:27:02.223 E/ContactsProvider(  402): 20101020 isReadOnlyRawContact, rawContactId:124
02-13 13:27:02.223 E/ContactsProvider(  402): ContactsProvider2 isContactLocked:0
02-13 13:27:02.223 I/ContactsProvider(  402): query: content://com.android.contacts/data/797?caller_is_syncadapter=true
02-13 13:27:02.223 E/ContactsProvider(  402): 101123 isCallerRegisterNeedSIMProc callerPid:374, acorePid:402
02-13 13:27:02.233 I/ContactsProvider(  402): query isCallerRegistered= false
02-13 13:27:02.233 I/ContactsProvider(  402): query forOnlyOneContactString= 0
02-13 13:27:02.233 I/ContactsProvider(  402): DataRowHandler  update:  124
02-13 13:27:02.974 D/Finsky  (  796): [32] RadioHttpClient.perhapsStopUsingRadio: Giving back radio.
02-13 13:27:02.984 D/Volley  (  796): [32] BasicNetwork.logSlowRequests: HTTP response for request=<[ ] http://68.28.31.7/http://vm.sprintpcs.com/CarrierBilling/getProvisioning NORMAL 36> [lifetime=7448], [size=1651], [rc=200], [retryCount=0]
02-13 13:27:02.994 D/Volley  (  796): [1] Request.finish: 7465 ms: [ ] http://68.28.31.7/http://vm.sprintpcs.com/CarrierBilling/getProvisioning NORMAL 36
02-13 13:27:03.324 I/ContactsProvider(  402): updateInTransaction: content://com.android.contacts/data/845?caller_is_syncadapter=true
02-13 13:27:03.324 E/ContactsProvider(  402): 20101020 isDataReadOnly, dataId:845
02-13 13:27:03.344 E/ContactsProvider(  402): 20101020 isReadOnlyRawContact, rawContactId:132
02-13 13:27:03.354 E/ContactsProvider(  402): ContactsProvider2 isContactLocked:0
02-13 13:27:03.354 I/ContactsProvider(  402): query: content://com.android.contacts/data/845?caller_is_syncadapter=true
02-13 13:27:03.354 E/ContactsProvider(  402): 101123 isCallerRegisterNeedSIMProc callerPid:374, acorePid:402
02-13 13:27:03.374 I/ContactsProvider(  402): query isCallerRegistered= false
02-13 13:27:03.384 I/ContactsProvider(  402): query forOnlyOneContactString= 0
02-13 13:27:03.404 I/ContactsProvider(  402): DataRowHandler  update:  132
02-13 13:27:04.085 D/Volley  (  796): [17] BasicNetwork.logSlowRequests: HTTP response for request=<[ ] http://lh6.ggpht.com/fXVQo61yPxeM9sdRCxLHOGhxFub0fAQGOhvkQZ1ke8Jw0JRIzAy4nVzzfNmx3vuMcun-=w480 LOW 23> [lifetime=17818], [size=43909], [rc=200], [retryCount=2]
02-13 13:27:04.165 D/Volley  (  796): [1] Request.finish: 17932 ms: [ ] http://lh6.ggpht.com/fXVQo61yPxeM9sdRCxLHOGhxFub0fAQGOhvkQZ1ke8Jw0JRIzAy4nVzzfNmx3vuMcun-=w480 LOW 23
02-13 13:27:04.185 D/Volley  (  796): [16] BasicNetwork.logSlowRequests: HTTP response for request=<[ ] http://www.gstatic.com/android/market/merchandising/youtube/phone/2012_02_08/__72U0EKfhQ.jpg LOW 25> [lifetime=10379], [size=33949], [rc=200], [retryCount=1]
02-13 13:27:04.235 D/Volley  (  796): [1] Request.finish: 17984 ms: [ ] http://www.gstatic.com/android/market/merchandising/youtube/phone/2012_02_08/__72U0EKfhQ.jpg LOW 25
02-13 13:27:04.725 I/ContactsProvider(  402): updateInTransaction: content://com.android.contacts/data/911?caller_is_syncadapter=true
02-13 13:27:04.725 E/ContactsProvider(  402): 20101020 isDataReadOnly, dataId:911
02-13 13:27:04.765 E/ContactsProvider(  402): 20101020 isReadOnlyRawContact, rawContactId:143
02-13 13:27:04.765 E/ContactsProvider(  402): ContactsProvider2 isContactLocked:0
02-13 13:27:04.775 I/ContactsProvider(  402): query: content://com.android.contacts/data/911?caller_is_syncadapter=true
02-13 13:27:04.775 E/ContactsProvider(  402): 101123 isCallerRegisterNeedSIMProc callerPid:374, acorePid:402
02-13 13:27:04.785 I/ContactsProvider(  402): query isCallerRegistered= false
02-13 13:27:04.785 I/ContactsProvider(  402): query forOnlyOneContactString= 0
02-13 13:27:04.805 I/ContactsProvider(  402): DataRowHandler  update:  143
02-13 13:27:05.906 D/Volley  (  796): [18] BasicNetwork.logSlowRequests: HTTP response for request=<[ ] http://www.gstatic.com/android/market/merchandising/youtube/phone/2012_02_08/promotion_2012_02_13_unvalentine.jpg LOW 24> [lifetime=19662], [size=36866], [rc=200], [retryCount=2]
02-13 13:27:05.987 D/Volley  (  796): [1] Request.finish: 19750 ms: [ ] http://www.gstatic.com/android/market/merchandising/youtube/phone/2012_02_08/promotion_2012_02_13_unvalentine.jpg LOW 24
02-13 13:27:05.997 D/Volley  (  796): [1] Request.finish: 14144 ms: [ ] https://android.clients.google.com/fdfe/search?c=0&q=voice NORMAL 35
02-13 13:27:06.017 I/ContactsProvider(  402): updateInTransaction: content://com.android.contacts/data/930?caller_is_syncadapter=true
02-13 13:27:06.017 E/ContactsProvider(  402): 20101020 isDataReadOnly, dataId:930
02-13 13:27:06.027 E/ContactsProvider(  402): 20101020 isReadOnlyRawContact, rawContactId:146
02-13 13:27:06.027 E/ContactsProvider(  402): ContactsProvider2 isContactLocked:0
02-13 13:27:06.027 I/ContactsProvider(  402): query: content://com.android.contacts/data/930?caller_is_syncadapter=true
02-13 13:27:06.037 E/ContactsProvider(  402): 101123 isCallerRegisterNeedSIMProc callerPid:374, acorePid:402
02-13 13:27:06.037 I/ContactsProvider(  402): query isCallerRegistered= false
02-13 13:27:06.037 I/ContactsProvider(  402): query forOnlyOneContactString= 0
02-13 13:27:06.037 I/ContactsProvider(  402): DataRowHandler  update:  146
02-13 13:27:06.807 D/PowerManagerService(  206): setPowerState: mPowerState=0x1 newState=0x0 noChangeLights=false reason=3
02-13 13:27:06.867 D/PowerManagerService(  206): acquireWakeLock flags=0x1 tag=sleep_broadcast
02-13 13:27:06.867 D/PowerManagerService(  206): Go to standby ,PARTIAL_WAKE_LOCK tag = *sync*
02-13 13:27:06.867 D/PowerManagerService(  206): Go to standby ,PARTIAL_WAKE_LOCK tag = DownloadManager
02-13 13:27:06.867 D/PowerManagerService(  206): Go to standby ,PARTIAL_WAKE_LOCK tag = sleep_broadcast
02-13 13:27:06.867 D/KeyguardViewMediator(  206): onScreenTurnedOff(3)
02-13 13:27:06.877 D/AlarmManager(  206): +++Alarm set:type=2 android  Trigger after:4997ms
02-13 13:27:06.877 D/KeyguardViewMediator(  206): setting alarm to turn off keyguard, seq = 6
02-13 13:27:06.887 E/Sensors (  206): [HAL]ready to call enable(Accelerometer,0),AAAAAAAA
02-13 13:27:06.887 E/Sensors (  206): [HAL]ECS_IOCTL_APP_SET_AFLAG 	success,flags = 0
02-13 13:27:06.887 E/Sensors (  206): [HAL]After {mEnabled &= ~(1<<what)},mEnabled = 0
02-13 13:27:06.887 E/Sensors (  206): [HAL]After {(newState)<<what)},mEnabled = 0
02-13 13:27:06.887 E/Sensors (  206): [HAL]Closed /dev/akm8962_aot in enable(Accelerometer,0),mEnable = 0
02-13 13:27:06.897 D/PowerManagerService(  206): acquireWakeLock flags=0x1 tag=ActivityManager-Sleep
02-13 13:27:06.917 D/PowerManagerService(  206): releaseWakeLock flags=0x1 tag=ActivityManager-Sleep
02-13 13:27:06.947 D/AlarmManager(  206): +++Alarm set:type=0 android  Trigger after:120000ms
02-13 13:27:06.947 D/PowerManagerService(  206): acquireWakeLock flags=0x1 tag=RILJ
02-13 13:27:06.947 I/DATA    (  331): [DCT(0) ] intent received :android.intent.action.SCREEN_OFF
02-13 13:27:06.957 D/PowerManagerService(  206): releaseWakeLock flags=0x1 tag=RILJ
02-13 13:27:06.957 D/PowerManagerService(  206): releaseWakeLock flags=0x1 tag=sleep_broadcast
02-13 13:27:08.449 D/Volley  (  796): [15] BasicNetwork.logSlowRequests: HTTP response for request=<[ ] http://www.gstatic.com/android/market/merchandising/music/phone/2012_02_06/promotion_albums_2012_02_06_LoverForLess.jpg LOW 21> [lifetime=22285], [size=23180], [rc=200], [retryCount=2]
02-13 13:27:08.539 D/Volley  (  796): [1] Request.finish: 22383 ms: [ ] http://www.gstatic.com/android/market/merchandising/music/phone/2012_02_06/promotion_albums_2012_02_06_LoverForLess.jpg LOW 21
02-13 13:27:09.240 I/ContactsProvider(  402): updateInTransaction: content://com.android.contacts/data/936?caller_is_syncadapter=true
02-13 13:27:09.250 E/ContactsProvider(  402): 20101020 isDataReadOnly, dataId:936
02-13 13:27:09.270 E/ContactsProvider(  402): 20101020 isReadOnlyRawContact, rawContactId:147
02-13 13:27:09.270 E/ContactsProvider(  402): ContactsProvider2 isContactLocked:0
02-13 13:27:09.280 I/ContactsProvider(  402): query: content://com.android.contacts/data/936?caller_is_syncadapter=true
02-13 13:27:09.280 E/ContactsProvider(  402): 101123 isCallerRegisterNeedSIMProc callerPid:374, acorePid:402
02-13 13:27:09.290 I/ContactsProvider(  402): query isCallerRegistered= false
02-13 13:27:09.290 I/ContactsProvider(  402): query forOnlyOneContactString= 0
02-13 13:27:09.300 I/ContactsProvider(  402): DataRowHandler  update:  147
02-13 13:27:11.792 D/Volley  (  796): [12] BasicNetwork.logSlowRequests: HTTP response for request=<[ ] https://market.android.com/suggest/SuggRequest?query=v&json=1&hl=en&gl=US NORMAL 33> [lifetime=22380], [size=2], [rc=200], [retryCount=0]
02-13 13:27:11.792 D/Volley  (  796): [1] Request.finish: 22397 ms: [ ] https://market.android.com/suggest/SuggRequest?query=v&json=1&hl=en&gl=US NORMAL 33
02-13 13:27:11.822 W/SuggestionsAdapter(  796): Tried to change cursor after adapter was closed.
02-13 13:27:11.872 W/AlarmManager(  206): +++Alarm  wakeup phone ,pkg=android
02-13 13:27:11.872 D/PowerManagerService(  206): acquireWakeLock flags=0x1 tag=AlarmManager
02-13 13:27:11.882 D/lisha   (  206): isLockedOrMissing ***state.isPinLocked()=false***requireSim = true***state=READY
02-13 13:27:11.882 D/lisha   (  206): ***lockedOrMissing=false***provisioned=true
02-13 13:27:11.882 D/KeyguardViewMediator(  206): doKeyguard: showing the lock screen
02-13 13:27:11.882 D/KeyguardViewMediator(  206): showLocked
02-13 13:27:11.882 D/PowerManagerService(  206): acquireWakeLock flags=0x1 tag=show keyguard
02-13 13:27:11.882 D/KeyguardViewMediator(  206): handleShow
02-13 13:27:11.892 I/LockPatternKeyguardView(  206): updateLockscreenBackground
02-13 13:27:11.892 I/LockPatternKeyguardView(  206): setBackgroundDrawable
02-13 13:27:11.892 I/LockPatternKeyguardView(  206): file not found: etc/customize/default_lockscreen
02-13 13:27:11.902 W/AlarmManager(  206): +++alarm onSendFinished ,action=com.android.internal.policy.impl.PhoneWindowManager.DELAYED_KEYGUARD
02-13 13:27:11.902 D/PowerManagerService(  206): releaseWakeLock flags=0x1 tag=AlarmManager
02-13 13:27:11.942 D/Volley  (  796): [18] BasicNetwork.logSlowRequests: HTTP response for request=<[ ] http://www.gstatic.com/android/market/merchandising/music/2012_02_06/series_overview_videofeature_2011_11_04_5.jpg LOW 28> [lifetime=5933], [size=18902], [rc=200], [retryCount=1]
02-13 13:27:11.962 D/LockScreen(  206): initCarrierVisibility - mResId.length=2, mCarrier.length=1
02-13 13:27:11.962 D/LockScreen(  206): updateLayout: status=Normalsubscription=0
02-13 13:27:11.972 D/LockScreen(  206): Updating Lock Screen text to Ruim
02-13 13:27:11.972 D/LockPatternKeyguardView(  206): LockPatternKeyguardView ctor: about to createUnlockScreenFor; mEnableFallback=false
02-13 13:27:11.972 D/UnlockScreen(  206): *******mCreationOrientation = 1
02-13 13:27:11.982 D/Volley  (  796): [1] Request.finish: 25712 ms: [ ] http://www.gstatic.com/android/market/merchandising/music/2012_02_06/series_overview_videofeature_2011_11_04_5.jpg LOW 28
02-13 13:27:12.022 D/LockPatternKeyguardView(  206): createUnlockScreenFor(Pattern): mEnableFallback=false
02-13 13:27:12.052 I/LockPatternKeyguardView(  206): updateLockscreenBackground
02-13 13:27:12.052 I/LockPatternKeyguardView(  206): setBackgroundDrawable
02-13 13:27:12.052 I/LockPatternKeyguardView(  206): file not found: etc/customize/default_lockscreen
02-13 13:27:12.052 D/LockScreen(  206): updateLayout: status=Normalsubscription=0
02-13 13:27:12.052 D/LockScreen(  206): Updating Lock Screen text to Ruim
02-13 13:27:12.062 D/KeyguardViewMediator(  206): adjustUserActivityLocked mShowing: true mHidden: false
02-13 13:27:12.062 D/PowerManagerService(  206): releaseWakeLock flags=0x1 tag=show keyguard
02-13 13:27:12.072 D/KeyguardViewMediator(  206): setHidden false
02-13 13:27:12.093 D/Launcher(  900): Closing system Dialogs 
02-13 13:27:12.123 D/Volley  (  796): [16] BasicNetwork.logSlowRequests: HTTP response for request=<[ ] http://www.gstatic.com/android/market/merchandising/ocean/phone/2012_02_06/promotion_2012_02_02_val.jpg LOW 27> [lifetime=7880], [size=32278], [rc=200], [retryCount=1]
02-13 13:27:12.143 D/KeyguardViewMediator(  206): setHidden false
02-13 13:27:12.143 D/KeyguardViewMediator(  206): setHidden false
