02-13 14:08:01.978 D/MobileDataStateTracker(  206): [dun]  mEnabled = false
02-13 14:08:01.978 D/MobileDataStateTracker(  206): [supl]  MobileDataStateReceiver onReceive(): Entry.
02-13 14:08:01.978 D/MobileDataStateTracker(  206): [supl]  intent.getAction()= android.intent.action.SERVICE_STATE
02-13 14:08:01.978 D/MobileDataStateTracker(  206): [supl]  mEnabled = false
02-13 14:08:01.978 D/CallManager(  331):  handleMessage (EVENT_SERVICE_STATE_CHANGED)
02-13 14:08:01.978 E/BT HS/HF(  331): SERVICE_STATE_CHANGED called
02-13 14:08:01.978 E/BT HS/HF(  331): updateServiceState called, sendUpdate:false  ServiceState:0 home Sprint  310099  EvDo rev. A CSS not supported 41 4139RoamInd: 1RoamStatus(sprint): 1DefRoamInd: 160EmergOnly: false
02-13 14:08:01.978 E/BT HS/HF(  331): service:1 mService:1
02-13 14:08:01.978 D/DATA    (  331): [DSST(0)]  registrationState = 1  radioTechnology = 8 reasonForDenial = 0
02-13 14:08:01.978 D/DATA    (  331): [DSST(0)]  set mNewDataConnectionState = 0
02-13 14:08:01.978 D/DATA    (  331): [DSST(0)]  mNewDataConnectionState : 0  mDataConnectionState : 0
02-13 14:08:01.978 D/DATA    (  331): [DSST(0)] Poll ServiceState done: oldSS=[0 home null null null  EvDo rev. A CSS not supported -1 -1RoamInd: -1RoamStatus(sprint): -1DefRoamInd: -1EmergOnly: false] newSS=[0 home null null null  EvDo rev. A CSS not supported -1 -1RoamInd: -1RoamStatus(sprint): -1DefRoamInd: -1EmergOnly: false]
02-13 14:08:01.978 D/DATA    (  331): [DSST(0)]  mDataConnectionState = 0
02-13 14:08:01.988 D/MobileDataStateTracker(  206): [mms]  MobileDataStateReceiver onReceive(): Entry.
02-13 14:08:01.988 D/MobileDataStateTracker(  206): [mms]  intent.getAction()= android.intent.action.SERVICE_STATE
02-13 14:08:01.988 D/MobileDataStateTracker(  206): [mms]  mEnabled = false
02-13 14:08:01.988 D/MobileDataStateTracker(  206): [default]  MobileDataStateReceiver onReceive(): Entry.
02-13 14:08:01.988 D/MobileDataStateTracker(  206): [default]  intent.getAction()= android.intent.action.SERVICE_STATE
02-13 14:08:01.988 D/MobileDataStateTracker(  206): [default]  mEnabled = true
02-13 14:08:02.048 D/Mms     ( 1781): currentRoamingStatus:1
02-13 14:08:02.058 E/MediaPlayer( 2404): getCurrentPosition sec = 796212
02-13 14:08:02.058 E/MediaPlayer( 2404): getDuration_l mDuration = 1296418
02-13 14:08:03.069 E/MediaPlayer( 2404): getCurrentPosition sec = 796212
02-13 14:08:03.069 E/MediaPlayer( 2404): getDuration_l mDuration = 1296418
02-13 14:08:03.250 D/AudioHardwareMSM7X30(  121): AudioStreamOutMSM72xx::standby()
02-13 14:08:03.250 D/AudioHardwareMSM7X30(  121): Deroute pcm out stream
02-13 14:08:03.250 D/AudioHardwareMSM7X30(  121): updateDeviceInfo: E rx_device 2 and tx_device 3
02-13 14:08:03.250 D/AudioHardwareMSM7X30(  121): No active voicecall/playback, disabling cur_rx 2
02-13 14:08:03.250 D/AudioHardwareMSM7X30(  121): value of device and enable is 2 0 ALSA dev id:3
02-13 14:08:03.260 D/AudioHardwareMSM7X30(  121): No active voicecall/recording, disabling cur_tx 3
02-13 14:08:03.260 D/AudioHardwareMSM7X30(  121): value of device and enable is 3 0 ALSA dev id:10
02-13 14:08:03.260 E/AudioHardwareMSM7X30(  121): There is no node in the routing table!
02-13 14:08:03.260 D/AudioHardwareMSM7X30(  121): updateDeviceInfo: X cur_rx 2 cur_tx 3
02-13 14:08:04.080 E/MediaPlayer( 2404): getCurrentPosition sec = 796212
02-13 14:08:04.080 E/MediaPlayer( 2404): getDuration_l mDuration = 1296418
02-13 14:08:05.071 E/MediaPlayer( 2404): getCurrentPosition sec = 796212
02-13 14:08:05.071 E/MediaPlayer( 2404): getDuration_l mDuration = 1296418
02-13 14:08:06.082 E/MediaPlayer( 2404): getCurrentPosition sec = 796212
02-13 14:08:06.082 E/MediaPlayer( 2404): getDuration_l mDuration = 1296418
02-13 14:08:07.093 E/MediaPlayer( 2404): getCurrentPosition sec = 796212
02-13 14:08:07.093 E/MediaPlayer( 2404): getDuration_l mDuration = 1296418
02-13 14:08:08.094 E/MediaPlayer( 2404): getCurrentPosition sec = 796212
02-13 14:08:08.094 E/MediaPlayer( 2404): getDuration_l mDuration = 1296418
02-13 14:08:09.095 E/MediaPlayer( 2404): getCurrentPosition sec = 796212
02-13 14:08:09.095 E/MediaPlayer( 2404): getDuration_l mDuration = 1296418
02-13 14:08:09.356 W/AudioTrack(  121): obtainBuffer() track 0x23e98 disabled, restarting
02-13 14:08:09.356 D/AudioFlinger(  121): start(4098), calling thread 121 session 31
02-13 14:08:09.366 D/AudioHardwareMSM7X30(  121): value of device and enable is 2 1 ALSA dev id:3
02-13 14:08:09.456 D/AudioHardwareMSM7X30(  121): msm_route_stream(PCM_PLAY,5,3,1)
02-13 14:08:09.456 W/AudioFlinger(  121): write blocked for 91 msecs, 8 delayed writes, thread 0x1b7f0
02-13 14:08:10.106 E/MediaPlayer( 2404): getCurrentPosition sec = 797036
02-13 14:08:10.106 E/MediaPlayer( 2404): getDuration_l mDuration = 1296418
02-13 14:08:11.097 E/MediaPlayer( 2404): getCurrentPosition sec = 798134
02-13 14:08:11.097 E/MediaPlayer( 2404): getDuration_l mDuration = 1296418
02-13 14:08:12.108 E/MediaPlayer( 2404): getCurrentPosition sec = 798408
02-13 14:08:12.108 E/MediaPlayer( 2404): getDuration_l mDuration = 1296418
02-13 14:08:13.109 E/MediaPlayer( 2404): getCurrentPosition sec = 798408
02-13 14:08:13.109 E/MediaPlayer( 2404): getDuration_l mDuration = 1296418
02-13 14:08:13.910 E/OverlayLIB(  206): setPosition failed
02-13 14:08:13.910 E/Overlay (  206): int setPositionHandleState(overlay_control_context_t*, overlay_object*, overlay_rect&, int, int, uint32_t, uint32_t):Failed for channel 0
02-13 14:08:13.910 D/KeyguardViewMediator(  206): setHidden false
02-13 14:08:13.920 D/PhoneApp(  331): updateProximitySensorMode: state = IDLE
02-13 14:08:13.930 E/OverlayLIB(  206): setPosition failed
02-13 14:08:13.930 E/Overlay (  206): int setPositionHandleState(overlay_control_context_t*, overlay_object*, overlay_rect&, int, int, uint32_t, uint32_t):Failed for channel 0
02-13 14:08:13.930 D/PhoneApp(  331): updateProximitySensorMode: lock already released.
02-13 14:08:13.950 D/KeyguardViewMediator(  206): setHidden false
02-13 14:08:13.950 D/KeyguardViewMediator(  206): setHidden false
02-13 14:08:13.960 D/KeyguardViewMediator(  206): setHidden false
02-13 14:08:13.970 E/OverlayLIB(  206): setPosition failed
02-13 14:08:13.970 E/Overlay (  206): int setPositionHandleState(overlay_control_context_t*, overlay_object*, overlay_rect&, int, int, uint32_t, uint32_t):Failed for channel 0
02-13 14:08:13.980 D/KeyguardViewMediator(  206): setHidden false
02-13 14:08:14.010 D/KeyguardViewMediator(  206): setHidden false
02-13 14:08:14.010 D/KeyguardViewMediator(  206): setHidden false
02-13 14:08:14.020 D/KeyguardViewMediator(  206): setHidden false
02-13 14:08:14.030 E/OverlayLIB(  206): setPosition failed
02-13 14:08:14.030 E/Overlay (  206): int setPositionHandleState(overlay_control_context_t*, overlay_object*, overlay_rect&, int, int, uint32_t, uint32_t):Failed for channel 0
02-13 14:08:14.030 D/KeyguardViewMediator(  206): setHidden false
02-13 14:08:14.040 E/OverlayLIB(  206): setPosition failed
02-13 14:08:14.040 E/Overlay (  206): int setPositionHandleState(overlay_control_context_t*, overlay_object*, overlay_rect&, int, int, uint32_t, uint32_t):Failed for channel 0
02-13 14:08:14.040 D/OmaDrmReceiver(  685): android.intent.action.CONFIGURATION_CHANGED
02-13 14:08:14.050 D/KeyguardViewMediator(  206): setHidden false
02-13 14:08:14.050 D/KeyguardViewMediator(  206): setHidden false
02-13 14:08:14.060 I/OmaDrmService(  685): Language changed!!!!!!
02-13 14:08:14.060 E/OverlayLIB(  206): setPosition failed
02-13 14:08:14.060 E/Overlay (  206): int setPositionHandleState(overlay_control_context_t*, overlay_object*, overlay_rect&, int, int, uint32_t, uint32_t):Failed for channel 0
02-13 14:08:14.060 D/KeyguardViewMediator(  206): setHidden false
02-13 14:08:14.060 D/KeyguardViewMediator(  206): setHidden false
02-13 14:08:14.070 D/KeyguardViewMediator(  206): setHidden false
02-13 14:08:14.070 D/KeyguardViewMediator(  206): setHidden false
02-13 14:08:14.080 E/OverlayLIB(  206): setPosition failed
02-13 14:08:14.080 E/Overlay (  206): int setPositionHandleState(overlay_control_context_t*, overlay_object*, overlay_rect&, int, int, uint32_t, uint32_t):Failed for channel 0
02-13 14:08:14.090 D/KeyguardViewMediator(  206): setHidden false
02-13 14:08:14.090 D/KeyguardViewMediator(  206): setHidden false
02-13 14:08:14.110 D/KeyguardViewMediator(  206): setHidden false
02-13 14:08:14.110 E/MediaPlayer( 2404): getCurrentPosition sec = 798408
02-13 14:08:14.110 E/MediaPlayer( 2404): getDuration_l mDuration = 1296418
02-13 14:08:14.110 D/KeyguardViewMediator(  206): setHidden false
02-13 14:08:14.110 D/KeyguardViewMediator(  206): setHidden false
02-13 14:08:14.120 D/KeyguardViewMediator(  206): setHidden false
02-13 14:08:14.400 D/PowerManagerService(  206): UnPartial  wakeLock  reactivate ,flags=0xa tag=KEEP_SCREEN_ON_FLAG
02-13 14:08:14.571 D/Launcher(  900): Closing system Dialogs 
02-13 14:08:14.581 D/AudioHardwareMSM7X30(  121): AudioStreamOutMSM72xx::standby()
02-13 14:08:14.581 D/AudioHardwareMSM7X30(  121): Deroute pcm out stream
02-13 14:08:14.581 D/AudioHardwareMSM7X30(  121): updateDeviceInfo: E rx_device 2 and tx_device 3
02-13 14:08:14.581 D/AudioHardwareMSM7X30(  121): No active voicecall/playback, disabling cur_rx 2
02-13 14:08:14.581 D/AudioHardwareMSM7X30(  121): value of device and enable is 2 0 ALSA dev id:3
02-13 14:08:14.591 D/AudioHardwareMSM7X30(  121): No active voicecall/recording, disabling cur_tx 3
02-13 14:08:14.591 D/AudioHardwareMSM7X30(  121): value of device and enable is 3 0 ALSA dev id:10
02-13 14:08:14.591 E/AudioHardwareMSM7X30(  121): There is no node in the routing table!
02-13 14:08:14.591 D/AudioHardwareMSM7X30(  121): updateDeviceInfo: X cur_rx 2 cur_tx 3
02-13 14:08:15.051 W/AudioTrack(  121): obtainBuffer() track 0x23e98 disabled, restarting
02-13 14:08:15.051 D/AudioFlinger(  121): start(4098), calling thread 121 session 31
02-13 14:08:15.061 D/AudioTrack(  121): stop 0x23e98
02-13 14:08:15.061 D/AudioFlinger(  121): stop(4098), calling thread 2404
02-13 14:08:15.061 D/AudioTrack(  121): stop 0x23e98
02-13 14:08:15.061 W/TimedEventQueue(  121): Event 69712 was not found in the queue, already cancelled?
02-13 14:08:15.071 D/AudioFlinger(  121): remove track (4098) and delete from mixer
02-13 14:08:15.071 E/OMX-VDEC-720P(  121): 
02-13 14:08:15.071 E/OMX-VDEC-720P(  121):  send_command_proxy(): Current State 3, Expected State 2
02-13 14:08:15.071 E/OMX-VDEC-720P(  121): 
02-13 14:08:15.071 E/OMX-VDEC-720P(  121):  send_command_proxy(): OMX_CommandStateSet issued
02-13 14:08:15.071 E/OMX-VDEC-720P(  121): 
02-13 14:08:15.071 E/OMX-VDEC-720P(  121):  Current State 3, Expected State 2
02-13 14:08:15.081 E/OMX-VDEC-720P(  121): 
02-13 14:08:15.081 E/OMX-VDEC-720P(  121):  Driver flush i/p Port complete
02-13 14:08:15.081 E/OMX-VDEC-720P(  121): 
02-13 14:08:15.081 E/OMX-VDEC-720P(  121):  OMX flush i/p Port complete PenBuf(0)
02-13 14:08:15.081 E/OMX-VDEC-720P(  121): 
02-13 14:08:15.081 E/OMX-VDEC-720P(  121):  Driver flush o/p Port complete
02-13 14:08:15.081 E/OMX-VDEC-720P(  121): 
02-13 14:08:15.081 E/OMX-VDEC-720P(  121):  OMX flush o/p Port complete PenBuf(0)
02-13 14:08:15.081 E/OMX-VDEC-720P(  121): 
02-13 14:08:15.081 E/OMX-VDEC-720P(  121):  Rxd OMX_COMPONENT_GENERATE_STOP_DONE
02-13 14:08:15.081 E/OMX-VDEC-720P(  121): 
02-13 14:08:15.081 E/OMX-VDEC-720P(  121):  send_command_proxy(): Current State 2, Expected State 1
02-13 14:08:15.081 E/OMX-VDEC-720P(  121): 
02-13 14:08:15.081 E/OMX-VDEC-720P(  121):  send_command_proxy(): OMX_CommandStateSet issued
02-13 14:08:15.081 E/OMX-VDEC-720P(  121): 
02-13 14:08:15.081 E/OMX-VDEC-720P(  121):  Current State 2, Expected State 1
02-13 14:08:15.091 E/OMX-VDEC-720P(  121): 
02-13 14:08:15.091 E/OMX-VDEC-720P(  121):  ALL input buffers are freed/released
02-13 14:08:15.091 E/OMX-VDEC-720P(  121): 
02-13 14:08:15.091 E/OMX-VDEC-720P(  121):  ALL output buffers are freed/released
02-13 14:08:15.091 E/OMX-VDEC-720P(  121): 
02-13 14:08:15.091 E/OMX-VDEC-720P(  121):  OMX_CommandStateSet complete, m_state = 1
02-13 14:08:15.091 E/OMX-VDEC-720P(  121): 
02-13 14:08:15.091 E/OMX-VDEC-720P(  121):  Playback Ended - PASSED
02-13 14:08:15.091 E/OMX-VDEC-720P(  121): 
02-13 14:08:15.091 E/OMX-VDEC-720P(  121):  ALL output buffers are freed/released
02-13 14:08:15.091 E/OMX-VDEC-720P(  121): 
02-13 14:08:15.091 E/OMX-VDEC-720P(  121):  Error in ioctl read next msg
02-13 14:08:15.091 E/OMX-VDEC-720P(  121): omx_vdec: Async thread stop
02-13 14:08:15.091 E/OMX-VDEC-720P(  121): 
02-13 14:08:15.091 E/OMX-VDEC-720P(  121):  Close the driver instance
02-13 14:08:15.091 D/KeyguardViewMediator(  206): setHidden false
02-13 14:08:15.101 D/Launcher(  900): onNewIntent()android.intent.action.MAIN
02-13 14:08:15.101 D/Launcher(  900): Closing system Dialogs 
02-13 14:08:15.111 D/KeyguardViewMediator(  206): setHidden false
02-13 14:08:15.111 I/hubo    (  206): Activity {com.android.launcher/com.android.launcher2.Launcher}
02-13 14:08:15.121 E/OMX-VDEC-720P(  121): 
02-13 14:08:15.121 E/OMX-VDEC-720P(  121):  omx_vdec::component_deinit() complete
02-13 14:08:15.121 E/OMX-VDEC-720P(  121): In OMX vdec Destructor
02-13 14:08:15.121 E/OMX-VDEC-720P(  121): Waiting on OMX Msg Thread exit
02-13 14:08:15.121 E/OMX-VDEC-720P(  121): omx_vdec: message thread stop
02-13 14:08:15.121 E/OMX-VDEC-720P(  121): Waiting on OMX Async Thread exit
02-13 14:08:15.121 E/OMX-VDEC-720P(  121): Exit OMX vdec Destructor
02-13 14:08:15.131 D/KeyguardViewMediator(  206): setHidden false
02-13 14:08:15.131 D/PowerManagerService(  206): UnPartial  wakeLock  reactivate ,flags=0xa tag=KEEP_SCREEN_ON_FLAG
02-13 14:08:15.131 D/PowerManagerService(  206): releaseWakeLock flags=0xa tag=KEEP_SCREEN_ON_FLAG
02-13 14:08:15.151 D/Warhol  (  900): A pack appears to be installed -- skipping Installer
02-13 14:08:15.151 D/KeyguardViewMediator(  206): setHidden false
02-13 14:08:15.171 D/KeyguardViewMediator(  206): setHidden false
02-13 14:08:15.181 D/KeyguardViewMediator(  206): setHidden false
02-13 14:08:15.181 D/KeyguardViewMediator(  206): setHidden false
02-13 14:08:15.181 D/KeyguardViewMediator(  206): setHidden false
02-13 14:08:15.191 D/KeyguardViewMediator(  206): setHidden false
02-13 14:08:15.201 D/KeyguardViewMediator(  206): setHidden false
02-13 14:08:15.201 W/IInputConnectionWrapper( 2404): showStatusIcon on inactive InputConnection
02-13 14:08:15.211 D/KeyguardViewMediator(  206): setHidden false
02-13 14:08:15.231 D/KeyguardViewMediator(  206): setHidden false
02-13 14:08:15.251 D/KeyguardViewMediator(  206): setHidden false
02-13 14:08:15.271 D/KeyguardViewMediator(  206): setHidden false
02-13 14:08:15.281 D/KeyguardViewMediator(  206): setHidden false
02-13 14:08:15.301 D/KeyguardViewMediator(  206): setHidden false
02-13 14:08:15.311 D/KeyguardViewMediator(  206): setHidden false
02-13 14:08:15.331 D/KeyguardViewMediator(  206): setHidden false
02-13 14:08:15.351 D/KeyguardViewMediator(  206): setHidden false
02-13 14:08:15.361 D/KeyguardViewMediator(  206): setHidden false
02-13 14:08:15.381 D/KeyguardViewMediator(  206): setHidden false
02-13 14:08:15.391 D/KeyguardViewMediator(  206): setHidden false
02-13 14:08:15.411 D/KeyguardViewMediator(  206): setHidden false
02-13 14:08:15.432 D/KeyguardViewMediator(  206): setHidden false
02-13 14:08:15.442 D/KeyguardViewMediator(  206): setHidden false
02-13 14:08:15.462 D/KeyguardViewMediator(  206): setHidden false
02-13 14:08:15.472 D/KeyguardViewMediator(  206): setHidden false
02-13 14:08:15.492 D/KeyguardViewMediator(  206): setHidden false
02-13 14:08:15.502 I/AudioService(  206):  AudioFocus  abandonAudioFocus() from android.media.AudioManager@406a2588
02-13 14:08:15.522 D/KeyguardViewMediator(  206): setHidden false
02-13 14:08:15.682 I/wpa_supplicant(  304): State: INACTIVE -> SCANNING
02-13 14:08:15.682 I/wpa_supplicant(  304): CTRL-EVENT-STATE-CHANGE id=-1 state=2 BSSID=00:00:00:00:00:00
02-13 14:08:15.682 D/NetworkStateTracker(  206): setDetailed state, old =IDLE and new state=SCANNING
02-13 14:08:16.663 I/dun_service(  130): process rmnet event
02-13 14:08:16.663 I/dun_service(  130): Post event 4
02-13 14:08:16.663 I/dun_service(  130): received event: DUN_EVENT_RMNET_UP 
02-13 14:08:16.663 I/dun_service(  130): received event(DUN_EVENT_RMNET_UP) in state(DUN_STATE_USB_UNPLUG)
02-13 14:08:16.663 I/dun_service(  130): Ignoring the event DUN_EVENT_RMNET_UP in USB_UNPLUG_STATE
02-13 14:08:16.663 I/dun_service(  130): Moved to state(DUN_STATE_USB_UNPLUG)
02-13 14:08:16.663 I/wpa_supplicant(  304): State: SCANNING -> INACTIVE
02-13 14:08:16.663 I/wpa_supplicant(  304): CTRL-EVENT-STATE-CHANGE id=-1 state=1 BSSID=00:00:00:00:00:00
02-13 14:08:16.673 D/WifiStateTracker(  206): setNotificationVisible() visible=false mNotificationShown=false force=false return.
02-13 14:08:16.673 D/NetworkStateTracker(  206): setDetailed state, old =SCANNING and new state=IDLE
02-13 14:08:17.463 E/lights  (  206):   g_haveAmberLed=0
02-13 14:08:17.473 E/lights  (  206):   red=0
02-13 14:08:17.473 E/lights  (  206):   green=0
02-13 14:08:17.473 E/lights  (  206):   blink=0
02-13 14:08:17.484 D/KeyguardViewMediator(  206): setHidden false
02-13 14:08:17.494 D/KeyguardViewMediator(  206): setHidden false
02-13 14:08:17.524 D/KeyguardViewMediator(  206): setHidden false
02-13 14:08:17.534 D/KeyguardViewMediator(  206): setHidden false
02-13 14:08:17.544 D/KeyguardViewMediator(  206): setHidden false
02-13 14:08:17.544 D/KeyguardViewMediator(  206): setHidden false
02-13 14:08:17.554 D/KeyguardViewMediator(  206): setHidden false
02-13 14:08:17.564 D/KeyguardViewMediator(  206): setHidden false
02-13 14:08:17.584 D/KeyguardViewMediator(  206): setHidden false
02-13 14:08:17.594 D/KeyguardViewMediator(  206): setHidden false
02-13 14:08:17.614 D/KeyguardViewMediator(  206): setHidden false
02-13 14:08:17.614 D/KeyguardViewMediator(  206): setHidden false
02-13 14:08:17.634 D/KeyguardViewMediator(  206): setHidden false
02-13 14:08:17.634 D/KeyguardViewMediator(  206): setHidden false
02-13 14:08:17.664 D/KeyguardViewMediator(  206): setHidden false
02-13 14:08:17.664 D/KeyguardViewMediator(  206): setHidden false
02-13 14:08:17.714 D/KeyguardViewMediator(  206): setHidden false
02-13 14:08:17.714 D/KeyguardViewMediator(  206): setHidden false
02-13 14:08:17.724 D/KeyguardViewMediator(  206): setHidden false
02-13 14:08:17.734 D/KeyguardViewMediator(  206): setHidden false
02-13 14:08:18.324 D/KeyguardViewMediator(  206): setHidden false
02-13 14:08:18.334 D/KeyguardViewMediator(  206): setHidden false
02-13 14:08:18.364 D/KeyguardViewMediator(  206): setHidden false
02-13 14:08:18.364 D/KeyguardViewMediator(  206): setHidden false
02-13 14:08:18.374 D/KeyguardViewMediator(  206): setHidden false
02-13 14:08:18.374 D/KeyguardViewMediator(  206): setHidden false
02-13 14:08:18.374 D/KeyguardViewMediator(  206): setHidden false
02-13 14:08:18.384 D/KeyguardViewMediator(  206): setHidden false
02-13 14:08:18.394 D/KeyguardViewMediator(  206): setHidden false
02-13 14:08:18.404 D/KeyguardViewMediator(  206): setHidden false
02-13 14:08:18.414 D/KeyguardViewMediator(  206): setHidden false
02-13 14:08:18.414 D/KeyguardViewMediator(  206): setHidden false
02-13 14:08:18.424 W/libutils.threads(  121): Thread (this=0x248b0): don't call waitForExit() from this Thread object's thread. It's a guaranteed deadlock!
02-13 14:08:18.434 D/KeyguardViewMediator(  206): setHidden false
02-13 14:08:18.434 D/KeyguardViewMediator(  206): setHidden false
02-13 14:08:18.444 D/KeyguardViewMediator(  206): setHidden false
02-13 14:08:18.454 D/KeyguardViewMediator(  206): setHidden false
02-13 14:08:18.454 D/KeyguardViewMediator(  206): setHidden false
02-13 14:08:18.464 D/KeyguardViewMediator(  206): setHidden false
02-13 14:08:18.474 D/KeyguardViewMediator(  206): setHidden false
02-13 14:08:18.484 D/KeyguardViewMediator(  206): setHidden false
02-13 14:08:18.484 I/Mms:app ( 1781): pengzhe updateDownloadFailedNotification getDownloadFailedMessageCount =0
02-13 14:08:18.494 D/KeyguardViewMediator(  206): setHidden false
02-13 14:08:18.494 D/KeyguardViewMediator(  206): setHidden false
02-13 14:08:18.505 D/KeyguardViewMediator(  206): setHidden false
02-13 14:08:18.515 D/KeyguardViewMediator(  206): setHidden false
02-13 14:08:18.525 D/KeyguardViewMediator(  206): setHidden false
02-13 14:08:18.535 D/KeyguardViewMediator(  206): setHidden false
02-13 14:08:19.425 D/PowerManagerService(  206): Go to sleep-->
02-13 14:08:19.425 D/PowerManagerService(  206): setPowerState: mPowerState=0x3 newState=0x0 noChangeLights=false reason=2
02-13 14:08:19.656 D/PowerManagerService(  206): acquireWakeLock flags=0x1 tag=sleep_broadcast
02-13 14:08:19.666 D/PowerManagerService(  206): Go to standby ,PARTIAL_WAKE_LOCK tag = sleep_broadcast
02-13 14:08:19.666 D/KeyguardViewMediator(  206): onScreenTurnedOff(2)
02-13 14:08:19.666 D/lisha   (  206): isLockedOrMissing ***state.isPinLocked()=false***requireSim = true***state=READY
02-13 14:08:19.666 D/lisha   (  206): ***lockedOrMissing=false***provisioned=true
02-13 14:08:19.666 D/KeyguardViewMediator(  206): doKeyguard: showing the lock screen
02-13 14:08:19.666 D/KeyguardViewMediator(  206): showLocked
02-13 14:08:19.666 D/PowerManagerService(  206): acquireWakeLock flags=0x1 tag=show keyguard
02-13 14:08:19.666 D/KeyguardViewMediator(  206): handleShow
02-13 14:08:19.686 E/Sensors (  206): [HAL]ready to call enable(Accelerometer,0),AAAAAAAA
02-13 14:08:19.686 E/Sensors (  206): [HAL]ECS_IOCTL_APP_SET_AFLAG 	success,flags = 0
02-13 14:08:19.686 E/Sensors (  206): [HAL]After {mEnabled &= ~(1<<what)},mEnabled = 0
02-13 14:08:19.686 E/Sensors (  206): [HAL]After {(newState)<<what)},mEnabled = 0
02-13 14:08:19.686 E/Sensors (  206): [HAL]Closed /dev/akm8962_aot in enable(Accelerometer,0),mEnable = 0
02-13 14:08:19.696 I/LockPatternKeyguardView(  206): updateLockscreenBackground
02-13 14:08:19.696 I/LockPatternKeyguardView(  206): setBackgroundDrawable
02-13 14:08:19.706 D/PowerManagerService(  206): acquireWakeLock flags=0x1 tag=ActivityManager-Sleep
02-13 14:08:19.706 I/LockPatternKeyguardView(  206): file not found: etc/customize/default_lockscreen
02-13 14:08:19.716 D/Launcher(  900): onSaveInstanceState
02-13 14:08:19.716 D/Launcher(  900): Dissmis Preview for view :null ID:2131230735
02-13 14:08:19.716 D/Launcher(  900): Dissmis Preview for view :null ID:2131230736
02-13 14:08:19.716 D/Launcher(  900): Dissmis Preview for view :null ID:2131230739
02-13 14:08:19.716 D/Launcher(  900): Dissmis Preview for view :null ID:2131230741
02-13 14:08:19.746 D/PowerManagerService(  206): releaseWakeLock flags=0x1 tag=ActivityManager-Sleep
02-13 14:08:19.766 D/AlarmManager(  206): +++Alarm set:type=0 android  Trigger after:119999ms
02-13 14:08:19.766 D/PowerManagerService(  206): acquireWakeLock flags=0x1 tag=RILJ
02-13 14:08:19.776 I/DATA    (  331): [DCT(0) ] intent received :android.intent.action.SCREEN_OFF
02-13 14:08:19.776 D/PowerManagerService(  206): releaseWakeLock flags=0x1 tag=RILJ
02-13 14:08:19.776 D/PowerManagerService(  206): releaseWakeLock flags=0x1 tag=sleep_broadcast
02-13 14:08:19.816 D/LockScreen(  206): initCarrierVisibility - mResId.length=2, mCarrier.length=1
02-13 14:08:19.916 D/LockScreen(  206): updateLayout: status=Normalsubscription=0
02-13 14:08:19.916 D/LockScreen(  206): Updating Lock Screen text to Ruim
02-13 14:08:19.916 D/LockPatternKeyguardView(  206): LockPatternKeyguardView ctor: about to createUnlockScreenFor; mEnableFallback=false
02-13 14:08:19.916 D/UnlockScreen(  206): *******mCreationOrientation = 1
02-13 14:08:19.936 D/LockPatternKeyguardView(  206): createUnlockScreenFor(Pattern): mEnableFallback=false
02-13 14:08:19.956 I/LockPatternKeyguardView(  206): updateLockscreenBackground
02-13 14:08:19.956 I/LockPatternKeyguardView(  206): setBackgroundDrawable
02-13 14:08:19.956 I/LockPatternKeyguardView(  206): file not found: etc/customize/default_lockscreen
02-13 14:08:19.956 D/LockScreen(  206): updateLayout: status=Normalsubscription=0
02-13 14:08:19.966 D/LockScreen(  206): Updating Lock Screen text to Ruim
02-13 14:08:19.966 D/KeyguardViewMediator(  206): adjustUserActivityLocked mShowing: true mHidden: false
02-13 14:08:19.976 D/Launcher(  900): Closing system Dialogs 
02-13 14:08:19.976 D/PowerManagerService(  206): releaseWakeLock flags=0x1 tag=show keyguard
02-13 14:08:19.976 D/PowerManagerService(  206):  ALL PARTIAL wakeLock Released ! 
02-13 14:08:19.986 D/KeyguardViewMediator(  206): setHidden false
02-13 14:08:20.006 D/KeyguardViewMediator(  206): setHidden false
02-13 14:08:20.026 D/KeyguardViewMediator(  206): setHidden false
02-13 14:08:20.026 D/KeyguardViewMediator(  206): setHidden false
02-13 14:08:20.276 W/dalvikvm( 2751): Refusing to reopen boot DEX '/system/framework/qcrilhook.jar'
02-13 14:08:20.286 W/dalvikvm( 2751): Refusing to reopen boot DEX '/system/framework/qcnvitems.jar'
02-13 14:08:20.296 I/Dun Service( 2751): Dun Service Created Successfully
02-13 14:08:20.296 I/Dun Service( 2751): Background Service Started Successfully ...
02-13 14:08:22.610 D/KeyguardViewMediator(  206):  onWakeKeyWhenKeyguardShowing(26)
02-13 14:08:22.610 D/KeyguardViewMediator(  206): wakeWhenReadyLocked(26)
02-13 14:08:22.610 D/PowerManagerService(  206): acquireWakeLock flags=0x1 tag=keyguardWakeAndHandOff
02-13 14:08:22.610 D/LockPatternKeyguardView(  206): onWakeKey
02-13 14:08:22.610 D/LockPatternKeyguardView(  206): poking wake lock immediately
02-13 14:08:22.610 D/PowerManagerService(  206): acquireWakeLock flags=0x1000001a tag=keyguard
02-13 14:08:22.610 D/PowerManagerService(  206): UnPartial  wakeLock  reactivate ,flags=0x1000001a tag=keyguard
02-13 14:08:22.610 D/PowerManagerService(  206): setPowerState: mPowerState=0x0 newState=0x3 noChangeLights=false reason=3
02-13 14:08:22.620 D/KeyguardViewMediator(  206): onScreenTurnedOn, seq = 15
02-13 14:08:22.620 D/KeyguardViewMediator(  206): notifyScreenOnLocked
02-13 14:08:22.620 E/Sensors (  206): [HAL]ready to call enable(Accelerometer,1),AAAAAAAA
02-13 14:08:22.620 E/Sensors (  206): [HAL]mEnabled = 0;ready to open /dev/akm8962_aot
02-13 14:08:22.620 E/Sensors (  206): [HAL]ECS_IOCTL_APP_SET_AFLAG 	success,flags = 1
02-13 14:08:22.620 E/Sensors (  206): [HAL]After {mEnabled &= ~(1<<what)},mEnabled = 0
02-13 14:08:22.620 E/Sensors (  206): [HAL]After {(newState)<<what)},mEnabled = 1
02-13 14:08:22.620 D/KeyguardViewMediator(  206): handleNotifyScreenOn
02-13 14:08:22.620 I/LockPatternKeyguardView(  206): updateLockscreenBackground
02-13 14:08:22.620 I/LockPatternKeyguardView(  206): setBackgroundDrawable
02-13 14:08:22.620 I/LockPatternKeyguardView(  206): file not found: etc/customize/default_lockscreen
02-13 14:08:22.620 D/LockScreen(  206): updateLayout: status=Normalsubscription=0
02-13 14:08:22.620 D/LockScreen(  206): Updating Lock Screen text to Ruim
02-13 14:08:22.640 D/Warhol  (  900): A pack appears to be installed -- skipping Installer
02-13 14:08:22.640 D/KeyguardViewMediator(  206): setHidden false
02-13 14:08:22.640 D/KeyguardViewMediator(  206): setHidden false
02-13 14:08:22.650 D/KeyguardViewMediator(  206): setHidden false
02-13 14:08:22.650 I/hubo    (  206): Activity {com.android.launcher/com.android.launcher2.Launcher}
02-13 14:08:22.660 I/DATA    (  331): [DCT(0) ] intent received :android.intent.action.SCREEN_ON
02-13 14:08:22.670 D/DATA    (  331): [DSST(0)] pollstate() : reason = data network state changed
02-13 14:08:22.680 I/DATA    (  331): [DCT(0) ] onDataCallListChanged:
02-13 14:08:22.680 I/DATA    (  331): [DCT(0) ] ---dc state list---
02-13 14:08:22.680 I/DATA    (  331): [DCT(0) ] DataCallState: { cid: 0, active: 2, type: , apn: , address: 174.156.234.163 }
02-13 14:08:22.680 I/DATA    (  331): [DCT(0) ] ---dc list---
02-13 14:08:22.680 I/DATA    (  331): [DCT(0) ] cid = 0, state = DcActiveState, bearerType = IP, ipaddress = 174.156.234.163, gw=174.156.234.161, dns=[68.28.67.132, 68.28.68.132]
02-13 14:08:22.740 E/JavaBinder(  206): Transact on 0x53fb48 in Java object 0x40b76130 with code 1 failed
02-13 14:08:22.750 D/MobileDataStateTracker(  206): [hipri]  MobileDataStateReceiver onReceive(): Entry.
02-13 14:08:22.750 D/MobileDataStateTracker(  206): [hipri]  intent.getAction()= android.intent.action.SERVICE_STATE
02-13 14:08:22.750 D/MobileDataStateTracker(  206): [hipri]  mEnabled = true
02-13 14:08:22.750 D/MobileDataStateTracker(  206): [dun]  MobileDataStateReceiver onReceive(): Entry.
02-13 14:08:22.750 D/MobileDataStateTracker(  206): [dun]  intent.getAction()= android.intent.action.SERVICE_STATE
02-13 14:08:22.750 D/MobileDataStateTracker(  206): [dun]  mEnabled = false
02-13 14:08:22.750 D/MobileDataStateTracker(  206): [supl]  MobileDataStateReceiver onReceive(): Entry.
02-13 14:08:22.750 D/MobileDataStateTracker(  206): [supl]  intent.getAction()= android.intent.action.SERVICE_STATE
02-13 14:08:22.750 D/MobileDataStateTracker(  206): [supl]  mEnabled = false
02-13 14:08:22.750 D/MobileDataStateTracker(  206): [mms]  MobileDataStateReceiver onReceive(): Entry.
02-13 14:08:22.750 D/MobileDataStateTracker(  206): [mms]  intent.getAction()= android.intent.action.SERVICE_STATE
02-13 14:08:22.750 D/MobileDataStateTracker(  206): [mms]  mEnabled = false
02-13 14:08:22.750 D/MobileDataStateTracker(  206): [default]  MobileDataStateReceiver onReceive(): Entry.
02-13 14:08:22.750 D/MobileDataStateTracker(  206): [default]  intent.getAction()= android.intent.action.SERVICE_STATE
02-13 14:08:22.750 D/MobileDataStateTracker(  206): [default]  mEnabled = true
02-13 14:08:22.760 D/DATA    (  331): [DSST(0)]  registrationState = 1  radioTechnology = 8 reasonForDenial = 0
02-13 14:08:22.760 D/DATA    (  331): [DSST(0)]  set mNewDataConnectionState = 0
02-13 14:08:22.760 D/DATA    (  331): [DSST(0)]  mNewDataConnectionState : 0  mDataConnectionState : 0
02-13 14:08:22.760 D/DATA    (  331): [DSST(0)] Poll ServiceState done: oldSS=[0 home null null null  EvDo rev. A CSS not supported -1 -1RoamInd: -1RoamStatus(sprint): -1DefRoamInd: -1EmergOnly: false] newSS=[0 home null null null  EvDo rev. A CSS not supported -1 -1RoamInd: -1RoamStatus(sprint): -1DefRoamInd: -1EmergOnly: false]
02-13 14:08:22.760 D/DATA    (  331): [DSST(0)]  mDataConnectionState = 0
02-13 14:08:22.760 D/CallManager(  331):  handleMessage (EVENT_SERVICE_STATE_CHANGED)
02-13 14:08:22.760 E/BT HS/HF(  331): SERVICE_STATE_CHANGED called
02-13 14:08:22.760 E/BT HS/HF(  331): updateServiceState called, sendUpdate:false  ServiceState:0 home Sprint  310099  EvDo rev. A CSS not supported 41 4139RoamInd: 1RoamStatus(sprint): 1DefRoamInd: 160EmergOnly: false
02-13 14:08:22.760 E/BT HS/HF(  331): service:1 mService:1
02-13 14:08:22.760 D/Mms     ( 1781): currentRoamingStatus:1
02-13 14:08:23.810 D/PowerManagerService(  206): acquireWakeLock flags=0x1000001a tag=keyguard
02-13 14:08:23.810 D/PowerManagerService(  206): UnPartial  wakeLock  reactivate ,flags=0x1000001a tag=keyguard
02-13 14:08:23.990 D/KeyguardViewMediator(  206): keyguardDone(true)
02-13 14:08:24.000 D/KeyguardViewMediator(  206): handleKeyguardDone
02-13 14:08:24.000 D/KeyguardViewMediator(  206): handleHide
02-13 14:08:24.000 D/KeyguardViewMediator(  206): adjustUserActivityLocked mShowing: false mHidden: false
02-13 14:08:24.000 D/PowerManagerService(  206): UnPartial  wakeLock  reactivate ,flags=0x1000001a tag=keyguard
02-13 14:08:24.000 D/PowerManagerService(  206): releaseWakeLock flags=0x1000001a tag=keyguard
02-13 14:08:24.010 D/KeyguardViewMediator(  206): setHidden false
02-13 14:08:24.010 D/KeyguardViewMediator(  206): setHidden false
02-13 14:08:24.020 D/KeyguardViewMediator(  206): setHidden false
02-13 14:08:24.040 D/KeyguardViewMediator(  206): setHidden false
02-13 14:08:24.050 D/KeyguardViewMediator(  206): setHidden false
02-13 14:08:24.070 D/KeyguardViewMediator(  206): setHidden false
02-13 14:08:24.080 D/KeyguardViewMediator(  206): setHidden false
02-13 14:08:24.100 D/KeyguardViewMediator(  206): setHidden false
02-13 14:08:24.120 D/KeyguardViewMediator(  206): setHidden false
02-13 14:08:24.130 D/KeyguardViewMediator(  206): setHidden false
02-13 14:08:24.150 D/KeyguardViewMediator(  206): setHidden false
02-13 14:08:24.170 D/KeyguardViewMediator(  206): setHidden false
02-13 14:08:24.180 D/KeyguardViewMediator(  206): setHidden false
02-13 14:08:24.201 D/KeyguardViewMediator(  206): setHidden false
02-13 14:08:24.221 D/KeyguardViewMediator(  206): setHidden false
02-13 14:08:24.231 D/KeyguardViewMediator(  206): setHidden false
02-13 14:08:24.251 D/KeyguardViewMediator(  206): setHidden false
02-13 14:08:24.261 D/KeyguardViewMediator(  206): setHidden false
02-13 14:08:24.281 D/KeyguardViewMediator(  206): setHidden false
02-13 14:08:24.301 D/KeyguardViewMediator(  206): setHidden false
02-13 14:08:24.311 D/KeyguardViewMediator(  206): setHidden false
02-13 14:08:24.331 D/KeyguardViewMediator(  206): setHidden false
02-13 14:08:24.341 D/KeyguardViewMediator(  206): setHidden false
02-13 14:08:24.361 D/KeyguardViewMediator(  206): setHidden false
02-13 14:08:24.381 D/KeyguardViewMediator(  206): setHidden false
02-13 14:08:24.391 D/KeyguardViewMediator(  206): setHidden false
02-13 14:08:24.411 D/KeyguardViewMediator(  206): setHidden false
02-13 14:08:24.431 D/KeyguardViewMediator(  206): setHidden false
02-13 14:08:24.441 D/KeyguardViewMediator(  206): setHidden false
02-13 14:08:24.941 W/KeyCharacterMap(  900): Can't open keycharmap file
02-13 14:08:24.941 W/KeyCharacterMap(  900): Error loading keycharmap file '/system/usr/keychars/synaptics-rmi4-ts.kcm.bin'. hw.keyboards.262146.devname='synaptics-rmi4-ts'
02-13 14:08:24.951 W/KeyCharacterMap(  900): Using default keymap: /system/usr/keychars/qwerty.kcm.bin
02-13 14:08:25.051 D/KeyguardViewMediator(  206): setHidden false
02-13 14:08:25.071 D/KeyguardViewMediator(  206): setHidden false
02-13 14:08:25.081 D/KeyguardViewMediator(  206): setHidden false
02-13 14:08:25.091 D/KeyguardViewMediator(  206): setHidden false
02-13 14:08:25.111 D/KeyguardViewMediator(  206): setHidden false
02-13 14:08:25.131 D/KeyguardViewMediator(  206): setHidden false
02-13 14:08:25.141 D/KeyguardViewMediator(  206): setHidden false
02-13 14:08:25.151 D/KeyguardViewMediator(  206): setHidden false
02-13 14:08:25.181 D/KeyguardViewMediator(  206): setHidden false
02-13 14:08:25.191 D/KeyguardViewMediator(  206): setHidden false
02-13 14:08:25.201 D/KeyguardViewMediator(  206): setHidden false
02-13 14:08:25.221 D/KeyguardViewMediator(  206): setHidden false
02-13 14:08:25.241 D/KeyguardViewMediator(  206): setHidden false
02-13 14:08:25.261 D/KeyguardViewMediator(  206): setHidden false
02-13 14:08:25.612 D/KeyguardViewMediator(  206): setHidden false
02-13 14:08:25.622 D/Launcher(  900): onSaveInstanceState
02-13 14:08:25.622 D/Launcher(  900): Dissmis Preview for view :null ID:2131230735
02-13 14:08:25.622 D/Launcher(  900): Dissmis Preview for view :null ID:2131230736
02-13 14:08:25.622 D/Launcher(  900): Dissmis Preview for view :null ID:2131230739
02-13 14:08:25.622 D/Launcher(  900): Dissmis Preview for view :null ID:2131230741
02-13 14:08:25.632 D/KeyguardViewMediator(  206): setHidden false
02-13 14:08:25.642 W/dalvikvm( 2751): Refusing to reopen boot DEX '/system/framework/qcnvitems.jar'
02-13 14:08:25.642 W/dalvikvm( 2751): Refusing to reopen boot DEX '/system/framework/qcrilhook.jar'
02-13 14:08:25.642 D/KeyguardViewMediator(  206): setHidden false
02-13 14:08:25.652 D/KeyguardViewMediator(  206): setHidden false
02-13 14:08:25.652 I/hubo    (  206): Activity {com.android.settings/com.android.settings.Settings}
02-13 14:08:25.672 D/KeyguardViewMediator(  206): setHidden false
02-13 14:08:25.692 D/KeyguardViewMediator(  206): setHidden false
02-13 14:08:25.712 D/KeyguardViewMediator(  206): setHidden false
02-13 14:08:25.742 D/KeyguardViewMediator(  206): setHidden false
02-13 14:08:25.742 D/KeyguardViewMediator(  206): setHidden false
02-13 14:08:25.762 D/KeyguardViewMediator(  206): setHidden false
02-13 14:08:25.762 D/KeyguardViewMediator(  206): setHidden false
02-13 14:08:25.782 D/KeyguardViewMediator(  206): setHidden false
02-13 14:08:25.792 D/KeyguardViewMediator(  206): setHidden false
02-13 14:08:25.812 D/KeyguardViewMediator(  206): setHidden false
02-13 14:08:25.832 D/KeyguardViewMediator(  206): setHidden false
02-13 14:08:25.852 D/KeyguardViewMediator(  206): setHidden false
02-13 14:08:25.862 D/KeyguardViewMediator(  206): setHidden false
02-13 14:08:25.882 D/KeyguardViewMediator(  206): setHidden false
02-13 14:08:25.902 D/KeyguardViewMediator(  206): setHidden false
02-13 14:08:25.902 D/KeyguardViewMediator(  206): setHidden false
02-13 14:08:25.922 D/KeyguardViewMediator(  206): setHidden false
02-13 14:08:25.932 D/KeyguardViewMediator(  206): setHidden false
02-13 14:08:25.952 D/KeyguardViewMediator(  206): setHidden false
02-13 14:08:25.962 D/KeyguardViewMediator(  206): setHidden false
02-13 14:08:25.962 D/KeyguardViewMediator(  206): setHidden false
02-13 14:08:25.972 D/KeyguardViewMediator(  206): setHidden false
02-13 14:08:26.052 D/KeyguardViewMediator(  206): setHidden false
02-13 14:08:26.052 D/KeyguardViewMediator(  206): setHidden false
02-13 14:08:26.052 I/ActivityManager(  206): Displayed com.android.settings/.Settings: +416ms
02-13 14:08:26.052 D/KeyguardViewMediator(  206): setHidden false
02-13 14:08:26.072 D/KeyguardViewMediator(  206): setHidden false
02-13 14:08:26.082 D/KeyguardViewMediator(  206): setHidden false
02-13 14:08:26.102 D/KeyguardViewMediator(  206): setHidden false
02-13 14:08:26.112 D/KeyguardViewMediator(  206): setHidden false
02-13 14:08:26.142 D/KeyguardViewMediator(  206): setHidden false
02-13 14:08:26.152 D/KeyguardViewMediator(  206): setHidden false
02-13 14:08:26.162 D/KeyguardViewMediator(  206): setHidden false
02-13 14:08:26.192 D/KeyguardViewMediator(  206): setHidden false
02-13 14:08:26.202 D/KeyguardViewMediator(  206): setHidden false
02-13 14:08:26.212 D/KeyguardViewMediator(  206): setHidden false
02-13 14:08:26.232 D/KeyguardViewMediator(  206): setHidden false
02-13 14:08:26.252 D/KeyguardViewMediator(  206): setHidden false
02-13 14:08:26.262 D/KeyguardViewMediator(  206): setHidden false
02-13 14:08:26.282 D/KeyguardViewMediator(  206): setHidden false
02-13 14:08:26.292 D/KeyguardViewMediator(  206): setHidden false
02-13 14:08:26.313 D/KeyguardViewMediator(  206): setHidden false
02-13 14:08:26.333 D/KeyguardViewMediator(  206): setHidden false
02-13 14:08:26.343 D/KeyguardViewMediator(  206): setHidden false
02-13 14:08:26.363 D/KeyguardViewMediator(  206): setHidden false
02-13 14:08:26.383 D/KeyguardViewMediator(  206): setHidden false
02-13 14:08:26.393 D/KeyguardViewMediator(  206): setHidden false
02-13 14:08:27.644 D/KeyguardViewMediator(  206): setHidden false
02-13 14:08:27.654 I/hubo    (  206): Activity {com.android.settings/com.android.settings.ApplicationSettings}
02-13 14:08:27.704 D/DialogPreference( 2751): mIsAdjustWindow : true
02-13 14:08:27.724 D/KeyguardViewMediator(  206): setHidden false
02-13 14:08:27.804 D/KeyguardViewMediator(  206): setHidden false
02-13 14:08:27.804 D/KeyguardViewMediator(  206): setHidden false
02-13 14:08:27.814 D/KeyguardViewMediator(  206): setHidden false
02-13 14:08:27.814 D/KeyguardViewMediator(  206): setHidden false
02-13 14:08:27.834 D/KeyguardViewMediator(  206): setHidden false
02-13 14:08:27.844 D/KeyguardViewMediator(  206): setHidden false
02-13 14:08:27.864 D/KeyguardViewMediator(  206): setHidden false
02-13 14:08:27.884 D/KeyguardViewMediator(  206): setHidden false
02-13 14:08:27.894 D/KeyguardViewMediator(  206): setHidden false
02-13 14:08:27.914 D/KeyguardViewMediator(  206): setHidden false
02-13 14:08:27.924 D/KeyguardViewMediator(  206): setHidden false
02-13 14:08:27.944 D/KeyguardViewMediator(  206): setHidden false
02-13 14:08:27.964 D/KeyguardViewMediator(  206): setHidden false
02-13 14:08:27.974 D/KeyguardViewMediator(  206): setHidden false
02-13 14:08:27.984 I/ActivityManager(  206): Displayed com.android.settings/.ApplicationSettings: +340ms
02-13 14:08:27.994 D/KeyguardViewMediator(  206): setHidden false
02-13 14:08:28.675 D/DATA    (  331): [DSST(0)] pollstate() : reason = data network state changed
02-13 14:08:28.715 D/MobileDataStateTracker(  206): [hipri]  MobileDataStateReceiver onReceive(): Entry.
02-13 14:08:28.715 D/MobileDataStateTracker(  206): [hipri]  intent.getAction()= android.intent.action.SERVICE_STATE
02-13 14:08:28.715 D/MobileDataStateTracker(  206): [hipri]  mEnabled = true
02-13 14:08:28.715 D/MobileDataStateTracker(  206): [dun]  MobileDataStateReceiver onReceive(): Entry.
02-13 14:08:28.715 D/MobileDataStateTracker(  206): [dun]  intent.getAction()= android.intent.action.SERVICE_STATE
02-13 14:08:28.715 D/MobileDataStateTracker(  206): [dun]  mEnabled = false
02-13 14:08:28.745 D/MobileDataStateTracker(  206): [supl]  MobileDataStateReceiver onReceive(): Entry.
02-13 14:08:28.745 D/MobileDataStateTracker(  206): [supl]  intent.getAction()= android.intent.action.SERVICE_STATE
02-13 14:08:28.745 D/MobileDataStateTracker(  206): [supl]  mEnabled = false
02-13 14:08:28.745 D/CallManager(  331):  handleMessage (EVENT_SERVICE_STATE_CHANGED)
02-13 14:08:28.745 E/BT HS/HF(  331): SERVICE_STATE_CHANGED called
02-13 14:08:28.745 E/BT HS/HF(  331): updateServiceState called, sendUpdate:false  ServiceState:0 home Sprint  310099  EvDo rev. A CSS not supported 41 4139RoamInd: 1RoamStatus(sprint): 1DefRoamInd: 160EmergOnly: false
02-13 14:08:28.745 E/BT HS/HF(  331): service:1 mService:1
02-13 14:08:28.755 D/MobileDataStateTracker(  206): [mms]  MobileDataStateReceiver onReceive(): Entry.
02-13 14:08:28.755 D/MobileDataStateTracker(  206): [mms]  intent.getAction()= android.intent.action.SERVICE_STATE
02-13 14:08:28.755 D/MobileDataStateTracker(  206): [mms]  mEnabled = false
02-13 14:08:28.755 D/DATA    (  331): [DSST(0)]  registrationState = 1  radioTechnology = 8 reasonForDenial = 0
02-13 14:08:28.755 D/DATA    (  331): [DSST(0)]  set mNewDataConnectionState = 0
02-13 14:08:28.755 D/DATA    (  331): [DSST(0)]  mNewDataConnectionState : 0  mDataConnectionState : 0
02-13 14:08:28.755 D/DATA    (  331): [DSST(0)] Poll ServiceState done: oldSS=[0 home null null null  EvDo rev. A CSS not supported -1 -1RoamInd: -1RoamStatus(sprint): -1DefRoamInd: -1EmergOnly: false] newSS=[0 home null null null  EvDo rev. A CSS not supported -1 -1RoamInd: -1RoamStatus(sprint): -1DefRoamInd: -1EmergOnly: false]
02-13 14:08:28.755 D/DATA    (  331): [DSST(0)]  mDataConnectionState = 0
02-13 14:08:28.755 D/MobileDataStateTracker(  206): [default]  MobileDataStateReceiver onReceive(): Entry.
02-13 14:08:28.755 D/MobileDataStateTracker(  206): [default]  intent.getAction()= android.intent.action.SERVICE_STATE
02-13 14:08:28.755 D/MobileDataStateTracker(  206): [default]  mEnabled = true
02-13 14:08:28.775 D/Mms     ( 1781): currentRoamingStatus:1
02-13 14:08:28.785 D/KeyguardViewMediator(  206): setHidden false
02-13 14:08:28.815 D/KeyguardViewMediator(  206): setHidden false
02-13 14:08:28.815 D/KeyguardViewMediator(  206): handleTimeout
02-13 14:08:28.815 D/KeyguardViewMediator(  206): setHidden false
02-13 14:08:28.825 D/KeyguardViewMediator(  206): setHidden false
02-13 14:08:28.845 D/KeyguardViewMediator(  206): setHidden false
02-13 14:08:28.855 D/KeyguardViewMediator(  206): setHidden false
02-13 14:08:28.875 D/KeyguardViewMediator(  206): setHidden false
02-13 14:08:28.895 D/KeyguardViewMediator(  206): setHidden false
02-13 14:08:28.905 D/KeyguardViewMediator(  206): setHidden false
02-13 14:08:28.925 D/KeyguardViewMediator(  206): setHidden false
02-13 14:08:28.945 D/KeyguardViewMediator(  206): setHidden false
02-13 14:08:28.965 D/KeyguardViewMediator(  206): setHidden false
02-13 14:08:28.975 D/KeyguardViewMediator(  206): setHidden false
02-13 14:08:28.995 D/KeyguardViewMediator(  206): setHidden false
02-13 14:08:29.005 D/KeyguardViewMediator(  206): setHidden false
02-13 14:08:29.025 D/KeyguardViewMediator(  206): setHidden false
02-13 14:08:29.045 D/KeyguardViewMediator(  206): setHidden false
02-13 14:08:29.055 D/KeyguardViewMediator(  206): setHidden false
02-13 14:08:29.075 D/KeyguardViewMediator(  206): setHidden false
02-13 14:08:29.095 D/KeyguardViewMediator(  206): setHidden false
02-13 14:08:29.105 D/KeyguardViewMediator(  206): setHidden false
02-13 14:08:29.125 D/KeyguardViewMediator(  206): setHidden false
02-13 14:08:29.145 D/KeyguardViewMediator(  206): setHidden false
02-13 14:08:29.155 D/KeyguardViewMediator(  206): setHidden false
02-13 14:08:29.175 D/KeyguardViewMediator(  206): setHidden false
02-13 14:08:29.185 D/KeyguardViewMediator(  206): setHidden false
02-13 14:08:29.205 D/KeyguardViewMediator(  206): setHidden false
02-13 14:08:29.225 D/KeyguardViewMediator(  206): setHidden false
02-13 14:08:29.235 D/KeyguardViewMediator(  206): setHidden false
02-13 14:08:29.255 D/KeyguardViewMediator(  206): setHidden false
02-13 14:08:29.275 D/KeyguardViewMediator(  206): setHidden false
02-13 14:08:29.285 D/KeyguardViewMediator(  206): setHidden false
02-13 14:08:29.305 D/KeyguardViewMediator(  206): setHidden false
02-13 14:08:29.315 D/KeyguardViewMediator(  206): setHidden false
02-13 14:08:29.335 D/KeyguardViewMediator(  206): setHidden false
02-13 14:08:29.355 D/KeyguardViewMediator(  206): setHidden false
02-13 14:08:29.365 D/KeyguardViewMediator(  206): setHidden false
02-13 14:08:29.385 D/KeyguardViewMediator(  206): setHidden false
02-13 14:08:29.406 D/KeyguardViewMediator(  206): setHidden false
02-13 14:08:29.416 D/KeyguardViewMediator(  206): setHidden false
02-13 14:08:29.436 D/KeyguardViewMediator(  206): setHidden false
02-13 14:08:29.456 D/KeyguardViewMediator(  206): setHidden false
02-13 14:08:29.466 D/KeyguardViewMediator(  206): setHidden false
02-13 14:08:29.486 D/KeyguardViewMediator(  206): setHidden false
02-13 14:08:29.496 D/KeyguardViewMediator(  206): setHidden false
02-13 14:08:29.516 D/KeyguardViewMediator(  206): setHidden false
02-13 14:08:29.536 D/KeyguardViewMediator(  206): setHidden false
02-13 14:08:29.546 D/KeyguardViewMediator(  206): setHidden false
02-13 14:08:29.566 D/KeyguardViewMediator(  206): setHidden false
02-13 14:08:29.586 D/KeyguardViewMediator(  206): setHidden false
02-13 14:08:29.596 D/KeyguardViewMediator(  206): setHidden false
02-13 14:08:29.616 D/KeyguardViewMediator(  206): setHidden false
02-13 14:08:29.626 D/KeyguardViewMediator(  206): setHidden false
02-13 14:08:29.646 D/KeyguardViewMediator(  206): setHidden false
02-13 14:08:29.666 D/KeyguardViewMediator(  206): setHidden false
02-13 14:08:29.686 D/KeyguardViewMediator(  206): setHidden false
02-13 14:08:29.696 D/KeyguardViewMediator(  206): setHidden false
02-13 14:08:29.716 D/KeyguardViewMediator(  206): setHidden false
02-13 14:08:29.766 D/KeyguardViewMediator(  206): setHidden false
02-13 14:08:29.776 D/KeyguardViewMediator(  206): setHidden false
02-13 14:08:29.796 D/KeyguardViewMediator(  206): setHidden false
02-13 14:08:29.816 D/KeyguardViewMediator(  206): setHidden false
02-13 14:08:29.826 D/KeyguardViewMediator(  206): setHidden false
02-13 14:08:29.846 D/KeyguardViewMediator(  206): setHidden false
02-13 14:08:29.856 D/KeyguardViewMediator(  206): setHidden false
02-13 14:08:29.876 D/KeyguardViewMediator(  206): setHidden false
02-13 14:08:29.896 D/KeyguardViewMediator(  206): setHidden false
02-13 14:08:29.916 D/KeyguardViewMediator(  206): setHidden false
02-13 14:08:29.926 D/KeyguardViewMediator(  206): setHidden false
02-13 14:08:29.946 D/KeyguardViewMediator(  206): setHidden false
02-13 14:08:29.956 D/KeyguardViewMediator(  206): setHidden false
02-13 14:08:30.406 D/KeyguardViewMediator(  206): setHidden false
02-13 14:08:30.406 I/hubo    (  206): Activity {com.android.settings/com.android.settings.DevelopmentSettings}
02-13 14:08:30.427 D/KeyguardViewMediator(  206): setHidden false
02-13 14:08:30.477 D/KeyguardViewMediator(  206): setHidden false
02-13 14:08:30.487 D/KeyguardViewMediator(  206): setHidden false
02-13 14:08:30.487 D/KeyguardViewMediator(  206): setHidden false
02-13 14:08:30.497 D/KeyguardViewMediator(  206): setHidden false
02-13 14:08:30.507 D/KeyguardViewMediator(  206): setHidden false
02-13 14:08:30.527 D/KeyguardViewMediator(  206): setHidden false
02-13 14:08:30.537 D/KeyguardViewMediator(  206): setHidden false
02-13 14:08:30.557 D/KeyguardViewMediator(  206): setHidden false
02-13 14:08:30.577 D/KeyguardViewMediator(  206): setHidden false
02-13 14:08:30.587 D/KeyguardViewMediator(  206): setHidden false
02-13 14:08:30.607 D/KeyguardViewMediator(  206): setHidden false
02-13 14:08:30.627 D/KeyguardViewMediator(  206): setHidden false
02-13 14:08:30.637 D/KeyguardViewMediator(  206): setHidden false
02-13 14:08:30.657 D/KeyguardViewMediator(  206): setHidden false
02-13 14:08:30.667 I/ActivityManager(  206): Displayed com.android.settings/.DevelopmentSettings: +270ms
02-13 14:08:30.677 D/KeyguardViewMediator(  206): setHidden false
02-13 14:08:31.427 D/KeyguardViewMediator(  206): setHidden false
02-13 14:08:31.448 D/KeyguardViewMediator(  206): setHidden false
02-13 14:08:31.448 D/KeyguardViewMediator(  206): setHidden false
02-13 14:08:31.458 D/KeyguardViewMediator(  206): setHidden false
02-13 14:08:31.478 D/KeyguardViewMediator(  206): setHidden false
02-13 14:08:31.498 D/KeyguardViewMediator(  206): setHidden false
02-13 14:08:31.508 D/KeyguardViewMediator(  206): setHidden false
02-13 14:08:31.518 D/KeyguardViewMediator(  206): setHidden false
02-13 14:08:31.538 D/KeyguardViewMediator(  206): setHidden false
02-13 14:08:31.558 D/KeyguardViewMediator(  206): setHidden false
02-13 14:08:31.578 D/KeyguardViewMediator(  206): setHidden false
02-13 14:08:31.598 D/KeyguardViewMediator(  206): setHidden false
02-13 14:08:31.608 D/KeyguardViewMediator(  206): setHidden false
02-13 14:08:31.628 D/KeyguardViewMediator(  206): setHidden false
