02-13 14:13:06.806 D/Launcher(  900): Dissmis Preview for view :null ID:2131230735
02-13 14:13:06.806 D/Launcher(  900): Dissmis Preview for view :null ID:2131230736
02-13 14:13:06.846 D/Launcher(  900): Dissmis Preview for view :null ID:2131230735
02-13 14:13:06.846 D/Launcher(  900): Dissmis Preview for view :null ID:2131230736
02-13 14:13:06.896 D/Launcher(  900): Dissmis Preview for view :null ID:2131230735
02-13 14:13:06.896 D/Launcher(  900): Dissmis Preview for view :null ID:2131230736
02-13 14:13:06.926 D/Launcher(  900): Dissmis Preview for view :null ID:2131230735
02-13 14:13:06.926 D/Launcher(  900): Dissmis Preview for view :null ID:2131230736
02-13 14:13:09.589 D/KeyguardViewMediator(  206): setHidden false
02-13 14:13:09.609 D/KeyguardViewMediator(  206): setHidden false
02-13 14:13:09.629 D/Launcher(  900): onSaveInstanceState
02-13 14:13:09.629 D/Launcher(  900): Dissmis Preview for view :null ID:2131230735
02-13 14:13:09.629 D/Launcher(  900): Dissmis Preview for view :null ID:2131230736
02-13 14:13:09.629 D/Launcher(  900): Dissmis Preview for view :null ID:2131230739
02-13 14:13:09.629 D/Launcher(  900): Dissmis Preview for view :null ID:2131230741
02-13 14:13:09.629 D/KeyguardViewMediator(  206): setHidden false
02-13 14:13:09.649 D/KeyguardViewMediator(  206): setHidden false
02-13 14:13:09.649 I/hubo    (  206): Activity {com.google.android.youtube/com.google.android.youtube.app.froyo.phone.HomeActivity}
02-13 14:13:09.659 D/KeyguardViewMediator(  206): setHidden false
02-13 14:13:09.669 D/KeyguardViewMediator(  206): setHidden false
02-13 14:13:09.689 D/KeyguardViewMediator(  206): setHidden false
02-13 14:13:09.709 D/KeyguardViewMediator(  206): setHidden false
02-13 14:13:09.719 D/KeyguardViewMediator(  206): setHidden false
02-13 14:13:09.739 D/KeyguardViewMediator(  206): setHidden false
02-13 14:13:09.749 D/KeyguardViewMediator(  206): setHidden false
02-13 14:13:09.769 D/KeyguardViewMediator(  206): setHidden false
02-13 14:13:09.789 D/KeyguardViewMediator(  206): setHidden false
02-13 14:13:09.799 D/KeyguardViewMediator(  206): setHidden false
02-13 14:13:09.809 D/KeyguardViewMediator(  206): setHidden false
02-13 14:13:09.819 D/KeyguardViewMediator(  206): setHidden false
02-13 14:13:09.829 D/KeyguardViewMediator(  206): setHidden false
02-13 14:13:09.829 D/KeyguardViewMediator(  206): setHidden false
02-13 14:13:09.829 D/KeyguardViewMediator(  206): setHidden false
02-13 14:13:09.839 D/KeyguardViewMediator(  206): setHidden false
02-13 14:13:09.849 D/KeyguardViewMediator(  206): setHidden false
02-13 14:13:09.859 D/KeyguardViewMediator(  206): setHidden false
02-13 14:13:09.869 D/KeyguardViewMediator(  206): setHidden false
02-13 14:13:09.879 D/KeyguardViewMediator(  206): setHidden false
02-13 14:13:09.899 D/KeyguardViewMediator(  206): setHidden false
02-13 14:13:09.919 D/KeyguardViewMediator(  206): setHidden false
02-13 14:13:09.929 D/KeyguardViewMediator(  206): setHidden false
02-13 14:13:09.959 D/KeyguardViewMediator(  206): setHidden false
02-13 14:13:09.959 D/KeyguardViewMediator(  206): setHidden false
02-13 14:13:09.969 D/KeyguardViewMediator(  206): setHidden false
02-13 14:13:09.969 I/ActivityManager(  206): Displayed com.google.android.youtube/.app.froyo.phone.HomeActivity: +342ms
02-13 14:13:09.979 D/KeyguardViewMediator(  206): setHidden false
02-13 14:13:09.999 D/KeyguardViewMediator(  206): setHidden false
02-13 14:13:10.009 D/KeyguardViewMediator(  206): setHidden false
02-13 14:13:10.039 D/KeyguardViewMediator(  206): setHidden false
02-13 14:13:10.059 D/KeyguardViewMediator(  206): setHidden false
02-13 14:13:10.069 D/KeyguardViewMediator(  206): setHidden false
02-13 14:13:10.089 D/KeyguardViewMediator(  206): setHidden false
02-13 14:13:10.109 D/KeyguardViewMediator(  206): setHidden false
02-13 14:13:10.109 D/KeyguardViewMediator(  206): setHidden false
02-13 14:13:10.139 D/KeyguardViewMediator(  206): setHidden false
02-13 14:13:10.159 D/KeyguardViewMediator(  206): setHidden false
02-13 14:13:10.159 D/KeyguardViewMediator(  206): setHidden false
02-13 14:13:10.179 D/KeyguardViewMediator(  206): setHidden false
02-13 14:13:12.532 W/libutils.threads(  121): Thread (this=0x245e8): don't call waitForExit() from this Thread object's thread. It's a guaranteed deadlock!
02-13 14:13:16.806 D/KeyguardViewMediator(  206): setHidden false
02-13 14:13:17.617 D/Bitmap  ( 2404): Detect unrecycled bitmap.
02-13 14:13:17.617 D/Bitmap  ( 2404):       Size: 157440 Bytes, Width: 320 , Height: 123 , Hash code: 1079558488
02-13 14:13:17.617 D/Bitmap  ( 2404):  This bimap was created in:
02-13 14:13:17.617 D/Bitmap  ( 2404):       android.graphics.Bitmap.<init>(Bitmap.java:136)
02-13 14:13:17.617 D/Bitmap  ( 2404):       android.graphics.BitmapFactory.nativeDecodeAsset(Native Method)
02-13 14:13:17.617 D/Bitmap  ( 2404):       android.graphics.BitmapFactory.decodeStream(BitmapFactory.java:460)
02-13 14:13:17.617 D/Bitmap  ( 2404):       android.graphics.BitmapFactory.decodeResourceStream(BitmapFactory.java:336)
02-13 14:13:17.617 D/Bitmap  ( 2404):       android.graphics.drawable.Drawable.createFromResourceStream(Drawable.java:697)
02-13 14:13:17.617 D/Bitmap  ( 2404):       android.content.res.Resources.loadDrawable(Resources.java:1709)
02-13 14:13:17.617 D/Bitmap  ( 2404):       android.content.res.Resources.getDrawable(Resources.java:581)
02-13 14:13:17.617 D/Bitmap  ( 2404):       android.widget.AbsListView.setOverScrollMode(AbsListView.java:655)
02-13 14:13:17.617 D/Bitmap  ( 2404):       android.view.View.<init>(View.java:1879)
02-13 14:13:17.617 D/Bitmap  ( 2404):       android.view.View.<init>(View.java:1921)
02-13 14:13:17.617 D/Bitmap  ( 2404):       android.view.ViewGroup.<init>(ViewGroup.java:292)
02-13 14:13:17.617 D/Bitmap  ( 2404):       android.widget.AdapterView.<init>(AdapterView.java:228)
02-13 14:13:17.627 D/Bitmap  ( 2404):       android.widget.AbsListView.<init>(AbsListView.java:592)
02-13 14:13:17.627 D/Bitmap  ( 2404):       android.widget.ListView.<init>(ListView.java:163)
02-13 14:13:17.627 D/Bitmap  ( 2404):       android.widget.ListView.<init>(ListView.java:159)
02-13 14:13:17.627 D/Bitmap  ( 2404):       java.lang.reflect.Constructor.constructNative(Native Method)
02-13 14:13:17.627 D/Bitmap  ( 2404):       java.lang.reflect.Constructor.newInstance(Constructor.java:415)
02-13 14:13:17.627 D/Bitmap  ( 2404):       android.view.LayoutInflater.createView(LayoutInflater.java:505)
02-13 14:13:17.627 D/Bitmap  ( 2404):       com.android.internal.policy.impl.PhoneLayoutInflater.onCreateView(PhoneLayoutInflater.java:56)
02-13 14:13:17.627 D/Bitmap  ( 2404):       android.view.LayoutInflater.createViewFromTag(LayoutInflater.java:568)
02-13 14:13:17.627 D/Bitmap  ( 2404):       android.view.LayoutInflater.rInflate(LayoutInflater.java:623)
02-13 14:13:17.627 D/Bitmap  ( 2404):       android.view.LayoutInflater.inflate(LayoutInflater.java:408)
02-13 14:13:17.627 D/Bitmap  ( 2404):       android.view.LayoutInflater.inflate(LayoutInflater.java:320)
02-13 14:13:17.627 D/Bitmap  ( 2404):       android.view.LayoutInflater.inflate(LayoutInflater.java:276)
02-13 14:13:17.627 D/Bitmap  ( 2404):       com.google.android.youtube.core.ui.BasePagedView.<init>(BasePagedView.java:77)
02-13 14:13:17.627 D/Bitmap  ( 2404):       com.google.android.youtube.core.ui.PagedListView.<init>(PagedListView.java:34)
02-13 14:13:17.627 D/Bitmap  ( 2404):       com.google.android.youtube.core.ui.PagedListView.<init>(PagedListView.java:28)
02-13 14:13:17.627 D/Bitmap  ( 2404):       java.lang.reflect.Constructor.constructNative(Native Method)
02-13 14:13:17.627 D/Bitmap  ( 2404):       java.lang.reflect.Constructor.newInstance(Constructor.java:415)
02-13 14:13:17.627 D/Bitmap  ( 2404):       android.view.LayoutInflater.createView(LayoutInflater.java:505)
02-13 14:13:17.627 D/Bitmap  ( 2404):       android.view.LayoutInflater.createViewFromTag(LayoutInflater.java:570)
02-13 14:13:17.627 D/Bitmap  ( 2404):       android.view.LayoutInflater.rInflate(LayoutInflater.java:623)
02-13 14:13:17.627 D/Bitmap  ( 2404):       android.view.LayoutInflater.inflate(LayoutInflater.java:408)
02-13 14:13:17.627 D/Bitmap  ( 2404):       android.view.LayoutInflater.inflate(LayoutInflater.java:320)
02-13 14:13:17.627 D/Bitmap  ( 2404):       android.view.LayoutInflater.inflate(LayoutInflater.java:276)
02-13 14:13:17.627 D/Bitmap  ( 2404):       com.android.internal.policy.impl.PhoneWindow.setContentView(PhoneWindow.java:207)
02-13 14:13:17.627 D/Bitmap  ( 2404):       android.app.Activity.setContentView(Activity.java:1657)
02-13 14:13:17.627 D/Bitmap  ( 2404):       com.google.android.youtube.app.froyo.phone.YouTubeActivity.setContentView(YouTubeActivity.java:67)
02-13 14:13:17.627 D/Bitmap  ( 2404):       com.google.android.youtube.app.froyo.phone.HomeActivity.onCreate(HomeActivity.java:81)
02-13 14:13:17.627 D/Bitmap  ( 2404):       android.app.Instrumentation.callActivityOnCreate(Instrumentation.java:1047)
02-13 14:13:17.627 D/Bitmap  ( 2404):       android.app.ActivityThread.performLaunchActivity(ActivityThread.java:1632)
02-13 14:13:17.627 D/Bitmap  ( 2404):       android.app.ActivityThread.handleLaunchActivity(ActivityThread.java:1684)
02-13 14:13:17.627 D/Bitmap  ( 2404):       android.app.ActivityThread.access$1500(ActivityThread.java:123)
02-13 14:13:17.627 D/Bitmap  ( 2404):       android.app.ActivityThread$H.handleMessage(ActivityThread.java:948)
02-13 14:13:17.627 D/Bitmap  ( 2404):       android.os.Handler.dispatchMessage(Handler.java:99)
02-13 14:13:17.627 D/Bitmap  ( 2404):       android.os.Looper.loop(Looper.java:130)
02-13 14:13:17.627 D/Bitmap  ( 2404):       android.app.ActivityThread.main(ActivityThread.java:3704)
02-13 14:13:17.627 D/Bitmap  ( 2404):       java.lang.reflect.Method.invokeNative(Native Method)
02-13 14:13:17.627 D/Bitmap  ( 2404):       java.lang.reflect.Method.invoke(Method.java:507)
02-13 14:13:17.627 D/Bitmap  ( 2404):       com.android.internal.os.ZygoteInit$MethodAndArgsCaller.run(ZygoteInit.java:875)
02-13 14:13:17.627 D/Bitmap  ( 2404):       com.android.internal.os.ZygoteInit.main(ZygoteInit.java:633)
02-13 14:13:17.627 D/Bitmap  ( 2404):       dalvik.system.NativeStart.main(Native Method)
02-13 14:13:17.627 D/Bitmap  ( 2404): _
02-13 14:13:21.380 I/wpa_supplicant(  304): State: INACTIVE -> SCANNING
02-13 14:13:21.380 I/wpa_supplicant(  304): CTRL-EVENT-STATE-CHANGE id=-1 state=2 BSSID=00:00:00:00:00:00
02-13 14:13:21.380 D/NetworkStateTracker(  206): setDetailed state, old =IDLE and new state=SCANNING
02-13 14:13:22.361 I/dun_service(  130): process rmnet event
02-13 14:13:22.361 I/dun_service(  130): Post event 4
02-13 14:13:22.361 I/dun_service(  130): received event: DUN_EVENT_RMNET_UP 
02-13 14:13:22.361 I/dun_service(  130): received event(DUN_EVENT_RMNET_UP) in state(DUN_STATE_USB_UNPLUG)
02-13 14:13:22.361 I/dun_service(  130): Ignoring the event DUN_EVENT_RMNET_UP in USB_UNPLUG_STATE
02-13 14:13:22.361 I/dun_service(  130): Moved to state(DUN_STATE_USB_UNPLUG)
02-13 14:13:22.361 I/wpa_supplicant(  304): State: SCANNING -> INACTIVE
02-13 14:13:22.361 I/wpa_supplicant(  304): CTRL-EVENT-STATE-CHANGE id=-1 state=1 BSSID=00:00:00:00:00:00
02-13 14:13:22.371 D/WifiStateTracker(  206): setNotificationVisible() visible=false mNotificationShown=false force=false return.
02-13 14:13:22.371 D/NetworkStateTracker(  206): setDetailed state, old =SCANNING and new state=IDLE
02-13 14:13:22.391 I/dun_service(  130): The value returned from dun_getusbmodemstate_fromsys is 2 
02-13 14:13:22.411 D/KeyguardUpdateMonitor(  206): received broadcast android.intent.action.BATTERY_CHANGED
02-13 14:13:22.411 D/KeyguardUpdateMonitor(  206): handleBatteryUpdate
02-13 14:13:22.792 I/V3Client( 2039): notf'n?
02-13 14:13:22.812 I/V3Client( 2039): !control 0
02-13 14:13:22.832 E/HQB     ( 1781): onReceiveWithPrivilege  action received android.provider.Telephony.SMS_RECEIVED
02-13 14:13:22.842 D/SmsReceiverService( 1781): isSelfRegSMS-teleService = 4098
02-13 14:13:22.852 D/SmsReceiverService( 1781): first =0
02-13 14:13:22.852 D/SmsReceiverService( 1781): possibleIndex =null
02-13 14:13:22.852 D/SmsReceiverService( 1781): processed indexString =null
02-13 14:13:22.852 D/SmsReceiverService( 1781): first =0
02-13 14:13:22.852 D/SmsReceiverService( 1781): possibleIndex =null
02-13 14:13:22.852 D/SmsReceiverService( 1781): processed indexString =null
02-13 14:13:22.852 D/MmsSmsProvider(  331): getThreadId:enter cursor.toAddressIds.size=1
02-13 14:13:22.852 D/MmsSmsProvider(  331): getThreadId:enter cursor.getCount()=1
02-13 14:13:22.852 D/MmsSmsProvider(  331): getThreadId:enter cursorAddr.getCount()=1needNewThread=false
02-13 14:13:22.862 I/ContactsProvider(  402): query: content://contacts/phones/filter/9137446943
02-13 14:13:22.862 E/ContactsProvider(  402): 101123 isCallerRegisterNeedSIMProc callerPid:331, acorePid:402
02-13 14:13:22.862 I/ContactsProvider(  402): query isCallerRegistered= true
02-13 14:13:22.872 I/ContactsProvider(  402): query forOnlyOneContactString= 0
02-13 14:13:22.942 D/Mms:app ( 1781): in getIconResourceId cmasNo =0
02-13 14:13:22.942 D/Mms:app ( 1781): in getIconResourceId cmasNo = 0, cancel(notificationId)
02-13 14:13:22.962 I/Mms     ( 1781): parseMmsAddress number=9137446943, length=10
02-13 14:13:22.972 I/ContactsProvider(  402): query: content://com.android.contacts/data
02-13 14:13:22.972 E/ContactsProvider(  402): 101123 isCallerRegisterNeedSIMProc callerPid:1781, acorePid:402
02-13 14:13:22.972 I/ContactsProvider(  402): query isCallerRegistered= true
02-13 14:13:22.972 I/ContactsProvider(  402): query forOnlyOneContactString= 0
02-13 14:13:22.982 I/ContactsProvider(  402): query: content://com.android.contacts/contacts/223/photo
02-13 14:13:22.982 E/ContactsProvider(  402): 101123 isCallerRegisterNeedSIMProc callerPid:1781, acorePid:402
02-13 14:13:22.982 I/ContactsProvider(  402): query isCallerRegistered= true
02-13 14:13:22.982 I/ContactsProvider(  402): query forOnlyOneContactString= 0
02-13 14:13:23.002 E/lights  (  206):   g_haveAmberLed=0
02-13 14:13:23.002 E/lights  (  206):   red=0
02-13 14:13:23.002 E/lights  (  206):   green=0
02-13 14:13:23.002 E/lights  (  206):   blink=0
02-13 14:13:23.002 D/KeyguardViewMediator(  206): setHidden false
02-13 14:13:23.012 D/KeyguardViewMediator(  206): setHidden false
02-13 14:13:23.032 E/lights  (  206):   g_haveAmberLed=0
02-13 14:13:23.032 E/lights  (  206):   red=0
02-13 14:13:23.032 E/lights  (  206):   green=255
02-13 14:13:23.032 E/lights  (  206):   blink=1
02-13 14:13:23.052 D/KeyguardViewMediator(  206): setHidden false
02-13 14:13:23.052 D/KeyguardViewMediator(  206): setHidden false
