02-13 13:22:38.973 E/EmodeControl(  890): isCapcitance=true
02-13 13:22:38.973 E/EmodeControl(  890): isHaveVoltameter=false
02-13 13:22:38.973 E/EmodeControl(  890): mFMTest_Type=1
02-13 13:22:38.973 E/EmodeControl(  890): is_clear_oem_partion=false
02-13 13:22:38.973 E/EmodeControl(  890): -----------------phone info------------
02-13 13:22:38.973 D/PowerManagerService(  206): acquireWakeLock flags=0x1a tag=com.zte.emode.EmodeSubmenu
02-13 13:22:38.973 E/Emode   (  890): [13:22:38] com.zte.emode.EmodeSubmenu  onResume    WakeLock:acquire   =true
02-13 13:22:38.973 D/KeyguardViewMediator(  206): setHidden false
02-13 13:22:38.993 D/KeyguardViewMediator(  206): setHidden false
02-13 13:22:39.003 D/KeyguardViewMediator(  206): setHidden false
02-13 13:22:39.013 D/KeyguardViewMediator(  206): setHidden false
02-13 13:22:39.013 I/ContactAccessorSdk5(  402): mergeCursor.getCount = 0
02-13 13:22:39.013 I/ContactAccessorSdk5(  402): activity.myAdapter = com.android.contacts.smartdialer.contactsAdapter@40679090
02-13 13:22:39.033 D/KeyguardViewMediator(  206): setHidden false
02-13 13:22:39.033 D/KeyguardViewMediator(  206): setHidden false
02-13 13:22:39.043 D/KeyguardViewMediator(  206): setHidden false
02-13 13:22:39.063 D/KeyguardViewMediator(  206): setHidden false
02-13 13:22:39.073 D/KeyguardViewMediator(  206): setHidden false
02-13 13:22:39.093 D/KeyguardViewMediator(  206): setHidden false
02-13 13:22:39.113 D/KeyguardViewMediator(  206): setHidden false
02-13 13:22:39.123 D/KeyguardViewMediator(  206): setHidden false
02-13 13:22:39.143 D/KeyguardViewMediator(  206): setHidden false
02-13 13:22:39.163 D/KeyguardViewMediator(  206): setHidden false
02-13 13:22:39.173 D/KeyguardViewMediator(  206): setHidden false
02-13 13:22:39.173 I/ActivityManager(  206): Displayed com.zte.emode/.EmodeSubmenu: +225ms
02-13 13:22:40.114 D/PowerManagerService(  206): UnPartial  wakeLock  reactivate ,flags=0x1a tag=com.zte.emode.EmodeSubmenu
02-13 13:22:40.234 D/PowerManagerService(  206): UnPartial  wakeLock  reactivate ,flags=0x1a tag=com.zte.emode.EmodeSubmenu
02-13 13:22:40.284 E/EmodeControl(  890): -----------------phone info------------
02-13 13:22:40.284 E/EmodeControl(  890): productName=zte_fury
02-13 13:22:40.284 E/EmodeControl(  890): boardName=sean
02-13 13:22:40.284 E/EmodeControl(  890): isCapcitance=true
02-13 13:22:40.284 E/EmodeControl(  890): isHaveVoltameter=false
02-13 13:22:40.284 E/EmodeControl(  890): mFMTest_Type=1
02-13 13:22:40.284 E/EmodeControl(  890): is_clear_oem_partion=false
02-13 13:22:40.284 E/EmodeControl(  890): -----------------phone info------------
02-13 13:22:40.294 D/PowerManagerService(  206): releaseWakeLock flags=0x1a tag=com.zte.emode.EmodeSubmenu
02-13 13:22:40.294 E/Emode   (  890): [13:22:40] com.zte.emode.EmodeSubmenu  WakeLock:release
02-13 13:22:40.294 E/Emode   (  890): [13:22:40] com.zte.emode.EmodeSubmenu  onPause    WakeLock:release    =true
02-13 13:22:40.304 D/KeyguardViewMediator(  206): setHidden false
02-13 13:22:40.304 I/hubo    (  206): Activity {com.zte.emode/com.zte.emode.DevInfo}
02-13 13:22:40.334 D/QC_NV_ITEMS(  890): QcNvItems instance created.
02-13 13:22:40.334 I/QC_RIL_OEM_HOOK(  890): QcRilOemHook Service Created Successfully
02-13 13:22:40.334 D/QC_RIL_OEM_HOOK(  890): sendRilOemHookMsg: itemIdTemp568
02-13 13:22:40.344 D/QC_NV_ITEMS(  890): Received: 4e38353042303500
02-13 13:22:40.344 D/QcNvItemTypes(  890): NvSysSwVerType ilength is: 8
02-13 13:22:40.344 D/QC_NV_ITEMS(  890): cby, get_nv_sys_sw_ver: N850B05
02-13 13:22:40.344 D/PowerManagerService(  206): acquireWakeLock flags=0x1a tag=com.zte.emode.DevInfo
02-13 13:22:40.344 E/Emode   (  890): [13:22:40] com.zte.emode.DevInfo  onResume    WakeLock:acquire   =true
02-13 13:22:40.364 D/KeyguardViewMediator(  206): setHidden false
02-13 13:22:40.404 D/KeyguardViewMediator(  206): setHidden false
02-13 13:22:40.404 D/KeyguardViewMediator(  206): setHidden false
02-13 13:22:40.414 D/KeyguardViewMediator(  206): setHidden false
02-13 13:22:40.414 D/KeyguardViewMediator(  206): setHidden false
02-13 13:22:40.434 D/KeyguardViewMediator(  206): setHidden false
02-13 13:22:40.454 D/KeyguardViewMediator(  206): setHidden false
02-13 13:22:40.464 D/KeyguardViewMediator(  206): setHidden false
02-13 13:22:40.484 D/KeyguardViewMediator(  206): setHidden false
02-13 13:22:40.504 D/KeyguardViewMediator(  206): setHidden false
02-13 13:22:40.514 D/KeyguardViewMediator(  206): setHidden false
02-13 13:22:40.534 D/KeyguardViewMediator(  206): setHidden false
02-13 13:22:40.544 D/KeyguardViewMediator(  206): setHidden false
02-13 13:22:40.564 D/KeyguardViewMediator(  206): setHidden false
