02-13 13:21:30.746 I/ContactAccessorSdk5(  402): recalculate filterName = [*][9WXYZ][8TUV][3DEF][*]
02-13 13:21:30.746 I/ContactAccessorSdk5(  402): recalculate reversed = *389*
02-13 13:21:30.746 I/ContactAccessorSdk5(  402): mQueryHandler = Handler{40570df8}
02-13 13:21:30.746 W/CallLogProvider(  402): query: match = 4
02-13 13:21:30.746 D/CallLogProvider(  402): DIALER_CALLS
02-13 13:21:30.746 I/ContactsProvider(  402): query: content://com.android.contacts/contacts/dailkey_filter/*983*
02-13 13:21:30.746 I/ContactsProvider(  402): query isCallerRegistered= true
02-13 13:21:30.746 I/ContactsProvider(  402): query forOnlyOneContactString= 0
02-13 13:21:30.746 D/ContactsProvider(  402):  query in DIALKEY_FILTER
02-13 13:21:30.746 I/ContactsProvider(  402): reversed number=*389*
02-13 13:21:30.746 I/ContactsProvider(  402): original sortOrder = sort_key
02-13 13:21:30.746 I/ContactsProvider(  402): changed sortOrder = REPLACE(dialer_number_header,' ','') GLOB '*983**' DESC, REPLACE(dialer_number_full,' ','') GLOB '*983**' DESC, sort_key
02-13 13:21:30.756 I/ContactAccessorSdk5(  402): mergeCursor.getCount = 0
02-13 13:21:30.756 I/ContactAccessorSdk5(  402): activity.myAdapter = com.android.contacts.smartdialer.contactsAdapter@405e2a70
02-13 13:21:30.856 I/MediaScanner(  478): doScanFile the temppath: /mnt/sdcard/bluetooth/03 pink rolex.mp3
02-13 13:21:30.856 E/PVMediaScanner(  478): processFile /mnt/sdcard/bluetooth/03 pink rolex.mp3 mimeType: (null)
02-13 13:21:30.856 E/PVMediaScanner(  478): Start to test wheater the file is drm file = /mnt/sdcard/bluetooth/03 pink rolex.mp3
02-13 13:21:30.866 E/PVMediaScanner(  478): Start pfnDrmAPI_IsProtectedFile is good result =0
02-13 13:21:30.866 E/PVMediaScanner(  478): File is not a drm file.
02-13 13:21:30.866 E/PVMediaScanner(  478): IMpeg3File::ParseMp3File returned
02-13 13:21:31.206 I/MediaScanner(  478): doScanFile the temppath: /mnt/sdcard/bluetooth/04 melt.mp3
02-13 13:21:31.206 E/PVMediaScanner(  478): processFile /mnt/sdcard/bluetooth/04 melt.mp3 mimeType: (null)
02-13 13:21:31.216 E/PVMediaScanner(  478): Start to test wheater the file is drm file = /mnt/sdcard/bluetooth/04 melt.mp3
02-13 13:21:31.216 E/PVMediaScanner(  478): Start pfnDrmAPI_IsProtectedFile is good result =0
02-13 13:21:31.216 E/PVMediaScanner(  478): File is not a drm file.
02-13 13:21:31.216 E/PVMediaScanner(  478): IMpeg3File::ParseMp3File returned
02-13 13:21:31.547 I/MediaScanner(  478): doScanFile the temppath: /mnt/sdcard/bluetooth/05 tonight.mp3
02-13 13:21:31.547 E/PVMediaScanner(  478): processFile /mnt/sdcard/bluetooth/05 tonight.mp3 mimeType: (null)
02-13 13:21:31.547 E/PVMediaScanner(  478): Start to test wheater the file is drm file = /mnt/sdcard/bluetooth/05 tonight.mp3
02-13 13:21:31.547 E/PVMediaScanner(  478): Start pfnDrmAPI_IsProtectedFile is good result =0
02-13 13:21:31.547 E/PVMediaScanner(  478): File is not a drm file.
02-13 13:21:31.547 E/PVMediaScanner(  478): IMpeg3File::ParseMp3File returned
02-13 13:21:31.737 I/MediaScanner(  478): doScanFile the temppath: /mnt/sdcard/bluetooth/06 polyrhythm winter.mp3
02-13 13:21:31.737 E/PVMediaScanner(  478): processFile /mnt/sdcard/bluetooth/06 polyrhythm winter.mp3 mimeType: (null)
02-13 13:21:31.737 E/PVMediaScanner(  478): Start to test wheater the file is drm file = /mnt/sdcard/bluetooth/06 polyrhythm winter.mp3
02-13 13:21:31.747 E/PVMediaScanner(  478): Start pfnDrmAPI_IsProtectedFile is good result =0
02-13 13:21:31.747 E/PVMediaScanner(  478): File is not a drm file.
02-13 13:21:31.747 E/PVMediaScanner(  478): IMpeg3File::ParseMp3File returned
02-13 13:21:31.987 I/MediaScanner(  478): doScanFile the temppath: /mnt/sdcard/bluetooth/07 狂.mp3
02-13 13:21:31.997 E/PVMediaScanner(  478): processFile /mnt/sdcard/bluetooth/07 狂.mp3 mimeType: (null)
02-13 13:21:31.997 E/PVMediaScanner(  478): Start to test wheater the file is drm file = /mnt/sdcard/bluetooth/07 狂.mp3
02-13 13:21:32.007 E/PVMediaScanner(  478): Start pfnDrmAPI_IsProtectedFile is good result =0
02-13 13:21:32.007 E/PVMediaScanner(  478): File is not a drm file.
02-13 13:21:32.007 E/PVMediaScanner(  478): IMpeg3File::ParseMp3File returned
02-13 13:21:32.177 I/SmartDialerActivity(  402): Enter onInterceptTouchEvent 0x=177.85124y=277.53342
02-13 13:21:32.197 I/SmartDialerActivity(  402): Enter onInterceptTouchEvent 2x=177.19008y=275.54858
02-13 13:21:32.217 I/SmartDialerActivity(  402): Enter onInterceptTouchEvent 2x=177.85124y=272.57132
02-13 13:21:32.227 I/SmartDialerActivity(  402): Enter onInterceptTouchEvent 2x=178.18181y=270.9173
02-13 13:21:32.277 I/SmartDialerActivity(  402): Enter onInterceptTouchEvent 2x=178.51239y=270.5865
02-13 13:21:32.297 I/MediaScanner(  478): doScanFile the temppath: /mnt/sdcard/bluetooth/08 eighty six.mp3
02-13 13:21:32.297 I/SmartDialerActivity(  402): Enter onInterceptTouchEvent 2x=178.84297y=269.26328
02-13 13:21:32.297 E/PVMediaScanner(  478): processFile /mnt/sdcard/bluetooth/08 eighty six.mp3 mimeType: (null)
02-13 13:21:32.297 E/PVMediaScanner(  478): Start to test wheater the file is drm file = /mnt/sdcard/bluetooth/08 eighty six.mp3
02-13 13:21:32.297 E/PVMediaScanner(  478): Start pfnDrmAPI_IsProtectedFile is good result =0
02-13 13:21:32.297 E/PVMediaScanner(  478): File is not a drm file.
02-13 13:21:32.297 E/PVMediaScanner(  478): IMpeg3File::ParseMp3File returned
02-13 13:21:32.307 I/SmartDialerActivity(  402): Enter onInterceptTouchEvent 1x=177.85124y=268.27084
02-13 13:21:32.307 D/ToneGenerator(  402): startTone
02-13 13:21:32.307 D/AudioTrack(  402): start 0x5331b8
02-13 13:21:32.307 D/AudioFlinger(  121): start(4099), calling thread 402 session 22
02-13 13:21:32.307 D/SmartDialerActivity(  402): keyPressed15
02-13 13:21:32.307 D/SmartDialerActivity(  402): afterTextChanged
02-13 13:21:32.307 D/SmartDialerActivity(  402): updateAddtoContactsButtonEnabledStatetrue
02-13 13:21:32.307 D/SmartDialerActivity(  402): getDelayTime = 0
02-13 13:21:32.307 D/SmartDialerActivity(  402): afterTextChanged
02-13 13:21:32.307 D/SmartDialerActivity(  402): updateAddtoContactsButtonEnabledStatetrue
02-13 13:21:32.307 D/SmartDialerActivity(  402): getDelayTime = 0
02-13 13:21:32.317 I/ContactAccessorSdk5(  402): Phone.CONTENT_FILTER_URI = content://com.android.contacts/data/phones/filter
02-13 13:21:32.317 I/ContactAccessorSdk5(  402): recalculate number = *983*8
02-13 13:21:32.317 I/ContactAccessorSdk5(  402): recalculate filterName = [*][9WXYZ][8TUV][3DEF][*][8TUV]
02-13 13:21:32.317 D/AudioHardwareMSM7X30(  121): value of device and enable is 2 1 ALSA dev id:3
02-13 13:21:32.317 I/ContactAccessorSdk5(  402): recalculate reversed = 8*389*
02-13 13:21:32.317 I/ContactAccessorSdk5(  402): mQueryHandler = Handler{40570df8}
02-13 13:21:32.317 W/CallLogProvider(  402): query: match = 4
02-13 13:21:32.317 D/CallLogProvider(  402): DIALER_CALLS
02-13 13:21:32.327 I/ContactsProvider(  402): query: content://com.android.contacts/contacts/dailkey_filter/*983*8
02-13 13:21:32.327 I/ContactsProvider(  402): query isCallerRegistered= true
02-13 13:21:32.327 I/ContactsProvider(  402): query forOnlyOneContactString= 0
02-13 13:21:32.327 D/ContactsProvider(  402):  query in DIALKEY_FILTER
02-13 13:21:32.327 I/ContactsProvider(  402): reversed number=8*389*
02-13 13:21:32.327 I/ContactsProvider(  402): original sortOrder = sort_key
02-13 13:21:32.327 I/ContactsProvider(  402): changed sortOrder = REPLACE(dialer_number_header,' ','') GLOB '*983*8*' DESC, REPLACE(dialer_number_full,' ','') GLOB '*983*8*' DESC, sort_key
02-13 13:21:32.327 I/ContactAccessorSdk5(  402): mergeCursor.getCount = 0
02-13 13:21:32.327 I/ContactAccessorSdk5(  402): activity.myAdapter = com.android.contacts.smartdialer.contactsAdapter@405e2a70
02-13 13:21:32.448 D/AudioHardwareMSM7X30(  121): msm_route_stream(PCM_PLAY,5,3,1)
02-13 13:21:32.448 W/AudioFlinger(  121): write blocked for 133 msecs, 1 delayed writes, thread 0x1b7f0
02-13 13:21:32.478 D/AudioTrack(  402): stop 0x5331b8
02-13 13:21:32.478 D/AudioFlinger(  121): stop(4099), calling thread 402
02-13 13:21:32.568 I/SmartDialerActivity(  402): Enter onInterceptTouchEvent 0x=63.471073y=270.25568
02-13 13:21:32.588 I/MediaScanner(  478): doScanFile the temppath: /mnt/sdcard/bluetooth/09 crying.mp3
02-13 13:21:32.588 E/PVMediaScanner(  478): processFile /mnt/sdcard/bluetooth/09 crying.mp3 mimeType: (null)
02-13 13:21:32.588 E/PVMediaScanner(  478): Start to test wheater the file is drm file = /mnt/sdcard/bluetooth/09 crying.mp3
02-13 13:21:32.598 I/SmartDialerActivity(  402): Enter onInterceptTouchEvent 2x=62.809917y=270.9173
02-13 13:21:32.598 E/PVMediaScanner(  478): Start pfnDrmAPI_IsProtectedFile is good result =0
02-13 13:21:32.598 E/PVMediaScanner(  478): File is not a drm file.
02-13 13:21:32.598 E/PVMediaScanner(  478): IMpeg3File::ParseMp3File returned
02-13 13:21:32.648 I/V3Client(  341): HTTP resp: 200 OK
02-13 13:21:32.648 I/V3Client(  341): CLAIM SUCCESS!
02-13 13:21:32.688 I/SmartDialerActivity(  402): Enter onInterceptTouchEvent 2x=61.81818y=270.25568
02-13 13:21:32.688 I/SmartDialerActivity(  402): Enter onInterceptTouchEvent 1x=60.826447y=268.93246
02-13 13:21:32.698 D/ToneGenerator(  402): startTone
02-13 13:21:32.698 D/AudioTrack(  402): start 0x5331b8
02-13 13:21:32.698 D/AudioFlinger(  121): start(4099), calling thread 402 session 22
02-13 13:21:32.698 D/SmartDialerActivity(  402): keyPressed14
02-13 13:21:32.698 D/SmartDialerActivity(  402): afterTextChanged
02-13 13:21:32.698 D/SmartDialerActivity(  402): updateAddtoContactsButtonEnabledStatetrue
02-13 13:21:32.698 D/SmartDialerActivity(  402): getDelayTime = 0
02-13 13:21:32.698 D/SmartDialerActivity(  402): afterTextChanged
02-13 13:21:32.698 D/SmartDialerActivity(  402): updateAddtoContactsButtonEnabledStatetrue
02-13 13:21:32.698 D/SmartDialerActivity(  402): getDelayTime = 0
02-13 13:21:32.708 I/ContactAccessorSdk5(  402): Phone.CONTENT_FILTER_URI = content://com.android.contacts/data/phones/filter
02-13 13:21:32.708 I/ContactAccessorSdk5(  402): recalculate number = *983*87
02-13 13:21:32.708 I/ContactAccessorSdk5(  402): recalculate filterName = [*][9WXYZ][8TUV][3DEF][*][8TUV][7PQRS]
02-13 13:21:32.708 I/ContactAccessorSdk5(  402): recalculate reversed = 78*389*
02-13 13:21:32.708 I/ContactAccessorSdk5(  402): mQueryHandler = Handler{40570df8}
02-13 13:21:32.708 W/CallLogProvider(  402): query: match = 4
02-13 13:21:32.708 D/CallLogProvider(  402): DIALER_CALLS
02-13 13:21:32.708 I/ContactsProvider(  402): query: content://com.android.contacts/contacts/dailkey_filter/*983*87
02-13 13:21:32.708 I/ContactsProvider(  402): query isCallerRegistered= true
02-13 13:21:32.708 I/ContactsProvider(  402): query forOnlyOneContactString= 0
02-13 13:21:32.708 D/ContactsProvider(  402):  query in DIALKEY_FILTER
02-13 13:21:32.708 I/ContactsProvider(  402): reversed number=78*389*
02-13 13:21:32.708 I/ContactsProvider(  402): original sortOrder = sort_key
02-13 13:21:32.718 I/ContactsProvider(  402): changed sortOrder = REPLACE(dialer_number_header,' ','') GLOB '*983*87*' DESC, REPLACE(dialer_number_full,' ','') GLOB '*983*87*' DESC, sort_key
02-13 13:21:32.718 I/ContactAccessorSdk5(  402): mergeCursor.getCount = 0
02-13 13:21:32.718 I/ContactAccessorSdk5(  402): activity.myAdapter = com.android.contacts.smartdialer.contactsAdapter@405e2a70
02-13 13:21:32.778 D/AudioTrack(  402): stop 0x5331b8
02-13 13:21:32.778 D/AudioFlinger(  121): stop(4099), calling thread 402
02-13 13:21:33.008 I/MediaScanner(  478): doScanFile the temppath: /mnt/sdcard/bluetooth/10 mimic.mp3
02-13 13:21:33.008 W/AlarmManager(  206): +++Alarm  wakeup phone ,pkg=com.locationlabs.v3client
02-13 13:21:33.008 E/PVMediaScanner(  478): processFile /mnt/sdcard/bluetooth/10 mimic.mp3 mimeType: (null)
02-13 13:21:33.008 I/V3Client(  341): got retry intent, retrying c2dm registration
02-13 13:21:33.008 I/V3Client(  341): Registering for push services. email:v3client@location-labs.com
02-13 13:21:33.018 W/AlarmManager(  206): +++alarm onSendFinished ,action=com.locationlabs.v3client.action.RETRY_C2DM_REGISTRATION
02-13 13:21:33.018 E/GTalkService(  374): asyncFetch: no username
02-13 13:21:33.018 D/C2DMRegistrar(  374): [C2DMRegistrar.36] AuthTokenCallback: account missing
02-13 13:21:33.028 I/V3Client(  341): Handling push registration
02-13 13:21:33.028 W/V3Client(  341): C2DM Registration error: ACCOUNT_MISSING
02-13 13:21:33.028 I/V3Client(  341): clearing push registration id
02-13 13:21:33.028 I/V3Client(  341): deleting push id on server
02-13 13:21:33.028 E/PVMediaScanner(  478): Start to test wheater the file is drm file = /mnt/sdcard/bluetooth/10 mimic.mp3
02-13 13:21:33.058 E/PVMediaScanner(  478): Start pfnDrmAPI_IsProtectedFile is good result =0
02-13 13:21:33.058 E/PVMediaScanner(  478): File is not a drm file.
02-13 13:21:33.058 E/PVMediaScanner(  478): IMpeg3File::ParseMp3File returned
02-13 13:21:33.098 D/AlarmManager(  206): +++Alarm set:type=2 com.locationlabs.v3client  Trigger after:53562ms
02-13 13:21:33.369 I/MediaScanner(  478): doScanFile the temppath: /mnt/sdcard/bluetooth/11 1-4.mp3
02-13 13:21:33.369 E/PVMediaScanner(  478): processFile /mnt/sdcard/bluetooth/11 1-4.mp3 mimeType: (null)
02-13 13:21:33.369 E/PVMediaScanner(  478): Start to test wheater the file is drm file = /mnt/sdcard/bluetooth/11 1-4.mp3
02-13 13:21:33.369 E/PVMediaScanner(  478): Start pfnDrmAPI_IsProtectedFile is good result =0
02-13 13:21:33.369 E/PVMediaScanner(  478): File is not a drm file.
02-13 13:21:33.369 E/PVMediaScanner(  478): IMpeg3File::ParseMp3File returned
02-13 13:21:33.399 I/V3Client(  341): HTTP req: POST https://sparkle.locationlabs.com/client/v2/claim
02-13 13:21:33.679 I/MediaScanner(  478): doScanFile the temppath: /mnt/sdcard/bluetooth/12 GSMD.mp3
02-13 13:21:33.679 E/PVMediaScanner(  478): processFile /mnt/sdcard/bluetooth/12 GSMD.mp3 mimeType: (null)
02-13 13:21:33.679 E/PVMediaScanner(  478): Start to test wheater the file is drm file = /mnt/sdcard/bluetooth/12 GSMD.mp3
02-13 13:21:33.689 E/PVMediaScanner(  478): Start pfnDrmAPI_IsProtectedFile is good result =0
02-13 13:21:33.689 E/PVMediaScanner(  478): File is not a drm file.
02-13 13:21:33.689 E/PVMediaScanner(  478): IMpeg3File::ParseMp3File returned
02-13 13:21:34.019 I/MediaScanner(  478): doScanFile the temppath: /mnt/sdcard/bluetooth/13 temptation.mp3
02-13 13:21:34.019 E/PVMediaScanner(  478): processFile /mnt/sdcard/bluetooth/13 temptation.mp3 mimeType: (null)
02-13 13:21:34.019 E/PVMediaScanner(  478): Start to test wheater the file is drm file = /mnt/sdcard/bluetooth/13 temptation.mp3
02-13 13:21:34.019 E/PVMediaScanner(  478): Start pfnDrmAPI_IsProtectedFile is good result =0
02-13 13:21:34.019 E/PVMediaScanner(  478): File is not a drm file.
02-13 13:21:34.019 E/PVMediaScanner(  478): IMpeg3File::ParseMp3File returned
02-13 13:21:34.269 I/MediaScanner(  478): doScanFile the temppath: /mnt/sdcard/bluetooth/14 give up - 日本盤 Bonus Track -.mp3
02-13 13:21:34.269 E/PVMediaScanner(  478): processFile /mnt/sdcard/bluetooth/14 give up - 日本盤 Bonus Track -.mp3 mimeType: (null)
02-13 13:21:34.269 E/PVMediaScanner(  478): Start to test wheater the file is drm file = /mnt/sdcard/bluetooth/14 give up - 日本盤 Bonus Track -.mp3
02-13 13:21:34.400 I/SmartDialerActivity(  402): Enter onInterceptTouchEvent 0x=170.5785y=173.32944
02-13 13:21:34.400 E/PVMediaScanner(  478): Start pfnDrmAPI_IsProtectedFile is good result =0
02-13 13:21:34.400 E/PVMediaScanner(  478): File is not a drm file.
02-13 13:21:34.400 E/PVMediaScanner(  478): IMpeg3File::ParseMp3File returned
02-13 13:21:34.410 I/SmartDialerActivity(  402): Enter onInterceptTouchEvent 2x=169.91736y=172.66782
02-13 13:21:34.420 I/SmartDialerActivity(  402): Enter onInterceptTouchEvent 2x=169.91736y=172.99863
02-13 13:21:34.440 I/SmartDialerActivity(  402): Enter onInterceptTouchEvent 2x=170.90909y=172.66782
02-13 13:21:34.450 I/SmartDialerActivity(  402): Enter onInterceptTouchEvent 2x=171.23967y=172.337
02-13 13:21:34.490 I/SmartDialerActivity(  402): Enter onInterceptTouchEvent 2x=169.91736y=173.32944
02-13 13:21:34.510 I/SmartDialerActivity(  402): Enter onInterceptTouchEvent 2x=166.94214y=174.32184
02-13 13:21:34.520 I/SmartDialerActivity(  402): Enter onInterceptTouchEvent 1x=164.95868y=174.32184
02-13 13:21:34.520 D/ToneGenerator(  402): startTone
02-13 13:21:34.520 D/AudioTrack(  402): start 0x5331b8
02-13 13:21:34.520 D/AudioFlinger(  121): start(4099), calling thread 402 session 22
02-13 13:21:34.520 D/SmartDialerActivity(  402): keyPressed9
02-13 13:21:34.520 D/SmartDialerActivity(  402): afterTextChanged
02-13 13:21:34.520 D/SmartDialerActivity(  402): updateAddtoContactsButtonEnabledStatetrue
02-13 13:21:34.520 D/SmartDialerActivity(  402): getDelayTime = 0
02-13 13:21:34.520 D/SmartDialerActivity(  402): afterTextChanged
02-13 13:21:34.520 D/SmartDialerActivity(  402): updateAddtoContactsButtonEnabledStatetrue
02-13 13:21:34.520 D/SmartDialerActivity(  402): getDelayTime = 0
02-13 13:21:34.530 I/ContactAccessorSdk5(  402): Phone.CONTENT_FILTER_URI = content://com.android.contacts/data/phones/filter
02-13 13:21:34.530 I/ContactAccessorSdk5(  402): recalculate number = *983*872
02-13 13:21:34.530 I/ContactAccessorSdk5(  402): recalculate filterName = [*][9WXYZ][8TUV][3DEF][*][8TUV][7PQRS][2ABC]
02-13 13:21:34.530 I/ContactAccessorSdk5(  402): recalculate reversed = 278*389*
02-13 13:21:34.530 I/ContactAccessorSdk5(  402): mQueryHandler = Handler{40570df8}
02-13 13:21:34.530 W/CallLogProvider(  402): query: match = 4
02-13 13:21:34.530 D/CallLogProvider(  402): DIALER_CALLS
02-13 13:21:34.530 I/ContactsProvider(  402): query: content://com.android.contacts/contacts/dailkey_filter/*983*872
02-13 13:21:34.530 I/ContactsProvider(  402): query isCallerRegistered= true
02-13 13:21:34.530 I/ContactsProvider(  402): query forOnlyOneContactString= 0
02-13 13:21:34.530 D/ContactsProvider(  402):  query in DIALKEY_FILTER
02-13 13:21:34.530 I/ContactsProvider(  402): reversed number=278*389*
02-13 13:21:34.530 I/ContactsProvider(  402): original sortOrder = sort_key
02-13 13:21:34.530 I/ContactsProvider(  402): changed sortOrder = REPLACE(dialer_number_header,' ','') GLOB '*983*872*' DESC, REPLACE(dialer_number_full,' ','') GLOB '*983*872*' DESC, sort_key
02-13 13:21:34.540 I/ContactAccessorSdk5(  402): mergeCursor.getCount = 0
02-13 13:21:34.540 I/ContactAccessorSdk5(  402): activity.myAdapter = com.android.contacts.smartdialer.contactsAdapter@405e2a70
02-13 13:21:34.600 D/AudioTrack(  402): stop 0x5331b8
02-13 13:21:34.600 D/AudioFlinger(  121): stop(4099), calling thread 402
02-13 13:21:34.900 I/SmartDialerActivity(  402): Enter onInterceptTouchEvent 0x=58.512394y=271.90973
02-13 13:21:34.920 I/SmartDialerActivity(  402): Enter onInterceptTouchEvent 2x=58.842976y=271.90973
02-13 13:21:34.970 I/SmartDialerActivity(  402): Enter onInterceptTouchEvent 2x=58.842976y=272.24054
02-13 13:21:34.990 I/SmartDialerActivity(  402): Enter onInterceptTouchEvent 2x=58.512394y=270.25568
02-13 13:21:35.010 I/SmartDialerActivity(  402): Enter onInterceptTouchEvent 1x=58.842976y=267.94003
02-13 13:21:35.010 D/ToneGenerator(  402): startTone
02-13 13:21:35.010 D/AudioTrack(  402): start 0x5331b8
02-13 13:21:35.010 D/AudioFlinger(  121): start(4099), calling thread 402 session 22
02-13 13:21:35.020 D/SmartDialerActivity(  402): keyPressed14
02-13 13:21:35.020 D/SmartDialerActivity(  402): afterTextChanged
02-13 13:21:35.020 D/SmartDialerActivity(  402): updateAddtoContactsButtonEnabledStatetrue
02-13 13:21:35.020 D/SmartDialerActivity(  402): getDelayTime = 0
02-13 13:21:35.020 D/SmartDialerActivity(  402): afterTextChanged
02-13 13:21:35.020 D/SmartDialerActivity(  402): updateAddtoContactsButtonEnabledStatetrue
02-13 13:21:35.020 D/SmartDialerActivity(  402): getDelayTime = 0
02-13 13:21:35.050 I/ContactAccessorSdk5(  402): Phone.CONTENT_FILTER_URI = content://com.android.contacts/data/phones/filter
02-13 13:21:35.050 I/ContactAccessorSdk5(  402): recalculate number = *983*8727
02-13 13:21:35.050 I/ContactAccessorSdk5(  402): recalculate filterName = [*][9WXYZ][8TUV][3DEF][*][8TUV][7PQRS][2ABC][7PQRS]
02-13 13:21:35.050 I/ContactAccessorSdk5(  402): recalculate reversed = 7278*389*
02-13 13:21:35.050 I/ContactAccessorSdk5(  402): mQueryHandler = Handler{40570df8}
02-13 13:21:35.050 W/CallLogProvider(  402): query: match = 4
02-13 13:21:35.050 D/CallLogProvider(  402): DIALER_CALLS
02-13 13:21:35.060 I/ContactsProvider(  402): query: content://com.android.contacts/contacts/dailkey_filter/*983*8727
02-13 13:21:35.060 I/ContactsProvider(  402): query isCallerRegistered= true
02-13 13:21:35.060 I/ContactsProvider(  402): query forOnlyOneContactString= 0
02-13 13:21:35.060 D/ContactsProvider(  402):  query in DIALKEY_FILTER
02-13 13:21:35.060 I/ContactsProvider(  402): reversed number=7278*389*
02-13 13:21:35.060 I/ContactsProvider(  402): original sortOrder = sort_key
02-13 13:21:35.060 I/ContactsProvider(  402): changed sortOrder = REPLACE(dialer_number_header,' ','') GLOB '*983*8727*' DESC, REPLACE(dialer_number_full,' ','') GLOB '*983*8727*' DESC, sort_key
02-13 13:21:35.080 I/ContactAccessorSdk5(  402): mergeCursor.getCount = 0
02-13 13:21:35.080 I/ContactAccessorSdk5(  402): activity.myAdapter = com.android.contacts.smartdialer.contactsAdapter@405e2a70
02-13 13:21:35.090 D/AudioTrack(  402): stop 0x5331b8
02-13 13:21:35.090 D/AudioFlinger(  121): stop(4099), calling thread 402
02-13 13:21:35.130 I/SmartDialerActivity(  402): Enter onInterceptTouchEvent 0x=73.71901y=233.5362
02-13 13:21:35.150 I/SmartDialerActivity(  402): Enter onInterceptTouchEvent 2x=70.41322y=228.5741
02-13 13:21:35.160 I/SmartDialerActivity(  402): Enter onInterceptTouchEvent 2x=67.76859y=223.28119
02-13 13:21:35.180 I/SmartDialerActivity(  402): Enter onInterceptTouchEvent 2x=67.10744y=219.97311
02-13 13:21:35.230 I/SmartDialerActivity(  402): Enter onInterceptTouchEvent 2x=67.43802y=219.31152
02-13 13:21:35.260 I/SmartDialerActivity(  402): Enter onInterceptTouchEvent 1x=68.099174y=219.97311
02-13 13:21:35.260 D/ToneGenerator(  402): startTone
02-13 13:21:35.260 D/AudioTrack(  402): start 0x5331b8
02-13 13:21:35.260 D/AudioFlinger(  121): start(4099), calling thread 402 session 22
02-13 13:21:35.260 D/SmartDialerActivity(  402): keyPressed11
02-13 13:21:35.270 D/SmartDialerActivity(  402): afterTextChanged
02-13 13:21:35.270 D/SmartDialerActivity(  402): updateAddtoContactsButtonEnabledStatetrue
02-13 13:21:35.270 D/SmartDialerActivity(  402): getDelayTime = 0
02-13 13:21:35.270 D/SmartDialerActivity(  402): afterTextChanged
02-13 13:21:35.270 D/SmartDialerActivity(  402): updateAddtoContactsButtonEnabledStatetrue
02-13 13:21:35.270 D/SmartDialerActivity(  402): getDelayTime = 0
02-13 13:21:35.280 I/ContactAccessorSdk5(  402): Phone.CONTENT_FILTER_URI = content://com.android.contacts/data/phones/filter
02-13 13:21:35.280 I/ContactAccessorSdk5(  402): recalculate number = *983*87274
02-13 13:21:35.300 I/ContactAccessorSdk5(  402): recalculate filterName = [*][9WXYZ][8TUV][3DEF][*][8TUV][7PQRS][2ABC][7PQRS][4GHI]
02-13 13:21:35.300 I/ContactAccessorSdk5(  402): recalculate reversed = 47278*389*
02-13 13:21:35.300 I/ContactAccessorSdk5(  402): mQueryHandler = Handler{40570df8}
02-13 13:21:35.300 W/CallLogProvider(  402): query: match = 4
02-13 13:21:35.300 D/CallLogProvider(  402): DIALER_CALLS
02-13 13:21:35.300 I/ContactsProvider(  402): query: content://com.android.contacts/contacts/dailkey_filter/*983*87274
02-13 13:21:35.300 I/ContactsProvider(  402): query isCallerRegistered= true
02-13 13:21:35.300 I/ContactsProvider(  402): query forOnlyOneContactString= 0
02-13 13:21:35.300 D/ContactsProvider(  402):  query in DIALKEY_FILTER
02-13 13:21:35.300 I/ContactsProvider(  402): reversed number=47278*389*
02-13 13:21:35.300 I/ContactsProvider(  402): original sortOrder = sort_key
02-13 13:21:35.300 I/ContactsProvider(  402): changed sortOrder = REPLACE(dialer_number_header,' ','') GLOB '*983*87274*' DESC, REPLACE(dialer_number_full,' ','') GLOB '*983*87274*' DESC, sort_key
02-13 13:21:35.320 I/ContactAccessorSdk5(  402): mergeCursor.getCount = 0
02-13 13:21:35.320 I/ContactAccessorSdk5(  402): activity.myAdapter = com.android.contacts.smartdialer.contactsAdapter@405e2a70
02-13 13:21:35.340 D/AudioTrack(  402): stop 0x5331b8
02-13 13:21:35.340 D/AudioFlinger(  121): stop(4099), calling thread 402
02-13 13:21:35.631 I/MediaScanner(  478): doScanFile the temppath: /mnt/sdcard/bluetooth/15 empty mind - 日本盤 Bonus Track -.mp3
02-13 13:21:35.631 E/PVMediaScanner(  478): processFile /mnt/sdcard/bluetooth/15 empty mind - 日本盤 Bonus Track -.mp3 mimeType: (null)
02-13 13:21:35.641 E/PVMediaScanner(  478): Start to test wheater the file is drm file = /mnt/sdcard/bluetooth/15 empty mind - 日本盤 Bonus Track -.mp3
02-13 13:21:35.641 E/PVMediaScanner(  478): Start pfnDrmAPI_IsProtectedFile is good result =0
02-13 13:21:35.641 E/PVMediaScanner(  478): File is not a drm file.
02-13 13:21:35.641 E/PVMediaScanner(  478): IMpeg3File::ParseMp3File returned
02-13 13:21:35.711 I/SmartDialerActivity(  402): Enter onInterceptTouchEvent 0x=273.719y=304.65955
02-13 13:21:35.731 I/SmartDialerActivity(  402): Enter onInterceptTouchEvent 2x=271.40497y=307.306
02-13 13:21:35.751 I/SmartDialerActivity(  402): Enter onInterceptTouchEvent 2x=269.42148y=310.28326
02-13 13:21:35.771 I/SmartDialerActivity(  402): Enter onInterceptTouchEvent 2x=268.7603y=310.9449
02-13 13:21:35.791 I/SmartDialerActivity(  402): Enter onInterceptTouchEvent 2x=268.09918y=311.27567
02-13 13:21:35.811 I/SmartDialerActivity(  402): Enter onInterceptTouchEvent 2x=269.42148y=308.96002
02-13 13:21:35.821 I/SmartDialerActivity(  402): Enter onInterceptTouchEvent 1x=272.0661y=305.32117
02-13 13:21:35.831 D/ToneGenerator(  402): startTone
02-13 13:21:35.831 D/AudioTrack(  402): start 0x5331b8
02-13 13:21:35.831 D/AudioFlinger(  121): start(4099), calling thread 402 session 22
02-13 13:21:35.841 D/SmartDialerActivity(  402): keyPressed18
02-13 13:21:35.841 D/SmartDialerActivity(  402): afterTextChanged
02-13 13:21:35.841 D/SmartDialerActivity(  402): updateAddtoContactsButtonEnabledStatetrue
02-13 13:21:35.841 D/SmartDialerActivity(  402): getDelayTime = 0
02-13 13:21:35.841 D/SmartDialerActivity(  402): afterTextChanged
02-13 13:21:35.841 D/SmartDialerActivity(  402): updateAddtoContactsButtonEnabledStatetrue
02-13 13:21:35.841 D/SmartDialerActivity(  402): getDelayTime = 0
02-13 13:21:35.841 E/Dialer_EMode(  402): ****Emodenumber=*983*87274#   length=11
02-13 13:21:35.851 E/EmodeControl(  890): -----------------phone info------------
02-13 13:21:35.851 E/EmodeControl(  890): productName=zte_fury
02-13 13:21:35.851 E/EmodeControl(  890): boardName=sean
02-13 13:21:35.851 E/EmodeControl(  890): isCapcitance=true
02-13 13:21:35.851 E/EmodeControl(  890): isHaveVoltameter=false
02-13 13:21:35.851 E/EmodeControl(  890): mFMTest_Type=1
02-13 13:21:35.851 E/EmodeControl(  890): is_clear_oem_partion=false
02-13 13:21:35.851 E/EmodeControl(  890): -----------------phone info------------
02-13 13:21:35.861 D/KeyguardViewMediator(  206): setHidden false
02-13 13:21:35.871 D/KeyguardViewMediator(  206): setHidden false
02-13 13:21:35.871 I/ContactAccessorSdk5(  402): Phone.CONTENT_FILTER_URI = content://com.android.contacts/data/phones/filter
02-13 13:21:35.871 I/ContactAccessorSdk5(  402): recalculate number = *983*87274#
02-13 13:21:35.881 I/ContactAccessorSdk5(  402): recalculate filterName = [*][9WXYZ][8TUV][3DEF][*][8TUV][7PQRS][2ABC][7PQRS][4GHI][#]
02-13 13:21:35.881 I/ContactAccessorSdk5(  402): recalculate reversed = #47278*389*
02-13 13:21:35.881 I/ContactAccessorSdk5(  402): mQueryHandler = Handler{40570df8}
02-13 13:21:35.881 W/CallLogProvider(  402): query: match = 4
02-13 13:21:35.881 D/CallLogProvider(  402): DIALER_CALLS
02-13 13:21:35.881 I/ContactsProvider(  402): query: content://com.android.contacts/contacts/dailkey_filter/*983*87274#
02-13 13:21:35.881 I/ContactsProvider(  402): query isCallerRegistered= true
02-13 13:21:35.881 I/ContactsProvider(  402): query forOnlyOneContactString= 0
02-13 13:21:35.881 D/ContactsProvider(  402):  query in DIALKEY_FILTER
02-13 13:21:35.881 I/ContactsProvider(  402): reversed number=#47278*389*
02-13 13:21:35.881 I/ContactsProvider(  402): original sortOrder = sort_key
02-13 13:21:35.881 I/ContactsProvider(  402): changed sortOrder = REPLACE(dialer_number_header,' ','') GLOB '*983*87274#*' DESC, REPLACE(dialer_number_full,' ','') GLOB '*983*87274#*' DESC, sort_key
02-13 13:21:35.891 D/ToneGenerator(  402): stopTone
02-13 13:21:35.891 I/V3Client(  341): HTTP resp: 200 OK
02-13 13:21:35.901 I/V3Client(  341): CLAIM SUCCESS!
02-13 13:21:35.941 D/AudioTrack(  402): stop 0x5331b8
02-13 13:21:35.941 D/AudioFlinger(  121): stop(4099), calling thread 402
02-13 13:21:35.941 D/AudioTrack(  402): stop 0x5331b8
02-13 13:21:35.961 D/KeyguardViewMediator(  206): setHidden false
02-13 13:21:35.961 D/KeyguardViewMediator(  206): setHidden false
02-13 13:21:35.961 D/AudioFlinger(  121): remove track (4099) and delete from mixer
02-13 13:21:35.971 I/hubo    (  206): Activity {com.zte.emode/com.zte.emode.UsbSwitchTest}
02-13 13:21:35.981 D/KeyguardViewMediator(  206): setHidden false
02-13 13:21:35.991 D/PowerManagerService(  206): acquireWakeLock flags=0x1a tag=com.zte.emode.UsbSwitchTest
02-13 13:21:35.991 E/Emode   (  890): [13:21:35] com.zte.emode.UsbSwitchTest  onResume    WakeLock:acquire   =true
02-13 13:21:35.991 D/KeyguardViewMediator(  206): setHidden false
02-13 13:21:36.011 D/KeyguardViewMediator(  206): setHidden false
02-13 13:21:36.021 D/KeyguardViewMediator(  206): setHidden false
02-13 13:21:36.031 D/KeyguardViewMediator(  206): setHidden false
02-13 13:21:36.041 D/KeyguardViewMediator(  206): setHidden false
02-13 13:21:36.061 D/KeyguardViewMediator(  206): setHidden false
02-13 13:21:36.061 D/KeyguardViewMediator(  206): setHidden false
02-13 13:21:36.061 D/KeyguardViewMediator(  206): setHidden false
02-13 13:21:36.071 D/KeyguardViewMediator(  206): setHidden false
02-13 13:21:36.081 I/ContactAccessorSdk5(  402): mergeCursor.getCount = 0
02-13 13:21:36.081 I/ContactAccessorSdk5(  402): activity.myAdapter = com.android.contacts.smartdialer.contactsAdapter@405e2a70
02-13 13:21:36.081 D/KeyguardViewMediator(  206): setHidden false
02-13 13:21:36.091 D/KeyguardViewMediator(  206): setHidden false
02-13 13:21:36.101 D/KeyguardViewMediator(  206): setHidden false
02-13 13:21:36.111 D/KeyguardViewMediator(  206): setHidden false
02-13 13:21:36.131 D/KeyguardViewMediator(  206): setHidden false
02-13 13:21:36.131 I/ActivityManager(  206): Displayed com.zte.emode/.UsbSwitchTest: +177ms
02-13 13:21:36.151 D/KeyguardViewMediator(  206): setHidden false
02-13 13:21:36.161 D/KeyguardViewMediator(  206): setHidden false
02-13 13:21:36.181 D/KeyguardViewMediator(  206): setHidden false
02-13 13:21:36.191 D/KeyguardViewMediator(  206): setHidden false
02-13 13:21:36.211 D/KeyguardViewMediator(  206): setHidden false
02-13 13:21:36.231 D/KeyguardViewMediator(  206): setHidden false
02-13 13:21:36.241 D/KeyguardViewMediator(  206): setHidden false
02-13 13:21:36.261 D/KeyguardViewMediator(  206): setHidden false
02-13 13:21:36.281 D/KeyguardViewMediator(  206): setHidden false
02-13 13:21:36.291 D/KeyguardViewMediator(  206): setHidden false
02-13 13:21:36.311 D/KeyguardViewMediator(  206): setHidden false
02-13 13:21:36.321 D/KeyguardViewMediator(  206): setHidden false
02-13 13:21:36.341 D/KeyguardViewMediator(  206): setHidden false
02-13 13:21:36.361 D/KeyguardViewMediator(  206): setHidden false
02-13 13:21:36.371 D/KeyguardViewMediator(  206): setHidden false
02-13 13:21:36.391 D/KeyguardViewMediator(  206): setHidden false
02-13 13:21:36.391 D/KeyguardViewMediator(  206): setHidden false
02-13 13:21:36.552 I/MediaScanner(  478): doScanFile the temppath: /mnt/sdcard/media/audio/notifications/facebook_ringtone_pop.m4a
02-13 13:21:36.552 E/PVMediaScanner(  478): processFile /mnt/sdcard/media/audio/notifications/facebook_ringtone_pop.m4a mimeType: (null)
02-13 13:21:36.552 E/PVMediaScanner(  478): Start to test wheater the file is drm file = /mnt/sdcard/media/audio/notifications/facebook_ringtone_pop.m4a
02-13 13:21:36.562 E/PVMediaScanner(  478): Start pfnDrmAPI_IsProtectedFile is good result =0
02-13 13:21:36.562 E/PVMediaScanner(  478): File is not a drm file.
02-13 13:21:36.562 E/PVMediaScanner(  478): parseMP4::parseMP4 returned
02-13 13:21:36.562 E/PVMediaScanner(  478): mp4 error code is (95).
02-13 13:21:36.562 E/PVMediaScanner(  478): mp4 drm brand is (1295270176).
02-13 13:21:36.562 E/PVMediaScanner(  478): mp4 drm count is (1).
02-13 13:21:36.562 E/PVMediaScanner(  478): mp4 MEDIA_TYPE_AUDIO  hasAudio.
02-13 13:21:36.562 E/PVMediaScanner(  478): mp4 error hasAudio is (1),hasVideo is 0
02-13 13:21:36.562 E/PVMediaScanner(  478): mp4 MEDIA_TYPE_VISUAL  brand = 0
02-13 13:21:36.562 E/PVMediaScanner(  478): mp4 audio/mp4 
02-13 13:21:36.562 E/MediaScanner(  478): mp4 drm  setMimeType mimeType is (audio/mp4).
02-13 13:21:36.562 E/MediaScanner(  478): mp4 drm  setMimeType ret is (1).
02-13 13:21:36.572 E/PVMediaScanner(  478): mp4 result is 1 
02-13 13:21:36.822 I/V3Client(  341): HTTP req: GET https://sparkle.locationlabs.com/client/v2/settings
02-13 13:21:36.862 D/PowerManagerService(  206): UnPartial  wakeLock  reactivate ,flags=0x1a tag=com.zte.emode.UsbSwitchTest
02-13 13:21:36.942 D/PowerManagerService(  206): UnPartial  wakeLock  reactivate ,flags=0x1a tag=com.zte.emode.UsbSwitchTest
02-13 13:21:36.942 I/dun_service(  130): The value returned from dun_getusbmodemstate_fromsys is 1 
02-13 13:21:36.942 I/dun_service(  130): Post event 1
02-13 13:21:36.942 I/dun_service(  130): received event: DUN_EVENT_USB_UNPLUG 
02-13 13:21:36.942 I/dun_service(  130): received event(DUN_EVENT_USB_UNPLUG) in state(DUN_STATE_USB_UNPLUG)
02-13 13:21:36.942 I/dun_service(  130): Ignoring the event DUN_EVENT_USB_UNPLUG in USB_UNPLUG_STATE
02-13 13:21:36.942 I/dun_service(  130): Moved to state(DUN_STATE_USB_UNPLUG)
02-13 13:21:36.942 I/dun_service(  130): The value returned from dun_getusbmodemstate_fromsys is 1 
02-13 13:21:36.942 I/dun_service(  130): Post event 1
02-13 13:21:36.942 I/dun_service(  130): received event: DUN_EVENT_USB_UNPLUG 
02-13 13:21:36.942 I/dun_service(  130): received event(DUN_EVENT_USB_UNPLUG) in state(DUN_STATE_USB_UNPLUG)
02-13 13:21:36.942 I/dun_service(  130): Ignoring the event DUN_EVENT_USB_UNPLUG in USB_UNPLUG_STATE
02-13 13:21:36.942 I/dun_service(  130): Moved to state(DUN_STATE_USB_UNPLUG)
02-13 13:21:36.952 I/dun_service(  130): The value returned from dun_getusbmodemstate_fromsys is 1 
02-13 13:21:36.952 I/dun_service(  130): Post event 1
02-13 13:21:36.952 I/dun_service(  130): received event: DUN_EVENT_USB_UNPLUG 
02-13 13:21:36.952 I/dun_service(  130): received event(DUN_EVENT_USB_UNPLUG) in state(DUN_STATE_USB_UNPLUG)
02-13 13:21:36.952 I/dun_service(  130): Ignoring the event DUN_EVENT_USB_UNPLUG in USB_UNPLUG_STATE
02-13 13:21:36.952 I/dun_service(  130): Moved to state(DUN_STATE_USB_UNPLUG)
02-13 13:21:36.952 I/dun_service(  130): The value returned from dun_getusbmodemstate_fromsys is 1 
02-13 13:21:36.952 I/dun_service(  130): Post event 1
02-13 13:21:36.952 I/dun_service(  130): The value returned from dun_getusbmodemstate_fromsys is 1 
02-13 13:21:36.952 I/dun_service(  130): Post event 1
02-13 13:21:36.952 I/dun_service(  130): received event: DUN_EVENT_USB_UNPLUG 
02-13 13:21:36.952 I/dun_service(  130): received event(DUN_EVENT_USB_UNPLUG) in state(DUN_STATE_USB_UNPLUG)
02-13 13:21:36.952 I/dun_service(  130): Ignoring the event DUN_EVENT_USB_UNPLUG in USB_UNPLUG_STATE
02-13 13:21:36.952 I/dun_service(  130): Moved to state(DUN_STATE_USB_UNPLUG)
02-13 13:21:36.952 I/dun_service(  130): received event: DUN_EVENT_USB_UNPLUG 
02-13 13:21:36.952 I/dun_service(  130): received event(DUN_EVENT_USB_UNPLUG) in state(DUN_STATE_USB_UNPLUG)
02-13 13:21:36.952 I/dun_service(  130): Ignoring the event DUN_EVENT_USB_UNPLUG in USB_UNPLUG_STATE
02-13 13:21:36.952 I/dun_service(  130): Moved to state(DUN_STATE_USB_UNPLUG)
02-13 13:21:36.952 I/dun_service(  130): The value returned from dun_getusbmodemstate_fromsys is 1 
02-13 13:21:36.952 I/dun_service(  130): Post event 1
02-13 13:21:36.952 I/dun_service(  130): received event: DUN_EVENT_USB_UNPLUG 
02-13 13:21:36.952 I/dun_service(  130): received event(DUN_EVENT_USB_UNPLUG) in state(DUN_STATE_USB_UNPLUG)
02-13 13:21:36.952 I/dun_service(  130): Ignoring the event DUN_EVENT_USB_UNPLUG in USB_UNPLUG_STATE
02-13 13:21:36.952 I/dun_service(  130): Moved to state(DUN_STATE_USB_UNPLUG)
02-13 13:21:36.952 I/dun_service(  130): The value returned from dun_getusbmodemstate_fromsys is 1 
02-13 13:21:36.952 I/dun_service(  130): Post event 1
02-13 13:21:36.952 I/dun_service(  130): received event: DUN_EVENT_USB_UNPLUG 
02-13 13:21:36.952 I/dun_service(  130): received event(DUN_EVENT_USB_UNPLUG) in state(DUN_STATE_USB_UNPLUG)
02-13 13:21:36.952 I/dun_service(  130): Ignoring the event DUN_EVENT_USB_UNPLUG in USB_UNPLUG_STATE
02-13 13:21:36.952 I/dun_service(  130): Moved to state(DUN_STATE_USB_UNPLUG)
02-13 13:21:36.962 I/dun_service(  130): The value returned from dun_getusbmodemstate_fromsys is 2 
02-13 13:21:36.962 I/dun_service(  130): The value returned from dun_getusbmodemstate_fromsys is 2 
02-13 13:21:36.962 I/dun_service(  130): The value returned from dun_getusbmodemstate_fromsys is 2 
02-13 13:21:36.962 I/dun_service(  130): The value returned from dun_getusbmodemstate_fromsys is 2 
02-13 13:21:36.962 I/dun_service(  130): The value returned from dun_getusbmodemstate_fromsys is 2 
02-13 13:21:36.972 I/dun_service(  130): The value returned from dun_getusbmodemstate_fromsys is 2 
02-13 13:21:36.972 I/dun_service(  130): The value returned from dun_getusbmodemstate_fromsys is 2 
02-13 13:21:36.972 I/dun_service(  130): The value returned from dun_getusbmodemstate_fromsys is 2 
02-13 13:21:37.072 I/MediaScanner(  478): doScanFile the temppath: /mnt/sdcard/QrDroid/Brandon_y_u_so_QR_Droid.png
02-13 13:21:37.262 I/MediaScanner(  478): doScanFile the temppath: /mnt/sdcard/QrDroid/tmp/QR_Droid_86567.png
02-13 13:21:37.412 I/MediaScanner(  478): doScanFile the temppath: /mnt/sdcard/QrDroid/tmp/QR_Droid_14960.png
02-13 13:21:37.703 I/MediaScanner(  478): doScanFile the temppath: /mnt/sdcard/QrDroid/tmp/QR_Droid_78866.png
02-13 13:21:37.793 I/MediaScanner(  478): doScanFile the temppath: /mnt/sdcard/Nicholas Seron/Audio Files/Project 3.wav
02-13 13:21:37.793 E/PVMediaScanner(  478): processFile /mnt/sdcard/Nicholas Seron/Audio Files/Project 3.wav mimeType: (null)
02-13 13:21:37.793 E/PVMediaScanner(  478): Start to test wheater the file is drm file = /mnt/sdcard/Nicholas Seron/Audio Files/Project 3.wav
02-13 13:21:37.793 E/PVMediaScanner(  478): Start pfnDrmAPI_IsProtectedFile is good result =0
02-13 13:21:37.793 E/PVMediaScanner(  478): File is not a drm file.
02-13 13:21:38.023 I/MediaScanner(  478): doScanFile the temppath: /mnt/sdcard/Nicholas Seron/Audio Files/._Project 3.wav
02-13 13:21:38.103 I/V3Client(  341): HTTP resp: 200 OK
02-13 13:21:38.153 I/MediaScanner(  478): doScanFile the temppath: /mnt/sdcard/JCCC Music Composition/._BlaBlaBlaHuaa.mp3
02-13 13:21:38.153 I/MediaScanner(  478): doScanFile the temppath: /mnt/sdcard/JCCC Music Composition/._Brandon Smith Project II 1.mp3
02-13 13:21:38.153 I/MediaScanner(  478): doScanFile the temppath: /mnt/sdcard/JCCC Music Composition/._Swamps of Light.mp3
02-13 13:21:38.163 I/MediaScanner(  478): doScanFile the temppath: /mnt/sdcard/JCCC Music Composition/BlaBlaBlaHuaa.mp3
02-13 13:21:38.163 E/PVMediaScanner(  478): processFile /mnt/sdcard/JCCC Music Composition/BlaBlaBlaHuaa.mp3 mimeType: (null)
02-13 13:21:38.163 E/PVMediaScanner(  478): Start to test wheater the file is drm file = /mnt/sdcard/JCCC Music Composition/BlaBlaBlaHuaa.mp3
02-13 13:21:38.173 E/PVMediaScanner(  478): Start pfnDrmAPI_IsProtectedFile is good result =0
02-13 13:21:38.173 E/PVMediaScanner(  478): File is not a drm file.
02-13 13:21:38.173 E/PVMediaScanner(  478): IMpeg3File::ParseMp3File returned
02-13 13:21:38.273 D/AlarmManager(  206): +++Alarm set:type=2 com.locationlabs.v3client  Trigger after:555507649ms
02-13 13:21:38.273 I/V3Client(  341): next heartbeat scheduled for Sun Feb 19 23:40:05 CST 2012
02-13 13:21:38.353 I/V3Client(  341): HTTP req: POST https://sparkle.locationlabs.com/client/v3/notifications
02-13 13:21:38.463 I/MediaScanner(  478): doScanFile the temppath: /mnt/sdcard/JCCC Music Composition/Brandon Smith Project II 1.mp3
02-13 13:21:38.463 E/PVMediaScanner(  478): processFile /mnt/sdcard/JCCC Music Composition/Brandon Smith Project II 1.mp3 mimeType: (null)
02-13 13:21:38.463 E/PVMediaScanner(  478): Start to test wheater the file is drm file = /mnt/sdcard/JCCC Music Composition/Brandon Smith Project II 1.mp3
02-13 13:21:38.463 E/PVMediaScanner(  478): Start pfnDrmAPI_IsProtectedFile is good result =0
02-13 13:21:38.463 E/PVMediaScanner(  478): File is not a drm file.
02-13 13:21:38.463 E/PVMediaScanner(  478): IMpeg3File::ParseMp3File returned
02-13 13:21:38.944 D/AudioHardwareMSM7X30(  121): AudioStreamOutMSM72xx::standby()
02-13 13:21:38.944 D/AudioHardwareMSM7X30(  121): Deroute pcm out stream
02-13 13:21:38.944 D/AudioHardwareMSM7X30(  121): updateDeviceInfo: E rx_device 2 and tx_device 3
02-13 13:21:38.944 D/AudioHardwareMSM7X30(  121): No active voicecall/playback, disabling cur_rx 2
02-13 13:21:38.944 D/AudioHardwareMSM7X30(  121): value of device and enable is 2 0 ALSA dev id:3
02-13 13:21:38.954 D/AudioHardwareMSM7X30(  121): No active voicecall/recording, disabling cur_tx 3
02-13 13:21:38.954 D/AudioHardwareMSM7X30(  121): value of device and enable is 3 0 ALSA dev id:10
02-13 13:21:38.954 E/AudioHardwareMSM7X30(  121): There is no node in the routing table!
02-13 13:21:38.954 D/AudioHardwareMSM7X30(  121): updateDeviceInfo: X cur_rx 2 cur_tx 3
02-13 13:21:40.155 I/V3Client(  341): HTTP resp: 200 OK
02-13 13:21:40.245 I/V3Client(  341): HTTP req: GET https://sparkle.locationlabs.com/client/v2/settings
02-13 13:21:40.475 D/PowerManagerService(  206): UnPartial  wakeLock  reactivate ,flags=0x1a tag=com.zte.emode.UsbSwitchTest
02-13 13:21:40.485 I/vDM     (  419): KeyCode = 3
02-13 13:21:40.485 I/vDM     (  419): Vdmc getInstance
02-13 13:21:40.485 I/vDM     (  419): Vdmc getInstance
02-13 13:21:40.485 D/DMC     (  419): MyCIMMI getInstance
02-13 13:21:40.485 I/vDM     (  419): Vdmc getInstance
02-13 13:21:40.696 D/PowerManagerService(  206): releaseWakeLock flags=0x1a tag=com.zte.emode.UsbSwitchTest
02-13 13:21:40.706 E/Emode   (  890): [13:21:40] com.zte.emode.UsbSwitchTest  WakeLock:release
02-13 13:21:40.706 E/Emode   (  890): [13:21:40] com.zte.emode.UsbSwitchTest  onPause    WakeLock:release    =true
02-13 13:21:40.726 D/Launcher(  900): Closing system Dialogs 
02-13 13:21:40.726 D/KeyguardViewMediator(  206): setHidden false
02-13 13:21:40.726 D/Launcher(  900): onNewIntent()android.intent.action.MAIN
02-13 13:21:40.726 D/Launcher(  900): Closing system Dialogs 
02-13 13:21:40.736 D/KeyguardViewMediator(  206): setHidden false
02-13 13:21:40.736 I/hubo    (  206): Activity {com.android.launcher/com.android.launcher2.Launcher}
02-13 13:21:40.766 I/vDM     (  419): KeyCode = 3
02-13 13:21:40.786 D/Warhol  (  900): A pack appears to be installed -- skipping Installer
02-13 13:21:40.786 D/KeyguardViewMediator(  206): setHidden false
02-13 13:21:40.806 D/KeyguardViewMediator(  206): setHidden false
02-13 13:21:40.806 D/KeyguardViewMediator(  206): setHidden false
02-13 13:21:40.816 D/KeyguardViewMediator(  206): setHidden false
02-13 13:21:40.816 D/KeyguardViewMediator(  206): setHidden false
02-13 13:21:40.836 D/KeyguardViewMediator(  206): setHidden false
02-13 13:21:40.846 D/Launcher.Model(  900): going to save icon bitmap for info=ShortcutInfo(title=Email)
02-13 13:21:40.856 D/KeyguardViewMediator(  206): setHidden false
02-13 13:21:40.856 I/vDM     (  419): Vdmc getInstance
02-13 13:21:40.856 I/vDM     (  419): Vdmc getInstance
02-13 13:21:40.856 D/DMC     (  419): MyCIMMI getInstance
02-13 13:21:40.856 I/vDM     (  419): Vdmc getInstance
02-13 13:21:40.866 D/KeyguardViewMediator(  206): setHidden false
02-13 13:21:40.876 D/Launcher.Model(  900): going to save icon bitmap for info=ShortcutInfo(title=Contacts)
02-13 13:21:40.886 D/KeyguardViewMediator(  206): setHidden false
02-13 13:21:40.896 D/Launcher.Model(  900): going to save icon bitmap for info=ShortcutInfo(title=Messaging)
02-13 13:21:40.896 D/KeyguardViewMediator(  206): setHidden false
02-13 13:21:40.906 D/Launcher.Model(  900): going to save icon bitmap for info=ShortcutInfo(title=Market)
02-13 13:21:40.916 D/KeyguardViewMediator(  206): setHidden false
02-13 13:21:40.936 D/KeyguardViewMediator(  206): setHidden false
02-13 13:21:40.946 D/KeyguardViewMediator(  206): setHidden false
02-13 13:21:40.966 D/KeyguardViewMediator(  206): setHidden false
02-13 13:21:40.986 D/KeyguardViewMediator(  206): setHidden false
02-13 13:21:40.996 D/KeyguardViewMediator(  206): setHidden false
02-13 13:21:41.016 D/KeyguardViewMediator(  206): setHidden false
02-13 13:21:41.026 D/KeyguardViewMediator(  206): setHidden false
02-13 13:21:41.046 D/KeyguardViewMediator(  206): setHidden false
02-13 13:21:41.066 D/KeyguardViewMediator(  206): setHidden false
02-13 13:21:41.076 D/KeyguardViewMediator(  206): setHidden false
02-13 13:21:41.096 D/KeyguardViewMediator(  206): setHidden false
02-13 13:21:41.116 D/KeyguardViewMediator(  206): setHidden false
02-13 13:21:41.126 D/KeyguardViewMediator(  206): setHidden false
02-13 13:21:41.126 D/KeyguardViewMediator(  206): setHidden false
02-13 13:21:41.847 I/V3Client(  341): HTTP resp: 200 OK
02-13 13:21:42.297 I/V3Client(  341): Null data for Notification successful attempt already occured for this retry
02-13 13:21:42.357 I/MediaScanner(  478): doScanFile the temppath: /mnt/sdcard/JCCC Music Composition/Swamps of Light.mp3
02-13 13:21:42.357 E/PVMediaScanner(  478): processFile /mnt/sdcard/JCCC Music Composition/Swamps of Light.mp3 mimeType: (null)
02-13 13:21:42.357 E/PVMediaScanner(  478): Start to test wheater the file is drm file = /mnt/sdcard/JCCC Music Composition/Swamps of Light.mp3
02-13 13:21:42.357 E/PVMediaScanner(  478): Start pfnDrmAPI_IsProtectedFile is good result =0
02-13 13:21:42.357 E/PVMediaScanner(  478): File is not a drm file.
02-13 13:21:42.357 E/PVMediaScanner(  478): IMpeg3File::ParseMp3File returned
02-13 13:21:42.467 I/MediaScanner(  478): doScanFile the temppath: /mnt/sdcard/05 If you don't know what to do just -by- C418.mp3
02-13 13:21:42.467 E/PVMediaScanner(  478): processFile /mnt/sdcard/05 If you don't know what to do just -by- C418.mp3 mimeType: (null)
02-13 13:21:42.467 E/PVMediaScanner(  478): Start to test wheater the file is drm file = /mnt/sdcard/05 If you don't know what to do just -by- C418.mp3
02-13 13:21:42.467 E/PVMediaScanner(  478): Start pfnDrmAPI_IsProtectedFile is good result =0
02-13 13:21:42.467 E/PVMediaScanner(  478): File is not a drm file.
02-13 13:21:42.467 E/PVMediaScanner(  478): IMpeg3File::ParseMp3File returned
02-13 13:21:42.868 I/MediaScanner(  478): doScanFile the temppath: /mnt/sdcard/01 Too Soon -by- Benjamin Briggs.mp3
02-13 13:21:42.868 E/PVMediaScanner(  478): processFile /mnt/sdcard/01 Too Soon -by- Benjamin Briggs.mp3 mimeType: (null)
02-13 13:21:42.868 E/PVMediaScanner(  478): Start to test wheater the file is drm file = /mnt/sdcard/01 Too Soon -by- Benjamin Briggs.mp3
02-13 13:21:42.868 E/PVMediaScanner(  478): Start pfnDrmAPI_IsProtectedFile is good result =0
02-13 13:21:42.868 E/PVMediaScanner(  478): File is not a drm file.
02-13 13:21:42.868 E/PVMediaScanner(  478): IMpeg3File::ParseMp3File returned
02-13 13:21:43.108 I/MediaScanner(  478): doScanFile the temppath: /mnt/sdcard/02 Shine -by- Mint Julep.mp3
02-13 13:21:43.108 E/PVMediaScanner(  478): processFile /mnt/sdcard/02 Shine -by- Mint Julep.mp3 mimeType: (null)
02-13 13:21:43.108 E/PVMediaScanner(  478): Start to test wheater the file is drm file = /mnt/sdcard/02 Shine -by- Mint Julep.mp3
02-13 13:21:43.108 E/PVMediaScanner(  478): Start pfnDrmAPI_IsProtectedFile is good result =0
02-13 13:21:43.108 E/PVMediaScanner(  478): File is not a drm file.
02-13 13:21:43.108 E/PVMediaScanner(  478): IMpeg3File::ParseMp3File returned
02-13 13:21:43.308 I/MediaScanner(  478): doScanFile the temppath: /mnt/sdcard/03 Seagulls Screaming Kiss Her, Kiss -by- Dead Child Star.mp3
02-13 13:21:43.308 E/PVMediaScanner(  478): processFile /mnt/sdcard/03 Seagulls Screaming Kiss Her, Kiss -by- Dead Child Star.mp3 mimeType: (null)
02-13 13:21:43.308 E/PVMediaScanner(  478): Start to test wheater the file is drm file = /mnt/sdcard/03 Seagulls Screaming Kiss Her, Kiss -by- Dead Child Star.mp3
02-13 13:21:43.308 E/PVMediaScanner(  478): Start pfnDrmAPI_IsProtectedFile is good result =0
02-13 13:21:43.308 E/PVMediaScanner(  478): File is not a drm file.
02-13 13:21:43.308 E/PVMediaScanner(  478): IMpeg3File::ParseMp3File returned
02-13 13:21:43.528 I/MediaScanner(  478): doScanFile the temppath: /mnt/sdcard/04 A lot of People Cutting Grass on -by- Lullatone.mp3
02-13 13:21:43.528 E/PVMediaScanner(  478): processFile /mnt/sdcard/04 A lot of People Cutting Grass on -by- Lullatone.mp3 mimeType: (null)
02-13 13:21:43.528 E/PVMediaScanner(  478): Start to test wheater the file is drm file = /mnt/sdcard/04 A lot of People Cutting Grass on -by- Lullatone.mp3
02-13 13:21:43.528 E/PVMediaScanner(  478): Start pfnDrmAPI_IsProtectedFile is good result =0
02-13 13:21:43.528 E/PVMediaScanner(  478): File is not a drm file.
02-13 13:21:43.528 E/PVMediaScanner(  478): IMpeg3File::ParseMp3File returned
02-13 13:21:43.639 I/MediaScanner(  478): doScanFile the temppath: /mnt/sdcard/06 Miss It So Much -by- Röyksopp.mp3
02-13 13:21:43.639 E/PVMediaScanner(  478): processFile /mnt/sdcard/06 Miss It So Much -by- Röyksopp.mp3 mimeType: (null)
