02-13 13:21:43.639 E/PVMediaScanner(  478): Start to test wheater the file is drm file = /mnt/sdcard/06 Miss It So Much -by- Röyksopp.mp3
02-13 13:21:43.639 E/PVMediaScanner(  478): Start pfnDrmAPI_IsProtectedFile is good result =0
02-13 13:21:43.639 E/PVMediaScanner(  478): File is not a drm file.
02-13 13:21:43.639 E/PVMediaScanner(  478): IMpeg3File::ParseMp3File returned
02-13 13:21:43.779 I/MediaScanner(  478): doScanFile the temppath: /mnt/sdcard/07 Invisible Waves -by- Mint Julep.mp3
02-13 13:21:43.779 E/PVMediaScanner(  478): processFile /mnt/sdcard/07 Invisible Waves -by- Mint Julep.mp3 mimeType: (null)
02-13 13:21:43.779 E/PVMediaScanner(  478): Start to test wheater the file is drm file = /mnt/sdcard/07 Invisible Waves -by- Mint Julep.mp3
02-13 13:21:43.779 E/PVMediaScanner(  478): Start pfnDrmAPI_IsProtectedFile is good result =0
02-13 13:21:43.779 E/PVMediaScanner(  478): File is not a drm file.
02-13 13:21:43.779 E/PVMediaScanner(  478): IMpeg3File::ParseMp3File returned
02-13 13:21:43.909 I/MediaScanner(  478): doScanFile the temppath: /mnt/sdcard/08 No but Yes -by- C418.mp3
02-13 13:21:43.909 E/PVMediaScanner(  478): processFile /mnt/sdcard/08 No but Yes -by- C418.mp3 mimeType: (null)
02-13 13:21:43.909 E/PVMediaScanner(  478): Start to test wheater the file is drm file = /mnt/sdcard/08 No but Yes -by- C418.mp3
02-13 13:21:43.919 E/PVMediaScanner(  478): Start pfnDrmAPI_IsProtectedFile is good result =0
02-13 13:21:43.919 E/PVMediaScanner(  478): File is not a drm file.
02-13 13:21:43.919 E/PVMediaScanner(  478): IMpeg3File::ParseMp3File returned
02-13 13:21:44.049 I/MediaScanner(  478): doScanFile the temppath: /mnt/sdcard/09 Ah, It Was in the Garage After Al -by- Lullatone.mp3
02-13 13:21:44.059 E/PVMediaScanner(  478): processFile /mnt/sdcard/09 Ah, It Was in the Garage After Al -by- Lullatone.mp3 mimeType: (null)
02-13 13:21:44.059 E/PVMediaScanner(  478): Start to test wheater the file is drm file = /mnt/sdcard/09 Ah, It Was in the Garage After Al -by- Lullatone.mp3
02-13 13:21:44.059 E/PVMediaScanner(  478): Start pfnDrmAPI_IsProtectedFile is good result =0
02-13 13:21:44.059 E/PVMediaScanner(  478): File is not a drm file.
02-13 13:21:44.059 E/PVMediaScanner(  478): IMpeg3File::ParseMp3File returned
02-13 13:21:44.149 I/MediaScanner(  478): doScanFile the temppath: /mnt/sdcard/10 depado -by- C418.mp3
02-13 13:21:44.149 E/PVMediaScanner(  478): processFile /mnt/sdcard/10 depado -by- C418.mp3 mimeType: (null)
02-13 13:21:44.149 E/PVMediaScanner(  478): Start to test wheater the file is drm file = /mnt/sdcard/10 depado -by- C418.mp3
02-13 13:21:44.149 E/PVMediaScanner(  478): Start pfnDrmAPI_IsProtectedFile is good result =0
02-13 13:21:44.149 E/PVMediaScanner(  478): File is not a drm file.
02-13 13:21:44.149 E/PVMediaScanner(  478): IMpeg3File::ParseMp3File returned
02-13 13:21:44.980 E/Emode   (  890): USB: msg
02-13 13:21:45.610 I/wpa_supplicant(  304): State: INACTIVE -> SCANNING
02-13 13:21:45.610 I/wpa_supplicant(  304): CTRL-EVENT-STATE-CHANGE id=-1 state=2 BSSID=00:00:00:00:00:00
02-13 13:21:45.610 D/NetworkStateTracker(  206): setDetailed state, old =IDLE and new state=SCANNING
02-13 13:21:46.571 I/wpa_supplicant(  304): State: SCANNING -> INACTIVE
02-13 13:21:46.571 I/wpa_supplicant(  304): CTRL-EVENT-STATE-CHANGE id=-1 state=1 BSSID=00:00:00:00:00:00
02-13 13:21:46.571 I/dun_service(  130): process rmnet event
02-13 13:21:46.571 I/dun_service(  130): Post event 4
02-13 13:21:46.571 I/dun_service(  130): received event: DUN_EVENT_RMNET_UP 
02-13 13:21:46.571 I/dun_service(  130): received event(DUN_EVENT_RMNET_UP) in state(DUN_STATE_USB_UNPLUG)
02-13 13:21:46.571 I/dun_service(  130): Ignoring the event DUN_EVENT_RMNET_UP in USB_UNPLUG_STATE
02-13 13:21:46.571 I/dun_service(  130): Moved to state(DUN_STATE_USB_UNPLUG)
02-13 13:21:46.571 D/NetworkStateTracker(  206): setDetailed state, old =SCANNING and new state=IDLE
02-13 13:21:46.571 D/WifiStateTracker(  206): setNotificationVisible() visible=false mNotificationShown=false force=false return.
02-13 13:21:46.742 D/MediaScanner(  478):  prescan time: 220ms
02-13 13:21:46.742 D/MediaScanner(  478):     scan time: 29421ms
02-13 13:21:46.742 D/MediaScanner(  478): postscan time: 2471ms
02-13 13:21:46.742 D/MediaScanner(  478):    total time: 32112ms
02-13 13:21:46.762 D/MediaScannerService(  478): done scanning volume external
02-13 13:21:46.782 D/Gallery3D(  984): [BootReceiver]: Got intent with action android.intent.action.MEDIA_SCANNER_FINISHED
02-13 13:21:47.002 E/ldr     (  478): getCompressedAlbumArtv want to printf the media compressed fail
02-13 13:21:47.002 E/ldr     (  478): makeThumbInternal want to printf the MediaProvider compress is null
02-13 13:21:47.062 E/ldr     (  478): getCompressedAlbumArtv want to printf the media compressed sucess
02-13 13:21:47.302 W/dalvikvm( 1108): Refusing to reopen boot DEX '/system/framework/OmaDrmClient.jar'
02-13 13:21:47.382 I/ActivityThread( 1108): Pub com.android.mms.SuggestionsProvider: com.android.mms.SuggestionsProvider
02-13 13:21:47.392 E/MmsCustom( 1108): Mms,MmsCustom
02-13 13:21:47.392 E/MmsCustom( 1108): Init before calling function of doPreSotred()
02-13 13:21:47.392 E/MmsCustom( 1108): mms config have been prestored before
02-13 13:21:47.392 E/MmsConfig( 1108): mUaProfUrl=http://device.sprintpcs.com/ZTE/ZTEN850KT/N850V1.0.0B10.rdf
02-13 13:21:47.442 E/TransactionService( 1108): onStart: #1: Bundle[mParcelledData.dataSize=88] intent=Intent { act=android.intent.action.ACTION_ONALARM flg=0x4 cmp=com.android.mms/.transaction.TransactionService (has extras) }
02-13 13:21:47.452 E/TransactionService( 1108):     networkAvailable=true
02-13 13:21:47.452 E/TransactionService( 1108): onStart: cursor.count=0
02-13 13:21:47.452 E/TransactionService( 1108): onStart: no pending messages. Stopping service.
02-13 13:21:47.472 D/MmsSystemEventReceiver( 1108): unRegisterForConnectionStateChanges
02-13 13:21:47.492 D/Mms     ( 1108): currentRoamingStatus:1
02-13 13:21:47.492 D/Mms     ( 1108): mAutoSendHandler sendEmptyMessageDelayed
02-13 13:21:47.492 D/TransactionService( 1108): Handle DATA_STATE_CHANGED event: NetworkInfo: type: mobile[CDMA - EvDo rev. A], state: CONNECTED/CONNECTED, reason: radioTechnologyChanged, extra: (none), roaming: false, failover: false, isAvailable: true, isIpv4Connected: true, isIpv6Connected: false, ipv4Name: rmnet0, ipv6Name: null
02-13 13:21:47.492 D/TransactionService( 1108):    type is not TYPE_MOBILE_MMS, fail
02-13 13:21:47.492 D/TransactionService( 1108): luowenping --------------------CALL_STATE_IDLE
02-13 13:21:47.492 E/TransactionService( 1108): lwp enter releaseWakeLock
02-13 13:21:47.612 E/ldr     (  478): getCompressedAlbumArtv want to printf the media compressed fail
02-13 13:21:47.612 E/ldr     (  478): makeThumbInternal want to printf the MediaProvider compress is null
02-13 13:21:47.773 E/ldr     (  478): getCompressedAlbumArtv want to printf the media compressed sucess
02-13 13:21:47.803 D/skia    (  478): --- decoder->decode returned false
02-13 13:21:47.863 E/ldr     (  478): getCompressedAlbumArtv want to printf the media compressed fail
02-13 13:21:47.863 E/ldr     (  478): makeThumbInternal want to printf the MediaProvider compress is null
02-13 13:21:47.913 E/ldr     (  478): getCompressedAlbumArtv want to printf the media compressed fail
02-13 13:21:47.943 E/ldr     (  478): makeThumbInternal want to printf the MediaProvider compress is null
02-13 13:21:48.013 E/ldr     (  478): getCompressedAlbumArtv want to printf the media compressed sucess
02-13 13:21:48.023 D/skia    (  478): --- SkImageDecoder::Factory returned null
02-13 13:21:48.473 D/PowerManagerService(  206): setPowerState: mPowerState=0x3 newState=0x1 noChangeLights=false reason=3
02-13 13:21:48.563 E/ldr     (  478): getCompressedAlbumArtv want to printf the media compressed sucess
02-13 13:21:48.563 D/skia    (  478): --- SkImageDecoder::Factory returned null
02-13 13:21:49.634 D/PowerManagerService(  206): setPowerState: mPowerState=0x1 newState=0x3 noChangeLights=false reason=2
02-13 13:21:49.634 E/ldr     (  478): getCompressedAlbumArtv want to printf the media compressed fail
02-13 13:21:49.634 E/ldr     (  478): makeThumbInternal want to printf the MediaProvider compress is null
02-13 13:21:49.644 E/ldr     (  478): getCompressedAlbumArtv want to printf the media compressed fail
02-13 13:21:49.644 E/ldr     (  478): makeThumbInternal want to printf the MediaProvider compress is null
02-13 13:21:49.644 E/id3v2   (  478): MPEG4FILE getID3V2ImageData 
02-13 13:21:49.644 E/ldr     (  478): getCompressedAlbumArtv want to printf the media compressed fail
02-13 13:21:49.644 E/ldr     (  478): makeThumbInternal want to printf the MediaProvider compress is null
02-13 13:21:49.714 E/ldr     (  478): getCompressedAlbumArtv want to printf the media compressed sucess
02-13 13:21:49.744 D/skia    (  478): --- decoder->decode returned false
02-13 13:21:49.755 E/ldr     (  478): getCompressedAlbumArtv want to printf the media compressed sucess
02-13 13:21:50.005 I/MediaStoreImporter(  817): Update: full Added music: 36 Updated music: 0 Deleted music: 0 Created playlists: 0 Updated playlists: 0 Deleted playlists: 0 Inserted playlist items: 0 Deleted playlist items: 0 Removed orphaned playlist items: 0
02-13 13:21:51.116 E/id3v2   (  478): MPEG4FILE getID3V2ImageData 
02-13 13:21:51.116 E/ldr     (  478): getCompressedAlbumArtv want to printf the media compressed fail
02-13 13:21:51.116 E/ldr     (  478): makeThumbInternal want to printf the MediaProvider compress is null
02-13 13:21:51.116 E/ldr     (  478): getCompressedAlbumArtv want to printf the media compressed fail
02-13 13:21:51.116 E/ldr     (  478): makeThumbInternal want to printf the MediaProvider compress is null
02-13 13:21:51.116 E/ldr     (  478): getCompressedAlbumArtv want to printf the media compressed fail
02-13 13:21:51.116 E/ldr     (  478): makeThumbInternal want to printf the MediaProvider compress is null
02-13 13:21:52.387 I/vDM     (  419): KeyCode = 3
02-13 13:21:52.387 I/vDM     (  419): Vdmc getInstance
02-13 13:21:52.387 I/vDM     (  419): Vdmc getInstance
02-13 13:21:52.387 D/DMC     (  419): MyCIMMI getInstance
02-13 13:21:52.387 I/vDM     (  419): Vdmc getInstance
02-13 13:21:52.497 D/Mms     ( 1108): doAutoSend
02-13 13:21:52.507 D/Launcher(  900): Dissmis Preview for view :null ID:2131230735
02-13 13:21:52.507 D/Launcher(  900): Dissmis Preview for view :null ID:2131230736
02-13 13:21:52.507 D/Launcher(  900): Dissmis Preview for view :null ID:2131230739
02-13 13:21:52.507 D/Launcher(  900): Dissmis Preview for view :null ID:2131230741
02-13 13:21:52.507 D/Launcher(  900): onNewIntent()android.intent.action.MAIN
02-13 13:21:52.507 D/Launcher(  900): Closing system Dialogs 
02-13 13:21:52.517 I/vDM     (  419): KeyCode = 3
02-13 13:21:52.527 I/vDM     (  419): Vdmc getInstance
02-13 13:21:52.527 D/Warhol  (  900): A pack appears to be installed -- skipping Installer
02-13 13:21:52.527 D/Launcher(  900): Closing system Dialogs 
02-13 13:21:52.537 I/vDM     (  419): Vdmc getInstance
02-13 13:21:52.537 D/DMC     (  419): MyCIMMI getInstance
02-13 13:21:52.537 I/vDM     (  419): Vdmc getInstance
02-13 13:21:53.548 I/vDM     (  419): KeyCode = 82
02-13 13:21:53.558 W/KeyCharacterMap(  900): Can't open keycharmap file
02-13 13:21:53.558 W/KeyCharacterMap(  900): Error loading keycharmap file '/system/usr/keychars/synaptics-rmi4-ts.kcm.bin'. hw.keyboards.262146.devname='synaptics-rmi4-ts'
02-13 13:21:53.558 W/KeyCharacterMap(  900): Using default keymap: /system/usr/keychars/qwerty.kcm.bin
02-13 13:21:53.568 I/vDM     (  419): Vdmc getInstance
02-13 13:21:53.568 I/vDM     (  419): Vdmc getInstance
02-13 13:21:53.568 D/DMC     (  419): MyCIMMI getInstance
02-13 13:21:53.568 I/vDM     (  419): Vdmc getInstance
02-13 13:21:53.608 I/vDM     (  419): KeyCode = 82
02-13 13:21:53.608 I/vDM     (  419): Vdmc getInstance
02-13 13:21:53.618 I/vDM     (  419): Vdmc getInstance
02-13 13:21:53.618 D/DMC     (  419): MyCIMMI getInstance
02-13 13:21:53.618 I/vDM     (  419): Vdmc getInstance
02-13 13:21:53.658 D/KeyguardViewMediator(  206): setHidden false
02-13 13:21:53.698 D/KeyguardViewMediator(  206): setHidden false
02-13 13:21:53.698 D/KeyguardViewMediator(  206): setHidden false
02-13 13:21:53.708 D/KeyguardViewMediator(  206): setHidden false
02-13 13:21:53.728 D/KeyguardViewMediator(  206): setHidden false
02-13 13:21:53.748 D/KeyguardViewMediator(  206): setHidden false
02-13 13:21:53.768 D/KeyguardViewMediator(  206): setHidden false
02-13 13:21:53.778 D/KeyguardViewMediator(  206): setHidden false
02-13 13:21:53.798 D/KeyguardViewMediator(  206): setHidden false
02-13 13:21:53.818 D/KeyguardViewMediator(  206): setHidden false
02-13 13:21:53.838 D/KeyguardViewMediator(  206): setHidden false
02-13 13:21:53.848 D/KeyguardViewMediator(  206): setHidden false
02-13 13:21:53.869 D/KeyguardViewMediator(  206): setHidden false
02-13 13:21:54.890 D/KeyguardViewMediator(  206): setHidden false
02-13 13:21:54.920 D/KeyguardViewMediator(  206): setHidden false
02-13 13:21:54.920 D/Launcher(  900): onSaveInstanceState
02-13 13:21:54.920 D/Launcher(  900): Dissmis Preview for view :null ID:2131230735
02-13 13:21:54.920 D/Launcher(  900): Dissmis Preview for view :null ID:2131230736
02-13 13:21:54.920 D/Launcher(  900): Dissmis Preview for view :null ID:2131230739
02-13 13:21:54.920 D/Launcher(  900): Dissmis Preview for view :null ID:2131230741
02-13 13:21:54.940 D/KeyguardViewMediator(  206): setHidden false
02-13 13:21:54.940 D/KeyguardViewMediator(  206): setHidden false
02-13 13:21:54.950 I/hubo    (  206): Activity {com.android.settings/com.android.settings.Settings}
02-13 13:21:54.960 D/KeyguardViewMediator(  206): setHidden false
02-13 13:21:54.970 D/KeyguardViewMediator(  206): setHidden false
02-13 13:21:54.990 D/KeyguardViewMediator(  206): setHidden false
02-13 13:21:55.010 D/KeyguardViewMediator(  206): setHidden false
02-13 13:21:55.020 D/KeyguardViewMediator(  206): setHidden false
02-13 13:21:55.040 D/KeyguardViewMediator(  206): setHidden false
02-13 13:21:55.040 D/KeyguardViewMediator(  206): setHidden false
02-13 13:21:55.060 D/KeyguardViewMediator(  206): setHidden false
02-13 13:21:55.070 D/KeyguardViewMediator(  206): setHidden false
02-13 13:21:55.070 D/KeyguardViewMediator(  206): setHidden false
02-13 13:21:55.090 D/KeyguardViewMediator(  206): setHidden false
02-13 13:21:55.100 D/KeyguardViewMediator(  206): setHidden false
02-13 13:21:55.110 D/KeyguardViewMediator(  206): setHidden false
02-13 13:21:55.130 D/KeyguardViewMediator(  206): setHidden false
02-13 13:21:55.140 D/KeyguardViewMediator(  206): setHidden false
02-13 13:21:55.160 D/KeyguardViewMediator(  206): setHidden false
02-13 13:21:55.180 D/KeyguardViewMediator(  206): setHidden false
02-13 13:21:55.190 D/KeyguardViewMediator(  206): setHidden false
02-13 13:21:55.200 D/KeyguardViewMediator(  206): setHidden false
02-13 13:21:55.200 D/KeyguardViewMediator(  206): setHidden false
02-13 13:21:55.200 D/KeyguardViewMediator(  206): setHidden false
02-13 13:21:55.210 D/KeyguardViewMediator(  206): setHidden false
02-13 13:21:55.210 D/KeyguardViewMediator(  206): setHidden false
02-13 13:21:55.230 D/KeyguardViewMediator(  206): setHidden false
02-13 13:21:55.240 D/KeyguardViewMediator(  206): setHidden false
02-13 13:21:55.260 D/KeyguardViewMediator(  206): setHidden false
02-13 13:21:55.260 D/KeyguardViewMediator(  206): setHidden false
02-13 13:21:55.270 I/ActivityManager(  206): Displayed com.android.settings/.Settings: +340ms
02-13 13:21:55.280 D/KeyguardViewMediator(  206): setHidden false
02-13 13:21:55.290 D/KeyguardViewMediator(  206): setHidden false
02-13 13:21:55.310 D/KeyguardViewMediator(  206): setHidden false
02-13 13:21:55.330 D/KeyguardViewMediator(  206): setHidden false
02-13 13:21:55.340 D/KeyguardViewMediator(  206): setHidden false
02-13 13:21:55.360 D/KeyguardViewMediator(  206): setHidden false
02-13 13:21:55.370 D/KeyguardViewMediator(  206): setHidden false
02-13 13:21:55.390 D/KeyguardViewMediator(  206): setHidden false
02-13 13:21:55.410 D/KeyguardViewMediator(  206): setHidden false
02-13 13:21:55.420 D/KeyguardViewMediator(  206): setHidden false
02-13 13:21:55.440 D/KeyguardViewMediator(  206): setHidden false
02-13 13:21:55.460 D/KeyguardViewMediator(  206): setHidden false
02-13 13:21:55.470 D/KeyguardViewMediator(  206): setHidden false
02-13 13:21:55.490 D/KeyguardViewMediator(  206): setHidden false
02-13 13:21:55.510 D/KeyguardViewMediator(  206): setHidden false
02-13 13:21:55.520 D/KeyguardViewMediator(  206): setHidden false
02-13 13:21:55.530 D/KeyguardViewMediator(  206): setHidden false
02-13 13:21:56.291 D/Bitmap  (  678): Detect unrecycled bitmap.
02-13 13:21:56.291 D/Bitmap  (  678):       Size: 40960 Bytes, Width: 320 , Height: 64 , Hash code: 1079637736
02-13 13:21:56.291 D/Bitmap  (  678):  This bimap was created in:
02-13 13:21:56.291 D/Bitmap  (  678):       android.graphics.Bitmap.<init>(Bitmap.java:136)
02-13 13:21:56.291 D/Bitmap  (  678):       android.graphics.Bitmap.nativeCreate(Native Method)
02-13 13:21:56.291 D/Bitmap  (  678):       android.graphics.Bitmap.createBitmap(Bitmap.java:547)
02-13 13:21:56.291 D/Bitmap  (  678):       android.view.View.buildDrawingCache(View.java:6577)
02-13 13:21:56.291 D/Bitmap  (  678):       android.view.View.getDrawingCache(View.java:6428)
02-13 13:21:56.291 D/Bitmap  (  678):       android.view.ViewGroup.drawChild(ViewGroup.java:1574)
02-13 13:21:56.291 D/Bitmap  (  678):       android.view.ViewGroup.dispatchDraw(ViewGroup.java:1376)
02-13 13:21:56.291 D/Bitmap  (  678):       android.widget.AbsListView.dispatchDraw(AbsListView.java:1480)
02-13 13:21:56.291 D/Bitmap  (  678):       android.widget.ListView.dispatchDraw(ListView.java:3138)
02-13 13:21:56.291 D/Bitmap  (  678):       android.view.View.draw(View.java:6986)
02-13 13:21:56.291 D/Bitmap  (  678):       android.widget.AbsListView.draw(AbsListView.java:2588)
02-13 13:21:56.291 D/Bitmap  (  678):       android.view.ViewGroup.drawChild(ViewGroup.java:1649)
02-13 13:21:56.291 D/Bitmap  (  678):       android.view.ViewGroup.dispatchDraw(ViewGroup.java:1376)
02-13 13:21:56.291 D/Bitmap  (  678):       android.view.View.draw(View.java:6883)
02-13 13:21:56.291 D/Bitmap  (  678):       android.widget.FrameLayout.draw(FrameLayout.java:357)
02-13 13:21:56.291 D/Bitmap  (  678):       android.view.ViewGroup.drawChild(ViewGroup.java:1649)
02-13 13:21:56.291 D/Bitmap  (  678):       android.view.ViewGroup.dispatchDraw(ViewGroup.java:1376)
02-13 13:21:56.291 D/Bitmap  (  678):       android.view.ViewGroup.drawChild(ViewGroup.java:1647)
02-13 13:21:56.291 D/Bitmap  (  678):       android.view.ViewGroup.dispatchDraw(ViewGroup.java:1376)
02-13 13:21:56.291 D/Bitmap  (  678):       android.view.View.draw(View.java:6883)
02-13 13:21:56.291 D/Bitmap  (  678):       android.widget.FrameLayout.draw(FrameLayout.java:357)
02-13 13:21:56.291 D/Bitmap  (  678):       com.android.internal.policy.impl.PhoneWindow$DecorView.draw(PhoneWindow.java:1866)
02-13 13:21:56.291 D/Bitmap  (  678):       android.view.ViewRoot.draw(ViewRoot.java:1526)
02-13 13:21:56.291 D/Bitmap  (  678):       android.view.ViewRoot.performTraversals(ViewRoot.java:1262)
02-13 13:21:56.291 D/Bitmap  (  678):       android.view.ViewRoot.handleMessage(ViewRoot.java:1864)
02-13 13:21:56.291 D/Bitmap  (  678):       android.os.Handler.dispatchMessage(Handler.java:99)
02-13 13:21:56.291 D/Bitmap  (  678):       android.os.Looper.loop(Looper.java:130)
02-13 13:21:56.291 D/Bitmap  (  678):       android.app.ActivityThread.main(ActivityThread.java:3704)
02-13 13:21:56.291 D/Bitmap  (  678):       java.lang.reflect.Method.invokeNative(Native Method)
02-13 13:21:56.291 D/Bitmap  (  678):       java.lang.reflect.Method.invoke(Method.java:507)
02-13 13:21:56.291 D/Bitmap  (  678):       com.android.internal.os.ZygoteInit$MethodAndArgsCaller.run(ZygoteInit.java:875)
02-13 13:21:56.291 D/Bitmap  (  678):       com.android.internal.os.ZygoteInit.main(ZygoteInit.java:633)
02-13 13:21:56.291 D/Bitmap  (  678):       dalvik.system.NativeStart.main(Native Method)
02-13 13:21:56.291 D/Bitmap  (  678): _
02-13 13:21:56.291 D/Bitmap  (  678): Detect unrecycled bitmap.
02-13 13:21:56.291 D/Bitmap  (  678):       Size: 40960 Bytes, Width: 320 , Height: 64 , Hash code: 1079594312
02-13 13:21:56.291 D/Bitmap  (  678):  This bimap was created in:
02-13 13:21:56.291 D/Bitmap  (  678):       android.graphics.Bitmap.<init>(Bitmap.java:136)
02-13 13:21:56.291 D/Bitmap  (  678):       android.graphics.Bitmap.nativeCreate(Native Method)
02-13 13:21:56.291 D/Bitmap  (  678):       android.graphics.Bitmap.createBitmap(Bitmap.java:547)
02-13 13:21:56.291 D/Bitmap  (  678):       android.view.View.buildDrawingCache(View.java:6577)
02-13 13:21:56.291 D/Bitmap  (  678):       android.view.View.getDrawingCache(View.java:6428)
02-13 13:21:56.291 D/Bitmap  (  678):       android.view.ViewGroup.drawChild(ViewGroup.java:1574)
02-13 13:21:56.291 D/Bitmap  (  678):       android.view.ViewGroup.dispatchDraw(ViewGroup.java:1376)
02-13 13:21:56.291 D/Bitmap  (  678):       android.widget.AbsListView.dispatchDraw(AbsListView.java:1480)
02-13 13:21:56.291 D/Bitmap  (  678):       android.widget.ListView.dispatchDraw(ListView.java:3138)
02-13 13:21:56.291 D/Bitmap  (  678):       android.view.View.draw(View.java:6986)
02-13 13:21:56.291 D/Bitmap  (  678):       android.widget.AbsListView.draw(AbsListView.java:2588)
02-13 13:21:56.291 D/Bitmap  (  678):       android.view.ViewGroup.drawChild(ViewGroup.java:1649)
02-13 13:21:56.291 D/Bitmap  (  678):       android.view.ViewGroup.dispatchDraw(ViewGroup.java:1376)
02-13 13:21:56.291 D/Bitmap  (  678):       android.view.View.draw(View.java:6883)
02-13 13:21:56.291 D/Bitmap  (  678):       android.widget.FrameLayout.draw(FrameLayout.java:357)
02-13 13:21:56.291 D/Bitmap  (  678):       android.view.ViewGroup.drawChild(ViewGroup.java:1649)
02-13 13:21:56.291 D/Bitmap  (  678):       android.view.ViewGroup.dispatchDraw(ViewGroup.java:1376)
02-13 13:21:56.291 D/Bitmap  (  678):       android.view.ViewGroup.drawChild(ViewGroup.java:1647)
02-13 13:21:56.291 D/Bitmap  (  678):       android.view.ViewGroup.dispatchDraw(ViewGroup.java:1376)
02-13 13:21:56.291 D/Bitmap  (  678):       android.view.View.draw(View.java:6883)
02-13 13:21:56.291 D/Bitmap  (  678):       android.widget.FrameLayout.draw(FrameLayout.java:357)
02-13 13:21:56.291 D/Bitmap  (  678):       com.android.internal.policy.impl.PhoneWindow$DecorView.draw(PhoneWindow.java:1866)
02-13 13:21:56.291 D/Bitmap  (  678):       android.view.ViewRoot.draw(ViewRoot.java:1526)
02-13 13:21:56.291 D/Bitmap  (  678):       android.view.ViewRoot.performTraversals(ViewRoot.java:1262)
02-13 13:21:56.291 D/Bitmap  (  678):       android.view.ViewRoot.handleMessage(ViewRoot.java:1864)
02-13 13:21:56.291 D/Bitmap  (  678):       android.os.Handler.dispatchMessage(Handler.java:99)
02-13 13:21:56.291 D/Bitmap  (  678):       android.os.Looper.loop(Looper.java:130)
02-13 13:21:56.291 D/Bitmap  (  678):       android.app.ActivityThread.main(ActivityThread.java:3704)
02-13 13:21:56.291 D/Bitmap  (  678):       java.lang.reflect.Method.invokeNative(Native Method)
02-13 13:21:56.291 D/Bitmap  (  678):       java.lang.reflect.Method.invoke(Method.java:507)
02-13 13:21:56.291 D/Bitmap  (  678):       com.android.internal.os.ZygoteInit$MethodAndArgsCaller.run(ZygoteInit.java:875)
02-13 13:21:56.291 D/Bitmap  (  678):       com.android.internal.os.ZygoteInit.main(ZygoteInit.java:633)
02-13 13:21:56.291 D/Bitmap  (  678):       dalvik.system.NativeStart.main(Native Method)
02-13 13:21:56.291 D/Bitmap  (  678): _
02-13 13:21:57.882 I/ActivityThread( 1123): Pub com.sprint.installer: com.sprint.w.installer.ContentProvider
02-13 13:21:57.882 I/ActivityThread( 1123): Pub com.sprint.w.installer.SuggestProvider: com.sprint.w.installer.SearchSuggestProvider
02-13 13:21:57.932 I/SprintID.Util( 1123): skipping the update check since it already ran recently
02-13 13:21:59.654 D/KeyguardViewMediator(  206): setHidden false
02-13 13:21:59.654 I/hubo    (  206): Activity {com.android.settings/com.android.settings.DeviceInfoSettings}
02-13 13:21:59.694 E/DeviceInfoSettings(  678): Version String=3
02-13 13:21:59.694 D/DeviceInfoSettings(  678): not found system_tutorial preference
02-13 13:21:59.714 D/KeyguardViewMediator(  206): setHidden false
02-13 13:21:59.784 D/KeyguardViewMediator(  206): setHidden false
02-13 13:21:59.784 D/KeyguardViewMediator(  206): setHidden false
02-13 13:21:59.794 D/KeyguardViewMediator(  206): setHidden false
02-13 13:21:59.794 D/KeyguardViewMediator(  206): setHidden false
02-13 13:21:59.814 D/KeyguardViewMediator(  206): setHidden false
02-13 13:21:59.834 D/KeyguardViewMediator(  206): setHidden false
02-13 13:21:59.854 D/KeyguardViewMediator(  206): setHidden false
02-13 13:21:59.874 D/KeyguardViewMediator(  206): setHidden false
02-13 13:21:59.884 D/KeyguardViewMediator(  206): setHidden false
02-13 13:21:59.904 D/KeyguardViewMediator(  206): setHidden false
02-13 13:21:59.914 D/KeyguardViewMediator(  206): setHidden false
02-13 13:21:59.934 D/KeyguardViewMediator(  206): setHidden false
02-13 13:21:59.954 D/KeyguardViewMediator(  206): setHidden false
02-13 13:21:59.964 D/KeyguardViewMediator(  206): setHidden false
02-13 13:21:59.974 I/ActivityManager(  206): Displayed com.android.settings/.DeviceInfoSettings: +320ms
02-13 13:21:59.994 D/KeyguardUpdateMonitor(  206): received broadcast android.intent.action.TIME_TICK
02-13 13:21:59.994 D/KeyguardViewMediator(  206): setHidden false
02-13 13:22:00.005 D/KeyguardUpdateMonitor(  206): handleTimeUpdate
02-13 13:22:00.245 D/KeyguardUpdateMonitor(  206): received broadcast android.intent.action.BATTERY_CHANGED
02-13 13:22:00.245 D/KeyguardUpdateMonitor(  206): handleBatteryUpdate
02-13 13:22:00.245 I/dun_service(  130): The value returned from dun_getusbmodemstate_fromsys is 2 
02-13 13:22:01.586 I/wpa_supplicant(  304): State: INACTIVE -> SCANNING
02-13 13:22:01.586 I/wpa_supplicant(  304): CTRL-EVENT-STATE-CHANGE id=-1 state=2 BSSID=00:00:00:00:00:00
02-13 13:22:01.586 D/NetworkStateTracker(  206): setDetailed state, old =IDLE and new state=SCANNING
02-13 13:22:02.537 I/dun_service(  130): process rmnet event
02-13 13:22:02.537 I/dun_service(  130): Post event 4
02-13 13:22:02.547 I/dun_service(  130): received event: DUN_EVENT_RMNET_UP 
02-13 13:22:02.547 I/dun_service(  130): received event(DUN_EVENT_RMNET_UP) in state(DUN_STATE_USB_UNPLUG)
02-13 13:22:02.547 I/dun_service(  130): Ignoring the event DUN_EVENT_RMNET_UP in USB_UNPLUG_STATE
02-13 13:22:02.547 I/dun_service(  130): Moved to state(DUN_STATE_USB_UNPLUG)
02-13 13:22:02.547 I/wpa_supplicant(  304): State: SCANNING -> INACTIVE
02-13 13:22:02.547 I/wpa_supplicant(  304): CTRL-EVENT-STATE-CHANGE id=-1 state=1 BSSID=00:00:00:00:00:00
02-13 13:22:02.547 D/WifiStateTracker(  206): setNotificationVisible() visible=false mNotificationShown=false force=false return.
02-13 13:22:02.557 D/NetworkStateTracker(  206): setDetailed state, old =SCANNING and new state=IDLE
02-13 13:22:08.503 D/PowerManagerService(  206): setPowerState: mPowerState=0x3 newState=0x1 noChangeLights=false reason=3
02-13 13:22:09.404 D/PowerManagerService(  206): setPowerState: mPowerState=0x1 newState=0x3 noChangeLights=false reason=2
02-13 13:22:14.859 I/V3Client(  341): SMS ignored
02-13 13:22:14.889 E/HQB     ( 1108): onReceiveWithPrivilege  action received android.provider.Telephony.SMS_RECEIVED
02-13 13:22:14.909 D/SmsReceiverService( 1108): isSelfRegSMS-teleService = 4098
02-13 13:22:14.919 D/SmsReceiverService( 1108): first =0
02-13 13:22:14.919 D/SmsReceiverService( 1108): possibleIndex =null
02-13 13:22:14.919 D/SmsReceiverService( 1108): processed indexString =null
02-13 13:22:14.919 D/SmsReceiverService( 1108): first =0
02-13 13:22:14.919 D/SmsReceiverService( 1108): possibleIndex =null
02-13 13:22:14.919 D/SmsReceiverService( 1108): processed indexString =null
02-13 13:22:14.919 I/Mms     ( 1108): parseMmsAddress number=9137446943, length=10
02-13 13:22:14.919 I/ContactsProvider(  402): query: content://com.android.contacts/data
02-13 13:22:14.919 E/ContactsProvider(  402): 101123 isCallerRegisterNeedSIMProc callerPid:1108, acorePid:402
02-13 13:22:14.929 I/ContactsProvider(  402): query isCallerRegistered= true
02-13 13:22:14.929 I/ContactsProvider(  402): query forOnlyOneContactString= 0
02-13 13:22:14.939 D/MmsSmsProvider(  331): getThreadId:enter cursor.toAddressIds.size=1
02-13 13:22:14.939 D/MmsSmsProvider(  331): getThreadId:enter cursor.getCount()=0
02-13 13:22:14.949 D/MmsSmsProvider(  331): getThreadId:enter cursorAddr.getCount()=1needNewThread=false
02-13 13:22:14.949 D/MmsSmsProvider(  331): 111insertThread: created new thread_id 1 for recipientIds:1bccrecipientIds:numberOfRecipients:1
02-13 13:22:14.959 D/MmsSmsProvider(  331): getThreadId:after cursor.getCount()=1thread_id = 1
02-13 13:22:14.969 I/ContactsProvider(  402): query: content://contacts/phones/filter/9137446943
02-13 13:22:14.969 E/ContactsProvider(  402): 101123 isCallerRegisterNeedSIMProc callerPid:331, acorePid:402
02-13 13:22:14.969 I/ContactsProvider(  402): query isCallerRegistered= true
02-13 13:22:14.969 I/ContactsProvider(  402): query forOnlyOneContactString= 0
02-13 13:22:15.139 D/Mms:app ( 1108): in getIconResourceId cmasNo =0
02-13 13:22:15.139 D/Mms:app ( 1108): in getIconResourceId cmasNo = 0, cancel(notificationId)
02-13 13:22:15.159 I/Mms     ( 1108): parseMmsAddress number=9137446943, length=10
02-13 13:22:15.169 I/ContactsProvider(  402): query: content://com.android.contacts/data
02-13 13:22:15.169 E/ContactsProvider(  402): 101123 isCallerRegisterNeedSIMProc callerPid:1108, acorePid:402
02-13 13:22:15.169 I/ContactsProvider(  402): query isCallerRegistered= true
02-13 13:22:15.169 I/ContactsProvider(  402): query forOnlyOneContactString= 0
02-13 13:22:15.199 E/lights  (  206):   g_haveAmberLed=0
02-13 13:22:15.199 E/lights  (  206):   red=0
02-13 13:22:15.199 E/lights  (  206):   green=255
02-13 13:22:15.199 E/lights  (  206):   blink=1
02-13 13:22:15.209 E/wlg     (  206): MediaPlayer.IsSdpFile  path = /system/notification_sound
02-13 13:22:15.209 E/wlg     (  206): MediaPlayer.IsSdpFile  path = /system/notification_sound
02-13 13:22:15.209 D/MediaPlayer(  206): DRM scheme =content
02-13 13:22:15.209 D/MediaPlayer(  206): DRM uri.toString() =content://settings/system/notification_sound
02-13 13:22:15.209 I/RingtoneManager(  206): getActualDefaultRingtoneUri().setting=notification_sound uriString=content://media/internal/audio/media/17
02-13 13:22:15.209 I/RingtoneManager(  206): TYPE_NOTIFICATION getActualDefaultRingtoneUri().volume = internal
02-13 13:22:15.209 D/DrmContent(  206): Uri=content://media/internal/audio/media/17
02-13 13:22:15.219 D/DrmContent(  206): ret=983062
02-13 13:22:15.219 D/MediaPlayer(  206): setDataSource(232, 0, 576460752303423487)
02-13 13:22:15.229 D/MediaPlayerService(  121): Create new client(15) from pid 206, fd=26, offset=0, length=576460752303423487, audioSessionId=23
02-13 13:22:15.229 E/MediaPlayerService(  121): ident is:1399285583, buf is:OggS
02-13 13:22:15.229 E/MediaPlayerService(  121):  create VorbisPlayer
02-13 13:22:15.269 I/AudioService(  206):  AudioFocus  requestAudioFocus() from android.media.AudioManager@40af83c8
02-13 13:22:15.269 E/wlg     (  206): MediaPlayer.start()  mIsStream = false
02-13 13:22:15.269 D/MediaPlayer(  206): start state 8
02-13 13:22:15.269 D/AudioTrack(  121): Request AudioFlinger to create track
02-13 13:22:15.269 D/AudioFlinger(  121): createTrack() lSessionId: 23
02-13 13:22:15.269 D/AudioFlinger(  121): Track constructor name 4099, calling thread 121
02-13 13:22:15.269 D/AudioTrack(  121): start 0x635b8
02-13 13:22:15.269 D/AudioFlinger(  121): start(4099), calling thread 121 session 23
02-13 13:22:15.269 D/AudioHardwareMSM7X30(  121): value of device and enable is 2 1 ALSA dev id:3
02-13 13:22:15.269 D/AudioTrack(  121): stop 0x243f0
02-13 13:22:15.269 D/AudioFlinger(  121): remove track (4098) and delete from mixer
02-13 13:22:15.279 D/KeyguardViewMediator(  206): setHidden false
02-13 13:22:15.279 D/KeyguardViewMediator(  206): setHidden false
02-13 13:22:15.359 D/AudioHardwareMSM7X30(  121): msm_route_stream(PCM_PLAY,5,3,1)
02-13 13:22:15.369 W/AudioFlinger(  121): write blocked for 93 msecs, 2 delayed writes, thread 0x1b7f0
02-13 13:22:17.101 D/AudioTrack(  121): stop 0x635b8
02-13 13:22:17.101 D/AudioFlinger(  121): stop(4099), calling thread 121
02-13 13:22:17.111 I/AudioService(  206):  AudioFocus  abandonAudioFocus() from android.media.AudioManager@40af83c8
02-13 13:22:17.572 I/wpa_supplicant(  304): State: INACTIVE -> SCANNING
02-13 13:22:17.572 I/wpa_supplicant(  304): CTRL-EVENT-STATE-CHANGE id=-1 state=2 BSSID=00:00:00:00:00:00
02-13 13:22:17.572 D/NetworkStateTracker(  206): setDetailed state, old =IDLE and new state=SCANNING
02-13 13:22:18.122 D/PowerManagerService(  206): setPowerState: mPowerState=0x3 newState=0x1 noChangeLights=false reason=3
02-13 13:22:18.533 I/wpa_supplicant(  304): State: SCANNING -> INACTIVE
02-13 13:22:18.533 I/wpa_supplicant(  304): CTRL-EVENT-STATE-CHANGE id=-1 state=1 BSSID=00:00:00:00:00:00
02-13 13:22:18.543 I/dun_service(  130): process rmnet event
02-13 13:22:18.543 I/dun_service(  130): Post event 4
02-13 13:22:18.543 I/dun_service(  130): received event: DUN_EVENT_RMNET_UP 
02-13 13:22:18.543 I/dun_service(  130): received event(DUN_EVENT_RMNET_UP) in state(DUN_STATE_USB_UNPLUG)
02-13 13:22:18.543 I/dun_service(  130): Ignoring the event DUN_EVENT_RMNET_UP in USB_UNPLUG_STATE
02-13 13:22:18.543 I/dun_service(  130): Moved to state(DUN_STATE_USB_UNPLUG)
02-13 13:22:18.543 D/NetworkStateTracker(  206): setDetailed state, old =SCANNING and new state=IDLE
02-13 13:22:18.543 D/WifiStateTracker(  206): setNotificationVisible() visible=false mNotificationShown=false force=false return.
02-13 13:22:20.214 D/AudioHardwareMSM7X30(  121): AudioStreamOutMSM72xx::standby()
02-13 13:22:20.214 D/AudioHardwareMSM7X30(  121): Deroute pcm out stream
02-13 13:22:20.214 D/AudioHardwareMSM7X30(  121): updateDeviceInfo: E rx_device 2 and tx_device 3
02-13 13:22:20.214 D/AudioHardwareMSM7X30(  121): No active voicecall/playback, disabling cur_rx 2
02-13 13:22:20.214 D/AudioHardwareMSM7X30(  121): value of device and enable is 2 0 ALSA dev id:3
02-13 13:22:20.224 D/AudioHardwareMSM7X30(  121): No active voicecall/recording, disabling cur_tx 3
02-13 13:22:20.224 D/AudioHardwareMSM7X30(  121): value of device and enable is 3 0 ALSA dev id:10
02-13 13:22:20.224 E/AudioHardwareMSM7X30(  121): There is no node in the routing table!
02-13 13:22:20.224 D/AudioHardwareMSM7X30(  121): updateDeviceInfo: X cur_rx 2 cur_tx 3
02-13 13:22:25.119 D/PowerManagerService(  206): setPowerState: mPowerState=0x1 newState=0x0 noChangeLights=false reason=3
02-13 13:22:25.479 D/PowerManagerService(  206): acquireWakeLock flags=0x1 tag=sleep_broadcast
02-13 13:22:25.479 D/PowerManagerService(  206): Go to standby ,PARTIAL_WAKE_LOCK tag = sleep_broadcast
02-13 13:22:25.479 D/KeyguardViewMediator(  206): onScreenTurnedOff(3)
02-13 13:22:25.489 D/AlarmManager(  206): +++Alarm set:type=2 android  Trigger after:4994ms
02-13 13:22:25.489 D/KeyguardViewMediator(  206): setting alarm to turn off keyguard, seq = 2
02-13 13:22:25.489 E/Sensors (  206): [HAL]ready to call enable(Accelerometer,0),AAAAAAAA
02-13 13:22:25.489 E/Sensors (  206): [HAL]ECS_IOCTL_APP_SET_AFLAG 	success,flags = 0
02-13 13:22:25.489 E/Sensors (  206): [HAL]After {mEnabled &= ~(1<<what)},mEnabled = 0
02-13 13:22:25.489 E/Sensors (  206): [HAL]After {(newState)<<what)},mEnabled = 0
02-13 13:22:25.489 E/Sensors (  206): [HAL]Closed /dev/akm8962_aot in enable(Accelerometer,0),mEnable = 0
02-13 13:22:25.499 D/PowerManagerService(  206): acquireWakeLock flags=0x1 tag=ActivityManager-Sleep
02-13 13:22:25.559 D/PowerManagerService(  206): releaseWakeLock flags=0x1 tag=ActivityManager-Sleep
02-13 13:22:25.579 D/AlarmManager(  206): +++Alarm set:type=0 android  Trigger after:120000ms
02-13 13:22:25.579 D/PowerManagerService(  206): acquireWakeLock flags=0x1 tag=RILJ
02-13 13:22:25.579 I/DATA    (  331): [DCT(0) ] intent received :android.intent.action.SCREEN_OFF
02-13 13:22:25.589 D/PowerManagerService(  206): releaseWakeLock flags=0x1 tag=RILJ
02-13 13:22:25.589 D/PowerManagerService(  206): releaseWakeLock flags=0x1 tag=sleep_broadcast
02-13 13:22:25.589 D/PowerManagerService(  206):  ALL PARTIAL wakeLock Released ! 
02-13 13:22:26.510 I/dun_service(  130): The value returned from dun_getusbmodemstate_fromsys is 2 
02-13 13:22:26.510 I/dun_service(  130): The value returned from dun_getusbmodemstate_fromsys is 2 
02-13 13:22:26.661 W/AlarmManager(  206): +++Alarm  wakeup phone ,pkg=com.locationlabs.v3client
02-13 13:22:26.661 D/PowerManagerService(  206): acquireWakeLock flags=0x1 tag=AlarmManager
02-13 13:22:26.661 I/V3Client(  341): got retry intent, retrying c2dm registration
02-13 13:22:26.661 I/V3Client(  341): Registering for push services. email:v3client@location-labs.com
02-13 13:22:26.671 W/AlarmManager(  206): +++alarm onSendFinished ,action=com.locationlabs.v3client.action.RETRY_C2DM_REGISTRATION
02-13 13:22:26.671 D/PowerManagerService(  206): releaseWakeLock flags=0x1 tag=AlarmManager
02-13 13:22:26.671 D/PowerManagerService(  206):  ALL PARTIAL wakeLock Released ! 
02-13 13:22:26.691 E/GTalkService(  374): asyncFetch: no username
02-13 13:22:26.691 D/C2DMRegistrar(  374): [C2DMRegistrar.37] AuthTokenCallback: account missing
02-13 13:22:26.691 D/PowerManagerService(  206): acquireWakeLock flags=0x1 tag=GOOGLE_C2DM
02-13 13:22:26.701 I/V3Client(  341): Handling push registration
02-13 13:22:26.701 W/V3Client(  341): C2DM Registration error: ACCOUNT_MISSING
02-13 13:22:26.701 I/V3Client(  341): clearing push registration id
02-13 13:22:26.701 I/V3Client(  341): deleting push id on server
02-13 13:22:26.701 D/PowerManagerService(  206): releaseWakeLock flags=0x1 tag=GOOGLE_C2DM
02-13 13:22:26.701 D/PowerManagerService(  206):  ALL PARTIAL wakeLock Released ! 
02-13 13:22:26.721 D/KeyguardViewMediator(  206): setHidden false
02-13 13:22:26.721 D/KeyguardViewMediator(  206): setHidden false
02-13 13:22:26.741 D/AlarmManager(  206): +++Alarm set:type=2 com.locationlabs.v3client  Trigger after:84887ms
02-13 13:22:26.751 D/PowerManagerService(  206): setPowerState: mPowerState=0x0 newState=0x3 noChangeLights=false reason=2
02-13 13:22:26.761 D/KeyguardViewMediator(  206): onScreenTurnedOn, seq = 3
02-13 13:22:26.761 D/KeyguardViewMediator(  206): notifyScreenOnLocked
02-13 13:22:26.761 E/Sensors (  206): [HAL]ready to call enable(Accelerometer,1),AAAAAAAA
02-13 13:22:26.761 E/Sensors (  206): [HAL]mEnabled = 0;ready to open /dev/akm8962_aot
02-13 13:22:26.761 E/Sensors (  206): [HAL]ECS_IOCTL_APP_SET_AFLAG 	success,flags = 1
02-13 13:22:26.761 E/Sensors (  206): [HAL]After {mEnabled &= ~(1<<what)},mEnabled = 0
02-13 13:22:26.761 E/Sensors (  206): [HAL]After {(newState)<<what)},mEnabled = 1
02-13 13:22:26.761 D/KeyguardViewMediator(  206): handleNotifyScreenOn
02-13 13:22:26.761 D/KeyguardViewMediator(  206): setHidden false
02-13 13:22:26.771 I/vDM     (  419): KeyCode = 26
02-13 13:22:26.771 D/KeyguardViewMediator(  206): setHidden false
02-13 13:22:26.771 D/KeyguardViewMediator(  206): setHidden false
02-13 13:22:26.771 I/hubo    (  206): Activity {com.android.settings/com.android.settings.DeviceInfoSettings}
02-13 13:22:26.791 I/DATA    (  331): [DCT(0) ] intent received :android.intent.action.SCREEN_ON
02-13 13:22:26.801 D/DATA    (  331): [DSST(0)] pollstate() : reason = data network state changed
02-13 13:22:26.831 D/MobileDataStateTracker(  206): [hipri]  MobileDataStateReceiver onReceive(): Entry.
02-13 13:22:26.831 D/MobileDataStateTracker(  206): [hipri]  intent.getAction()= android.intent.action.SERVICE_STATE
02-13 13:22:26.831 D/MobileDataStateTracker(  206): [hipri]  mEnabled = false
02-13 13:22:26.831 D/MobileDataStateTracker(  206): [dun]  MobileDataStateReceiver onReceive(): Entry.
02-13 13:22:26.831 D/MobileDataStateTracker(  206): [dun]  intent.getAction()= android.intent.action.SERVICE_STATE
02-13 13:22:26.831 D/MobileDataStateTracker(  206): [dun]  mEnabled = false
02-13 13:22:26.831 D/MobileDataStateTracker(  206): [supl]  MobileDataStateReceiver onReceive(): Entry.
02-13 13:22:26.831 D/MobileDataStateTracker(  206): [supl]  intent.getAction()= android.intent.action.SERVICE_STATE
02-13 13:22:26.831 D/MobileDataStateTracker(  206): [supl]  mEnabled = false
02-13 13:22:26.831 D/MobileDataStateTracker(  206): [mms]  MobileDataStateReceiver onReceive(): Entry.
02-13 13:22:26.831 D/MobileDataStateTracker(  206): [mms]  intent.getAction()= android.intent.action.SERVICE_STATE
02-13 13:22:26.831 D/MobileDataStateTracker(  206): [mms]  mEnabled = false
02-13 13:22:26.831 D/MobileDataStateTracker(  206): [default]  MobileDataStateReceiver onReceive(): Entry.
02-13 13:22:26.831 D/MobileDataStateTracker(  206): [default]  intent.getAction()= android.intent.action.SERVICE_STATE
02-13 13:22:26.831 D/MobileDataStateTracker(  206): [default]  mEnabled = true
02-13 13:22:26.841 D/CallManager(  331):  handleMessage (EVENT_SERVICE_STATE_CHANGED)
02-13 13:22:26.841 E/BT HS/HF(  331): SERVICE_STATE_CHANGED called
02-13 13:22:26.841 E/BT HS/HF(  331): updateServiceState called, sendUpdate:false  ServiceState:0 home Sprint  310099  EvDo rev. A CSS not supported 41 4139RoamInd: 1RoamStatus(sprint): 1DefRoamInd: 160EmergOnly: false
02-13 13:22:26.841 E/BT HS/HF(  331): service:1 mService:1
02-13 13:22:26.841 D/DATA    (  331): [DSST(0)]  registrationState = 1  radioTechnology = 8 reasonForDenial = 0
02-13 13:22:26.841 D/DATA    (  331): [DSST(0)]  set mNewDataConnectionState = 0
02-13 13:22:26.841 D/DATA    (  331): [DSST(0)]  mNewDataConnectionState : 0  mDataConnectionState : 0
02-13 13:22:26.841 D/DATA    (  331): [DSST(0)] Poll ServiceState done: oldSS=[0 home null null null  EvDo rev. A CSS not supported -1 -1RoamInd: -1RoamStatus(sprint): -1DefRoamInd: -1EmergOnly: false] newSS=[0 home null null null  EvDo rev. A CSS not supported -1 -1RoamInd: -1RoamStatus(sprint): -1DefRoamInd: -1EmergOnly: false]
02-13 13:22:26.841 D/DATA    (  331): [DSST(0)]  mDataConnectionState = 0
02-13 13:22:26.841 D/Mms     ( 1108): currentRoamingStatus:1
02-13 13:22:26.901 I/vDM     (  419): KeyCode = 26
02-13 13:22:27.011 D/Bitmap  (  597): Detect unrecycled bitmap.
02-13 13:22:27.021 D/Bitmap  (  597):       Size: 94864 Bytes, Width: 154 , Height: 154 , Hash code: 1079581168
02-13 13:22:27.021 D/Bitmap  (  597):  This bimap was created in:
02-13 13:22:27.031 D/Bitmap  (  597):       android.graphics.Bitmap.<init>(Bitmap.java:136)
02-13 13:22:27.031 D/Bitmap  (  597):       android.graphics.BitmapFactory.nativeDecodeStream(Native Method)
02-13 13:22:27.031 D/Bitmap  (  597):       android.graphics.BitmapFactory.decodeStream(BitmapFactory.java:470)
02-13 13:22:27.031 D/Bitmap  (  597):       android.graphics.BitmapFactory.decodeStream(BitmapFactory.java:525)
02-13 13:22:27.031 D/Bitmap  (  597):       com.sprint.zone.http.HttpClient.getPhotoBitmap(HttpClient.java:177)
02-13 13:22:27.031 D/Bitmap  (  597):       com.sprint.zone.UpdateService.updateContent(UpdateService.java:847)
02-13 13:22:27.031 D/Bitmap  (  597):       com.sprint.zone.UpdateService.performUpdate(UpdateService.java:337)
02-13 13:22:27.031 D/Bitmap  (  597):       com.sprint.zone.UpdateService.onHandleIntent(UpdateService.java:219)
02-13 13:22:27.031 D/Bitmap  (  597):       android.app.IntentService$ServiceHandler.handleMessage(IntentService.java:59)
02-13 13:22:27.031 D/Bitmap  (  597):       android.os.Handler.dispatchMessage(Handler.java:99)
02-13 13:22:27.031 D/Bitmap  (  597):       android.os.Looper.loop(Looper.java:130)
02-13 13:22:27.031 D/Bitmap  (  597):       android.os.HandlerThread.run(HandlerThread.java:60)
02-13 13:22:27.041 D/Bitmap  (  597): _
02-13 13:22:27.041 D/Bitmap  (  597): Detect unrecycled bitmap.
02-13 13:22:27.041 D/Bitmap  (  597):       Size: 181476 Bytes, Width: 213 , Height: 213 , Hash code: 1079385328
02-13 13:22:27.041 D/Bitmap  (  597):  This bimap was created in:
02-13 13:22:27.041 D/Bitmap  (  597):       android.graphics.Bitmap.<init>(Bitmap.java:136)
02-13 13:22:27.041 D/Bitmap  (  597):       android.graphics.BitmapFactory.nativeDecodeStream(Native Method)
02-13 13:22:27.041 D/Bitmap  (  597):       android.graphics.BitmapFactory.decodeStream(BitmapFactory.java:470)
02-13 13:22:27.041 D/Bitmap  (  597):       android.graphics.BitmapFactory.decodeStream(BitmapFactory.java:525)
02-13 13:22:27.041 D/Bitmap  (  597):       com.sprint.zone.http.HttpClient.getPhotoBitmap(HttpClient.java:177)
02-13 13:22:27.051 D/Bitmap  (  597):       com.sprint.zone.UpdateService.updateContent(UpdateService.java:847)
02-13 13:22:27.051 D/Bitmap  (  597):       com.sprint.zone.UpdateService.performUpdate(UpdateService.java:337)
02-13 13:22:27.051 D/Bitmap  (  597):       com.sprint.zone.UpdateService.onHandleIntent(UpdateService.java:219)
02-13 13:22:27.051 D/Bitmap  (  597):       android.app.IntentService$ServiceHandler.handleMessage(IntentService.java:59)
02-13 13:22:27.051 D/Bitmap  (  597):       android.os.Handler.dispatchMessage(Handler.java:99)
02-13 13:22:27.051 D/Bitmap  (  597):       android.os.Looper.loop(Looper.java:130)
02-13 13:22:27.051 D/Bitmap  (  597):       android.os.HandlerThread.run(HandlerThread.java:60)
02-13 13:22:27.051 D/Bitmap  (  597): _
02-13 13:22:27.051 D/Bitmap  (  597): Detect unrecycled bitmap.
02-13 13:22:27.071 D/Bitmap  (  597):       Size: 262144 Bytes, Width: 256 , Height: 256 , Hash code: 1079416384
02-13 13:22:27.071 D/Bitmap  (  597):  This bimap was created in:
02-13 13:22:27.071 D/Bitmap  (  597):       android.graphics.Bitmap.<init>(Bitmap.java:136)
02-13 13:22:27.071 D/Bitmap  (  597):       android.graphics.BitmapFactory.nativeDecodeStream(Native Method)
02-13 13:22:27.071 D/Bitmap  (  597):       android.graphics.BitmapFactory.decodeStream(BitmapFactory.java:470)
02-13 13:22:27.071 D/Bitmap  (  597):       android.graphics.BitmapFactory.decodeStream(BitmapFactory.java:525)
02-13 13:22:27.071 D/Bitmap  (  597):       com.sprint.zone.http.HttpClient.getPhotoBitmap(HttpClient.java:177)
02-13 13:22:27.071 D/Bitmap  (  597):       com.sprint.zone.UpdateService.updateContent(UpdateService.java:847)
02-13 13:22:27.071 D/Bitmap  (  597):       com.sprint.zone.UpdateService.performUpdate(UpdateService.java:337)
02-13 13:22:27.071 D/Bitmap  (  597):       com.sprint.zone.UpdateService.onHandleIntent(UpdateService.java:219)
02-13 13:22:27.071 D/Bitmap  (  597):       android.app.IntentService$ServiceHandler.handleMessage(IntentService.java:59)
02-13 13:22:27.071 D/Bitmap  (  597):       android.os.Handler.dispatchMessage(Handler.java:99)
02-13 13:22:27.071 D/Bitmap  (  597):       android.os.Looper.loop(Looper.java:130)
02-13 13:22:27.071 D/Bitmap  (  597):       android.os.HandlerThread.run(HandlerThread.java:60)
02-13 13:22:27.071 D/Bitmap  (  597): _
02-13 13:22:27.071 D/Bitmap  (  597): Detect unrecycled bitmap.
02-13 13:22:27.091 D/Bitmap  (  597):       Size: 168100 Bytes, Width: 205 , Height: 205 , Hash code: 1079761448
02-13 13:22:27.091 D/Bitmap  (  597):  This bimap was created in:
02-13 13:22:27.111 D/Bitmap  (  597):       android.graphics.Bitmap.<init>(Bitmap.java:136)
02-13 13:22:27.111 D/Bitmap  (  597):       android.graphics.BitmapFactory.nativeDecodeStream(Native Method)
02-13 13:22:27.111 D/Bitmap  (  597):       android.graphics.BitmapFactory.decodeStream(BitmapFactory.java:470)
02-13 13:22:27.111 D/Bitmap  (  597):       android.graphics.BitmapFactory.decodeStream(BitmapFactory.java:525)
02-13 13:22:27.111 D/Bitmap  (  597):       com.sprint.zone.http.HttpClient.getPhotoBitmap(HttpClient.java:177)
02-13 13:22:27.111 D/Bitmap  (  597):       com.sprint.zone.UpdateService.updateContent(UpdateService.java:847)
02-13 13:22:27.111 D/Bitmap  (  597):       com.sprint.zone.UpdateService.performUpdate(UpdateService.java:337)
02-13 13:22:27.111 D/Bitmap  (  597):       com.sprint.zone.UpdateService.onHandleIntent(UpdateService.java:219)
02-13 13:22:27.111 D/Bitmap  (  597):       android.app.IntentService$ServiceHandler.handleMessage(IntentService.java:59)
02-13 13:22:27.111 D/Bitmap  (  597):       android.os.Handler.dispatchMessage(Handler.java:99)
02-13 13:22:27.111 D/Bitmap  (  597):       android.os.Looper.loop(Looper.java:130)
02-13 13:22:27.111 D/Bitmap  (  597):       android.os.HandlerThread.run(HandlerThread.java:60)
02-13 13:22:27.111 D/Bitmap  (  597): _
02-13 13:22:27.111 D/Bitmap  (  597): Detect unrecycled bitmap.
02-13 13:22:27.131 D/Bitmap  (  597):       Size: 94864 Bytes, Width: 154 , Height: 154 , Hash code: 1079647088
02-13 13:22:27.131 D/Bitmap  (  597):  This bimap was created in:
02-13 13:22:27.131 D/Bitmap  (  597):       android.graphics.Bitmap.<init>(Bitmap.java:136)
02-13 13:22:27.131 D/Bitmap  (  597):       android.graphics.BitmapFactory.nativeDecodeStream(Native Method)
02-13 13:22:27.131 D/Bitmap  (  597):       android.graphics.BitmapFactory.decodeStream(BitmapFactory.java:470)
02-13 13:22:27.131 D/Bitmap  (  597):       android.graphics.BitmapFactory.decodeStream(BitmapFactory.java:525)
02-13 13:22:27.131 D/Bitmap  (  597):       com.sprint.zone.http.HttpClient.getPhotoBitmap(HttpClient.java:177)
02-13 13:22:27.131 D/Bitmap  (  597):       com.sprint.zone.UpdateService.updateContent(UpdateService.java:847)
02-13 13:22:27.131 D/Bitmap  (  597):       com.sprint.zone.UpdateService.performUpdate(UpdateService.java:337)
02-13 13:22:27.131 D/Bitmap  (  597):       com.sprint.zone.UpdateService.onHandleIntent(UpdateService.java:219)
02-13 13:22:27.131 D/Bitmap  (  597):       android.app.IntentService$ServiceHandler.handleMessage(IntentService.java:59)
