02-13 13:21:16.422 D/MediaPlayerService(  121): extension = .smf
02-13 13:21:16.422 D/MediaPlayerService(  121): extension = .xmf
02-13 13:21:16.422 D/MediaPlayerService(  121): extension = .imy
02-13 13:21:16.422 D/MediaPlayerService(  121): extension = .imelody
02-13 13:21:16.422 D/MediaPlayerService(  121): extension = .rtttl
02-13 13:21:16.422 D/MediaPlayerService(  121): extension = .rtx
02-13 13:21:16.422 D/MediaPlayerService(  121): extension = .ota
02-13 13:21:16.422 D/MediaPlayerService(  121): extension = .ogg
02-13 13:21:16.422 D/MediaPlayerService(  121): extension = .oga
02-13 13:21:16.422 D/MediaPlayerService(  121): extension = .amr
02-13 13:21:16.422 D/MediaPlayerService(  121): extension = .wma
02-13 13:21:16.422 D/MediaPlayerService(  121): extension = .wmv
02-13 13:21:16.422 D/MediaPlayerService(  121): extension = .asf
02-13 13:21:16.422 D/MediaPlayerService(  121): extension = .3g2
02-13 13:21:16.422 I/MediaScanner(  478): doScanFile the temppath: /mnt/sdcard/DCIM/100SSMED/SSPX0004.3G2
02-13 13:21:16.422 E/PVMediaScanner(  478): processFile /mnt/sdcard/DCIM/100SSMED/SSPX0004.3G2 mimeType: (null)
02-13 13:21:16.422 E/PVMediaScanner(  478): Start to test wheater the file is drm file = /mnt/sdcard/DCIM/100SSMED/SSPX0004.3G2
02-13 13:21:16.422 E/PVMediaScanner(  478): Start pfnDrmAPI_IsProtectedFile is good result =0
02-13 13:21:16.422 E/PVMediaScanner(  478): File is not a drm file.
02-13 13:21:16.422 E/PVMediaScanner(  478): parseMP4::parseMP4 returned
02-13 13:21:16.422 E/PVMediaScanner(  478): mp4 error code is (95).
02-13 13:21:16.422 E/PVMediaScanner(  478): mp4 drm brand is (862401121).
02-13 13:21:16.422 E/PVMediaScanner(  478): mp4 drm count is (2).
02-13 13:21:16.422 E/PVMediaScanner(  478): mp4 MEDIA_TYPE_VISUAL  hasVideo.
02-13 13:21:16.422 E/PVMediaScanner(  478): mp4 MEDIA_TYPE_AUDIO  hasAudio.
02-13 13:21:16.422 E/PVMediaScanner(  478): mp4 error hasAudio is (1),hasVideo is 1
02-13 13:21:16.422 E/PVMediaScanner(  478): mp4 MEDIA_TYPE_VISUAL  brand = 0
02-13 13:21:16.422 E/PVMediaScanner(  478): mp4 video/mp4 
02-13 13:21:16.422 E/MediaScanner(  478): mp4 drm  setMimeType mimeType is (video/mp4).
02-13 13:21:16.422 E/MediaScanner(  478): mp4 drm  setMimeType ret is (1).
02-13 13:21:16.462 E/SW_DEC  (  121): PV SW DECODER is used for MPEG4
02-13 13:21:16.472 E/MetadataRetrieverClient(  121): failed to capture a video frame
02-13 13:21:16.472 E/MediaMetadataRetrieverJNI(  478): getFrameAtTime: videoFrame is a NULL pointer
02-13 13:21:16.472 W/MediaThumbRequest(  478): Can't create mini thumbnail for /mnt/sdcard/DCIM/100SSMED/SSPX0003.3G2
02-13 13:21:16.472 E/PVMediaScanner(  478): mp4 result is 1 
02-13 13:21:16.492 D/AudioHardwareMSM7X30(  121): AudioStreamOutMSM72xx::standby()
02-13 13:21:16.492 D/AudioHardwareMSM7X30(  121): Deroute pcm out stream
02-13 13:21:16.492 D/AudioHardwareMSM7X30(  121): updateDeviceInfo: E rx_device 2 and tx_device 3
02-13 13:21:16.492 D/AudioHardwareMSM7X30(  121): No active voicecall/playback, disabling cur_rx 2
02-13 13:21:16.492 D/AudioHardwareMSM7X30(  121): value of device and enable is 2 0 ALSA dev id:3
02-13 13:21:16.502 D/AudioHardwareMSM7X30(  121): No active voicecall/recording, disabling cur_tx 3
02-13 13:21:16.502 D/AudioHardwareMSM7X30(  121): value of device and enable is 3 0 ALSA dev id:10
02-13 13:21:16.502 E/AudioHardwareMSM7X30(  121): There is no node in the routing table!
02-13 13:21:16.502 D/AudioHardwareMSM7X30(  121): updateDeviceInfo: X cur_rx 2 cur_tx 3
02-13 13:21:16.512 W/MetadataRetrieverClient(  121): setDataSource(/mnt/sdcard/DCIM/100SSMED/SSPX0004.3G2)
02-13 13:21:16.512 D/MediaPlayerService(  121): get player type from url: /mnt/sdcard/DCIM/100SSMED/SSPX0004.3G2
02-13 13:21:16.512 D/MediaPlayerService(  121): drm EAS_Shutdown url: /mnt/sdcard/DCIM/100SSMED/SSPX0004.3G2
02-13 13:21:16.512 D/MediaPlayerService(  121): extension = .sp-midi
02-13 13:21:16.512 D/MediaPlayerService(  121): extension = .spmid
02-13 13:21:16.512 D/MediaPlayerService(  121): extension = .mid
02-13 13:21:16.512 D/MediaPlayerService(  121): extension = .midi
02-13 13:21:16.512 D/MediaPlayerService(  121): extension = .smf
02-13 13:21:16.512 D/MediaPlayerService(  121): extension = .xmf
02-13 13:21:16.512 D/MediaPlayerService(  121): extension = .imy
02-13 13:21:16.512 D/MediaPlayerService(  121): extension = .imelody
02-13 13:21:16.512 D/MediaPlayerService(  121): extension = .rtttl
02-13 13:21:16.512 D/MediaPlayerService(  121): extension = .rtx
02-13 13:21:16.512 D/MediaPlayerService(  121): extension = .ota
02-13 13:21:16.512 D/MediaPlayerService(  121): extension = .ogg
02-13 13:21:16.512 D/MediaPlayerService(  121): extension = .oga
02-13 13:21:16.512 D/MediaPlayerService(  121): extension = .amr
02-13 13:21:16.512 D/MediaPlayerService(  121): extension = .wma
02-13 13:21:16.512 D/MediaPlayerService(  121): extension = .wmv
02-13 13:21:16.512 D/MediaPlayerService(  121): extension = .asf
02-13 13:21:16.512 D/MediaPlayerService(  121): extension = .3g2
02-13 13:21:16.512 I/MediaScanner(  478): doScanFile the temppath: /mnt/sdcard/DCIM/100SSMED/SSPX0007.3G2
02-13 13:21:16.512 E/PVMediaScanner(  478): processFile /mnt/sdcard/DCIM/100SSMED/SSPX0007.3G2 mimeType: (null)
02-13 13:21:16.512 E/PVMediaScanner(  478): Start to test wheater the file is drm file = /mnt/sdcard/DCIM/100SSMED/SSPX0007.3G2
02-13 13:21:16.532 E/PVMediaScanner(  478): Start pfnDrmAPI_IsProtectedFile is good result =0
02-13 13:21:16.532 E/PVMediaScanner(  478): File is not a drm file.
02-13 13:21:16.532 E/PVMediaScanner(  478): parseMP4::parseMP4 returned
02-13 13:21:16.552 E/SW_DEC  (  121): PV SW DECODER is used for MPEG4
02-13 13:21:16.562 I/V3Client(  341): HTTP resp: 200 OK
02-13 13:21:16.562 E/MetadataRetrieverClient(  121): failed to capture a video frame
02-13 13:21:16.562 E/MediaMetadataRetrieverJNI(  478): getFrameAtTime: videoFrame is a NULL pointer
02-13 13:21:16.572 W/MediaThumbRequest(  478): Can't create mini thumbnail for /mnt/sdcard/DCIM/100SSMED/SSPX0004.3G2
02-13 13:21:16.582 E/PVMediaScanner(  478): mp4 error code is (95).
02-13 13:21:16.582 E/PVMediaScanner(  478): mp4 drm brand is (862401121).
02-13 13:21:16.582 E/PVMediaScanner(  478): mp4 drm count is (2).
02-13 13:21:16.582 E/PVMediaScanner(  478): mp4 MEDIA_TYPE_VISUAL  hasVideo.
02-13 13:21:16.582 E/PVMediaScanner(  478): mp4 MEDIA_TYPE_AUDIO  hasAudio.
02-13 13:21:16.582 E/PVMediaScanner(  478): mp4 error hasAudio is (1),hasVideo is 1
02-13 13:21:16.582 E/PVMediaScanner(  478): mp4 MEDIA_TYPE_VISUAL  brand = 0
02-13 13:21:16.582 E/PVMediaScanner(  478): mp4 video/mp4 
02-13 13:21:16.582 E/MediaScanner(  478): mp4 drm  setMimeType mimeType is (video/mp4).
02-13 13:21:16.582 E/MediaScanner(  478): mp4 drm  setMimeType ret is (1).
02-13 13:21:16.582 E/PVMediaScanner(  478): mp4 result is 1 
02-13 13:21:16.592 I/V3Client(  341): Null data for Notification successful attempt already occured for this retry
02-13 13:21:16.602 I/V3Client(  341): HTTP req: DELETE https://sparkle.locationlabs.com/client/v2/push
02-13 13:21:16.682 D/Warhol  (  900): Adding *PHONE* hotseat ...
02-13 13:21:16.682 D/Launcher(  900): loadHotseats: hotseat 0 final intent=[intent:#Intent;action=android.intent.action.MAIN;component=com.android.contacts/.DialtactsActivity;end] label=[Dialer]
02-13 13:21:16.682 D/Warhol  (  900): Adding *WARHOL* hotseat...
02-13 13:21:16.682 D/Warhol  (  900): Warhol uri = intent:#Intent;action=android.intent.action.MAIN;launchFlags=0x10200000;component=com.sprint.w.installer/.ServicePackSwitcher;end
02-13 13:21:16.692 D/Launcher(  900): loadHotseats: hotseat 1 final intent=[intent:#Intent;action=android.intent.action.MAIN;component=com.sprint.w.installer/.ServicePackSwitcher;end] label=[Pick your ID]
02-13 13:21:16.702 D/Launcher(  900): onSaveInstanceState
02-13 13:21:16.702 D/Launcher(  900): Dissmis Preview for view :null ID:2131230735
02-13 13:21:16.702 D/Launcher(  900): Dissmis Preview for view :null ID:2131230736
02-13 13:21:16.702 D/Launcher(  900): Dissmis Preview for view :null ID:2131230739
02-13 13:21:16.702 D/Launcher(  900): Dissmis Preview for view :null ID:2131230741
02-13 13:21:16.702 I/Dailtacts(  402): setcurrentTab name = com.android.contacts.DialtactsActivity
02-13 13:21:16.712 D/KeyguardViewMediator(  206): setHidden false
02-13 13:21:16.722 I/SmartDialerActivity(  402): onResume
02-13 13:21:16.722 D/AudioTrack(  402): Request AudioFlinger to create track
02-13 13:21:16.722 D/AudioFlinger(  121): createTrack() lSessionId: 21
02-13 13:21:16.722 D/AudioFlinger(  121): Track constructor name 4099, calling thread 402
02-13 13:21:16.722 I/SmartDialerActivity(  402): parent = null
02-13 13:21:16.722 I/SmartDialerActivity(  402): contactAccessor = com.android.contacts.smartdialer.ContactAccessorSdk5@40577730
02-13 13:21:16.722 I/SmartDialerActivity(  402): newData
02-13 13:21:16.722 I/ContactAccessorSdk5(  402): Phone.CONTENT_FILTER_URI = content://com.android.contacts/data/phones/filter
02-13 13:21:16.722 I/ContactAccessorSdk5(  402): recalculate number = *983*7#
02-13 13:21:16.722 I/ContactAccessorSdk5(  402): recalculate filterName = [*][9WXYZ][8TUV][3DEF][*][7PQRS][#]
02-13 13:21:16.722 I/ContactAccessorSdk5(  402): recalculate reversed = #7*389*
02-13 13:21:16.722 I/ContactAccessorSdk5(  402): mQueryHandler = Handler{40570df8}
02-13 13:21:16.722 W/CallLogProvider(  402): query: match = 4
02-13 13:21:16.722 D/CallLogProvider(  402): DIALER_CALLS
02-13 13:21:16.722 I/ContactsProvider(  402): query: content://com.android.contacts/contacts/dailkey_filter/*983*7#
02-13 13:21:16.722 I/ContactsProvider(  402): query isCallerRegistered= true
02-13 13:21:16.722 I/ContactsProvider(  402): query forOnlyOneContactString= 0
02-13 13:21:16.722 D/ContactsProvider(  402):  query in DIALKEY_FILTER
02-13 13:21:16.722 I/ContactsProvider(  402): reversed number=#7*389*
02-13 13:21:16.732 I/ContactsProvider(  402): original sortOrder = sort_key
02-13 13:21:16.732 I/ContactsProvider(  402): changed sortOrder = REPLACE(dialer_number_header,' ','') GLOB '*983*7#*' DESC, REPLACE(dialer_number_full,' ','') GLOB '*983*7#*' DESC, sort_key
02-13 13:21:16.732 D/SmartDialerActivity(  402): updateAddtoContactsButtonEnabledStatetrue
02-13 13:21:16.732 D/KeyguardViewMediator(  206): setHidden false
02-13 13:21:16.732 I/SmartDialerActivity(  402): showDialpadChooser:false
02-13 13:21:16.732 I/SmartDialerActivity(  402): Displaying normal Dialer UI.
02-13 13:21:16.742 I/hubo    (  206): Activity {com.android.contacts/com.android.contacts.DialtactsActivity}
02-13 13:21:16.742 D/KeyguardViewMediator(  206): setHidden false
02-13 13:21:16.752 I/ContactAccessorSdk5(  402): mergeCursor.getCount = 0
02-13 13:21:16.752 I/ContactAccessorSdk5(  402): activity.myAdapter = com.android.contacts.smartdialer.contactsAdapter@4063cbb8
02-13 13:21:16.752 D/KeyguardViewMediator(  206): setHidden false
02-13 13:21:16.772 D/KeyguardViewMediator(  206): setHidden false
02-13 13:21:16.772 D/KeyguardViewMediator(  206): setHidden false
02-13 13:21:16.792 D/KeyguardViewMediator(  206): setHidden false
02-13 13:21:16.792 D/KeyguardViewMediator(  206): setHidden false
02-13 13:21:16.802 D/KeyguardViewMediator(  206): setHidden false
02-13 13:21:16.812 W/MetadataRetrieverClient(  121): setDataSource(/mnt/sdcard/DCIM/100SSMED/SSPX0007.3G2)
02-13 13:21:16.812 D/MediaPlayerService(  121): get player type from url: /mnt/sdcard/DCIM/100SSMED/SSPX0007.3G2
02-13 13:21:16.812 D/MediaPlayerService(  121): drm EAS_Shutdown url: /mnt/sdcard/DCIM/100SSMED/SSPX0007.3G2
02-13 13:21:16.812 D/MediaPlayerService(  121): extension = .sp-midi
02-13 13:21:16.812 D/MediaPlayerService(  121): extension = .spmid
02-13 13:21:16.812 D/MediaPlayerService(  121): extension = .mid
02-13 13:21:16.812 D/MediaPlayerService(  121): extension = .midi
02-13 13:21:16.812 D/MediaPlayerService(  121): extension = .smf
02-13 13:21:16.812 D/MediaPlayerService(  121): extension = .xmf
02-13 13:21:16.812 D/MediaPlayerService(  121): extension = .imy
02-13 13:21:16.812 D/MediaPlayerService(  121): extension = .imelody
02-13 13:21:16.812 D/MediaPlayerService(  121): extension = .rtttl
02-13 13:21:16.812 D/MediaPlayerService(  121): extension = .rtx
02-13 13:21:16.812 D/MediaPlayerService(  121): extension = .ota
02-13 13:21:16.812 D/MediaPlayerService(  121): extension = .ogg
02-13 13:21:16.812 D/MediaPlayerService(  121): extension = .oga
02-13 13:21:16.812 D/MediaPlayerService(  121): extension = .amr
02-13 13:21:16.812 D/MediaPlayerService(  121): extension = .wma
02-13 13:21:16.812 D/MediaPlayerService(  121): extension = .wmv
02-13 13:21:16.812 D/MediaPlayerService(  121): extension = .asf
02-13 13:21:16.812 D/MediaPlayerService(  121): extension = .3g2
02-13 13:21:16.812 I/MediaScanner(  478): doScanFile the temppath: /mnt/sdcard/DCIM/100SSMED/SSPX0008.3G2
02-13 13:21:16.812 E/PVMediaScanner(  478): processFile /mnt/sdcard/DCIM/100SSMED/SSPX0008.3G2 mimeType: (null)
02-13 13:21:16.812 E/PVMediaScanner(  478): Start to test wheater the file is drm file = /mnt/sdcard/DCIM/100SSMED/SSPX0008.3G2
02-13 13:21:16.822 E/PVMediaScanner(  478): Start pfnDrmAPI_IsProtectedFile is good result =0
02-13 13:21:16.822 E/PVMediaScanner(  478): File is not a drm file.
02-13 13:21:16.822 E/PVMediaScanner(  478): parseMP4::parseMP4 returned
02-13 13:21:16.822 D/KeyguardViewMediator(  206): setHidden false
02-13 13:21:16.832 D/KeyguardViewMediator(  206): setHidden false
02-13 13:21:16.852 D/KeyguardViewMediator(  206): setHidden false
02-13 13:21:16.872 E/SW_DEC  (  121): PV SW DECODER is used for MPEG4
02-13 13:21:16.872 D/KeyguardViewMediator(  206): setHidden false
02-13 13:21:16.882 E/MetadataRetrieverClient(  121): failed to capture a video frame
02-13 13:21:16.882 E/MediaMetadataRetrieverJNI(  478): getFrameAtTime: videoFrame is a NULL pointer
02-13 13:21:16.882 W/MediaThumbRequest(  478): Can't create mini thumbnail for /mnt/sdcard/DCIM/100SSMED/SSPX0007.3G2
02-13 13:21:16.882 E/PVMediaScanner(  478): mp4 error code is (95).
02-13 13:21:16.882 E/PVMediaScanner(  478): mp4 drm brand is (862401121).
02-13 13:21:16.882 E/PVMediaScanner(  478): mp4 drm count is (2).
02-13 13:21:16.882 E/PVMediaScanner(  478): mp4 MEDIA_TYPE_VISUAL  hasVideo.
02-13 13:21:16.882 E/PVMediaScanner(  478): mp4 MEDIA_TYPE_AUDIO  hasAudio.
02-13 13:21:16.882 E/PVMediaScanner(  478): mp4 error hasAudio is (1),hasVideo is 1
02-13 13:21:16.882 E/PVMediaScanner(  478): mp4 MEDIA_TYPE_VISUAL  brand = 0
02-13 13:21:16.882 E/PVMediaScanner(  478): mp4 video/mp4 
02-13 13:21:16.882 E/MediaScanner(  478): mp4 drm  setMimeType mimeType is (video/mp4).
02-13 13:21:16.882 E/MediaScanner(  478): mp4 drm  setMimeType ret is (1).
02-13 13:21:16.882 D/KeyguardViewMediator(  206): setHidden false
02-13 13:21:16.892 E/PVMediaScanner(  478): mp4 result is 1 
02-13 13:21:16.902 D/KeyguardViewMediator(  206): setHidden false
02-13 13:21:16.912 D/KeyguardViewMediator(  206): setHidden false
02-13 13:21:16.932 W/MetadataRetrieverClient(  121): setDataSource(/mnt/sdcard/DCIM/100SSMED/SSPX0008.3G2)
02-13 13:21:16.932 D/MediaPlayerService(  121): get player type from url: /mnt/sdcard/DCIM/100SSMED/SSPX0008.3G2
02-13 13:21:16.932 D/MediaPlayerService(  121): drm EAS_Shutdown url: /mnt/sdcard/DCIM/100SSMED/SSPX0008.3G2
02-13 13:21:16.932 D/KeyguardViewMediator(  206): setHidden false
02-13 13:21:16.932 D/MediaPlayerService(  121): extension = .sp-midi
02-13 13:21:16.932 D/MediaPlayerService(  121): extension = .spmid
02-13 13:21:16.932 D/MediaPlayerService(  121): extension = .mid
02-13 13:21:16.932 D/MediaPlayerService(  121): extension = .midi
02-13 13:21:16.932 D/MediaPlayerService(  121): extension = .smf
02-13 13:21:16.932 D/MediaPlayerService(  121): extension = .xmf
02-13 13:21:16.932 D/MediaPlayerService(  121): extension = .imy
02-13 13:21:16.932 D/MediaPlayerService(  121): extension = .imelody
02-13 13:21:16.932 D/MediaPlayerService(  121): extension = .rtttl
02-13 13:21:16.932 D/MediaPlayerService(  121): extension = .rtx
02-13 13:21:16.932 D/MediaPlayerService(  121): extension = .ota
02-13 13:21:16.932 D/MediaPlayerService(  121): extension = .ogg
02-13 13:21:16.932 D/MediaPlayerService(  121): extension = .oga
02-13 13:21:16.932 D/MediaPlayerService(  121): extension = .amr
02-13 13:21:16.932 D/MediaPlayerService(  121): extension = .wma
02-13 13:21:16.932 D/MediaPlayerService(  121): extension = .wmv
02-13 13:21:16.932 D/MediaPlayerService(  121): extension = .asf
02-13 13:21:16.932 D/MediaPlayerService(  121): extension = .3g2
02-13 13:21:16.932 I/MediaScanner(  478): doScanFile the temppath: /mnt/sdcard/DCIM/100SSMED/SSPX0011.JPG
02-13 13:21:16.952 D/KeyguardViewMediator(  206): setHidden false
02-13 13:21:16.963 D/KeyguardViewMediator(  206): setHidden false
02-13 13:21:16.983 D/KeyguardViewMediator(  206): setHidden false
02-13 13:21:16.993 E/SW_DEC  (  121): PV SW DECODER is used for MPEG4
02-13 13:21:16.993 D/KeyguardViewMediator(  206): setHidden false
02-13 13:21:17.003 E/MetadataRetrieverClient(  121): failed to capture a video frame
02-13 13:21:17.003 E/MediaMetadataRetrieverJNI(  478): getFrameAtTime: videoFrame is a NULL pointer
02-13 13:21:17.013 W/MediaThumbRequest(  478): Can't create mini thumbnail for /mnt/sdcard/DCIM/100SSMED/SSPX0008.3G2
02-13 13:21:17.013 D/KeyguardViewMediator(  206): setHidden false
02-13 13:21:17.033 D/KeyguardViewMediator(  206): setHidden false
02-13 13:21:17.043 D/KeyguardViewMediator(  206): setHidden false
02-13 13:21:17.063 D/KeyguardViewMediator(  206): setHidden false
02-13 13:21:17.073 D/KeyguardViewMediator(  206): setHidden false
02-13 13:21:17.093 D/KeyguardViewMediator(  206): setHidden false
02-13 13:21:17.093 D/KeyguardViewMediator(  206): setHidden false
02-13 13:21:17.103 D/KeyguardViewMediator(  206): setHidden false
02-13 13:21:17.113 D/KeyguardViewMediator(  206): setHidden false
02-13 13:21:17.113 D/KeyguardViewMediator(  206): setHidden false
02-13 13:21:17.123 D/KeyguardViewMediator(  206): setHidden false
02-13 13:21:17.143 I/MediaScanner(  478): doScanFile the temppath: /mnt/sdcard/DCIM/100SSMED/SSPX0012.JPG
02-13 13:21:17.253 I/MediaScanner(  478): doScanFile the temppath: /mnt/sdcard/DCIM/100SSMED/SSPX0009.3G2
02-13 13:21:17.253 E/PVMediaScanner(  478): processFile /mnt/sdcard/DCIM/100SSMED/SSPX0009.3G2 mimeType: (null)
02-13 13:21:17.253 E/PVMediaScanner(  478): Start to test wheater the file is drm file = /mnt/sdcard/DCIM/100SSMED/SSPX0009.3G2
02-13 13:21:17.273 E/PVMediaScanner(  478): Start pfnDrmAPI_IsProtectedFile is good result =0
02-13 13:21:17.273 E/PVMediaScanner(  478): File is not a drm file.
02-13 13:21:17.273 E/PVMediaScanner(  478): parseMP4::parseMP4 returned
02-13 13:21:17.293 E/PVMediaScanner(  478): mp4 error code is (95).
02-13 13:21:17.293 E/PVMediaScanner(  478): mp4 drm brand is (862401121).
02-13 13:21:17.293 E/PVMediaScanner(  478): mp4 drm count is (2).
02-13 13:21:17.293 E/PVMediaScanner(  478): mp4 MEDIA_TYPE_VISUAL  hasVideo.
02-13 13:21:17.293 E/PVMediaScanner(  478): mp4 MEDIA_TYPE_AUDIO  hasAudio.
02-13 13:21:17.293 E/PVMediaScanner(  478): mp4 error hasAudio is (1),hasVideo is 1
02-13 13:21:17.293 E/PVMediaScanner(  478): mp4 MEDIA_TYPE_VISUAL  brand = 0
02-13 13:21:17.293 E/PVMediaScanner(  478): mp4 video/mp4 
02-13 13:21:17.293 E/MediaScanner(  478): mp4 drm  setMimeType mimeType is (video/mp4).
02-13 13:21:17.293 E/MediaScanner(  478): mp4 drm  setMimeType ret is (1).
02-13 13:21:17.333 E/PVMediaScanner(  478): mp4 result is 1 
02-13 13:21:17.383 I/MediaScanner(  478): doScanFile the temppath: /mnt/sdcard/DCIM/100SSMED/SSPX0010.3G2
02-13 13:21:17.383 E/PVMediaScanner(  478): processFile /mnt/sdcard/DCIM/100SSMED/SSPX0010.3G2 mimeType: (null)
02-13 13:21:17.383 E/PVMediaScanner(  478): Start to test wheater the file is drm file = /mnt/sdcard/DCIM/100SSMED/SSPX0010.3G2
02-13 13:21:17.393 E/PVMediaScanner(  478): Start pfnDrmAPI_IsProtectedFile is good result =0
02-13 13:21:17.393 E/PVMediaScanner(  478): File is not a drm file.
02-13 13:21:17.393 E/PVMediaScanner(  478): parseMP4::parseMP4 returned
02-13 13:21:17.393 E/PVMediaScanner(  478): mp4 error code is (95).
02-13 13:21:17.393 E/PVMediaScanner(  478): mp4 drm brand is (862401121).
02-13 13:21:17.393 E/PVMediaScanner(  478): mp4 drm count is (2).
02-13 13:21:17.393 E/PVMediaScanner(  478): mp4 MEDIA_TYPE_VISUAL  hasVideo.
02-13 13:21:17.393 E/PVMediaScanner(  478): mp4 MEDIA_TYPE_AUDIO  hasAudio.
02-13 13:21:17.393 E/PVMediaScanner(  478): mp4 error hasAudio is (1),hasVideo is 1
02-13 13:21:17.393 E/PVMediaScanner(  478): mp4 MEDIA_TYPE_VISUAL  brand = 0
02-13 13:21:17.393 E/PVMediaScanner(  478): mp4 video/mp4 
02-13 13:21:17.393 E/MediaScanner(  478): mp4 drm  setMimeType mimeType is (video/mp4).
02-13 13:21:17.393 E/MediaScanner(  478): mp4 drm  setMimeType ret is (1).
02-13 13:21:17.393 E/PVMediaScanner(  478): mp4 result is 1 
02-13 13:21:17.553 I/MediaScanner(  478): doScanFile the temppath: /mnt/sdcard/DCIM/100SSMED/SSPX0013.JPG
02-13 13:21:17.613 I/SmartDialerActivity(  402): Enter onInterceptTouchEvent 0x=298.18182y=146.53412
02-13 13:21:17.613 I/SmartDialerActivity(  402): Enter onInterceptTouchEvent 2x=297.19006y=146.20331
02-13 13:21:17.653 I/SmartDialerActivity(  402): Enter onInterceptTouchEvent 2x=297.52066y=145.5417
02-13 13:21:17.673 I/SmartDialerActivity(  402): Enter onInterceptTouchEvent 2x=298.5124y=145.21089
02-13 13:21:17.683 I/MediaScanner(  478): doScanFile the temppath: /mnt/sdcard/DCIM/100SSMED/SSPX0014.JPG
02-13 13:21:17.693 I/SmartDialerActivity(  402): Enter onInterceptTouchEvent 2x=299.50412y=144.88008
02-13 13:21:17.703 I/SmartDialerActivity(  402): Enter onInterceptTouchEvent 2x=301.4876y=143.88766
02-13 13:21:17.713 I/SmartDialerActivity(  402): Enter onInterceptTouchEvent 1x=303.1405y=143.22606
02-13 13:21:17.713 D/SmartDialerActivity(  402): keyPressed67
02-13 13:21:17.713 D/SmartDialerActivity(  402): afterTextChanged
02-13 13:21:17.713 D/SmartDialerActivity(  402): updateAddtoContactsButtonEnabledStatetrue
02-13 13:21:17.713 D/SmartDialerActivity(  402): getDelayTime = 0
02-13 13:21:17.713 D/SmartDialerActivity(  402): afterTextChanged
02-13 13:21:17.713 D/SmartDialerActivity(  402): updateAddtoContactsButtonEnabledStatetrue
02-13 13:21:17.713 D/SmartDialerActivity(  402): getDelayTime = 0
02-13 13:21:17.733 I/ContactAccessorSdk5(  402): Phone.CONTENT_FILTER_URI = content://com.android.contacts/data/phones/filter
02-13 13:21:17.733 I/ContactAccessorSdk5(  402): recalculate number = *983*7
02-13 13:21:17.733 I/ContactAccessorSdk5(  402): recalculate filterName = [*][9WXYZ][8TUV][3DEF][*][7PQRS]
02-13 13:21:17.733 I/ContactAccessorSdk5(  402): recalculate reversed = 7*389*
02-13 13:21:17.733 I/ContactAccessorSdk5(  402): mQueryHandler = Handler{40570df8}
02-13 13:21:17.733 W/CallLogProvider(  402): query: match = 4
02-13 13:21:17.733 D/CallLogProvider(  402): DIALER_CALLS
02-13 13:21:17.743 I/ContactsProvider(  402): query: content://com.android.contacts/contacts/dailkey_filter/*983*7
02-13 13:21:17.743 I/ContactsProvider(  402): query isCallerRegistered= true
02-13 13:21:17.743 I/ContactsProvider(  402): query forOnlyOneContactString= 0
02-13 13:21:17.743 D/ContactsProvider(  402):  query in DIALKEY_FILTER
02-13 13:21:17.743 I/ContactsProvider(  402): reversed number=7*389*
02-13 13:21:17.743 I/ContactsProvider(  402): original sortOrder = sort_key
02-13 13:21:17.743 I/ContactsProvider(  402): changed sortOrder = REPLACE(dialer_number_header,' ','') GLOB '*983*7*' DESC, REPLACE(dialer_number_full,' ','') GLOB '*983*7*' DESC, sort_key
02-13 13:21:17.743 I/ContactAccessorSdk5(  402): mergeCursor.getCount = 0
02-13 13:21:17.743 I/ContactAccessorSdk5(  402): activity.myAdapter = com.android.contacts.smartdialer.contactsAdapter@4063cbb8
02-13 13:21:17.803 I/MediaScanner(  478): doScanFile the temppath: /mnt/sdcard/DCIM/100SSMED/SSPX0015.JPG
02-13 13:21:17.823 I/SmartDialerActivity(  402): Enter onInterceptTouchEvent 0x=302.14874y=141.57202
02-13 13:21:17.833 I/V3Client(  341): HTTP resp: 200 OK
02-13 13:21:17.843 I/SmartDialerActivity(  402): Enter onInterceptTouchEvent 2x=300.82645y=141.90283
02-13 13:21:17.853 I/SmartDialerActivity(  402): Enter onInterceptTouchEvent 2x=299.17355y=142.56444
02-13 13:21:17.863 I/SmartDialerActivity(  402): Enter onInterceptTouchEvent 2x=298.18182y=142.89525
02-13 13:21:17.883 I/SmartDialerActivity(  402): Enter onInterceptTouchEvent 2x=296.8595y=143.88766
02-13 13:21:17.883 I/V3Client(  341): HTTP req: GET https://sparkle.locationlabs.com/client/v2/settings
02-13 13:21:17.903 I/SmartDialerActivity(  402): Enter onInterceptTouchEvent 2x=296.8595y=144.21848
02-13 13:21:17.923 I/SmartDialerActivity(  402): Enter onInterceptTouchEvent 2x=298.5124y=143.22606
02-13 13:21:17.933 I/MediaScanner(  478): doScanFile the temppath: /mnt/sdcard/DCIM/100SSMED/SSPX0016.JPG
02-13 13:21:17.943 I/SmartDialerActivity(  402): Enter onInterceptTouchEvent 1x=300.49585y=142.23364
02-13 13:21:17.943 D/SmartDialerActivity(  402): keyPressed67
02-13 13:21:17.943 D/SmartDialerActivity(  402): afterTextChanged
02-13 13:21:17.943 D/SmartDialerActivity(  402): updateAddtoContactsButtonEnabledStatetrue
02-13 13:21:17.943 D/SmartDialerActivity(  402): getDelayTime = 0
02-13 13:21:17.943 I/ContactAccessorSdk5(  402): Phone.CONTENT_FILTER_URI = content://com.android.contacts/data/phones/filter
02-13 13:21:17.943 I/ContactAccessorSdk5(  402): recalculate number = *983*
02-13 13:21:17.943 I/ContactAccessorSdk5(  402): recalculate filterName = [*][9WXYZ][8TUV][3DEF][*]
02-13 13:21:17.943 I/ContactAccessorSdk5(  402): recalculate reversed = *389*
02-13 13:21:17.943 I/ContactAccessorSdk5(  402): mQueryHandler = Handler{40570df8}
02-13 13:21:17.943 W/CallLogProvider(  402): query: match = 4
02-13 13:21:17.943 D/CallLogProvider(  402): DIALER_CALLS
02-13 13:21:17.953 I/ContactsProvider(  402): query: content://com.android.contacts/contacts/dailkey_filter/*983*
02-13 13:21:17.953 I/ContactsProvider(  402): query isCallerRegistered= true
02-13 13:21:17.953 I/ContactsProvider(  402): query forOnlyOneContactString= 0
02-13 13:21:17.953 D/ContactsProvider(  402):  query in DIALKEY_FILTER
02-13 13:21:17.953 I/ContactsProvider(  402): reversed number=*389*
02-13 13:21:17.953 I/ContactsProvider(  402): original sortOrder = sort_key
02-13 13:21:17.953 I/ContactsProvider(  402): changed sortOrder = REPLACE(dialer_number_header,' ','') GLOB '*983**' DESC, REPLACE(dialer_number_full,' ','') GLOB '*983**' DESC, sort_key
02-13 13:21:17.953 I/ContactAccessorSdk5(  402): mergeCursor.getCount = 0
02-13 13:21:17.953 I/ContactAccessorSdk5(  402): activity.myAdapter = com.android.contacts.smartdialer.contactsAdapter@4063cbb8
02-13 13:21:18.094 I/MediaScanner(  478): doScanFile the temppath: /mnt/sdcard/DCIM/100SSMED/SSPX0017.3G2
02-13 13:21:18.094 E/PVMediaScanner(  478): processFile /mnt/sdcard/DCIM/100SSMED/SSPX0017.3G2 mimeType: (null)
02-13 13:21:18.094 E/PVMediaScanner(  478): Start to test wheater the file is drm file = /mnt/sdcard/DCIM/100SSMED/SSPX0017.3G2
02-13 13:21:18.094 E/PVMediaScanner(  478): Start pfnDrmAPI_IsProtectedFile is good result =0
02-13 13:21:18.094 E/PVMediaScanner(  478): File is not a drm file.
02-13 13:21:18.094 E/PVMediaScanner(  478): parseMP4::parseMP4 returned
02-13 13:21:18.094 E/PVMediaScanner(  478): mp4 error code is (95).
02-13 13:21:18.094 E/PVMediaScanner(  478): mp4 drm brand is (862401121).
02-13 13:21:18.094 E/PVMediaScanner(  478): mp4 drm count is (2).
02-13 13:21:18.094 E/PVMediaScanner(  478): mp4 MEDIA_TYPE_VISUAL  hasVideo.
02-13 13:21:18.094 E/PVMediaScanner(  478): mp4 MEDIA_TYPE_AUDIO  hasAudio.
02-13 13:21:18.094 E/PVMediaScanner(  478): mp4 error hasAudio is (1),hasVideo is 1
02-13 13:21:18.094 E/PVMediaScanner(  478): mp4 MEDIA_TYPE_VISUAL  brand = 0
02-13 13:21:18.094 E/PVMediaScanner(  478): mp4 video/mp4 
02-13 13:21:18.094 E/MediaScanner(  478): mp4 drm  setMimeType mimeType is (video/mp4).
02-13 13:21:18.094 E/MediaScanner(  478): mp4 drm  setMimeType ret is (1).
02-13 13:21:18.094 E/PVMediaScanner(  478): mp4 result is 1 
02-13 13:21:18.254 I/MediaScanner(  478): doScanFile the temppath: /mnt/sdcard/DCIM/100SSMED/SSPX0018.JPG
02-13 13:21:18.334 I/MediaScanner(  478): doScanFile the temppath: /mnt/sdcard/DCIM/100SSMED/SSPX0019.JPG
02-13 13:21:18.494 I/MediaScanner(  478): doScanFile the temppath: /mnt/sdcard/DCIM/100SSMED/SSPX0020.JPG
02-13 13:21:18.524 W/MetadataRetrieverClient(  121): setDataSource(/mnt/sdcard/DCIM/100SSMED/SSPX0009.3G2)
02-13 13:21:18.524 D/MediaPlayerService(  121): get player type from url: /mnt/sdcard/DCIM/100SSMED/SSPX0009.3G2
02-13 13:21:18.524 D/MediaPlayerService(  121): drm EAS_Shutdown url: /mnt/sdcard/DCIM/100SSMED/SSPX0009.3G2
02-13 13:21:18.524 D/MediaPlayerService(  121): extension = .sp-midi
02-13 13:21:18.524 D/MediaPlayerService(  121): extension = .spmid
02-13 13:21:18.524 D/MediaPlayerService(  121): extension = .mid
02-13 13:21:18.524 D/MediaPlayerService(  121): extension = .midi
02-13 13:21:18.524 D/MediaPlayerService(  121): extension = .smf
02-13 13:21:18.524 D/MediaPlayerService(  121): extension = .xmf
02-13 13:21:18.524 D/MediaPlayerService(  121): extension = .imy
02-13 13:21:18.524 D/MediaPlayerService(  121): extension = .imelody
02-13 13:21:18.524 D/MediaPlayerService(  121): extension = .rtttl
02-13 13:21:18.524 D/MediaPlayerService(  121): extension = .rtx
02-13 13:21:18.524 D/MediaPlayerService(  121): extension = .ota
02-13 13:21:18.524 D/MediaPlayerService(  121): extension = .ogg
02-13 13:21:18.524 D/MediaPlayerService(  121): extension = .oga
02-13 13:21:18.524 D/MediaPlayerService(  121): extension = .amr
02-13 13:21:18.524 D/MediaPlayerService(  121): extension = .wma
02-13 13:21:18.524 D/MediaPlayerService(  121): extension = .wmv
02-13 13:21:18.524 D/MediaPlayerService(  121): extension = .asf
02-13 13:21:18.524 D/MediaPlayerService(  121): extension = .3g2
02-13 13:21:18.554 E/SW_DEC  (  121): PV SW DECODER is used for MPEG4
02-13 13:21:18.564 E/MetadataRetrieverClient(  121): failed to capture a video frame
02-13 13:21:18.564 E/MediaMetadataRetrieverJNI(  478): getFrameAtTime: videoFrame is a NULL pointer
02-13 13:21:18.564 W/MediaThumbRequest(  478): Can't create mini thumbnail for /mnt/sdcard/DCIM/100SSMED/SSPX0009.3G2
02-13 13:21:18.564 W/MetadataRetrieverClient(  121): setDataSource(/mnt/sdcard/DCIM/100SSMED/SSPX0010.3G2)
02-13 13:21:18.564 D/MediaPlayerService(  121): get player type from url: /mnt/sdcard/DCIM/100SSMED/SSPX0010.3G2
02-13 13:21:18.564 D/MediaPlayerService(  121): drm EAS_Shutdown url: /mnt/sdcard/DCIM/100SSMED/SSPX0010.3G2
02-13 13:21:18.564 D/MediaPlayerService(  121): extension = .sp-midi
02-13 13:21:18.564 D/MediaPlayerService(  121): extension = .spmid
02-13 13:21:18.564 D/MediaPlayerService(  121): extension = .mid
02-13 13:21:18.564 D/MediaPlayerService(  121): extension = .midi
02-13 13:21:18.564 D/MediaPlayerService(  121): extension = .smf
02-13 13:21:18.564 D/MediaPlayerService(  121): extension = .xmf
02-13 13:21:18.564 D/MediaPlayerService(  121): extension = .imy
02-13 13:21:18.564 D/MediaPlayerService(  121): extension = .imelody
02-13 13:21:18.564 D/MediaPlayerService(  121): extension = .rtttl
02-13 13:21:18.564 D/MediaPlayerService(  121): extension = .rtx
02-13 13:21:18.564 D/MediaPlayerService(  121): extension = .ota
02-13 13:21:18.564 D/MediaPlayerService(  121): extension = .ogg
02-13 13:21:18.564 D/MediaPlayerService(  121): extension = .oga
02-13 13:21:18.564 D/MediaPlayerService(  121): extension = .amr
02-13 13:21:18.564 D/MediaPlayerService(  121): extension = .wma
02-13 13:21:18.564 D/MediaPlayerService(  121): extension = .wmv
02-13 13:21:18.564 D/MediaPlayerService(  121): extension = .asf
02-13 13:21:18.564 D/MediaPlayerService(  121): extension = .3g2
02-13 13:21:18.604 I/MediaScanner(  478): doScanFile the temppath: /mnt/sdcard/DCIM/100SSMED/SSPX0021.3G2
02-13 13:21:18.604 E/PVMediaScanner(  478): processFile /mnt/sdcard/DCIM/100SSMED/SSPX0021.3G2 mimeType: (null)
02-13 13:21:18.604 E/PVMediaScanner(  478): Start to test wheater the file is drm file = /mnt/sdcard/DCIM/100SSMED/SSPX0021.3G2
02-13 13:21:18.604 E/PVMediaScanner(  478): Start pfnDrmAPI_IsProtectedFile is good result =0
02-13 13:21:18.604 E/PVMediaScanner(  478): File is not a drm file.
02-13 13:21:18.604 E/PVMediaScanner(  478): parseMP4::parseMP4 returned
02-13 13:21:18.604 E/SW_DEC  (  121): PV SW DECODER is used for MPEG4
02-13 13:21:18.614 E/MetadataRetrieverClient(  121): failed to capture a video frame
02-13 13:21:18.614 E/MediaMetadataRetrieverJNI(  478): getFrameAtTime: videoFrame is a NULL pointer
02-13 13:21:18.614 W/MediaThumbRequest(  478): Can't create mini thumbnail for /mnt/sdcard/DCIM/100SSMED/SSPX0010.3G2
02-13 13:21:18.624 E/PVMediaScanner(  478): mp4 error code is (95).
02-13 13:21:18.624 E/PVMediaScanner(  478): mp4 drm brand is (862401121).
02-13 13:21:18.624 E/PVMediaScanner(  478): mp4 drm count is (2).
02-13 13:21:18.624 E/PVMediaScanner(  478): mp4 MEDIA_TYPE_VISUAL  hasVideo.
02-13 13:21:18.624 E/PVMediaScanner(  478): mp4 MEDIA_TYPE_AUDIO  hasAudio.
02-13 13:21:18.624 E/PVMediaScanner(  478): mp4 error hasAudio is (1),hasVideo is 1
02-13 13:21:18.624 E/PVMediaScanner(  478): mp4 MEDIA_TYPE_VISUAL  brand = 0
02-13 13:21:18.624 E/PVMediaScanner(  478): mp4 video/mp4 
02-13 13:21:18.624 E/MediaScanner(  478): mp4 drm  setMimeType mimeType is (video/mp4).
02-13 13:21:18.624 E/MediaScanner(  478): mp4 drm  setMimeType ret is (1).
02-13 13:21:18.624 E/PVMediaScanner(  478): mp4 result is 1 
02-13 13:21:18.684 I/MediaScanner(  478): doScanFile the temppath: /mnt/sdcard/DCIM/100SSMED/SSPX0022.JPG
02-13 13:21:18.764 I/MediaScanner(  478): doScanFile the temppath: /mnt/sdcard/DCIM/100SSMED/SSPX0023.JPG
02-13 13:21:18.954 I/MediaScanner(  478): doScanFile the temppath: /mnt/sdcard/DCIM/100SSMED/SSPX0024.JPG
02-13 13:21:19.085 I/V3Client(  341): HTTP resp: 200 OK
02-13 13:21:20.186 I/SmartDialerActivity(  402): Enter onInterceptTouchEvent 0x=169.2562y=225.92764
02-13 13:21:20.206 I/SmartDialerActivity(  402): Enter onInterceptTouchEvent 2x=169.91736y=226.25845
02-13 13:21:20.226 I/SmartDialerActivity(  402): Enter onInterceptTouchEvent 2x=171.90082y=226.58926
02-13 13:21:20.236 I/SmartDialerActivity(  402): Enter onInterceptTouchEvent 1x=172.89256y=225.92764
02-13 13:21:20.236 D/ToneGenerator(  402): startTone
02-13 13:21:20.236 D/AudioTrack(  402): start 0x4881c0
02-13 13:21:20.236 D/AudioFlinger(  121): start(4099), calling thread 402 session 21
02-13 13:21:20.236 D/SmartDialerActivity(  402): keyPressed12
02-13 13:21:20.236 D/SmartDialerActivity(  402): afterTextChanged
02-13 13:21:20.236 D/SmartDialerActivity(  402): updateAddtoContactsButtonEnabledStatetrue
02-13 13:21:20.236 D/SmartDialerActivity(  402): getDelayTime = 0
02-13 13:21:20.236 D/SmartDialerActivity(  402): afterTextChanged
02-13 13:21:20.236 D/SmartDialerActivity(  402): updateAddtoContactsButtonEnabledStatetrue
02-13 13:21:20.236 D/SmartDialerActivity(  402): getDelayTime = 0
02-13 13:21:20.256 D/AudioHardwareMSM7X30(  121): value of device and enable is 2 1 ALSA dev id:3
02-13 13:21:20.256 I/ContactAccessorSdk5(  402): Phone.CONTENT_FILTER_URI = content://com.android.contacts/data/phones/filter
02-13 13:21:20.256 I/ContactAccessorSdk5(  402): recalculate number = *983*5
02-13 13:21:20.256 I/ContactAccessorSdk5(  402): recalculate filterName = [*][9WXYZ][8TUV][3DEF][*][5JKL]
02-13 13:21:20.256 I/ContactAccessorSdk5(  402): recalculate reversed = 5*389*
02-13 13:21:20.256 I/ContactAccessorSdk5(  402): mQueryHandler = Handler{40570df8}
02-13 13:21:20.256 W/CallLogProvider(  402): query: match = 4
02-13 13:21:20.256 D/CallLogProvider(  402): DIALER_CALLS
02-13 13:21:20.266 I/ContactsProvider(  402): query: content://com.android.contacts/contacts/dailkey_filter/*983*5
02-13 13:21:20.266 I/ContactsProvider(  402): query isCallerRegistered= true
02-13 13:21:20.266 I/ContactsProvider(  402): query forOnlyOneContactString= 0
02-13 13:21:20.266 D/ContactsProvider(  402):  query in DIALKEY_FILTER
02-13 13:21:20.266 I/ContactsProvider(  402): reversed number=5*389*
02-13 13:21:20.266 I/ContactsProvider(  402): original sortOrder = sort_key
02-13 13:21:20.266 I/ContactsProvider(  402): changed sortOrder = REPLACE(dialer_number_header,' ','') GLOB '*983*5*' DESC, REPLACE(dialer_number_full,' ','') GLOB '*983*5*' DESC, sort_key
02-13 13:21:20.276 I/ContactAccessorSdk5(  402): mergeCursor.getCount = 0
02-13 13:21:20.276 I/ContactAccessorSdk5(  402): activity.myAdapter = com.android.contacts.smartdialer.contactsAdapter@4063cbb8
02-13 13:21:20.326 D/AudioHardwareMSM7X30(  121): msm_route_stream(PCM_PLAY,5,3,1)
02-13 13:21:20.366 D/AudioTrack(  402): stop 0x4881c0
02-13 13:21:20.366 D/AudioFlinger(  121): stop(4099), calling thread 402
02-13 13:21:20.446 I/SmartDialerActivity(  402): Enter onInterceptTouchEvent 0x=267.43802y=222.61957
02-13 13:21:20.466 I/SmartDialerActivity(  402): Enter onInterceptTouchEvent 2x=264.4628y=222.61957
02-13 13:21:20.556 I/SmartDialerActivity(  402): Enter onInterceptTouchEvent 2x=261.81818y=225.59683
02-13 13:21:20.566 I/SmartDialerActivity(  402): Enter onInterceptTouchEvent 1x=261.157y=229.5665
02-13 13:21:20.566 D/ToneGenerator(  402): startTone
02-13 13:21:20.566 D/AudioTrack(  402): start 0x4881c0
02-13 13:21:20.566 D/AudioFlinger(  121): start(4099), calling thread 402 session 21
02-13 13:21:20.566 D/SmartDialerActivity(  402): keyPressed13
02-13 13:21:20.566 D/SmartDialerActivity(  402): afterTextChanged
02-13 13:21:20.566 D/SmartDialerActivity(  402): updateAddtoContactsButtonEnabledStatetrue
02-13 13:21:20.566 D/SmartDialerActivity(  402): getDelayTime = 0
02-13 13:21:20.566 D/SmartDialerActivity(  402): afterTextChanged
02-13 13:21:20.566 D/SmartDialerActivity(  402): updateAddtoContactsButtonEnabledStatetrue
02-13 13:21:20.566 D/SmartDialerActivity(  402): getDelayTime = 0
02-13 13:21:20.576 I/ContactAccessorSdk5(  402): Phone.CONTENT_FILTER_URI = content://com.android.contacts/data/phones/filter
02-13 13:21:20.576 I/ContactAccessorSdk5(  402): recalculate number = *983*56
02-13 13:21:20.576 I/ContactAccessorSdk5(  402): recalculate filterName = [*][9WXYZ][8TUV][3DEF][*][5JKL][6MNO]
02-13 13:21:20.576 I/ContactAccessorSdk5(  402): recalculate reversed = 65*389*
02-13 13:21:20.576 I/ContactAccessorSdk5(  402): mQueryHandler = Handler{40570df8}
02-13 13:21:20.576 W/CallLogProvider(  402): query: match = 4
02-13 13:21:20.576 D/CallLogProvider(  402): DIALER_CALLS
02-13 13:21:20.576 I/ContactsProvider(  402): query: content://com.android.contacts/contacts/dailkey_filter/*983*56
02-13 13:21:20.576 I/ContactsProvider(  402): query isCallerRegistered= true
02-13 13:21:20.576 I/ContactsProvider(  402): query forOnlyOneContactString= 0
02-13 13:21:20.576 D/ContactsProvider(  402):  query in DIALKEY_FILTER
02-13 13:21:20.576 I/ContactsProvider(  402): reversed number=65*389*
02-13 13:21:20.576 I/ContactsProvider(  402): original sortOrder = sort_key
02-13 13:21:20.576 I/ContactsProvider(  402): changed sortOrder = REPLACE(dialer_number_header,' ','') GLOB '*983*56*' DESC, REPLACE(dialer_number_full,' ','') GLOB '*983*56*' DESC, sort_key
02-13 13:21:20.586 I/ContactAccessorSdk5(  402): mergeCursor.getCount = 0
02-13 13:21:20.586 I/ContactAccessorSdk5(  402): activity.myAdapter = com.android.contacts.smartdialer.contactsAdapter@4063cbb8
02-13 13:21:20.666 D/AudioTrack(  402): stop 0x4881c0
02-13 13:21:20.666 D/AudioFlinger(  121): stop(4099), calling thread 402
02-13 13:21:21.557 D/GTalkService(  374): EVENT_GSERVICES_CHANGED: NO GTALK CONNECTION!
02-13 13:21:22.098 D/skia    (  206): purging 230K from font cache [28 entries]
02-13 13:21:22.148 I/SmartDialerActivity(  402): Enter onInterceptTouchEvent 0x=59.50413y=219.31152
02-13 13:21:22.168 I/SmartDialerActivity(  402): Enter onInterceptTouchEvent 2x=58.181816y=217.65747
02-13 13:21:22.178 I/V3Client(  341): Null data for Notification successful attempt already occured for this retry
02-13 13:21:22.208 I/SmartDialerActivity(  402): Enter onInterceptTouchEvent 2x=57.85124y=216.66507
02-13 13:21:22.278 I/SmartDialerActivity(  402): Enter onInterceptTouchEvent 1x=58.512394y=216.66507
02-13 13:21:22.278 D/ToneGenerator(  402): startTone
02-13 13:21:22.278 D/AudioTrack(  402): start 0x4881c0
02-13 13:21:22.278 D/AudioFlinger(  121): start(4099), calling thread 402 session 21
02-13 13:21:22.278 D/SmartDialerActivity(  402): keyPressed11
02-13 13:21:22.278 D/SmartDialerActivity(  402): afterTextChanged
02-13 13:21:22.288 D/SmartDialerActivity(  402): updateAddtoContactsButtonEnabledStatetrue
02-13 13:21:22.288 D/SmartDialerActivity(  402): getDelayTime = 0
02-13 13:21:22.288 D/SmartDialerActivity(  402): afterTextChanged
02-13 13:21:22.288 D/SmartDialerActivity(  402): updateAddtoContactsButtonEnabledStatetrue
02-13 13:21:22.288 D/SmartDialerActivity(  402): getDelayTime = 0
02-13 13:21:22.288 I/ContactAccessorSdk5(  402): Phone.CONTENT_FILTER_URI = content://com.android.contacts/data/phones/filter
02-13 13:21:22.288 I/ContactAccessorSdk5(  402): recalculate number = *983*564
02-13 13:21:22.288 I/ContactAccessorSdk5(  402): recalculate filterName = [*][9WXYZ][8TUV][3DEF][*][5JKL][6MNO][4GHI]
02-13 13:21:22.288 I/ContactAccessorSdk5(  402): recalculate reversed = 465*389*
02-13 13:21:22.288 I/ContactAccessorSdk5(  402): mQueryHandler = Handler{40570df8}
02-13 13:21:22.288 W/CallLogProvider(  402): query: match = 4
02-13 13:21:22.288 D/CallLogProvider(  402): DIALER_CALLS
02-13 13:21:22.298 I/ContactsProvider(  402): query: content://com.android.contacts/contacts/dailkey_filter/*983*564
02-13 13:21:22.298 I/ContactsProvider(  402): query isCallerRegistered= true
02-13 13:21:22.298 I/ContactsProvider(  402): query forOnlyOneContactString= 0
02-13 13:21:22.298 D/ContactsProvider(  402):  query in DIALKEY_FILTER
02-13 13:21:22.298 I/ContactsProvider(  402): reversed number=465*389*
02-13 13:21:22.298 I/ContactsProvider(  402): original sortOrder = sort_key
02-13 13:21:22.298 I/ContactsProvider(  402): changed sortOrder = REPLACE(dialer_number_header,' ','') GLOB '*983*564*' DESC, REPLACE(dialer_number_full,' ','') GLOB '*983*564*' DESC, sort_key
02-13 13:21:22.298 I/ContactAccessorSdk5(  402): mergeCursor.getCount = 0
02-13 13:21:22.298 I/ContactAccessorSdk5(  402): activity.myAdapter = com.android.contacts.smartdialer.contactsAdapter@4063cbb8
02-13 13:21:22.368 D/AudioTrack(  402): stop 0x4881c0
02-13 13:21:22.368 D/AudioFlinger(  121): stop(4099), calling thread 402
02-13 13:21:22.368 I/VoiceActionsFactory(  958): Applications list changed, recalculating supported actions
02-13 13:21:22.418 D/VoiceDialerReceiver(  604): onReceive Intent { act=android.intent.action.PACKAGE_CHANGED dat=package:com.google.android.gm flg=0x10000000 cmp=com.android.voicedialer/.VoiceDialerReceiver (has extras) }
02-13 13:21:22.468 I/SmartDialerActivity(  402): Enter onInterceptTouchEvent 0x=58.842976y=260.3315
02-13 13:21:22.498 I/SmartDialerActivity(  402): Enter onInterceptTouchEvent 2x=59.173553y=260.6623
02-13 13:21:22.518 I/SmartDialerActivity(  402): Enter onInterceptTouchEvent 2x=59.50413y=261.65472
02-13 13:21:22.528 I/SmartDialerActivity(  402): Enter onInterceptTouchEvent 2x=60.165287y=261.98553
02-13 13:21:22.538 I/SmartDialerActivity(  402): Enter onInterceptTouchEvent 2x=61.81818y=262.31635
02-13 13:21:22.558 I/SmartDialerActivity(  402): Enter onInterceptTouchEvent 2x=62.809917y=262.64716
02-13 13:21:22.578 I/SmartDialerActivity(  402): Enter onInterceptTouchEvent 1x=63.80165y=262.97794
02-13 13:21:22.578 D/ToneGenerator(  402): startTone
02-13 13:21:22.578 D/AudioTrack(  402): start 0x4881c0
02-13 13:21:22.578 D/AudioFlinger(  121): start(4099), calling thread 402 session 21
02-13 13:21:22.578 D/SmartDialerActivity(  402): keyPressed14
02-13 13:21:22.578 D/SmartDialerActivity(  402): afterTextChanged
02-13 13:21:22.578 D/SmartDialerActivity(  402): updateAddtoContactsButtonEnabledStatetrue
02-13 13:21:22.578 D/SmartDialerActivity(  402): getDelayTime = 0
02-13 13:21:22.578 D/SmartDialerActivity(  402): afterTextChanged
02-13 13:21:22.578 D/SmartDialerActivity(  402): updateAddtoContactsButtonEnabledStatetrue
02-13 13:21:22.578 D/SmartDialerActivity(  402): getDelayTime = 0
02-13 13:21:22.588 I/ContactAccessorSdk5(  402): Phone.CONTENT_FILTER_URI = content://com.android.contacts/data/phones/filter
02-13 13:21:22.588 I/ContactAccessorSdk5(  402): recalculate number = *983*5647
02-13 13:21:22.588 I/ContactAccessorSdk5(  402): recalculate filterName = [*][9WXYZ][8TUV][3DEF][*][5JKL][6MNO][4GHI][7PQRS]
02-13 13:21:22.588 I/ContactAccessorSdk5(  402): recalculate reversed = 7465*389*
02-13 13:21:22.588 I/ContactAccessorSdk5(  402): mQueryHandler = Handler{40570df8}
02-13 13:21:22.588 W/CallLogProvider(  402): query: match = 4
02-13 13:21:22.588 D/CallLogProvider(  402): DIALER_CALLS
02-13 13:21:22.588 I/ContactsProvider(  402): query: content://com.android.contacts/contacts/dailkey_filter/*983*5647
02-13 13:21:22.588 I/ContactsProvider(  402): query isCallerRegistered= true
02-13 13:21:22.588 I/ContactsProvider(  402): query forOnlyOneContactString= 0
02-13 13:21:22.588 D/ContactsProvider(  402):  query in DIALKEY_FILTER
02-13 13:21:22.598 I/ContactsProvider(  402): reversed number=7465*389*
02-13 13:21:22.598 I/ContactsProvider(  402): original sortOrder = sort_key
02-13 13:21:22.598 I/ContactsProvider(  402): changed sortOrder = REPLACE(dialer_number_header,' ','') GLOB '*983*5647*' DESC, REPLACE(dialer_number_full,' ','') GLOB '*983*5647*' DESC, sort_key
02-13 13:21:22.598 I/ContactAccessorSdk5(  402): mergeCursor.getCount = 0
02-13 13:21:22.598 I/ContactAccessorSdk5(  402): activity.myAdapter = com.android.contacts.smartdialer.contactsAdapter@4063cbb8
02-13 13:21:22.658 I/Launcher(  900): setLoadOnResume
02-13 13:21:22.668 D/AudioTrack(  402): stop 0x4881c0
02-13 13:21:22.668 D/AudioFlinger(  121): stop(4099), calling thread 402
02-13 13:21:23.589 I/V3Client(  341): Null data for Notification successful attempt already occured for this retry
02-13 13:21:23.599 I/V3Client(  341): HTTP req: GET https://sparkle.locationlabs.com/client/v2/settings
02-13 13:21:23.649 I/MediaScanner(  478): doScanFile the temppath: /mnt/sdcard/DCIM/100SSMED/SSPX0025.JPG
02-13 13:21:23.759 I/V3Client(  341): SMS type C received
02-13 13:21:23.789 I/V3Client(  341): handling control message code C
02-13 13:21:23.829 I/MediaScanner(  478): doScanFile the temppath: /mnt/sdcard/DCIM/100SSMED/SSPX0026.JPG
02-13 13:21:23.869 I/MediaScanner(  478): doScanFile the temppath: /mnt/sdcard/DCIM/100SSMED/SSPX0027.JPG
02-13 13:21:23.969 I/MediaScanner(  478): doScanFile the temppath: /mnt/sdcard/DCIM/100SSMED/SSPX0028.JPG
02-13 13:21:24.019 I/MediaScanner(  478): doScanFile the temppath: /mnt/sdcard/DCIM/100SSMED/SSPX0029.JPG
02-13 13:21:24.130 I/MediaScanner(  478): doScanFile the temppath: /mnt/sdcard/DCIM/100SSMED/SSPX0030.JPG
02-13 13:21:24.230 I/MediaScanner(  478): doScanFile the temppath: /mnt/sdcard/DCIM/100SSMED/SSPX0031.JPG
02-13 13:21:24.300 I/MediaScanner(  478): doScanFile the temppath: /mnt/sdcard/DCIM/100SSMED/SSPX0032.JPG
02-13 13:21:24.550 I/SmartDialerActivity(  402): Enter onInterceptTouchEvent 0x=262.8099y=182.2612
02-13 13:21:24.570 I/SmartDialerActivity(  402): Enter onInterceptTouchEvent 2x=262.8099y=183.58444
02-13 13:21:24.580 I/MediaScanner(  478): doScanFile the temppath: /mnt/sdcard/DCIM/100SSMED/SSPX0033.JPG
02-13 13:21:24.660 I/SmartDialerActivity(  402): Enter onInterceptTouchEvent 2x=263.47107y=184.57684
02-13 13:21:24.680 I/SmartDialerActivity(  402): Enter onInterceptTouchEvent 2x=263.80164y=184.90765
02-13 13:21:24.690 I/SmartDialerActivity(  402): Enter onInterceptTouchEvent 1x=263.47107y=185.90009
02-13 13:21:24.690 D/ToneGenerator(  402): startTone
02-13 13:21:24.690 D/AudioTrack(  402): start 0x4881c0
02-13 13:21:24.690 D/AudioFlinger(  121): start(4099), calling thread 402 session 21
02-13 13:21:24.690 D/SmartDialerActivity(  402): keyPressed10
02-13 13:21:24.690 D/SmartDialerActivity(  402): afterTextChanged
02-13 13:21:24.690 D/SmartDialerActivity(  402): updateAddtoContactsButtonEnabledStatetrue
02-13 13:21:24.690 D/SmartDialerActivity(  402): getDelayTime = 0
02-13 13:21:24.690 D/SmartDialerActivity(  402): afterTextChanged
02-13 13:21:24.690 D/SmartDialerActivity(  402): updateAddtoContactsButtonEnabledStatetrue
02-13 13:21:24.690 D/SmartDialerActivity(  402): getDelayTime = 0
02-13 13:21:24.710 I/ContactAccessorSdk5(  402): Phone.CONTENT_FILTER_URI = content://com.android.contacts/data/phones/filter
02-13 13:21:24.710 I/ContactAccessorSdk5(  402): recalculate number = *983*56473
02-13 13:21:24.710 I/ContactAccessorSdk5(  402): recalculate filterName = [*][9WXYZ][8TUV][3DEF][*][5JKL][6MNO][4GHI][7PQRS][3DEF]
02-13 13:21:24.710 I/ContactAccessorSdk5(  402): recalculate reversed = 37465*389*
02-13 13:21:24.710 I/ContactAccessorSdk5(  402): mQueryHandler = Handler{40570df8}
02-13 13:21:24.710 W/CallLogProvider(  402): query: match = 4
02-13 13:21:24.710 D/CallLogProvider(  402): DIALER_CALLS
02-13 13:21:24.720 I/ContactsProvider(  402): query: content://com.android.contacts/contacts/dailkey_filter/*983*56473
02-13 13:21:24.720 I/ContactsProvider(  402): query isCallerRegistered= true
02-13 13:21:24.720 I/ContactsProvider(  402): query forOnlyOneContactString= 0
02-13 13:21:24.720 D/ContactsProvider(  402):  query in DIALKEY_FILTER
02-13 13:21:24.720 I/ContactsProvider(  402): reversed number=37465*389*
02-13 13:21:24.720 I/ContactsProvider(  402): original sortOrder = sort_key
02-13 13:21:24.720 I/ContactsProvider(  402): changed sortOrder = REPLACE(dialer_number_header,' ','') GLOB '*983*56473*' DESC, REPLACE(dialer_number_full,' ','') GLOB '*983*56473*' DESC, sort_key
02-13 13:21:24.730 I/ContactAccessorSdk5(  402): mergeCursor.getCount = 0
02-13 13:21:24.730 I/ContactAccessorSdk5(  402): activity.myAdapter = com.android.contacts.smartdialer.contactsAdapter@4063cbb8
