02-13 14:00:16.734 D/WifiStateTracker(  206): setNotificationVisible() visible=false mNotificationShown=false force=false return.
02-13 14:00:16.744 D/NetworkStateTracker(  206): setDetailed state, old =SCANNING and new state=IDLE
02-13 14:00:17.725 E/MediaPlayer( 2404): getCurrentPosition sec = 443392
02-13 14:00:17.725 E/MediaPlayer( 2404): getDuration_l mDuration = 1296418
02-13 14:00:18.736 E/MediaPlayer( 2404): getCurrentPosition sec = 444353
02-13 14:00:18.736 E/MediaPlayer( 2404): getDuration_l mDuration = 1296418
02-13 14:00:19.727 E/MediaPlayer( 2404): getCurrentPosition sec = 445451
02-13 14:00:19.727 E/MediaPlayer( 2404): getDuration_l mDuration = 1296418
02-13 14:00:20.748 E/MediaPlayer( 2404): getCurrentPosition sec = 446411
02-13 14:00:20.748 E/MediaPlayer( 2404): getDuration_l mDuration = 1296418
02-13 14:00:21.749 E/MediaPlayer( 2404): getCurrentPosition sec = 447372
02-13 14:00:21.749 E/MediaPlayer( 2404): getDuration_l mDuration = 1296418
02-13 14:00:22.750 E/MediaPlayer( 2404): getCurrentPosition sec = 448470
02-13 14:00:22.750 E/MediaPlayer( 2404): getDuration_l mDuration = 1296418
02-13 14:00:23.761 E/MediaPlayer( 2404): getCurrentPosition sec = 449430
02-13 14:00:23.761 E/MediaPlayer( 2404): getDuration_l mDuration = 1296418
02-13 14:00:24.762 E/MediaPlayer( 2404): getCurrentPosition sec = 450528
02-13 14:00:24.762 E/MediaPlayer( 2404): getDuration_l mDuration = 1296418
02-13 14:00:25.773 E/MediaPlayer( 2404): getCurrentPosition sec = 451489
02-13 14:00:25.773 E/MediaPlayer( 2404): getDuration_l mDuration = 1296418
02-13 14:00:26.774 E/MediaPlayer( 2404): getCurrentPosition sec = 452450
02-13 14:00:26.774 E/MediaPlayer( 2404): getDuration_l mDuration = 1296418
02-13 14:00:27.775 E/MediaPlayer( 2404): getCurrentPosition sec = 453410
02-13 14:00:27.785 E/MediaPlayer( 2404): getDuration_l mDuration = 1296418
02-13 14:00:28.786 E/MediaPlayer( 2404): getCurrentPosition sec = 454508
02-13 14:00:28.786 E/MediaPlayer( 2404): getDuration_l mDuration = 1296418
02-13 14:00:29.797 E/MediaPlayer( 2404): getCurrentPosition sec = 455469
02-13 14:00:29.797 E/MediaPlayer( 2404): getDuration_l mDuration = 1296418
02-13 14:00:30.788 E/MediaPlayer( 2404): getCurrentPosition sec = 456429
02-13 14:00:30.788 E/MediaPlayer( 2404): getDuration_l mDuration = 1296418
02-13 14:00:31.749 I/wpa_supplicant(  304): State: INACTIVE -> SCANNING
02-13 14:00:31.749 I/wpa_supplicant(  304): CTRL-EVENT-STATE-CHANGE id=-1 state=2 BSSID=00:00:00:00:00:00
02-13 14:00:31.749 D/NetworkStateTracker(  206): setDetailed state, old =IDLE and new state=SCANNING
02-13 14:00:31.799 E/MediaPlayer( 2404): getCurrentPosition sec = 457527
02-13 14:00:31.799 E/MediaPlayer( 2404): getDuration_l mDuration = 1296418
02-13 14:00:32.730 I/dun_service(  130): process rmnet event
02-13 14:00:32.730 I/dun_service(  130): Post event 4
02-13 14:00:32.730 I/dun_service(  130): received event: DUN_EVENT_RMNET_UP 
02-13 14:00:32.730 I/dun_service(  130): received event(DUN_EVENT_RMNET_UP) in state(DUN_STATE_USB_UNPLUG)
02-13 14:00:32.730 I/dun_service(  130): Ignoring the event DUN_EVENT_RMNET_UP in USB_UNPLUG_STATE
02-13 14:00:32.730 I/dun_service(  130): Moved to state(DUN_STATE_USB_UNPLUG)
02-13 14:00:32.740 I/wpa_supplicant(  304): State: SCANNING -> INACTIVE
02-13 14:00:32.740 I/wpa_supplicant(  304): CTRL-EVENT-STATE-CHANGE id=-1 state=1 BSSID=00:00:00:00:00:00
02-13 14:00:32.740 D/WifiStateTracker(  206): setNotificationVisible() visible=false mNotificationShown=false force=false return.
02-13 14:00:32.740 D/NetworkStateTracker(  206): setDetailed state, old =SCANNING and new state=IDLE
02-13 14:00:32.810 E/MediaPlayer( 2404): getCurrentPosition sec = 458488
02-13 14:00:32.810 E/MediaPlayer( 2404): getDuration_l mDuration = 1296418
02-13 14:00:33.821 E/MediaPlayer( 2404): getCurrentPosition sec = 459448
02-13 14:00:33.821 E/MediaPlayer( 2404): getDuration_l mDuration = 1296418
02-13 14:00:34.822 E/MediaPlayer( 2404): getCurrentPosition sec = 460546
02-13 14:00:34.822 E/MediaPlayer( 2404): getDuration_l mDuration = 1296418
02-13 14:00:35.823 E/MediaPlayer( 2404): getCurrentPosition sec = 461507
02-13 14:00:35.823 E/MediaPlayer( 2404): getDuration_l mDuration = 1296418
02-13 14:00:36.494 D/DATA    (  331): [DSST(0)] pollstate() : reason = data network state changed
02-13 14:00:36.574 D/MobileDataStateTracker(  206): [hipri]  MobileDataStateReceiver onReceive(): Entry.
02-13 14:00:36.574 D/MobileDataStateTracker(  206): [hipri]  intent.getAction()= android.intent.action.SERVICE_STATE
02-13 14:00:36.574 D/MobileDataStateTracker(  206): [hipri]  mEnabled = true
02-13 14:00:36.574 D/MobileDataStateTracker(  206): [dun]  MobileDataStateReceiver onReceive(): Entry.
02-13 14:00:36.574 D/MobileDataStateTracker(  206): [dun]  intent.getAction()= android.intent.action.SERVICE_STATE
02-13 14:00:36.574 D/MobileDataStateTracker(  206): [dun]  mEnabled = false
02-13 14:00:36.574 D/MobileDataStateTracker(  206): [supl]  MobileDataStateReceiver onReceive(): Entry.
02-13 14:00:36.574 D/MobileDataStateTracker(  206): [supl]  intent.getAction()= android.intent.action.SERVICE_STATE
02-13 14:00:36.574 D/MobileDataStateTracker(  206): [supl]  mEnabled = false
02-13 14:00:36.584 D/MobileDataStateTracker(  206): [mms]  MobileDataStateReceiver onReceive(): Entry.
02-13 14:00:36.584 D/MobileDataStateTracker(  206): [mms]  intent.getAction()= android.intent.action.SERVICE_STATE
02-13 14:00:36.584 D/MobileDataStateTracker(  206): [mms]  mEnabled = false
02-13 14:00:36.584 D/MobileDataStateTracker(  206): [default]  MobileDataStateReceiver onReceive(): Entry.
02-13 14:00:36.584 D/MobileDataStateTracker(  206): [default]  intent.getAction()= android.intent.action.SERVICE_STATE
02-13 14:00:36.584 D/MobileDataStateTracker(  206): [default]  mEnabled = true
02-13 14:00:36.584 D/CallManager(  331):  handleMessage (EVENT_SERVICE_STATE_CHANGED)
02-13 14:00:36.584 E/BT HS/HF(  331): SERVICE_STATE_CHANGED called
02-13 14:00:36.584 E/BT HS/HF(  331): updateServiceState called, sendUpdate:false  ServiceState:0 home Sprint  310099  EvDo rev. A CSS not supported 41 4139RoamInd: 1RoamStatus(sprint): 1DefRoamInd: 160EmergOnly: false
02-13 14:00:36.584 E/BT HS/HF(  331): service:1 mService:1
02-13 14:00:36.594 D/DATA    (  331): [DSST(0)]  registrationState = 1  radioTechnology = 8 reasonForDenial = 0
02-13 14:00:36.594 D/DATA    (  331): [DSST(0)]  set mNewDataConnectionState = 0
02-13 14:00:36.594 D/DATA    (  331): [DSST(0)]  mNewDataConnectionState : 0  mDataConnectionState : 0
02-13 14:00:36.594 D/DATA    (  331): [DSST(0)] Poll ServiceState done: oldSS=[0 home null null null  EvDo rev. A CSS not supported -1 -1RoamInd: -1RoamStatus(sprint): -1DefRoamInd: -1EmergOnly: false] newSS=[0 home null null null  EvDo rev. A CSS not supported -1 -1RoamInd: -1RoamStatus(sprint): -1DefRoamInd: -1EmergOnly: false]
02-13 14:00:36.594 D/DATA    (  331): [DSST(0)]  mDataConnectionState = 0
02-13 14:00:36.614 D/Mms     ( 1781): currentRoamingStatus:1
02-13 14:00:36.834 E/MediaPlayer( 2404): getCurrentPosition sec = 462467
02-13 14:00:36.834 E/MediaPlayer( 2404): getDuration_l mDuration = 1296418
02-13 14:00:37.845 E/MediaPlayer( 2404): getCurrentPosition sec = 463565
02-13 14:00:37.845 E/MediaPlayer( 2404): getDuration_l mDuration = 1296418
02-13 14:00:38.846 E/MediaPlayer( 2404): getCurrentPosition sec = 464526
02-13 14:00:38.846 E/MediaPlayer( 2404): getDuration_l mDuration = 1296418
02-13 14:00:39.847 E/MediaPlayer( 2404): getCurrentPosition sec = 465486
02-13 14:00:39.847 E/MediaPlayer( 2404): getDuration_l mDuration = 1296418
02-13 14:00:40.858 E/MediaPlayer( 2404): getCurrentPosition sec = 466447
02-13 14:00:40.858 E/MediaPlayer( 2404): getDuration_l mDuration = 1296418
02-13 14:00:41.859 E/MediaPlayer( 2404): getCurrentPosition sec = 467545
02-13 14:00:41.859 E/MediaPlayer( 2404): getDuration_l mDuration = 1296418
02-13 14:00:42.870 E/MediaPlayer( 2404): getCurrentPosition sec = 468506
02-13 14:00:42.870 E/MediaPlayer( 2404): getDuration_l mDuration = 1296418
02-13 14:00:43.871 E/MediaPlayer( 2404): getCurrentPosition sec = 469603
02-13 14:00:43.871 E/MediaPlayer( 2404): getDuration_l mDuration = 1296418
02-13 14:00:44.872 E/MediaPlayer( 2404): getCurrentPosition sec = 470564
02-13 14:00:44.872 E/MediaPlayer( 2404): getDuration_l mDuration = 1296418
02-13 14:00:45.883 E/MediaPlayer( 2404): getCurrentPosition sec = 471525
02-13 14:00:45.883 E/MediaPlayer( 2404): getDuration_l mDuration = 1296418
02-13 14:00:46.884 E/MediaPlayer( 2404): getCurrentPosition sec = 472622
02-13 14:00:46.884 E/MediaPlayer( 2404): getDuration_l mDuration = 1296418
02-13 14:00:47.765 I/wpa_supplicant(  304): State: INACTIVE -> SCANNING
02-13 14:00:47.765 I/wpa_supplicant(  304): CTRL-EVENT-STATE-CHANGE id=-1 state=2 BSSID=00:00:00:00:00:00
02-13 14:00:47.775 D/NetworkStateTracker(  206): setDetailed state, old =IDLE and new state=SCANNING
02-13 14:00:47.885 E/MediaPlayer( 2404): getCurrentPosition sec = 473583
02-13 14:00:47.885 E/MediaPlayer( 2404): getDuration_l mDuration = 1296418
02-13 14:00:48.736 I/dun_service(  130): process rmnet event
02-13 14:00:48.736 I/dun_service(  130): Post event 4
02-13 14:00:48.746 I/dun_service(  130): received event: DUN_EVENT_RMNET_UP 
02-13 14:00:48.746 I/dun_service(  130): received event(DUN_EVENT_RMNET_UP) in state(DUN_STATE_USB_UNPLUG)
02-13 14:00:48.746 I/dun_service(  130): Ignoring the event DUN_EVENT_RMNET_UP in USB_UNPLUG_STATE
02-13 14:00:48.746 I/dun_service(  130): Moved to state(DUN_STATE_USB_UNPLUG)
02-13 14:00:48.746 I/wpa_supplicant(  304): State: SCANNING -> INACTIVE
02-13 14:00:48.746 I/wpa_supplicant(  304): CTRL-EVENT-STATE-CHANGE id=-1 state=1 BSSID=00:00:00:00:00:00
02-13 14:00:48.746 D/WifiStateTracker(  206): setNotificationVisible() visible=false mNotificationShown=false force=false return.
02-13 14:00:48.756 D/NetworkStateTracker(  206): setDetailed state, old =SCANNING and new state=IDLE
02-13 14:00:48.896 E/MediaPlayer( 2404): getCurrentPosition sec = 474544
02-13 14:00:48.896 E/MediaPlayer( 2404): getDuration_l mDuration = 1296418
02-13 14:00:49.897 E/MediaPlayer( 2404): getCurrentPosition sec = 475642
02-13 14:00:49.897 E/MediaPlayer( 2404): getDuration_l mDuration = 1296418
02-13 14:00:50.557 I/dun_service(  130): The value returned from dun_getusbmodemstate_fromsys is 2 
02-13 14:00:50.567 D/KeyguardUpdateMonitor(  206): received broadcast android.intent.action.BATTERY_CHANGED
02-13 14:00:50.577 D/KeyguardUpdateMonitor(  206): handleBatteryUpdate
02-13 14:00:50.898 E/MediaPlayer( 2404): getCurrentPosition sec = 476602
02-13 14:00:50.898 E/MediaPlayer( 2404): getDuration_l mDuration = 1296418
02-13 14:00:51.899 E/MediaPlayer( 2404): getCurrentPosition sec = 477563
02-13 14:00:51.899 E/MediaPlayer( 2404): getDuration_l mDuration = 1296418
02-13 14:00:52.910 E/MediaPlayer( 2404): getCurrentPosition sec = 478661
02-13 14:00:52.910 E/MediaPlayer( 2404): getDuration_l mDuration = 1296418
02-13 14:00:53.911 E/MediaPlayer( 2404): getCurrentPosition sec = 479621
02-13 14:00:53.911 E/MediaPlayer( 2404): getDuration_l mDuration = 1296418
02-13 14:00:54.922 E/MediaPlayer( 2404): getCurrentPosition sec = 480582
02-13 14:00:54.922 E/MediaPlayer( 2404): getDuration_l mDuration = 1296418
02-13 14:00:55.923 E/MediaPlayer( 2404): getCurrentPosition sec = 481680
02-13 14:00:55.923 E/MediaPlayer( 2404): getDuration_l mDuration = 1296418
02-13 14:00:56.934 E/MediaPlayer( 2404): getCurrentPosition sec = 482640
02-13 14:00:56.934 E/MediaPlayer( 2404): getDuration_l mDuration = 1296418
02-13 14:00:57.945 E/MediaPlayer( 2404): getCurrentPosition sec = 483601
02-13 14:00:57.945 E/MediaPlayer( 2404): getDuration_l mDuration = 1296418
02-13 14:00:58.946 E/MediaPlayer( 2404): getCurrentPosition sec = 484699
02-13 14:00:58.946 E/MediaPlayer( 2404): getDuration_l mDuration = 1296418
02-13 14:00:59.947 E/MediaPlayer( 2404): getCurrentPosition sec = 485659
02-13 14:00:59.947 E/MediaPlayer( 2404): getDuration_l mDuration = 1296418
02-13 14:01:00.037 D/KeyguardUpdateMonitor(  206): received broadcast android.intent.action.TIME_TICK
02-13 14:01:00.047 D/KeyguardUpdateMonitor(  206): handleTimeUpdate
02-13 14:01:00.958 E/MediaPlayer( 2404): getCurrentPosition sec = 486620
02-13 14:01:00.958 E/MediaPlayer( 2404): getDuration_l mDuration = 1296418
02-13 14:01:01.959 E/MediaPlayer( 2404): getCurrentPosition sec = 487718
02-13 14:01:01.959 E/MediaPlayer( 2404): getDuration_l mDuration = 1296418
02-13 14:01:02.970 E/MediaPlayer( 2404): getCurrentPosition sec = 488678
02-13 14:01:02.970 E/MediaPlayer( 2404): getDuration_l mDuration = 1296418
02-13 14:01:03.760 I/wpa_supplicant(  304): State: INACTIVE -> SCANNING
02-13 14:01:03.760 I/wpa_supplicant(  304): CTRL-EVENT-STATE-CHANGE id=-1 state=2 BSSID=00:00:00:00:00:00
02-13 14:01:03.760 D/NetworkStateTracker(  206): setDetailed state, old =IDLE and new state=SCANNING
02-13 14:01:03.971 E/MediaPlayer( 2404): getCurrentPosition sec = 489639
02-13 14:01:03.971 E/MediaPlayer( 2404): getDuration_l mDuration = 1296418
02-13 14:01:04.731 I/dun_service(  130): process rmnet event
02-13 14:01:04.731 I/dun_service(  130): Post event 4
02-13 14:01:04.731 I/dun_service(  130): received event: DUN_EVENT_RMNET_UP 
02-13 14:01:04.731 I/dun_service(  130): received event(DUN_EVENT_RMNET_UP) in state(DUN_STATE_USB_UNPLUG)
02-13 14:01:04.731 I/dun_service(  130): Ignoring the event DUN_EVENT_RMNET_UP in USB_UNPLUG_STATE
02-13 14:01:04.731 I/dun_service(  130): Moved to state(DUN_STATE_USB_UNPLUG)
02-13 14:01:04.731 I/wpa_supplicant(  304): State: SCANNING -> INACTIVE
02-13 14:01:04.731 I/wpa_supplicant(  304): CTRL-EVENT-STATE-CHANGE id=-1 state=1 BSSID=00:00:00:00:00:00
02-13 14:01:04.731 D/WifiStateTracker(  206): setNotificationVisible() visible=false mNotificationShown=false force=false return.
02-13 14:01:04.741 D/NetworkStateTracker(  206): setDetailed state, old =SCANNING and new state=IDLE
02-13 14:01:04.982 E/MediaPlayer( 2404): getCurrentPosition sec = 490600
02-13 14:01:04.982 E/MediaPlayer( 2404): getDuration_l mDuration = 1296418
02-13 14:01:05.983 E/MediaPlayer( 2404): getCurrentPosition sec = 491698
02-13 14:01:05.983 E/MediaPlayer( 2404): getDuration_l mDuration = 1296418
02-13 14:01:06.984 E/MediaPlayer( 2404): getCurrentPosition sec = 492658
02-13 14:01:06.984 E/MediaPlayer( 2404): getDuration_l mDuration = 1296418
02-13 14:01:07.994 E/MediaPlayer( 2404): getCurrentPosition sec = 493619
02-13 14:01:07.994 E/MediaPlayer( 2404): getDuration_l mDuration = 1296418
02-13 14:01:08.995 E/MediaPlayer( 2404): getCurrentPosition sec = 494717
02-13 14:01:08.995 E/MediaPlayer( 2404): getDuration_l mDuration = 1296418
02-13 14:01:10.006 E/MediaPlayer( 2404): getCurrentPosition sec = 495677
02-13 14:01:10.006 E/MediaPlayer( 2404): getDuration_l mDuration = 1296418
02-13 14:01:11.007 E/MediaPlayer( 2404): getCurrentPosition sec = 496638
02-13 14:01:11.007 E/MediaPlayer( 2404): getDuration_l mDuration = 1296418
02-13 14:01:12.008 E/MediaPlayer( 2404): getCurrentPosition sec = 497736
02-13 14:01:12.008 E/MediaPlayer( 2404): getDuration_l mDuration = 1296418
02-13 14:01:13.009 E/MediaPlayer( 2404): getCurrentPosition sec = 498696
02-13 14:01:13.009 E/MediaPlayer( 2404): getDuration_l mDuration = 1296418
02-13 14:01:14.020 E/MediaPlayer( 2404): getCurrentPosition sec = 499657
02-13 14:01:14.020 E/MediaPlayer( 2404): getDuration_l mDuration = 1296418
02-13 14:01:15.031 E/MediaPlayer( 2404): getCurrentPosition sec = 500755
02-13 14:01:15.031 E/MediaPlayer( 2404): getDuration_l mDuration = 1296418
02-13 14:01:16.032 E/MediaPlayer( 2404): getCurrentPosition sec = 501715
02-13 14:01:16.032 E/MediaPlayer( 2404): getDuration_l mDuration = 1296418
02-13 14:01:17.043 E/MediaPlayer( 2404): getCurrentPosition sec = 502676
02-13 14:01:17.043 E/MediaPlayer( 2404): getDuration_l mDuration = 1296418
02-13 14:01:18.044 E/MediaPlayer( 2404): getCurrentPosition sec = 503774
02-13 14:01:18.044 E/MediaPlayer( 2404): getDuration_l mDuration = 1296418
02-13 14:01:19.045 E/MediaPlayer( 2404): getCurrentPosition sec = 504734
02-13 14:01:19.045 E/MediaPlayer( 2404): getDuration_l mDuration = 1296418
02-13 14:01:19.756 I/wpa_supplicant(  304): State: INACTIVE -> SCANNING
02-13 14:01:19.756 I/wpa_supplicant(  304): CTRL-EVENT-STATE-CHANGE id=-1 state=2 BSSID=00:00:00:00:00:00
02-13 14:01:19.766 D/NetworkStateTracker(  206): setDetailed state, old =IDLE and new state=SCANNING
02-13 14:01:20.056 E/MediaPlayer( 2404): getCurrentPosition sec = 505695
02-13 14:01:20.056 E/MediaPlayer( 2404): getDuration_l mDuration = 1296418
02-13 14:01:20.737 I/wpa_supplicant(  304): State: SCANNING -> INACTIVE
02-13 14:01:20.737 I/wpa_supplicant(  304): CTRL-EVENT-STATE-CHANGE id=-1 state=1 BSSID=00:00:00:00:00:00
02-13 14:01:20.737 I/dun_service(  130): process rmnet event
02-13 14:01:20.737 I/dun_service(  130): Post event 4
02-13 14:01:20.737 I/dun_service(  130): received event: DUN_EVENT_RMNET_UP 
02-13 14:01:20.737 I/dun_service(  130): received event(DUN_EVENT_RMNET_UP) in state(DUN_STATE_USB_UNPLUG)
02-13 14:01:20.737 I/dun_service(  130): Ignoring the event DUN_EVENT_RMNET_UP in USB_UNPLUG_STATE
02-13 14:01:20.737 I/dun_service(  130): Moved to state(DUN_STATE_USB_UNPLUG)
02-13 14:01:20.747 D/NetworkStateTracker(  206): setDetailed state, old =SCANNING and new state=IDLE
02-13 14:01:20.747 D/WifiStateTracker(  206): setNotificationVisible() visible=false mNotificationShown=false force=false return.
02-13 14:01:21.057 E/MediaPlayer( 2404): getCurrentPosition sec = 506793
02-13 14:01:21.057 E/MediaPlayer( 2404): getDuration_l mDuration = 1296418
02-13 14:01:22.058 E/MediaPlayer( 2404): getCurrentPosition sec = 507754
02-13 14:01:22.058 E/MediaPlayer( 2404): getDuration_l mDuration = 1296418
02-13 14:01:23.069 E/MediaPlayer( 2404): getCurrentPosition sec = 508714
02-13 14:01:23.069 E/MediaPlayer( 2404): getDuration_l mDuration = 1296418
02-13 14:01:24.070 E/MediaPlayer( 2404): getCurrentPosition sec = 509675
02-13 14:01:24.070 E/MediaPlayer( 2404): getDuration_l mDuration = 1296418
02-13 14:01:25.081 E/MediaPlayer( 2404): getCurrentPosition sec = 510773
02-13 14:01:25.081 E/MediaPlayer( 2404): getDuration_l mDuration = 1296418
02-13 14:01:26.092 E/MediaPlayer( 2404): getCurrentPosition sec = 511733
02-13 14:01:26.092 E/MediaPlayer( 2404): getDuration_l mDuration = 1296418
02-13 14:01:27.093 E/MediaPlayer( 2404): getCurrentPosition sec = 512831
02-13 14:01:27.093 E/MediaPlayer( 2404): getDuration_l mDuration = 1296418
02-13 14:01:28.094 E/MediaPlayer( 2404): getCurrentPosition sec = 513792
02-13 14:01:28.094 E/MediaPlayer( 2404): getDuration_l mDuration = 1296418
02-13 14:01:29.105 E/MediaPlayer( 2404): getCurrentPosition sec = 514752
02-13 14:01:29.105 E/MediaPlayer( 2404): getDuration_l mDuration = 1296418
02-13 14:01:30.106 E/MediaPlayer( 2404): getCurrentPosition sec = 515850
02-13 14:01:30.106 E/MediaPlayer( 2404): getDuration_l mDuration = 1296418
02-13 14:01:31.117 E/MediaPlayer( 2404): getCurrentPosition sec = 516811
02-13 14:01:31.117 E/MediaPlayer( 2404): getDuration_l mDuration = 1296418
02-13 14:01:32.118 E/MediaPlayer( 2404): getCurrentPosition sec = 517771
02-13 14:01:32.118 E/MediaPlayer( 2404): getDuration_l mDuration = 1296418
02-13 14:01:33.119 E/MediaPlayer( 2404): getCurrentPosition sec = 518869
02-13 14:01:33.119 E/MediaPlayer( 2404): getDuration_l mDuration = 1296418
02-13 14:01:34.120 E/MediaPlayer( 2404): getCurrentPosition sec = 519830
02-13 14:01:34.120 E/MediaPlayer( 2404): getDuration_l mDuration = 1296418
02-13 14:01:35.121 E/MediaPlayer( 2404): getCurrentPosition sec = 520790
02-13 14:01:35.121 E/MediaPlayer( 2404): getDuration_l mDuration = 1296418
02-13 14:01:35.762 I/wpa_supplicant(  304): State: INACTIVE -> SCANNING
02-13 14:01:35.762 I/wpa_supplicant(  304): CTRL-EVENT-STATE-CHANGE id=-1 state=2 BSSID=00:00:00:00:00:00
02-13 14:01:35.762 D/NetworkStateTracker(  206): setDetailed state, old =IDLE and new state=SCANNING
02-13 14:01:36.132 E/MediaPlayer( 2404): getCurrentPosition sec = 521751
02-13 14:01:36.132 E/MediaPlayer( 2404): getDuration_l mDuration = 1296418
02-13 14:01:36.562 I/dun_service(  130): The value returned from dun_getusbmodemstate_fromsys is 2 
02-13 14:01:36.582 D/KeyguardUpdateMonitor(  206): received broadcast android.intent.action.BATTERY_CHANGED
02-13 14:01:36.592 D/KeyguardUpdateMonitor(  206): handleBatteryUpdate
02-13 14:01:36.733 I/dun_service(  130): process rmnet event
02-13 14:01:36.733 I/dun_service(  130): Post event 4
02-13 14:01:36.733 I/dun_service(  130): received event: DUN_EVENT_RMNET_UP 
02-13 14:01:36.733 I/dun_service(  130): received event(DUN_EVENT_RMNET_UP) in state(DUN_STATE_USB_UNPLUG)
02-13 14:01:36.733 I/dun_service(  130): Ignoring the event DUN_EVENT_RMNET_UP in USB_UNPLUG_STATE
02-13 14:01:36.733 I/dun_service(  130): Moved to state(DUN_STATE_USB_UNPLUG)
02-13 14:01:36.743 I/wpa_supplicant(  304): State: SCANNING -> INACTIVE
02-13 14:01:36.743 I/wpa_supplicant(  304): CTRL-EVENT-STATE-CHANGE id=-1 state=1 BSSID=00:00:00:00:00:00
02-13 14:01:36.743 D/WifiStateTracker(  206): setNotificationVisible() visible=false mNotificationShown=false force=false return.
02-13 14:01:36.743 D/NetworkStateTracker(  206): setDetailed state, old =SCANNING and new state=IDLE
02-13 14:01:37.133 E/MediaPlayer( 2404): getCurrentPosition sec = 522849
02-13 14:01:37.133 E/MediaPlayer( 2404): getDuration_l mDuration = 1296418
02-13 14:01:38.144 E/MediaPlayer( 2404): getCurrentPosition sec = 523810
02-13 14:01:38.144 E/MediaPlayer( 2404): getDuration_l mDuration = 1296418
02-13 14:01:39.145 E/MediaPlayer( 2404): getCurrentPosition sec = 524770
02-13 14:01:39.145 E/MediaPlayer( 2404): getDuration_l mDuration = 1296418
02-13 14:01:40.156 E/MediaPlayer( 2404): getCurrentPosition sec = 525868
02-13 14:01:40.156 E/MediaPlayer( 2404): getDuration_l mDuration = 1296418
02-13 14:01:41.157 E/MediaPlayer( 2404): getCurrentPosition sec = 526829
02-13 14:01:41.157 E/MediaPlayer( 2404): getDuration_l mDuration = 1296418
02-13 14:01:42.158 E/MediaPlayer( 2404): getCurrentPosition sec = 527789
02-13 14:01:42.158 E/MediaPlayer( 2404): getDuration_l mDuration = 1296418
02-13 14:01:43.129 D/DATA    (  331): [DSST(0)] pollstate() : reason = data network state changed
02-13 14:01:43.159 E/MediaPlayer( 2404): getCurrentPosition sec = 528887
02-13 14:01:43.159 E/MediaPlayer( 2404): getDuration_l mDuration = 1296418
02-13 14:01:43.209 D/MobileDataStateTracker(  206): [hipri]  MobileDataStateReceiver onReceive(): Entry.
02-13 14:01:43.209 D/MobileDataStateTracker(  206): [hipri]  intent.getAction()= android.intent.action.SERVICE_STATE
02-13 14:01:43.209 D/MobileDataStateTracker(  206): [hipri]  mEnabled = true
02-13 14:01:43.209 D/MobileDataStateTracker(  206): [dun]  MobileDataStateReceiver onReceive(): Entry.
02-13 14:01:43.209 D/MobileDataStateTracker(  206): [dun]  intent.getAction()= android.intent.action.SERVICE_STATE
02-13 14:01:43.209 D/MobileDataStateTracker(  206): [dun]  mEnabled = false
02-13 14:01:43.209 D/MobileDataStateTracker(  206): [supl]  MobileDataStateReceiver onReceive(): Entry.
02-13 14:01:43.209 D/MobileDataStateTracker(  206): [supl]  intent.getAction()= android.intent.action.SERVICE_STATE
02-13 14:01:43.209 D/MobileDataStateTracker(  206): [supl]  mEnabled = false
02-13 14:01:43.209 D/MobileDataStateTracker(  206): [mms]  MobileDataStateReceiver onReceive(): Entry.
02-13 14:01:43.209 D/MobileDataStateTracker(  206): [mms]  intent.getAction()= android.intent.action.SERVICE_STATE
02-13 14:01:43.209 D/MobileDataStateTracker(  206): [mms]  mEnabled = false
02-13 14:01:43.209 D/MobileDataStateTracker(  206): [default]  MobileDataStateReceiver onReceive(): Entry.
02-13 14:01:43.209 D/MobileDataStateTracker(  206): [default]  intent.getAction()= android.intent.action.SERVICE_STATE
02-13 14:01:43.209 D/MobileDataStateTracker(  206): [default]  mEnabled = true
02-13 14:01:43.219 D/CallManager(  331):  handleMessage (EVENT_SERVICE_STATE_CHANGED)
02-13 14:01:43.219 E/BT HS/HF(  331): SERVICE_STATE_CHANGED called
02-13 14:01:43.219 E/BT HS/HF(  331): updateServiceState called, sendUpdate:false  ServiceState:0 home Sprint  310099  EvDo rev. A CSS not supported 41 4139RoamInd: 1RoamStatus(sprint): 1DefRoamInd: 160EmergOnly: false
02-13 14:01:43.219 E/BT HS/HF(  331): service:1 mService:1
02-13 14:01:43.229 D/DATA    (  331): [DSST(0)]  registrationState = 1  radioTechnology = 8 reasonForDenial = 0
02-13 14:01:43.229 D/DATA    (  331): [DSST(0)]  set mNewDataConnectionState = 0
02-13 14:01:43.229 D/DATA    (  331): [DSST(0)]  mNewDataConnectionState : 0  mDataConnectionState : 0
02-13 14:01:43.229 D/DATA    (  331): [DSST(0)] Poll ServiceState done: oldSS=[0 home null null null  EvDo rev. A CSS not supported -1 -1RoamInd: -1RoamStatus(sprint): -1DefRoamInd: -1EmergOnly: false] newSS=[0 home null null null  EvDo rev. A CSS not supported -1 -1RoamInd: -1RoamStatus(sprint): -1DefRoamInd: -1EmergOnly: false]
02-13 14:01:43.229 D/DATA    (  331): [DSST(0)]  mDataConnectionState = 0
02-13 14:01:43.239 D/Mms     ( 1781): currentRoamingStatus:1
02-13 14:01:44.160 E/MediaPlayer( 2404): getCurrentPosition sec = 529848
02-13 14:01:44.160 E/MediaPlayer( 2404): getDuration_l mDuration = 1296418
02-13 14:01:45.171 E/MediaPlayer( 2404): getCurrentPosition sec = 530808
02-13 14:01:45.171 E/MediaPlayer( 2404): getDuration_l mDuration = 1296418
02-13 14:01:46.172 E/MediaPlayer( 2404): getCurrentPosition sec = 531906
02-13 14:01:46.172 E/MediaPlayer( 2404): getDuration_l mDuration = 1296418
02-13 14:01:47.183 E/MediaPlayer( 2404): getCurrentPosition sec = 532867
02-13 14:01:47.183 E/MediaPlayer( 2404): getDuration_l mDuration = 1296418
02-13 14:01:48.184 E/MediaPlayer( 2404): getCurrentPosition sec = 533827
02-13 14:01:48.184 E/MediaPlayer( 2404): getDuration_l mDuration = 1296418
02-13 14:01:49.195 E/MediaPlayer( 2404): getCurrentPosition sec = 534925
02-13 14:01:49.195 E/MediaPlayer( 2404): getDuration_l mDuration = 1296418
02-13 14:01:50.196 E/MediaPlayer( 2404): getCurrentPosition sec = 535886
02-13 14:01:50.196 E/MediaPlayer( 2404): getDuration_l mDuration = 1296418
02-13 14:01:51.217 E/MediaPlayer( 2404): getCurrentPosition sec = 536846
02-13 14:01:51.217 E/MediaPlayer( 2404): getDuration_l mDuration = 1296418
02-13 14:01:51.767 I/wpa_supplicant(  304): State: INACTIVE -> SCANNING
02-13 14:01:51.767 I/wpa_supplicant(  304): CTRL-EVENT-STATE-CHANGE id=-1 state=2 BSSID=00:00:00:00:00:00
02-13 14:01:51.767 D/NetworkStateTracker(  206): setDetailed state, old =IDLE and new state=SCANNING
02-13 14:01:52.208 E/MediaPlayer( 2404): getCurrentPosition sec = 537944
02-13 14:01:52.208 E/MediaPlayer( 2404): getDuration_l mDuration = 1296418
02-13 14:01:52.728 I/dun_service(  130): process rmnet event
02-13 14:01:52.728 I/dun_service(  130): Post event 4
02-13 14:01:52.728 I/dun_service(  130): received event: DUN_EVENT_RMNET_UP 
02-13 14:01:52.728 I/dun_service(  130): received event(DUN_EVENT_RMNET_UP) in state(DUN_STATE_USB_UNPLUG)
02-13 14:01:52.728 I/dun_service(  130): Ignoring the event DUN_EVENT_RMNET_UP in USB_UNPLUG_STATE
02-13 14:01:52.728 I/dun_service(  130): Moved to state(DUN_STATE_USB_UNPLUG)
02-13 14:01:52.728 I/wpa_supplicant(  304): State: SCANNING -> INACTIVE
02-13 14:01:52.728 I/wpa_supplicant(  304): CTRL-EVENT-STATE-CHANGE id=-1 state=1 BSSID=00:00:00:00:00:00
02-13 14:01:52.738 D/WifiStateTracker(  206): setNotificationVisible() visible=false mNotificationShown=false force=false return.
02-13 14:01:52.738 D/NetworkStateTracker(  206): setDetailed state, old =SCANNING and new state=IDLE
02-13 14:01:53.219 E/MediaPlayer( 2404): getCurrentPosition sec = 538905
02-13 14:01:53.219 E/MediaPlayer( 2404): getDuration_l mDuration = 1296418
02-13 14:01:53.289 D/DATA    (  331): [DSST(0)] pollstate() : reason = data network state changed
02-13 14:01:53.349 D/MobileDataStateTracker(  206): [hipri]  MobileDataStateReceiver onReceive(): Entry.
02-13 14:01:53.349 D/MobileDataStateTracker(  206): [hipri]  intent.getAction()= android.intent.action.SERVICE_STATE
02-13 14:01:53.349 D/MobileDataStateTracker(  206): [hipri]  mEnabled = true
02-13 14:01:53.349 D/MobileDataStateTracker(  206): [dun]  MobileDataStateReceiver onReceive(): Entry.
02-13 14:01:53.349 D/MobileDataStateTracker(  206): [dun]  intent.getAction()= android.intent.action.SERVICE_STATE
02-13 14:01:53.349 D/MobileDataStateTracker(  206): [dun]  mEnabled = false
02-13 14:01:53.349 D/MobileDataStateTracker(  206): [supl]  MobileDataStateReceiver onReceive(): Entry.
02-13 14:01:53.349 D/MobileDataStateTracker(  206): [supl]  intent.getAction()= android.intent.action.SERVICE_STATE
02-13 14:01:53.349 D/MobileDataStateTracker(  206): [supl]  mEnabled = false
02-13 14:01:53.349 D/MobileDataStateTracker(  206): [mms]  MobileDataStateReceiver onReceive(): Entry.
02-13 14:01:53.349 D/MobileDataStateTracker(  206): [mms]  intent.getAction()= android.intent.action.SERVICE_STATE
02-13 14:01:53.349 D/MobileDataStateTracker(  206): [mms]  mEnabled = false
02-13 14:01:53.379 D/MobileDataStateTracker(  206): [default]  MobileDataStateReceiver onReceive(): Entry.
02-13 14:01:53.379 D/MobileDataStateTracker(  206): [default]  intent.getAction()= android.intent.action.SERVICE_STATE
02-13 14:01:53.379 D/MobileDataStateTracker(  206): [default]  mEnabled = true
02-13 14:01:53.379 D/DATA    (  331): [DSST(0)]  registrationState = 1  radioTechnology = 8 reasonForDenial = 0
02-13 14:01:53.379 D/DATA    (  331): [DSST(0)]  set mNewDataConnectionState = 0
02-13 14:01:53.379 D/DATA    (  331): [DSST(0)]  mNewDataConnectionState : 0  mDataConnectionState : 0
02-13 14:01:53.379 D/DATA    (  331): [DSST(0)] Poll ServiceState done: oldSS=[0 home null null null  EvDo rev. A CSS not supported -1 -1RoamInd: -1RoamStatus(sprint): -1DefRoamInd: -1EmergOnly: false] newSS=[0 home null null null  EvDo rev. A CSS not supported -1 -1RoamInd: -1RoamStatus(sprint): -1DefRoamInd: -1EmergOnly: false]
02-13 14:01:53.379 D/DATA    (  331): [DSST(0)]  mDataConnectionState = 0
02-13 14:01:53.379 D/CallManager(  331):  handleMessage (EVENT_SERVICE_STATE_CHANGED)
02-13 14:01:53.379 E/BT HS/HF(  331): SERVICE_STATE_CHANGED called
02-13 14:01:53.379 E/BT HS/HF(  331): updateServiceState called, sendUpdate:false  ServiceState:0 home Sprint  310099  EvDo rev. A CSS not supported 41 4139RoamInd: 1RoamStatus(sprint): 1DefRoamInd: 160EmergOnly: false
02-13 14:01:53.379 E/BT HS/HF(  331): service:1 mService:1
02-13 14:01:53.389 D/Mms     ( 1781): currentRoamingStatus:1
02-13 14:01:54.230 E/MediaPlayer( 2404): getCurrentPosition sec = 539866
02-13 14:01:54.230 E/MediaPlayer( 2404): getDuration_l mDuration = 1296418
02-13 14:01:55.231 E/MediaPlayer( 2404): getCurrentPosition sec = 540963
02-13 14:01:55.231 E/MediaPlayer( 2404): getDuration_l mDuration = 1296418
02-13 14:01:56.242 E/MediaPlayer( 2404): getCurrentPosition sec = 541924
02-13 14:01:56.242 E/MediaPlayer( 2404): getDuration_l mDuration = 1296418
02-13 14:01:57.243 E/MediaPlayer( 2404): getCurrentPosition sec = 542885
02-13 14:01:57.243 E/MediaPlayer( 2404): getDuration_l mDuration = 1296418
02-13 14:01:58.254 E/MediaPlayer( 2404): getCurrentPosition sec = 543982
02-13 14:01:58.254 E/MediaPlayer( 2404): getDuration_l mDuration = 1296418
02-13 14:01:59.255 E/MediaPlayer( 2404): getCurrentPosition sec = 544943
02-13 14:01:59.255 E/MediaPlayer( 2404): getDuration_l mDuration = 1296418
02-13 14:02:00.015 D/KeyguardUpdateMonitor(  206): received broadcast android.intent.action.TIME_TICK
02-13 14:02:00.015 D/KeyguardUpdateMonitor(  206): handleTimeUpdate
02-13 14:02:00.265 E/MediaPlayer( 2404): getCurrentPosition sec = 545904
02-13 14:02:00.265 E/MediaPlayer( 2404): getDuration_l mDuration = 1296418
02-13 14:02:01.266 E/MediaPlayer( 2404): getCurrentPosition sec = 547002
02-13 14:02:01.266 E/MediaPlayer( 2404): getDuration_l mDuration = 1296418
02-13 14:02:02.267 E/MediaPlayer( 2404): getCurrentPosition sec = 547962
02-13 14:02:02.267 E/MediaPlayer( 2404): getDuration_l mDuration = 1296418
02-13 14:02:03.268 E/MediaPlayer( 2404): getCurrentPosition sec = 548923
02-13 14:02:03.268 E/MediaPlayer( 2404): getDuration_l mDuration = 1296418
02-13 14:02:03.519 D/DATA    (  331): [DSST(0)] pollstate() : reason = data network state changed
02-13 14:02:03.609 D/MobileDataStateTracker(  206): [hipri]  MobileDataStateReceiver onReceive(): Entry.
02-13 14:02:03.609 D/MobileDataStateTracker(  206): [hipri]  intent.getAction()= android.intent.action.SERVICE_STATE
02-13 14:02:03.609 D/MobileDataStateTracker(  206): [hipri]  mEnabled = true
02-13 14:02:03.609 D/MobileDataStateTracker(  206): [dun]  MobileDataStateReceiver onReceive(): Entry.
02-13 14:02:03.609 D/MobileDataStateTracker(  206): [dun]  intent.getAction()= android.intent.action.SERVICE_STATE
02-13 14:02:03.609 D/MobileDataStateTracker(  206): [dun]  mEnabled = false
02-13 14:02:03.609 D/MobileDataStateTracker(  206): [supl]  MobileDataStateReceiver onReceive(): Entry.
02-13 14:02:03.609 D/MobileDataStateTracker(  206): [supl]  intent.getAction()= android.intent.action.SERVICE_STATE
02-13 14:02:03.609 D/MobileDataStateTracker(  206): [supl]  mEnabled = false
02-13 14:02:03.609 D/MobileDataStateTracker(  206): [mms]  MobileDataStateReceiver onReceive(): Entry.
02-13 14:02:03.609 D/MobileDataStateTracker(  206): [mms]  intent.getAction()= android.intent.action.SERVICE_STATE
02-13 14:02:03.609 D/MobileDataStateTracker(  206): [mms]  mEnabled = false
02-13 14:02:03.619 D/MobileDataStateTracker(  206): [default]  MobileDataStateReceiver onReceive(): Entry.
02-13 14:02:03.619 D/MobileDataStateTracker(  206): [default]  intent.getAction()= android.intent.action.SERVICE_STATE
02-13 14:02:03.619 D/MobileDataStateTracker(  206): [default]  mEnabled = true
02-13 14:02:03.619 D/CallManager(  331):  handleMessage (EVENT_SERVICE_STATE_CHANGED)
02-13 14:02:03.619 E/BT HS/HF(  331): SERVICE_STATE_CHANGED called
02-13 14:02:03.619 E/BT HS/HF(  331): updateServiceState called, sendUpdate:false  ServiceState:0 home Sprint  310099  EvDo rev. A CSS not supported 41 4139RoamInd: 1RoamStatus(sprint): 1DefRoamInd: 160EmergOnly: false
02-13 14:02:03.619 E/BT HS/HF(  331): service:1 mService:1
02-13 14:02:03.629 D/DATA    (  331): [DSST(0)]  registrationState = 1  radioTechnology = 8 reasonForDenial = 0
02-13 14:02:03.629 D/DATA    (  331): [DSST(0)]  set mNewDataConnectionState = 0
02-13 14:02:03.629 D/DATA    (  331): [DSST(0)]  mNewDataConnectionState : 0  mDataConnectionState : 0
02-13 14:02:03.629 D/DATA    (  331): [DSST(0)] Poll ServiceState done: oldSS=[0 home null null null  EvDo rev. A CSS not supported -1 -1RoamInd: -1RoamStatus(sprint): -1DefRoamInd: -1EmergOnly: false] newSS=[0 home null null null  EvDo rev. A CSS not supported -1 -1RoamInd: -1RoamStatus(sprint): -1DefRoamInd: -1EmergOnly: false]
02-13 14:02:03.639 D/DATA    (  331): [DSST(0)]  mDataConnectionState = 0
02-13 14:02:03.659 D/Mms     ( 1781): currentRoamingStatus:1
02-13 14:02:04.279 E/MediaPlayer( 2404): getCurrentPosition sec = 549883
02-13 14:02:04.279 E/MediaPlayer( 2404): getDuration_l mDuration = 1296418
02-13 14:02:05.280 E/MediaPlayer( 2404): getCurrentPosition sec = 550981
02-13 14:02:05.280 E/MediaPlayer( 2404): getDuration_l mDuration = 1296418
02-13 14:02:06.281 E/MediaPlayer( 2404): getCurrentPosition sec = 551942
02-13 14:02:06.281 E/MediaPlayer( 2404): getDuration_l mDuration = 1296418
02-13 14:02:07.292 E/MediaPlayer( 2404): getCurrentPosition sec = 552902
02-13 14:02:07.292 E/MediaPlayer( 2404): getDuration_l mDuration = 1296418
02-13 14:02:07.753 I/wpa_supplicant(  304): State: INACTIVE -> SCANNING
02-13 14:02:07.753 I/wpa_supplicant(  304): CTRL-EVENT-STATE-CHANGE id=-1 state=2 BSSID=00:00:00:00:00:00
02-13 14:02:07.763 D/NetworkStateTracker(  206): setDetailed state, old =IDLE and new state=SCANNING
02-13 14:02:08.303 E/MediaPlayer( 2404): getCurrentPosition sec = 554000
02-13 14:02:08.303 E/MediaPlayer( 2404): getDuration_l mDuration = 1296418
02-13 14:02:08.734 I/wpa_supplicant(  304): State: SCANNING -> INACTIVE
02-13 14:02:08.734 I/wpa_supplicant(  304): CTRL-EVENT-STATE-CHANGE id=-1 state=1 BSSID=00:00:00:00:00:00
02-13 14:02:08.734 I/dun_service(  130): process rmnet event
02-13 14:02:08.734 I/dun_service(  130): Post event 4
02-13 14:02:08.734 I/dun_service(  130): received event: DUN_EVENT_RMNET_UP 
02-13 14:02:08.734 I/dun_service(  130): received event(DUN_EVENT_RMNET_UP) in state(DUN_STATE_USB_UNPLUG)
02-13 14:02:08.734 I/dun_service(  130): Ignoring the event DUN_EVENT_RMNET_UP in USB_UNPLUG_STATE
02-13 14:02:08.734 I/dun_service(  130): Moved to state(DUN_STATE_USB_UNPLUG)
02-13 14:02:08.734 D/NetworkStateTracker(  206): setDetailed state, old =SCANNING and new state=IDLE
02-13 14:02:08.734 D/WifiStateTracker(  206): setNotificationVisible() visible=false mNotificationShown=false force=false return.
02-13 14:02:09.304 E/MediaPlayer( 2404): getCurrentPosition sec = 554961
02-13 14:02:09.304 E/MediaPlayer( 2404): getDuration_l mDuration = 1296418
02-13 14:02:10.315 E/MediaPlayer( 2404): getCurrentPosition sec = 555922
02-13 14:02:10.315 E/MediaPlayer( 2404): getDuration_l mDuration = 1296418
02-13 14:02:11.326 E/MediaPlayer( 2404): getCurrentPosition sec = 557019
02-13 14:02:11.326 E/MediaPlayer( 2404): getDuration_l mDuration = 1296418
02-13 14:02:12.317 E/MediaPlayer( 2404): getCurrentPosition sec = 557980
02-13 14:02:12.317 E/MediaPlayer( 2404): getDuration_l mDuration = 1296418
02-13 14:02:13.328 E/MediaPlayer( 2404): getCurrentPosition sec = 558941
02-13 14:02:13.328 E/MediaPlayer( 2404): getDuration_l mDuration = 1296418
02-13 14:02:13.779 D/DATA    (  331): [DSST(0)] pollstate() : reason = data network state changed
02-13 14:02:13.819 D/MobileDataStateTracker(  206): [hipri]  MobileDataStateReceiver onReceive(): Entry.
02-13 14:02:13.819 D/MobileDataStateTracker(  206): [hipri]  intent.getAction()= android.intent.action.SERVICE_STATE
02-13 14:02:13.819 D/MobileDataStateTracker(  206): [hipri]  mEnabled = true
02-13 14:02:13.829 D/MobileDataStateTracker(  206): [dun]  MobileDataStateReceiver onReceive(): Entry.
02-13 14:02:13.829 D/MobileDataStateTracker(  206): [dun]  intent.getAction()= android.intent.action.SERVICE_STATE
02-13 14:02:13.829 D/MobileDataStateTracker(  206): [dun]  mEnabled = false
02-13 14:02:13.829 D/MobileDataStateTracker(  206): [supl]  MobileDataStateReceiver onReceive(): Entry.
02-13 14:02:13.829 D/MobileDataStateTracker(  206): [supl]  intent.getAction()= android.intent.action.SERVICE_STATE
02-13 14:02:13.829 D/MobileDataStateTracker(  206): [supl]  mEnabled = false
02-13 14:02:13.829 D/MobileDataStateTracker(  206): [mms]  MobileDataStateReceiver onReceive(): Entry.
02-13 14:02:13.829 D/MobileDataStateTracker(  206): [mms]  intent.getAction()= android.intent.action.SERVICE_STATE
02-13 14:02:13.829 D/MobileDataStateTracker(  206): [mms]  mEnabled = false
02-13 14:02:13.829 D/MobileDataStateTracker(  206): [default]  MobileDataStateReceiver onReceive(): Entry.
02-13 14:02:13.829 D/MobileDataStateTracker(  206): [default]  intent.getAction()= android.intent.action.SERVICE_STATE
02-13 14:02:13.829 D/MobileDataStateTracker(  206): [default]  mEnabled = true
02-13 14:02:13.839 D/DATA    (  331): [DSST(0)]  registrationState = 1  radioTechnology = 8 reasonForDenial = 0
02-13 14:02:13.839 D/DATA    (  331): [DSST(0)]  set mNewDataConnectionState = 0
02-13 14:02:13.839 D/DATA    (  331): [DSST(0)]  mNewDataConnectionState : 0  mDataConnectionState : 0
02-13 14:02:13.839 D/DATA    (  331): [DSST(0)] Poll ServiceState done: oldSS=[0 home null null null  EvDo rev. A CSS not supported -1 -1RoamInd: -1RoamStatus(sprint): -1DefRoamInd: -1EmergOnly: false] newSS=[0 home null null null  EvDo rev. A CSS not supported -1 -1RoamInd: -1RoamStatus(sprint): -1DefRoamInd: -1EmergOnly: false]
02-13 14:02:13.839 D/DATA    (  331): [DSST(0)]  mDataConnectionState = 0
02-13 14:02:13.839 D/CallManager(  331):  handleMessage (EVENT_SERVICE_STATE_CHANGED)
02-13 14:02:13.839 E/BT HS/HF(  331): SERVICE_STATE_CHANGED called
02-13 14:02:13.839 E/BT HS/HF(  331): updateServiceState called, sendUpdate:false  ServiceState:0 home Sprint  310099  EvDo rev. A CSS not supported 41 4139RoamInd: 1RoamStatus(sprint): 1DefRoamInd: 160EmergOnly: false
02-13 14:02:13.839 E/BT HS/HF(  331): service:1 mService:1
02-13 14:02:13.849 D/Mms     ( 1781): currentRoamingStatus:1
02-13 14:02:14.329 E/MediaPlayer( 2404): getCurrentPosition sec = 560038
02-13 14:02:14.329 E/MediaPlayer( 2404): getDuration_l mDuration = 1296418
02-13 14:02:15.340 E/MediaPlayer( 2404): getCurrentPosition sec = 560999
02-13 14:02:15.340 E/MediaPlayer( 2404): getDuration_l mDuration = 1296418
02-13 14:02:16.341 E/MediaPlayer( 2404): getCurrentPosition sec = 561960
02-13 14:02:16.341 E/MediaPlayer( 2404): getDuration_l mDuration = 1296418
02-13 14:02:17.352 E/MediaPlayer( 2404): getCurrentPosition sec = 563057
02-13 14:02:17.352 E/MediaPlayer( 2404): getDuration_l mDuration = 1296418
02-13 14:02:18.353 E/MediaPlayer( 2404): getCurrentPosition sec = 564018
02-13 14:02:18.353 E/MediaPlayer( 2404): getDuration_l mDuration = 1296418
02-13 14:02:19.364 E/MediaPlayer( 2404): getCurrentPosition sec = 564979
02-13 14:02:19.364 E/MediaPlayer( 2404): getDuration_l mDuration = 1296418
02-13 14:02:20.365 E/MediaPlayer( 2404): getCurrentPosition sec = 566077
02-13 14:02:20.365 E/MediaPlayer( 2404): getDuration_l mDuration = 1296418
02-13 14:02:21.376 E/MediaPlayer( 2404): getCurrentPosition sec = 567037
02-13 14:02:21.376 E/MediaPlayer( 2404): getDuration_l mDuration = 1296418
02-13 14:02:22.377 E/MediaPlayer( 2404): getCurrentPosition sec = 567998
02-13 14:02:22.377 E/MediaPlayer( 2404): getDuration_l mDuration = 1296418
02-13 14:02:23.378 E/MediaPlayer( 2404): getCurrentPosition sec = 569096
02-13 14:02:23.378 E/MediaPlayer( 2404): getDuration_l mDuration = 1296418
02-13 14:02:23.738 I/wpa_supplicant(  304): State: INACTIVE -> SCANNING
02-13 14:02:23.738 I/wpa_supplicant(  304): CTRL-EVENT-STATE-CHANGE id=-1 state=2 BSSID=00:00:00:00:00:00
02-13 14:02:23.738 D/NetworkStateTracker(  206): setDetailed state, old =IDLE and new state=SCANNING
02-13 14:02:23.989 D/DATA    (  331): [DSST(0)] pollstate() : reason = data network state changed
02-13 14:02:24.029 D/MobileDataStateTracker(  206): [hipri]  MobileDataStateReceiver onReceive(): Entry.
02-13 14:02:24.029 D/MobileDataStateTracker(  206): [hipri]  intent.getAction()= android.intent.action.SERVICE_STATE
02-13 14:02:24.029 D/MobileDataStateTracker(  206): [hipri]  mEnabled = true
02-13 14:02:24.039 D/MobileDataStateTracker(  206): [dun]  MobileDataStateReceiver onReceive(): Entry.
02-13 14:02:24.039 D/MobileDataStateTracker(  206): [dun]  intent.getAction()= android.intent.action.SERVICE_STATE
02-13 14:02:24.039 D/MobileDataStateTracker(  206): [dun]  mEnabled = false
02-13 14:02:24.039 D/MobileDataStateTracker(  206): [supl]  MobileDataStateReceiver onReceive(): Entry.
02-13 14:02:24.039 D/MobileDataStateTracker(  206): [supl]  intent.getAction()= android.intent.action.SERVICE_STATE
02-13 14:02:24.039 D/MobileDataStateTracker(  206): [supl]  mEnabled = false
02-13 14:02:24.039 D/MobileDataStateTracker(  206): [mms]  MobileDataStateReceiver onReceive(): Entry.
02-13 14:02:24.039 D/MobileDataStateTracker(  206): [mms]  intent.getAction()= android.intent.action.SERVICE_STATE
02-13 14:02:24.039 D/MobileDataStateTracker(  206): [mms]  mEnabled = false
02-13 14:02:24.049 D/MobileDataStateTracker(  206): [default]  MobileDataStateReceiver onReceive(): Entry.
02-13 14:02:24.049 D/MobileDataStateTracker(  206): [default]  intent.getAction()= android.intent.action.SERVICE_STATE
02-13 14:02:24.049 D/MobileDataStateTracker(  206): [default]  mEnabled = true
02-13 14:02:24.059 D/CallManager(  331):  handleMessage (EVENT_SERVICE_STATE_CHANGED)
02-13 14:02:24.059 E/BT HS/HF(  331): SERVICE_STATE_CHANGED called
02-13 14:02:24.059 E/BT HS/HF(  331): updateServiceState called, sendUpdate:false  ServiceState:0 home Sprint  310099  EvDo rev. A CSS not supported 41 4139RoamInd: 1RoamStatus(sprint): 1DefRoamInd: 160EmergOnly: false
02-13 14:02:24.059 E/BT HS/HF(  331): service:1 mService:1
02-13 14:02:24.059 D/DATA    (  331): [DSST(0)]  registrationState = 1  radioTechnology = 8 reasonForDenial = 0
02-13 14:02:24.059 D/DATA    (  331): [DSST(0)]  set mNewDataConnectionState = 0
02-13 14:02:24.069 D/DATA    (  331): [DSST(0)]  mNewDataConnectionState : 0  mDataConnectionState : 0
02-13 14:02:24.069 D/DATA    (  331): [DSST(0)] Poll ServiceState done: oldSS=[0 home null null null  EvDo rev. A CSS not supported -1 -1RoamInd: -1RoamStatus(sprint): -1DefRoamInd: -1EmergOnly: false] newSS=[0 home null null null  EvDo rev. A CSS not supported -1 -1RoamInd: -1RoamStatus(sprint): -1DefRoamInd: -1EmergOnly: false]
02-13 14:02:24.069 D/DATA    (  331): [DSST(0)]  mDataConnectionState = 0
02-13 14:02:24.119 D/Mms     ( 1781): currentRoamingStatus:1
02-13 14:02:24.379 E/MediaPlayer( 2404): getCurrentPosition sec = 570056
02-13 14:02:24.379 E/MediaPlayer( 2404): getDuration_l mDuration = 1296418
02-13 14:02:24.699 I/wpa_supplicant(  304): State: SCANNING -> INACTIVE
02-13 14:02:24.699 I/wpa_supplicant(  304): CTRL-EVENT-STATE-CHANGE id=-1 state=1 BSSID=00:00:00:00:00:00
02-13 14:02:24.699 I/dun_service(  130): process rmnet event
02-13 14:02:24.699 I/dun_service(  130): Post event 4
02-13 14:02:24.699 I/dun_service(  130): received event: DUN_EVENT_RMNET_UP 
02-13 14:02:24.699 I/dun_service(  130): received event(DUN_EVENT_RMNET_UP) in state(DUN_STATE_USB_UNPLUG)
02-13 14:02:24.699 I/dun_service(  130): Ignoring the event DUN_EVENT_RMNET_UP in USB_UNPLUG_STATE
02-13 14:02:24.699 I/dun_service(  130): Moved to state(DUN_STATE_USB_UNPLUG)
02-13 14:02:24.699 D/NetworkStateTracker(  206): setDetailed state, old =SCANNING and new state=IDLE
02-13 14:02:24.699 D/WifiStateTracker(  206): setNotificationVisible() visible=false mNotificationShown=false force=false return.
02-13 14:02:25.390 E/MediaPlayer( 2404): getCurrentPosition sec = 571017
02-13 14:02:25.390 E/MediaPlayer( 2404): getDuration_l mDuration = 1296418
02-13 14:02:26.401 E/MediaPlayer( 2404): getCurrentPosition sec = 572115
02-13 14:02:26.401 E/MediaPlayer( 2404): getDuration_l mDuration = 1296418
02-13 14:02:27.402 E/MediaPlayer( 2404): getCurrentPosition sec = 573075
02-13 14:02:27.402 E/MediaPlayer( 2404): getDuration_l mDuration = 1296418
02-13 14:02:28.413 E/MediaPlayer( 2404): getCurrentPosition sec = 574173
02-13 14:02:28.413 E/MediaPlayer( 2404): getDuration_l mDuration = 1296418
02-13 14:02:29.184 D/DATA    (  331): [DSST(0)] pollstate() : reason = data network state changed
02-13 14:02:29.224 D/MobileDataStateTracker(  206): [hipri]  MobileDataStateReceiver onReceive(): Entry.
02-13 14:02:29.224 D/MobileDataStateTracker(  206): [hipri]  intent.getAction()= android.intent.action.SERVICE_STATE
02-13 14:02:29.224 D/MobileDataStateTracker(  206): [hipri]  mEnabled = true
02-13 14:02:29.224 D/MobileDataStateTracker(  206): [dun]  MobileDataStateReceiver onReceive(): Entry.
02-13 14:02:29.224 D/MobileDataStateTracker(  206): [dun]  intent.getAction()= android.intent.action.SERVICE_STATE
02-13 14:02:29.224 D/MobileDataStateTracker(  206): [dun]  mEnabled = false
02-13 14:02:29.224 D/MobileDataStateTracker(  206): [supl]  MobileDataStateReceiver onReceive(): Entry.
02-13 14:02:29.224 D/MobileDataStateTracker(  206): [supl]  intent.getAction()= android.intent.action.SERVICE_STATE
02-13 14:02:29.224 D/MobileDataStateTracker(  206): [supl]  mEnabled = false
02-13 14:02:29.224 D/MobileDataStateTracker(  206): [mms]  MobileDataStateReceiver onReceive(): Entry.
02-13 14:02:29.224 D/MobileDataStateTracker(  206): [mms]  intent.getAction()= android.intent.action.SERVICE_STATE
02-13 14:02:29.224 D/MobileDataStateTracker(  206): [mms]  mEnabled = false
02-13 14:02:29.234 D/MobileDataStateTracker(  206): [default]  MobileDataStateReceiver onReceive(): Entry.
02-13 14:02:29.234 D/MobileDataStateTracker(  206): [default]  intent.getAction()= android.intent.action.SERVICE_STATE
02-13 14:02:29.234 D/MobileDataStateTracker(  206): [default]  mEnabled = true
02-13 14:02:29.234 D/CallManager(  331):  handleMessage (EVENT_SERVICE_STATE_CHANGED)
02-13 14:02:29.234 E/BT HS/HF(  331): SERVICE_STATE_CHANGED called
02-13 14:02:29.234 E/BT HS/HF(  331): updateServiceState called, sendUpdate:false  ServiceState:0 home Sprint  310099  EvDo rev. A CSS not supported 41 4139RoamInd: 1RoamStatus(sprint): 1DefRoamInd: 160EmergOnly: false
02-13 14:02:29.234 E/BT HS/HF(  331): service:1 mService:1
02-13 14:02:29.234 D/DATA    (  331): [DSST(0)]  registrationState = 1  radioTechnology = 8 reasonForDenial = 0
02-13 14:02:29.234 D/DATA    (  331): [DSST(0)]  set mNewDataConnectionState = 0
02-13 14:02:29.234 D/DATA    (  331): [DSST(0)]  mNewDataConnectionState : 0  mDataConnectionState : 0
02-13 14:02:29.234 D/DATA    (  331): [DSST(0)] Poll ServiceState done: oldSS=[0 home null null null  EvDo rev. A CSS not supported -1 -1RoamInd: -1RoamStatus(sprint): -1DefRoamInd: -1EmergOnly: false] newSS=[0 home null null null  EvDo rev. A CSS not supported -1 -1RoamInd: -1RoamStatus(sprint): -1DefRoamInd: -1EmergOnly: false]
02-13 14:02:29.234 D/DATA    (  331): [DSST(0)]  mDataConnectionState = 0
02-13 14:02:29.244 D/Mms     ( 1781): currentRoamingStatus:1
02-13 14:02:29.414 E/MediaPlayer( 2404): getCurrentPosition sec = 575134
02-13 14:02:29.414 E/MediaPlayer( 2404): getDuration_l mDuration = 1296418
02-13 14:02:30.425 E/MediaPlayer( 2404): getCurrentPosition sec = 576094
02-13 14:02:30.425 E/MediaPlayer( 2404): getDuration_l mDuration = 1296418
02-13 14:02:31.426 E/MediaPlayer( 2404): getCurrentPosition sec = 577055
02-13 14:02:31.426 E/MediaPlayer( 2404): getDuration_l mDuration = 1296418
02-13 14:02:32.437 E/MediaPlayer( 2404): getCurrentPosition sec = 578153
02-13 14:02:32.437 E/MediaPlayer( 2404): getDuration_l mDuration = 1296418
02-13 14:02:33.428 E/MediaPlayer( 2404): getCurrentPosition sec = 579113
