02-13 13:22:27.131 D/Bitmap  (  597):       android.os.Handler.dispatchMessage(Handler.java:99)
02-13 13:22:27.131 D/Bitmap  (  597):       android.os.Looper.loop(Looper.java:130)
02-13 13:22:27.131 D/Bitmap  (  597):       android.os.HandlerThread.run(HandlerThread.java:60)
02-13 13:22:27.131 D/Bitmap  (  597): _
02-13 13:22:27.131 D/Bitmap  (  597): Detect unrecycled bitmap.
02-13 13:22:27.131 D/Bitmap  (  597):       Size: 262144 Bytes, Width: 256 , Height: 256 , Hash code: 1079695056
02-13 13:22:27.131 D/Bitmap  (  597):  This bimap was created in:
02-13 13:22:27.131 D/Bitmap  (  597):       android.graphics.Bitmap.<init>(Bitmap.java:136)
02-13 13:22:27.131 D/Bitmap  (  597):       android.graphics.BitmapFactory.nativeDecodeStream(Native Method)
02-13 13:22:27.131 D/Bitmap  (  597):       android.graphics.BitmapFactory.decodeStream(BitmapFactory.java:470)
02-13 13:22:27.151 D/QC_NV_ITEMS(  597): QcNvItems instance created.
02-13 13:22:27.151 I/QC_RIL_OEM_HOOK(  597): QcRilOemHook Service Created Successfully
02-13 13:22:27.161 D/Bitmap  (  597):       android.graphics.BitmapFactory.decodeStream(BitmapFactory.java:525)
02-13 13:22:27.171 D/Bitmap  (  597):       com.sprint.zone.http.HttpClient.getPhotoBitmap(HttpClient.java:177)
02-13 13:22:27.171 D/Bitmap  (  597):       com.sprint.zone.UpdateService.updateContent(UpdateService.java:847)
02-13 13:22:27.171 D/Bitmap  (  597):       com.sprint.zone.UpdateService.performUpdate(UpdateService.java:337)
02-13 13:22:27.181 D/Bitmap  (  597):       com.sprint.zone.UpdateService.onHandleIntent(UpdateService.java:219)
02-13 13:22:27.181 D/Bitmap  (  597):       android.app.IntentService$ServiceHandler.handleMessage(IntentService.java:59)
02-13 13:22:27.181 D/Bitmap  (  597):       android.os.Handler.dispatchMessage(Handler.java:99)
02-13 13:22:27.181 D/Bitmap  (  597):       android.os.Looper.loop(Looper.java:130)
02-13 13:22:27.191 D/Bitmap  (  597):       android.os.HandlerThread.run(HandlerThread.java:60)
02-13 13:22:27.191 D/Bitmap  (  597): _
02-13 13:22:27.191 D/Bitmap  (  597): Detect unrecycled bitmap.
02-13 13:22:27.191 E/QC_NV_ITEMS(  597): ### getMipDataProfile, slot = 1
02-13 13:22:27.191 D/Bitmap  (  597):       Size: 61504 Bytes, Width: 124 , Height: 124 , Hash code: 1079788176
02-13 13:22:27.191 D/Bitmap  (  597):  This bimap was created in:
02-13 13:22:27.191 D/QC_NV_ITEMS(  597): ### doNvRead(465, 1)
02-13 13:22:27.191 D/Bitmap  (  597):       android.graphics.Bitmap.<init>(Bitmap.java:136)
02-13 13:22:27.191 D/Bitmap  (  597):       android.graphics.BitmapFactory.nativeDecodeStream(Native Method)
02-13 13:22:27.191 D/Bitmap  (  597):       android.graphics.BitmapFactory.decodeStream(BitmapFactory.java:470)
02-13 13:22:27.191 D/Bitmap  (  597):       android.graphics.BitmapFactory.decodeStream(BitmapFactory.java:525)
02-13 13:22:27.191 D/Bitmap  (  597):       com.sprint.zone.http.HttpClient.getPhotoBitmap(HttpClient.java:177)
02-13 13:22:27.191 D/QC_RIL_OEM_HOOK(  597): sendRilOemHookMsg: itemIdTemp-47
02-13 13:22:27.191 D/Bitmap  (  597):       com.sprint.zone.UpdateService.updateContent(UpdateService.java:847)
02-13 13:22:27.191 D/Bitmap  (  597):       com.sprint.zone.UpdateService.performUpdate(UpdateService.java:337)
02-13 13:22:27.191 D/Bitmap  (  597):       com.sprint.zone.UpdateService.onHandleIntent(UpdateService.java:219)
02-13 13:22:27.191 D/Bitmap  (  597):       android.app.IntentService$ServiceHandler.handleMessage(IntentService.java:59)
02-13 13:22:27.191 D/Bitmap  (  597):       android.os.Handler.dispatchMessage(Handler.java:99)
02-13 13:22:27.191 D/Bitmap  (  597):       android.os.Looper.loop(Looper.java:130)
02-13 13:22:27.191 D/Bitmap  (  597):       android.os.HandlerThread.run(HandlerThread.java:60)
02-13 13:22:27.191 D/Bitmap  (  597): _
02-13 13:22:27.191 D/Bitmap  (  597): Detect unrecycled bitmap.
02-13 13:22:27.191 D/Bitmap  (  597):       Size: 262144 Bytes, Width: 256 , Height: 256 , Hash code: 1079634016
02-13 13:22:27.191 D/Bitmap  (  597):  This bimap was created in:
02-13 13:22:27.191 D/Bitmap  (  597):       android.graphics.Bitmap.<init>(Bitmap.java:136)
02-13 13:22:27.191 D/Bitmap  (  597):       android.graphics.BitmapFactory.nativeDecodeStream(Native Method)
02-13 13:22:27.191 D/Bitmap  (  597):       android.graphics.BitmapFactory.decodeStream(BitmapFactory.java:470)
02-13 13:22:27.191 D/Bitmap  (  597):       android.graphics.BitmapFactory.decodeStream(BitmapFactory.java:525)
02-13 13:22:27.191 D/Bitmap  (  597):       com.sprint.zone.http.HttpClient.getPhotoBitmap(HttpClient.java:177)
02-13 13:22:27.201 D/QC_NV_ITEMS(  597): Received(465,1): 011f7a7465746573746163636f756e7432323140737072696e747063732e636f6d000000000000000000000000000000000000000000000000000000000000000000000000000000000001d204000001d20400000100000000ffffffff4c591c44
02-13 13:22:27.201 D/QC_NV_ITEMS(  597): 011f7a7465746573746163636f756e7432323140737072696e747063732e636f6d000000000000000000000000000000000000000000000000000000000000000000000000000000000001d204000001d20400000100000000ffffffff4c591c44
02-13 13:22:27.201 E/QmiItemTypes(  597):  index= 1
02-13 13:22:27.201 E/QmiItemTypes(  597):  nai len= 31
02-13 13:22:27.201 E/QmiItemTypes(  597):  nai str= ztetestaccount221@sprintpcs.com
02-13 13:22:27.201 D/Bitmap  (  597):       com.sprint.zone.UpdateService.updateContent(UpdateService.java:847)
02-13 13:22:27.201 D/Bitmap  (  597):       com.sprint.zone.UpdateService.performUpdate(UpdateService.java:337)
02-13 13:22:27.201 D/Bitmap  (  597):       com.sprint.zone.UpdateService.onHandleIntent(UpdateService.java:219)
02-13 13:22:27.201 D/Bitmap  (  597):       android.app.IntentService$ServiceHandler.handleMessage(IntentService.java:59)
02-13 13:22:27.201 D/Bitmap  (  597):       android.os.Handler.dispatchMessage(Handler.java:99)
02-13 13:22:27.201 D/Bitmap  (  597):       android.os.Looper.loop(Looper.java:130)
02-13 13:22:27.201 D/Bitmap  (  597):       android.os.HandlerThread.run(HandlerThread.java:60)
02-13 13:22:27.201 D/Bitmap  (  597): _
02-13 13:22:27.201 D/Bitmap  (  597): Detect unrecycled bitmap.
02-13 13:22:27.201 D/Bitmap  (  597):       Size: 1048576 Bytes, Width: 512 , Height: 512 , Hash code: 1079965352
02-13 13:22:27.201 D/Bitmap  (  597):  This bimap was created in:
02-13 13:22:27.201 D/Bitmap  (  597):       android.graphics.Bitmap.<init>(Bitmap.java:136)
02-13 13:22:27.201 D/Bitmap  (  597):       android.graphics.BitmapFactory.nativeDecodeStream(Native Method)
02-13 13:22:27.201 E/QmiItemTypes(  597):  mMnHaSpiSet= true
02-13 13:22:27.201 E/QmiItemTypes(  597):  mMnHaSpi= 1234
02-13 13:22:27.201 D/Bitmap  (  597):       android.graphics.BitmapFactory.decodeStream(BitmapFactory.java:470)
02-13 13:22:27.201 E/QmiItemTypes(  597):  mMnAaaSpiSet= true
02-13 13:22:27.201 D/Bitmap  (  597):       android.graphics.BitmapFactory.decodeStream(BitmapFactory.java:525)
02-13 13:22:27.201 E/QmiItemTypes(  597):  mMnAaaSpi= 1234
02-13 13:22:27.201 D/Bitmap  (  597):       com.sprint.zone.http.HttpClient.getPhotoBitmap(HttpClient.java:177)
02-13 13:22:27.201 E/QmiItemTypes(  597):  mRvsTnl= true
02-13 13:22:27.201 D/Bitmap  (  597):       com.sprint.zone.UpdateService.updateContent(UpdateService.java:847)
02-13 13:22:27.201 E/QmiItemTypes(  597):  home_addr= 0.0.0.0
02-13 13:22:27.201 D/Bitmap  (  597):       com.sprint.zone.UpdateService.performUpdate(UpdateService.java:337)
02-13 13:22:27.201 D/Bitmap  (  597):       com.sprint.zone.UpdateService.onHandleIntent(UpdateService.java:219)
02-13 13:22:27.201 E/QmiItemTypes(  597):  primary_ha_addr= 255.255.255.255
02-13 13:22:27.201 D/Bitmap  (  597):       android.app.IntentService$ServiceHandler.handleMessage(IntentService.java:59)
02-13 13:22:27.201 D/Bitmap  (  597):       android.os.Handler.dispatchMessage(Handler.java:99)
02-13 13:22:27.201 D/Bitmap  (  597):       android.os.Looper.loop(Looper.java:130)
02-13 13:22:27.201 D/Bitmap  (  597):       android.os.HandlerThread.run(HandlerThread.java:60)
02-13 13:22:27.201 E/QmiItemTypes(  597):  secondary_ha_addr= 68.28.89.76
02-13 13:22:27.201 D/Bitmap  (  597): _
02-13 13:22:27.201 D/Bitmap  (  597): Detect unrecycled bitmap.
02-13 13:22:27.211 D/Bitmap  (  597):       Size: 1048576 Bytes, Width: 512 , Height: 512 , Hash code: 1079740576
02-13 13:22:27.211 D/Bitmap  (  597):  This bimap was created in:
02-13 13:22:27.211 D/Bitmap  (  597):       android.graphics.Bitmap.<init>(Bitmap.java:136)
02-13 13:22:27.211 D/Bitmap  (  597):       android.graphics.BitmapFactory.nativeDecodeStream(Native Method)
02-13 13:22:27.211 D/Bitmap  (  597):       android.graphics.BitmapFactory.decodeStream(BitmapFactory.java:470)
02-13 13:22:27.211 D/Bitmap  (  597):       android.graphics.BitmapFactory.decodeStream(BitmapFactory.java:525)
02-13 13:22:27.211 D/Bitmap  (  597):       com.sprint.zone.http.HttpClient.getPhotoBitmap(HttpClient.java:177)
02-13 13:22:27.211 D/Bitmap  (  597):       com.sprint.zone.UpdateService.updateContent(UpdateService.java:847)
02-13 13:22:27.211 D/Bitmap  (  597):       com.sprint.zone.UpdateService.performUpdate(UpdateService.java:337)
02-13 13:22:27.211 D/Bitmap  (  597):       com.sprint.zone.UpdateService.onHandleIntent(UpdateService.java:219)
02-13 13:22:27.211 D/Bitmap  (  597):       android.app.IntentService$ServiceHandler.handleMessage(IntentService.java:59)
02-13 13:22:27.211 D/Bitmap  (  597):       android.os.Handler.dispatchMessage(Handler.java:99)
02-13 13:22:27.211 D/Bitmap  (  597):       android.os.Looper.loop(Looper.java:130)
02-13 13:22:27.211 D/Bitmap  (  597):       android.os.HandlerThread.run(HandlerThread.java:60)
02-13 13:22:27.211 D/Bitmap  (  597): _
02-13 13:22:27.211 D/Bitmap  (  597): Detect unrecycled bitmap.
02-13 13:22:27.211 D/Bitmap  (  597):       Size: 48400 Bytes, Width: 110 , Height: 110 , Hash code: 1079032008
02-13 13:22:27.211 D/Bitmap  (  597):  This bimap was created in:
02-13 13:22:27.211 D/Bitmap  (  597):       android.graphics.Bitmap.<init>(Bitmap.java:136)
02-13 13:22:27.211 D/Bitmap  (  597):       android.graphics.BitmapFactory.nativeDecodeStream(Native Method)
02-13 13:22:27.211 D/Bitmap  (  597):       android.graphics.BitmapFactory.decodeStream(BitmapFactory.java:470)
02-13 13:22:27.221 D/Bitmap  (  597):       android.graphics.BitmapFactory.decodeStream(BitmapFactory.java:525)
02-13 13:22:27.221 D/Bitmap  (  597):       com.sprint.zone.http.HttpClient.getPhotoBitmap(HttpClient.java:177)
02-13 13:22:27.221 D/Bitmap  (  597):       com.sprint.zone.UpdateService.updateContent(UpdateService.java:847)
02-13 13:22:27.221 D/Bitmap  (  597):       com.sprint.zone.UpdateService.performUpdate(UpdateService.java:337)
02-13 13:22:27.221 D/Bitmap  (  597):       com.sprint.zone.UpdateService.onHandleIntent(UpdateService.java:219)
02-13 13:22:27.221 D/Bitmap  (  597):       android.app.IntentService$ServiceHandler.handleMessage(IntentService.java:59)
02-13 13:22:27.221 D/Bitmap  (  597):       android.os.Handler.dispatchMessage(Handler.java:99)
02-13 13:22:27.221 D/Bitmap  (  597):       android.os.Looper.loop(Looper.java:130)
02-13 13:22:27.221 D/Bitmap  (  597):       android.os.HandlerThread.run(HandlerThread.java:60)
02-13 13:22:27.221 D/Bitmap  (  597): _
02-13 13:22:30.244 I/dun_service(  130): The value returned from dun_getusbmodemstate_fromsys is 2 
02-13 13:22:30.264 D/KeyguardUpdateMonitor(  206): received broadcast android.intent.action.BATTERY_CHANGED
02-13 13:22:30.264 D/KeyguardUpdateMonitor(  206): handleBatteryUpdate
02-13 13:22:30.484 W/AlarmManager(  206): +++Alarm  wakeup phone ,pkg=android
02-13 13:22:30.494 W/AlarmManager(  206): +++alarm onSendFinished ,action=com.android.internal.policy.impl.PhoneWindowManager.DELAYED_KEYGUARD
02-13 13:22:31.745 W/KeyCharacterMap(  678): Can't open keycharmap file
02-13 13:22:31.745 W/KeyCharacterMap(  678): Error loading keycharmap file '/system/usr/keychars/synaptics-rmi4-ts.kcm.bin'. hw.keyboards.262146.devname='synaptics-rmi4-ts'
02-13 13:22:31.745 W/KeyCharacterMap(  678): Using default keymap: /system/usr/keychars/qwerty.kcm.bin
02-13 13:22:31.745 I/vDM     (  419): KeyCode = 4
02-13 13:22:31.755 I/vDM     (  419): Vdmc getInstance
02-13 13:22:31.755 I/vDM     (  419): Vdmc getInstance
02-13 13:22:31.755 D/DMC     (  419): MyCIMMI getInstance
02-13 13:22:31.755 I/vDM     (  419): Vdmc getInstance
02-13 13:22:31.876 D/KeyguardViewMediator(  206): setHidden false
02-13 13:22:31.876 I/hubo    (  206): Activity {com.android.settings/com.android.settings.Settings}
02-13 13:22:31.886 D/KeyguardViewMediator(  206): setHidden false
02-13 13:22:31.906 D/KeyguardViewMediator(  206): setHidden false
02-13 13:22:31.906 D/KeyguardViewMediator(  206): setHidden false
02-13 13:22:31.906 I/vDM     (  419): KeyCode = 4
02-13 13:22:31.906 I/vDM     (  419): Vdmc getInstance
02-13 13:22:31.906 I/vDM     (  419): Vdmc getInstance
02-13 13:22:31.906 D/DMC     (  419): MyCIMMI getInstance
02-13 13:22:31.906 I/vDM     (  419): Vdmc getInstance
02-13 13:22:31.916 D/KeyguardViewMediator(  206): setHidden false
02-13 13:22:31.916 D/KeyguardViewMediator(  206): setHidden false
02-13 13:22:31.936 D/KeyguardViewMediator(  206): setHidden false
02-13 13:22:31.946 D/KeyguardViewMediator(  206): setHidden false
02-13 13:22:31.966 D/KeyguardViewMediator(  206): setHidden false
02-13 13:22:31.976 D/KeyguardViewMediator(  206): setHidden false
02-13 13:22:31.996 D/KeyguardViewMediator(  206): setHidden false
02-13 13:22:32.016 D/KeyguardViewMediator(  206): setHidden false
02-13 13:22:32.026 D/KeyguardViewMediator(  206): setHidden false
02-13 13:22:32.046 D/KeyguardViewMediator(  206): setHidden false
02-13 13:22:32.066 D/KeyguardViewMediator(  206): setHidden false
02-13 13:22:32.086 D/KeyguardViewMediator(  206): setHidden false
02-13 13:22:32.096 D/KeyguardViewMediator(  206): setHidden false
02-13 13:22:32.106 D/KeyguardViewMediator(  206): setHidden false
02-13 13:22:33.187 I/vDM     (  419): KeyCode = 82
02-13 13:22:33.187 I/vDM     (  419): Vdmc getInstance
02-13 13:22:33.187 I/vDM     (  419): Vdmc getInstance
02-13 13:22:33.187 D/DMC     (  419): MyCIMMI getInstance
02-13 13:22:33.187 I/vDM     (  419): Vdmc getInstance
02-13 13:22:33.277 I/vDM     (  419): KeyCode = 82
02-13 13:22:33.277 I/vDM     (  419): Vdmc getInstance
02-13 13:22:33.277 I/vDM     (  419): Vdmc getInstance
02-13 13:22:33.277 D/DMC     (  419): MyCIMMI getInstance
02-13 13:22:33.277 I/vDM     (  419): Vdmc getInstance
02-13 13:22:33.437 I/vDM     (  419): KeyCode = 3
02-13 13:22:33.437 I/vDM     (  419): Vdmc getInstance
02-13 13:22:33.437 I/vDM     (  419): Vdmc getInstance
02-13 13:22:33.437 D/DMC     (  419): MyCIMMI getInstance
02-13 13:22:33.437 I/vDM     (  419): Vdmc getInstance
02-13 13:22:33.547 I/wpa_supplicant(  304): State: INACTIVE -> SCANNING
02-13 13:22:33.547 I/wpa_supplicant(  304): CTRL-EVENT-STATE-CHANGE id=-1 state=2 BSSID=00:00:00:00:00:00
02-13 13:22:33.547 D/NetworkStateTracker(  206): setDetailed state, old =IDLE and new state=SCANNING
02-13 13:22:33.657 D/KeyguardViewMediator(  206): setHidden false
02-13 13:22:33.667 I/vDM     (  419): KeyCode = 3
02-13 13:22:33.667 D/Launcher(  900): onNewIntent()android.intent.action.MAIN
02-13 13:22:33.667 D/Launcher(  900): Closing system Dialogs 
02-13 13:22:33.667 D/KeyguardViewMediator(  206): setHidden false
02-13 13:22:33.677 I/hubo    (  206): Activity {com.android.launcher/com.android.launcher2.Launcher}
02-13 13:22:33.677 D/Warhol  (  900): A pack appears to be installed -- skipping Installer
02-13 13:22:33.677 D/KeyguardViewMediator(  206): setHidden false
02-13 13:22:33.687 D/Launcher(  900): Closing system Dialogs 
02-13 13:22:33.697 D/KeyguardViewMediator(  206): setHidden false
02-13 13:22:33.707 I/vDM     (  419): Vdmc getInstance
02-13 13:22:33.707 D/KeyguardViewMediator(  206): setHidden false
02-13 13:22:33.717 D/KeyguardViewMediator(  206): setHidden false
02-13 13:22:33.717 D/KeyguardViewMediator(  206): setHidden false
02-13 13:22:33.717 I/vDM     (  419): Vdmc getInstance
02-13 13:22:33.717 D/DMC     (  419): MyCIMMI getInstance
02-13 13:22:33.717 I/vDM     (  419): Vdmc getInstance
02-13 13:22:33.737 D/KeyguardViewMediator(  206): setHidden false
02-13 13:22:33.747 D/DATA    (  331): [DSST(0)] pollstate() : reason = data network state changed
02-13 13:22:33.747 D/KeyguardViewMediator(  206): setHidden false
02-13 13:22:33.767 D/KeyguardViewMediator(  206): setHidden false
02-13 13:22:33.777 D/KeyguardViewMediator(  206): setHidden false
02-13 13:22:33.797 D/KeyguardViewMediator(  206): setHidden false
02-13 13:22:33.807 D/MobileDataStateTracker(  206): [hipri]  MobileDataStateReceiver onReceive(): Entry.
02-13 13:22:33.807 D/MobileDataStateTracker(  206): [hipri]  intent.getAction()= android.intent.action.SERVICE_STATE
02-13 13:22:33.807 D/MobileDataStateTracker(  206): [hipri]  mEnabled = false
02-13 13:22:33.807 D/MobileDataStateTracker(  206): [dun]  MobileDataStateReceiver onReceive(): Entry.
02-13 13:22:33.807 D/MobileDataStateTracker(  206): [dun]  intent.getAction()= android.intent.action.SERVICE_STATE
02-13 13:22:33.807 D/MobileDataStateTracker(  206): [dun]  mEnabled = false
02-13 13:22:33.807 D/MobileDataStateTracker(  206): [supl]  MobileDataStateReceiver onReceive(): Entry.
02-13 13:22:33.807 D/MobileDataStateTracker(  206): [supl]  intent.getAction()= android.intent.action.SERVICE_STATE
02-13 13:22:33.807 D/MobileDataStateTracker(  206): [supl]  mEnabled = false
02-13 13:22:33.817 D/MobileDataStateTracker(  206): [mms]  MobileDataStateReceiver onReceive(): Entry.
02-13 13:22:33.817 D/MobileDataStateTracker(  206): [mms]  intent.getAction()= android.intent.action.SERVICE_STATE
02-13 13:22:33.817 D/MobileDataStateTracker(  206): [mms]  mEnabled = false
02-13 13:22:33.817 D/KeyguardViewMediator(  206): setHidden false
02-13 13:22:33.817 D/MobileDataStateTracker(  206): [default]  MobileDataStateReceiver onReceive(): Entry.
02-13 13:22:33.817 D/MobileDataStateTracker(  206): [default]  intent.getAction()= android.intent.action.SERVICE_STATE
02-13 13:22:33.817 D/MobileDataStateTracker(  206): [default]  mEnabled = true
02-13 13:22:33.827 D/CallManager(  331):  handleMessage (EVENT_SERVICE_STATE_CHANGED)
02-13 13:22:33.827 E/BT HS/HF(  331): SERVICE_STATE_CHANGED called
02-13 13:22:33.827 E/BT HS/HF(  331): updateServiceState called, sendUpdate:false  ServiceState:0 home Sprint  310099  EvDo rev. A CSS not supported 41 4139RoamInd: 1RoamStatus(sprint): 1DefRoamInd: 160EmergOnly: false
02-13 13:22:33.827 E/BT HS/HF(  331): service:1 mService:1
02-13 13:22:33.827 D/DATA    (  331): [DSST(0)]  registrationState = 1  radioTechnology = 8 reasonForDenial = 0
02-13 13:22:33.827 D/KeyguardViewMediator(  206): setHidden false
02-13 13:22:33.838 D/DATA    (  331): [DSST(0)]  set mNewDataConnectionState = 0
02-13 13:22:33.838 D/DATA    (  331): [DSST(0)]  mNewDataConnectionState : 0  mDataConnectionState : 0
02-13 13:22:33.838 D/DATA    (  331): [DSST(0)] Poll ServiceState done: oldSS=[0 home null null null  EvDo rev. A CSS not supported -1 -1RoamInd: -1RoamStatus(sprint): -1DefRoamInd: -1EmergOnly: false] newSS=[0 home null null null  EvDo rev. A CSS not supported -1 -1RoamInd: -1RoamStatus(sprint): -1DefRoamInd: -1EmergOnly: false]
02-13 13:22:33.838 D/DATA    (  331): [DSST(0)]  mDataConnectionState = 0
02-13 13:22:33.848 D/KeyguardViewMediator(  206): setHidden false
02-13 13:22:33.858 D/Mms     ( 1108): currentRoamingStatus:1
02-13 13:22:33.868 D/KeyguardViewMediator(  206): setHidden false
02-13 13:22:33.878 D/KeyguardViewMediator(  206): setHidden false
02-13 13:22:33.898 D/KeyguardViewMediator(  206): setHidden false
02-13 13:22:33.908 D/KeyguardViewMediator(  206): setHidden false
02-13 13:22:33.938 D/KeyguardViewMediator(  206): setHidden false
02-13 13:22:33.948 D/KeyguardViewMediator(  206): setHidden false
02-13 13:22:33.958 D/KeyguardViewMediator(  206): setHidden false
02-13 13:22:33.978 D/KeyguardViewMediator(  206): setHidden false
02-13 13:22:33.988 D/KeyguardViewMediator(  206): setHidden false
02-13 13:22:34.008 D/KeyguardViewMediator(  206): setHidden false
02-13 13:22:34.028 D/KeyguardViewMediator(  206): setHidden false
02-13 13:22:34.078 D/KeyguardViewMediator(  206): setHidden false
02-13 13:22:34.498 I/wpa_supplicant(  304): State: SCANNING -> INACTIVE
02-13 13:22:34.498 I/wpa_supplicant(  304): CTRL-EVENT-STATE-CHANGE id=-1 state=1 BSSID=00:00:00:00:00:00
02-13 13:22:34.508 I/dun_service(  130): process rmnet event
02-13 13:22:34.508 I/dun_service(  130): Post event 4
02-13 13:22:34.508 I/dun_service(  130): received event: DUN_EVENT_RMNET_UP 
02-13 13:22:34.508 I/dun_service(  130): received event(DUN_EVENT_RMNET_UP) in state(DUN_STATE_USB_UNPLUG)
02-13 13:22:34.508 I/dun_service(  130): Ignoring the event DUN_EVENT_RMNET_UP in USB_UNPLUG_STATE
02-13 13:22:34.508 I/dun_service(  130): Moved to state(DUN_STATE_USB_UNPLUG)
02-13 13:22:34.508 D/NetworkStateTracker(  206): setDetailed state, old =SCANNING and new state=IDLE
02-13 13:22:34.508 D/WifiStateTracker(  206): setNotificationVisible() visible=false mNotificationShown=false force=false return.
02-13 13:22:34.508 D/Warhol  (  900): Adding *PHONE* hotseat ...
02-13 13:22:34.518 D/Launcher(  900): loadHotseats: hotseat 0 final intent=[intent:#Intent;action=android.intent.action.MAIN;component=com.android.contacts/.DialtactsActivity;end] label=[Dialer]
02-13 13:22:34.518 D/Warhol  (  900): Adding *WARHOL* hotseat...
02-13 13:22:34.518 D/Warhol  (  900): Warhol uri = intent:#Intent;action=android.intent.action.MAIN;launchFlags=0x10200000;component=com.sprint.w.installer/.ServicePackSwitcher;end
02-13 13:22:34.518 D/Launcher(  900): loadHotseats: hotseat 1 final intent=[intent:#Intent;action=android.intent.action.MAIN;component=com.sprint.w.installer/.ServicePackSwitcher;end] label=[Pick your ID]
02-13 13:22:34.518 D/Launcher(  900): onSaveInstanceState
02-13 13:22:34.518 D/Launcher(  900): Dissmis Preview for view :null ID:2131230735
02-13 13:22:34.518 D/Launcher(  900): Dissmis Preview for view :null ID:2131230736
02-13 13:22:34.518 D/Launcher(  900): Dissmis Preview for view :null ID:2131230739
02-13 13:22:34.518 D/Launcher(  900): Dissmis Preview for view :null ID:2131230741
02-13 13:22:34.528 D/KeyguardViewMediator(  206): setHidden false
02-13 13:22:34.528 I/Dailtacts(  402): setcurrentTab name = com.android.contacts.DialtactsActivity
02-13 13:22:34.528 I/SmartDialerActivity(  402): onResume
02-13 13:22:34.528 D/AudioTrack(  402): Request AudioFlinger to create track
02-13 13:22:34.528 D/AudioFlinger(  121): createTrack() lSessionId: 24
02-13 13:22:34.538 D/AudioFlinger(  121): Track constructor name 4098, calling thread 402
02-13 13:22:34.538 I/SmartDialerActivity(  402): parent = null
02-13 13:22:34.538 I/SmartDialerActivity(  402): contactAccessor = com.android.contacts.smartdialer.ContactAccessorSdk5@40577730
02-13 13:22:34.538 I/SmartDialerActivity(  402): newData
02-13 13:22:34.538 I/ContactAccessorSdk5(  402): Phone.CONTENT_FILTER_URI = content://com.android.contacts/data/phones/filter
02-13 13:22:34.538 I/ContactAccessorSdk5(  402): recalculate number = *983*87274#
02-13 13:22:34.538 I/ContactAccessorSdk5(  402): recalculate filterName = [*][9WXYZ][8TUV][3DEF][*][8TUV][7PQRS][2ABC][7PQRS][4GHI][#]
02-13 13:22:34.538 I/ContactAccessorSdk5(  402): recalculate reversed = #47278*389*
02-13 13:22:34.538 I/ContactAccessorSdk5(  402): mQueryHandler = Handler{40570df8}
02-13 13:22:34.538 W/CallLogProvider(  402): query: match = 4
02-13 13:22:34.538 D/CallLogProvider(  402): DIALER_CALLS
02-13 13:22:34.538 I/ContactsProvider(  402): query: content://com.android.contacts/contacts/dailkey_filter/*983*87274#
02-13 13:22:34.538 I/ContactsProvider(  402): query isCallerRegistered= true
02-13 13:22:34.538 I/ContactsProvider(  402): query forOnlyOneContactString= 0
02-13 13:22:34.538 D/ContactsProvider(  402):  query in DIALKEY_FILTER
02-13 13:22:34.538 I/ContactsProvider(  402): reversed number=#47278*389*
02-13 13:22:34.538 I/ContactsProvider(  402): original sortOrder = sort_key
02-13 13:22:34.538 I/ContactsProvider(  402): changed sortOrder = REPLACE(dialer_number_header,' ','') GLOB '*983*87274#*' DESC, REPLACE(dialer_number_full,' ','') GLOB '*983*87274#*' DESC, sort_key
02-13 13:22:34.548 D/SmartDialerActivity(  402): updateAddtoContactsButtonEnabledStatetrue
02-13 13:22:34.548 D/KeyguardViewMediator(  206): setHidden false
02-13 13:22:34.548 I/hubo    (  206): Activity {com.android.contacts/com.android.contacts.DialtactsActivity}
02-13 13:22:34.558 I/SmartDialerActivity(  402): showDialpadChooser:false
02-13 13:22:34.558 I/SmartDialerActivity(  402): Displaying normal Dialer UI.
02-13 13:22:34.558 D/KeyguardViewMediator(  206): setHidden false
02-13 13:22:34.588 D/KeyguardViewMediator(  206): setHidden false
02-13 13:22:34.588 D/KeyguardViewMediator(  206): setHidden false
02-13 13:22:34.598 I/ContactAccessorSdk5(  402): mergeCursor.getCount = 0
02-13 13:22:34.598 I/ContactAccessorSdk5(  402): activity.myAdapter = com.android.contacts.smartdialer.contactsAdapter@40679090
02-13 13:22:34.598 D/KeyguardViewMediator(  206): setHidden false
02-13 13:22:34.608 D/KeyguardViewMediator(  206): setHidden false
02-13 13:22:34.618 D/KeyguardViewMediator(  206): setHidden false
02-13 13:22:34.628 D/KeyguardViewMediator(  206): setHidden false
02-13 13:22:34.638 D/KeyguardViewMediator(  206): setHidden false
02-13 13:22:34.648 D/KeyguardViewMediator(  206): setHidden false
02-13 13:22:34.668 D/KeyguardViewMediator(  206): setHidden false
02-13 13:22:34.678 D/KeyguardViewMediator(  206): setHidden false
02-13 13:22:34.698 D/KeyguardViewMediator(  206): setHidden false
02-13 13:22:34.718 D/KeyguardViewMediator(  206): setHidden false
02-13 13:22:34.728 D/KeyguardViewMediator(  206): setHidden false
02-13 13:22:34.748 D/KeyguardViewMediator(  206): setHidden false
02-13 13:22:34.758 D/KeyguardViewMediator(  206): setHidden false
02-13 13:22:34.778 D/KeyguardViewMediator(  206): setHidden false
02-13 13:22:34.798 D/KeyguardViewMediator(  206): setHidden false
02-13 13:22:34.808 D/KeyguardViewMediator(  206): setHidden false
02-13 13:22:34.828 D/KeyguardViewMediator(  206): setHidden false
02-13 13:22:34.848 D/KeyguardViewMediator(  206): setHidden false
02-13 13:22:34.859 D/KeyguardViewMediator(  206): setHidden false
02-13 13:22:34.879 D/KeyguardViewMediator(  206): setHidden false
02-13 13:22:34.889 D/KeyguardViewMediator(  206): setHidden false
02-13 13:22:34.909 D/KeyguardViewMediator(  206): setHidden false
02-13 13:22:34.909 D/KeyguardViewMediator(  206): setHidden false
02-13 13:22:35.439 I/SmartDialerActivity(  402): Enter onInterceptTouchEvent 0x=307.7686y=143.55685
02-13 13:22:35.449 I/SmartDialerActivity(  402): Enter onInterceptTouchEvent 2x=305.12396y=143.55685
02-13 13:22:35.459 I/SmartDialerActivity(  402): Enter onInterceptTouchEvent 2x=301.157y=143.88766
02-13 13:22:35.469 I/SmartDialerActivity(  402): Enter onInterceptTouchEvent 2x=300.16528y=144.88008
02-13 13:22:35.479 I/SmartDialerActivity(  402): Enter onInterceptTouchEvent 2x=299.50412y=145.21089
02-13 13:22:35.519 I/SmartDialerActivity(  402): Enter onInterceptTouchEvent 2x=299.17355y=145.21089
02-13 13:22:35.559 I/SmartDialerActivity(  402): Enter onInterceptTouchEvent 2x=300.49585y=144.88008
02-13 13:22:35.579 I/SmartDialerActivity(  402): Enter onInterceptTouchEvent 2x=304.4628y=143.55685
02-13 13:22:35.589 I/SmartDialerActivity(  402): Enter onInterceptTouchEvent 1x=307.7686y=142.89525
02-13 13:22:35.589 D/SmartDialerActivity(  402): keyPressed67
02-13 13:22:35.599 D/SmartDialerActivity(  402): afterTextChanged
02-13 13:22:35.599 D/SmartDialerActivity(  402): updateAddtoContactsButtonEnabledStatetrue
02-13 13:22:35.599 D/SmartDialerActivity(  402): getDelayTime = 0
02-13 13:22:35.599 D/SmartDialerActivity(  402): afterTextChanged
02-13 13:22:35.599 D/SmartDialerActivity(  402): updateAddtoContactsButtonEnabledStatetrue
02-13 13:22:35.599 D/SmartDialerActivity(  402): getDelayTime = 0
02-13 13:22:35.599 I/ContactAccessorSdk5(  402): Phone.CONTENT_FILTER_URI = content://com.android.contacts/data/phones/filter
02-13 13:22:35.599 I/ContactAccessorSdk5(  402): recalculate number = *983*87274
02-13 13:22:35.599 I/ContactAccessorSdk5(  402): recalculate filterName = [*][9WXYZ][8TUV][3DEF][*][8TUV][7PQRS][2ABC][7PQRS][4GHI]
02-13 13:22:35.599 I/ContactAccessorSdk5(  402): recalculate reversed = 47278*389*
02-13 13:22:35.599 I/ContactAccessorSdk5(  402): mQueryHandler = Handler{40570df8}
02-13 13:22:35.599 W/CallLogProvider(  402): query: match = 4
02-13 13:22:35.599 D/CallLogProvider(  402): DIALER_CALLS
02-13 13:22:35.599 I/ContactsProvider(  402): query: content://com.android.contacts/contacts/dailkey_filter/*983*87274
02-13 13:22:35.599 I/ContactsProvider(  402): query isCallerRegistered= true
02-13 13:22:35.599 I/ContactsProvider(  402): query forOnlyOneContactString= 0
02-13 13:22:35.599 D/ContactsProvider(  402):  query in DIALKEY_FILTER
02-13 13:22:35.609 I/ContactsProvider(  402): reversed number=47278*389*
02-13 13:22:35.609 I/ContactsProvider(  402): original sortOrder = sort_key
02-13 13:22:35.609 I/ContactsProvider(  402): changed sortOrder = REPLACE(dialer_number_header,' ','') GLOB '*983*87274*' DESC, REPLACE(dialer_number_full,' ','') GLOB '*983*87274*' DESC, sort_key
02-13 13:22:35.609 I/ContactAccessorSdk5(  402): mergeCursor.getCount = 0
02-13 13:22:35.609 I/ContactAccessorSdk5(  402): activity.myAdapter = com.android.contacts.smartdialer.contactsAdapter@40679090
02-13 13:22:35.669 I/SmartDialerActivity(  402): Enter onInterceptTouchEvent 0x=309.0909y=141.90283
02-13 13:22:35.689 I/SmartDialerActivity(  402): Enter onInterceptTouchEvent 2x=307.43802y=142.23364
02-13 13:22:35.699 I/SmartDialerActivity(  402): Enter onInterceptTouchEvent 2x=304.7934y=142.89525
02-13 13:22:35.709 I/SmartDialerActivity(  402): Enter onInterceptTouchEvent 2x=302.8099y=143.55685
02-13 13:22:35.719 I/SmartDialerActivity(  402): Enter onInterceptTouchEvent 2x=301.4876y=143.88766
02-13 13:22:35.779 I/SmartDialerActivity(  402): Enter onInterceptTouchEvent 2x=301.81818y=144.21848
02-13 13:22:35.799 I/SmartDialerActivity(  402): Enter onInterceptTouchEvent 2x=305.45453y=143.22606
02-13 13:22:35.809 I/SmartDialerActivity(  402): Enter onInterceptTouchEvent 2x=312.3967y=141.24121
02-13 13:22:35.819 I/SmartDialerActivity(  402): Enter onInterceptTouchEvent 1x=318.3471y=140.5796
02-13 13:22:35.819 D/SmartDialerActivity(  402): keyPressed67
02-13 13:22:35.819 D/SmartDialerActivity(  402): afterTextChanged
02-13 13:22:35.819 D/SmartDialerActivity(  402): updateAddtoContactsButtonEnabledStatetrue
02-13 13:22:35.819 D/SmartDialerActivity(  402): getDelayTime = 0
02-13 13:22:35.819 D/SmartDialerActivity(  402): afterTextChanged
02-13 13:22:35.819 D/SmartDialerActivity(  402): updateAddtoContactsButtonEnabledStatetrue
02-13 13:22:35.819 D/SmartDialerActivity(  402): getDelayTime = 0
02-13 13:22:35.829 I/ContactAccessorSdk5(  402): Phone.CONTENT_FILTER_URI = content://com.android.contacts/data/phones/filter
02-13 13:22:35.829 I/ContactAccessorSdk5(  402): recalculate number = *983*8727
02-13 13:22:35.829 I/ContactAccessorSdk5(  402): recalculate filterName = [*][9WXYZ][8TUV][3DEF][*][8TUV][7PQRS][2ABC][7PQRS]
02-13 13:22:35.829 I/ContactAccessorSdk5(  402): recalculate reversed = 7278*389*
02-13 13:22:35.829 I/ContactAccessorSdk5(  402): mQueryHandler = Handler{40570df8}
02-13 13:22:35.829 W/CallLogProvider(  402): query: match = 4
02-13 13:22:35.829 D/CallLogProvider(  402): DIALER_CALLS
02-13 13:22:35.829 I/ContactsProvider(  402): query: content://com.android.contacts/contacts/dailkey_filter/*983*8727
02-13 13:22:35.829 I/ContactsProvider(  402): query isCallerRegistered= true
02-13 13:22:35.829 I/ContactsProvider(  402): query forOnlyOneContactString= 0
02-13 13:22:35.829 D/ContactsProvider(  402):  query in DIALKEY_FILTER
02-13 13:22:35.829 I/ContactsProvider(  402): reversed number=7278*389*
02-13 13:22:35.829 I/ContactsProvider(  402): original sortOrder = sort_key
02-13 13:22:35.829 I/ContactsProvider(  402): changed sortOrder = REPLACE(dialer_number_header,' ','') GLOB '*983*8727*' DESC, REPLACE(dialer_number_full,' ','') GLOB '*983*8727*' DESC, sort_key
02-13 13:22:35.839 I/ContactAccessorSdk5(  402): mergeCursor.getCount = 0
02-13 13:22:35.839 I/ContactAccessorSdk5(  402): activity.myAdapter = com.android.contacts.smartdialer.contactsAdapter@40679090
02-13 13:22:35.869 I/SmartDialerActivity(  402): Enter onInterceptTouchEvent 0x=319.6694y=140.2488
02-13 13:22:35.890 I/SmartDialerActivity(  402): Enter onInterceptTouchEvent 2x=315.3719y=140.91042
02-13 13:22:35.900 I/SmartDialerActivity(  402): Enter onInterceptTouchEvent 2x=311.40494y=142.23364
02-13 13:22:35.910 I/SmartDialerActivity(  402): Enter onInterceptTouchEvent 2x=308.7603y=142.56444
02-13 13:22:35.950 I/SmartDialerActivity(  402): Enter onInterceptTouchEvent 2x=307.10742y=142.56444
02-13 13:22:35.990 I/SmartDialerActivity(  402): Enter onInterceptTouchEvent 2x=308.7603y=142.56444
02-13 13:22:36.000 I/SmartDialerActivity(  402): Enter onInterceptTouchEvent 2x=312.72726y=141.57202
02-13 13:22:36.010 I/SmartDialerActivity(  402): Enter onInterceptTouchEvent 1x=314.71072y=141.24121
02-13 13:22:36.010 D/SmartDialerActivity(  402): keyPressed67
02-13 13:22:36.010 D/SmartDialerActivity(  402): afterTextChanged
02-13 13:22:36.010 D/SmartDialerActivity(  402): updateAddtoContactsButtonEnabledStatetrue
02-13 13:22:36.010 D/SmartDialerActivity(  402): getDelayTime = 0
02-13 13:22:36.010 D/SmartDialerActivity(  402): afterTextChanged
02-13 13:22:36.010 D/SmartDialerActivity(  402): updateAddtoContactsButtonEnabledStatetrue
02-13 13:22:36.010 D/SmartDialerActivity(  402): getDelayTime = 0
02-13 13:22:36.010 I/ContactAccessorSdk5(  402): Phone.CONTENT_FILTER_URI = content://com.android.contacts/data/phones/filter
02-13 13:22:36.020 I/ContactAccessorSdk5(  402): recalculate number = *983*872
02-13 13:22:36.020 I/ContactAccessorSdk5(  402): recalculate filterName = [*][9WXYZ][8TUV][3DEF][*][8TUV][7PQRS][2ABC]
02-13 13:22:36.020 I/ContactAccessorSdk5(  402): recalculate reversed = 278*389*
02-13 13:22:36.020 I/ContactAccessorSdk5(  402): mQueryHandler = Handler{40570df8}
02-13 13:22:36.020 W/CallLogProvider(  402): query: match = 4
02-13 13:22:36.020 D/CallLogProvider(  402): DIALER_CALLS
02-13 13:22:36.020 I/ContactsProvider(  402): query: content://com.android.contacts/contacts/dailkey_filter/*983*872
02-13 13:22:36.020 I/ContactsProvider(  402): query isCallerRegistered= true
02-13 13:22:36.020 I/ContactsProvider(  402): query forOnlyOneContactString= 0
02-13 13:22:36.020 D/ContactsProvider(  402):  query in DIALKEY_FILTER
02-13 13:22:36.020 I/ContactsProvider(  402): reversed number=278*389*
02-13 13:22:36.020 I/ContactsProvider(  402): original sortOrder = sort_key
02-13 13:22:36.020 I/ContactsProvider(  402): changed sortOrder = REPLACE(dialer_number_header,' ','') GLOB '*983*872*' DESC, REPLACE(dialer_number_full,' ','') GLOB '*983*872*' DESC, sort_key
02-13 13:22:36.030 I/ContactAccessorSdk5(  402): mergeCursor.getCount = 0
02-13 13:22:36.030 I/ContactAccessorSdk5(  402): activity.myAdapter = com.android.contacts.smartdialer.contactsAdapter@40679090
02-13 13:22:36.080 I/SmartDialerActivity(  402): Enter onInterceptTouchEvent 0x=319.6694y=138.26396
02-13 13:22:36.100 I/SmartDialerActivity(  402): Enter onInterceptTouchEvent 2x=319.6694y=137.60234
02-13 13:22:36.110 I/SmartDialerActivity(  402): Enter onInterceptTouchEvent 2x=318.3471y=137.93315
02-13 13:22:36.130 I/SmartDialerActivity(  402): Enter onInterceptTouchEvent 2x=316.36362y=138.92557
02-13 13:22:36.160 I/SmartDialerActivity(  402): Enter onInterceptTouchEvent 2x=316.36362y=139.25638
02-13 13:22:36.170 I/SmartDialerActivity(  402): Enter onInterceptTouchEvent 2x=318.3471y=138.26396
02-13 13:22:36.190 I/SmartDialerActivity(  402): Enter onInterceptTouchEvent 2x=319.6694y=137.60234
02-13 13:22:36.200 I/SmartDialerActivity(  402): Enter onInterceptTouchEvent 1x=319.6694y=138.59477
02-13 13:22:36.200 D/SmartDialerActivity(  402): keyPressed67
02-13 13:22:36.200 D/SmartDialerActivity(  402): afterTextChanged
02-13 13:22:36.200 D/SmartDialerActivity(  402): updateAddtoContactsButtonEnabledStatetrue
02-13 13:22:36.200 D/SmartDialerActivity(  402): getDelayTime = 0
02-13 13:22:36.200 D/SmartDialerActivity(  402): afterTextChanged
02-13 13:22:36.200 D/SmartDialerActivity(  402): updateAddtoContactsButtonEnabledStatetrue
02-13 13:22:36.200 D/SmartDialerActivity(  402): getDelayTime = 0
02-13 13:22:36.210 I/ContactAccessorSdk5(  402): Phone.CONTENT_FILTER_URI = content://com.android.contacts/data/phones/filter
02-13 13:22:36.210 I/ContactAccessorSdk5(  402): recalculate number = *983*87
02-13 13:22:36.210 I/ContactAccessorSdk5(  402): recalculate filterName = [*][9WXYZ][8TUV][3DEF][*][8TUV][7PQRS]
02-13 13:22:36.210 I/ContactAccessorSdk5(  402): recalculate reversed = 78*389*
02-13 13:22:36.210 I/ContactAccessorSdk5(  402): mQueryHandler = Handler{40570df8}
02-13 13:22:36.210 W/CallLogProvider(  402): query: match = 4
02-13 13:22:36.210 D/CallLogProvider(  402): DIALER_CALLS
02-13 13:22:36.210 I/ContactsProvider(  402): query: content://com.android.contacts/contacts/dailkey_filter/*983*87
02-13 13:22:36.210 I/ContactsProvider(  402): query isCallerRegistered= true
02-13 13:22:36.210 I/ContactsProvider(  402): query forOnlyOneContactString= 0
02-13 13:22:36.210 D/ContactsProvider(  402):  query in DIALKEY_FILTER
02-13 13:22:36.210 I/ContactsProvider(  402): reversed number=78*389*
02-13 13:22:36.210 I/ContactsProvider(  402): original sortOrder = sort_key
02-13 13:22:36.210 I/ContactsProvider(  402): changed sortOrder = REPLACE(dialer_number_header,' ','') GLOB '*983*87*' DESC, REPLACE(dialer_number_full,' ','') GLOB '*983*87*' DESC, sort_key
02-13 13:22:36.220 I/ContactAccessorSdk5(  402): mergeCursor.getCount = 0
02-13 13:22:36.220 I/ContactAccessorSdk5(  402): activity.myAdapter = com.android.contacts.smartdialer.contactsAdapter@40679090
02-13 13:22:36.280 I/SmartDialerActivity(  402): Enter onInterceptTouchEvent 0x=319.6694y=145.5417
02-13 13:22:36.300 I/SmartDialerActivity(  402): Enter onInterceptTouchEvent 2x=317.02478y=145.5417
02-13 13:22:36.310 I/SmartDialerActivity(  402): Enter onInterceptTouchEvent 2x=314.0496y=145.8725
02-13 13:22:36.330 I/SmartDialerActivity(  402): Enter onInterceptTouchEvent 2x=312.72726y=146.20331
02-13 13:22:36.340 I/SmartDialerActivity(  402): Enter onInterceptTouchEvent 2x=311.73553y=146.53412
02-13 13:22:36.370 I/SmartDialerActivity(  402): Enter onInterceptTouchEvent 2x=312.72726y=146.20331
02-13 13:22:36.390 I/SmartDialerActivity(  402): Enter onInterceptTouchEvent 2x=316.03305y=145.5417
02-13 13:22:36.400 I/SmartDialerActivity(  402): Enter onInterceptTouchEvent 1x=318.0165y=145.5417
02-13 13:22:36.400 D/SmartDialerActivity(  402): keyPressed67
02-13 13:22:36.400 D/SmartDialerActivity(  402): afterTextChanged
02-13 13:22:36.400 D/SmartDialerActivity(  402): updateAddtoContactsButtonEnabledStatetrue
02-13 13:22:36.400 D/SmartDialerActivity(  402): getDelayTime = 0
02-13 13:22:36.400 D/SmartDialerActivity(  402): afterTextChanged
02-13 13:22:36.400 D/SmartDialerActivity(  402): updateAddtoContactsButtonEnabledStatetrue
02-13 13:22:36.400 D/SmartDialerActivity(  402): getDelayTime = 0
02-13 13:22:36.410 I/ContactAccessorSdk5(  402): Phone.CONTENT_FILTER_URI = content://com.android.contacts/data/phones/filter
02-13 13:22:36.410 I/ContactAccessorSdk5(  402): recalculate number = *983*8
02-13 13:22:36.410 I/ContactAccessorSdk5(  402): recalculate filterName = [*][9WXYZ][8TUV][3DEF][*][8TUV]
02-13 13:22:36.410 I/ContactAccessorSdk5(  402): recalculate reversed = 8*389*
02-13 13:22:36.410 I/ContactAccessorSdk5(  402): mQueryHandler = Handler{40570df8}
02-13 13:22:36.410 W/CallLogProvider(  402): query: match = 4
02-13 13:22:36.410 D/CallLogProvider(  402): DIALER_CALLS
02-13 13:22:36.410 I/ContactsProvider(  402): query: content://com.android.contacts/contacts/dailkey_filter/*983*8
02-13 13:22:36.410 I/ContactsProvider(  402): query isCallerRegistered= true
02-13 13:22:36.410 I/ContactsProvider(  402): query forOnlyOneContactString= 0
02-13 13:22:36.420 D/ContactsProvider(  402):  query in DIALKEY_FILTER
02-13 13:22:36.420 I/ContactsProvider(  402): reversed number=8*389*
02-13 13:22:36.420 I/ContactsProvider(  402): original sortOrder = sort_key
02-13 13:22:36.420 I/ContactsProvider(  402): changed sortOrder = REPLACE(dialer_number_header,' ','') GLOB '*983*8*' DESC, REPLACE(dialer_number_full,' ','') GLOB '*983*8*' DESC, sort_key
02-13 13:22:36.420 I/ContactAccessorSdk5(  402): mergeCursor.getCount = 0
02-13 13:22:36.420 I/ContactAccessorSdk5(  402): activity.myAdapter = com.android.contacts.smartdialer.contactsAdapter@40679090
02-13 13:22:36.470 I/SmartDialerActivity(  402): Enter onInterceptTouchEvent 0x=319.6694y=147.52654
02-13 13:22:36.490 I/SmartDialerActivity(  402): Enter onInterceptTouchEvent 2x=319.00827y=147.85735
02-13 13:22:36.500 I/SmartDialerActivity(  402): Enter onInterceptTouchEvent 2x=318.0165y=148.84976
02-13 13:22:36.510 I/SmartDialerActivity(  402): Enter onInterceptTouchEvent 2x=316.03305y=149.18057
02-13 13:22:36.550 I/SmartDialerActivity(  402): Enter onInterceptTouchEvent 2x=315.04132y=148.84976
02-13 13:22:36.560 I/SmartDialerActivity(  402): Enter onInterceptTouchEvent 2x=316.36362y=148.51895
02-13 13:22:36.580 I/SmartDialerActivity(  402): Enter onInterceptTouchEvent 2x=318.3471y=146.20331
02-13 13:22:36.580 I/SmartDialerActivity(  402): Enter onInterceptTouchEvent 1x=319.6694y=143.88766
02-13 13:22:36.590 D/SmartDialerActivity(  402): keyPressed67
02-13 13:22:36.590 D/SmartDialerActivity(  402): afterTextChanged
02-13 13:22:36.590 D/SmartDialerActivity(  402): updateAddtoContactsButtonEnabledStatetrue
02-13 13:22:36.590 D/SmartDialerActivity(  402): getDelayTime = 0
02-13 13:22:36.590 I/ContactAccessorSdk5(  402): Phone.CONTENT_FILTER_URI = content://com.android.contacts/data/phones/filter
02-13 13:22:36.590 I/ContactAccessorSdk5(  402): recalculate number = *983*
02-13 13:22:36.590 I/ContactAccessorSdk5(  402): recalculate filterName = [*][9WXYZ][8TUV][3DEF][*]
02-13 13:22:36.590 I/ContactAccessorSdk5(  402): recalculate reversed = *389*
02-13 13:22:36.590 I/ContactAccessorSdk5(  402): mQueryHandler = Handler{40570df8}
02-13 13:22:36.590 W/CallLogProvider(  402): query: match = 4
02-13 13:22:36.590 D/CallLogProvider(  402): DIALER_CALLS
02-13 13:22:36.590 I/ContactsProvider(  402): query: content://com.android.contacts/contacts/dailkey_filter/*983*
02-13 13:22:36.590 I/ContactsProvider(  402): query isCallerRegistered= true
02-13 13:22:36.590 I/ContactsProvider(  402): query forOnlyOneContactString= 0
02-13 13:22:36.590 D/ContactsProvider(  402):  query in DIALKEY_FILTER
02-13 13:22:36.600 I/ContactsProvider(  402): reversed number=*389*
02-13 13:22:36.600 I/ContactsProvider(  402): original sortOrder = sort_key
02-13 13:22:36.600 I/ContactsProvider(  402): changed sortOrder = REPLACE(dialer_number_header,' ','') GLOB '*983**' DESC, REPLACE(dialer_number_full,' ','') GLOB '*983**' DESC, sort_key
02-13 13:22:36.600 I/ContactAccessorSdk5(  402): mergeCursor.getCount = 0
02-13 13:22:36.600 I/ContactAccessorSdk5(  402): activity.myAdapter = com.android.contacts.smartdialer.contactsAdapter@40679090
02-13 13:22:38.522 I/SmartDialerActivity(  402): Enter onInterceptTouchEvent 0x=50.57851y=284.81116
02-13 13:22:38.582 I/SmartDialerActivity(  402): Enter onInterceptTouchEvent 2x=49.917355y=284.48038
02-13 13:22:38.602 I/SmartDialerActivity(  402): Enter onInterceptTouchEvent 2x=48.59504y=284.48038
02-13 13:22:38.612 I/SmartDialerActivity(  402): Enter onInterceptTouchEvent 2x=46.942146y=284.81116
02-13 13:22:38.622 I/SmartDialerActivity(  402): Enter onInterceptTouchEvent 1x=45.950413y=284.81116
02-13 13:22:38.622 D/ToneGenerator(  402): startTone
02-13 13:22:38.622 D/AudioTrack(  402): start 0x54a010
02-13 13:22:38.622 D/AudioFlinger(  121): start(4098), calling thread 402 session 24
02-13 13:22:38.622 D/SmartDialerActivity(  402): keyPressed14
02-13 13:22:38.622 D/SmartDialerActivity(  402): afterTextChanged
02-13 13:22:38.622 D/SmartDialerActivity(  402): updateAddtoContactsButtonEnabledStatetrue
02-13 13:22:38.622 D/SmartDialerActivity(  402): getDelayTime = 0
02-13 13:22:38.622 D/SmartDialerActivity(  402): afterTextChanged
02-13 13:22:38.622 D/SmartDialerActivity(  402): updateAddtoContactsButtonEnabledStatetrue
02-13 13:22:38.622 D/SmartDialerActivity(  402): getDelayTime = 0
02-13 13:22:38.632 D/AudioHardwareMSM7X30(  121): value of device and enable is 2 1 ALSA dev id:3
02-13 13:22:38.642 I/ContactAccessorSdk5(  402): Phone.CONTENT_FILTER_URI = content://com.android.contacts/data/phones/filter
02-13 13:22:38.642 I/ContactAccessorSdk5(  402): recalculate number = *983*7
02-13 13:22:38.642 I/ContactAccessorSdk5(  402): recalculate filterName = [*][9WXYZ][8TUV][3DEF][*][7PQRS]
02-13 13:22:38.642 I/ContactAccessorSdk5(  402): recalculate reversed = 7*389*
02-13 13:22:38.642 I/ContactAccessorSdk5(  402): mQueryHandler = Handler{40570df8}
02-13 13:22:38.642 W/CallLogProvider(  402): query: match = 4
02-13 13:22:38.642 D/CallLogProvider(  402): DIALER_CALLS
02-13 13:22:38.642 I/ContactsProvider(  402): query: content://com.android.contacts/contacts/dailkey_filter/*983*7
02-13 13:22:38.642 I/ContactsProvider(  402): query isCallerRegistered= true
02-13 13:22:38.642 I/ContactsProvider(  402): query forOnlyOneContactString= 0
02-13 13:22:38.642 D/ContactsProvider(  402):  query in DIALKEY_FILTER
02-13 13:22:38.642 I/ContactsProvider(  402): reversed number=7*389*
02-13 13:22:38.642 I/ContactsProvider(  402): original sortOrder = sort_key
02-13 13:22:38.642 I/ContactsProvider(  402): changed sortOrder = REPLACE(dialer_number_header,' ','') GLOB '*983*7*' DESC, REPLACE(dialer_number_full,' ','') GLOB '*983*7*' DESC, sort_key
02-13 13:22:38.652 I/ContactAccessorSdk5(  402): mergeCursor.getCount = 0
02-13 13:22:38.652 I/ContactAccessorSdk5(  402): activity.myAdapter = com.android.contacts.smartdialer.contactsAdapter@40679090
02-13 13:22:38.712 D/AudioHardwareMSM7X30(  121): msm_route_stream(PCM_PLAY,5,3,1)
02-13 13:22:38.732 I/SmartDialerActivity(  402): Enter onInterceptTouchEvent 0x=284.95868y=327.1544
02-13 13:22:38.752 D/AudioTrack(  402): stop 0x54a010
02-13 13:22:38.752 D/AudioFlinger(  121): stop(4098), calling thread 402
02-13 13:22:38.752 I/SmartDialerActivity(  402): Enter onInterceptTouchEvent 2x=284.29752y=326.49277
02-13 13:22:38.832 I/SmartDialerActivity(  402): Enter onInterceptTouchEvent 2x=282.64462y=324.50793
02-13 13:22:38.842 I/SmartDialerActivity(  402): Enter onInterceptTouchEvent 1x=280.99173y=322.8539
02-13 13:22:38.842 D/ToneGenerator(  402): startTone
02-13 13:22:38.842 D/AudioTrack(  402): start 0x54a010
02-13 13:22:38.842 D/AudioFlinger(  121): start(4098), calling thread 402 session 24
02-13 13:22:38.842 D/SmartDialerActivity(  402): keyPressed18
02-13 13:22:38.852 D/SmartDialerActivity(  402): afterTextChanged
02-13 13:22:38.852 D/SmartDialerActivity(  402): updateAddtoContactsButtonEnabledStatetrue
02-13 13:22:38.852 D/SmartDialerActivity(  402): getDelayTime = 0
02-13 13:22:38.852 D/SmartDialerActivity(  402): afterTextChanged
02-13 13:22:38.852 D/SmartDialerActivity(  402): updateAddtoContactsButtonEnabledStatetrue
02-13 13:22:38.852 D/SmartDialerActivity(  402): getDelayTime = 0
02-13 13:22:38.852 E/Dialer_EMode(  402): ****Emodenumber=*983*7#   length=7
02-13 13:22:38.852 E/EmodeControl(  890): -----------------phone info------------
02-13 13:22:38.852 E/EmodeControl(  890): productName=zte_fury
02-13 13:22:38.852 E/EmodeControl(  890): boardName=sean
02-13 13:22:38.852 E/EmodeControl(  890): isCapcitance=true
02-13 13:22:38.852 E/EmodeControl(  890): isHaveVoltameter=false
02-13 13:22:38.852 E/EmodeControl(  890): mFMTest_Type=1
02-13 13:22:38.852 E/EmodeControl(  890): is_clear_oem_partion=false
02-13 13:22:38.852 E/EmodeControl(  890): -----------------phone info------------
02-13 13:22:38.872 I/ContactAccessorSdk5(  402): Phone.CONTENT_FILTER_URI = content://com.android.contacts/data/phones/filter
02-13 13:22:38.872 I/ContactAccessorSdk5(  402): recalculate number = *983*7#
02-13 13:22:38.872 I/ContactAccessorSdk5(  402): recalculate filterName = [*][9WXYZ][8TUV][3DEF][*][7PQRS][#]
02-13 13:22:38.872 I/ContactAccessorSdk5(  402): recalculate reversed = #7*389*
02-13 13:22:38.872 I/ContactAccessorSdk5(  402): mQueryHandler = Handler{40570df8}
02-13 13:22:38.872 W/CallLogProvider(  402): query: match = 4
02-13 13:22:38.872 D/CallLogProvider(  402): DIALER_CALLS
02-13 13:22:38.872 I/ContactsProvider(  402): query: content://com.android.contacts/contacts/dailkey_filter/*983*7#
02-13 13:22:38.872 I/ContactsProvider(  402): query isCallerRegistered= true
02-13 13:22:38.872 I/ContactsProvider(  402): query forOnlyOneContactString= 0
02-13 13:22:38.872 D/ContactsProvider(  402):  query in DIALKEY_FILTER
02-13 13:22:38.872 I/ContactsProvider(  402): reversed number=#7*389*
02-13 13:22:38.882 I/ContactsProvider(  402): original sortOrder = sort_key
02-13 13:22:38.882 I/ContactsProvider(  402): changed sortOrder = REPLACE(dialer_number_header,' ','') GLOB '*983*7#*' DESC, REPLACE(dialer_number_full,' ','') GLOB '*983*7#*' DESC, sort_key
02-13 13:22:38.892 D/ToneGenerator(  402): stopTone
02-13 13:22:38.942 D/AudioTrack(  402): stop 0x54a010
02-13 13:22:38.942 D/AudioFlinger(  121): stop(4098), calling thread 402
02-13 13:22:38.942 D/AudioTrack(  402): stop 0x54a010
02-13 13:22:38.963 D/KeyguardViewMediator(  206): setHidden false
02-13 13:22:38.963 I/hubo    (  206): Activity {com.zte.emode/com.zte.emode.EmodeSubmenu}
02-13 13:22:38.963 D/AudioFlinger(  121): remove track (4098) and delete from mixer
02-13 13:22:38.973 E/EmodeControl(  890): -----------------phone info------------
02-13 13:22:38.973 E/EmodeControl(  890): productName=zte_fury
02-13 13:22:38.973 E/EmodeControl(  890): boardName=sean
