02-13 14:11:19.531 E/MediaPlayer( 2404): getCurrentPosition sec = 881295
02-13 14:11:19.531 E/MediaPlayer( 2404): getDuration_l mDuration = 1296418
02-13 14:11:20.442 W/AudioTrack(  121): obtainBuffer() track 0x68910 disabled, restarting
02-13 14:11:20.442 D/AudioFlinger(  121): start(4098), calling thread 121 session 32
02-13 14:11:20.532 E/MediaPlayer( 2404): getCurrentPosition sec = 881570
02-13 14:11:20.532 E/MediaPlayer( 2404): getDuration_l mDuration = 1296418
02-13 14:11:21.543 E/MediaPlayer( 2404): getCurrentPosition sec = 882531
02-13 14:11:21.543 E/MediaPlayer( 2404): getDuration_l mDuration = 1296418
02-13 14:11:22.544 E/MediaPlayer( 2404): getCurrentPosition sec = 883491
02-13 14:11:22.544 E/MediaPlayer( 2404): getDuration_l mDuration = 1296418
02-13 14:11:23.555 E/MediaPlayer( 2404): getCurrentPosition sec = 883491
02-13 14:11:23.555 E/MediaPlayer( 2404): getDuration_l mDuration = 1296418
02-13 14:11:24.556 E/MediaPlayer( 2404): getCurrentPosition sec = 883491
02-13 14:11:24.556 E/MediaPlayer( 2404): getDuration_l mDuration = 1296418
02-13 14:11:24.827 W/AudioTrack(  121): obtainBuffer() track 0x68910 disabled, restarting
02-13 14:11:24.827 D/AudioFlinger(  121): start(4098), calling thread 121 session 32
02-13 14:11:25.567 E/MediaPlayer( 2404): getCurrentPosition sec = 884452
02-13 14:11:25.567 E/MediaPlayer( 2404): getDuration_l mDuration = 1296418
02-13 14:11:26.568 E/MediaPlayer( 2404): getCurrentPosition sec = 885412
02-13 14:11:26.568 E/MediaPlayer( 2404): getDuration_l mDuration = 1296418
02-13 14:11:27.579 E/MediaPlayer( 2404): getCurrentPosition sec = 886373
02-13 14:11:27.579 E/MediaPlayer( 2404): getDuration_l mDuration = 1296418
02-13 14:11:28.580 E/MediaPlayer( 2404): getCurrentPosition sec = 887059
02-13 14:11:28.580 E/MediaPlayer( 2404): getDuration_l mDuration = 1296418
02-13 14:11:29.461 I/wpa_supplicant(  304): State: INACTIVE -> SCANNING
02-13 14:11:29.461 I/wpa_supplicant(  304): CTRL-EVENT-STATE-CHANGE id=-1 state=2 BSSID=00:00:00:00:00:00
02-13 14:11:29.461 D/NetworkStateTracker(  206): setDetailed state, old =IDLE and new state=SCANNING
02-13 14:11:29.581 E/MediaPlayer( 2404): getCurrentPosition sec = 888157
02-13 14:11:29.581 E/MediaPlayer( 2404): getDuration_l mDuration = 1296418
02-13 14:11:30.432 I/wpa_supplicant(  304): State: SCANNING -> INACTIVE
02-13 14:11:30.432 I/wpa_supplicant(  304): CTRL-EVENT-STATE-CHANGE id=-1 state=1 BSSID=00:00:00:00:00:00
02-13 14:11:30.432 I/dun_service(  130): process rmnet event
02-13 14:11:30.432 I/dun_service(  130): Post event 4
02-13 14:11:30.432 I/dun_service(  130): received event: DUN_EVENT_RMNET_UP 
02-13 14:11:30.432 I/dun_service(  130): received event(DUN_EVENT_RMNET_UP) in state(DUN_STATE_USB_UNPLUG)
02-13 14:11:30.432 I/dun_service(  130): Ignoring the event DUN_EVENT_RMNET_UP in USB_UNPLUG_STATE
02-13 14:11:30.432 I/dun_service(  130): Moved to state(DUN_STATE_USB_UNPLUG)
02-13 14:11:30.432 D/NetworkStateTracker(  206): setDetailed state, old =SCANNING and new state=IDLE
02-13 14:11:30.442 D/WifiStateTracker(  206): setNotificationVisible() visible=false mNotificationShown=false force=false return.
02-13 14:11:30.582 E/MediaPlayer( 2404): getCurrentPosition sec = 888569
02-13 14:11:30.582 E/MediaPlayer( 2404): getDuration_l mDuration = 1296418
02-13 14:11:31.083 W/AudioTrack(  121): obtainBuffer() track 0x68910 disabled, restarting
02-13 14:11:31.083 D/AudioFlinger(  121): start(4098), calling thread 121 session 32
02-13 14:11:31.593 E/MediaPlayer( 2404): getCurrentPosition sec = 889255
02-13 14:11:31.593 E/MediaPlayer( 2404): getDuration_l mDuration = 1296418
02-13 14:11:32.594 E/MediaPlayer( 2404): getCurrentPosition sec = 890215
02-13 14:11:32.594 E/MediaPlayer( 2404): getDuration_l mDuration = 1296418
02-13 14:11:33.615 E/MediaPlayer( 2404): getCurrentPosition sec = 891313
02-13 14:11:33.615 E/MediaPlayer( 2404): getDuration_l mDuration = 1296418
02-13 14:11:34.626 E/MediaPlayer( 2404): getCurrentPosition sec = 892274
02-13 14:11:34.626 E/MediaPlayer( 2404): getDuration_l mDuration = 1296418
02-13 14:11:35.627 E/MediaPlayer( 2404): getCurrentPosition sec = 893235
02-13 14:11:35.627 E/MediaPlayer( 2404): getDuration_l mDuration = 1296418
02-13 14:11:36.628 E/MediaPlayer( 2404): getCurrentPosition sec = 894332
02-13 14:11:36.628 E/MediaPlayer( 2404): getDuration_l mDuration = 1296418
02-13 14:11:37.629 E/MediaPlayer( 2404): getCurrentPosition sec = 895293
02-13 14:11:37.629 E/MediaPlayer( 2404): getDuration_l mDuration = 1296418
02-13 14:11:38.640 E/MediaPlayer( 2404): getCurrentPosition sec = 896254
02-13 14:11:38.640 E/MediaPlayer( 2404): getDuration_l mDuration = 1296418
02-13 14:11:39.641 E/MediaPlayer( 2404): getCurrentPosition sec = 897351
02-13 14:11:39.651 E/MediaPlayer( 2404): getDuration_l mDuration = 1296418
02-13 14:11:40.652 E/MediaPlayer( 2404): getCurrentPosition sec = 898312
02-13 14:11:40.652 E/MediaPlayer( 2404): getDuration_l mDuration = 1296418
02-13 14:11:41.653 E/MediaPlayer( 2404): getCurrentPosition sec = 899273
02-13 14:11:41.653 E/MediaPlayer( 2404): getDuration_l mDuration = 1296418
02-13 14:11:42.664 E/MediaPlayer( 2404): getCurrentPosition sec = 900371
02-13 14:11:42.664 E/MediaPlayer( 2404): getDuration_l mDuration = 1296418
02-13 14:11:43.665 E/MediaPlayer( 2404): getCurrentPosition sec = 901331
02-13 14:11:43.665 E/MediaPlayer( 2404): getDuration_l mDuration = 1296418
02-13 14:11:44.666 E/MediaPlayer( 2404): getCurrentPosition sec = 902292
02-13 14:11:44.666 E/MediaPlayer( 2404): getDuration_l mDuration = 1296418
02-13 14:11:45.457 I/wpa_supplicant(  304): State: INACTIVE -> SCANNING
02-13 14:11:45.457 I/wpa_supplicant(  304): CTRL-EVENT-STATE-CHANGE id=-1 state=2 BSSID=00:00:00:00:00:00
02-13 14:11:45.457 D/NetworkStateTracker(  206): setDetailed state, old =IDLE and new state=SCANNING
02-13 14:11:45.677 E/MediaPlayer( 2404): getCurrentPosition sec = 903390
02-13 14:11:45.677 E/MediaPlayer( 2404): getDuration_l mDuration = 1296418
02-13 14:11:46.408 I/dun_service(  130): process rmnet event
02-13 14:11:46.418 I/dun_service(  130): Post event 4
02-13 14:11:46.418 I/dun_service(  130): received event: DUN_EVENT_RMNET_UP 
02-13 14:11:46.418 I/dun_service(  130): received event(DUN_EVENT_RMNET_UP) in state(DUN_STATE_USB_UNPLUG)
02-13 14:11:46.418 I/dun_service(  130): Ignoring the event DUN_EVENT_RMNET_UP in USB_UNPLUG_STATE
02-13 14:11:46.418 I/dun_service(  130): Moved to state(DUN_STATE_USB_UNPLUG)
02-13 14:11:46.418 I/wpa_supplicant(  304): State: SCANNING -> INACTIVE
02-13 14:11:46.418 I/wpa_supplicant(  304): CTRL-EVENT-STATE-CHANGE id=-1 state=1 BSSID=00:00:00:00:00:00
02-13 14:11:46.418 D/WifiStateTracker(  206): setNotificationVisible() visible=false mNotificationShown=false force=false return.
02-13 14:11:46.438 D/NetworkStateTracker(  206): setDetailed state, old =SCANNING and new state=IDLE
02-13 14:11:46.678 E/MediaPlayer( 2404): getCurrentPosition sec = 904350
02-13 14:11:46.678 E/MediaPlayer( 2404): getDuration_l mDuration = 1296418
02-13 14:11:47.689 E/MediaPlayer( 2404): getCurrentPosition sec = 905311
02-13 14:11:47.689 E/MediaPlayer( 2404): getDuration_l mDuration = 1296418
02-13 14:11:48.690 E/MediaPlayer( 2404): getCurrentPosition sec = 906409
02-13 14:11:48.690 E/MediaPlayer( 2404): getDuration_l mDuration = 1296418
02-13 14:11:49.691 E/MediaPlayer( 2404): getCurrentPosition sec = 907369
02-13 14:11:49.691 E/MediaPlayer( 2404): getDuration_l mDuration = 1296418
02-13 14:11:50.702 E/MediaPlayer( 2404): getCurrentPosition sec = 908330
02-13 14:11:50.702 E/MediaPlayer( 2404): getDuration_l mDuration = 1296418
02-13 14:11:51.713 E/MediaPlayer( 2404): getCurrentPosition sec = 909428
02-13 14:11:51.713 E/MediaPlayer( 2404): getDuration_l mDuration = 1296418
02-13 14:11:52.394 I/dun_service(  130): The value returned from dun_getusbmodemstate_fromsys is 2 
02-13 14:11:52.414 D/KeyguardUpdateMonitor(  206): received broadcast android.intent.action.BATTERY_CHANGED
02-13 14:11:52.414 D/KeyguardUpdateMonitor(  206): handleBatteryUpdate
02-13 14:11:52.714 E/MediaPlayer( 2404): getCurrentPosition sec = 910388
02-13 14:11:52.714 E/MediaPlayer( 2404): getDuration_l mDuration = 1296418
02-13 14:11:53.715 E/MediaPlayer( 2404): getCurrentPosition sec = 911349
02-13 14:11:53.715 E/MediaPlayer( 2404): getDuration_l mDuration = 1296418
02-13 14:11:54.726 E/MediaPlayer( 2404): getCurrentPosition sec = 912447
02-13 14:11:54.726 E/MediaPlayer( 2404): getDuration_l mDuration = 1296418
02-13 14:11:55.727 E/MediaPlayer( 2404): getCurrentPosition sec = 913407
02-13 14:11:55.727 E/MediaPlayer( 2404): getDuration_l mDuration = 1296418
02-13 14:11:56.728 E/MediaPlayer( 2404): getCurrentPosition sec = 914368
02-13 14:11:56.728 E/MediaPlayer( 2404): getDuration_l mDuration = 1296418
02-13 14:11:57.729 E/MediaPlayer( 2404): getCurrentPosition sec = 915329
02-13 14:11:57.729 E/MediaPlayer( 2404): getDuration_l mDuration = 1296418
02-13 14:11:58.730 E/MediaPlayer( 2404): getCurrentPosition sec = 916427
02-13 14:11:58.730 E/MediaPlayer( 2404): getDuration_l mDuration = 1296418
02-13 14:11:59.741 E/MediaPlayer( 2404): getCurrentPosition sec = 916564
02-13 14:11:59.741 E/MediaPlayer( 2404): getDuration_l mDuration = 1296418
02-13 14:12:00.021 D/KeyguardUpdateMonitor(  206): received broadcast android.intent.action.TIME_TICK
02-13 14:12:00.021 D/KeyguardUpdateMonitor(  206): handleTimeUpdate
02-13 14:12:00.742 E/MediaPlayer( 2404): getCurrentPosition sec = 916564
02-13 14:12:00.742 E/MediaPlayer( 2404): getDuration_l mDuration = 1296418
02-13 14:12:01.442 I/wpa_supplicant(  304): State: INACTIVE -> SCANNING
02-13 14:12:01.442 I/wpa_supplicant(  304): CTRL-EVENT-STATE-CHANGE id=-1 state=2 BSSID=00:00:00:00:00:00
02-13 14:12:01.442 D/NetworkStateTracker(  206): setDetailed state, old =IDLE and new state=SCANNING
02-13 14:12:01.743 E/MediaPlayer( 2404): getCurrentPosition sec = 916564
02-13 14:12:01.743 E/MediaPlayer( 2404): getDuration_l mDuration = 1296418
02-13 14:12:02.063 D/AudioHardwareMSM7X30(  121): AudioStreamOutMSM72xx::standby()
02-13 14:12:02.063 D/AudioHardwareMSM7X30(  121): Deroute pcm out stream
02-13 14:12:02.063 D/AudioHardwareMSM7X30(  121): updateDeviceInfo: E rx_device 2 and tx_device 3
02-13 14:12:02.063 D/AudioHardwareMSM7X30(  121): No active voicecall/playback, disabling cur_rx 2
02-13 14:12:02.063 D/AudioHardwareMSM7X30(  121): value of device and enable is 2 0 ALSA dev id:3
02-13 14:12:02.073 D/AudioHardwareMSM7X30(  121): No active voicecall/recording, disabling cur_tx 3
02-13 14:12:02.073 D/AudioHardwareMSM7X30(  121): value of device and enable is 3 0 ALSA dev id:10
02-13 14:12:02.073 E/AudioHardwareMSM7X30(  121): There is no node in the routing table!
02-13 14:12:02.073 D/AudioHardwareMSM7X30(  121): updateDeviceInfo: X cur_rx 2 cur_tx 3
02-13 14:12:02.413 I/dun_service(  130): process rmnet event
02-13 14:12:02.413 I/dun_service(  130): Post event 4
02-13 14:12:02.413 I/dun_service(  130): received event: DUN_EVENT_RMNET_UP 
02-13 14:12:02.413 I/dun_service(  130): received event(DUN_EVENT_RMNET_UP) in state(DUN_STATE_USB_UNPLUG)
02-13 14:12:02.413 I/dun_service(  130): Ignoring the event DUN_EVENT_RMNET_UP in USB_UNPLUG_STATE
02-13 14:12:02.413 I/dun_service(  130): Moved to state(DUN_STATE_USB_UNPLUG)
02-13 14:12:02.413 I/wpa_supplicant(  304): State: SCANNING -> INACTIVE
02-13 14:12:02.413 I/wpa_supplicant(  304): CTRL-EVENT-STATE-CHANGE id=-1 state=1 BSSID=00:00:00:00:00:00
02-13 14:12:02.413 D/WifiStateTracker(  206): setNotificationVisible() visible=false mNotificationShown=false force=false return.
02-13 14:12:02.423 D/NetworkStateTracker(  206): setDetailed state, old =SCANNING and new state=IDLE
02-13 14:12:02.754 E/MediaPlayer( 2404): getCurrentPosition sec = 916564
02-13 14:12:02.754 E/MediaPlayer( 2404): getDuration_l mDuration = 1296418
02-13 14:12:03.755 E/MediaPlayer( 2404): getCurrentPosition sec = 916564
02-13 14:12:03.755 E/MediaPlayer( 2404): getDuration_l mDuration = 1296418
02-13 14:12:04.756 E/MediaPlayer( 2404): getCurrentPosition sec = 916564
02-13 14:12:04.756 E/MediaPlayer( 2404): getDuration_l mDuration = 1296418
02-13 14:12:05.767 E/MediaPlayer( 2404): getCurrentPosition sec = 916564
02-13 14:12:05.767 E/MediaPlayer( 2404): getDuration_l mDuration = 1296418
02-13 14:12:06.778 E/MediaPlayer( 2404): getCurrentPosition sec = 916564
02-13 14:12:06.778 E/MediaPlayer( 2404): getDuration_l mDuration = 1296418
02-13 14:12:07.779 E/MediaPlayer( 2404): getCurrentPosition sec = 916564
02-13 14:12:07.779 E/MediaPlayer( 2404): getDuration_l mDuration = 1296418
02-13 14:12:08.780 E/MediaPlayer( 2404): getCurrentPosition sec = 916564
02-13 14:12:08.780 E/MediaPlayer( 2404): getDuration_l mDuration = 1296418
02-13 14:12:09.781 E/MediaPlayer( 2404): getCurrentPosition sec = 916564
02-13 14:12:09.781 E/MediaPlayer( 2404): getDuration_l mDuration = 1296418
02-13 14:12:10.792 E/MediaPlayer( 2404): getCurrentPosition sec = 916564
02-13 14:12:10.792 E/MediaPlayer( 2404): getDuration_l mDuration = 1296418
02-13 14:12:11.792 E/MediaPlayer( 2404): getCurrentPosition sec = 916564
02-13 14:12:11.792 E/MediaPlayer( 2404): getDuration_l mDuration = 1296418
02-13 14:12:12.793 E/MediaPlayer( 2404): getCurrentPosition sec = 916564
02-13 14:12:12.793 E/MediaPlayer( 2404): getDuration_l mDuration = 1296418
02-13 14:12:13.794 E/MediaPlayer( 2404): getCurrentPosition sec = 916564
02-13 14:12:13.794 E/MediaPlayer( 2404): getDuration_l mDuration = 1296418
02-13 14:12:14.795 E/MediaPlayer( 2404): getCurrentPosition sec = 916564
02-13 14:12:14.795 E/MediaPlayer( 2404): getDuration_l mDuration = 1296418
02-13 14:12:15.806 E/MediaPlayer( 2404): getCurrentPosition sec = 916564
02-13 14:12:15.806 E/MediaPlayer( 2404): getDuration_l mDuration = 1296418
02-13 14:12:16.807 E/MediaPlayer( 2404): getCurrentPosition sec = 916564
02-13 14:12:16.807 E/MediaPlayer( 2404): getDuration_l mDuration = 1296418
02-13 14:12:17.228 D/PowerManagerService(  206): UnPartial  wakeLock  reactivate ,flags=0xa tag=KEEP_SCREEN_ON_FLAG
02-13 14:12:17.298 D/PowerManagerService(  206): UnPartial  wakeLock  reactivate ,flags=0xa tag=KEEP_SCREEN_ON_FLAG
02-13 14:12:17.438 I/wpa_supplicant(  304): State: INACTIVE -> SCANNING
02-13 14:12:17.438 I/wpa_supplicant(  304): CTRL-EVENT-STATE-CHANGE id=-1 state=2 BSSID=00:00:00:00:00:00
02-13 14:12:17.438 D/NetworkStateTracker(  206): setDetailed state, old =IDLE and new state=SCANNING
02-13 14:12:17.818 E/MediaPlayer( 2404): getCurrentPosition sec = 916564
02-13 14:12:17.818 E/MediaPlayer( 2404): getDuration_l mDuration = 1296418
02-13 14:12:18.399 I/dun_service(  130): process rmnet event
02-13 14:12:18.399 I/dun_service(  130): Post event 4
02-13 14:12:18.399 I/dun_service(  130): received event: DUN_EVENT_RMNET_UP 
02-13 14:12:18.399 I/dun_service(  130): received event(DUN_EVENT_RMNET_UP) in state(DUN_STATE_USB_UNPLUG)
02-13 14:12:18.399 I/dun_service(  130): Ignoring the event DUN_EVENT_RMNET_UP in USB_UNPLUG_STATE
02-13 14:12:18.399 I/dun_service(  130): Moved to state(DUN_STATE_USB_UNPLUG)
02-13 14:12:18.399 I/wpa_supplicant(  304): State: SCANNING -> INACTIVE
02-13 14:12:18.399 I/wpa_supplicant(  304): CTRL-EVENT-STATE-CHANGE id=-1 state=1 BSSID=00:00:00:00:00:00
02-13 14:12:18.409 D/WifiStateTracker(  206): setNotificationVisible() visible=false mNotificationShown=false force=false return.
02-13 14:12:18.409 D/NetworkStateTracker(  206): setDetailed state, old =SCANNING and new state=IDLE
02-13 14:12:18.819 E/MediaPlayer( 2404): getCurrentPosition sec = 916564
02-13 14:12:18.819 E/MediaPlayer( 2404): getDuration_l mDuration = 1296418
02-13 14:12:19.820 E/MediaPlayer( 2404): getCurrentPosition sec = 916564
02-13 14:12:19.820 E/MediaPlayer( 2404): getDuration_l mDuration = 1296418
02-13 14:12:20.821 E/MediaPlayer( 2404): getCurrentPosition sec = 916564
02-13 14:12:20.821 E/MediaPlayer( 2404): getDuration_l mDuration = 1296418
02-13 14:12:20.871 D/PowerManagerService(  206): UnPartial  wakeLock  reactivate ,flags=0xa tag=KEEP_SCREEN_ON_FLAG
02-13 14:12:20.941 D/PowerManagerService(  206): UnPartial  wakeLock  reactivate ,flags=0xa tag=KEEP_SCREEN_ON_FLAG
02-13 14:12:21.832 E/MediaPlayer( 2404): getCurrentPosition sec = 916564
02-13 14:12:21.832 E/MediaPlayer( 2404): getDuration_l mDuration = 1296418
02-13 14:12:22.373 D/PowerManagerService(  206): UnPartial  wakeLock  reactivate ,flags=0xa tag=KEEP_SCREEN_ON_FLAG
02-13 14:12:22.373 D/MediaPlayer( 2404): pause state 16
02-13 14:12:22.373 D/KeyguardViewMediator(  206): setHidden false
02-13 14:12:22.373 D/PowerManagerService(  206): UnPartial  wakeLock  reactivate ,flags=0xa tag=KEEP_SCREEN_ON_FLAG
02-13 14:12:22.373 D/PowerManagerService(  206): releaseWakeLock flags=0xa tag=KEEP_SCREEN_ON_FLAG
02-13 14:12:31.862 W/KeyCharacterMap( 2404): Can't open keycharmap file
02-13 14:12:31.862 W/KeyCharacterMap( 2404): Error loading keycharmap file '/system/usr/keychars/synaptics-rmi4-ts.kcm.bin'. hw.keyboards.262146.devname='synaptics-rmi4-ts'
02-13 14:12:31.862 W/KeyCharacterMap( 2404): Using default keymap: /system/usr/keychars/qwerty.kcm.bin
02-13 14:12:32.082 D/KeyguardViewMediator(  206): setHidden false
02-13 14:12:32.122 D/KeyguardViewMediator(  206): setHidden false
02-13 14:12:32.122 D/KeyguardViewMediator(  206): setHidden false
02-13 14:12:32.132 D/KeyguardViewMediator(  206): setHidden false
02-13 14:12:32.152 D/KeyguardViewMediator(  206): setHidden false
02-13 14:12:32.172 D/KeyguardViewMediator(  206): setHidden false
02-13 14:12:32.182 D/KeyguardViewMediator(  206): setHidden false
02-13 14:12:32.202 D/KeyguardViewMediator(  206): setHidden false
02-13 14:12:32.212 D/KeyguardViewMediator(  206): setHidden false
02-13 14:12:32.232 D/KeyguardViewMediator(  206): setHidden false
02-13 14:12:32.252 D/KeyguardViewMediator(  206): setHidden false
02-13 14:12:32.262 D/KeyguardViewMediator(  206): setHidden false
02-13 14:12:32.282 D/KeyguardViewMediator(  206): setHidden false
02-13 14:12:32.302 D/KeyguardViewMediator(  206): setHidden false
02-13 14:12:33.424 I/wpa_supplicant(  304): State: INACTIVE -> SCANNING
02-13 14:12:33.424 I/wpa_supplicant(  304): CTRL-EVENT-STATE-CHANGE id=-1 state=2 BSSID=00:00:00:00:00:00
02-13 14:12:33.434 D/NetworkStateTracker(  206): setDetailed state, old =IDLE and new state=SCANNING
02-13 14:12:34.134 W/AudioTrack(  121): obtainBuffer() track 0x68910 disabled, restarting
02-13 14:12:34.134 D/AudioFlinger(  121): start(4098), calling thread 121 session 32
02-13 14:12:34.144 D/AudioHardwareMSM7X30(  121): value of device and enable is 2 1 ALSA dev id:3
02-13 14:12:34.164 D/AudioTrack(  121): pause
02-13 14:12:34.164 E/MediaPlayer( 2404): pause getCurrentPosition sec = 916701
02-13 14:12:34.164 D/MediaPlayer( 2404): seekTo 0 state 32
02-13 14:12:34.164 E/MediaPlayer( 2404): getDuration_l mDuration = 1296418
02-13 14:12:34.164 E/wlg     ( 2404): MediaPlayer.start()  mIsStream = true
02-13 14:12:34.164 E/wlg     ( 2404): MediaPlayer.notifyPlayingStream  The current video is a stream!
02-13 14:12:34.174 E/MediaPlayer( 2404): getCurrentPosition sec = 0
02-13 14:12:34.174 E/MediaPlayer( 2404): getDuration_l mDuration = 1296418
02-13 14:12:34.174 D/MediaPlayer( 2404): start state 32
02-13 14:12:34.174 D/AudioTrack(  121): start 0x68910
02-13 14:12:34.174 D/AudioFlinger(  121): start(4098), calling thread 2404 session 32
02-13 14:12:34.174 E/MediaPlayer( 2404): getCurrentPosition sec = 0
02-13 14:12:34.174 E/MediaPlayer( 2404): getDuration_l mDuration = 1296418
02-13 14:12:34.174 D/MediaPlayer( 2404): pause state 16
02-13 14:12:34.174 D/AudioTrack(  121): pause
02-13 14:12:34.174 E/MediaPlayer( 2404): pause getCurrentPosition sec = 0
02-13 14:12:34.174 D/MediaPlayer( 2404): pause state 32
02-13 14:12:34.174 D/MediaPlayer( 2404): pause state 32
02-13 14:12:34.174 D/MediaPlayer( 2404): pause state 32
02-13 14:12:34.174 D/MediaPlayer( 2404): pause state 32
02-13 14:12:34.174 D/MediaPlayer( 2404): pause state 32
02-13 14:12:34.174 D/MediaPlayer( 2404): pause state 32
02-13 14:12:34.214 D/AudioHardwareMSM7X30(  121): msm_route_stream(PCM_PLAY,5,3,1)
02-13 14:12:34.405 I/dun_service(  130): process rmnet event
02-13 14:12:34.405 I/dun_service(  130): Post event 4
02-13 14:12:34.405 I/dun_service(  130): received event: DUN_EVENT_RMNET_UP 
02-13 14:12:34.405 I/dun_service(  130): received event(DUN_EVENT_RMNET_UP) in state(DUN_STATE_USB_UNPLUG)
02-13 14:12:34.405 I/dun_service(  130): Ignoring the event DUN_EVENT_RMNET_UP in USB_UNPLUG_STATE
02-13 14:12:34.405 I/dun_service(  130): Moved to state(DUN_STATE_USB_UNPLUG)
02-13 14:12:34.405 I/wpa_supplicant(  304): State: SCANNING -> INACTIVE
02-13 14:12:34.405 I/wpa_supplicant(  304): CTRL-EVENT-STATE-CHANGE id=-1 state=1 BSSID=00:00:00:00:00:00
02-13 14:12:34.415 D/WifiStateTracker(  206): setNotificationVisible() visible=false mNotificationShown=false force=false return.
02-13 14:12:34.415 D/NetworkStateTracker(  206): setDetailed state, old =SCANNING and new state=IDLE
02-13 14:12:35.175 E/MediaPlayer( 2404): getCurrentPosition sec = 0
02-13 14:12:35.175 E/MediaPlayer( 2404): getDuration_l mDuration = 1296418
02-13 14:12:36.096 D/KeyguardViewMediator(  206): setHidden false
02-13 14:12:36.106 D/KeyguardViewMediator(  206): setHidden false
02-13 14:12:36.126 D/KeyguardViewMediator(  206): setHidden false
02-13 14:12:36.146 D/KeyguardViewMediator(  206): setHidden false
02-13 14:12:36.156 D/KeyguardViewMediator(  206): setHidden false
02-13 14:12:36.176 D/KeyguardViewMediator(  206): setHidden false
02-13 14:12:36.176 E/MediaPlayer( 2404): getCurrentPosition sec = 0
02-13 14:12:36.176 E/MediaPlayer( 2404): getDuration_l mDuration = 1296418
02-13 14:12:36.196 D/KeyguardViewMediator(  206): setHidden false
02-13 14:12:36.206 D/KeyguardViewMediator(  206): setHidden false
02-13 14:12:36.226 D/KeyguardViewMediator(  206): setHidden false
02-13 14:12:36.236 D/KeyguardViewMediator(  206): setHidden false
02-13 14:12:36.256 D/KeyguardViewMediator(  206): setHidden false
02-13 14:12:36.276 D/KeyguardViewMediator(  206): setHidden false
02-13 14:12:36.286 D/KeyguardViewMediator(  206): setHidden false
02-13 14:12:37.177 E/MediaPlayer( 2404): getCurrentPosition sec = 0
02-13 14:12:37.177 E/MediaPlayer( 2404): getDuration_l mDuration = 1296418
02-13 14:12:37.227 D/AudioHardwareMSM7X30(  121): AudioStreamOutMSM72xx::standby()
02-13 14:12:37.227 D/AudioHardwareMSM7X30(  121): Deroute pcm out stream
02-13 14:12:37.227 D/AudioHardwareMSM7X30(  121): updateDeviceInfo: E rx_device 2 and tx_device 3
02-13 14:12:37.227 D/AudioHardwareMSM7X30(  121): No active voicecall/playback, disabling cur_rx 2
02-13 14:12:37.227 D/AudioHardwareMSM7X30(  121): value of device and enable is 2 0 ALSA dev id:3
02-13 14:12:37.237 D/AudioHardwareMSM7X30(  121): No active voicecall/recording, disabling cur_tx 3
02-13 14:12:37.237 D/AudioHardwareMSM7X30(  121): value of device and enable is 3 0 ALSA dev id:10
02-13 14:12:37.237 E/AudioHardwareMSM7X30(  121): There is no node in the routing table!
02-13 14:12:37.237 D/AudioHardwareMSM7X30(  121): updateDeviceInfo: X cur_rx 2 cur_tx 3
02-13 14:12:38.188 E/MediaPlayer( 2404): getCurrentPosition sec = 0
02-13 14:12:38.188 E/MediaPlayer( 2404): getDuration_l mDuration = 1296418
02-13 14:12:38.188 D/MediaPlayer( 2404): pause state 32
02-13 14:12:38.589 D/MediaPlayer( 2404): seekTo 104912 state 32
02-13 14:12:38.589 E/MediaPlayer( 2404): getDuration_l mDuration = 1296418
02-13 14:12:38.589 D/MediaPlayer( 2404): seekTo 104912 state 32
02-13 14:12:38.589 E/MediaPlayer( 2404): getDuration_l mDuration = 1296418
02-13 14:12:38.589 E/wlg     ( 2404): MediaPlayer.start()  mIsStream = true
02-13 14:12:38.589 E/wlg     ( 2404): MediaPlayer.notifyPlayingStream  The current video is a stream!
02-13 14:12:38.589 D/MediaPlayer( 2404): start state 32
02-13 14:12:38.589 D/AudioTrack(  121): start 0x68910
02-13 14:12:38.589 D/AudioFlinger(  121): start(4098), calling thread 2404 session 32
02-13 14:12:38.599 E/MediaPlayer( 2404): getCurrentPosition sec = 104912
02-13 14:12:38.599 E/MediaPlayer( 2404): getDuration_l mDuration = 1296418
02-13 14:12:38.599 D/KeyguardViewMediator(  206): setHidden false
02-13 14:12:38.599 D/PowerManagerService(  206): acquireWakeLock flags=0xa tag=KEEP_SCREEN_ON_FLAG
02-13 14:12:38.609 D/AudioTrack(  121): pause
02-13 14:12:38.609 E/OMX-VDEC-720P(  121): 
02-13 14:12:38.609 E/OMX-VDEC-720P(  121):  send_command_proxy(): Current State 3, Expected State -1
02-13 14:12:38.609 E/OMX-VDEC-720P(  121): 
02-13 14:12:38.609 E/OMX-VDEC-720P(  121):  send_command_proxy(): OMX_CommandFlush issuedwith param1: -1
02-13 14:12:38.609 E/OMX-VDEC-720P(  121): 
02-13 14:12:38.609 E/OMX-VDEC-720P(  121):  Driver flush i/p Port complete
02-13 14:12:38.609 E/OMX-VDEC-720P(  121): 
02-13 14:12:38.609 E/OMX-VDEC-720P(  121):  OMX flush i/p Port complete PenBuf(0)
02-13 14:12:38.609 E/OMX-VDEC-720P(  121): 
02-13 14:12:38.609 E/OMX-VDEC-720P(  121):  Driver flush o/p Port complete
02-13 14:12:38.609 E/OMX-VDEC-720P(  121): 
02-13 14:12:38.609 E/OMX-VDEC-720P(  121):  OMX flush o/p Port complete PenBuf(0)
02-13 14:12:38.619 D/AudioHardwareMSM7X30(  121): value of device and enable is 2 1 ALSA dev id:3
02-13 14:12:38.699 D/AudioHardwareMSM7X30(  121): msm_route_stream(PCM_PLAY,5,3,1)
02-13 14:12:38.989 D/PowerManagerService(  206): UnPartial  wakeLock  reactivate ,flags=0xa tag=KEEP_SCREEN_ON_FLAG
02-13 14:12:38.989 D/MediaPlayer( 2404): pause state 16
02-13 14:12:38.999 D/KeyguardViewMediator(  206): setHidden false
02-13 14:12:38.999 D/PowerManagerService(  206): UnPartial  wakeLock  reactivate ,flags=0xa tag=KEEP_SCREEN_ON_FLAG
02-13 14:12:38.999 D/PowerManagerService(  206): releaseWakeLock flags=0xa tag=KEEP_SCREEN_ON_FLAG
02-13 14:12:41.622 D/AudioHardwareMSM7X30(  121): AudioStreamOutMSM72xx::standby()
02-13 14:12:41.622 D/AudioHardwareMSM7X30(  121): Deroute pcm out stream
02-13 14:12:41.622 D/AudioHardwareMSM7X30(  121): updateDeviceInfo: E rx_device 2 and tx_device 3
02-13 14:12:41.622 D/AudioHardwareMSM7X30(  121): No active voicecall/playback, disabling cur_rx 2
02-13 14:12:41.622 D/AudioHardwareMSM7X30(  121): value of device and enable is 2 0 ALSA dev id:3
02-13 14:12:41.632 D/AudioHardwareMSM7X30(  121): No active voicecall/recording, disabling cur_tx 3
02-13 14:12:41.632 D/AudioHardwareMSM7X30(  121): value of device and enable is 3 0 ALSA dev id:10
02-13 14:12:41.632 E/AudioHardwareMSM7X30(  121): There is no node in the routing table!
02-13 14:12:41.632 D/AudioHardwareMSM7X30(  121): updateDeviceInfo: X cur_rx 2 cur_tx 3
02-13 14:12:44.945 D/KeyguardViewMediator(  206): setHidden false
02-13 14:12:44.965 I/hubo    (  206): Activity com.google.android.youtube.app.froyo.phone.MyChannelActivity
02-13 14:12:49.409 I/wpa_supplicant(  304): State: INACTIVE -> SCANNING
02-13 14:12:49.409 I/wpa_supplicant(  304): CTRL-EVENT-STATE-CHANGE id=-1 state=2 BSSID=00:00:00:00:00:00
02-13 14:12:49.419 D/NetworkStateTracker(  206): setDetailed state, old =IDLE and new state=SCANNING
02-13 14:12:49.830 D/DATA    (  331): [DSST(0)] pollstate() : reason = data network state changed
02-13 14:12:49.860 D/MobileDataStateTracker(  206): [hipri]  MobileDataStateReceiver onReceive(): Entry.
02-13 14:12:49.860 D/MobileDataStateTracker(  206): [hipri]  intent.getAction()= android.intent.action.SERVICE_STATE
02-13 14:12:49.860 D/MobileDataStateTracker(  206): [hipri]  mEnabled = true
02-13 14:12:49.860 D/MobileDataStateTracker(  206): [dun]  MobileDataStateReceiver onReceive(): Entry.
02-13 14:12:49.860 D/MobileDataStateTracker(  206): [dun]  intent.getAction()= android.intent.action.SERVICE_STATE
02-13 14:12:49.860 D/MobileDataStateTracker(  206): [dun]  mEnabled = false
02-13 14:12:49.860 D/MobileDataStateTracker(  206): [supl]  MobileDataStateReceiver onReceive(): Entry.
02-13 14:12:49.860 D/MobileDataStateTracker(  206): [supl]  intent.getAction()= android.intent.action.SERVICE_STATE
02-13 14:12:49.860 D/MobileDataStateTracker(  206): [supl]  mEnabled = false
02-13 14:12:49.880 D/CallManager(  331):  handleMessage (EVENT_SERVICE_STATE_CHANGED)
02-13 14:12:49.880 E/BT HS/HF(  331): SERVICE_STATE_CHANGED called
02-13 14:12:49.880 E/BT HS/HF(  331): updateServiceState called, sendUpdate:false  ServiceState:0 home Sprint  310099  EvDo rev. A CSS not supported 41 4139RoamInd: 1RoamStatus(sprint): 1DefRoamInd: 160EmergOnly: false
02-13 14:12:49.880 E/BT HS/HF(  331): service:1 mService:1
02-13 14:12:49.880 D/MobileDataStateTracker(  206): [mms]  MobileDataStateReceiver onReceive(): Entry.
02-13 14:12:49.880 D/MobileDataStateTracker(  206): [mms]  intent.getAction()= android.intent.action.SERVICE_STATE
02-13 14:12:49.880 D/MobileDataStateTracker(  206): [mms]  mEnabled = false
02-13 14:12:49.890 D/MobileDataStateTracker(  206): [default]  MobileDataStateReceiver onReceive(): Entry.
02-13 14:12:49.890 D/MobileDataStateTracker(  206): [default]  intent.getAction()= android.intent.action.SERVICE_STATE
02-13 14:12:49.890 D/MobileDataStateTracker(  206): [default]  mEnabled = true
02-13 14:12:49.890 D/DATA    (  331): [DSST(0)]  registrationState = 1  radioTechnology = 8 reasonForDenial = 0
02-13 14:12:49.890 D/DATA    (  331): [DSST(0)]  set mNewDataConnectionState = 0
02-13 14:12:49.890 D/DATA    (  331): [DSST(0)]  mNewDataConnectionState : 0  mDataConnectionState : 0
02-13 14:12:49.890 D/DATA    (  331): [DSST(0)] Poll ServiceState done: oldSS=[0 home null null null  EvDo rev. A CSS not supported -1 -1RoamInd: -1RoamStatus(sprint): -1DefRoamInd: -1EmergOnly: false] newSS=[0 home null null null  EvDo rev. A CSS not supported -1 -1RoamInd: -1RoamStatus(sprint): -1DefRoamInd: -1EmergOnly: false]
02-13 14:12:49.890 D/DATA    (  331): [DSST(0)]  mDataConnectionState = 0
02-13 14:12:49.890 D/Mms     ( 1781): currentRoamingStatus:1
02-13 14:12:49.920 D/KeyguardViewMediator(  206): setHidden false
02-13 14:12:49.930 D/KeyguardViewMediator(  206): setHidden false
02-13 14:12:49.940 D/KeyguardViewMediator(  206): setHidden false
02-13 14:12:49.940 E/OverlayLIB(  206): setPosition failed
02-13 14:12:49.940 E/Overlay (  206): int setPositionHandleState(overlay_control_context_t*, overlay_object*, overlay_rect&, int, int, uint32_t, uint32_t):Failed for channel 0
02-13 14:12:49.960 D/KeyguardViewMediator(  206): setHidden false
02-13 14:12:49.970 E/OverlayLIB(  206): setPosition failed
02-13 14:12:49.970 E/Overlay (  206): int setPositionHandleState(overlay_control_context_t*, overlay_object*, overlay_rect&, int, int, uint32_t, uint32_t):Failed for channel 0
02-13 14:12:49.970 D/KeyguardViewMediator(  206): setHidden false
02-13 14:12:49.990 E/OverlayLIB(  206): setPosition failed
02-13 14:12:49.990 E/Overlay (  206): int setPositionHandleState(overlay_control_context_t*, overlay_object*, overlay_rect&, int, int, uint32_t, uint32_t):Failed for channel 0
02-13 14:12:49.990 D/KeyguardViewMediator(  206): setHidden false
02-13 14:12:50.000 E/OverlayLIB(  206): setPosition failed
02-13 14:12:50.000 E/Overlay (  206): int setPositionHandleState(overlay_control_context_t*, overlay_object*, overlay_rect&, int, int, uint32_t, uint32_t):Failed for channel 0
02-13 14:12:50.010 D/KeyguardViewMediator(  206): setHidden false
02-13 14:12:50.020 E/OverlayLIB(  206): setPosition failed
02-13 14:12:50.020 E/Overlay (  206): int setPositionHandleState(overlay_control_context_t*, overlay_object*, overlay_rect&, int, int, uint32_t, uint32_t):Failed for channel 0
02-13 14:12:50.020 D/KeyguardViewMediator(  206): setHidden false
02-13 14:12:50.040 E/OverlayLIB(  206): setPosition failed
02-13 14:12:50.040 E/Overlay (  206): int setPositionHandleState(overlay_control_context_t*, overlay_object*, overlay_rect&, int, int, uint32_t, uint32_t):Failed for channel 0
02-13 14:12:50.040 D/KeyguardViewMediator(  206): setHidden false
02-13 14:12:50.060 E/OverlayLIB(  206): setPosition failed
02-13 14:12:50.060 E/Overlay (  206): int setPositionHandleState(overlay_control_context_t*, overlay_object*, overlay_rect&, int, int, uint32_t, uint32_t):Failed for channel 0
02-13 14:12:50.060 D/KeyguardViewMediator(  206): setHidden false
02-13 14:12:50.070 E/OverlayLIB(  206): setPosition failed
02-13 14:12:50.070 E/Overlay (  206): int setPositionHandleState(overlay_control_context_t*, overlay_object*, overlay_rect&, int, int, uint32_t, uint32_t):Failed for channel 0
02-13 14:12:50.070 D/KeyguardViewMediator(  206): setHidden false
02-13 14:12:50.080 E/OverlayLIB(  206): setPosition failed
02-13 14:12:50.080 E/Overlay (  206): int setPositionHandleState(overlay_control_context_t*, overlay_object*, overlay_rect&, int, int, uint32_t, uint32_t):Failed for channel 0
02-13 14:12:50.090 D/KeyguardViewMediator(  206): setHidden false
02-13 14:12:50.390 I/dun_service(  130): process rmnet event
02-13 14:12:50.390 I/dun_service(  130): Post event 4
02-13 14:12:50.390 I/dun_service(  130): received event: DUN_EVENT_RMNET_UP 
02-13 14:12:50.390 I/dun_service(  130): received event(DUN_EVENT_RMNET_UP) in state(DUN_STATE_USB_UNPLUG)
02-13 14:12:50.390 I/dun_service(  130): Ignoring the event DUN_EVENT_RMNET_UP in USB_UNPLUG_STATE
02-13 14:12:50.390 I/dun_service(  130): Moved to state(DUN_STATE_USB_UNPLUG)
02-13 14:12:50.390 I/wpa_supplicant(  304): State: SCANNING -> INACTIVE
02-13 14:12:50.390 I/wpa_supplicant(  304): CTRL-EVENT-STATE-CHANGE id=-1 state=1 BSSID=00:00:00:00:00:00
02-13 14:12:50.400 D/WifiStateTracker(  206): setNotificationVisible() visible=false mNotificationShown=false force=false return.
02-13 14:12:50.400 D/NetworkStateTracker(  206): setDetailed state, old =SCANNING and new state=IDLE
02-13 14:12:54.975 E/OverlayLIB(  206): setPosition failed
02-13 14:12:54.975 E/Overlay (  206): int setPositionHandleState(overlay_control_context_t*, overlay_object*, overlay_rect&, int, int, uint32_t, uint32_t):Failed for channel 0
02-13 14:12:54.995 E/OverlayLIB(  206): setPosition failed
02-13 14:12:54.995 E/Overlay (  206): int setPositionHandleState(overlay_control_context_t*, overlay_object*, overlay_rect&, int, int, uint32_t, uint32_t):Failed for channel 0
02-13 14:12:55.025 D/PhoneApp(  331): updateProximitySensorMode: state = IDLE
02-13 14:12:55.025 D/PhoneApp(  331): updateProximitySensorMode: lock already released.
02-13 14:12:55.045 D/KeyguardViewMediator(  206): setHidden false
02-13 14:12:55.095 D/KeyguardViewMediator(  206): setHidden false
02-13 14:12:55.105 D/KeyguardViewMediator(  206): setHidden false
02-13 14:12:55.105 D/KeyguardViewMediator(  206): setHidden false
02-13 14:12:55.115 E/OverlayLIB(  206): setPosition failed
02-13 14:12:55.115 E/Overlay (  206): int setPositionHandleState(overlay_control_context_t*, overlay_object*, overlay_rect&, int, int, uint32_t, uint32_t):Failed for channel 0
02-13 14:12:55.125 E/OverlayLIB(  206): setPosition failed
02-13 14:12:55.125 E/Overlay (  206): int setPositionHandleState(overlay_control_context_t*, overlay_object*, overlay_rect&, int, int, uint32_t, uint32_t):Failed for channel 0
02-13 14:12:55.125 D/KeyguardViewMediator(  206): setHidden false
02-13 14:12:55.125 D/KeyguardViewMediator(  206): setHidden false
02-13 14:12:55.135 D/KeyguardViewMediator(  206): setHidden false
02-13 14:12:55.135 E/OverlayLIB(  206): setPosition failed
02-13 14:12:55.135 E/Overlay (  206): int setPositionHandleState(overlay_control_context_t*, overlay_object*, overlay_rect&, int, int, uint32_t, uint32_t):Failed for channel 0
02-13 14:12:55.135 E/OverlayLIB(  206): setPosition failed
02-13 14:12:55.135 E/Overlay (  206): int setPositionHandleState(overlay_control_context_t*, overlay_object*, overlay_rect&, int, int, uint32_t, uint32_t):Failed for channel 0
02-13 14:12:55.165 D/KeyguardViewMediator(  206): setHidden false
02-13 14:12:55.175 D/OmaDrmReceiver(  685): android.intent.action.CONFIGURATION_CHANGED
02-13 14:12:55.175 I/OmaDrmService(  685): Language changed!!!!!!
02-13 14:12:56.947 E/NuHTTPDataSource(  121): wlg  NuHTTPDataSource::GetHTTPProxy()
02-13 14:12:56.947 E/NuHTTPDataSource(  121): tmpStr pd.vog.sprintpcs.com#8085#CDMA - EvDo rev. A#enRldGVzdGFjY291bnQyMjFAc3ByaW50cGNzLmNvbTpwY3M=
02-13 14:12:56.947 E/NuHTTPDataSource(  121): connect proxy 
02-13 14:12:56.947 E/NuHTTPDataSource(  121): wlg  use http proxy!
02-13 14:12:58.238 E/NuHTTPDataSource(  121): wlg  connect absolute URL!
02-13 14:13:00.000 D/DATA    (  331): [DSST(0)] pollstate() : reason = data network state changed
02-13 14:13:00.060 D/CallManager(  331):  handleMessage (EVENT_SERVICE_STATE_CHANGED)
02-13 14:13:00.060 E/BT HS/HF(  331): SERVICE_STATE_CHANGED called
02-13 14:13:00.070 E/BT HS/HF(  331): updateServiceState called, sendUpdate:false  ServiceState:0 home Sprint  310099  EvDo rev. A CSS not supported 41 4139RoamInd: 1RoamStatus(sprint): 1DefRoamInd: 160EmergOnly: false
02-13 14:13:00.070 E/BT HS/HF(  331): service:1 mService:1
02-13 14:13:00.070 D/DATA    (  331): [DSST(0)]  registrationState = 1  radioTechnology = 8 reasonForDenial = 0
02-13 14:13:00.070 D/DATA    (  331): [DSST(0)]  set mNewDataConnectionState = 0
02-13 14:13:00.070 D/DATA    (  331): [DSST(0)]  mNewDataConnectionState : 0  mDataConnectionState : 0
02-13 14:13:00.070 D/DATA    (  331): [DSST(0)] Poll ServiceState done: oldSS=[0 home null null null  EvDo rev. A CSS not supported -1 -1RoamInd: -1RoamStatus(sprint): -1DefRoamInd: -1EmergOnly: false] newSS=[0 home null null null  EvDo rev. A CSS not supported -1 -1RoamInd: -1RoamStatus(sprint): -1DefRoamInd: -1EmergOnly: false]
02-13 14:13:00.070 D/DATA    (  331): [DSST(0)]  mDataConnectionState = 0
02-13 14:13:00.080 D/MobileDataStateTracker(  206): [hipri]  MobileDataStateReceiver onReceive(): Entry.
02-13 14:13:00.080 D/MobileDataStateTracker(  206): [hipri]  intent.getAction()= android.intent.action.SERVICE_STATE
02-13 14:13:00.080 D/MobileDataStateTracker(  206): [hipri]  mEnabled = true
02-13 14:13:00.080 D/MobileDataStateTracker(  206): [dun]  MobileDataStateReceiver onReceive(): Entry.
02-13 14:13:00.080 D/MobileDataStateTracker(  206): [dun]  intent.getAction()= android.intent.action.SERVICE_STATE
02-13 14:13:00.080 D/MobileDataStateTracker(  206): [dun]  mEnabled = false
02-13 14:13:00.080 D/MobileDataStateTracker(  206): [supl]  MobileDataStateReceiver onReceive(): Entry.
02-13 14:13:00.080 D/MobileDataStateTracker(  206): [supl]  intent.getAction()= android.intent.action.SERVICE_STATE
02-13 14:13:00.080 D/MobileDataStateTracker(  206): [supl]  mEnabled = false
02-13 14:13:00.080 D/MobileDataStateTracker(  206): [mms]  MobileDataStateReceiver onReceive(): Entry.
02-13 14:13:00.080 D/MobileDataStateTracker(  206): [mms]  intent.getAction()= android.intent.action.SERVICE_STATE
02-13 14:13:00.080 D/MobileDataStateTracker(  206): [mms]  mEnabled = false
02-13 14:13:00.080 D/MobileDataStateTracker(  206): [default]  MobileDataStateReceiver onReceive(): Entry.
02-13 14:13:00.080 D/MobileDataStateTracker(  206): [default]  intent.getAction()= android.intent.action.SERVICE_STATE
02-13 14:13:00.090 D/MobileDataStateTracker(  206): [default]  mEnabled = true
02-13 14:13:00.090 D/KeyguardUpdateMonitor(  206): received broadcast android.intent.action.TIME_TICK
02-13 14:13:00.090 D/KeyguardUpdateMonitor(  206): handleTimeUpdate
02-13 14:13:00.110 D/Mms     ( 1781): currentRoamingStatus:1
02-13 14:13:03.823 D/AudioTrack(  121): start 0x68910
02-13 14:13:03.823 D/AudioFlinger(  121): start(4098), calling thread 121 session 32
02-13 14:13:03.823 D/AudioTrack(  121): pause
02-13 14:13:03.823 E/MediaPlayer( 2404): pause getCurrentPosition sec = 103746
02-13 14:13:03.833 D/MediaPlayer( 2404): pause state 32
02-13 14:13:03.833 D/MediaPlayer( 2404): pause state 32
02-13 14:13:03.833 E/MediaPlayer( 2404): getCurrentPosition sec = 103746
02-13 14:13:03.833 E/MediaPlayer( 2404): getDuration_l mDuration = 1296418
02-13 14:13:03.883 D/AudioTrack(  121): stop 0x68910
02-13 14:13:03.883 D/AudioTrack(  121): stop 0x68910
02-13 14:13:03.883 W/TimedEventQueue(  121): Event 10372 was not found in the queue, already cancelled?
02-13 14:13:03.893 D/AudioFlinger(  121): remove track (4098) and delete from mixer
02-13 14:13:05.405 I/wpa_supplicant(  304): State: INACTIVE -> SCANNING
02-13 14:13:05.405 I/wpa_supplicant(  304): CTRL-EVENT-STATE-CHANGE id=-1 state=2 BSSID=00:00:00:00:00:00
02-13 14:13:05.405 D/NetworkStateTracker(  206): setDetailed state, old =IDLE and new state=SCANNING
02-13 14:13:05.815 E/OMX-VDEC-720P(  121): 
02-13 14:13:05.815 E/OMX-VDEC-720P(  121):  send_command_proxy(): Current State 3, Expected State 2
02-13 14:13:05.815 E/OMX-VDEC-720P(  121): 
02-13 14:13:05.815 E/OMX-VDEC-720P(  121):  send_command_proxy(): OMX_CommandStateSet issued
02-13 14:13:05.815 E/OMX-VDEC-720P(  121): 
02-13 14:13:05.815 E/OMX-VDEC-720P(  121):  Current State 3, Expected State 2
02-13 14:13:05.825 E/OMX-VDEC-720P(  121): 
02-13 14:13:05.825 E/OMX-VDEC-720P(  121):  Driver flush i/p Port complete
02-13 14:13:05.825 E/OMX-VDEC-720P(  121): 
02-13 14:13:05.825 E/OMX-VDEC-720P(  121):  OMX flush i/p Port complete PenBuf(0)
02-13 14:13:05.825 E/OMX-VDEC-720P(  121): 
02-13 14:13:05.825 E/OMX-VDEC-720P(  121):  Driver flush o/p Port complete
02-13 14:13:05.825 E/OMX-VDEC-720P(  121): 
02-13 14:13:05.825 E/OMX-VDEC-720P(  121):  OMX flush o/p Port complete PenBuf(0)
02-13 14:13:05.825 E/OMX-VDEC-720P(  121): 
02-13 14:13:05.825 E/OMX-VDEC-720P(  121):  Rxd OMX_COMPONENT_GENERATE_STOP_DONE
02-13 14:13:05.825 E/OMX-VDEC-720P(  121): 
02-13 14:13:05.825 E/OMX-VDEC-720P(  121):  send_command_proxy(): Current State 2, Expected State 1
02-13 14:13:05.825 E/OMX-VDEC-720P(  121): 
02-13 14:13:05.825 E/OMX-VDEC-720P(  121):  send_command_proxy(): OMX_CommandStateSet issued
02-13 14:13:05.825 E/OMX-VDEC-720P(  121): 
02-13 14:13:05.825 E/OMX-VDEC-720P(  121):  Current State 2, Expected State 1
02-13 14:13:05.825 E/OMX-VDEC-720P(  121): 
02-13 14:13:05.825 E/OMX-VDEC-720P(  121):  ALL input buffers are freed/released
02-13 14:13:05.825 E/OMX-VDEC-720P(  121): 
02-13 14:13:05.825 E/OMX-VDEC-720P(  121):  ALL output buffers are freed/released
02-13 14:13:05.825 E/OMX-VDEC-720P(  121): 
02-13 14:13:05.825 E/OMX-VDEC-720P(  121):  OMX_CommandStateSet complete, m_state = 1
02-13 14:13:05.825 E/OMX-VDEC-720P(  121): 
02-13 14:13:05.825 E/OMX-VDEC-720P(  121):  Playback Ended - PASSED
02-13 14:13:05.825 E/OMX-VDEC-720P(  121): 
02-13 14:13:05.825 E/OMX-VDEC-720P(  121):  ALL output buffers are freed/released
02-13 14:13:05.825 E/OMX-VDEC-720P(  121): 
02-13 14:13:05.825 E/OMX-VDEC-720P(  121):  Close the driver instance
02-13 14:13:05.825 E/OMX-VDEC-720P(  121): 
02-13 14:13:05.825 E/OMX-VDEC-720P(  121):  omx_vdec::component_deinit() complete
02-13 14:13:05.825 E/OMX-VDEC-720P(  121): In OMX vdec Destructor
02-13 14:13:05.825 E/OMX-VDEC-720P(  121): Waiting on OMX Msg Thread exit
02-13 14:13:05.835 E/OMX-VDEC-720P(  121): 
02-13 14:13:05.835 E/OMX-VDEC-720P(  121): ERROR: read from pipe failed, ret -1 errno 9
02-13 14:13:05.835 E/OMX-VDEC-720P(  121): omx_vdec: message thread stop
02-13 14:13:05.835 E/OMX-VDEC-720P(  121): Waiting on OMX Async Thread exit
02-13 14:13:05.865 E/OMX-VDEC-720P(  121): 
02-13 14:13:05.865 E/OMX-VDEC-720P(  121):  Error in ioctl read next msg
02-13 14:13:05.865 E/OMX-VDEC-720P(  121): omx_vdec: Async thread stop
02-13 14:13:05.865 E/OMX-VDEC-720P(  121): Exit OMX vdec Destructor
02-13 14:13:05.935 I/AudioService(  206):  AudioFocus  abandonAudioFocus() from android.media.AudioManager@406a2588
02-13 14:13:05.945 D/KeyguardViewMediator(  206): setHidden false
02-13 14:13:05.945 D/KeyguardViewMediator(  206): setHidden false
02-13 14:13:05.955 D/KeyguardViewMediator(  206): setHidden false
02-13 14:13:05.955 W/MediaPlayer( 2404): mediaplayer went away with unhandled events
02-13 14:13:05.965 D/KeyguardViewMediator(  206): setHidden false
02-13 14:13:06.176 D/KeyguardViewMediator(  206): setHidden false
02-13 14:13:06.176 D/KeyguardViewMediator(  206): setHidden false
02-13 14:13:06.176 D/KeyguardViewMediator(  206): setHidden false
02-13 14:13:06.196 D/KeyguardViewMediator(  206): setHidden false
02-13 14:13:06.226 D/KeyguardViewMediator(  206): setHidden false
02-13 14:13:06.246 D/KeyguardViewMediator(  206): setHidden false
02-13 14:13:06.246 D/KeyguardViewMediator(  206): setHidden false
02-13 14:13:06.266 D/KeyguardViewMediator(  206): setHidden false
02-13 14:13:06.276 D/KeyguardViewMediator(  206): setHidden false
02-13 14:13:06.276 I/hubo    (  206): Activity {com.google.android.youtube/com.google.android.youtube.app.froyo.phone.HomeActivity}
02-13 14:13:06.276 D/KeyguardViewMediator(  206): setHidden false
02-13 14:13:06.296 D/KeyguardViewMediator(  206): setHidden false
02-13 14:13:06.296 D/KeyguardViewMediator(  206): setHidden false
02-13 14:13:06.316 D/KeyguardViewMediator(  206): setHidden false
02-13 14:13:06.316 D/KeyguardViewMediator(  206): setHidden false
02-13 14:13:06.316 D/KeyguardViewMediator(  206): setHidden false
02-13 14:13:06.326 D/KeyguardViewMediator(  206): setHidden false
02-13 14:13:06.336 D/KeyguardViewMediator(  206): setHidden false
02-13 14:13:06.346 D/KeyguardViewMediator(  206): setHidden false
02-13 14:13:06.356 D/KeyguardViewMediator(  206): setHidden false
02-13 14:13:06.356 I/hubo    (  206): Activity {com.android.launcher/com.android.launcher2.Launcher}
02-13 14:13:06.356 D/KeyguardViewMediator(  206): setHidden false
02-13 14:13:06.366 I/wpa_supplicant(  304): State: SCANNING -> INACTIVE
02-13 14:13:06.366 I/wpa_supplicant(  304): CTRL-EVENT-STATE-CHANGE id=-1 state=1 BSSID=00:00:00:00:00:00
02-13 14:13:06.366 I/dun_service(  130): process rmnet event
02-13 14:13:06.366 I/dun_service(  130): Post event 4
02-13 14:13:06.366 I/dun_service(  130): received event: DUN_EVENT_RMNET_UP 
02-13 14:13:06.366 I/dun_service(  130): received event(DUN_EVENT_RMNET_UP) in state(DUN_STATE_USB_UNPLUG)
02-13 14:13:06.366 I/dun_service(  130): Ignoring the event DUN_EVENT_RMNET_UP in USB_UNPLUG_STATE
02-13 14:13:06.366 I/dun_service(  130): Moved to state(DUN_STATE_USB_UNPLUG)
02-13 14:13:06.366 D/NetworkStateTracker(  206): setDetailed state, old =SCANNING and new state=IDLE
02-13 14:13:06.366 D/WifiStateTracker(  206): setNotificationVisible() visible=false mNotificationShown=false force=false return.
02-13 14:13:06.376 D/Warhol  (  900): A pack appears to be installed -- skipping Installer
02-13 14:13:06.376 D/KeyguardViewMediator(  206): setHidden false
02-13 14:13:06.376 D/KeyguardViewMediator(  206): setHidden false
02-13 14:13:06.396 D/KeyguardViewMediator(  206): setHidden false
02-13 14:13:06.406 D/KeyguardViewMediator(  206): setHidden false
02-13 14:13:06.416 D/KeyguardViewMediator(  206): setHidden false
02-13 14:13:06.416 D/KeyguardViewMediator(  206): setHidden false
02-13 14:13:06.426 D/KeyguardViewMediator(  206): setHidden false
02-13 14:13:06.426 W/KeyCharacterMap(  900): Can't open keycharmap file
02-13 14:13:06.426 W/KeyCharacterMap(  900): Error loading keycharmap file '/system/usr/keychars/synaptics-rmi4-ts.kcm.bin'. hw.keyboards.262146.devname='synaptics-rmi4-ts'
02-13 14:13:06.426 W/KeyCharacterMap(  900): Using default keymap: /system/usr/keychars/qwerty.kcm.bin
02-13 14:13:06.436 D/Launcher(  900): Dissmis Preview for view :null ID:2131230735
02-13 14:13:06.436 D/Launcher(  900): Dissmis Preview for view :null ID:2131230736
02-13 14:13:06.436 D/KeyguardViewMediator(  206): setHidden false
02-13 14:13:06.456 D/KeyguardViewMediator(  206): setHidden false
02-13 14:13:06.466 D/KeyguardViewMediator(  206): setHidden false
02-13 14:13:06.476 D/KeyguardViewMediator(  206): setHidden false
02-13 14:13:06.486 D/KeyguardViewMediator(  206): setHidden false
02-13 14:13:06.506 D/KeyguardViewMediator(  206): setHidden false
02-13 14:13:06.516 D/KeyguardViewMediator(  206): setHidden false
02-13 14:13:06.526 D/Launcher(  900): Dissmis Preview for view :null ID:2131230735
02-13 14:13:06.526 D/Launcher(  900): Dissmis Preview for view :null ID:2131230736
02-13 14:13:06.536 D/KeyguardViewMediator(  206): setHidden false
02-13 14:13:06.546 D/KeyguardViewMediator(  206): setHidden false
02-13 14:13:06.556 D/KeyguardViewMediator(  206): setHidden false
02-13 14:13:06.556 D/KeyguardViewMediator(  206): setHidden false
02-13 14:13:06.566 D/KeyguardViewMediator(  206): setHidden false
02-13 14:13:06.576 D/Launcher(  900): Dissmis Preview for view :null ID:2131230735
02-13 14:13:06.576 D/Launcher(  900): Dissmis Preview for view :null ID:2131230736
02-13 14:13:06.586 D/KeyguardViewMediator(  206): setHidden false
02-13 14:13:06.586 D/KeyguardViewMediator(  206): setHidden false
02-13 14:13:06.606 D/KeyguardViewMediator(  206): setHidden false
02-13 14:13:06.616 D/KeyguardViewMediator(  206): setHidden false
02-13 14:13:06.626 D/Launcher(  900): Dissmis Preview for view :null ID:2131230735
02-13 14:13:06.626 D/Launcher(  900): Dissmis Preview for view :null ID:2131230736
02-13 14:13:06.636 D/KeyguardViewMediator(  206): setHidden false
02-13 14:13:06.646 D/KeyguardViewMediator(  206): setHidden false
02-13 14:13:06.666 D/KeyguardViewMediator(  206): setHidden false
02-13 14:13:06.666 D/Launcher(  900): Dissmis Preview for view :null ID:2131230735
02-13 14:13:06.666 D/Launcher(  900): Dissmis Preview for view :null ID:2131230736
02-13 14:13:06.686 D/KeyguardViewMediator(  206): setHidden false
02-13 14:13:06.696 D/KeyguardViewMediator(  206): setHidden false
02-13 14:13:06.706 D/Launcher(  900): Dissmis Preview for view :null ID:2131230735
02-13 14:13:06.706 D/Launcher(  900): Dissmis Preview for view :null ID:2131230736
02-13 14:13:06.716 D/KeyguardViewMediator(  206): setHidden false
02-13 14:13:06.726 D/KeyguardViewMediator(  206): setHidden false
02-13 14:13:06.736 D/KeyguardViewMediator(  206): setHidden false
02-13 14:13:06.736 D/KeyguardViewMediator(  206): setHidden false
02-13 14:13:06.746 D/Launcher(  900): Dissmis Preview for view :null ID:2131230735
02-13 14:13:06.746 D/Launcher(  900): Dissmis Preview for view :null ID:2131230736
02-13 14:13:06.786 D/Launcher(  900): Dissmis Preview for view :null ID:2131230735
02-13 14:13:06.786 D/Launcher(  900): Dissmis Preview for view :null ID:2131230736
