02-13 14:02:33.428 E/MediaPlayer( 2404): getDuration_l mDuration = 1296418
02-13 14:02:34.229 D/DATA    (  331): [DSST(0)] pollstate() : reason = data network state changed
02-13 14:02:34.309 D/MobileDataStateTracker(  206): [hipri]  MobileDataStateReceiver onReceive(): Entry.
02-13 14:02:34.309 D/MobileDataStateTracker(  206): [hipri]  intent.getAction()= android.intent.action.SERVICE_STATE
02-13 14:02:34.309 D/MobileDataStateTracker(  206): [hipri]  mEnabled = true
02-13 14:02:34.319 D/MobileDataStateTracker(  206): [dun]  MobileDataStateReceiver onReceive(): Entry.
02-13 14:02:34.319 D/MobileDataStateTracker(  206): [dun]  intent.getAction()= android.intent.action.SERVICE_STATE
02-13 14:02:34.319 D/MobileDataStateTracker(  206): [dun]  mEnabled = false
02-13 14:02:34.319 D/MobileDataStateTracker(  206): [supl]  MobileDataStateReceiver onReceive(): Entry.
02-13 14:02:34.319 D/MobileDataStateTracker(  206): [supl]  intent.getAction()= android.intent.action.SERVICE_STATE
02-13 14:02:34.319 D/MobileDataStateTracker(  206): [supl]  mEnabled = false
02-13 14:02:34.329 D/MobileDataStateTracker(  206): [mms]  MobileDataStateReceiver onReceive(): Entry.
02-13 14:02:34.329 D/MobileDataStateTracker(  206): [mms]  intent.getAction()= android.intent.action.SERVICE_STATE
02-13 14:02:34.329 D/MobileDataStateTracker(  206): [mms]  mEnabled = false
02-13 14:02:34.329 D/DATA    (  331): [DSST(0)]  registrationState = 1  radioTechnology = 8 reasonForDenial = 0
02-13 14:02:34.329 D/DATA    (  331): [DSST(0)]  set mNewDataConnectionState = 0
02-13 14:02:34.339 D/MobileDataStateTracker(  206): [default]  MobileDataStateReceiver onReceive(): Entry.
02-13 14:02:34.339 D/MobileDataStateTracker(  206): [default]  intent.getAction()= android.intent.action.SERVICE_STATE
02-13 14:02:34.339 D/MobileDataStateTracker(  206): [default]  mEnabled = true
02-13 14:02:34.339 D/DATA    (  331): [DSST(0)]  mNewDataConnectionState : 0  mDataConnectionState : 0
02-13 14:02:34.339 D/DATA    (  331): [DSST(0)] Poll ServiceState done: oldSS=[0 home null null null  EvDo rev. A CSS not supported -1 -1RoamInd: -1RoamStatus(sprint): -1DefRoamInd: -1EmergOnly: false] newSS=[0 home null null null  EvDo rev. A CSS not supported -1 -1RoamInd: -1RoamStatus(sprint): -1DefRoamInd: -1EmergOnly: false]
02-13 14:02:34.339 D/DATA    (  331): [DSST(0)]  mDataConnectionState = 0
02-13 14:02:34.339 D/CallManager(  331):  handleMessage (EVENT_SERVICE_STATE_CHANGED)
02-13 14:02:34.339 E/BT HS/HF(  331): SERVICE_STATE_CHANGED called
02-13 14:02:34.339 E/BT HS/HF(  331): updateServiceState called, sendUpdate:false  ServiceState:0 home Sprint  310099  EvDo rev. A CSS not supported 41 4139RoamInd: 1RoamStatus(sprint): 1DefRoamInd: 160EmergOnly: false
02-13 14:02:34.339 E/BT HS/HF(  331): service:1 mService:1
02-13 14:02:34.359 D/Mms     ( 1781): currentRoamingStatus:1
02-13 14:02:34.429 E/MediaPlayer( 2404): getCurrentPosition sec = 580074
02-13 14:02:34.429 E/MediaPlayer( 2404): getDuration_l mDuration = 1296418
02-13 14:02:35.440 E/MediaPlayer( 2404): getCurrentPosition sec = 581172
02-13 14:02:35.440 E/MediaPlayer( 2404): getDuration_l mDuration = 1296418
02-13 14:02:36.451 E/MediaPlayer( 2404): getCurrentPosition sec = 582133
02-13 14:02:36.451 E/MediaPlayer( 2404): getDuration_l mDuration = 1296418
02-13 14:02:37.452 E/MediaPlayer( 2404): getCurrentPosition sec = 583093
02-13 14:02:37.452 E/MediaPlayer( 2404): getDuration_l mDuration = 1296418
02-13 14:02:38.463 E/MediaPlayer( 2404): getCurrentPosition sec = 584191
02-13 14:02:38.463 E/MediaPlayer( 2404): getDuration_l mDuration = 1296418
02-13 14:02:39.464 E/MediaPlayer( 2404): getCurrentPosition sec = 585152
02-13 14:02:39.464 E/MediaPlayer( 2404): getDuration_l mDuration = 1296418
02-13 14:02:39.724 I/wpa_supplicant(  304): State: INACTIVE -> SCANNING
02-13 14:02:39.724 I/wpa_supplicant(  304): CTRL-EVENT-STATE-CHANGE id=-1 state=2 BSSID=00:00:00:00:00:00
02-13 14:02:39.734 D/NetworkStateTracker(  206): setDetailed state, old =IDLE and new state=SCANNING
02-13 14:02:40.475 E/MediaPlayer( 2404): getCurrentPosition sec = 586112
02-13 14:02:40.475 E/MediaPlayer( 2404): getDuration_l mDuration = 1296418
02-13 14:02:40.695 I/dun_service(  130): process rmnet event
02-13 14:02:40.695 I/dun_service(  130): Post event 4
02-13 14:02:40.705 I/dun_service(  130): received event: DUN_EVENT_RMNET_UP 
02-13 14:02:40.705 I/dun_service(  130): received event(DUN_EVENT_RMNET_UP) in state(DUN_STATE_USB_UNPLUG)
02-13 14:02:40.705 I/dun_service(  130): Ignoring the event DUN_EVENT_RMNET_UP in USB_UNPLUG_STATE
02-13 14:02:40.705 I/dun_service(  130): Moved to state(DUN_STATE_USB_UNPLUG)
02-13 14:02:40.705 I/wpa_supplicant(  304): State: SCANNING -> INACTIVE
02-13 14:02:40.705 I/wpa_supplicant(  304): CTRL-EVENT-STATE-CHANGE id=-1 state=1 BSSID=00:00:00:00:00:00
02-13 14:02:40.705 D/WifiStateTracker(  206): setNotificationVisible() visible=false mNotificationShown=false force=false return.
02-13 14:02:40.715 D/NetworkStateTracker(  206): setDetailed state, old =SCANNING and new state=IDLE
02-13 14:02:41.486 E/MediaPlayer( 2404): getCurrentPosition sec = 587210
02-13 14:02:41.486 E/MediaPlayer( 2404): getDuration_l mDuration = 1296418
02-13 14:02:42.497 E/MediaPlayer( 2404): getCurrentPosition sec = 588171
02-13 14:02:42.497 E/MediaPlayer( 2404): getDuration_l mDuration = 1296418
02-13 14:02:43.488 E/MediaPlayer( 2404): getCurrentPosition sec = 589131
02-13 14:02:43.488 E/MediaPlayer( 2404): getDuration_l mDuration = 1296418
02-13 14:02:44.489 E/MediaPlayer( 2404): getCurrentPosition sec = 590229
02-13 14:02:44.489 E/MediaPlayer( 2404): getDuration_l mDuration = 1296418
02-13 14:02:45.500 E/MediaPlayer( 2404): getCurrentPosition sec = 591190
02-13 14:02:45.500 E/MediaPlayer( 2404): getDuration_l mDuration = 1296418
02-13 14:02:46.511 E/MediaPlayer( 2404): getCurrentPosition sec = 592150
02-13 14:02:46.511 E/MediaPlayer( 2404): getDuration_l mDuration = 1296418
02-13 14:02:47.512 E/MediaPlayer( 2404): getCurrentPosition sec = 593248
02-13 14:02:47.512 E/MediaPlayer( 2404): getDuration_l mDuration = 1296418
02-13 14:02:48.513 E/MediaPlayer( 2404): getCurrentPosition sec = 594209
02-13 14:02:48.523 E/MediaPlayer( 2404): getDuration_l mDuration = 1296418
02-13 14:02:49.524 E/MediaPlayer( 2404): getCurrentPosition sec = 595169
02-13 14:02:49.524 E/MediaPlayer( 2404): getDuration_l mDuration = 1296418
02-13 14:02:49.614 D/DATA    (  331): [DSST(0)] pollstate() : reason = data network state changed
02-13 14:02:49.684 D/MobileDataStateTracker(  206): [hipri]  MobileDataStateReceiver onReceive(): Entry.
02-13 14:02:49.684 D/MobileDataStateTracker(  206): [hipri]  intent.getAction()= android.intent.action.SERVICE_STATE
02-13 14:02:49.684 D/MobileDataStateTracker(  206): [hipri]  mEnabled = true
02-13 14:02:49.684 D/MobileDataStateTracker(  206): [dun]  MobileDataStateReceiver onReceive(): Entry.
02-13 14:02:49.684 D/MobileDataStateTracker(  206): [dun]  intent.getAction()= android.intent.action.SERVICE_STATE
02-13 14:02:49.684 D/MobileDataStateTracker(  206): [dun]  mEnabled = false
02-13 14:02:49.684 D/MobileDataStateTracker(  206): [supl]  MobileDataStateReceiver onReceive(): Entry.
02-13 14:02:49.684 D/MobileDataStateTracker(  206): [supl]  intent.getAction()= android.intent.action.SERVICE_STATE
02-13 14:02:49.684 D/MobileDataStateTracker(  206): [supl]  mEnabled = false
02-13 14:02:49.694 D/MobileDataStateTracker(  206): [mms]  MobileDataStateReceiver onReceive(): Entry.
02-13 14:02:49.694 D/MobileDataStateTracker(  206): [mms]  intent.getAction()= android.intent.action.SERVICE_STATE
02-13 14:02:49.694 D/MobileDataStateTracker(  206): [mms]  mEnabled = false
02-13 14:02:49.694 D/MobileDataStateTracker(  206): [default]  MobileDataStateReceiver onReceive(): Entry.
02-13 14:02:49.694 D/MobileDataStateTracker(  206): [default]  intent.getAction()= android.intent.action.SERVICE_STATE
02-13 14:02:49.694 D/MobileDataStateTracker(  206): [default]  mEnabled = true
02-13 14:02:49.704 D/CallManager(  331):  handleMessage (EVENT_SERVICE_STATE_CHANGED)
02-13 14:02:49.704 E/BT HS/HF(  331): SERVICE_STATE_CHANGED called
02-13 14:02:49.704 E/BT HS/HF(  331): updateServiceState called, sendUpdate:false  ServiceState:0 home Sprint  310099  EvDo rev. A CSS not supported 41 4139RoamInd: 1RoamStatus(sprint): 1DefRoamInd: 160EmergOnly: false
02-13 14:02:49.704 E/BT HS/HF(  331): service:1 mService:1
02-13 14:02:49.714 D/DATA    (  331): [DSST(0)]  registrationState = 1  radioTechnology = 8 reasonForDenial = 0
02-13 14:02:49.714 D/DATA    (  331): [DSST(0)]  set mNewDataConnectionState = 0
02-13 14:02:49.714 D/DATA    (  331): [DSST(0)]  mNewDataConnectionState : 0  mDataConnectionState : 0
02-13 14:02:49.714 D/DATA    (  331): [DSST(0)] Poll ServiceState done: oldSS=[0 home null null null  EvDo rev. A CSS not supported -1 -1RoamInd: -1RoamStatus(sprint): -1DefRoamInd: -1EmergOnly: false] newSS=[0 home null null null  EvDo rev. A CSS not supported -1 -1RoamInd: -1RoamStatus(sprint): -1DefRoamInd: -1EmergOnly: false]
02-13 14:02:49.714 D/DATA    (  331): [DSST(0)]  mDataConnectionState = 0
02-13 14:02:49.724 D/Mms     ( 1781): currentRoamingStatus:1
02-13 14:02:50.525 E/MediaPlayer( 2404): getCurrentPosition sec = 596267
02-13 14:02:50.525 E/MediaPlayer( 2404): getDuration_l mDuration = 1296418
02-13 14:02:51.536 E/MediaPlayer( 2404): getCurrentPosition sec = 597228
02-13 14:02:51.536 E/MediaPlayer( 2404): getDuration_l mDuration = 1296418
02-13 14:02:52.546 E/MediaPlayer( 2404): getCurrentPosition sec = 598189
02-13 14:02:52.546 E/MediaPlayer( 2404): getDuration_l mDuration = 1296418
02-13 14:02:53.537 E/MediaPlayer( 2404): getCurrentPosition sec = 599286
02-13 14:02:53.537 E/MediaPlayer( 2404): getDuration_l mDuration = 1296418
02-13 14:02:54.538 E/MediaPlayer( 2404): getCurrentPosition sec = 600247
02-13 14:02:54.538 E/MediaPlayer( 2404): getDuration_l mDuration = 1296418
02-13 14:02:55.549 E/MediaPlayer( 2404): getCurrentPosition sec = 601208
02-13 14:02:55.549 E/MediaPlayer( 2404): getDuration_l mDuration = 1296418
02-13 14:02:55.720 I/wpa_supplicant(  304): State: INACTIVE -> SCANNING
02-13 14:02:55.720 I/wpa_supplicant(  304): CTRL-EVENT-STATE-CHANGE id=-1 state=2 BSSID=00:00:00:00:00:00
02-13 14:02:55.740 D/NetworkStateTracker(  206): setDetailed state, old =IDLE and new state=SCANNING
02-13 14:02:56.560 E/MediaPlayer( 2404): getCurrentPosition sec = 602305
02-13 14:02:56.560 E/MediaPlayer( 2404): getDuration_l mDuration = 1296418
02-13 14:02:56.701 I/dun_service(  130): process rmnet event
02-13 14:02:56.701 I/dun_service(  130): Post event 4
02-13 14:02:56.701 I/dun_service(  130): received event: DUN_EVENT_RMNET_UP 
02-13 14:02:56.701 I/dun_service(  130): received event(DUN_EVENT_RMNET_UP) in state(DUN_STATE_USB_UNPLUG)
02-13 14:02:56.701 I/dun_service(  130): Ignoring the event DUN_EVENT_RMNET_UP in USB_UNPLUG_STATE
02-13 14:02:56.701 I/dun_service(  130): Moved to state(DUN_STATE_USB_UNPLUG)
02-13 14:02:56.711 I/wpa_supplicant(  304): State: SCANNING -> INACTIVE
02-13 14:02:56.711 I/wpa_supplicant(  304): CTRL-EVENT-STATE-CHANGE id=-1 state=1 BSSID=00:00:00:00:00:00
02-13 14:02:56.711 D/WifiStateTracker(  206): setNotificationVisible() visible=false mNotificationShown=false force=false return.
02-13 14:02:56.711 D/NetworkStateTracker(  206): setDetailed state, old =SCANNING and new state=IDLE
02-13 14:02:57.561 E/MediaPlayer( 2404): getCurrentPosition sec = 603266
02-13 14:02:57.561 E/MediaPlayer( 2404): getDuration_l mDuration = 1296418
02-13 14:02:58.562 E/MediaPlayer( 2404): getCurrentPosition sec = 604227
02-13 14:02:58.562 E/MediaPlayer( 2404): getDuration_l mDuration = 1296418
02-13 14:02:59.573 E/MediaPlayer( 2404): getCurrentPosition sec = 605325
02-13 14:02:59.573 E/MediaPlayer( 2404): getDuration_l mDuration = 1296418
02-13 14:02:59.854 D/DATA    (  331): [DSST(0)] pollstate() : reason = data network state changed
02-13 14:02:59.944 D/MobileDataStateTracker(  206): [hipri]  MobileDataStateReceiver onReceive(): Entry.
02-13 14:02:59.944 D/MobileDataStateTracker(  206): [hipri]  intent.getAction()= android.intent.action.SERVICE_STATE
02-13 14:02:59.944 D/MobileDataStateTracker(  206): [hipri]  mEnabled = true
02-13 14:02:59.944 D/MobileDataStateTracker(  206): [dun]  MobileDataStateReceiver onReceive(): Entry.
02-13 14:02:59.944 D/MobileDataStateTracker(  206): [dun]  intent.getAction()= android.intent.action.SERVICE_STATE
02-13 14:02:59.944 D/MobileDataStateTracker(  206): [dun]  mEnabled = false
02-13 14:02:59.954 D/MobileDataStateTracker(  206): [supl]  MobileDataStateReceiver onReceive(): Entry.
02-13 14:02:59.954 D/MobileDataStateTracker(  206): [supl]  intent.getAction()= android.intent.action.SERVICE_STATE
02-13 14:02:59.954 D/MobileDataStateTracker(  206): [supl]  mEnabled = false
02-13 14:02:59.954 D/MobileDataStateTracker(  206): [mms]  MobileDataStateReceiver onReceive(): Entry.
02-13 14:02:59.954 D/MobileDataStateTracker(  206): [mms]  intent.getAction()= android.intent.action.SERVICE_STATE
02-13 14:02:59.954 D/MobileDataStateTracker(  206): [mms]  mEnabled = false
02-13 14:02:59.954 D/MobileDataStateTracker(  206): [default]  MobileDataStateReceiver onReceive(): Entry.
02-13 14:02:59.954 D/MobileDataStateTracker(  206): [default]  intent.getAction()= android.intent.action.SERVICE_STATE
02-13 14:02:59.954 D/MobileDataStateTracker(  206): [default]  mEnabled = true
02-13 14:02:59.954 D/CallManager(  331):  handleMessage (EVENT_SERVICE_STATE_CHANGED)
02-13 14:02:59.954 E/BT HS/HF(  331): SERVICE_STATE_CHANGED called
02-13 14:02:59.954 E/BT HS/HF(  331): updateServiceState called, sendUpdate:false  ServiceState:0 home Sprint  310099  EvDo rev. A CSS not supported 41 4139RoamInd: 1RoamStatus(sprint): 1DefRoamInd: 160EmergOnly: false
02-13 14:02:59.954 E/BT HS/HF(  331): service:1 mService:1
02-13 14:02:59.954 D/DATA    (  331): [DSST(0)]  registrationState = 1  radioTechnology = 8 reasonForDenial = 0
02-13 14:02:59.954 D/DATA    (  331): [DSST(0)]  set mNewDataConnectionState = 0
02-13 14:02:59.954 D/DATA    (  331): [DSST(0)]  mNewDataConnectionState : 0  mDataConnectionState : 0
02-13 14:02:59.954 D/DATA    (  331): [DSST(0)] Poll ServiceState done: oldSS=[0 home null null null  EvDo rev. A CSS not supported -1 -1RoamInd: -1RoamStatus(sprint): -1DefRoamInd: -1EmergOnly: false] newSS=[0 home null null null  EvDo rev. A CSS not supported -1 -1RoamInd: -1RoamStatus(sprint): -1DefRoamInd: -1EmergOnly: false]
02-13 14:02:59.954 D/DATA    (  331): [DSST(0)]  mDataConnectionState = 0
02-13 14:02:59.994 D/KeyguardUpdateMonitor(  206): received broadcast android.intent.action.TIME_TICK
02-13 14:02:59.994 D/KeyguardUpdateMonitor(  206): handleTimeUpdate
02-13 14:03:00.014 D/Mms     ( 1781): currentRoamingStatus:1
02-13 14:03:00.574 E/MediaPlayer( 2404): getCurrentPosition sec = 606285
02-13 14:03:00.574 E/MediaPlayer( 2404): getDuration_l mDuration = 1296418
02-13 14:03:01.585 E/MediaPlayer( 2404): getCurrentPosition sec = 607246
02-13 14:03:01.585 E/MediaPlayer( 2404): getDuration_l mDuration = 1296418
02-13 14:03:02.596 E/MediaPlayer( 2404): getCurrentPosition sec = 608344
02-13 14:03:02.596 E/MediaPlayer( 2404): getDuration_l mDuration = 1296418
02-13 14:03:03.597 E/MediaPlayer( 2404): getCurrentPosition sec = 609304
02-13 14:03:03.597 E/MediaPlayer( 2404): getDuration_l mDuration = 1296418
02-13 14:03:04.598 E/MediaPlayer( 2404): getCurrentPosition sec = 610265
02-13 14:03:04.598 E/MediaPlayer( 2404): getDuration_l mDuration = 1296418
02-13 14:03:05.599 E/MediaPlayer( 2404): getCurrentPosition sec = 611363
02-13 14:03:05.599 E/MediaPlayer( 2404): getDuration_l mDuration = 1296418
02-13 14:03:06.610 E/MediaPlayer( 2404): getCurrentPosition sec = 612323
02-13 14:03:06.610 E/MediaPlayer( 2404): getDuration_l mDuration = 1296418
02-13 14:03:07.611 E/MediaPlayer( 2404): getCurrentPosition sec = 613284
02-13 14:03:07.611 E/MediaPlayer( 2404): getDuration_l mDuration = 1296418
02-13 14:03:08.612 E/MediaPlayer( 2404): getCurrentPosition sec = 614382
02-13 14:03:08.612 E/MediaPlayer( 2404): getDuration_l mDuration = 1296418
02-13 14:03:09.623 E/MediaPlayer( 2404): getCurrentPosition sec = 615342
02-13 14:03:09.623 E/MediaPlayer( 2404): getDuration_l mDuration = 1296418
02-13 14:03:10.624 E/MediaPlayer( 2404): getCurrentPosition sec = 616303
02-13 14:03:10.624 E/MediaPlayer( 2404): getDuration_l mDuration = 1296418
02-13 14:03:11.635 E/MediaPlayer( 2404): getCurrentPosition sec = 617264
02-13 14:03:11.635 E/MediaPlayer( 2404): getDuration_l mDuration = 1296418
02-13 14:03:11.735 I/wpa_supplicant(  304): State: INACTIVE -> SCANNING
02-13 14:03:11.735 I/wpa_supplicant(  304): CTRL-EVENT-STATE-CHANGE id=-1 state=2 BSSID=00:00:00:00:00:00
02-13 14:03:11.735 D/NetworkStateTracker(  206): setDetailed state, old =IDLE and new state=SCANNING
02-13 14:03:12.636 E/MediaPlayer( 2404): getCurrentPosition sec = 618361
02-13 14:03:12.636 E/MediaPlayer( 2404): getDuration_l mDuration = 1296418
02-13 14:03:12.696 I/dun_service(  130): process rmnet event
02-13 14:03:12.696 I/dun_service(  130): Post event 4
02-13 14:03:12.706 I/dun_service(  130): received event: DUN_EVENT_RMNET_UP 
02-13 14:03:12.706 I/dun_service(  130): received event(DUN_EVENT_RMNET_UP) in state(DUN_STATE_USB_UNPLUG)
02-13 14:03:12.706 I/dun_service(  130): Ignoring the event DUN_EVENT_RMNET_UP in USB_UNPLUG_STATE
02-13 14:03:12.706 I/dun_service(  130): Moved to state(DUN_STATE_USB_UNPLUG)
02-13 14:03:12.706 I/wpa_supplicant(  304): State: SCANNING -> INACTIVE
02-13 14:03:12.706 I/wpa_supplicant(  304): CTRL-EVENT-STATE-CHANGE id=-1 state=1 BSSID=00:00:00:00:00:00
02-13 14:03:12.706 D/WifiStateTracker(  206): setNotificationVisible() visible=false mNotificationShown=false force=false return.
02-13 14:03:12.716 D/NetworkStateTracker(  206): setDetailed state, old =SCANNING and new state=IDLE
02-13 14:03:13.647 E/MediaPlayer( 2404): getCurrentPosition sec = 619322
02-13 14:03:13.647 E/MediaPlayer( 2404): getDuration_l mDuration = 1296418
02-13 14:03:14.638 E/MediaPlayer( 2404): getCurrentPosition sec = 620283
02-13 14:03:14.638 E/MediaPlayer( 2404): getDuration_l mDuration = 1296418
02-13 14:03:15.639 E/MediaPlayer( 2404): getCurrentPosition sec = 621381
02-13 14:03:15.639 E/MediaPlayer( 2404): getDuration_l mDuration = 1296418
02-13 14:03:16.660 E/MediaPlayer( 2404): getCurrentPosition sec = 622341
02-13 14:03:16.660 E/MediaPlayer( 2404): getDuration_l mDuration = 1296418
02-13 14:03:17.661 E/MediaPlayer( 2404): getCurrentPosition sec = 623302
02-13 14:03:17.661 E/MediaPlayer( 2404): getDuration_l mDuration = 1296418
02-13 14:03:18.672 E/MediaPlayer( 2404): getCurrentPosition sec = 624400
02-13 14:03:18.672 E/MediaPlayer( 2404): getDuration_l mDuration = 1296418
02-13 14:03:19.673 E/MediaPlayer( 2404): getCurrentPosition sec = 625360
02-13 14:03:19.673 E/MediaPlayer( 2404): getDuration_l mDuration = 1296418
02-13 14:03:20.684 E/MediaPlayer( 2404): getCurrentPosition sec = 626321
02-13 14:03:20.684 E/MediaPlayer( 2404): getDuration_l mDuration = 1296418
02-13 14:03:21.695 E/MediaPlayer( 2404): getCurrentPosition sec = 627419
02-13 14:03:21.695 E/MediaPlayer( 2404): getDuration_l mDuration = 1296418
02-13 14:03:22.696 E/MediaPlayer( 2404): getCurrentPosition sec = 628379
02-13 14:03:22.696 E/MediaPlayer( 2404): getDuration_l mDuration = 1296418
02-13 14:03:23.697 E/MediaPlayer( 2404): getCurrentPosition sec = 629340
02-13 14:03:23.697 E/MediaPlayer( 2404): getDuration_l mDuration = 1296418
02-13 14:03:24.698 E/MediaPlayer( 2404): getCurrentPosition sec = 630438
02-13 14:03:24.698 E/MediaPlayer( 2404): getDuration_l mDuration = 1296418
02-13 14:03:25.509 D/DATA    (  331): [DSST(0)] pollstate() : reason = data network state changed
02-13 14:03:25.559 D/MobileDataStateTracker(  206): [hipri]  MobileDataStateReceiver onReceive(): Entry.
02-13 14:03:25.559 D/MobileDataStateTracker(  206): [hipri]  intent.getAction()= android.intent.action.SERVICE_STATE
02-13 14:03:25.559 D/MobileDataStateTracker(  206): [hipri]  mEnabled = true
02-13 14:03:25.559 D/MobileDataStateTracker(  206): [dun]  MobileDataStateReceiver onReceive(): Entry.
02-13 14:03:25.559 D/MobileDataStateTracker(  206): [dun]  intent.getAction()= android.intent.action.SERVICE_STATE
02-13 14:03:25.559 D/MobileDataStateTracker(  206): [dun]  mEnabled = false
02-13 14:03:25.559 D/MobileDataStateTracker(  206): [supl]  MobileDataStateReceiver onReceive(): Entry.
02-13 14:03:25.559 D/MobileDataStateTracker(  206): [supl]  intent.getAction()= android.intent.action.SERVICE_STATE
02-13 14:03:25.559 D/MobileDataStateTracker(  206): [supl]  mEnabled = false
02-13 14:03:25.569 D/MobileDataStateTracker(  206): [mms]  MobileDataStateReceiver onReceive(): Entry.
02-13 14:03:25.569 D/MobileDataStateTracker(  206): [mms]  intent.getAction()= android.intent.action.SERVICE_STATE
02-13 14:03:25.569 D/MobileDataStateTracker(  206): [mms]  mEnabled = false
02-13 14:03:25.569 D/MobileDataStateTracker(  206): [default]  MobileDataStateReceiver onReceive(): Entry.
02-13 14:03:25.569 D/MobileDataStateTracker(  206): [default]  intent.getAction()= android.intent.action.SERVICE_STATE
02-13 14:03:25.569 D/MobileDataStateTracker(  206): [default]  mEnabled = true
02-13 14:03:25.569 D/CallManager(  331):  handleMessage (EVENT_SERVICE_STATE_CHANGED)
02-13 14:03:25.569 E/BT HS/HF(  331): SERVICE_STATE_CHANGED called
02-13 14:03:25.569 E/BT HS/HF(  331): updateServiceState called, sendUpdate:false  ServiceState:0 home Sprint  310099  EvDo rev. A CSS not supported 41 4139RoamInd: 1RoamStatus(sprint): 1DefRoamInd: 160EmergOnly: false
02-13 14:03:25.569 E/BT HS/HF(  331): service:1 mService:1
02-13 14:03:25.569 D/DATA    (  331): [DSST(0)]  registrationState = 1  radioTechnology = 8 reasonForDenial = 0
02-13 14:03:25.569 D/DATA    (  331): [DSST(0)]  set mNewDataConnectionState = 0
02-13 14:03:25.569 D/DATA    (  331): [DSST(0)]  mNewDataConnectionState : 0  mDataConnectionState : 0
02-13 14:03:25.569 D/DATA    (  331): [DSST(0)] Poll ServiceState done: oldSS=[0 home null null null  EvDo rev. A CSS not supported -1 -1RoamInd: -1RoamStatus(sprint): -1DefRoamInd: -1EmergOnly: false] newSS=[0 home null null null  EvDo rev. A CSS not supported -1 -1RoamInd: -1RoamStatus(sprint): -1DefRoamInd: -1EmergOnly: false]
02-13 14:03:25.569 D/DATA    (  331): [DSST(0)]  mDataConnectionState = 0
02-13 14:03:25.589 D/Mms     ( 1781): currentRoamingStatus:1
02-13 14:03:25.709 E/MediaPlayer( 2404): getCurrentPosition sec = 631398
02-13 14:03:25.709 E/MediaPlayer( 2404): getDuration_l mDuration = 1296418
02-13 14:03:26.720 E/MediaPlayer( 2404): getCurrentPosition sec = 632359
02-13 14:03:26.720 E/MediaPlayer( 2404): getDuration_l mDuration = 1296418
02-13 14:03:27.721 I/wpa_supplicant(  304): State: INACTIVE -> SCANNING
02-13 14:03:27.721 I/wpa_supplicant(  304): CTRL-EVENT-STATE-CHANGE id=-1 state=2 BSSID=00:00:00:00:00:00
02-13 14:03:27.721 E/MediaPlayer( 2404): getCurrentPosition sec = 633457
02-13 14:03:27.721 E/MediaPlayer( 2404): getDuration_l mDuration = 1296418
02-13 14:03:27.741 D/NetworkStateTracker(  206): setDetailed state, old =IDLE and new state=SCANNING
02-13 14:03:28.712 I/dun_service(  130): process rmnet event
02-13 14:03:28.712 I/dun_service(  130): Post event 4
02-13 14:03:28.712 I/dun_service(  130): received event: DUN_EVENT_RMNET_UP 
02-13 14:03:28.712 I/dun_service(  130): received event(DUN_EVENT_RMNET_UP) in state(DUN_STATE_USB_UNPLUG)
02-13 14:03:28.712 I/dun_service(  130): Ignoring the event DUN_EVENT_RMNET_UP in USB_UNPLUG_STATE
02-13 14:03:28.712 I/dun_service(  130): Moved to state(DUN_STATE_USB_UNPLUG)
02-13 14:03:28.722 I/wpa_supplicant(  304): State: SCANNING -> INACTIVE
02-13 14:03:28.722 I/wpa_supplicant(  304): CTRL-EVENT-STATE-CHANGE id=-1 state=1 BSSID=00:00:00:00:00:00
02-13 14:03:28.722 D/WifiStateTracker(  206): setNotificationVisible() visible=false mNotificationShown=false force=false return.
02-13 14:03:28.732 E/MediaPlayer( 2404): getCurrentPosition sec = 634417
02-13 14:03:28.732 E/MediaPlayer( 2404): getDuration_l mDuration = 1296418
02-13 14:03:28.742 D/NetworkStateTracker(  206): setDetailed state, old =SCANNING and new state=IDLE
02-13 14:03:29.733 E/MediaPlayer( 2404): getCurrentPosition sec = 635378
02-13 14:03:29.733 E/MediaPlayer( 2404): getDuration_l mDuration = 1296418
02-13 14:03:30.744 E/MediaPlayer( 2404): getCurrentPosition sec = 636476
02-13 14:03:30.744 E/MediaPlayer( 2404): getDuration_l mDuration = 1296418
02-13 14:03:31.765 E/MediaPlayer( 2404): getCurrentPosition sec = 637437
02-13 14:03:31.765 E/MediaPlayer( 2404): getDuration_l mDuration = 1296418
02-13 14:03:32.776 E/MediaPlayer( 2404): getCurrentPosition sec = 638397
02-13 14:03:32.776 E/MediaPlayer( 2404): getDuration_l mDuration = 1296418
02-13 14:03:33.787 E/MediaPlayer( 2404): getCurrentPosition sec = 639495
02-13 14:03:33.787 E/MediaPlayer( 2404): getDuration_l mDuration = 1296418
02-13 14:03:34.778 E/MediaPlayer( 2404): getCurrentPosition sec = 640456
02-13 14:03:34.778 E/MediaPlayer( 2404): getDuration_l mDuration = 1296418
02-13 14:03:35.789 E/MediaPlayer( 2404): getCurrentPosition sec = 641416
02-13 14:03:35.789 E/MediaPlayer( 2404): getDuration_l mDuration = 1296418
02-13 14:03:36.800 E/MediaPlayer( 2404): getCurrentPosition sec = 642514
02-13 14:03:36.800 E/MediaPlayer( 2404): getDuration_l mDuration = 1296418
02-13 14:03:37.801 E/MediaPlayer( 2404): getCurrentPosition sec = 643475
02-13 14:03:37.801 E/MediaPlayer( 2404): getDuration_l mDuration = 1296418
02-13 14:03:38.812 E/MediaPlayer( 2404): getCurrentPosition sec = 644435
02-13 14:03:38.812 E/MediaPlayer( 2404): getDuration_l mDuration = 1296418
02-13 14:03:39.372 D/DATA    (  331): [DSST(0)] pollstate() : reason = data network state changed
02-13 14:03:39.422 D/MobileDataStateTracker(  206): [hipri]  MobileDataStateReceiver onReceive(): Entry.
02-13 14:03:39.422 D/MobileDataStateTracker(  206): [hipri]  intent.getAction()= android.intent.action.SERVICE_STATE
02-13 14:03:39.422 D/MobileDataStateTracker(  206): [hipri]  mEnabled = true
02-13 14:03:39.422 D/MobileDataStateTracker(  206): [dun]  MobileDataStateReceiver onReceive(): Entry.
02-13 14:03:39.422 D/MobileDataStateTracker(  206): [dun]  intent.getAction()= android.intent.action.SERVICE_STATE
02-13 14:03:39.422 D/MobileDataStateTracker(  206): [dun]  mEnabled = false
02-13 14:03:39.432 D/MobileDataStateTracker(  206): [supl]  MobileDataStateReceiver onReceive(): Entry.
02-13 14:03:39.432 D/MobileDataStateTracker(  206): [supl]  intent.getAction()= android.intent.action.SERVICE_STATE
02-13 14:03:39.432 D/MobileDataStateTracker(  206): [supl]  mEnabled = false
02-13 14:03:39.432 D/MobileDataStateTracker(  206): [mms]  MobileDataStateReceiver onReceive(): Entry.
02-13 14:03:39.432 D/MobileDataStateTracker(  206): [mms]  intent.getAction()= android.intent.action.SERVICE_STATE
02-13 14:03:39.432 D/MobileDataStateTracker(  206): [mms]  mEnabled = false
02-13 14:03:39.432 D/MobileDataStateTracker(  206): [default]  MobileDataStateReceiver onReceive(): Entry.
02-13 14:03:39.432 D/MobileDataStateTracker(  206): [default]  intent.getAction()= android.intent.action.SERVICE_STATE
02-13 14:03:39.432 D/MobileDataStateTracker(  206): [default]  mEnabled = true
02-13 14:03:39.432 D/CallManager(  331):  handleMessage (EVENT_SERVICE_STATE_CHANGED)
02-13 14:03:39.432 E/BT HS/HF(  331): SERVICE_STATE_CHANGED called
02-13 14:03:39.432 E/BT HS/HF(  331): updateServiceState called, sendUpdate:false  ServiceState:0 home Sprint  310099  EvDo rev. A CSS not supported 41 4139RoamInd: 1RoamStatus(sprint): 1DefRoamInd: 160EmergOnly: false
02-13 14:03:39.432 E/BT HS/HF(  331): service:1 mService:1
02-13 14:03:39.442 D/DATA    (  331): [DSST(0)]  registrationState = 1  radioTechnology = 8 reasonForDenial = 0
02-13 14:03:39.442 D/DATA    (  331): [DSST(0)]  set mNewDataConnectionState = 0
02-13 14:03:39.442 D/DATA    (  331): [DSST(0)]  mNewDataConnectionState : 0  mDataConnectionState : 0
02-13 14:03:39.442 D/DATA    (  331): [DSST(0)] Poll ServiceState done: oldSS=[0 home null null null  EvDo rev. A CSS not supported -1 -1RoamInd: -1RoamStatus(sprint): -1DefRoamInd: -1EmergOnly: false] newSS=[0 home null null null  EvDo rev. A CSS not supported -1 -1RoamInd: -1RoamStatus(sprint): -1DefRoamInd: -1EmergOnly: false]
02-13 14:03:39.442 D/DATA    (  331): [DSST(0)]  mDataConnectionState = 0
02-13 14:03:39.482 D/Mms     ( 1781): currentRoamingStatus:1
02-13 14:03:39.823 E/MediaPlayer( 2404): getCurrentPosition sec = 645533
02-13 14:03:39.823 E/MediaPlayer( 2404): getDuration_l mDuration = 1296418
02-13 14:03:40.824 E/MediaPlayer( 2404): getCurrentPosition sec = 646494
02-13 14:03:40.824 E/MediaPlayer( 2404): getDuration_l mDuration = 1296418
02-13 14:03:41.074 D/DATA    (  331): [DSST(0)] pollstate() : reason = data network state changed
02-13 14:03:41.134 D/MobileDataStateTracker(  206): [hipri]  MobileDataStateReceiver onReceive(): Entry.
02-13 14:03:41.134 D/MobileDataStateTracker(  206): [hipri]  intent.getAction()= android.intent.action.SERVICE_STATE
02-13 14:03:41.134 D/MobileDataStateTracker(  206): [hipri]  mEnabled = true
02-13 14:03:41.134 D/MobileDataStateTracker(  206): [dun]  MobileDataStateReceiver onReceive(): Entry.
02-13 14:03:41.134 D/MobileDataStateTracker(  206): [dun]  intent.getAction()= android.intent.action.SERVICE_STATE
02-13 14:03:41.134 D/MobileDataStateTracker(  206): [dun]  mEnabled = false
02-13 14:03:41.134 D/MobileDataStateTracker(  206): [supl]  MobileDataStateReceiver onReceive(): Entry.
02-13 14:03:41.134 D/MobileDataStateTracker(  206): [supl]  intent.getAction()= android.intent.action.SERVICE_STATE
02-13 14:03:41.134 D/MobileDataStateTracker(  206): [supl]  mEnabled = false
02-13 14:03:41.144 D/MobileDataStateTracker(  206): [mms]  MobileDataStateReceiver onReceive(): Entry.
02-13 14:03:41.144 D/MobileDataStateTracker(  206): [mms]  intent.getAction()= android.intent.action.SERVICE_STATE
02-13 14:03:41.144 D/MobileDataStateTracker(  206): [mms]  mEnabled = false
02-13 14:03:41.144 D/MobileDataStateTracker(  206): [default]  MobileDataStateReceiver onReceive(): Entry.
02-13 14:03:41.144 D/MobileDataStateTracker(  206): [default]  intent.getAction()= android.intent.action.SERVICE_STATE
02-13 14:03:41.144 D/MobileDataStateTracker(  206): [default]  mEnabled = true
02-13 14:03:41.144 D/CallManager(  331):  handleMessage (EVENT_SERVICE_STATE_CHANGED)
02-13 14:03:41.144 D/DATA    (  331): [DSST(0)]  registrationState = 1  radioTechnology = 8 reasonForDenial = 0
02-13 14:03:41.144 D/DATA    (  331): [DSST(0)]  set mNewDataConnectionState = 0
02-13 14:03:41.144 D/DATA    (  331): [DSST(0)]  mNewDataConnectionState : 0  mDataConnectionState : 0
02-13 14:03:41.144 D/DATA    (  331): [DSST(0)] Poll ServiceState done: oldSS=[0 home null null null  EvDo rev. A CSS not supported -1 -1RoamInd: -1RoamStatus(sprint): -1DefRoamInd: -1EmergOnly: false] newSS=[0 home null null null  EvDo rev. A CSS not supported -1 -1RoamInd: -1RoamStatus(sprint): -1DefRoamInd: -1EmergOnly: false]
02-13 14:03:41.144 D/DATA    (  331): [DSST(0)]  mDataConnectionState = 0
02-13 14:03:41.144 E/BT HS/HF(  331): SERVICE_STATE_CHANGED called
02-13 14:03:41.144 E/BT HS/HF(  331): updateServiceState called, sendUpdate:false  ServiceState:0 home Sprint  310099  EvDo rev. A CSS not supported 41 4139RoamInd: 1RoamStatus(sprint): 1DefRoamInd: 160EmergOnly: false
02-13 14:03:41.144 E/BT HS/HF(  331): service:1 mService:1
02-13 14:03:41.164 D/Mms     ( 1781): currentRoamingStatus:1
02-13 14:03:41.835 E/MediaPlayer( 2404): getCurrentPosition sec = 647454
02-13 14:03:41.835 E/MediaPlayer( 2404): getDuration_l mDuration = 1296418
02-13 14:03:42.836 E/MediaPlayer( 2404): getCurrentPosition sec = 648552
02-13 14:03:42.836 E/MediaPlayer( 2404): getDuration_l mDuration = 1296418
02-13 14:03:43.756 I/wpa_supplicant(  304): State: INACTIVE -> SCANNING
02-13 14:03:43.756 I/wpa_supplicant(  304): CTRL-EVENT-STATE-CHANGE id=-1 state=2 BSSID=00:00:00:00:00:00
02-13 14:03:43.756 D/NetworkStateTracker(  206): setDetailed state, old =IDLE and new state=SCANNING
02-13 14:03:43.837 E/MediaPlayer( 2404): getCurrentPosition sec = 649513
02-13 14:03:43.837 E/MediaPlayer( 2404): getDuration_l mDuration = 1296418
02-13 14:03:44.717 I/dun_service(  130): process rmnet event
02-13 14:03:44.717 I/dun_service(  130): Post event 4
02-13 14:03:44.717 I/dun_service(  130): received event: DUN_EVENT_RMNET_UP 
02-13 14:03:44.717 I/dun_service(  130): received event(DUN_EVENT_RMNET_UP) in state(DUN_STATE_USB_UNPLUG)
02-13 14:03:44.717 I/dun_service(  130): Ignoring the event DUN_EVENT_RMNET_UP in USB_UNPLUG_STATE
02-13 14:03:44.717 I/dun_service(  130): Moved to state(DUN_STATE_USB_UNPLUG)
02-13 14:03:44.717 I/wpa_supplicant(  304): State: SCANNING -> INACTIVE
02-13 14:03:44.717 I/wpa_supplicant(  304): CTRL-EVENT-STATE-CHANGE id=-1 state=1 BSSID=00:00:00:00:00:00
02-13 14:03:44.727 D/NetworkStateTracker(  206): setDetailed state, old =SCANNING and new state=IDLE
02-13 14:03:44.737 D/WifiStateTracker(  206): setNotificationVisible() visible=false mNotificationShown=false force=false return.
02-13 14:03:44.848 E/MediaPlayer( 2404): getCurrentPosition sec = 650473
02-13 14:03:44.848 E/MediaPlayer( 2404): getDuration_l mDuration = 1296418
02-13 14:03:45.848 E/MediaPlayer( 2404): getCurrentPosition sec = 651571
02-13 14:03:45.848 E/MediaPlayer( 2404): getDuration_l mDuration = 1296418
02-13 14:03:46.859 E/MediaPlayer( 2404): getCurrentPosition sec = 652532
02-13 14:03:46.859 E/MediaPlayer( 2404): getDuration_l mDuration = 1296418
02-13 14:03:47.860 E/MediaPlayer( 2404): getCurrentPosition sec = 653493
02-13 14:03:47.860 E/MediaPlayer( 2404): getDuration_l mDuration = 1296418
02-13 14:03:48.871 E/MediaPlayer( 2404): getCurrentPosition sec = 654590
02-13 14:03:48.871 E/MediaPlayer( 2404): getDuration_l mDuration = 1296418
02-13 14:03:49.872 E/MediaPlayer( 2404): getCurrentPosition sec = 655551
02-13 14:03:49.872 E/MediaPlayer( 2404): getDuration_l mDuration = 1296418
02-13 14:03:50.563 I/dun_service(  130): The value returned from dun_getusbmodemstate_fromsys is 2 
02-13 14:03:50.583 D/KeyguardUpdateMonitor(  206): received broadcast android.intent.action.BATTERY_CHANGED
02-13 14:03:50.583 D/KeyguardUpdateMonitor(  206): handleBatteryUpdate
02-13 14:03:50.883 E/MediaPlayer( 2404): getCurrentPosition sec = 656649
02-13 14:03:50.883 E/MediaPlayer( 2404): getDuration_l mDuration = 1296418
02-13 14:03:51.894 E/MediaPlayer( 2404): getCurrentPosition sec = 657609
02-13 14:03:51.894 E/MediaPlayer( 2404): getDuration_l mDuration = 1296418
02-13 14:03:52.905 E/MediaPlayer( 2404): getCurrentPosition sec = 658570
02-13 14:03:52.905 E/MediaPlayer( 2404): getDuration_l mDuration = 1296418
02-13 14:03:53.906 E/MediaPlayer( 2404): getCurrentPosition sec = 659668
02-13 14:03:53.906 E/MediaPlayer( 2404): getDuration_l mDuration = 1296418
02-13 14:03:54.907 E/MediaPlayer( 2404): getCurrentPosition sec = 660629
02-13 14:03:54.907 E/MediaPlayer( 2404): getDuration_l mDuration = 1296418
02-13 14:03:55.918 E/MediaPlayer( 2404): getCurrentPosition sec = 661589
02-13 14:03:55.918 E/MediaPlayer( 2404): getDuration_l mDuration = 1296418
02-13 14:03:56.919 E/MediaPlayer( 2404): getCurrentPosition sec = 662550
02-13 14:03:56.919 E/MediaPlayer( 2404): getDuration_l mDuration = 1296418
02-13 14:03:57.920 E/MediaPlayer( 2404): getCurrentPosition sec = 663648
02-13 14:03:57.920 E/MediaPlayer( 2404): getDuration_l mDuration = 1296418
02-13 14:03:58.931 E/MediaPlayer( 2404): getCurrentPosition sec = 664608
02-13 14:03:58.931 E/MediaPlayer( 2404): getDuration_l mDuration = 1296418
02-13 14:03:59.742 I/wpa_supplicant(  304): State: INACTIVE -> SCANNING
02-13 14:03:59.742 I/wpa_supplicant(  304): CTRL-EVENT-STATE-CHANGE id=-1 state=2 BSSID=00:00:00:00:00:00
02-13 14:03:59.742 D/NetworkStateTracker(  206): setDetailed state, old =IDLE and new state=SCANNING
02-13 14:03:59.942 E/MediaPlayer( 2404): getCurrentPosition sec = 665569
02-13 14:03:59.942 E/MediaPlayer( 2404): getDuration_l mDuration = 1296418
02-13 14:04:00.022 D/KeyguardUpdateMonitor(  206): received broadcast android.intent.action.TIME_TICK
02-13 14:04:00.022 D/KeyguardUpdateMonitor(  206): handleTimeUpdate
02-13 14:04:00.703 I/wpa_supplicant(  304): State: SCANNING -> INACTIVE
02-13 14:04:00.703 I/wpa_supplicant(  304): CTRL-EVENT-STATE-CHANGE id=-1 state=1 BSSID=00:00:00:00:00:00
02-13 14:04:00.713 I/dun_service(  130): process rmnet event
02-13 14:04:00.713 I/dun_service(  130): Post event 4
02-13 14:04:00.713 I/dun_service(  130): received event: DUN_EVENT_RMNET_UP 
02-13 14:04:00.713 I/dun_service(  130): received event(DUN_EVENT_RMNET_UP) in state(DUN_STATE_USB_UNPLUG)
02-13 14:04:00.713 I/dun_service(  130): Ignoring the event DUN_EVENT_RMNET_UP in USB_UNPLUG_STATE
02-13 14:04:00.713 I/dun_service(  130): Moved to state(DUN_STATE_USB_UNPLUG)
02-13 14:04:00.713 D/WifiStateTracker(  206): setNotificationVisible() visible=false mNotificationShown=false force=false return.
02-13 14:04:00.713 D/NetworkStateTracker(  206): setDetailed state, old =SCANNING and new state=IDLE
02-13 14:04:00.953 E/MediaPlayer( 2404): getCurrentPosition sec = 666667
02-13 14:04:00.953 E/MediaPlayer( 2404): getDuration_l mDuration = 1296418
02-13 14:04:01.954 E/MediaPlayer( 2404): getCurrentPosition sec = 667627
02-13 14:04:01.954 E/MediaPlayer( 2404): getDuration_l mDuration = 1296418
02-13 14:04:02.955 E/MediaPlayer( 2404): getCurrentPosition sec = 668588
02-13 14:04:02.955 E/MediaPlayer( 2404): getDuration_l mDuration = 1296418
02-13 14:04:03.966 E/MediaPlayer( 2404): getCurrentPosition sec = 669686
02-13 14:04:03.966 E/MediaPlayer( 2404): getDuration_l mDuration = 1296418
02-13 14:04:04.967 E/MediaPlayer( 2404): getCurrentPosition sec = 670646
02-13 14:04:04.967 E/MediaPlayer( 2404): getDuration_l mDuration = 1296418
02-13 14:04:05.968 E/MediaPlayer( 2404): getCurrentPosition sec = 671607
02-13 14:04:05.968 E/MediaPlayer( 2404): getDuration_l mDuration = 1296418
02-13 14:04:06.979 E/MediaPlayer( 2404): getCurrentPosition sec = 672705
02-13 14:04:06.979 E/MediaPlayer( 2404): getDuration_l mDuration = 1296418
02-13 14:04:07.980 E/MediaPlayer( 2404): getCurrentPosition sec = 673665
02-13 14:04:07.980 E/MediaPlayer( 2404): getDuration_l mDuration = 1296418
02-13 14:04:08.981 E/MediaPlayer( 2404): getCurrentPosition sec = 674626
02-13 14:04:08.981 E/MediaPlayer( 2404): getDuration_l mDuration = 1296418
02-13 14:04:09.992 E/MediaPlayer( 2404): getCurrentPosition sec = 675724
02-13 14:04:09.992 E/MediaPlayer( 2404): getDuration_l mDuration = 1296418
02-13 14:04:10.993 E/MediaPlayer( 2404): getCurrentPosition sec = 676685
02-13 14:04:10.993 E/MediaPlayer( 2404): getDuration_l mDuration = 1296418
02-13 14:04:12.004 E/MediaPlayer( 2404): getCurrentPosition sec = 677645
02-13 14:04:12.004 E/MediaPlayer( 2404): getDuration_l mDuration = 1296418
02-13 14:04:13.015 E/MediaPlayer( 2404): getCurrentPosition sec = 678743
02-13 14:04:13.015 E/MediaPlayer( 2404): getDuration_l mDuration = 1296418
02-13 14:04:14.016 E/MediaPlayer( 2404): getCurrentPosition sec = 679704
02-13 14:04:14.016 E/MediaPlayer( 2404): getDuration_l mDuration = 1296418
02-13 14:04:15.017 E/MediaPlayer( 2404): getCurrentPosition sec = 680664
02-13 14:04:15.017 E/MediaPlayer( 2404): getDuration_l mDuration = 1296418
02-13 14:04:15.728 I/wpa_supplicant(  304): State: INACTIVE -> SCANNING
02-13 14:04:15.728 I/wpa_supplicant(  304): CTRL-EVENT-STATE-CHANGE id=-1 state=2 BSSID=00:00:00:00:00:00
02-13 14:04:15.728 D/NetworkStateTracker(  206): setDetailed state, old =IDLE and new state=SCANNING
02-13 14:04:16.028 E/MediaPlayer( 2404): getCurrentPosition sec = 681762
02-13 14:04:16.028 E/MediaPlayer( 2404): getDuration_l mDuration = 1296418
02-13 14:04:16.709 I/dun_service(  130): process rmnet event
02-13 14:04:16.709 I/dun_service(  130): Post event 4
02-13 14:04:16.709 I/dun_service(  130): received event: DUN_EVENT_RMNET_UP 
02-13 14:04:16.709 I/dun_service(  130): received event(DUN_EVENT_RMNET_UP) in state(DUN_STATE_USB_UNPLUG)
02-13 14:04:16.709 I/dun_service(  130): Ignoring the event DUN_EVENT_RMNET_UP in USB_UNPLUG_STATE
02-13 14:04:16.709 I/dun_service(  130): Moved to state(DUN_STATE_USB_UNPLUG)
02-13 14:04:16.709 I/wpa_supplicant(  304): State: SCANNING -> INACTIVE
02-13 14:04:16.709 I/wpa_supplicant(  304): CTRL-EVENT-STATE-CHANGE id=-1 state=1 BSSID=00:00:00:00:00:00
02-13 14:04:16.719 D/WifiStateTracker(  206): setNotificationVisible() visible=false mNotificationShown=false force=false return.
02-13 14:04:16.729 D/NetworkStateTracker(  206): setDetailed state, old =SCANNING and new state=IDLE
02-13 14:04:17.039 E/MediaPlayer( 2404): getCurrentPosition sec = 682723
02-13 14:04:17.039 E/MediaPlayer( 2404): getDuration_l mDuration = 1296418
02-13 14:04:18.040 E/MediaPlayer( 2404): getCurrentPosition sec = 683683
02-13 14:04:18.040 E/MediaPlayer( 2404): getDuration_l mDuration = 1296418
02-13 14:04:19.041 E/MediaPlayer( 2404): getCurrentPosition sec = 684781
02-13 14:04:19.041 E/MediaPlayer( 2404): getDuration_l mDuration = 1296418
02-13 14:04:20.052 E/MediaPlayer( 2404): getCurrentPosition sec = 685742
02-13 14:04:20.052 E/MediaPlayer( 2404): getDuration_l mDuration = 1296418
02-13 14:04:21.053 E/MediaPlayer( 2404): getCurrentPosition sec = 686702
02-13 14:04:21.053 E/MediaPlayer( 2404): getDuration_l mDuration = 1296418
02-13 14:04:22.054 E/MediaPlayer( 2404): getCurrentPosition sec = 687800
02-13 14:04:22.054 E/MediaPlayer( 2404): getDuration_l mDuration = 1296418
02-13 14:04:23.065 E/MediaPlayer( 2404): getCurrentPosition sec = 688761
02-13 14:04:23.065 E/MediaPlayer( 2404): getDuration_l mDuration = 1296418
02-13 14:04:24.066 E/MediaPlayer( 2404): getCurrentPosition sec = 689721
02-13 14:04:24.066 E/MediaPlayer( 2404): getDuration_l mDuration = 1296418
02-13 14:04:25.077 E/MediaPlayer( 2404): getCurrentPosition sec = 690819
02-13 14:04:25.077 E/MediaPlayer( 2404): getDuration_l mDuration = 1296418
02-13 14:04:26.068 E/MediaPlayer( 2404): getCurrentPosition sec = 691780
02-13 14:04:26.068 E/MediaPlayer( 2404): getDuration_l mDuration = 1296418
02-13 14:04:27.079 E/MediaPlayer( 2404): getCurrentPosition sec = 692740
02-13 14:04:27.079 E/MediaPlayer( 2404): getDuration_l mDuration = 1296418
02-13 14:04:28.080 E/MediaPlayer( 2404): getCurrentPosition sec = 693701
02-13 14:04:28.080 E/MediaPlayer( 2404): getDuration_l mDuration = 1296418
02-13 14:04:29.081 E/MediaPlayer( 2404): getCurrentPosition sec = 694799
02-13 14:04:29.081 E/MediaPlayer( 2404): getDuration_l mDuration = 1296418
02-13 14:04:30.092 E/MediaPlayer( 2404): getCurrentPosition sec = 695760
02-13 14:04:30.092 E/MediaPlayer( 2404): getDuration_l mDuration = 1296418
02-13 14:04:31.093 E/MediaPlayer( 2404): getCurrentPosition sec = 696720
02-13 14:04:31.093 E/MediaPlayer( 2404): getDuration_l mDuration = 1296418
02-13 14:04:31.743 I/wpa_supplicant(  304): State: INACTIVE -> SCANNING
02-13 14:04:31.743 I/wpa_supplicant(  304): CTRL-EVENT-STATE-CHANGE id=-1 state=2 BSSID=00:00:00:00:00:00
02-13 14:04:31.743 D/NetworkStateTracker(  206): setDetailed state, old =IDLE and new state=SCANNING
02-13 14:04:32.104 E/MediaPlayer( 2404): getCurrentPosition sec = 697818
02-13 14:04:32.104 E/MediaPlayer( 2404): getDuration_l mDuration = 1296418
02-13 14:04:32.724 I/dun_service(  130): process rmnet event
02-13 14:04:32.724 I/dun_service(  130): Post event 4
02-13 14:04:32.724 I/dun_service(  130): received event: DUN_EVENT_RMNET_UP 
02-13 14:04:32.724 I/dun_service(  130): received event(DUN_EVENT_RMNET_UP) in state(DUN_STATE_USB_UNPLUG)
02-13 14:04:32.724 I/dun_service(  130): Ignoring the event DUN_EVENT_RMNET_UP in USB_UNPLUG_STATE
02-13 14:04:32.724 I/dun_service(  130): Moved to state(DUN_STATE_USB_UNPLUG)
02-13 14:04:32.734 I/wpa_supplicant(  304): State: SCANNING -> INACTIVE
02-13 14:04:32.734 I/wpa_supplicant(  304): CTRL-EVENT-STATE-CHANGE id=-1 state=1 BSSID=00:00:00:00:00:00
02-13 14:04:32.734 D/NetworkStateTracker(  206): setDetailed state, old =SCANNING and new state=IDLE
02-13 14:04:32.744 D/WifiStateTracker(  206): setNotificationVisible() visible=false mNotificationShown=false force=false return.
02-13 14:04:33.105 E/MediaPlayer( 2404): getCurrentPosition sec = 698779
02-13 14:04:33.105 E/MediaPlayer( 2404): getDuration_l mDuration = 1296418
02-13 14:04:34.116 E/MediaPlayer( 2404): getCurrentPosition sec = 699739
02-13 14:04:34.116 E/MediaPlayer( 2404): getDuration_l mDuration = 1296418
02-13 14:04:35.117 E/MediaPlayer( 2404): getCurrentPosition sec = 700837
02-13 14:04:35.117 E/MediaPlayer( 2404): getDuration_l mDuration = 1296418
02-13 14:04:36.108 E/MediaPlayer( 2404): getCurrentPosition sec = 701798
02-13 14:04:36.108 E/MediaPlayer( 2404): getDuration_l mDuration = 1296418
02-13 14:04:37.119 E/MediaPlayer( 2404): getCurrentPosition sec = 702758
02-13 14:04:37.119 E/MediaPlayer( 2404): getDuration_l mDuration = 1296418
02-13 14:04:38.119 E/MediaPlayer( 2404): getCurrentPosition sec = 703856
02-13 14:04:38.119 E/MediaPlayer( 2404): getDuration_l mDuration = 1296418
02-13 14:04:39.130 E/MediaPlayer( 2404): getCurrentPosition sec = 704817
02-13 14:04:39.130 E/MediaPlayer( 2404): getDuration_l mDuration = 1296418
02-13 14:04:40.131 E/MediaPlayer( 2404): getCurrentPosition sec = 705777
02-13 14:04:40.131 E/MediaPlayer( 2404): getDuration_l mDuration = 1296418
02-13 14:04:41.132 E/MediaPlayer( 2404): getCurrentPosition sec = 706875
02-13 14:04:41.132 E/MediaPlayer( 2404): getDuration_l mDuration = 1296418
02-13 14:04:42.143 E/MediaPlayer( 2404): getCurrentPosition sec = 707836
02-13 14:04:42.143 E/MediaPlayer( 2404): getDuration_l mDuration = 1296418
02-13 14:04:42.274 D/DATA    (  331): [DSST(0)] pollstate() : reason = data network state changed
02-13 14:04:42.344 D/MobileDataStateTracker(  206): [hipri]  MobileDataStateReceiver onReceive(): Entry.
02-13 14:04:42.344 D/MobileDataStateTracker(  206): [hipri]  intent.getAction()= android.intent.action.SERVICE_STATE
02-13 14:04:42.344 D/MobileDataStateTracker(  206): [hipri]  mEnabled = true
02-13 14:04:42.344 D/MobileDataStateTracker(  206): [dun]  MobileDataStateReceiver onReceive(): Entry.
02-13 14:04:42.344 D/MobileDataStateTracker(  206): [dun]  intent.getAction()= android.intent.action.SERVICE_STATE
02-13 14:04:42.344 D/MobileDataStateTracker(  206): [dun]  mEnabled = false
02-13 14:04:42.344 D/MobileDataStateTracker(  206): [supl]  MobileDataStateReceiver onReceive(): Entry.
02-13 14:04:42.344 D/MobileDataStateTracker(  206): [supl]  intent.getAction()= android.intent.action.SERVICE_STATE
02-13 14:04:42.344 D/MobileDataStateTracker(  206): [supl]  mEnabled = false
02-13 14:04:42.344 D/MobileDataStateTracker(  206): [mms]  MobileDataStateReceiver onReceive(): Entry.
02-13 14:04:42.344 D/MobileDataStateTracker(  206): [mms]  intent.getAction()= android.intent.action.SERVICE_STATE
02-13 14:04:42.344 D/MobileDataStateTracker(  206): [mms]  mEnabled = false
02-13 14:04:42.344 D/MobileDataStateTracker(  206): [default]  MobileDataStateReceiver onReceive(): Entry.
02-13 14:04:42.344 D/MobileDataStateTracker(  206): [default]  intent.getAction()= android.intent.action.SERVICE_STATE
02-13 14:04:42.344 D/MobileDataStateTracker(  206): [default]  mEnabled = true
02-13 14:04:42.354 D/CallManager(  331):  handleMessage (EVENT_SERVICE_STATE_CHANGED)
02-13 14:04:42.354 E/BT HS/HF(  331): SERVICE_STATE_CHANGED called
02-13 14:04:42.354 E/BT HS/HF(  331): updateServiceState called, sendUpdate:false  ServiceState:0 home Sprint  310099  EvDo rev. A CSS not supported 41 4139RoamInd: 1RoamStatus(sprint): 1DefRoamInd: 160EmergOnly: false
02-13 14:04:42.354 E/BT HS/HF(  331): service:1 mService:1
02-13 14:04:42.364 D/DATA    (  331): [DSST(0)]  registrationState = 1  radioTechnology = 8 reasonForDenial = 0
02-13 14:04:42.364 D/DATA    (  331): [DSST(0)]  set mNewDataConnectionState = 0
02-13 14:04:42.364 D/DATA    (  331): [DSST(0)]  mNewDataConnectionState : 0  mDataConnectionState : 0
02-13 14:04:42.364 D/DATA    (  331): [DSST(0)] Poll ServiceState done: oldSS=[0 home null null null  EvDo rev. A CSS not supported -1 -1RoamInd: -1RoamStatus(sprint): -1DefRoamInd: -1EmergOnly: false] newSS=[0 home null null null  EvDo rev. A CSS not supported -1 -1RoamInd: -1RoamStatus(sprint): -1DefRoamInd: -1EmergOnly: false]
02-13 14:04:42.364 D/DATA    (  331): [DSST(0)]  mDataConnectionState = 0
02-13 14:04:42.374 D/Mms     ( 1781): currentRoamingStatus:1
02-13 14:04:43.144 E/MediaPlayer( 2404): getCurrentPosition sec = 708796
02-13 14:04:43.144 E/MediaPlayer( 2404): getDuration_l mDuration = 1296418
02-13 14:04:44.155 E/MediaPlayer( 2404): getCurrentPosition sec = 709894
02-13 14:04:44.155 E/MediaPlayer( 2404): getDuration_l mDuration = 1296418
02-13 14:04:45.156 E/MediaPlayer( 2404): getCurrentPosition sec = 710855
02-13 14:04:45.156 E/MediaPlayer( 2404): getDuration_l mDuration = 1296418
02-13 14:04:46.157 E/MediaPlayer( 2404): getCurrentPosition sec = 711816
02-13 14:04:46.157 E/MediaPlayer( 2404): getDuration_l mDuration = 1296418
02-13 14:04:47.158 E/MediaPlayer( 2404): getCurrentPosition sec = 712913
02-13 14:04:47.158 E/MediaPlayer( 2404): getDuration_l mDuration = 1296418
02-13 14:04:47.348 D/DATA    (  331): [DSST(0)] pollstate() : reason = data network state changed
02-13 14:04:47.379 D/MobileDataStateTracker(  206): [hipri]  MobileDataStateReceiver onReceive(): Entry.
02-13 14:04:47.379 D/MobileDataStateTracker(  206): [hipri]  intent.getAction()= android.intent.action.SERVICE_STATE
02-13 14:04:47.379 D/MobileDataStateTracker(  206): [hipri]  mEnabled = true
02-13 14:04:47.389 D/MobileDataStateTracker(  206): [dun]  MobileDataStateReceiver onReceive(): Entry.
02-13 14:04:47.389 D/MobileDataStateTracker(  206): [dun]  intent.getAction()= android.intent.action.SERVICE_STATE
02-13 14:04:47.389 D/MobileDataStateTracker(  206): [dun]  mEnabled = false
02-13 14:04:47.389 D/MobileDataStateTracker(  206): [supl]  MobileDataStateReceiver onReceive(): Entry.
