02-13 14:09:07.563 E/MediaPlayerService(  121): setDataSource(http://redirector.c.youtube.com/videoplayback?id=ddcd67df7d33d1a1&itag=36&source=youtube&uaopt=no-save&el=videos&devKey=ATdpM7DMA4JyVrf7elHDrdsO88HsQjpE1a8d1GxQnGDm&app=youtube_gdata&ip=0.0.0.0&ipbits=0&expire=1331754752&sparams=id,itag,source,uaopt,ip,ipbits,expire&signature=8D07246CE5AE150FED1686D9EC04EB1A4A820CB.B31C161263514CF0F1547BEB92BF56CFEFEE5F7A&key=yta1&androidcid=mvapp-android-sprint-us)
02-13 14:09:07.563 D/MediaPlayerService(  121): get player type from url: http://redirector.c.youtube.com/videoplayback?id=ddcd67df7d33d1a1&itag=36&source=youtube&uaopt=no-save&el=videos&devKey=ATdpM7DMA4JyVrf7elHDrdsO88HsQjpE1a8d1GxQnGDm&app=youtube_gdata&ip=0.0.0.0&ipbits=0&expire=1331754752&sparams=id,itag,source,uaopt,ip,ipbits,expire&signature=8D07246CE5AE150FED1686D9EC04EB1A4A820CB.B31C161263514CF0F1547BEB92BF56CFEFEE5F7A&key=yta1&androidcid=mvapp-android-sprint-us
02-13 14:09:07.563 D/MediaPlayerService(  121): drm EAS_Shutdown url: http://redirector.c.youtube.com/videoplayback?id=ddcd67df7d33d1a1&itag=36&source=youtube&uaopt=no-save&el=videos&devKey=ATdpM7DMA4JyVrf7elHDrdsO88HsQjpE1a8d1GxQnGDm&app=youtube_gdata&ip=0.0.0.0&ipbits=0&expire=1331754752&sparams=id,itag,source,uaopt,ip,ipbits,expire&signature=8D07246CE5AE150FED1686D9EC04EB1A4A820CB.B31C161263514CF0F1547BEB92BF56CFEFEE5F7A&key=yta1&androidcid=mvapp-android-sprint-us
02-13 14:09:07.563 D/MediaPlayerService(  121): extension = .sp-midi
02-13 14:09:07.563 D/MediaPlayerService(  121): extension = .spmid
02-13 14:09:07.563 D/MediaPlayerService(  121): extension = .mid
02-13 14:09:07.563 D/MediaPlayerService(  121): extension = .midi
02-13 14:09:07.563 D/MediaPlayerService(  121): extension = .smf
02-13 14:09:07.563 D/MediaPlayerService(  121): extension = .xmf
02-13 14:09:07.563 D/MediaPlayerService(  121): extension = .imy
02-13 14:09:07.563 D/MediaPlayerService(  121): extension = .imelody
02-13 14:09:07.563 D/MediaPlayerService(  121): extension = .rtttl
02-13 14:09:07.563 D/MediaPlayerService(  121): extension = .rtx
02-13 14:09:07.563 D/MediaPlayerService(  121): extension = .ota
02-13 14:09:07.563 D/MediaPlayerService(  121): extension = .ogg
02-13 14:09:07.563 D/MediaPlayerService(  121): extension = .oga
02-13 14:09:07.563 D/MediaPlayerService(  121): extension = .amr
02-13 14:09:07.563 D/MediaPlayerService(  121): extension = .wma
02-13 14:09:07.563 D/MediaPlayerService(  121): extension = .wmv
02-13 14:09:07.563 D/MediaPlayerService(  121): extension = .asf
02-13 14:09:07.563 D/MediaPlayerService(  121): extension = .3g2
02-13 14:09:07.563 D/MediaPlayerService(  121): extension = .aac
02-13 14:09:07.563 D/MediaPlayerService(  121): LsOmaDrmAPI_OpenFromFile result is 196622
02-13 14:09:07.563 D/MediaPlayerService(  121): get Default Player Type from url: http://redirector.c.youtube.com/videoplayback?id=ddcd67df7d33d1a1&itag=36&source=youtube&uaopt=no-save&el=videos&devKey=ATdpM7DMA4JyVrf7elHDrdsO88HsQjpE1a8d1GxQnGDm&app=youtube_gdata&ip=0.0.0.0&ipbits=0&expire=1331754752&sparams=id,itag,source,uaopt,ip,ipbits,expire&signature=8D07246CE5AE150FED1686D9EC04EB1A4A820CB.B31C161263514CF0F1547BEB92BF56CFEFEE5F7A&key=yta1&androidcid=mvapp-android-sprint-us
02-13 14:09:07.563 E/MediaPlayerService(  121): else player type = 4
02-13 14:09:07.563 E/MediaPlayerService(  121):  create StagefrightPlayer
02-13 14:09:07.563 D/KeyguardViewMediator(  206): setHidden false
02-13 14:09:07.563 D/PowerManagerService(  206): acquireWakeLock flags=0xa tag=KEEP_SCREEN_ON_FLAG
02-13 14:09:07.573 E/NuHTTPDataSource(  121): wlg  NuHTTPDataSource::GetHTTPProxy()
02-13 14:09:07.573 E/NuHTTPDataSource(  121): tmpStr pd.vog.sprintpcs.com#8085#CDMA - EvDo rev. A#enRldGVzdGFjY291bnQyMjFAc3ByaW50cGNzLmNvbTpwY3M=
02-13 14:09:07.573 E/NuHTTPDataSource(  121): wlg  NuHTTPDataSource::connect()  mUri = http://redirector.c.youtube.com/videoplayback?id=ddcd67df7d33d1a1&itag=36&source=youtube&uaopt=no-save&el=videos&devKey=ATdpM7DMA4JyVrf7elHDrdsO88HsQjpE1a8d1GxQnGDm&app=youtube_gdata&ip=0.0.0.0&ipbits=0&expire=1331754752&sparams=id,itag,source,uaopt,ip,ipbits,expire&signature=8D07246CE5AE150FED1686D9EC04EB1A4A820CB.B31C161263514CF0F1547BEB92BF56CFEFEE5F7A&key=yta1&androidcid=mvapp-android-sprint-us
02-13 14:09:07.573 E/NuHTTPDataSource(  121): wlg  NuHTTPDataSource::GetHTTPProxy()
02-13 14:09:07.573 E/NuHTTPDataSource(  121): tmpStr pd.vog.sprintpcs.com#8085#CDMA - EvDo rev. A#enRldGVzdGFjY291bnQyMjFAc3ByaW50cGNzLmNvbTpwY3M=
02-13 14:09:07.583 D/PowerManagerService(  206): UnPartial  wakeLock  reactivate ,flags=0xa tag=KEEP_SCREEN_ON_FLAG
02-13 14:09:08.344 I/DATA    (  331): [DCT(0) ] onDataCallListChanged:
02-13 14:09:08.344 I/DATA    (  331): [DCT(0) ] ---dc state list---
02-13 14:09:08.344 I/DATA    (  331): [DCT(0) ] DataCallState: { cid: 0, active: 2, type: , apn: , address: 174.156.234.163 }
02-13 14:09:08.344 I/DATA    (  331): [DCT(0) ] ---dc list---
02-13 14:09:08.344 I/DATA    (  331): [DCT(0) ] cid = 0, state = DcActiveState, bearerType = IP, ipaddress = 174.156.234.163, gw=174.156.234.161, dns=[68.28.67.132, 68.28.68.132]
02-13 14:09:08.414 E/NuHTTPDataSource(  121): connect proxy 
02-13 14:09:08.414 E/NuHTTPDataSource(  121): wlg  use http proxy!
02-13 14:09:08.494 E/NuHTTPDataSource(  121): wlg  connect absolute URL!
02-13 14:09:09.144 E/NuHTTPDataSource(  121): wlg  NuHTTPDataSource::connect()  mUri = http://o-o.preferred.ord08s01.v2.lscache7.c.youtube.com/videoplayback?id=ddcd67df7d33d1a1&itag=36&source=youtube&uaopt=no-save&el=videos&devKey=ATdpM7DMA4JyVrf7elHDrdsO88HsQjpE1a8d1GxQnGDm&app=youtube_gdata&ip=0.0.0.0&ipbits=0&expire=1331754752&sparams=id,itag,source,uaopt,ip,ipbits,expire&signature=8D07246CE5AE150FED1686D9EC04EB1A4A820CB.B31C161263514CF0F1547BEB92BF56CFEFEE5F7A&key=yta1&androidcid=mvapp-android-sprint-us&cms_redirect=yes
02-13 14:09:09.144 E/NuHTTPDataSource(  121): wlg  NuHTTPDataSource::GetHTTPProxy()
02-13 14:09:09.144 E/NuHTTPDataSource(  121): tmpStr pd.vog.sprintpcs.com#8085#CDMA - EvDo rev. A#enRldGVzdGFjY291bnQyMjFAc3ByaW50cGNzLmNvbTpwY3M=
02-13 14:09:09.154 E/NuHTTPDataSource(  121): connect proxy 
02-13 14:09:09.154 E/NuHTTPDataSource(  121): wlg  use http proxy!
02-13 14:09:09.224 E/NuHTTPDataSource(  121): wlg  connect absolute URL!
02-13 14:09:09.525 E/NuHTTPDataSource(  121): wlg  NuHTTPDataSource::connect()  mUri = http://v2.cache3.c.youtube.com/videoplayback?id=ddcd67df7d33d1a1&itag=36&source=youtube&uaopt=no-save&el=videos&devKey=ATdpM7DMA4JyVrf7elHDrdsO88HsQjpE1a8d1GxQnGDm&app=youtube_gdata&ip=0.0.0.0&ipbits=0&expire=1331754752&sparams=id,itag,source,uaopt,ip,ipbits,expire&signature=8D07246CE5AE150FED1686D9EC04EB1A4A820CB.B31C161263514CF0F1547BEB92BF56CFEFEE5F7A&key=yta1&androidcid=mvapp-android-sprint-us&cms_redirect=yes&redirect_counter=1
02-13 14:09:09.525 E/NuHTTPDataSource(  121): wlg  NuHTTPDataSource::GetHTTPProxy()
02-13 14:09:09.525 E/NuHTTPDataSource(  121): tmpStr pd.vog.sprintpcs.com#8085#CDMA - EvDo rev. A#enRldGVzdGFjY291bnQyMjFAc3ByaW50cGNzLmNvbTpwY3M=
02-13 14:09:09.525 E/NuHTTPDataSource(  121): connect proxy 
02-13 14:09:09.525 E/NuHTTPDataSource(  121): wlg  use http proxy!
02-13 14:09:09.745 E/NuHTTPDataSource(  121): wlg  connect absolute URL!
02-13 14:09:12.878 I/QSB.GenieClient( 1762): request: chars=0;feeds=[qs, list, ns];loc=false;auth=false
02-13 14:09:13.959 I/QSB.GenieClient( 1762): response: suggestions=
02-13 14:09:18.934 E/OMX-VDEC-720P(  121): In OMX vdec Constructor
02-13 14:09:18.934 E/OMX-VDEC-720P(  121): vidc.dec.debug.ts value is 0
02-13 14:09:18.934 E/OMX-VDEC-720P(  121): vidc.dec.debug.concealedmb value is 0
02-13 14:09:18.934 E/OMX-VDEC-720P(  121): vidc.dec.debug.ts value is 0
02-13 14:09:18.934 E/OMX-VDEC-720P(  121): vidc.dec.debug.extradata value is 0
02-13 14:09:18.934 E/OMX-VDEC-720P(  121): 
02-13 14:09:18.934 E/OMX-VDEC-720P(  121):  omx_vdec::component_init(): Start of New Playback
02-13 14:09:19.024 E/OMX-VDEC-720P(  121): 
02-13 14:09:19.024 E/OMX-VDEC-720P(  121):  omx_vdec::component_init(): Open returned fd 24
02-13 14:09:19.024 E/OMX-VDEC-720P(  121): 
02-13 14:09:19.024 E/OMX-VDEC-720P(  121):  omx_vdec::component_init() success
02-13 14:09:19.024 E/OMX-VDEC-720P(  121): omx_vdec: Async thread start
02-13 14:09:19.024 E/OMX-VDEC-720P(  121): omx_vdec: message thread start
02-13 14:09:19.024 E/OMX-VDEC-720P(  121): 
02-13 14:09:19.024 E/OMX-VDEC-720P(  121):  send_command_proxy(): Current State 1, Expected State 2
02-13 14:09:19.024 E/OMX-VDEC-720P(  121): 
02-13 14:09:19.024 E/OMX-VDEC-720P(  121):  send_command_proxy(): OMX_CommandStateSet issued
02-13 14:09:19.024 E/OMX-VDEC-720P(  121): 
02-13 14:09:19.024 E/OMX-VDEC-720P(  121):  Current State 1, Expected State 2
02-13 14:09:19.024 E/OMX-VDEC-720P(  121): 
02-13 14:09:19.024 E/OMX-VDEC-720P(  121):  Allocate i/p buffer Header: Cnt(4) Sz(691200)
02-13 14:09:19.024 E/OMX-VDEC-720P(  121): Allocate done for all i/p buffers
02-13 14:09:19.024 E/OMX-VDEC-720P(  121): 
02-13 14:09:19.024 E/OMX-VDEC-720P(  121):  Allocate o/p buffer case - Header List allocation
02-13 14:09:19.034 E/OMX-VDEC-720P(  121): Allocate done for all i/p buffers
02-13 14:09:19.034 E/OMX-VDEC-720P(  121): Allocate done for all i/p buffers
02-13 14:09:19.034 E/OMX-VDEC-720P(  121): Allocate done for all i/p buffers
02-13 14:09:19.034 E/OMX-VDEC-720P(  121): Allocate done for all i/p buffers
02-13 14:09:19.034 E/OMX-VDEC-720P(  121): Allocate done for all i/p buffers
02-13 14:09:19.034 E/OMX-VDEC-720P(  121): Allocate done for all i/p buffers
02-13 14:09:19.034 E/OMX-VDEC-720P(  121): Allocate done for all i/p buffers
02-13 14:09:19.034 E/OMX-VDEC-720P(  121): Allocate done for all i/p buffers
02-13 14:09:19.034 E/OMX-VDEC-720P(  121): Allocate done for all o/p buffers
02-13 14:09:19.034 E/OMX-VDEC-720P(  121): 
02-13 14:09:19.034 E/OMX-VDEC-720P(  121):  OMX_CommandStateSet complete, m_state = 2
02-13 14:09:19.034 E/OMX-VDEC-720P(  121): 
02-13 14:09:19.034 E/OMX-VDEC-720P(  121):  send_command_proxy(): Current State 2, Expected State 3
02-13 14:09:19.034 E/OMX-VDEC-720P(  121): 
02-13 14:09:19.034 E/OMX-VDEC-720P(  121):  send_command_proxy(): OMX_CommandStateSet issued
02-13 14:09:19.034 E/OMX-VDEC-720P(  121): 
02-13 14:09:19.034 E/OMX-VDEC-720P(  121):  Current State 2, Expected State 3
02-13 14:09:19.034 E/OMX-VDEC-720P(  121): 
02-13 14:09:19.034 E/OMX-VDEC-720P(  121):  Rxd OMX_COMPONENT_GENERATE_START_DONE
02-13 14:09:21.496 I/wpa_supplicant(  304): State: INACTIVE -> SCANNING
02-13 14:09:21.496 I/wpa_supplicant(  304): CTRL-EVENT-STATE-CHANGE id=-1 state=2 BSSID=00:00:00:00:00:00
02-13 14:09:21.506 D/NetworkStateTracker(  206): setDetailed state, old =IDLE and new state=SCANNING
02-13 14:09:22.397 I/dun_service(  130): The value returned from dun_getusbmodemstate_fromsys is 2 
02-13 14:09:22.427 D/KeyguardUpdateMonitor(  206): received broadcast android.intent.action.BATTERY_CHANGED
02-13 14:09:22.427 D/KeyguardUpdateMonitor(  206): handleBatteryUpdate
02-13 14:09:22.477 I/dun_service(  130): process rmnet event
02-13 14:09:22.477 I/dun_service(  130): Post event 4
02-13 14:09:22.477 I/dun_service(  130): received event: DUN_EVENT_RMNET_UP 
02-13 14:09:22.477 I/dun_service(  130): received event(DUN_EVENT_RMNET_UP) in state(DUN_STATE_USB_UNPLUG)
02-13 14:09:22.477 I/dun_service(  130): Ignoring the event DUN_EVENT_RMNET_UP in USB_UNPLUG_STATE
02-13 14:09:22.477 I/dun_service(  130): Moved to state(DUN_STATE_USB_UNPLUG)
02-13 14:09:22.477 I/wpa_supplicant(  304): State: SCANNING -> INACTIVE
02-13 14:09:22.477 I/wpa_supplicant(  304): CTRL-EVENT-STATE-CHANGE id=-1 state=1 BSSID=00:00:00:00:00:00
02-13 14:09:22.487 D/NetworkStateTracker(  206): setDetailed state, old =SCANNING and new state=IDLE
02-13 14:09:22.497 D/WifiStateTracker(  206): setNotificationVisible() visible=false mNotificationShown=false force=false return.
02-13 14:09:37.492 I/wpa_supplicant(  304): State: INACTIVE -> SCANNING
02-13 14:09:37.492 I/wpa_supplicant(  304): CTRL-EVENT-STATE-CHANGE id=-1 state=2 BSSID=00:00:00:00:00:00
02-13 14:09:37.492 D/NetworkStateTracker(  206): setDetailed state, old =IDLE and new state=SCANNING
02-13 14:09:38.463 I/dun_service(  130): process rmnet event
02-13 14:09:38.463 I/dun_service(  130): Post event 4
02-13 14:09:38.463 I/dun_service(  130): received event: DUN_EVENT_RMNET_UP 
02-13 14:09:38.463 I/dun_service(  130): received event(DUN_EVENT_RMNET_UP) in state(DUN_STATE_USB_UNPLUG)
02-13 14:09:38.463 I/dun_service(  130): Ignoring the event DUN_EVENT_RMNET_UP in USB_UNPLUG_STATE
02-13 14:09:38.463 I/dun_service(  130): Moved to state(DUN_STATE_USB_UNPLUG)
02-13 14:09:38.463 I/wpa_supplicant(  304): State: SCANNING -> INACTIVE
02-13 14:09:38.463 I/wpa_supplicant(  304): CTRL-EVENT-STATE-CHANGE id=-1 state=1 BSSID=00:00:00:00:00:00
02-13 14:09:38.473 D/WifiStateTracker(  206): setNotificationVisible() visible=false mNotificationShown=false force=false return.
02-13 14:09:38.473 D/NetworkStateTracker(  206): setDetailed state, old =SCANNING and new state=IDLE
02-13 14:09:42.066 D/MediaPlayer( 2404): seekTo 798408 state 8
02-13 14:09:42.066 E/MediaPlayer( 2404): getDuration_l mDuration = 1296418
02-13 14:09:42.066 E/wlg     ( 2404): MediaPlayer.start()  mIsStream = true
02-13 14:09:42.066 E/wlg     ( 2404): MediaPlayer.notifyPlayingStream  The current video is a stream!
02-13 14:09:42.076 D/MediaPlayer( 2404): start state 8
02-13 14:09:42.086 E/AwesomePlayer(  121): AudioPlayer created, Non-LPA mode mime audio/mp4a-latm duration 1296416507
02-13 14:09:42.086 D/AudioTrack(  121): Request AudioFlinger to create track
02-13 14:09:42.086 D/AudioFlinger(  121): createTrack() lSessionId: 32
02-13 14:09:42.086 D/AudioFlinger(  121): Track constructor name 4098, calling thread 2404
02-13 14:09:42.086 D/AudioTrack(  121): start 0x68910
02-13 14:09:42.086 D/AudioFlinger(  121): start(4098), calling thread 2404 session 32
02-13 14:09:42.096 E/MediaPlayer( 2404): getCurrentPosition sec = 798408
02-13 14:09:42.096 E/MediaPlayer( 2404): getDuration_l mDuration = 1296418
02-13 14:09:42.096 D/AudioTrack(  121): pause
02-13 14:09:42.116 D/AudioHardwareMSM7X30(  121): value of device and enable is 2 1 ALSA dev id:3
02-13 14:09:42.197 D/AudioHardwareMSM7X30(  121): msm_route_stream(PCM_PLAY,5,3,1)
02-13 14:09:42.397 E/NuHTTPDataSource(  121): wlg  NuHTTPDataSource::GetHTTPProxy()
02-13 14:09:42.397 E/NuHTTPDataSource(  121): tmpStr pd.vog.sprintpcs.com#8085#CDMA - EvDo rev. A#enRldGVzdGFjY291bnQyMjFAc3ByaW50cGNzLmNvbTpwY3M=
02-13 14:09:42.397 E/NuHTTPDataSource(  121): connect proxy 
02-13 14:09:42.397 E/NuHTTPDataSource(  121): wlg  use http proxy!
02-13 14:09:43.097 E/MediaPlayer( 2404): getCurrentPosition sec = 798408
02-13 14:09:43.097 E/MediaPlayer( 2404): getDuration_l mDuration = 1296418
02-13 14:09:43.498 E/NuHTTPDataSource(  121): wlg  connect absolute URL!
02-13 14:09:44.088 E/MediaPlayer( 2404): getCurrentPosition sec = 798408
02-13 14:09:44.088 E/MediaPlayer( 2404): getDuration_l mDuration = 1296418
02-13 14:09:45.099 E/MediaPlayer( 2404): getCurrentPosition sec = 798408
02-13 14:09:45.099 E/MediaPlayer( 2404): getDuration_l mDuration = 1296418
02-13 14:09:45.109 D/AudioHardwareMSM7X30(  121): AudioStreamOutMSM72xx::standby()
02-13 14:09:45.109 D/AudioHardwareMSM7X30(  121): Deroute pcm out stream
02-13 14:09:45.109 D/AudioHardwareMSM7X30(  121): updateDeviceInfo: E rx_device 2 and tx_device 3
02-13 14:09:45.109 D/AudioHardwareMSM7X30(  121): No active voicecall/playback, disabling cur_rx 2
02-13 14:09:45.109 D/AudioHardwareMSM7X30(  121): value of device and enable is 2 0 ALSA dev id:3
02-13 14:09:45.119 D/AudioHardwareMSM7X30(  121): No active voicecall/recording, disabling cur_tx 3
02-13 14:09:45.119 D/AudioHardwareMSM7X30(  121): value of device and enable is 3 0 ALSA dev id:10
02-13 14:09:45.119 E/AudioHardwareMSM7X30(  121): There is no node in the routing table!
02-13 14:09:45.119 D/AudioHardwareMSM7X30(  121): updateDeviceInfo: X cur_rx 2 cur_tx 3
02-13 14:09:46.100 E/MediaPlayer( 2404): getCurrentPosition sec = 798408
02-13 14:09:46.100 E/MediaPlayer( 2404): getDuration_l mDuration = 1296418
02-13 14:09:47.111 E/MediaPlayer( 2404): getCurrentPosition sec = 798408
02-13 14:09:47.111 E/MediaPlayer( 2404): getDuration_l mDuration = 1296418
02-13 14:09:48.112 E/MediaPlayer( 2404): getCurrentPosition sec = 798408
02-13 14:09:48.112 E/MediaPlayer( 2404): getDuration_l mDuration = 1296418
02-13 14:09:48.813 E/OMX-VDEC-720P(  121): get_config: Framepack data not supported for non H264 codecs
02-13 14:09:48.813 D/AudioTrack(  121): start 0x68910
02-13 14:09:48.813 D/AudioFlinger(  121): start(4098), calling thread 121 session 32
02-13 14:09:48.823 W/Overlay (  206): createOverlay: creating overlay with format3D: 0x0, curState: 1
02-13 14:09:49.123 E/MediaPlayer( 2404): getCurrentPosition sec = 800329
02-13 14:09:49.123 E/MediaPlayer( 2404): getDuration_l mDuration = 1296418
02-13 14:09:50.124 E/MediaPlayer( 2404): getCurrentPosition sec = 800467
02-13 14:09:50.124 E/MediaPlayer( 2404): getDuration_l mDuration = 1296418
02-13 14:09:51.125 E/MediaPlayer( 2404): getCurrentPosition sec = 800467
02-13 14:09:51.125 E/MediaPlayer( 2404): getDuration_l mDuration = 1296418
02-13 14:09:52.126 E/MediaPlayer( 2404): getCurrentPosition sec = 800467
02-13 14:09:52.126 E/MediaPlayer( 2404): getDuration_l mDuration = 1296418
02-13 14:09:52.396 I/dun_service(  130): The value returned from dun_getusbmodemstate_fromsys is 2 
02-13 14:09:52.406 D/KeyguardUpdateMonitor(  206): received broadcast android.intent.action.BATTERY_CHANGED
02-13 14:09:52.406 D/KeyguardUpdateMonitor(  206): handleBatteryUpdate
02-13 14:09:52.837 W/AudioTrack(  121): obtainBuffer timed out (is the CPU pegged?) 0x68910 user=00000960, server=00000000
02-13 14:09:52.837 D/AudioFlinger(  121): start(4098), calling thread 121 session 32
02-13 14:09:52.847 D/AudioHardwareMSM7X30(  121): value of device and enable is 2 1 ALSA dev id:3
02-13 14:09:52.847 W/AudioTrack(  121): obtainBuffer() track 0x68910 disabled, restarting
02-13 14:09:52.847 D/AudioFlinger(  121): start(4098), calling thread 121 session 32
02-13 14:09:52.927 D/AudioHardwareMSM7X30(  121): msm_route_stream(PCM_PLAY,5,3,1)
02-13 14:09:52.927 W/AudioFlinger(  121): write blocked for 86 msecs, 9 delayed writes, thread 0x1b7f0
02-13 14:09:53.137 E/MediaPlayer( 2404): getCurrentPosition sec = 800604
02-13 14:09:53.137 E/MediaPlayer( 2404): getDuration_l mDuration = 1296418
02-13 14:09:53.488 I/wpa_supplicant(  304): State: INACTIVE -> SCANNING
02-13 14:09:53.488 I/wpa_supplicant(  304): CTRL-EVENT-STATE-CHANGE id=-1 state=2 BSSID=00:00:00:00:00:00
02-13 14:09:53.488 D/NetworkStateTracker(  206): setDetailed state, old =IDLE and new state=SCANNING
02-13 14:09:54.128 E/MediaPlayer( 2404): getCurrentPosition sec = 801564
02-13 14:09:54.128 E/MediaPlayer( 2404): getDuration_l mDuration = 1296418
02-13 14:09:54.458 I/dun_service(  130): process rmnet event
02-13 14:09:54.458 I/dun_service(  130): Post event 4
02-13 14:09:54.458 I/dun_service(  130): received event: DUN_EVENT_RMNET_UP 
02-13 14:09:54.458 I/dun_service(  130): received event(DUN_EVENT_RMNET_UP) in state(DUN_STATE_USB_UNPLUG)
02-13 14:09:54.458 I/dun_service(  130): Ignoring the event DUN_EVENT_RMNET_UP in USB_UNPLUG_STATE
02-13 14:09:54.458 I/dun_service(  130): Moved to state(DUN_STATE_USB_UNPLUG)
02-13 14:09:54.458 I/wpa_supplicant(  304): State: SCANNING -> INACTIVE
02-13 14:09:54.458 I/wpa_supplicant(  304): CTRL-EVENT-STATE-CHANGE id=-1 state=1 BSSID=00:00:00:00:00:00
02-13 14:09:54.469 D/WifiStateTracker(  206): setNotificationVisible() visible=false mNotificationShown=false force=false return.
02-13 14:09:54.469 D/NetworkStateTracker(  206): setDetailed state, old =SCANNING and new state=IDLE
02-13 14:09:55.139 E/MediaPlayer( 2404): getCurrentPosition sec = 802662
02-13 14:09:55.139 E/MediaPlayer( 2404): getDuration_l mDuration = 1296418
02-13 14:09:56.140 E/MediaPlayer( 2404): getCurrentPosition sec = 803623
02-13 14:09:56.140 E/MediaPlayer( 2404): getDuration_l mDuration = 1296418
02-13 14:09:56.180 D/Bitmap  (  317): Detect unrecycled bitmap.
02-13 14:09:56.180 D/Bitmap  (  317):       Size: 83200 Bytes, Width: 320 , Height: 65 , Hash code: 1079452712
02-13 14:09:56.180 D/Bitmap  (  317):  This bimap was created in:
02-13 14:09:56.190 D/Bitmap  (  317):       android.graphics.Bitmap.<init>(Bitmap.java:136)
02-13 14:09:56.190 D/Bitmap  (  317):       android.graphics.Bitmap.nativeCreate(Native Method)
02-13 14:09:56.190 D/Bitmap  (  317):       android.graphics.Bitmap.createBitmap(Bitmap.java:547)
02-13 14:09:56.190 D/Bitmap  (  317):       android.view.View.buildDrawingCache(View.java:6577)
02-13 14:09:56.190 D/Bitmap  (  317):       android.view.View.getDrawingCache(View.java:6428)
02-13 14:09:56.190 D/Bitmap  (  317):       android.view.ViewGroup.drawChild(ViewGroup.java:1574)
02-13 14:09:56.190 D/Bitmap  (  317):       android.view.ViewGroup.dispatchDraw(ViewGroup.java:1376)
02-13 14:09:56.190 D/Bitmap  (  317):       android.view.ViewGroup.drawChild(ViewGroup.java:1647)
02-13 14:09:56.190 D/Bitmap  (  317):       android.view.ViewGroup.dispatchDraw(ViewGroup.java:1376)
02-13 14:09:56.190 D/Bitmap  (  317):       android.view.ViewGroup.drawChild(ViewGroup.java:1647)
02-13 14:09:56.190 D/Bitmap  (  317):       android.view.ViewGroup.dispatchDraw(ViewGroup.java:1376)
02-13 14:09:56.190 D/Bitmap  (  317):       android.view.View.draw(View.java:6883)
02-13 14:09:56.190 D/Bitmap  (  317):       android.widget.FrameLayout.draw(FrameLayout.java:357)
02-13 14:09:56.190 D/Bitmap  (  317):       android.widget.ScrollView.draw(ScrollView.java:1417)
02-13 14:09:56.190 D/Bitmap  (  317):       android.view.ViewGroup.drawChild(ViewGroup.java:1649)
02-13 14:09:56.190 D/Bitmap  (  317):       android.view.ViewGroup.dispatchDraw(ViewGroup.java:1376)
02-13 14:09:56.190 D/Bitmap  (  317):       android.view.ViewGroup.drawChild(ViewGroup.java:1647)
02-13 14:09:56.190 D/Bitmap  (  317):       android.view.ViewGroup.dispatchDraw(ViewGroup.java:1376)
02-13 14:09:56.190 D/Bitmap  (  317):       android.view.ViewGroup.drawChild(ViewGroup.java:1647)
02-13 14:09:56.190 D/Bitmap  (  317):       android.view.ViewGroup.dispatchDraw(ViewGroup.java:1376)
02-13 14:09:56.190 D/Bitmap  (  317):       android.view.View.draw(View.java:6883)
02-13 14:09:56.190 D/Bitmap  (  317):       android.widget.FrameLayout.draw(FrameLayout.java:357)
02-13 14:09:56.190 D/Bitmap  (  317):       android.view.ViewGroup.drawChild(ViewGroup.java:1649)
02-13 14:09:56.190 D/Bitmap  (  317):       android.view.ViewGroup.dispatchDraw(ViewGroup.java:1376)
02-13 14:09:56.190 D/Bitmap  (  317):       android.view.View.draw(View.java:6883)
02-13 14:09:56.190 D/Bitmap  (  317):       android.widget.FrameLayout.draw(FrameLayout.java:357)
02-13 14:09:56.190 D/Bitmap  (  317):       com.android.internal.policy.impl.PhoneWindow$DecorView.draw(PhoneWindow.java:1866)
02-13 14:09:56.190 D/Bitmap  (  317):       android.view.ViewRoot.draw(ViewRoot.java:1526)
02-13 14:09:56.190 D/Bitmap  (  317):       android.view.ViewRoot.performTraversals(ViewRoot.java:1262)
02-13 14:09:56.190 D/Bitmap  (  317):       android.view.ViewRoot.handleMessage(ViewRoot.java:1864)
02-13 14:09:56.190 D/Bitmap  (  317):       android.os.Handler.dispatchMessage(Handler.java:99)
02-13 14:09:56.190 D/Bitmap  (  317):       android.os.Looper.loop(Looper.java:130)
02-13 14:09:56.190 D/Bitmap  (  317):       android.app.ActivityThread.main(ActivityThread.java:3704)
02-13 14:09:56.190 D/Bitmap  (  317):       java.lang.reflect.Method.invokeNative(Native Method)
02-13 14:09:56.190 D/Bitmap  (  317):       java.lang.reflect.Method.invoke(Method.java:507)
02-13 14:09:56.190 D/Bitmap  (  317):       com.android.internal.os.ZygoteInit$MethodAndArgsCaller.run(ZygoteInit.java:875)
02-13 14:09:56.190 D/Bitmap  (  317):       com.android.internal.os.ZygoteInit.main(ZygoteInit.java:633)
02-13 14:09:56.190 D/Bitmap  (  317):       dalvik.system.NativeStart.main(Native Method)
02-13 14:09:56.190 D/Bitmap  (  317): _
02-13 14:09:57.151 E/MediaPlayer( 2404): getCurrentPosition sec = 804584
02-13 14:09:57.151 E/MediaPlayer( 2404): getDuration_l mDuration = 1296418
02-13 14:09:58.152 E/MediaPlayer( 2404): getCurrentPosition sec = 805681
02-13 14:09:58.152 E/MediaPlayer( 2404): getDuration_l mDuration = 1296418
02-13 14:09:59.153 E/MediaPlayer( 2404): getCurrentPosition sec = 806642
02-13 14:09:59.153 E/MediaPlayer( 2404): getDuration_l mDuration = 1296418
02-13 14:09:59.994 D/KeyguardUpdateMonitor(  206): received broadcast android.intent.action.TIME_TICK
02-13 14:09:59.994 D/KeyguardUpdateMonitor(  206): handleTimeUpdate
02-13 14:10:00.164 E/MediaPlayer( 2404): getCurrentPosition sec = 807603
02-13 14:10:00.164 E/MediaPlayer( 2404): getDuration_l mDuration = 1296418
02-13 14:10:01.165 E/MediaPlayer( 2404): getCurrentPosition sec = 808700
02-13 14:10:01.165 E/MediaPlayer( 2404): getDuration_l mDuration = 1296418
02-13 14:10:02.166 E/MediaPlayer( 2404): getCurrentPosition sec = 809661
02-13 14:10:02.166 E/MediaPlayer( 2404): getDuration_l mDuration = 1296418
02-13 14:10:03.177 E/MediaPlayer( 2404): getCurrentPosition sec = 810622
02-13 14:10:03.177 E/MediaPlayer( 2404): getDuration_l mDuration = 1296418
02-13 14:10:04.168 E/MediaPlayer( 2404): getCurrentPosition sec = 811582
02-13 14:10:04.168 E/MediaPlayer( 2404): getDuration_l mDuration = 1296418
02-13 14:10:05.169 E/MediaPlayer( 2404): getCurrentPosition sec = 812680
02-13 14:10:05.169 E/MediaPlayer( 2404): getDuration_l mDuration = 1296418
02-13 14:10:06.180 E/MediaPlayer( 2404): getCurrentPosition sec = 813641
02-13 14:10:06.180 E/MediaPlayer( 2404): getDuration_l mDuration = 1296418
02-13 14:10:07.191 E/MediaPlayer( 2404): getCurrentPosition sec = 814601
02-13 14:10:07.191 E/MediaPlayer( 2404): getDuration_l mDuration = 1296418
02-13 14:10:08.202 E/MediaPlayer( 2404): getCurrentPosition sec = 815699
02-13 14:10:08.202 E/MediaPlayer( 2404): getDuration_l mDuration = 1296418
02-13 14:10:09.203 E/MediaPlayer( 2404): getCurrentPosition sec = 816660
02-13 14:10:09.203 E/MediaPlayer( 2404): getDuration_l mDuration = 1296418
02-13 14:10:09.493 I/wpa_supplicant(  304): State: INACTIVE -> SCANNING
02-13 14:10:09.493 I/wpa_supplicant(  304): CTRL-EVENT-STATE-CHANGE id=-1 state=2 BSSID=00:00:00:00:00:00
02-13 14:10:09.493 D/NetworkStateTracker(  206): setDetailed state, old =IDLE and new state=SCANNING
02-13 14:10:10.204 E/MediaPlayer( 2404): getCurrentPosition sec = 817620
02-13 14:10:10.204 E/MediaPlayer( 2404): getDuration_l mDuration = 1296418
02-13 14:10:10.474 I/dun_service(  130): process rmnet event
02-13 14:10:10.474 I/dun_service(  130): Post event 4
02-13 14:10:10.474 I/dun_service(  130): received event: DUN_EVENT_RMNET_UP 
02-13 14:10:10.474 I/dun_service(  130): received event(DUN_EVENT_RMNET_UP) in state(DUN_STATE_USB_UNPLUG)
02-13 14:10:10.474 I/dun_service(  130): Ignoring the event DUN_EVENT_RMNET_UP in USB_UNPLUG_STATE
02-13 14:10:10.474 I/dun_service(  130): Moved to state(DUN_STATE_USB_UNPLUG)
02-13 14:10:10.474 I/wpa_supplicant(  304): State: SCANNING -> INACTIVE
02-13 14:10:10.474 I/wpa_supplicant(  304): CTRL-EVENT-STATE-CHANGE id=-1 state=1 BSSID=00:00:00:00:00:00
02-13 14:10:10.484 D/WifiStateTracker(  206): setNotificationVisible() visible=false mNotificationShown=false force=false return.
02-13 14:10:10.484 D/NetworkStateTracker(  206): setDetailed state, old =SCANNING and new state=IDLE
02-13 14:10:11.215 E/MediaPlayer( 2404): getCurrentPosition sec = 818718
02-13 14:10:11.215 E/MediaPlayer( 2404): getDuration_l mDuration = 1296418
02-13 14:10:12.226 E/MediaPlayer( 2404): getCurrentPosition sec = 819679
02-13 14:10:12.226 E/MediaPlayer( 2404): getDuration_l mDuration = 1296418
02-13 14:10:13.227 E/MediaPlayer( 2404): getCurrentPosition sec = 820639
02-13 14:10:13.227 E/MediaPlayer( 2404): getDuration_l mDuration = 1296418
02-13 14:10:14.228 E/MediaPlayer( 2404): getCurrentPosition sec = 821737
02-13 14:10:14.228 E/MediaPlayer( 2404): getDuration_l mDuration = 1296418
02-13 14:10:15.229 E/MediaPlayer( 2404): getCurrentPosition sec = 822698
02-13 14:10:15.229 E/MediaPlayer( 2404): getDuration_l mDuration = 1296418
02-13 14:10:16.240 E/MediaPlayer( 2404): getCurrentPosition sec = 823659
02-13 14:10:16.240 E/MediaPlayer( 2404): getDuration_l mDuration = 1296418
02-13 14:10:17.241 E/MediaPlayer( 2404): getCurrentPosition sec = 824756
02-13 14:10:17.241 E/MediaPlayer( 2404): getDuration_l mDuration = 1296418
02-13 14:10:18.252 E/MediaPlayer( 2404): getCurrentPosition sec = 825717
02-13 14:10:18.252 E/MediaPlayer( 2404): getDuration_l mDuration = 1296418
02-13 14:10:19.253 E/MediaPlayer( 2404): getCurrentPosition sec = 826678
02-13 14:10:19.253 E/MediaPlayer( 2404): getDuration_l mDuration = 1296418
02-13 14:10:20.254 E/MediaPlayer( 2404): getCurrentPosition sec = 827775
02-13 14:10:20.254 E/MediaPlayer( 2404): getDuration_l mDuration = 1296418
02-13 14:10:21.265 E/MediaPlayer( 2404): getCurrentPosition sec = 828736
02-13 14:10:21.265 E/MediaPlayer( 2404): getDuration_l mDuration = 1296418
02-13 14:10:21.335 D/DATA    (  331): [DSST(0)] pollstate() : reason = data network state changed
02-13 14:10:21.385 D/MobileDataStateTracker(  206): [hipri]  MobileDataStateReceiver onReceive(): Entry.
02-13 14:10:21.385 D/MobileDataStateTracker(  206): [hipri]  intent.getAction()= android.intent.action.SERVICE_STATE
02-13 14:10:21.385 D/MobileDataStateTracker(  206): [hipri]  mEnabled = true
02-13 14:10:21.395 D/MobileDataStateTracker(  206): [dun]  MobileDataStateReceiver onReceive(): Entry.
02-13 14:10:21.395 D/MobileDataStateTracker(  206): [dun]  intent.getAction()= android.intent.action.SERVICE_STATE
02-13 14:10:21.395 D/MobileDataStateTracker(  206): [dun]  mEnabled = false
02-13 14:10:21.395 D/MobileDataStateTracker(  206): [supl]  MobileDataStateReceiver onReceive(): Entry.
02-13 14:10:21.395 D/MobileDataStateTracker(  206): [supl]  intent.getAction()= android.intent.action.SERVICE_STATE
02-13 14:10:21.395 D/MobileDataStateTracker(  206): [supl]  mEnabled = false
02-13 14:10:21.395 D/MobileDataStateTracker(  206): [mms]  MobileDataStateReceiver onReceive(): Entry.
02-13 14:10:21.395 D/MobileDataStateTracker(  206): [mms]  intent.getAction()= android.intent.action.SERVICE_STATE
02-13 14:10:21.395 D/MobileDataStateTracker(  206): [mms]  mEnabled = false
02-13 14:10:21.395 D/MobileDataStateTracker(  206): [default]  MobileDataStateReceiver onReceive(): Entry.
02-13 14:10:21.395 D/MobileDataStateTracker(  206): [default]  intent.getAction()= android.intent.action.SERVICE_STATE
02-13 14:10:21.395 D/MobileDataStateTracker(  206): [default]  mEnabled = true
02-13 14:10:21.395 D/CallManager(  331):  handleMessage (EVENT_SERVICE_STATE_CHANGED)
02-13 14:10:21.395 E/BT HS/HF(  331): SERVICE_STATE_CHANGED called
02-13 14:10:21.395 E/BT HS/HF(  331): updateServiceState called, sendUpdate:false  ServiceState:0 home Sprint  310099  EvDo rev. A CSS not supported 41 4139RoamInd: 1RoamStatus(sprint): 1DefRoamInd: 160EmergOnly: false
02-13 14:10:21.395 E/BT HS/HF(  331): service:1 mService:1
02-13 14:10:21.395 D/DATA    (  331): [DSST(0)]  registrationState = 1  radioTechnology = 8 reasonForDenial = 0
02-13 14:10:21.395 D/DATA    (  331): [DSST(0)]  set mNewDataConnectionState = 0
02-13 14:10:21.395 D/DATA    (  331): [DSST(0)]  mNewDataConnectionState : 0  mDataConnectionState : 0
02-13 14:10:21.395 D/DATA    (  331): [DSST(0)] Poll ServiceState done: oldSS=[0 home null null null  EvDo rev. A CSS not supported -1 -1RoamInd: -1RoamStatus(sprint): -1DefRoamInd: -1EmergOnly: false] newSS=[0 home null null null  EvDo rev. A CSS not supported -1 -1RoamInd: -1RoamStatus(sprint): -1DefRoamInd: -1EmergOnly: false]
02-13 14:10:21.395 D/DATA    (  331): [DSST(0)]  mDataConnectionState = 0
02-13 14:10:21.435 D/Mms     ( 1781): currentRoamingStatus:1
02-13 14:10:22.276 E/MediaPlayer( 2404): getCurrentPosition sec = 829697
02-13 14:10:22.276 E/MediaPlayer( 2404): getDuration_l mDuration = 1296418
02-13 14:10:23.287 E/MediaPlayer( 2404): getCurrentPosition sec = 830795
02-13 14:10:23.287 E/MediaPlayer( 2404): getDuration_l mDuration = 1296418
02-13 14:10:24.278 E/MediaPlayer( 2404): getCurrentPosition sec = 831755
02-13 14:10:24.278 E/MediaPlayer( 2404): getDuration_l mDuration = 1296418
02-13 14:10:25.279 E/MediaPlayer( 2404): getCurrentPosition sec = 832304
02-13 14:10:25.279 E/MediaPlayer( 2404): getDuration_l mDuration = 1296418
02-13 14:10:25.499 I/wpa_supplicant(  304): State: INACTIVE -> SCANNING
02-13 14:10:25.499 I/wpa_supplicant(  304): CTRL-EVENT-STATE-CHANGE id=-1 state=2 BSSID=00:00:00:00:00:00
02-13 14:10:25.499 D/NetworkStateTracker(  206): setDetailed state, old =IDLE and new state=SCANNING
02-13 14:10:26.129 W/AudioTrack(  121): obtainBuffer() track 0x68910 disabled, restarting
02-13 14:10:26.129 D/AudioFlinger(  121): start(4098), calling thread 121 session 32
02-13 14:10:26.290 E/MediaPlayer( 2404): getCurrentPosition sec = 832579
02-13 14:10:26.290 E/MediaPlayer( 2404): getDuration_l mDuration = 1296418
02-13 14:10:26.450 D/DATA    (  331): [DSST(0)] pollstate() : reason = data network state changed
02-13 14:10:26.460 I/wpa_supplicant(  304): State: SCANNING -> INACTIVE
02-13 14:10:26.460 I/wpa_supplicant(  304): CTRL-EVENT-STATE-CHANGE id=-1 state=1 BSSID=00:00:00:00:00:00
02-13 14:10:26.460 I/dun_service(  130): process rmnet event
02-13 14:10:26.460 I/dun_service(  130): Post event 4
02-13 14:10:26.470 I/dun_service(  130): received event: DUN_EVENT_RMNET_UP 
02-13 14:10:26.470 I/dun_service(  130): received event(DUN_EVENT_RMNET_UP) in state(DUN_STATE_USB_UNPLUG)
02-13 14:10:26.470 I/dun_service(  130): Ignoring the event DUN_EVENT_RMNET_UP in USB_UNPLUG_STATE
02-13 14:10:26.470 I/dun_service(  130): Moved to state(DUN_STATE_USB_UNPLUG)
02-13 14:10:26.480 D/NetworkStateTracker(  206): setDetailed state, old =SCANNING and new state=IDLE
02-13 14:10:26.480 D/WifiStateTracker(  206): setNotificationVisible() visible=false mNotificationShown=false force=false return.
02-13 14:10:26.530 D/MobileDataStateTracker(  206): [hipri]  MobileDataStateReceiver onReceive(): Entry.
02-13 14:10:26.530 D/MobileDataStateTracker(  206): [hipri]  intent.getAction()= android.intent.action.SERVICE_STATE
02-13 14:10:26.530 D/MobileDataStateTracker(  206): [hipri]  mEnabled = true
02-13 14:10:26.530 D/MobileDataStateTracker(  206): [dun]  MobileDataStateReceiver onReceive(): Entry.
02-13 14:10:26.530 D/MobileDataStateTracker(  206): [dun]  intent.getAction()= android.intent.action.SERVICE_STATE
02-13 14:10:26.530 D/MobileDataStateTracker(  206): [dun]  mEnabled = false
02-13 14:10:26.530 D/MobileDataStateTracker(  206): [supl]  MobileDataStateReceiver onReceive(): Entry.
02-13 14:10:26.530 D/MobileDataStateTracker(  206): [supl]  intent.getAction()= android.intent.action.SERVICE_STATE
02-13 14:10:26.530 D/MobileDataStateTracker(  206): [supl]  mEnabled = false
02-13 14:10:26.530 D/MobileDataStateTracker(  206): [mms]  MobileDataStateReceiver onReceive(): Entry.
02-13 14:10:26.530 D/MobileDataStateTracker(  206): [mms]  intent.getAction()= android.intent.action.SERVICE_STATE
02-13 14:10:26.530 D/MobileDataStateTracker(  206): [mms]  mEnabled = false
02-13 14:10:26.530 D/MobileDataStateTracker(  206): [default]  MobileDataStateReceiver onReceive(): Entry.
02-13 14:10:26.540 D/MobileDataStateTracker(  206): [default]  intent.getAction()= android.intent.action.SERVICE_STATE
02-13 14:10:26.540 D/MobileDataStateTracker(  206): [default]  mEnabled = true
02-13 14:10:26.540 D/CallManager(  331):  handleMessage (EVENT_SERVICE_STATE_CHANGED)
02-13 14:10:26.540 E/BT HS/HF(  331): SERVICE_STATE_CHANGED called
02-13 14:10:26.540 E/BT HS/HF(  331): updateServiceState called, sendUpdate:false  ServiceState:0 home Sprint  310099  EvDo rev. A CSS not supported 41 4139RoamInd: 1RoamStatus(sprint): 1DefRoamInd: 160EmergOnly: false
02-13 14:10:26.540 E/BT HS/HF(  331): service:1 mService:1
02-13 14:10:26.540 D/DATA    (  331): [DSST(0)]  registrationState = 1  radioTechnology = 8 reasonForDenial = 0
02-13 14:10:26.540 D/DATA    (  331): [DSST(0)]  set mNewDataConnectionState = 0
02-13 14:10:26.540 D/DATA    (  331): [DSST(0)]  mNewDataConnectionState : 0  mDataConnectionState : 0
02-13 14:10:26.540 D/DATA    (  331): [DSST(0)] Poll ServiceState done: oldSS=[0 home null null null  EvDo rev. A CSS not supported -1 -1RoamInd: -1RoamStatus(sprint): -1DefRoamInd: -1EmergOnly: false] newSS=[0 home null null null  EvDo rev. A CSS not supported -1 -1RoamInd: -1RoamStatus(sprint): -1DefRoamInd: -1EmergOnly: false]
02-13 14:10:26.550 D/DATA    (  331): [DSST(0)]  mDataConnectionState = 0
02-13 14:10:26.550 D/Mms     ( 1781): currentRoamingStatus:1
02-13 14:10:27.291 E/MediaPlayer( 2404): getCurrentPosition sec = 833676
02-13 14:10:27.291 E/MediaPlayer( 2404): getDuration_l mDuration = 1296418
02-13 14:10:28.292 E/MediaPlayer( 2404): getCurrentPosition sec = 834225
02-13 14:10:28.292 E/MediaPlayer( 2404): getDuration_l mDuration = 1296418
02-13 14:10:29.302 E/MediaPlayer( 2404): getCurrentPosition sec = 834225
02-13 14:10:29.302 E/MediaPlayer( 2404): getDuration_l mDuration = 1296418
02-13 14:10:29.603 W/AudioTrack(  121): obtainBuffer() track 0x68910 disabled, restarting
02-13 14:10:29.603 D/AudioFlinger(  121): start(4098), calling thread 121 session 32
02-13 14:10:30.303 E/MediaPlayer( 2404): getCurrentPosition sec = 835049
02-13 14:10:30.303 E/MediaPlayer( 2404): getDuration_l mDuration = 1296418
02-13 14:10:30.584 E/rmt_storage(  137): [MyTag]open: fd=-1
02-13 14:10:30.584 E/rmt_storage(  137): block rmt_storage client thread
02-13 14:10:31.304 E/MediaPlayer( 2404): getCurrentPosition sec = 836147
02-13 14:10:31.304 E/MediaPlayer( 2404): getDuration_l mDuration = 1296418
02-13 14:10:32.315 E/MediaPlayer( 2404): getCurrentPosition sec = 836833
02-13 14:10:32.315 E/MediaPlayer( 2404): getDuration_l mDuration = 1296418
02-13 14:10:33.326 E/MediaPlayer( 2404): getCurrentPosition sec = 836833
02-13 14:10:33.326 E/MediaPlayer( 2404): getDuration_l mDuration = 1296418
02-13 14:10:34.327 E/MediaPlayer( 2404): getCurrentPosition sec = 836833
02-13 14:10:34.327 E/MediaPlayer( 2404): getDuration_l mDuration = 1296418
02-13 14:10:35.198 D/AudioHardwareMSM7X30(  121): AudioStreamOutMSM72xx::standby()
02-13 14:10:35.198 D/AudioHardwareMSM7X30(  121): Deroute pcm out stream
02-13 14:10:35.198 D/AudioHardwareMSM7X30(  121): updateDeviceInfo: E rx_device 2 and tx_device 3
02-13 14:10:35.198 D/AudioHardwareMSM7X30(  121): No active voicecall/playback, disabling cur_rx 2
02-13 14:10:35.198 D/AudioHardwareMSM7X30(  121): value of device and enable is 2 0 ALSA dev id:3
02-13 14:10:35.208 D/AudioHardwareMSM7X30(  121): No active voicecall/recording, disabling cur_tx 3
02-13 14:10:35.208 D/AudioHardwareMSM7X30(  121): value of device and enable is 3 0 ALSA dev id:10
02-13 14:10:35.208 E/AudioHardwareMSM7X30(  121): There is no node in the routing table!
02-13 14:10:35.208 D/AudioHardwareMSM7X30(  121): updateDeviceInfo: X cur_rx 2 cur_tx 3
02-13 14:10:35.238 W/AudioTrack(  121): obtainBuffer() track 0x68910 disabled, restarting
02-13 14:10:35.238 D/AudioFlinger(  121): start(4098), calling thread 121 session 32
02-13 14:10:35.258 D/AudioHardwareMSM7X30(  121): value of device and enable is 2 1 ALSA dev id:3
02-13 14:10:35.318 E/MediaPlayer( 2404): getCurrentPosition sec = 837107
02-13 14:10:35.318 E/MediaPlayer( 2404): getDuration_l mDuration = 1296418
02-13 14:10:35.348 D/AudioHardwareMSM7X30(  121): msm_route_stream(PCM_PLAY,5,3,1)
02-13 14:10:35.348 W/AudioFlinger(  121): write blocked for 91 msecs, 10 delayed writes, thread 0x1b7f0
02-13 14:10:36.329 E/MediaPlayer( 2404): getCurrentPosition sec = 838068
02-13 14:10:36.329 E/MediaPlayer( 2404): getDuration_l mDuration = 1296418
02-13 14:10:37.330 E/MediaPlayer( 2404): getCurrentPosition sec = 839028
02-13 14:10:37.330 E/MediaPlayer( 2404): getDuration_l mDuration = 1296418
02-13 14:10:38.341 E/MediaPlayer( 2404): getCurrentPosition sec = 840126
02-13 14:10:38.341 E/MediaPlayer( 2404): getDuration_l mDuration = 1296418
02-13 14:10:39.342 E/MediaPlayer( 2404): getCurrentPosition sec = 841087
02-13 14:10:39.342 E/MediaPlayer( 2404): getDuration_l mDuration = 1296418
02-13 14:10:40.343 E/MediaPlayer( 2404): getCurrentPosition sec = 842047
02-13 14:10:40.343 E/MediaPlayer( 2404): getDuration_l mDuration = 1296418
02-13 14:10:41.354 E/MediaPlayer( 2404): getCurrentPosition sec = 843145
02-13 14:10:41.354 E/MediaPlayer( 2404): getDuration_l mDuration = 1296418
02-13 14:10:41.494 I/wpa_supplicant(  304): State: INACTIVE -> SCANNING
02-13 14:10:41.494 I/wpa_supplicant(  304): CTRL-EVENT-STATE-CHANGE id=-1 state=2 BSSID=00:00:00:00:00:00
02-13 14:10:41.494 D/NetworkStateTracker(  206): setDetailed state, old =IDLE and new state=SCANNING
02-13 14:10:42.355 E/MediaPlayer( 2404): getCurrentPosition sec = 844106
02-13 14:10:42.355 E/MediaPlayer( 2404): getDuration_l mDuration = 1296418
02-13 14:10:42.455 I/wpa_supplicant(  304): State: SCANNING -> INACTIVE
02-13 14:10:42.455 I/wpa_supplicant(  304): CTRL-EVENT-STATE-CHANGE id=-1 state=1 BSSID=00:00:00:00:00:00
02-13 14:10:42.455 I/dun_service(  130): process rmnet event
02-13 14:10:42.455 I/dun_service(  130): Post event 4
02-13 14:10:42.465 I/dun_service(  130): received event: DUN_EVENT_RMNET_UP 
02-13 14:10:42.465 I/dun_service(  130): received event(DUN_EVENT_RMNET_UP) in state(DUN_STATE_USB_UNPLUG)
02-13 14:10:42.465 I/dun_service(  130): Ignoring the event DUN_EVENT_RMNET_UP in USB_UNPLUG_STATE
02-13 14:10:42.465 I/dun_service(  130): Moved to state(DUN_STATE_USB_UNPLUG)
02-13 14:10:42.465 D/NetworkStateTracker(  206): setDetailed state, old =SCANNING and new state=IDLE
02-13 14:10:42.465 D/WifiStateTracker(  206): setNotificationVisible() visible=false mNotificationShown=false force=false return.
02-13 14:10:43.366 E/MediaPlayer( 2404): getCurrentPosition sec = 845067
02-13 14:10:43.366 E/MediaPlayer( 2404): getDuration_l mDuration = 1296418
02-13 14:10:44.377 E/MediaPlayer( 2404): getCurrentPosition sec = 846164
02-13 14:10:44.377 E/MediaPlayer( 2404): getDuration_l mDuration = 1296418
02-13 14:10:45.368 E/MediaPlayer( 2404): getCurrentPosition sec = 847125
02-13 14:10:45.368 E/MediaPlayer( 2404): getDuration_l mDuration = 1296418
02-13 14:10:46.369 E/MediaPlayer( 2404): getCurrentPosition sec = 848086
02-13 14:10:46.369 E/MediaPlayer( 2404): getDuration_l mDuration = 1296418
02-13 14:10:47.380 E/MediaPlayer( 2404): getCurrentPosition sec = 849183
02-13 14:10:47.380 E/MediaPlayer( 2404): getDuration_l mDuration = 1296418
02-13 14:10:48.391 E/MediaPlayer( 2404): getCurrentPosition sec = 850144
02-13 14:10:48.391 E/MediaPlayer( 2404): getDuration_l mDuration = 1296418
02-13 14:10:49.392 E/MediaPlayer( 2404): getCurrentPosition sec = 851105
02-13 14:10:49.392 E/MediaPlayer( 2404): getDuration_l mDuration = 1296418
02-13 14:10:50.413 E/MediaPlayer( 2404): getCurrentPosition sec = 852203
02-13 14:10:50.413 E/MediaPlayer( 2404): getDuration_l mDuration = 1296418
02-13 14:10:51.424 E/MediaPlayer( 2404): getCurrentPosition sec = 853163
02-13 14:10:51.424 E/MediaPlayer( 2404): getDuration_l mDuration = 1296418
02-13 14:10:52.395 I/dun_service(  130): The value returned from dun_getusbmodemstate_fromsys is 2 
02-13 14:10:52.425 D/KeyguardUpdateMonitor(  206): received broadcast android.intent.action.BATTERY_CHANGED
02-13 14:10:52.425 D/KeyguardUpdateMonitor(  206): handleBatteryUpdate
02-13 14:10:52.425 E/MediaPlayer( 2404): getCurrentPosition sec = 854124
02-13 14:10:52.425 E/MediaPlayer( 2404): getDuration_l mDuration = 1296418
02-13 14:10:53.436 E/MediaPlayer( 2404): getCurrentPosition sec = 855222
02-13 14:10:53.436 E/MediaPlayer( 2404): getDuration_l mDuration = 1296418
02-13 14:10:54.437 E/MediaPlayer( 2404): getCurrentPosition sec = 856182
02-13 14:10:54.437 E/MediaPlayer( 2404): getDuration_l mDuration = 1296418
02-13 14:10:55.428 E/MediaPlayer( 2404): getCurrentPosition sec = 857143
02-13 14:10:55.428 E/MediaPlayer( 2404): getDuration_l mDuration = 1296418
02-13 14:10:56.439 E/MediaPlayer( 2404): getCurrentPosition sec = 858103
02-13 14:10:56.439 E/MediaPlayer( 2404): getDuration_l mDuration = 1296418
02-13 14:10:57.440 E/MediaPlayer( 2404): getCurrentPosition sec = 859201
02-13 14:10:57.440 E/MediaPlayer( 2404): getDuration_l mDuration = 1296418
02-13 14:10:57.470 I/wpa_supplicant(  304): State: INACTIVE -> SCANNING
02-13 14:10:57.470 I/wpa_supplicant(  304): CTRL-EVENT-STATE-CHANGE id=-1 state=2 BSSID=00:00:00:00:00:00
02-13 14:10:57.470 D/NetworkStateTracker(  206): setDetailed state, old =IDLE and new state=SCANNING
02-13 14:10:58.431 I/dun_service(  130): process rmnet event
02-13 14:10:58.431 I/dun_service(  130): Post event 4
02-13 14:10:58.431 I/dun_service(  130): received event: DUN_EVENT_RMNET_UP 
02-13 14:10:58.431 I/dun_service(  130): received event(DUN_EVENT_RMNET_UP) in state(DUN_STATE_USB_UNPLUG)
02-13 14:10:58.431 I/dun_service(  130): Ignoring the event DUN_EVENT_RMNET_UP in USB_UNPLUG_STATE
02-13 14:10:58.431 I/dun_service(  130): Moved to state(DUN_STATE_USB_UNPLUG)
02-13 14:10:58.441 I/wpa_supplicant(  304): State: SCANNING -> INACTIVE
02-13 14:10:58.441 I/wpa_supplicant(  304): CTRL-EVENT-STATE-CHANGE id=-1 state=1 BSSID=00:00:00:00:00:00
02-13 14:10:58.441 E/MediaPlayer( 2404): getCurrentPosition sec = 860162
02-13 14:10:58.441 E/MediaPlayer( 2404): getDuration_l mDuration = 1296418
02-13 14:10:58.461 D/NetworkStateTracker(  206): setDetailed state, old =SCANNING and new state=IDLE
02-13 14:10:58.461 D/WifiStateTracker(  206): setNotificationVisible() visible=false mNotificationShown=false force=false return.
02-13 14:10:59.452 E/MediaPlayer( 2404): getCurrentPosition sec = 861123
02-13 14:10:59.452 E/MediaPlayer( 2404): getDuration_l mDuration = 1296418
02-13 14:11:00.012 D/KeyguardUpdateMonitor(  206): received broadcast android.intent.action.TIME_TICK
02-13 14:11:00.022 D/KeyguardUpdateMonitor(  206): handleTimeUpdate
02-13 14:11:00.453 E/MediaPlayer( 2404): getCurrentPosition sec = 862220
02-13 14:11:00.453 E/MediaPlayer( 2404): getDuration_l mDuration = 1296418
02-13 14:11:01.454 E/MediaPlayer( 2404): getCurrentPosition sec = 863181
02-13 14:11:01.454 E/MediaPlayer( 2404): getDuration_l mDuration = 1296418
02-13 14:11:02.465 E/MediaPlayer( 2404): getCurrentPosition sec = 864142
02-13 14:11:02.465 E/MediaPlayer( 2404): getDuration_l mDuration = 1296418
02-13 14:11:03.476 E/MediaPlayer( 2404): getCurrentPosition sec = 865239
02-13 14:11:03.476 E/MediaPlayer( 2404): getDuration_l mDuration = 1296418
02-13 14:11:04.477 E/MediaPlayer( 2404): getCurrentPosition sec = 866200
02-13 14:11:04.477 E/MediaPlayer( 2404): getDuration_l mDuration = 1296418
02-13 14:11:05.478 E/MediaPlayer( 2404): getCurrentPosition sec = 867161
02-13 14:11:05.478 E/MediaPlayer( 2404): getDuration_l mDuration = 1296418
02-13 14:11:06.479 E/MediaPlayer( 2404): getCurrentPosition sec = 868259
02-13 14:11:06.479 E/MediaPlayer( 2404): getDuration_l mDuration = 1296418
02-13 14:11:07.480 E/MediaPlayer( 2404): getCurrentPosition sec = 869219
02-13 14:11:07.480 E/MediaPlayer( 2404): getDuration_l mDuration = 1296418
02-13 14:11:08.491 E/MediaPlayer( 2404): getCurrentPosition sec = 870180
02-13 14:11:08.491 E/MediaPlayer( 2404): getDuration_l mDuration = 1296418
02-13 14:11:09.492 E/MediaPlayer( 2404): getCurrentPosition sec = 871278
02-13 14:11:09.492 E/MediaPlayer( 2404): getDuration_l mDuration = 1296418
02-13 14:11:10.503 E/MediaPlayer( 2404): getCurrentPosition sec = 872238
02-13 14:11:10.503 E/MediaPlayer( 2404): getDuration_l mDuration = 1296418
02-13 14:11:11.504 E/MediaPlayer( 2404): getCurrentPosition sec = 873199
02-13 14:11:11.504 E/MediaPlayer( 2404): getDuration_l mDuration = 1296418
02-13 14:11:12.505 E/MediaPlayer( 2404): getCurrentPosition sec = 874297
02-13 14:11:12.505 E/MediaPlayer( 2404): getDuration_l mDuration = 1296418
02-13 14:11:13.476 I/wpa_supplicant(  304): State: INACTIVE -> SCANNING
02-13 14:11:13.476 I/wpa_supplicant(  304): CTRL-EVENT-STATE-CHANGE id=-1 state=2 BSSID=00:00:00:00:00:00
02-13 14:11:13.476 D/NetworkStateTracker(  206): setDetailed state, old =IDLE and new state=SCANNING
02-13 14:11:13.516 E/MediaPlayer( 2404): getCurrentPosition sec = 875257
02-13 14:11:13.516 E/MediaPlayer( 2404): getDuration_l mDuration = 1296418
02-13 14:11:14.447 I/dun_service(  130): process rmnet event
02-13 14:11:14.447 I/dun_service(  130): Post event 4
02-13 14:11:14.447 I/dun_service(  130): received event: DUN_EVENT_RMNET_UP 
02-13 14:11:14.447 I/dun_service(  130): received event(DUN_EVENT_RMNET_UP) in state(DUN_STATE_USB_UNPLUG)
02-13 14:11:14.447 I/dun_service(  130): Ignoring the event DUN_EVENT_RMNET_UP in USB_UNPLUG_STATE
02-13 14:11:14.447 I/dun_service(  130): Moved to state(DUN_STATE_USB_UNPLUG)
02-13 14:11:14.447 I/wpa_supplicant(  304): State: SCANNING -> INACTIVE
02-13 14:11:14.447 I/wpa_supplicant(  304): CTRL-EVENT-STATE-CHANGE id=-1 state=1 BSSID=00:00:00:00:00:00
02-13 14:11:14.457 D/WifiStateTracker(  206): setNotificationVisible() visible=false mNotificationShown=false force=false return.
02-13 14:11:14.457 D/NetworkStateTracker(  206): setDetailed state, old =SCANNING and new state=IDLE
02-13 14:11:14.517 E/MediaPlayer( 2404): getCurrentPosition sec = 876218
02-13 14:11:14.517 E/MediaPlayer( 2404): getDuration_l mDuration = 1296418
02-13 14:11:15.508 E/MediaPlayer( 2404): getCurrentPosition sec = 877179
02-13 14:11:15.508 E/MediaPlayer( 2404): getDuration_l mDuration = 1296418
02-13 14:11:16.519 E/MediaPlayer( 2404): getCurrentPosition sec = 878276
02-13 14:11:16.519 E/MediaPlayer( 2404): getDuration_l mDuration = 1296418
02-13 14:11:17.520 E/MediaPlayer( 2404): getCurrentPosition sec = 879237
02-13 14:11:17.520 E/MediaPlayer( 2404): getDuration_l mDuration = 1296418
02-13 14:11:18.531 E/MediaPlayer( 2404): getCurrentPosition sec = 880198
02-13 14:11:18.531 E/MediaPlayer( 2404): getDuration_l mDuration = 1296418
