02-13 14:08:31.648 D/KeyguardViewMediator(  206): setHidden false
02-13 14:08:31.658 D/KeyguardViewMediator(  206): setHidden false
02-13 14:08:31.668 D/KeyguardViewMediator(  206): setHidden false
02-13 14:08:31.688 D/KeyguardViewMediator(  206): setHidden false
02-13 14:08:31.708 D/KeyguardViewMediator(  206): setHidden false
02-13 14:08:31.718 D/KeyguardViewMediator(  206): setHidden false
02-13 14:08:31.728 D/KeyguardViewMediator(  206): setHidden false
02-13 14:08:31.748 D/KeyguardViewMediator(  206): setHidden false
02-13 14:08:31.768 D/KeyguardViewMediator(  206): setHidden false
02-13 14:08:31.778 D/KeyguardViewMediator(  206): setHidden false
02-13 14:08:31.798 D/KeyguardViewMediator(  206): setHidden false
02-13 14:08:31.818 D/KeyguardViewMediator(  206): setHidden false
02-13 14:08:31.838 D/KeyguardViewMediator(  206): setHidden false
02-13 14:08:31.848 D/KeyguardViewMediator(  206): setHidden false
02-13 14:08:31.868 I/DATA    (  331): [DCT(0) ] onDataCallListChanged:
02-13 14:08:31.868 I/DATA    (  331): [DCT(0) ] ---dc state list---
02-13 14:08:31.868 I/DATA    (  331): [DCT(0) ] DataCallState: { cid: 0, active: 1, type: , apn: , address: 174.156.234.163 }
02-13 14:08:31.868 I/DATA    (  331): [DCT(0) ] ---dc list---
02-13 14:08:31.868 I/DATA    (  331): [DCT(0) ] cid = 0, state = DcActiveState, bearerType = IP, ipaddress = 174.156.234.163, gw=174.156.234.161, dns=[68.28.67.132, 68.28.68.132]
02-13 14:08:31.888 D/KeyguardViewMediator(  206): setHidden false
02-13 14:08:31.908 D/KeyguardViewMediator(  206): setHidden false
02-13 14:08:31.918 D/KeyguardViewMediator(  206): setHidden false
02-13 14:08:31.948 D/KeyguardViewMediator(  206): setHidden false
02-13 14:08:31.958 D/KeyguardViewMediator(  206): setHidden false
02-13 14:08:31.978 D/KeyguardViewMediator(  206): setHidden false
02-13 14:08:31.998 D/KeyguardViewMediator(  206): setHidden false
02-13 14:08:31.998 D/KeyguardViewMediator(  206): setHidden false
02-13 14:08:32.028 D/KeyguardViewMediator(  206): setHidden false
02-13 14:08:32.038 D/KeyguardViewMediator(  206): setHidden false
02-13 14:08:32.058 D/KeyguardViewMediator(  206): setHidden false
02-13 14:08:32.068 D/KeyguardViewMediator(  206): setHidden false
02-13 14:08:32.078 D/KeyguardViewMediator(  206): setHidden false
02-13 14:08:32.108 D/KeyguardViewMediator(  206): setHidden false
02-13 14:08:32.118 D/KeyguardViewMediator(  206): setHidden false
02-13 14:08:32.138 D/KeyguardViewMediator(  206): setHidden false
02-13 14:08:32.158 D/KeyguardViewMediator(  206): setHidden false
02-13 14:08:32.168 D/KeyguardViewMediator(  206): setHidden false
02-13 14:08:32.188 D/KeyguardViewMediator(  206): setHidden false
02-13 14:08:32.198 D/KeyguardViewMediator(  206): setHidden false
02-13 14:08:32.218 D/KeyguardViewMediator(  206): setHidden false
02-13 14:08:32.238 D/KeyguardViewMediator(  206): setHidden false
02-13 14:08:32.248 D/KeyguardViewMediator(  206): setHidden false
02-13 14:08:32.268 D/KeyguardViewMediator(  206): setHidden false
02-13 14:08:32.278 D/KeyguardViewMediator(  206): setHidden false
02-13 14:08:32.298 D/KeyguardViewMediator(  206): setHidden false
02-13 14:08:32.318 D/KeyguardViewMediator(  206): setHidden false
02-13 14:08:32.328 D/KeyguardViewMediator(  206): setHidden false
02-13 14:08:32.348 D/KeyguardViewMediator(  206): setHidden false
02-13 14:08:33.079 D/KeyguardViewMediator(  206): setHidden false
02-13 14:08:33.089 D/KeyguardViewMediator(  206): setHidden false
02-13 14:08:33.109 D/KeyguardViewMediator(  206): setHidden false
02-13 14:08:33.109 I/dun_service(  130): The value returned from dun_getusbmodemstate_fromsys is 2 
02-13 14:08:33.119 D/KeyguardViewMediator(  206): setHidden false
02-13 14:08:33.129 I/dun_service(  130): The value returned from dun_getusbmodemstate_fromsys is 2 
02-13 14:08:33.129 I/dun_service(  130): The value returned from dun_getusbmodemstate_fromsys is 2 
02-13 14:08:33.149 I/dun_service(  130): The value returned from dun_getusbmodemstate_fromsys is 2 
02-13 14:08:33.149 I/dun_service(  130): The value returned from dun_getusbmodemstate_fromsys is 2 
02-13 14:08:33.149 I/dun_service(  130): The value returned from dun_getusbmodemstate_fromsys is 2 
02-13 14:08:33.149 I/dun_service(  130): The value returned from dun_getusbmodemstate_fromsys is 1 
02-13 14:08:33.149 I/dun_service(  130): Post event 1
02-13 14:08:33.149 I/dun_service(  130): received event: DUN_EVENT_USB_UNPLUG 
02-13 14:08:33.149 I/dun_service(  130): received event(DUN_EVENT_USB_UNPLUG) in state(DUN_STATE_USB_UNPLUG)
02-13 14:08:33.149 I/dun_service(  130): Ignoring the event DUN_EVENT_USB_UNPLUG in USB_UNPLUG_STATE
02-13 14:08:33.149 I/dun_service(  130): Moved to state(DUN_STATE_USB_UNPLUG)
02-13 14:08:33.159 D/KeyguardViewMediator(  206): setHidden false
02-13 14:08:33.159 D/KeyguardViewMediator(  206): setHidden false
02-13 14:08:33.169 I/dun_service(  130): The value returned from dun_getusbmodemstate_fromsys is 1 
02-13 14:08:33.169 I/dun_service(  130): Post event 1
02-13 14:08:33.169 I/dun_service(  130): received event: DUN_EVENT_USB_UNPLUG 
02-13 14:08:33.169 I/dun_service(  130): received event(DUN_EVENT_USB_UNPLUG) in state(DUN_STATE_USB_UNPLUG)
02-13 14:08:33.169 I/dun_service(  130): Ignoring the event DUN_EVENT_USB_UNPLUG in USB_UNPLUG_STATE
02-13 14:08:33.169 I/dun_service(  130): Moved to state(DUN_STATE_USB_UNPLUG)
02-13 14:08:33.169 I/dun_service(  130): The value returned from dun_getusbmodemstate_fromsys is 1 
02-13 14:08:33.169 I/dun_service(  130): Post event 1
02-13 14:08:33.169 I/dun_service(  130): received event: DUN_EVENT_USB_UNPLUG 
02-13 14:08:33.169 I/dun_service(  130): received event(DUN_EVENT_USB_UNPLUG) in state(DUN_STATE_USB_UNPLUG)
02-13 14:08:33.169 I/dun_service(  130): Ignoring the event DUN_EVENT_USB_UNPLUG in USB_UNPLUG_STATE
02-13 14:08:33.169 I/dun_service(  130): Moved to state(DUN_STATE_USB_UNPLUG)
02-13 14:08:33.169 I/dun_service(  130): The value returned from dun_getusbmodemstate_fromsys is 1 
02-13 14:08:33.169 I/dun_service(  130): Post event 1
02-13 14:08:33.169 I/dun_service(  130): received event: DUN_EVENT_USB_UNPLUG 
02-13 14:08:33.169 I/dun_service(  130): received event(DUN_EVENT_USB_UNPLUG) in state(DUN_STATE_USB_UNPLUG)
02-13 14:08:33.169 I/dun_service(  130): Ignoring the event DUN_EVENT_USB_UNPLUG in USB_UNPLUG_STATE
02-13 14:08:33.169 I/dun_service(  130): Moved to state(DUN_STATE_USB_UNPLUG)
02-13 14:08:33.169 I/dun_service(  130): The value returned from dun_getusbmodemstate_fromsys is 1 
02-13 14:08:33.169 I/dun_service(  130): Post event 1
02-13 14:08:33.169 I/dun_service(  130): received event: DUN_EVENT_USB_UNPLUG 
02-13 14:08:33.169 I/dun_service(  130): received event(DUN_EVENT_USB_UNPLUG) in state(DUN_STATE_USB_UNPLUG)
02-13 14:08:33.169 I/dun_service(  130): Ignoring the event DUN_EVENT_USB_UNPLUG in USB_UNPLUG_STATE
02-13 14:08:33.169 I/dun_service(  130): Moved to state(DUN_STATE_USB_UNPLUG)
02-13 14:08:33.169 I/dun_service(  130): The value returned from dun_getusbmodemstate_fromsys is 1 
02-13 14:08:33.169 I/dun_service(  130): Post event 1
02-13 14:08:33.169 I/dun_service(  130): received event: DUN_EVENT_USB_UNPLUG 
02-13 14:08:33.169 I/dun_service(  130): received event(DUN_EVENT_USB_UNPLUG) in state(DUN_STATE_USB_UNPLUG)
02-13 14:08:33.169 I/dun_service(  130): Ignoring the event DUN_EVENT_USB_UNPLUG in USB_UNPLUG_STATE
02-13 14:08:33.169 I/dun_service(  130): Moved to state(DUN_STATE_USB_UNPLUG)
02-13 14:08:33.179 I/dun_service(  130): The value returned from dun_getusbmodemstate_fromsys is 1 
02-13 14:08:33.179 I/dun_service(  130): Post event 1
02-13 14:08:33.179 I/dun_service(  130): received event: DUN_EVENT_USB_UNPLUG 
02-13 14:08:33.179 I/dun_service(  130): received event(DUN_EVENT_USB_UNPLUG) in state(DUN_STATE_USB_UNPLUG)
02-13 14:08:33.179 I/dun_service(  130): Ignoring the event DUN_EVENT_USB_UNPLUG in USB_UNPLUG_STATE
02-13 14:08:33.179 I/dun_service(  130): Moved to state(DUN_STATE_USB_UNPLUG)
02-13 14:08:33.179 I/dun_service(  130): The value returned from dun_getusbmodemstate_fromsys is 1 
02-13 14:08:33.179 I/dun_service(  130): Post event 1
02-13 14:08:33.179 I/dun_service(  130): received event: DUN_EVENT_USB_UNPLUG 
02-13 14:08:33.179 I/dun_service(  130): received event(DUN_EVENT_USB_UNPLUG) in state(DUN_STATE_USB_UNPLUG)
02-13 14:08:33.179 I/dun_service(  130): Ignoring the event DUN_EVENT_USB_UNPLUG in USB_UNPLUG_STATE
02-13 14:08:33.179 I/dun_service(  130): Moved to state(DUN_STATE_USB_UNPLUG)
02-13 14:08:33.179 D/KeyguardViewMediator(  206): setHidden false
02-13 14:08:33.189 I/dun_service(  130): The value returned from dun_getusbmodemstate_fromsys is 2 
02-13 14:08:33.189 I/dun_service(  130): The value returned from dun_getusbmodemstate_fromsys is 2 
02-13 14:08:33.189 I/dun_service(  130): The value returned from dun_getusbmodemstate_fromsys is 2 
02-13 14:08:33.189 I/dun_service(  130): The value returned from dun_getusbmodemstate_fromsys is 2 
02-13 14:08:33.189 I/dun_service(  130): The value returned from dun_getusbmodemstate_fromsys is 2 
02-13 14:08:33.189 I/dun_service(  130): The value returned from dun_getusbmodemstate_fromsys is 2 
02-13 14:08:33.189 I/dun_service(  130): The value returned from dun_getusbmodemstate_fromsys is 2 
02-13 14:08:33.189 I/dun_service(  130): The value returned from dun_getusbmodemstate_fromsys is 2 
02-13 14:08:33.189 D/KeyguardViewMediator(  206): setHidden false
02-13 14:08:33.209 D/KeyguardViewMediator(  206): setHidden false
02-13 14:08:33.229 D/KeyguardViewMediator(  206): setHidden false
02-13 14:08:33.239 D/KeyguardViewMediator(  206): setHidden false
02-13 14:08:33.249 D/KeyguardViewMediator(  206): setHidden false
02-13 14:08:33.520 I/wpa_supplicant(  304): State: INACTIVE -> SCANNING
02-13 14:08:33.520 I/wpa_supplicant(  304): CTRL-EVENT-STATE-CHANGE id=-1 state=2 BSSID=00:00:00:00:00:00
02-13 14:08:33.520 D/NetworkStateTracker(  206): setDetailed state, old =IDLE and new state=SCANNING
02-13 14:08:34.490 I/dun_service(  130): process rmnet event
02-13 14:08:34.490 I/dun_service(  130): Post event 4
02-13 14:08:34.500 I/dun_service(  130): received event: DUN_EVENT_RMNET_UP 
02-13 14:08:34.500 I/dun_service(  130): received event(DUN_EVENT_RMNET_UP) in state(DUN_STATE_USB_UNPLUG)
02-13 14:08:34.500 I/dun_service(  130): Ignoring the event DUN_EVENT_RMNET_UP in USB_UNPLUG_STATE
02-13 14:08:34.500 I/dun_service(  130): Moved to state(DUN_STATE_USB_UNPLUG)
02-13 14:08:34.500 I/wpa_supplicant(  304): State: SCANNING -> INACTIVE
02-13 14:08:34.500 I/wpa_supplicant(  304): CTRL-EVENT-STATE-CHANGE id=-1 state=1 BSSID=00:00:00:00:00:00
02-13 14:08:34.500 D/WifiStateTracker(  206): setNotificationVisible() visible=false mNotificationShown=false force=false return.
02-13 14:08:34.510 D/NetworkStateTracker(  206): setDetailed state, old =SCANNING and new state=IDLE
02-13 14:08:36.272 D/Launcher(  900): Closing system Dialogs 
02-13 14:08:36.272 D/KeyguardViewMediator(  206): setHidden false
02-13 14:08:36.282 D/Launcher(  900): onNewIntent()android.intent.action.MAIN
02-13 14:08:36.282 D/Launcher(  900): Closing system Dialogs 
02-13 14:08:36.282 D/Warhol  (  900): A pack appears to be installed -- skipping Installer
02-13 14:08:36.292 D/KeyguardViewMediator(  206): setHidden false
02-13 14:08:36.292 D/KeyguardViewMediator(  206): setHidden false
02-13 14:08:36.292 I/hubo    (  206): Activity {com.android.launcher/com.android.launcher2.Launcher}
02-13 14:08:36.312 D/KeyguardViewMediator(  206): setHidden false
02-13 14:08:36.322 D/KeyguardViewMediator(  206): setHidden false
02-13 14:08:36.322 D/KeyguardViewMediator(  206): setHidden false
02-13 14:08:36.332 D/KeyguardViewMediator(  206): setHidden false
02-13 14:08:36.342 D/KeyguardViewMediator(  206): setHidden false
02-13 14:08:36.362 D/KeyguardViewMediator(  206): setHidden false
02-13 14:08:36.372 D/KeyguardViewMediator(  206): setHidden false
02-13 14:08:36.392 D/KeyguardViewMediator(  206): setHidden false
02-13 14:08:36.412 D/KeyguardViewMediator(  206): setHidden false
02-13 14:08:36.432 D/KeyguardViewMediator(  206): setHidden false
02-13 14:08:36.442 D/KeyguardViewMediator(  206): setHidden false
02-13 14:08:36.452 D/KeyguardViewMediator(  206): setHidden false
02-13 14:08:36.482 D/KeyguardViewMediator(  206): setHidden false
02-13 14:08:36.492 D/KeyguardViewMediator(  206): setHidden false
02-13 14:08:36.502 D/KeyguardViewMediator(  206): setHidden false
02-13 14:08:36.522 D/KeyguardViewMediator(  206): setHidden false
02-13 14:08:36.542 D/KeyguardViewMediator(  206): setHidden false
02-13 14:08:36.552 D/KeyguardViewMediator(  206): setHidden false
02-13 14:08:36.573 D/KeyguardViewMediator(  206): setHidden false
02-13 14:08:36.593 D/KeyguardViewMediator(  206): setHidden false
02-13 14:08:36.603 D/KeyguardViewMediator(  206): setHidden false
02-13 14:08:36.623 D/KeyguardViewMediator(  206): setHidden false
02-13 14:08:36.633 D/KeyguardViewMediator(  206): setHidden false
02-13 14:08:36.663 D/KeyguardViewMediator(  206): setHidden false
02-13 14:08:37.043 D/KeyguardViewMediator(  206): setHidden false
02-13 14:08:37.043 D/KeyguardViewMediator(  206): setHidden false
02-13 14:08:37.063 D/KeyguardViewMediator(  206): setHidden false
02-13 14:08:37.063 D/KeyguardViewMediator(  206): setHidden false
02-13 14:08:37.073 D/KeyguardViewMediator(  206): setHidden false
02-13 14:08:37.083 D/KeyguardViewMediator(  206): setHidden false
02-13 14:08:37.083 D/KeyguardViewMediator(  206): setHidden false
02-13 14:08:37.093 D/KeyguardViewMediator(  206): setHidden false
02-13 14:08:37.113 D/KeyguardViewMediator(  206): setHidden false
02-13 14:08:37.133 D/KeyguardViewMediator(  206): setHidden false
02-13 14:08:37.133 D/KeyguardViewMediator(  206): setHidden false
02-13 14:08:37.143 D/KeyguardViewMediator(  206): setHidden false
02-13 14:08:37.163 D/KeyguardViewMediator(  206): setHidden false
02-13 14:08:37.173 D/KeyguardViewMediator(  206): setHidden false
02-13 14:08:37.313 D/KeyguardViewMediator(  206): setHidden false
02-13 14:08:37.323 D/KeyguardViewMediator(  206): setHidden false
02-13 14:08:37.343 D/KeyguardViewMediator(  206): setHidden false
02-13 14:08:37.343 D/KeyguardViewMediator(  206): setHidden false
02-13 14:08:37.363 D/KeyguardViewMediator(  206): setHidden false
02-13 14:08:37.373 D/KeyguardViewMediator(  206): setHidden false
02-13 14:08:37.373 D/KeyguardViewMediator(  206): setHidden false
02-13 14:08:37.383 D/KeyguardViewMediator(  206): setHidden false
02-13 14:08:37.393 D/KeyguardViewMediator(  206): setHidden false
02-13 14:08:37.403 D/KeyguardViewMediator(  206): setHidden false
02-13 14:08:37.423 D/KeyguardViewMediator(  206): setHidden false
02-13 14:08:37.433 D/KeyguardViewMediator(  206): setHidden false
02-13 14:08:37.443 D/KeyguardViewMediator(  206): setHidden false
02-13 14:08:37.453 D/KeyguardViewMediator(  206): setHidden false
02-13 14:08:37.453 D/KeyguardViewMediator(  206): setHidden false
02-13 14:08:37.463 D/KeyguardViewMediator(  206): setHidden false
02-13 14:08:37.503 D/KeyguardViewMediator(  206): setHidden false
02-13 14:08:37.503 D/KeyguardViewMediator(  206): setHidden false
02-13 14:08:39.545 D/KeyguardViewMediator(  206): setHidden false
02-13 14:08:39.555 D/KeyguardViewMediator(  206): setHidden false
02-13 14:08:39.555 D/Launcher(  900): Closing system Dialogs 
02-13 14:08:39.555 D/Launcher(  900): onSaveInstanceState
02-13 14:08:39.555 D/Launcher(  900): Dissmis Preview for view :null ID:2131230735
02-13 14:08:39.555 D/Launcher(  900): Dissmis Preview for view :null ID:2131230736
02-13 14:08:39.555 D/Launcher(  900): Dissmis Preview for view :null ID:2131230739
02-13 14:08:39.555 D/Launcher(  900): Dissmis Preview for view :null ID:2131230741
02-13 14:08:39.575 D/PhoneApp(  331): updateProximitySensorMode: state = IDLE
02-13 14:08:39.575 D/PhoneApp(  331): updateProximitySensorMode: lock already released.
02-13 14:08:39.575 D/KeyguardViewMediator(  206): setHidden false
02-13 14:08:39.585 D/KeyguardViewMediator(  206): setHidden false
02-13 14:08:39.605 D/KeyguardViewMediator(  206): setHidden false
02-13 14:08:39.605 D/KeyguardViewMediator(  206): setHidden false
02-13 14:08:39.615 D/KeyguardViewMediator(  206): setHidden false
02-13 14:08:39.625 D/KeyguardViewMediator(  206): setHidden false
02-13 14:08:39.635 I/hubo    (  206): Activity com.google.android.googlequicksearchbox.SearchActivity
02-13 14:08:39.635 D/KeyguardViewMediator(  206): setHidden false
02-13 14:08:39.646 D/KeyguardViewMediator(  206): setHidden false
02-13 14:08:39.656 W/dalvikvm( 1762): VFY: unable to resolve static method 17: Landroid/animation/ValueAnimator;.ofFloat ([F)Landroid/animation/ValueAnimator;
02-13 14:08:39.666 E/dalvikvm( 1762): Could not find class 'android.widget.PopupMenu', referenced from method com.google.android.googlequicksearchbox.ui.SearchActivityView.showPopupMenu
02-13 14:08:39.666 W/dalvikvm( 1762): VFY: unable to resolve new-instance 149 (Landroid/widget/PopupMenu;) in Lcom/google/android/googlequicksearchbox/ui/SearchActivityView;
02-13 14:08:39.686 D/KeyguardViewMediator(  206): setHidden false
02-13 14:08:39.716 D/KeyguardViewMediator(  206): setHidden false
02-13 14:08:39.786 I/QSB.SearchActivity( 1762): Showing first-run dialog
02-13 14:08:39.846 D/KeyguardViewMediator(  206): setHidden false
02-13 14:08:39.866 D/OmaDrmReceiver(  685): android.intent.action.CONFIGURATION_CHANGED
02-13 14:08:39.866 I/OmaDrmService(  685): Language changed!!!!!!
02-13 14:08:39.866 I/ActivityManager(  206): Displayed com.google.android.googlequicksearchbox/.SearchActivity: +306ms
02-13 14:08:39.866 D/KeyguardViewMediator(  206): setHidden false
02-13 14:08:39.956 D/KeyguardViewMediator(  206): setHidden false
02-13 14:08:39.966 D/KeyguardViewMediator(  206): setHidden false
02-13 14:08:39.966 D/KeyguardViewMediator(  206): setHidden false
02-13 14:08:39.966 D/KeyguardViewMediator(  206): setHidden false
02-13 14:08:39.976 D/KeyguardViewMediator(  206): setHidden false
02-13 14:08:40.016 D/KeyguardViewMediator(  206): setHidden false
02-13 14:08:40.016 D/KeyguardViewMediator(  206): setHidden false
02-13 14:08:40.046 D/KeyguardViewMediator(  206): setHidden false
02-13 14:08:40.266 D/PhoneApp(  331): updateProximitySensorMode: state = IDLE
02-13 14:08:40.276 D/PhoneApp(  331): updateProximitySensorMode: lock already released.
02-13 14:08:40.286 D/KeyguardViewMediator(  206): setHidden false
02-13 14:08:40.316 D/KeyguardViewMediator(  206): setHidden false
02-13 14:08:40.326 D/KeyguardViewMediator(  206): setHidden false
02-13 14:08:40.326 D/KeyguardViewMediator(  206): setHidden false
02-13 14:08:40.336 D/KeyguardViewMediator(  206): setHidden false
02-13 14:08:40.346 D/KeyguardViewMediator(  206): setHidden false
02-13 14:08:40.346 D/KeyguardViewMediator(  206): setHidden false
02-13 14:08:40.366 D/KeyguardViewMediator(  206): setHidden false
02-13 14:08:40.366 I/QSB.GenieClient( 1762): request: chars=0;feeds=[qs, list, ns];loc=false;auth=false
02-13 14:08:40.376 D/KeyguardViewMediator(  206): setHidden false
02-13 14:08:40.396 E/WindowManager( 1762): Activity com.google.android.googlequicksearchbox.SearchActivity has leaked window com.android.internal.policy.impl.PhoneWindow$DecorView@40554130 that was originally added here
02-13 14:08:40.396 E/WindowManager( 1762): android.view.WindowLeaked: Activity com.google.android.googlequicksearchbox.SearchActivity has leaked window com.android.internal.policy.impl.PhoneWindow$DecorView@40554130 that was originally added here
02-13 14:08:40.396 E/WindowManager( 1762): 	at android.view.ViewRoot.<init>(ViewRoot.java:261)
02-13 14:08:40.396 E/WindowManager( 1762): 	at android.view.WindowManagerImpl.addView(WindowManagerImpl.java:148)
02-13 14:08:40.396 E/WindowManager( 1762): 	at android.view.WindowManagerImpl.addView(WindowManagerImpl.java:91)
02-13 14:08:40.396 E/WindowManager( 1762): 	at android.view.Window$LocalWindowManager.addView(Window.java:424)
02-13 14:08:40.396 E/WindowManager( 1762): 	at android.app.Dialog.show(Dialog.java:254)
02-13 14:08:40.396 E/WindowManager( 1762): 	at com.google.android.googlequicksearchbox.SearchActivity.showFirstRunDialog(SearchActivity.java:485)
02-13 14:08:40.396 E/WindowManager( 1762): 	at com.google.android.googlequicksearchbox.SearchActivity.onCreate(SearchActivity.java:191)
02-13 14:08:40.396 E/WindowManager( 1762): 	at android.app.Instrumentation.callActivityOnCreate(Instrumentation.java:1047)
02-13 14:08:40.396 E/WindowManager( 1762): 	at android.app.ActivityThread.performLaunchActivity(ActivityThread.java:1632)
02-13 14:08:40.396 E/WindowManager( 1762): 	at android.app.ActivityThread.handleLaunchActivity(ActivityThread.java:1684)
02-13 14:08:40.396 E/WindowManager( 1762): 	at android.app.ActivityThread.access$1500(ActivityThread.java:123)
02-13 14:08:40.396 E/WindowManager( 1762): 	at android.app.ActivityThread$H.handleMessage(ActivityThread.java:948)
02-13 14:08:40.396 E/WindowManager( 1762): 	at android.os.Handler.dispatchMessage(Handler.java:99)
02-13 14:08:40.396 E/WindowManager( 1762): 	at android.os.Looper.loop(Looper.java:130)
02-13 14:08:40.396 E/WindowManager( 1762): 	at android.app.ActivityThread.main(ActivityThread.java:3704)
02-13 14:08:40.396 E/WindowManager( 1762): 	at java.lang.reflect.Method.invokeNative(Native Method)
02-13 14:08:40.396 E/WindowManager( 1762): 	at java.lang.reflect.Method.invoke(Method.java:507)
02-13 14:08:40.396 E/WindowManager( 1762): 	at com.android.internal.os.ZygoteInit$MethodAndArgsCaller.run(ZygoteInit.java:875)
02-13 14:08:40.396 E/WindowManager( 1762): 	at com.android.internal.os.ZygoteInit.main(ZygoteInit.java:633)
02-13 14:08:40.396 E/WindowManager( 1762): 	at dalvik.system.NativeStart.main(Native Method)
02-13 14:08:40.426 D/Bitmap  (  326): Detect unrecycled bitmap.
02-13 14:08:40.426 D/Bitmap  (  326):       Size: 270080 Bytes, Width: 320 , Height: 211 , Hash code: 1079572272
02-13 14:08:40.426 D/Bitmap  (  326):  This bimap was created in:
02-13 14:08:40.426 D/Bitmap  (  326):       android.graphics.Bitmap.<init>(Bitmap.java:136)
02-13 14:08:40.426 D/Bitmap  (  326):       android.graphics.Bitmap.nativeCreate(Native Method)
02-13 14:08:40.426 D/Bitmap  (  326):       android.graphics.Bitmap.createBitmap(Bitmap.java:547)
02-13 14:08:40.426 D/Bitmap  (  326):       com.android.inputmethod.latin.LatinKeyboardBaseView.onBufferDraw(LatinKeyboardBaseView.java:775)
02-13 14:08:40.426 D/Bitmap  (  326):       com.android.inputmethod.latin.LatinKeyboardBaseView.onDraw(LatinKeyboardBaseView.java:763)
02-13 14:08:40.426 D/Bitmap  (  326):       android.view.View.draw(View.java:6880)
02-13 14:08:40.426 D/Bitmap  (  326):       com.android.inputmethod.latin.LatinKeyboardView.draw(LatinKeyboardView.java:353)
02-13 14:08:40.426 D/Bitmap  (  326):       android.view.ViewGroup.drawChild(ViewGroup.java:1649)
02-13 14:08:40.426 D/Bitmap  (  326):       android.view.ViewGroup.dispatchDraw(ViewGroup.java:1376)
02-13 14:08:40.426 D/Bitmap  (  326):       android.view.ViewGroup.drawChild(ViewGroup.java:1647)
02-13 14:08:40.426 D/Bitmap  (  326):       android.view.ViewGroup.dispatchDraw(ViewGroup.java:1376)
02-13 14:08:40.426 D/Bitmap  (  326):       android.view.ViewGroup.drawChild(ViewGroup.java:1647)
02-13 14:08:40.426 D/Bitmap  (  326):       android.view.ViewGroup.dispatchDraw(ViewGroup.java:1376)
02-13 14:08:40.426 D/Bitmap  (  326):       android.view.ViewGroup.drawChild(ViewGroup.java:1647)
02-13 14:08:40.426 D/Bitmap  (  326):       android.view.ViewGroup.dispatchDraw(ViewGroup.java:1376)
02-13 14:08:40.426 D/Bitmap  (  326):       android.view.View.draw(View.java:6883)
02-13 14:08:40.426 D/Bitmap  (  326):       android.widget.FrameLayout.draw(FrameLayout.java:357)
02-13 14:08:40.426 D/Bitmap  (  326):       com.android.internal.policy.impl.PhoneWindow$DecorView.draw(PhoneWindow.java:1866)
02-13 14:08:40.426 D/Bitmap  (  326):       android.view.ViewRoot.draw(ViewRoot.java:1526)
02-13 14:08:40.426 D/Bitmap  (  326):       android.view.ViewRoot.performTraversals(ViewRoot.java:1262)
02-13 14:08:40.426 D/Bitmap  (  326):       android.view.ViewRoot.handleMessage(ViewRoot.java:1864)
02-13 14:08:40.426 D/Bitmap  (  326):       android.os.Handler.dispatchMessage(Handler.java:99)
02-13 14:08:40.426 D/Bitmap  (  326):       android.os.Looper.loop(Looper.java:130)
02-13 14:08:40.426 D/Bitmap  (  326):       android.app.ActivityThread.main(ActivityThread.java:3704)
02-13 14:08:40.456 D/Bitmap  (  326):       java.lang.reflect.Method.invokeNative(Native Method)
02-13 14:08:40.456 D/Bitmap  (  326):       java.lang.reflect.Method.invoke(Method.java:507)
02-13 14:08:40.456 D/Bitmap  (  326):       com.android.internal.os.ZygoteInit$MethodAndArgsCaller.run(ZygoteInit.java:875)
02-13 14:08:40.456 D/Bitmap  (  326):       com.android.internal.os.ZygoteInit.main(ZygoteInit.java:633)
02-13 14:08:40.456 D/Bitmap  (  326):       dalvik.system.NativeStart.main(Native Method)
02-13 14:08:40.456 D/Bitmap  (  326): _
02-13 14:08:40.466 D/KeyguardViewMediator(  206): setHidden false
02-13 14:08:40.516 I/QSB.SearchActivity( 1762): Showing first-run dialog
02-13 14:08:40.546 D/KeyguardViewMediator(  206): setHidden false
02-13 14:08:40.556 D/KeyguardViewMediator(  206): setHidden false
02-13 14:08:40.586 D/KeyguardViewMediator(  206): setHidden false
02-13 14:08:40.606 D/KeyguardViewMediator(  206): setHidden false
02-13 14:08:40.636 D/KeyguardViewMediator(  206): setHidden false
02-13 14:08:40.636 D/KeyguardViewMediator(  206): setHidden false
02-13 14:08:40.656 D/OmaDrmReceiver(  685): android.intent.action.CONFIGURATION_CHANGED
02-13 14:08:40.667 I/OmaDrmService(  685): Language changed!!!!!!
02-13 14:08:41.387 I/DATA    (  331): [DCT(0) ] onDataCallListChanged:
02-13 14:08:41.387 I/DATA    (  331): [DCT(0) ] ---dc state list---
02-13 14:08:41.387 I/DATA    (  331): [DCT(0) ] DataCallState: { cid: 0, active: 2, type: , apn: , address: 174.156.234.163 }
02-13 14:08:41.397 I/DATA    (  331): [DCT(0) ] ---dc list---
02-13 14:08:41.427 I/DATA    (  331): [DCT(0) ] cid = 0, state = DcActiveState, bearerType = IP, ipaddress = 174.156.234.163, gw=174.156.234.161, dns=[68.28.67.132, 68.28.68.132]
02-13 14:08:41.888 I/QSB.GenieClient( 1762): response: suggestions=
02-13 14:08:41.898 I/QSB.GenieClient( 1762): request: chars=0;feeds=[qs, list, ns];loc=false;auth=false
02-13 14:08:42.408 I/QSB.GenieClient( 1762): response: suggestions=
02-13 14:08:42.769 D/Bitmap  (  206): Detect unrecycled bitmap.
02-13 14:08:42.769 D/Bitmap  (  206):       Size: 39744 Bytes, Width: 108 , Height: 92 , Hash code: 1080597464
02-13 14:08:42.769 D/Bitmap  (  206):  This bimap was created in:
02-13 14:08:42.769 D/Bitmap  (  206):       android.graphics.Bitmap.<init>(Bitmap.java:136)
02-13 14:08:42.769 D/Bitmap  (  206):       android.graphics.BitmapFactory.nativeDecodeAsset(Native Method)
02-13 14:08:42.769 D/Bitmap  (  206):       android.graphics.BitmapFactory.decodeStream(BitmapFactory.java:460)
02-13 14:08:42.769 D/Bitmap  (  206):       android.graphics.BitmapFactory.decodeResourceStream(BitmapFactory.java:336)
02-13 14:08:42.769 D/Bitmap  (  206):       android.graphics.drawable.Drawable.createFromResourceStream(Drawable.java:697)
02-13 14:08:42.769 D/Bitmap  (  206):       android.content.res.Resources.loadDrawable(Resources.java:1709)
02-13 14:08:42.769 D/KeyguardViewMediator(  206): setHidden false
02-13 14:08:42.779 D/Bitmap  (  206):       android.content.res.Resources.getDrawable(Resources.java:581)
02-13 14:08:42.779 D/Bitmap  (  206):       android.graphics.drawable.StateListDrawable.inflate(StateListDrawable.java:162)
02-13 14:08:42.779 D/Bitmap  (  206):       android.graphics.drawable.Drawable.createFromXmlInner(Drawable.java:787)
02-13 14:08:42.779 D/Bitmap  (  206):       android.graphics.drawable.Drawable.createFromXml(Drawable.java:728)
02-13 14:08:42.779 D/Bitmap  (  206):       android.content.res.Resources.loadDrawable(Resources.java:1694)
02-13 14:08:42.779 D/Bitmap  (  206):       android.content.res.Resources.getDrawable(Resources.java:581)
02-13 14:08:42.779 D/Bitmap  (  206):       android.view.View.setBackgroundResource(View.java:7533)
02-13 14:08:42.779 D/Bitmap  (  206):       com.android.internal.widget.SlidingTab$Slider.<init>(SlidingTab.java:192)
02-13 14:08:42.779 D/Bitmap  (  206):       com.android.internal.widget.SlidingTab.<init>(SlidingTab.java:462)
02-13 14:08:42.779 D/Bitmap  (  206):       java.lang.reflect.Constructor.constructNative(Native Method)
02-13 14:08:42.779 D/Bitmap  (  206):       java.lang.reflect.Constructor.newInstance(Constructor.java:415)
02-13 14:08:42.779 D/Bitmap  (  206):       android.view.LayoutInflater.createView(LayoutInflater.java:505)
02-13 14:08:42.779 D/Bitmap  (  206):       android.view.LayoutInflater.createViewFromTag(LayoutInflater.java:570)
02-13 14:08:42.779 D/Bitmap  (  206):       android.view.LayoutInflater.rInflate(LayoutInflater.java:623)
02-13 14:08:42.779 D/Bitmap  (  206):       android.view.LayoutInflater.inflate(LayoutInflater.java:408)
02-13 14:08:42.779 D/Bitmap  (  206):       android.view.LayoutInflater.inflate(LayoutInflater.java:320)
02-13 14:08:42.779 D/Bitmap  (  206):       com.android.internal.policy.impl.LockScreen.<init>(LockScreen.java:328)
02-13 14:08:42.779 D/Bitmap  (  206):       com.android.internal.policy.impl.LockPatternKeyguardView.createLockScreen(LockPatternKeyguardView.java:821)
02-13 14:08:42.779 D/Bitmap  (  206):       com.android.internal.policy.impl.LockPatternKeyguardView.<init>(LockPatternKeyguardView.java:429)
02-13 14:08:42.779 D/Bitmap  (  206):       com.android.internal.policy.impl.LockPatternKeyguardViewProperties.createKeyguardView(LockPatternKeyguardViewProperties.java:49)
02-13 14:08:42.779 D/Bitmap  (  206):       com.android.internal.policy.impl.KeyguardViewManager.show(KeyguardViewManager.java:125)
02-13 14:08:42.779 D/Bitmap  (  206):       com.android.internal.policy.impl.KeyguardViewMediator.handleShow(KeyguardViewMediator.java:1064)
02-13 14:08:42.779 D/Bitmap  (  206):       com.android.internal.policy.impl.KeyguardViewMediator.access$700(KeyguardViewMediator.java:103)
02-13 14:08:42.779 D/Bitmap  (  206):       com.android.internal.policy.impl.KeyguardViewMediator$2.handleMessage(KeyguardViewMediator.java:931)
02-13 14:08:42.779 D/Bitmap  (  206):       android.os.Handler.dispatchMessage(Handler.java:99)
02-13 14:08:42.779 D/Bitmap  (  206):       android.os.Looper.loop(Looper.java:130)
02-13 14:08:42.779 D/Bitmap  (  206):       com.android.server.WindowManagerService$PolicyThread.run(WindowManagerService.java:613)
02-13 14:08:42.779 D/Bitmap  (  206): _
02-13 14:08:42.779 D/Bitmap  (  206): Detect unrecycled bitmap.
02-13 14:08:42.779 D/Bitmap  (  206):       Size: 39744 Bytes, Width: 108 , Height: 92 , Hash code: 1080287864
02-13 14:08:42.779 D/Bitmap  (  206):  This bimap was created in:
02-13 14:08:42.779 D/Bitmap  (  206):       android.graphics.Bitmap.<init>(Bitmap.java:136)
02-13 14:08:42.779 D/Bitmap  (  206):       android.graphics.BitmapFactory.nativeDecodeAsset(Native Method)
02-13 14:08:42.779 D/Bitmap  (  206):       android.graphics.BitmapFactory.decodeStream(BitmapFactory.java:460)
02-13 14:08:42.779 D/Bitmap  (  206):       android.graphics.BitmapFactory.decodeResourceStream(BitmapFactory.java:336)
02-13 14:08:42.779 D/Bitmap  (  206):       android.graphics.drawable.Drawable.createFromResourceStream(Drawable.java:697)
02-13 14:08:42.779 D/Bitmap  (  206):       android.content.res.Resources.loadDrawable(Resources.java:1709)
02-13 14:08:42.779 D/Bitmap  (  206):       android.content.res.Resources.getDrawable(Resources.java:581)
02-13 14:08:42.779 D/Bitmap  (  206):       android.graphics.drawable.StateListDrawable.inflate(StateListDrawable.java:162)
02-13 14:08:42.779 D/Bitmap  (  206):       android.graphics.drawable.Drawable.createFromXmlInner(Drawable.java:787)
02-13 14:08:42.779 D/Bitmap  (  206):       android.graphics.drawable.Drawable.createFromXml(Drawable.java:728)
02-13 14:08:42.779 D/Bitmap  (  206):       android.content.res.Resources.loadDrawable(Resources.java:1694)
02-13 14:08:42.779 D/Bitmap  (  206):       android.content.res.Resources.getDrawable(Resources.java:581)
02-13 14:08:42.779 D/Bitmap  (  206):       android.view.View.setBackgroundResource(View.java:7533)
02-13 14:08:42.779 D/Bitmap  (  206):       com.android.internal.widget.SlidingTab$Slider.<init>(SlidingTab.java:192)
02-13 14:08:42.779 D/Bitmap  (  206):       com.android.internal.widget.SlidingTab.<init>(SlidingTab.java:458)
02-13 14:08:42.779 D/Bitmap  (  206):       java.lang.reflect.Constructor.constructNative(Native Method)
02-13 14:08:42.779 D/Bitmap  (  206):       java.lang.reflect.Constructor.newInstance(Constructor.java:415)
02-13 14:08:42.779 D/Bitmap  (  206):       android.view.LayoutInflater.createView(LayoutInflater.java:505)
02-13 14:08:42.779 D/Bitmap  (  206):       android.view.LayoutInflater.createViewFromTag(LayoutInflater.java:570)
02-13 14:08:42.779 D/Bitmap  (  206):       android.view.LayoutInflater.rInflate(LayoutInflater.java:623)
02-13 14:08:42.779 D/Bitmap  (  206):       android.view.LayoutInflater.inflate(LayoutInflater.java:408)
02-13 14:08:42.779 D/Bitmap  (  206):       android.view.LayoutInflater.inflate(LayoutInflater.java:320)
02-13 14:08:42.779 D/Bitmap  (  206):       com.android.internal.policy.impl.LockScreen.<init>(LockScreen.java:328)
02-13 14:08:42.779 D/Bitmap  (  206):       com.android.internal.policy.impl.LockPatternKeyguardView.createLockScreen(LockPatternKeyguardView.java:821)
02-13 14:08:42.779 D/Bitmap  (  206):       com.android.internal.policy.impl.LockPatternKeyguardView.<init>(LockPatternKeyguardView.java:429)
02-13 14:08:42.779 D/Bitmap  (  206):       com.android.internal.policy.impl.LockPatternKeyguardViewProperties.createKeyguardView(LockPatternKeyguardViewProperties.java:49)
02-13 14:08:42.779 D/Bitmap  (  206):       com.android.internal.policy.impl.KeyguardViewManager.show(KeyguardViewManager.java:125)
02-13 14:08:42.779 D/Bitmap  (  206):       com.android.internal.policy.impl.KeyguardViewMediator.handleShow(KeyguardViewMediator.java:1064)
02-13 14:08:42.779 D/Bitmap  (  206):       com.android.internal.policy.impl.KeyguardViewMediator.access$700(KeyguardViewMediator.java:103)
02-13 14:08:42.779 D/Bitmap  (  206):       com.android.internal.policy.impl.KeyguardViewMediator$2.handleMessage(KeyguardViewMediator.java:931)
02-13 14:08:42.779 D/Bitmap  (  206):       android.os.Handler.dispatchMessage(Handler.java:99)
02-13 14:08:42.779 D/Bitmap  (  206):       android.os.Looper.loop(Looper.java:130)
02-13 14:08:42.779 D/Bitmap  (  206):       com.android.server.WindowManagerService$PolicyThread.run(WindowManagerService.java:613)
02-13 14:08:42.779 D/Bitmap  (  206): _
02-13 14:08:42.779 I/QSB.SearchActivity( 1762): First run dialog cancelled
02-13 14:08:42.789 D/KeyguardViewMediator(  206): setHidden false
02-13 14:08:42.789 D/InputManagerService(  206): windowGainedFocus, call client.setActive(false)
02-13 14:08:42.799 D/KeyguardViewMediator(  206): setHidden false
02-13 14:08:42.799 D/KeyguardViewMediator(  206): setHidden false
02-13 14:08:42.809 D/KeyguardViewMediator(  206): setHidden false
02-13 14:08:42.819 I/hubo    (  206): Activity {com.android.launcher/com.android.launcher2.Launcher}
02-13 14:08:42.819 D/KeyguardViewMediator(  206): setHidden false
02-13 14:08:42.829 D/Warhol  (  900): A pack appears to be installed -- skipping Installer
02-13 14:08:42.839 D/KeyguardViewMediator(  206): setHidden false
02-13 14:08:42.839 D/KeyguardViewMediator(  206): setHidden false
02-13 14:08:42.859 D/KeyguardViewMediator(  206): setHidden false
02-13 14:08:42.869 D/KeyguardViewMediator(  206): setHidden false
02-13 14:08:42.879 D/KeyguardViewMediator(  206): setHidden false
02-13 14:08:42.889 D/KeyguardViewMediator(  206): setHidden false
02-13 14:08:42.889 D/KeyguardViewMediator(  206): setHidden false
02-13 14:08:42.899 D/KeyguardViewMediator(  206): setHidden false
02-13 14:08:42.909 D/KeyguardViewMediator(  206): setHidden false
02-13 14:08:42.919 D/KeyguardViewMediator(  206): setHidden false
02-13 14:08:42.919 D/KeyguardViewMediator(  206): setHidden false
02-13 14:08:42.919 D/KeyguardViewMediator(  206): setHidden false
02-13 14:08:42.939 D/KeyguardViewMediator(  206): setHidden false
02-13 14:08:42.939 D/KeyguardViewMediator(  206): setHidden false
02-13 14:08:42.959 D/KeyguardViewMediator(  206): setHidden false
02-13 14:08:42.969 D/KeyguardViewMediator(  206): setHidden false
02-13 14:08:42.989 D/KeyguardViewMediator(  206): setHidden false
02-13 14:08:43.009 D/KeyguardViewMediator(  206): setHidden false
02-13 14:08:43.019 D/KeyguardViewMediator(  206): setHidden false
02-13 14:08:43.039 D/KeyguardViewMediator(  206): setHidden false
02-13 14:08:43.059 D/KeyguardViewMediator(  206): setHidden false
02-13 14:08:43.069 D/KeyguardViewMediator(  206): setHidden false
02-13 14:08:43.089 D/KeyguardViewMediator(  206): setHidden false
02-13 14:08:43.099 D/KeyguardViewMediator(  206): setHidden false
02-13 14:08:43.119 D/KeyguardViewMediator(  206): setHidden false
02-13 14:08:43.129 D/KeyguardViewMediator(  206): setHidden false
02-13 14:08:43.149 D/KeyguardViewMediator(  206): setHidden false
02-13 14:08:43.179 D/KeyguardViewMediator(  206): setHidden false
02-13 14:08:43.189 D/KeyguardViewMediator(  206): setHidden false
02-13 14:08:43.199 D/KeyguardViewMediator(  206): setHidden false
02-13 14:08:43.219 D/KeyguardViewMediator(  206): setHidden false
02-13 14:08:43.559 E/rmt_storage(  137): [MyTag]open: fd=-1
02-13 14:08:43.559 E/rmt_storage(  137): block rmt_storage client thread
02-13 14:08:49.535 I/wpa_supplicant(  304): State: INACTIVE -> SCANNING
02-13 14:08:49.535 I/wpa_supplicant(  304): CTRL-EVENT-STATE-CHANGE id=-1 state=2 BSSID=00:00:00:00:00:00
02-13 14:08:49.535 D/NetworkStateTracker(  206): setDetailed state, old =IDLE and new state=SCANNING
02-13 14:08:50.066 D/Launcher(  900): onSaveInstanceState
02-13 14:08:50.076 D/Launcher(  900): Dissmis Preview for view :null ID:2131230735
02-13 14:08:50.076 D/Launcher(  900): Dissmis Preview for view :null ID:2131230736
02-13 14:08:50.076 D/Launcher(  900): Dissmis Preview for view :null ID:2131230739
02-13 14:08:50.076 D/Launcher(  900): Dissmis Preview for view :null ID:2131230741
02-13 14:08:50.076 D/KeyguardViewMediator(  206): setHidden false
02-13 14:08:50.076 I/hubo    (  206): Activity {com.google.android.youtube/com.google.android.youtube.app.froyo.phone.WatchActivity}
02-13 14:08:50.106 I/AudioService(  206):  AudioFocus  requestAudioFocus() from android.media.AudioManager@406a2588
02-13 14:08:50.116 D/KeyguardViewMediator(  206): setHidden false
02-13 14:08:50.136 D/KeyguardViewMediator(  206): setHidden false
02-13 14:08:50.176 D/KeyguardViewMediator(  206): setHidden false
02-13 14:08:50.176 D/KeyguardViewMediator(  206): setHidden false
02-13 14:08:50.186 D/KeyguardViewMediator(  206): setHidden false
02-13 14:08:50.186 D/KeyguardViewMediator(  206): setHidden false
02-13 14:08:50.196 D/KeyguardViewMediator(  206): setHidden false
02-13 14:08:50.216 D/KeyguardViewMediator(  206): setHidden false
02-13 14:08:50.216 D/KeyguardViewMediator(  206): setHidden false
02-13 14:08:50.236 D/KeyguardViewMediator(  206): setHidden false
02-13 14:08:50.246 D/KeyguardViewMediator(  206): setHidden false
02-13 14:08:50.246 D/KeyguardViewMediator(  206): setHidden false
02-13 14:08:50.266 D/KeyguardViewMediator(  206): setHidden false
02-13 14:08:50.286 D/KeyguardViewMediator(  206): setHidden false
02-13 14:08:50.296 D/KeyguardViewMediator(  206): setHidden false
02-13 14:08:50.316 D/KeyguardViewMediator(  206): setHidden false
02-13 14:08:50.326 D/KeyguardViewMediator(  206): setHidden false
02-13 14:08:50.346 D/KeyguardViewMediator(  206): setHidden false
02-13 14:08:50.366 D/KeyguardViewMediator(  206): setHidden false
02-13 14:08:50.376 D/KeyguardViewMediator(  206): setHidden false
02-13 14:08:50.396 D/KeyguardViewMediator(  206): setHidden false
02-13 14:08:50.406 D/KeyguardViewMediator(  206): setHidden false
02-13 14:08:50.426 D/KeyguardViewMediator(  206): setHidden false
02-13 14:08:50.446 D/KeyguardViewMediator(  206): setHidden false
02-13 14:08:50.456 D/KeyguardViewMediator(  206): setHidden false
02-13 14:08:50.476 D/KeyguardViewMediator(  206): setHidden false
02-13 14:08:50.496 D/KeyguardViewMediator(  206): setHidden false
02-13 14:08:50.496 I/wpa_supplicant(  304): State: SCANNING -> INACTIVE
02-13 14:08:50.496 I/wpa_supplicant(  304): CTRL-EVENT-STATE-CHANGE id=-1 state=1 BSSID=00:00:00:00:00:00
02-13 14:08:50.496 I/dun_service(  130): process rmnet event
02-13 14:08:50.496 I/dun_service(  130): Post event 4
02-13 14:08:50.496 I/dun_service(  130): received event: DUN_EVENT_RMNET_UP 
02-13 14:08:50.496 I/dun_service(  130): received event(DUN_EVENT_RMNET_UP) in state(DUN_STATE_USB_UNPLUG)
02-13 14:08:50.496 I/dun_service(  130): Ignoring the event DUN_EVENT_RMNET_UP in USB_UNPLUG_STATE
02-13 14:08:50.496 I/dun_service(  130): Moved to state(DUN_STATE_USB_UNPLUG)
02-13 14:08:50.496 D/NetworkStateTracker(  206): setDetailed state, old =SCANNING and new state=IDLE
02-13 14:08:50.506 D/WifiStateTracker(  206): setNotificationVisible() visible=false mNotificationShown=false force=false return.
02-13 14:08:50.506 D/KeyguardViewMediator(  206): setHidden false
02-13 14:08:50.516 D/KeyguardViewMediator(  206): setHidden false
02-13 14:08:51.307 I/V3Client( 2039): notf'n?
02-13 14:08:51.337 I/V3Client( 2039): !control 0
02-13 14:08:51.337 E/HQB     ( 1781): onReceiveWithPrivilege  action received android.provider.Telephony.SMS_RECEIVED
02-13 14:08:51.367 D/SmsReceiverService( 1781): isSelfRegSMS-teleService = 4098
02-13 14:08:51.377 D/SmsReceiverService( 1781): first =0
02-13 14:08:51.377 D/SmsReceiverService( 1781): possibleIndex =null
02-13 14:08:51.377 D/SmsReceiverService( 1781): processed indexString =null
02-13 14:08:51.377 D/SmsReceiverService( 1781): first =0
02-13 14:08:51.377 D/SmsReceiverService( 1781): possibleIndex =null
02-13 14:08:51.377 D/SmsReceiverService( 1781): processed indexString =null
02-13 14:08:51.377 D/MmsSmsProvider(  331): getThreadId:enter cursor.toAddressIds.size=1
02-13 14:08:51.377 D/MmsSmsProvider(  331): getThreadId:enter cursor.getCount()=1
02-13 14:08:51.377 D/MmsSmsProvider(  331): getThreadId:enter cursorAddr.getCount()=1needNewThread=false
02-13 14:08:51.387 I/ContactsProvider(  402): query: content://contacts/phones/filter/9137446943
02-13 14:08:51.387 E/ContactsProvider(  402): 101123 isCallerRegisterNeedSIMProc callerPid:331, acorePid:402
02-13 14:08:51.397 I/ContactsProvider(  402): query isCallerRegistered= true
02-13 14:08:51.397 I/ContactsProvider(  402): query forOnlyOneContactString= 0
02-13 14:08:51.457 D/Mms:app ( 1781): in getIconResourceId cmasNo =0
02-13 14:08:51.457 D/Mms:app ( 1781): in getIconResourceId cmasNo = 0, cancel(notificationId)
02-13 14:08:51.467 I/Mms     ( 1781): parseMmsAddress number=9137446943, length=10
02-13 14:08:51.477 I/ContactsProvider(  402): query: content://com.android.contacts/data
02-13 14:08:51.477 E/ContactsProvider(  402): 101123 isCallerRegisterNeedSIMProc callerPid:1781, acorePid:402
02-13 14:08:51.477 I/ContactsProvider(  402): query isCallerRegistered= true
02-13 14:08:51.477 I/ContactsProvider(  402): query forOnlyOneContactString= 0
02-13 14:08:51.487 I/ContactsProvider(  402): query: content://com.android.contacts/contacts/223/photo
02-13 14:08:51.487 E/ContactsProvider(  402): 101123 isCallerRegisterNeedSIMProc callerPid:1781, acorePid:402
02-13 14:08:51.487 I/ContactsProvider(  402): query isCallerRegistered= true
02-13 14:08:51.487 I/ContactsProvider(  402): query forOnlyOneContactString= 0
02-13 14:08:51.527 E/lights  (  206):   g_haveAmberLed=0
02-13 14:08:51.527 E/lights  (  206):   red=0
02-13 14:08:51.527 E/lights  (  206):   green=255
02-13 14:08:51.527 E/lights  (  206):   blink=1
02-13 14:08:51.557 D/KeyguardViewMediator(  206): setHidden false
02-13 14:08:51.567 D/KeyguardViewMediator(  206): setHidden false
02-13 14:08:52.388 I/dun_service(  130): The value returned from dun_getusbmodemstate_fromsys is 2 
02-13 14:08:52.408 D/KeyguardUpdateMonitor(  206): received broadcast android.intent.action.BATTERY_CHANGED
02-13 14:08:52.408 D/KeyguardUpdateMonitor(  206): handleBatteryUpdate
02-13 14:08:57.883 I/DATA    (  331): [DCT(0) ] onDataCallListChanged:
02-13 14:08:57.883 I/DATA    (  331): [DCT(0) ] ---dc state list---
02-13 14:08:57.883 I/DATA    (  331): [DCT(0) ] DataCallState: { cid: 0, active: 1, type: , apn: , address: 174.156.234.163 }
02-13 14:08:57.883 I/DATA    (  331): [DCT(0) ] ---dc list---
02-13 14:08:57.883 I/DATA    (  331): [DCT(0) ] cid = 0, state = DcActiveState, bearerType = IP, ipaddress = 174.156.234.163, gw=174.156.234.161, dns=[68.28.67.132, 68.28.68.132]
02-13 14:09:00.015 D/KeyguardUpdateMonitor(  206): received broadcast android.intent.action.TIME_TICK
02-13 14:09:00.015 D/KeyguardUpdateMonitor(  206): handleTimeUpdate
02-13 14:09:02.758 D/PhoneApp(  331): updateProximitySensorMode: state = IDLE
02-13 14:09:02.768 D/PhoneApp(  331): updateProximitySensorMode: lock already released.
02-13 14:09:02.778 D/KeyguardViewMediator(  206): setHidden false
02-13 14:09:02.858 D/KeyguardViewMediator(  206): setHidden false
02-13 14:09:02.858 D/KeyguardViewMediator(  206): setHidden false
02-13 14:09:02.868 D/KeyguardViewMediator(  206): setHidden false
02-13 14:09:02.868 D/KeyguardViewMediator(  206): setHidden false
02-13 14:09:02.868 D/KeyguardViewMediator(  206): setHidden false
02-13 14:09:02.878 D/KeyguardViewMediator(  206): setHidden false
02-13 14:09:02.888 D/KeyguardViewMediator(  206): setHidden false
02-13 14:09:02.898 D/KeyguardViewMediator(  206): setHidden false
02-13 14:09:02.898 D/KeyguardViewMediator(  206): setHidden false
02-13 14:09:02.898 D/KeyguardViewMediator(  206): setHidden false
02-13 14:09:02.908 D/KeyguardViewMediator(  206): setHidden false
02-13 14:09:02.918 D/KeyguardViewMediator(  206): setHidden false
02-13 14:09:02.918 D/KeyguardViewMediator(  206): setHidden false
02-13 14:09:02.918 D/KeyguardViewMediator(  206): setHidden false
02-13 14:09:02.938 D/KeyguardViewMediator(  206): setHidden false
02-13 14:09:02.948 D/KeyguardViewMediator(  206): setHidden false
02-13 14:09:02.958 D/KeyguardViewMediator(  206): setHidden false
02-13 14:09:02.968 D/OmaDrmReceiver(  685): android.intent.action.CONFIGURATION_CHANGED
02-13 14:09:02.968 I/OmaDrmService(  685): Language changed!!!!!!
02-13 14:09:05.521 I/wpa_supplicant(  304): State: INACTIVE -> SCANNING
02-13 14:09:05.521 I/wpa_supplicant(  304): CTRL-EVENT-STATE-CHANGE id=-1 state=2 BSSID=00:00:00:00:00:00
02-13 14:09:05.521 D/NetworkStateTracker(  206): setDetailed state, old =IDLE and new state=SCANNING
02-13 14:09:06.472 I/wpa_supplicant(  304): State: SCANNING -> INACTIVE
02-13 14:09:06.472 I/wpa_supplicant(  304): CTRL-EVENT-STATE-CHANGE id=-1 state=1 BSSID=00:00:00:00:00:00
02-13 14:09:06.482 I/dun_service(  130): process rmnet event
02-13 14:09:06.482 I/dun_service(  130): Post event 4
02-13 14:09:06.482 I/dun_service(  130): received event: DUN_EVENT_RMNET_UP 
02-13 14:09:06.482 I/dun_service(  130): received event(DUN_EVENT_RMNET_UP) in state(DUN_STATE_USB_UNPLUG)
02-13 14:09:06.482 I/dun_service(  130): Ignoring the event DUN_EVENT_RMNET_UP in USB_UNPLUG_STATE
02-13 14:09:06.482 I/dun_service(  130): Moved to state(DUN_STATE_USB_UNPLUG)
02-13 14:09:06.482 D/NetworkStateTracker(  206): setDetailed state, old =SCANNING and new state=IDLE
02-13 14:09:06.482 D/WifiStateTracker(  206): setNotificationVisible() visible=false mNotificationShown=false force=false return.
02-13 14:09:07.553 D/MediaPlayer( 2404): DRM scheme =http
02-13 14:09:07.553 D/MediaPlayer( 2404): DRM uri.toString() =http://redirector.c.youtube.com/videoplayback?id=ddcd67df7d33d1a1&itag=36&source=youtube&uaopt=no-save&el=videos&devKey=ATdpM7DMA4JyVrf7elHDrdsO88HsQjpE1a8d1GxQnGDm&app=youtube_gdata&ip=0.0.0.0&ipbits=0&expire=1331754752&sparams=id,itag,source,uaopt,ip,ipbits,expire&signature=8D07246CE5AE150FED1686D9EC04EB1A4A820CB.B31C161263514CF0F1547BEB92BF56CFEFEE5F7A&key=yta1&androidcid=mvapp-android-sprint-us
02-13 14:09:07.553 E/wlg     ( 2404): MediaPlayer.setDataSource()  http_proxyhost = pd.vog.sprintpcs.com
02-13 14:09:07.553 E/wlg     ( 2404): GetNetworkType()  networkType = CDMA - EvDo rev. A
02-13 14:09:07.553 E/wlg     ( 2404): GetProxyHeader()  mNAI = ztetestaccount221@sprintpcs.com
02-13 14:09:07.553 E/wlg     ( 2404): GetProxyHeader()  proxyHeader = enRldGVzdGFjY291bnQyMjFAc3ByaW50cGNzLmNvbTpwY3M=
02-13 14:09:07.553 E/wlg     ( 2404): SaveProxyToFile() //data/oma/proxy.txt save ok!
02-13 14:09:07.553 D/MediaPlayer( 2404): Couldn't open file on client side, trying server side
02-13 14:09:07.553 E/wlg     ( 2404): MediaPlayer.setDataSource  keep the screen stay bright
02-13 14:09:07.553 D/MediaPlayer( 2404): setDataSource(http://redirector.c.youtube.com/videoplayback?id=ddcd67df7d33d1a1&itag=36&source=youtube&uaopt=no-save&el=videos&devKey=ATdpM7DMA4JyVrf7elHDrdsO88HsQjpE1a8d1GxQnGDm&app=youtube_gdata&ip=0.0.0.0&ipbits=0&expire=1331754752&sparams=id,itag,source,uaopt,ip,ipbits,expire&signature=8D07246CE5AE150FED1686D9EC04EB1A4A820CB.B31C161263514CF0F1547BEB92BF56CFEFEE5F7A&key=yta1&androidcid=mvapp-android-sprint-us)
02-13 14:09:07.563 D/MediaPlayerService(  121): Create new client(18) from pid 2404, url=http://redirector.c.youtube.com/videoplayback?id=ddcd67df7d33d1a1&itag=36&source=youtube&uaopt=no-save&el=videos&devKey=ATdpM7DMA4JyVrf7elHDrdsO88HsQjpE1a8d1GxQnGDm&app=youtube_gdata&ip=0.0.0.0&ipbits=0&expire=1331754752&sparams=id,itag,source,uaopt,ip,ipbits,expire&signature=8D07246CE5AE150FED1686D9EC04EB1A4A820CB.B31C161263514CF0F1547BEB92BF56CFEFEE5F7A&key=yta1&androidcid=mvapp-android-sprint-us, connId=18, audioSessionId=32
