02-13 14:06:52.641 I/ContactsProvider(  402): query forOnlyOneContactString= 0
02-13 14:06:52.661 E/lights  (  206):   g_haveAmberLed=0
02-13 14:06:52.661 E/lights  (  206):   red=0
02-13 14:06:52.661 E/lights  (  206):   green=0
02-13 14:06:52.661 E/lights  (  206):   blink=0
02-13 14:06:52.671 D/KeyguardViewMediator(  206): setHidden false
02-13 14:06:52.681 D/KeyguardViewMediator(  206): setHidden false
02-13 14:06:52.711 E/lights  (  206):   g_haveAmberLed=0
02-13 14:06:52.711 E/lights  (  206):   red=0
02-13 14:06:52.711 E/lights  (  206):   green=255
02-13 14:06:52.711 E/lights  (  206):   blink=1
02-13 14:06:52.751 D/KeyguardViewMediator(  206): setHidden false
02-13 14:06:52.751 D/KeyguardViewMediator(  206): setHidden false
02-13 14:06:52.821 E/MediaPlayer( 2404): getCurrentPosition sec = 786332
02-13 14:06:52.821 E/MediaPlayer( 2404): getDuration_l mDuration = 1296418
02-13 14:06:53.822 E/MediaPlayer( 2404): getCurrentPosition sec = 786332
02-13 14:06:53.822 E/MediaPlayer( 2404): getDuration_l mDuration = 1296418
02-13 14:06:54.823 E/MediaPlayer( 2404): getCurrentPosition sec = 786332
02-13 14:06:54.823 E/MediaPlayer( 2404): getDuration_l mDuration = 1296418
02-13 14:06:55.734 I/wpa_supplicant(  304): State: INACTIVE -> SCANNING
02-13 14:06:55.734 I/wpa_supplicant(  304): CTRL-EVENT-STATE-CHANGE id=-1 state=2 BSSID=00:00:00:00:00:00
02-13 14:06:55.734 D/NetworkStateTracker(  206): setDetailed state, old =IDLE and new state=SCANNING
02-13 14:06:55.824 E/MediaPlayer( 2404): getCurrentPosition sec = 786332
02-13 14:06:55.824 E/MediaPlayer( 2404): getDuration_l mDuration = 1296418
02-13 14:06:56.695 I/dun_service(  130): process rmnet event
02-13 14:06:56.695 I/dun_service(  130): Post event 4
02-13 14:06:56.705 I/dun_service(  130): received event: DUN_EVENT_RMNET_UP 
02-13 14:06:56.705 I/dun_service(  130): received event(DUN_EVENT_RMNET_UP) in state(DUN_STATE_USB_UNPLUG)
02-13 14:06:56.705 I/dun_service(  130): Ignoring the event DUN_EVENT_RMNET_UP in USB_UNPLUG_STATE
02-13 14:06:56.705 I/dun_service(  130): Moved to state(DUN_STATE_USB_UNPLUG)
02-13 14:06:56.705 I/wpa_supplicant(  304): State: SCANNING -> INACTIVE
02-13 14:06:56.705 I/wpa_supplicant(  304): CTRL-EVENT-STATE-CHANGE id=-1 state=1 BSSID=00:00:00:00:00:00
02-13 14:06:56.705 D/WifiStateTracker(  206): setNotificationVisible() visible=false mNotificationShown=false force=false return.
02-13 14:06:56.715 D/NetworkStateTracker(  206): setDetailed state, old =SCANNING and new state=IDLE
02-13 14:06:56.835 E/MediaPlayer( 2404): getCurrentPosition sec = 786332
02-13 14:06:56.835 E/MediaPlayer( 2404): getDuration_l mDuration = 1296418
02-13 14:06:57.836 E/MediaPlayer( 2404): getCurrentPosition sec = 786332
02-13 14:06:57.836 E/MediaPlayer( 2404): getDuration_l mDuration = 1296418
02-13 14:06:58.837 E/MediaPlayer( 2404): getCurrentPosition sec = 786332
02-13 14:06:58.837 E/MediaPlayer( 2404): getDuration_l mDuration = 1296418
02-13 14:06:59.838 E/MediaPlayer( 2404): getCurrentPosition sec = 786332
02-13 14:06:59.838 E/MediaPlayer( 2404): getDuration_l mDuration = 1296418
02-13 14:07:00.008 D/KeyguardUpdateMonitor(  206): received broadcast android.intent.action.TIME_TICK
02-13 14:07:00.008 D/KeyguardUpdateMonitor(  206): handleTimeUpdate
02-13 14:07:00.849 E/MediaPlayer( 2404): getCurrentPosition sec = 786332
02-13 14:07:00.849 E/MediaPlayer( 2404): getDuration_l mDuration = 1296418
02-13 14:07:01.860 E/MediaPlayer( 2404): getCurrentPosition sec = 786332
02-13 14:07:01.860 E/MediaPlayer( 2404): getDuration_l mDuration = 1296418
02-13 14:07:02.861 E/MediaPlayer( 2404): getCurrentPosition sec = 786332
02-13 14:07:02.861 E/MediaPlayer( 2404): getDuration_l mDuration = 1296418
02-13 14:07:03.051 D/DATA    (  331): [DSST(0)] pollstate() : reason = data network state changed
02-13 14:07:03.111 D/MobileDataStateTracker(  206): [hipri]  MobileDataStateReceiver onReceive(): Entry.
02-13 14:07:03.111 D/MobileDataStateTracker(  206): [hipri]  intent.getAction()= android.intent.action.SERVICE_STATE
02-13 14:07:03.111 D/MobileDataStateTracker(  206): [hipri]  mEnabled = true
02-13 14:07:03.111 D/MobileDataStateTracker(  206): [dun]  MobileDataStateReceiver onReceive(): Entry.
02-13 14:07:03.111 D/MobileDataStateTracker(  206): [dun]  intent.getAction()= android.intent.action.SERVICE_STATE
02-13 14:07:03.111 D/MobileDataStateTracker(  206): [dun]  mEnabled = false
02-13 14:07:03.121 D/MobileDataStateTracker(  206): [supl]  MobileDataStateReceiver onReceive(): Entry.
02-13 14:07:03.121 D/MobileDataStateTracker(  206): [supl]  intent.getAction()= android.intent.action.SERVICE_STATE
02-13 14:07:03.121 D/MobileDataStateTracker(  206): [supl]  mEnabled = false
02-13 14:07:03.121 D/MobileDataStateTracker(  206): [mms]  MobileDataStateReceiver onReceive(): Entry.
02-13 14:07:03.121 D/MobileDataStateTracker(  206): [mms]  intent.getAction()= android.intent.action.SERVICE_STATE
02-13 14:07:03.121 D/MobileDataStateTracker(  206): [mms]  mEnabled = false
02-13 14:07:03.121 D/MobileDataStateTracker(  206): [default]  MobileDataStateReceiver onReceive(): Entry.
02-13 14:07:03.121 D/MobileDataStateTracker(  206): [default]  intent.getAction()= android.intent.action.SERVICE_STATE
02-13 14:07:03.121 D/MobileDataStateTracker(  206): [default]  mEnabled = true
02-13 14:07:03.131 D/CallManager(  331):  handleMessage (EVENT_SERVICE_STATE_CHANGED)
02-13 14:07:03.131 E/BT HS/HF(  331): SERVICE_STATE_CHANGED called
02-13 14:07:03.131 E/BT HS/HF(  331): updateServiceState called, sendUpdate:false  ServiceState:0 home Sprint  310099  EvDo rev. A CSS not supported 41 4139RoamInd: 1RoamStatus(sprint): 1DefRoamInd: 160EmergOnly: false
02-13 14:07:03.131 E/BT HS/HF(  331): service:1 mService:1
02-13 14:07:03.131 D/DATA    (  331): [DSST(0)]  registrationState = 1  radioTechnology = 8 reasonForDenial = 0
02-13 14:07:03.131 D/DATA    (  331): [DSST(0)]  set mNewDataConnectionState = 0
02-13 14:07:03.131 D/DATA    (  331): [DSST(0)]  mNewDataConnectionState : 0  mDataConnectionState : 0
02-13 14:07:03.131 D/DATA    (  331): [DSST(0)] Poll ServiceState done: oldSS=[0 home null null null  EvDo rev. A CSS not supported -1 -1RoamInd: -1RoamStatus(sprint): -1DefRoamInd: -1EmergOnly: false] newSS=[0 home null null null  EvDo rev. A CSS not supported -1 -1RoamInd: -1RoamStatus(sprint): -1DefRoamInd: -1EmergOnly: false]
02-13 14:07:03.131 D/DATA    (  331): [DSST(0)]  mDataConnectionState = 0
02-13 14:07:03.151 D/Mms     ( 1781): currentRoamingStatus:1
02-13 14:07:03.862 E/MediaPlayer( 2404): getCurrentPosition sec = 786332
02-13 14:07:03.862 E/MediaPlayer( 2404): getDuration_l mDuration = 1296418
02-13 14:07:04.863 E/MediaPlayer( 2404): getCurrentPosition sec = 786332
02-13 14:07:04.863 E/MediaPlayer( 2404): getDuration_l mDuration = 1296418
02-13 14:07:05.623 D/DATA    (  331): [DSST(0)] pollstate() : reason = data network state changed
02-13 14:07:05.683 D/MobileDataStateTracker(  206): [hipri]  MobileDataStateReceiver onReceive(): Entry.
02-13 14:07:05.683 D/MobileDataStateTracker(  206): [hipri]  intent.getAction()= android.intent.action.SERVICE_STATE
02-13 14:07:05.683 D/MobileDataStateTracker(  206): [hipri]  mEnabled = true
02-13 14:07:05.693 D/MobileDataStateTracker(  206): [dun]  MobileDataStateReceiver onReceive(): Entry.
02-13 14:07:05.693 D/MobileDataStateTracker(  206): [dun]  intent.getAction()= android.intent.action.SERVICE_STATE
02-13 14:07:05.693 D/MobileDataStateTracker(  206): [dun]  mEnabled = false
02-13 14:07:05.693 D/MobileDataStateTracker(  206): [supl]  MobileDataStateReceiver onReceive(): Entry.
02-13 14:07:05.693 D/MobileDataStateTracker(  206): [supl]  intent.getAction()= android.intent.action.SERVICE_STATE
02-13 14:07:05.693 D/MobileDataStateTracker(  206): [supl]  mEnabled = false
02-13 14:07:05.693 D/MobileDataStateTracker(  206): [mms]  MobileDataStateReceiver onReceive(): Entry.
02-13 14:07:05.693 D/MobileDataStateTracker(  206): [mms]  intent.getAction()= android.intent.action.SERVICE_STATE
02-13 14:07:05.693 D/MobileDataStateTracker(  206): [mms]  mEnabled = false
02-13 14:07:05.693 D/MobileDataStateTracker(  206): [default]  MobileDataStateReceiver onReceive(): Entry.
02-13 14:07:05.693 D/MobileDataStateTracker(  206): [default]  intent.getAction()= android.intent.action.SERVICE_STATE
02-13 14:07:05.693 D/MobileDataStateTracker(  206): [default]  mEnabled = true
02-13 14:07:05.693 D/CallManager(  331):  handleMessage (EVENT_SERVICE_STATE_CHANGED)
02-13 14:07:05.693 E/BT HS/HF(  331): SERVICE_STATE_CHANGED called
02-13 14:07:05.693 E/BT HS/HF(  331): updateServiceState called, sendUpdate:false  ServiceState:0 home Sprint  310099  EvDo rev. A CSS not supported 41 4139RoamInd: 1RoamStatus(sprint): 1DefRoamInd: 160EmergOnly: false
02-13 14:07:05.693 E/BT HS/HF(  331): service:1 mService:1
02-13 14:07:05.693 D/DATA    (  331): [DSST(0)]  registrationState = 1  radioTechnology = 8 reasonForDenial = 0
02-13 14:07:05.693 D/DATA    (  331): [DSST(0)]  set mNewDataConnectionState = 0
02-13 14:07:05.693 D/DATA    (  331): [DSST(0)]  mNewDataConnectionState : 0  mDataConnectionState : 0
02-13 14:07:05.703 D/DATA    (  331): [DSST(0)] Poll ServiceState done: oldSS=[0 home null null null  EvDo rev. A CSS not supported -1 -1RoamInd: -1RoamStatus(sprint): -1DefRoamInd: -1EmergOnly: false] newSS=[0 home null null null  EvDo rev. A CSS not supported -1 -1RoamInd: -1RoamStatus(sprint): -1DefRoamInd: -1EmergOnly: false]
02-13 14:07:05.703 D/DATA    (  331): [DSST(0)]  mDataConnectionState = 0
02-13 14:07:05.723 D/Mms     ( 1781): currentRoamingStatus:1
02-13 14:07:05.864 E/MediaPlayer( 2404): getCurrentPosition sec = 786332
02-13 14:07:05.864 E/MediaPlayer( 2404): getDuration_l mDuration = 1296418
02-13 14:07:06.865 E/MediaPlayer( 2404): getCurrentPosition sec = 786332
02-13 14:07:06.865 E/MediaPlayer( 2404): getDuration_l mDuration = 1296418
02-13 14:07:07.866 E/MediaPlayer( 2404): getCurrentPosition sec = 786332
02-13 14:07:07.866 E/MediaPlayer( 2404): getDuration_l mDuration = 1296418
02-13 14:07:08.877 E/MediaPlayer( 2404): getCurrentPosition sec = 786332
02-13 14:07:08.877 E/MediaPlayer( 2404): getDuration_l mDuration = 1296418
02-13 14:07:09.868 E/MediaPlayer( 2404): getCurrentPosition sec = 786332
02-13 14:07:09.868 E/MediaPlayer( 2404): getDuration_l mDuration = 1296418
02-13 14:07:10.258 I/DATA    (  331): [DCT(0) ] onDataCallListChanged:
02-13 14:07:10.258 I/DATA    (  331): [DCT(0) ] ---dc state list---
02-13 14:07:10.258 I/DATA    (  331): [DCT(0) ] DataCallState: { cid: 0, active: 1, type: , apn: , address: 174.156.234.163 }
02-13 14:07:10.258 I/DATA    (  331): [DCT(0) ] ---dc list---
02-13 14:07:10.268 I/DATA    (  331): [DCT(0) ] cid = 0, state = DcActiveState, bearerType = IP, ipaddress = 174.156.234.163, gw=174.156.234.161, dns=[68.28.67.132, 68.28.68.132]
02-13 14:07:10.678 D/DATA    (  331): [DSST(0)] pollstate() : reason = data network state changed
02-13 14:07:10.728 D/MobileDataStateTracker(  206): [hipri]  MobileDataStateReceiver onReceive(): Entry.
02-13 14:07:10.728 D/MobileDataStateTracker(  206): [hipri]  intent.getAction()= android.intent.action.SERVICE_STATE
02-13 14:07:10.728 D/MobileDataStateTracker(  206): [hipri]  mEnabled = true
02-13 14:07:10.728 D/MobileDataStateTracker(  206): [dun]  MobileDataStateReceiver onReceive(): Entry.
02-13 14:07:10.728 D/MobileDataStateTracker(  206): [dun]  intent.getAction()= android.intent.action.SERVICE_STATE
02-13 14:07:10.728 D/MobileDataStateTracker(  206): [dun]  mEnabled = false
02-13 14:07:10.728 D/MobileDataStateTracker(  206): [supl]  MobileDataStateReceiver onReceive(): Entry.
02-13 14:07:10.728 D/MobileDataStateTracker(  206): [supl]  intent.getAction()= android.intent.action.SERVICE_STATE
02-13 14:07:10.728 D/MobileDataStateTracker(  206): [supl]  mEnabled = false
02-13 14:07:10.738 D/MobileDataStateTracker(  206): [mms]  MobileDataStateReceiver onReceive(): Entry.
02-13 14:07:10.738 D/MobileDataStateTracker(  206): [mms]  intent.getAction()= android.intent.action.SERVICE_STATE
02-13 14:07:10.738 D/MobileDataStateTracker(  206): [mms]  mEnabled = false
02-13 14:07:10.738 D/MobileDataStateTracker(  206): [default]  MobileDataStateReceiver onReceive(): Entry.
02-13 14:07:10.738 D/MobileDataStateTracker(  206): [default]  intent.getAction()= android.intent.action.SERVICE_STATE
02-13 14:07:10.738 D/MobileDataStateTracker(  206): [default]  mEnabled = true
02-13 14:07:10.738 D/CallManager(  331):  handleMessage (EVENT_SERVICE_STATE_CHANGED)
02-13 14:07:10.738 E/BT HS/HF(  331): SERVICE_STATE_CHANGED called
02-13 14:07:10.748 E/BT HS/HF(  331): updateServiceState called, sendUpdate:false  ServiceState:0 home Sprint  310099  EvDo rev. A CSS not supported 41 4139RoamInd: 1RoamStatus(sprint): 1DefRoamInd: 160EmergOnly: false
02-13 14:07:10.748 E/BT HS/HF(  331): service:1 mService:1
02-13 14:07:10.748 D/DATA    (  331): [DSST(0)]  registrationState = 1  radioTechnology = 8 reasonForDenial = 0
02-13 14:07:10.748 D/DATA    (  331): [DSST(0)]  set mNewDataConnectionState = 0
02-13 14:07:10.748 D/DATA    (  331): [DSST(0)]  mNewDataConnectionState : 0  mDataConnectionState : 0
02-13 14:07:10.748 D/DATA    (  331): [DSST(0)] Poll ServiceState done: oldSS=[0 home null null null  EvDo rev. A CSS not supported -1 -1RoamInd: -1RoamStatus(sprint): -1DefRoamInd: -1EmergOnly: false] newSS=[0 home null null null  EvDo rev. A CSS not supported -1 -1RoamInd: -1RoamStatus(sprint): -1DefRoamInd: -1EmergOnly: false]
02-13 14:07:10.758 D/DATA    (  331): [DSST(0)]  mDataConnectionState = 0
02-13 14:07:10.788 D/Mms     ( 1781): currentRoamingStatus:1
02-13 14:07:10.879 E/MediaPlayer( 2404): getCurrentPosition sec = 786332
02-13 14:07:10.879 E/MediaPlayer( 2404): getDuration_l mDuration = 1296418
02-13 14:07:11.709 I/wpa_supplicant(  304): State: INACTIVE -> SCANNING
02-13 14:07:11.709 I/wpa_supplicant(  304): CTRL-EVENT-STATE-CHANGE id=-1 state=2 BSSID=00:00:00:00:00:00
02-13 14:07:11.719 D/NetworkStateTracker(  206): setDetailed state, old =IDLE and new state=SCANNING
02-13 14:07:11.880 E/MediaPlayer( 2404): getCurrentPosition sec = 786332
02-13 14:07:11.880 E/MediaPlayer( 2404): getDuration_l mDuration = 1296418
02-13 14:07:12.690 I/dun_service(  130): process rmnet event
02-13 14:07:12.690 I/dun_service(  130): Post event 4
02-13 14:07:12.690 I/dun_service(  130): received event: DUN_EVENT_RMNET_UP 
02-13 14:07:12.690 I/dun_service(  130): received event(DUN_EVENT_RMNET_UP) in state(DUN_STATE_USB_UNPLUG)
02-13 14:07:12.690 I/dun_service(  130): Ignoring the event DUN_EVENT_RMNET_UP in USB_UNPLUG_STATE
02-13 14:07:12.690 I/dun_service(  130): Moved to state(DUN_STATE_USB_UNPLUG)
02-13 14:07:12.690 I/wpa_supplicant(  304): State: SCANNING -> INACTIVE
02-13 14:07:12.690 I/wpa_supplicant(  304): CTRL-EVENT-STATE-CHANGE id=-1 state=1 BSSID=00:00:00:00:00:00
02-13 14:07:12.700 D/NetworkStateTracker(  206): setDetailed state, old =SCANNING and new state=IDLE
02-13 14:07:12.710 D/WifiStateTracker(  206): setNotificationVisible() visible=false mNotificationShown=false force=false return.
02-13 14:07:12.890 E/MediaPlayer( 2404): getCurrentPosition sec = 786332
02-13 14:07:12.890 E/MediaPlayer( 2404): getDuration_l mDuration = 1296418
02-13 14:07:13.881 E/MediaPlayer( 2404): getCurrentPosition sec = 786332
02-13 14:07:13.881 E/MediaPlayer( 2404): getDuration_l mDuration = 1296418
02-13 14:07:14.892 E/MediaPlayer( 2404): getCurrentPosition sec = 786332
02-13 14:07:14.892 E/MediaPlayer( 2404): getDuration_l mDuration = 1296418
02-13 14:07:15.793 D/DATA    (  331): [DSST(0)] pollstate() : reason = data network state changed
02-13 14:07:15.823 D/MobileDataStateTracker(  206): [hipri]  MobileDataStateReceiver onReceive(): Entry.
02-13 14:07:15.823 D/MobileDataStateTracker(  206): [hipri]  intent.getAction()= android.intent.action.SERVICE_STATE
02-13 14:07:15.823 D/MobileDataStateTracker(  206): [hipri]  mEnabled = true
02-13 14:07:15.823 D/MobileDataStateTracker(  206): [dun]  MobileDataStateReceiver onReceive(): Entry.
02-13 14:07:15.823 D/MobileDataStateTracker(  206): [dun]  intent.getAction()= android.intent.action.SERVICE_STATE
02-13 14:07:15.823 D/MobileDataStateTracker(  206): [dun]  mEnabled = false
02-13 14:07:15.823 D/MobileDataStateTracker(  206): [supl]  MobileDataStateReceiver onReceive(): Entry.
02-13 14:07:15.823 D/MobileDataStateTracker(  206): [supl]  intent.getAction()= android.intent.action.SERVICE_STATE
02-13 14:07:15.823 D/MobileDataStateTracker(  206): [supl]  mEnabled = false
02-13 14:07:15.833 D/MobileDataStateTracker(  206): [mms]  MobileDataStateReceiver onReceive(): Entry.
02-13 14:07:15.833 D/MobileDataStateTracker(  206): [mms]  intent.getAction()= android.intent.action.SERVICE_STATE
02-13 14:07:15.833 D/MobileDataStateTracker(  206): [mms]  mEnabled = false
02-13 14:07:15.833 D/MobileDataStateTracker(  206): [default]  MobileDataStateReceiver onReceive(): Entry.
02-13 14:07:15.833 D/MobileDataStateTracker(  206): [default]  intent.getAction()= android.intent.action.SERVICE_STATE
02-13 14:07:15.833 D/MobileDataStateTracker(  206): [default]  mEnabled = true
02-13 14:07:15.853 D/CallManager(  331):  handleMessage (EVENT_SERVICE_STATE_CHANGED)
02-13 14:07:15.853 E/BT HS/HF(  331): SERVICE_STATE_CHANGED called
02-13 14:07:15.853 E/BT HS/HF(  331): updateServiceState called, sendUpdate:false  ServiceState:0 home Sprint  310099  EvDo rev. A CSS not supported 41 4139RoamInd: 1RoamStatus(sprint): 1DefRoamInd: 160EmergOnly: false
02-13 14:07:15.853 E/BT HS/HF(  331): service:1 mService:1
02-13 14:07:15.853 D/DATA    (  331): [DSST(0)]  registrationState = 1  radioTechnology = 8 reasonForDenial = 0
02-13 14:07:15.853 D/DATA    (  331): [DSST(0)]  set mNewDataConnectionState = 0
02-13 14:07:15.853 D/DATA    (  331): [DSST(0)]  mNewDataConnectionState : 0  mDataConnectionState : 0
02-13 14:07:15.853 D/DATA    (  331): [DSST(0)] Poll ServiceState done: oldSS=[0 home null null null  EvDo rev. A CSS not supported -1 -1RoamInd: -1RoamStatus(sprint): -1DefRoamInd: -1EmergOnly: false] newSS=[0 home null null null  EvDo rev. A CSS not supported -1 -1RoamInd: -1RoamStatus(sprint): -1DefRoamInd: -1EmergOnly: false]
02-13 14:07:15.853 D/DATA    (  331): [DSST(0)]  mDataConnectionState = 0
02-13 14:07:15.853 D/Mms     ( 1781): currentRoamingStatus:1
02-13 14:07:15.893 E/MediaPlayer( 2404): getCurrentPosition sec = 786332
02-13 14:07:15.893 E/MediaPlayer( 2404): getDuration_l mDuration = 1296418
02-13 14:07:16.894 E/MediaPlayer( 2404): getCurrentPosition sec = 786332
02-13 14:07:16.894 E/MediaPlayer( 2404): getDuration_l mDuration = 1296418
02-13 14:07:17.895 E/MediaPlayer( 2404): getCurrentPosition sec = 786332
02-13 14:07:17.895 E/MediaPlayer( 2404): getDuration_l mDuration = 1296418
02-13 14:07:18.906 E/MediaPlayer( 2404): getCurrentPosition sec = 786332
02-13 14:07:18.906 E/MediaPlayer( 2404): getDuration_l mDuration = 1296418
02-13 14:07:19.907 E/MediaPlayer( 2404): getCurrentPosition sec = 786332
02-13 14:07:19.907 E/MediaPlayer( 2404): getDuration_l mDuration = 1296418
02-13 14:07:20.908 E/MediaPlayer( 2404): getCurrentPosition sec = 786332
02-13 14:07:20.908 E/MediaPlayer( 2404): getDuration_l mDuration = 1296418
02-13 14:07:20.928 D/DATA    (  331): [DSST(0)] pollstate() : reason = data network state changed
02-13 14:07:21.008 D/MobileDataStateTracker(  206): [hipri]  MobileDataStateReceiver onReceive(): Entry.
02-13 14:07:21.008 D/MobileDataStateTracker(  206): [hipri]  intent.getAction()= android.intent.action.SERVICE_STATE
02-13 14:07:21.008 D/MobileDataStateTracker(  206): [hipri]  mEnabled = true
02-13 14:07:21.008 D/MobileDataStateTracker(  206): [dun]  MobileDataStateReceiver onReceive(): Entry.
02-13 14:07:21.008 D/MobileDataStateTracker(  206): [dun]  intent.getAction()= android.intent.action.SERVICE_STATE
02-13 14:07:21.008 D/MobileDataStateTracker(  206): [dun]  mEnabled = false
02-13 14:07:21.008 D/MobileDataStateTracker(  206): [supl]  MobileDataStateReceiver onReceive(): Entry.
02-13 14:07:21.008 D/MobileDataStateTracker(  206): [supl]  intent.getAction()= android.intent.action.SERVICE_STATE
02-13 14:07:21.008 D/MobileDataStateTracker(  206): [supl]  mEnabled = false
02-13 14:07:21.018 D/MobileDataStateTracker(  206): [mms]  MobileDataStateReceiver onReceive(): Entry.
02-13 14:07:21.018 D/MobileDataStateTracker(  206): [mms]  intent.getAction()= android.intent.action.SERVICE_STATE
02-13 14:07:21.018 D/MobileDataStateTracker(  206): [mms]  mEnabled = false
02-13 14:07:21.018 D/MobileDataStateTracker(  206): [default]  MobileDataStateReceiver onReceive(): Entry.
02-13 14:07:21.018 D/MobileDataStateTracker(  206): [default]  intent.getAction()= android.intent.action.SERVICE_STATE
02-13 14:07:21.018 D/MobileDataStateTracker(  206): [default]  mEnabled = true
02-13 14:07:21.018 D/DATA    (  331): [DSST(0)]  registrationState = 1  radioTechnology = 8 reasonForDenial = 0
02-13 14:07:21.018 D/DATA    (  331): [DSST(0)]  set mNewDataConnectionState = 0
02-13 14:07:21.018 D/DATA    (  331): [DSST(0)]  mNewDataConnectionState : 0  mDataConnectionState : 0
02-13 14:07:21.018 D/DATA    (  331): [DSST(0)] Poll ServiceState done: oldSS=[0 home null null null  EvDo rev. A CSS not supported -1 -1RoamInd: -1RoamStatus(sprint): -1DefRoamInd: -1EmergOnly: false] newSS=[0 home null null null  EvDo rev. A CSS not supported -1 -1RoamInd: -1RoamStatus(sprint): -1DefRoamInd: -1EmergOnly: false]
02-13 14:07:21.018 D/DATA    (  331): [DSST(0)]  mDataConnectionState = 0
02-13 14:07:21.018 D/CallManager(  331):  handleMessage (EVENT_SERVICE_STATE_CHANGED)
02-13 14:07:21.018 E/BT HS/HF(  331): SERVICE_STATE_CHANGED called
02-13 14:07:21.018 E/BT HS/HF(  331): updateServiceState called, sendUpdate:false  ServiceState:0 home Sprint  310099  EvDo rev. A CSS not supported 41 4139RoamInd: 1RoamStatus(sprint): 1DefRoamInd: 160EmergOnly: false
02-13 14:07:21.018 E/BT HS/HF(  331): service:1 mService:1
02-13 14:07:21.018 D/Mms     ( 1781): currentRoamingStatus:1
02-13 14:07:21.909 E/MediaPlayer( 2404): getCurrentPosition sec = 786332
02-13 14:07:21.909 E/MediaPlayer( 2404): getDuration_l mDuration = 1296418
02-13 14:07:22.910 E/MediaPlayer( 2404): getCurrentPosition sec = 786332
02-13 14:07:22.910 E/MediaPlayer( 2404): getDuration_l mDuration = 1296418
02-13 14:07:23.211 I/DATA    (  331): [DCT(0) ] onDataCallListChanged:
02-13 14:07:23.211 I/DATA    (  331): [DCT(0) ] ---dc state list---
02-13 14:07:23.211 I/DATA    (  331): [DCT(0) ] DataCallState: { cid: 0, active: 2, type: , apn: , address: 174.156.234.163 }
02-13 14:07:23.211 I/DATA    (  331): [DCT(0) ] ---dc list---
02-13 14:07:23.211 I/DATA    (  331): [DCT(0) ] cid = 0, state = DcActiveState, bearerType = IP, ipaddress = 174.156.234.163, gw=174.156.234.161, dns=[68.28.67.132, 68.28.68.132]
02-13 14:07:23.911 E/MediaPlayer( 2404): getCurrentPosition sec = 786332
02-13 14:07:23.911 E/MediaPlayer( 2404): getDuration_l mDuration = 1296418
02-13 14:07:24.532 W/AudioTrack(  121): obtainBuffer() track 0x23e98 disabled, restarting
02-13 14:07:24.532 D/AudioFlinger(  121): start(4098), calling thread 121 session 31
02-13 14:07:24.542 D/AudioHardwareMSM7X30(  121): value of device and enable is 2 1 ALSA dev id:3
02-13 14:07:24.632 D/AudioHardwareMSM7X30(  121): msm_route_stream(PCM_PLAY,5,3,1)
02-13 14:07:24.632 W/AudioFlinger(  121): write blocked for 93 msecs, 6 delayed writes, thread 0x1b7f0
02-13 14:07:24.912 E/MediaPlayer( 2404): getCurrentPosition sec = 786881
02-13 14:07:24.912 E/MediaPlayer( 2404): getDuration_l mDuration = 1296418
02-13 14:07:25.923 E/MediaPlayer( 2404): getCurrentPosition sec = 787841
02-13 14:07:25.923 E/MediaPlayer( 2404): getDuration_l mDuration = 1296418
02-13 14:07:26.924 E/MediaPlayer( 2404): getCurrentPosition sec = 788528
02-13 14:07:26.924 E/MediaPlayer( 2404): getDuration_l mDuration = 1296418
02-13 14:07:27.295 D/DATA    (  331): [DSST(0)] pollstate() : reason = data network state changed
02-13 14:07:27.395 D/MobileDataStateTracker(  206): [hipri]  MobileDataStateReceiver onReceive(): Entry.
02-13 14:07:27.395 D/MobileDataStateTracker(  206): [hipri]  intent.getAction()= android.intent.action.SERVICE_STATE
02-13 14:07:27.395 D/MobileDataStateTracker(  206): [hipri]  mEnabled = true
02-13 14:07:27.395 D/MobileDataStateTracker(  206): [dun]  MobileDataStateReceiver onReceive(): Entry.
02-13 14:07:27.395 D/MobileDataStateTracker(  206): [dun]  intent.getAction()= android.intent.action.SERVICE_STATE
02-13 14:07:27.395 D/MobileDataStateTracker(  206): [dun]  mEnabled = false
02-13 14:07:27.405 D/CallManager(  331):  handleMessage (EVENT_SERVICE_STATE_CHANGED)
02-13 14:07:27.405 E/BT HS/HF(  331): SERVICE_STATE_CHANGED called
02-13 14:07:27.405 E/BT HS/HF(  331): updateServiceState called, sendUpdate:false  ServiceState:0 home Sprint  310099  EvDo rev. A CSS not supported 41 4139RoamInd: 1RoamStatus(sprint): 1DefRoamInd: 160EmergOnly: false
02-13 14:07:27.405 E/BT HS/HF(  331): service:1 mService:1
02-13 14:07:27.405 D/DATA    (  331): [DSST(0)]  registrationState = 1  radioTechnology = 8 reasonForDenial = 0
02-13 14:07:27.405 D/DATA    (  331): [DSST(0)]  set mNewDataConnectionState = 0
02-13 14:07:27.405 D/MobileDataStateTracker(  206): [supl]  MobileDataStateReceiver onReceive(): Entry.
02-13 14:07:27.405 D/MobileDataStateTracker(  206): [supl]  intent.getAction()= android.intent.action.SERVICE_STATE
02-13 14:07:27.405 D/MobileDataStateTracker(  206): [supl]  mEnabled = false
02-13 14:07:27.405 D/MobileDataStateTracker(  206): [mms]  MobileDataStateReceiver onReceive(): Entry.
02-13 14:07:27.405 D/MobileDataStateTracker(  206): [mms]  intent.getAction()= android.intent.action.SERVICE_STATE
02-13 14:07:27.405 D/MobileDataStateTracker(  206): [mms]  mEnabled = false
02-13 14:07:27.405 D/MobileDataStateTracker(  206): [default]  MobileDataStateReceiver onReceive(): Entry.
02-13 14:07:27.405 D/MobileDataStateTracker(  206): [default]  intent.getAction()= android.intent.action.SERVICE_STATE
02-13 14:07:27.405 D/MobileDataStateTracker(  206): [default]  mEnabled = true
02-13 14:07:27.405 D/DATA    (  331): [DSST(0)]  mNewDataConnectionState : 0  mDataConnectionState : 0
02-13 14:07:27.405 D/DATA    (  331): [DSST(0)] Poll ServiceState done: oldSS=[0 home null null null  EvDo rev. A CSS not supported -1 -1RoamInd: -1RoamStatus(sprint): -1DefRoamInd: -1EmergOnly: false] newSS=[0 home null null null  EvDo rev. A CSS not supported -1 -1RoamInd: -1RoamStatus(sprint): -1DefRoamInd: -1EmergOnly: false]
02-13 14:07:27.405 D/DATA    (  331): [DSST(0)]  mDataConnectionState = 0
02-13 14:07:27.445 D/Mms     ( 1781): currentRoamingStatus:1
02-13 14:07:27.725 I/wpa_supplicant(  304): State: INACTIVE -> SCANNING
02-13 14:07:27.725 I/wpa_supplicant(  304): CTRL-EVENT-STATE-CHANGE id=-1 state=2 BSSID=00:00:00:00:00:00
02-13 14:07:27.725 D/NetworkStateTracker(  206): setDetailed state, old =IDLE and new state=SCANNING
02-13 14:07:27.935 E/MediaPlayer( 2404): getCurrentPosition sec = 788528
02-13 14:07:27.935 E/MediaPlayer( 2404): getDuration_l mDuration = 1296418
02-13 14:07:28.686 I/wpa_supplicant(  304): State: SCANNING -> INACTIVE
02-13 14:07:28.686 I/wpa_supplicant(  304): CTRL-EVENT-STATE-CHANGE id=-1 state=1 BSSID=00:00:00:00:00:00
02-13 14:07:28.686 I/dun_service(  130): process rmnet event
02-13 14:07:28.686 I/dun_service(  130): Post event 4
02-13 14:07:28.686 I/dun_service(  130): received event: DUN_EVENT_RMNET_UP 
02-13 14:07:28.686 I/dun_service(  130): received event(DUN_EVENT_RMNET_UP) in state(DUN_STATE_USB_UNPLUG)
02-13 14:07:28.686 I/dun_service(  130): Ignoring the event DUN_EVENT_RMNET_UP in USB_UNPLUG_STATE
02-13 14:07:28.686 I/dun_service(  130): Moved to state(DUN_STATE_USB_UNPLUG)
02-13 14:07:28.696 D/NetworkStateTracker(  206): setDetailed state, old =SCANNING and new state=IDLE
02-13 14:07:28.696 D/WifiStateTracker(  206): setNotificationVisible() visible=false mNotificationShown=false force=false return.
02-13 14:07:28.936 E/MediaPlayer( 2404): getCurrentPosition sec = 788528
02-13 14:07:28.936 E/MediaPlayer( 2404): getDuration_l mDuration = 1296418
02-13 14:07:29.677 W/AudioTrack(  121): obtainBuffer() track 0x23e98 disabled, restarting
02-13 14:07:29.677 D/AudioFlinger(  121): start(4098), calling thread 121 session 31
02-13 14:07:29.937 E/MediaPlayer( 2404): getCurrentPosition sec = 788939
02-13 14:07:29.937 E/MediaPlayer( 2404): getDuration_l mDuration = 1296418
02-13 14:07:30.938 E/MediaPlayer( 2404): getCurrentPosition sec = 790037
02-13 14:07:30.938 E/MediaPlayer( 2404): getDuration_l mDuration = 1296418
02-13 14:07:31.218 D/DATA    (  331): [DSST(0)] pollstate() : reason = data network state changed
02-13 14:07:31.308 D/MobileDataStateTracker(  206): [hipri]  MobileDataStateReceiver onReceive(): Entry.
02-13 14:07:31.308 D/MobileDataStateTracker(  206): [hipri]  intent.getAction()= android.intent.action.SERVICE_STATE
02-13 14:07:31.308 D/MobileDataStateTracker(  206): [hipri]  mEnabled = true
02-13 14:07:31.308 D/MobileDataStateTracker(  206): [dun]  MobileDataStateReceiver onReceive(): Entry.
02-13 14:07:31.308 D/MobileDataStateTracker(  206): [dun]  intent.getAction()= android.intent.action.SERVICE_STATE
02-13 14:07:31.308 D/MobileDataStateTracker(  206): [dun]  mEnabled = false
02-13 14:07:31.308 D/MobileDataStateTracker(  206): [supl]  MobileDataStateReceiver onReceive(): Entry.
02-13 14:07:31.308 D/MobileDataStateTracker(  206): [supl]  intent.getAction()= android.intent.action.SERVICE_STATE
02-13 14:07:31.308 D/MobileDataStateTracker(  206): [supl]  mEnabled = false
02-13 14:07:31.308 D/MobileDataStateTracker(  206): [mms]  MobileDataStateReceiver onReceive(): Entry.
02-13 14:07:31.308 D/MobileDataStateTracker(  206): [mms]  intent.getAction()= android.intent.action.SERVICE_STATE
02-13 14:07:31.308 D/MobileDataStateTracker(  206): [mms]  mEnabled = false
02-13 14:07:31.318 D/MobileDataStateTracker(  206): [default]  MobileDataStateReceiver onReceive(): Entry.
02-13 14:07:31.318 D/MobileDataStateTracker(  206): [default]  intent.getAction()= android.intent.action.SERVICE_STATE
02-13 14:07:31.318 D/MobileDataStateTracker(  206): [default]  mEnabled = true
02-13 14:07:31.328 D/DATA    (  331): [DSST(0)]  registrationState = 1  radioTechnology = 8 reasonForDenial = 0
02-13 14:07:31.328 D/DATA    (  331): [DSST(0)]  set mNewDataConnectionState = 0
02-13 14:07:31.328 D/DATA    (  331): [DSST(0)]  mNewDataConnectionState : 0  mDataConnectionState : 0
02-13 14:07:31.328 D/DATA    (  331): [DSST(0)] Poll ServiceState done: oldSS=[0 home null null null  EvDo rev. A CSS not supported -1 -1RoamInd: -1RoamStatus(sprint): -1DefRoamInd: -1EmergOnly: false] newSS=[0 home null null null  EvDo rev. A CSS not supported -1 -1RoamInd: -1RoamStatus(sprint): -1DefRoamInd: -1EmergOnly: false]
02-13 14:07:31.328 D/DATA    (  331): [DSST(0)]  mDataConnectionState = 0
02-13 14:07:31.328 D/CallManager(  331):  handleMessage (EVENT_SERVICE_STATE_CHANGED)
02-13 14:07:31.328 E/BT HS/HF(  331): SERVICE_STATE_CHANGED called
02-13 14:07:31.328 E/BT HS/HF(  331): updateServiceState called, sendUpdate:false  ServiceState:0 home Sprint  310099  EvDo rev. A CSS not supported 41 4139RoamInd: 1RoamStatus(sprint): 1DefRoamInd: 160EmergOnly: false
02-13 14:07:31.328 E/BT HS/HF(  331): service:1 mService:1
02-13 14:07:31.348 D/Mms     ( 1781): currentRoamingStatus:1
02-13 14:07:31.939 E/MediaPlayer( 2404): getCurrentPosition sec = 790998
02-13 14:07:31.939 E/MediaPlayer( 2404): getDuration_l mDuration = 1296418
02-13 14:07:32.950 E/MediaPlayer( 2404): getCurrentPosition sec = 791272
02-13 14:07:32.950 E/MediaPlayer( 2404): getDuration_l mDuration = 1296418
02-13 14:07:33.951 E/MediaPlayer( 2404): getCurrentPosition sec = 791272
02-13 14:07:33.951 E/MediaPlayer( 2404): getDuration_l mDuration = 1296418
02-13 14:07:34.952 E/MediaPlayer( 2404): getCurrentPosition sec = 791272
02-13 14:07:34.952 E/MediaPlayer( 2404): getDuration_l mDuration = 1296418
02-13 14:07:35.402 D/AudioHardwareMSM7X30(  121): AudioStreamOutMSM72xx::standby()
02-13 14:07:35.402 D/AudioHardwareMSM7X30(  121): Deroute pcm out stream
02-13 14:07:35.402 D/AudioHardwareMSM7X30(  121): updateDeviceInfo: E rx_device 2 and tx_device 3
02-13 14:07:35.402 D/AudioHardwareMSM7X30(  121): No active voicecall/playback, disabling cur_rx 2
02-13 14:07:35.402 D/AudioHardwareMSM7X30(  121): value of device and enable is 2 0 ALSA dev id:3
02-13 14:07:35.412 D/AudioHardwareMSM7X30(  121): No active voicecall/recording, disabling cur_tx 3
02-13 14:07:35.412 D/AudioHardwareMSM7X30(  121): value of device and enable is 3 0 ALSA dev id:10
02-13 14:07:35.412 E/AudioHardwareMSM7X30(  121): There is no node in the routing table!
02-13 14:07:35.412 D/AudioHardwareMSM7X30(  121): updateDeviceInfo: X cur_rx 2 cur_tx 3
02-13 14:07:35.963 E/MediaPlayer( 2404): getCurrentPosition sec = 791272
02-13 14:07:35.973 E/MediaPlayer( 2404): getDuration_l mDuration = 1296418
02-13 14:07:36.323 D/DATA    (  331): [DSST(0)] pollstate() : reason = data network state changed
02-13 14:07:36.373 D/MobileDataStateTracker(  206): [hipri]  MobileDataStateReceiver onReceive(): Entry.
02-13 14:07:36.373 D/MobileDataStateTracker(  206): [hipri]  intent.getAction()= android.intent.action.SERVICE_STATE
02-13 14:07:36.373 D/MobileDataStateTracker(  206): [hipri]  mEnabled = true
02-13 14:07:36.373 D/MobileDataStateTracker(  206): [dun]  MobileDataStateReceiver onReceive(): Entry.
02-13 14:07:36.373 D/MobileDataStateTracker(  206): [dun]  intent.getAction()= android.intent.action.SERVICE_STATE
02-13 14:07:36.373 D/MobileDataStateTracker(  206): [dun]  mEnabled = false
02-13 14:07:36.373 D/MobileDataStateTracker(  206): [supl]  MobileDataStateReceiver onReceive(): Entry.
02-13 14:07:36.373 D/MobileDataStateTracker(  206): [supl]  intent.getAction()= android.intent.action.SERVICE_STATE
02-13 14:07:36.373 D/MobileDataStateTracker(  206): [supl]  mEnabled = false
02-13 14:07:36.383 D/MobileDataStateTracker(  206): [mms]  MobileDataStateReceiver onReceive(): Entry.
02-13 14:07:36.383 D/MobileDataStateTracker(  206): [mms]  intent.getAction()= android.intent.action.SERVICE_STATE
02-13 14:07:36.383 D/MobileDataStateTracker(  206): [mms]  mEnabled = false
02-13 14:07:36.383 D/MobileDataStateTracker(  206): [default]  MobileDataStateReceiver onReceive(): Entry.
02-13 14:07:36.383 D/MobileDataStateTracker(  206): [default]  intent.getAction()= android.intent.action.SERVICE_STATE
02-13 14:07:36.383 D/MobileDataStateTracker(  206): [default]  mEnabled = true
02-13 14:07:36.403 D/CallManager(  331):  handleMessage (EVENT_SERVICE_STATE_CHANGED)
02-13 14:07:36.403 E/BT HS/HF(  331): SERVICE_STATE_CHANGED called
02-13 14:07:36.403 E/BT HS/HF(  331): updateServiceState called, sendUpdate:false  ServiceState:0 home Sprint  310099  EvDo rev. A CSS not supported 41 4139RoamInd: 1RoamStatus(sprint): 1DefRoamInd: 160EmergOnly: false
02-13 14:07:36.403 E/BT HS/HF(  331): service:1 mService:1
02-13 14:07:36.403 D/DATA    (  331): [DSST(0)]  registrationState = 1  radioTechnology = 8 reasonForDenial = 0
02-13 14:07:36.403 D/DATA    (  331): [DSST(0)]  set mNewDataConnectionState = 0
02-13 14:07:36.403 D/DATA    (  331): [DSST(0)]  mNewDataConnectionState : 0  mDataConnectionState : 0
02-13 14:07:36.403 D/DATA    (  331): [DSST(0)] Poll ServiceState done: oldSS=[0 home null null null  EvDo rev. A CSS not supported -1 -1RoamInd: -1RoamStatus(sprint): -1DefRoamInd: -1EmergOnly: false] newSS=[0 home null null null  EvDo rev. A CSS not supported -1 -1RoamInd: -1RoamStatus(sprint): -1DefRoamInd: -1EmergOnly: false]
02-13 14:07:36.403 D/DATA    (  331): [DSST(0)]  mDataConnectionState = 0
02-13 14:07:36.403 D/Mms     ( 1781): currentRoamingStatus:1
02-13 14:07:36.994 E/MediaPlayer( 2404): getCurrentPosition sec = 791272
02-13 14:07:36.994 E/MediaPlayer( 2404): getDuration_l mDuration = 1296418
02-13 14:07:37.995 E/MediaPlayer( 2404): getCurrentPosition sec = 791272
02-13 14:07:37.995 E/MediaPlayer( 2404): getDuration_l mDuration = 1296418
02-13 14:07:38.996 E/MediaPlayer( 2404): getCurrentPosition sec = 791272
02-13 14:07:38.996 E/MediaPlayer( 2404): getDuration_l mDuration = 1296418
02-13 14:07:39.997 E/MediaPlayer( 2404): getCurrentPosition sec = 791272
02-13 14:07:39.997 E/MediaPlayer( 2404): getDuration_l mDuration = 1296418
02-13 14:07:40.998 E/MediaPlayer( 2404): getCurrentPosition sec = 791272
02-13 14:07:40.998 E/MediaPlayer( 2404): getDuration_l mDuration = 1296418
02-13 14:07:41.999 E/MediaPlayer( 2404): getCurrentPosition sec = 791272
02-13 14:07:41.999 E/MediaPlayer( 2404): getDuration_l mDuration = 1296418
02-13 14:07:43.010 E/MediaPlayer( 2404): getCurrentPosition sec = 791272
02-13 14:07:43.010 E/MediaPlayer( 2404): getDuration_l mDuration = 1296418
02-13 14:07:43.701 I/wpa_supplicant(  304): State: INACTIVE -> SCANNING
02-13 14:07:43.701 I/wpa_supplicant(  304): CTRL-EVENT-STATE-CHANGE id=-1 state=2 BSSID=00:00:00:00:00:00
02-13 14:07:43.701 D/NetworkStateTracker(  206): setDetailed state, old =IDLE and new state=SCANNING
02-13 14:07:44.011 E/MediaPlayer( 2404): getCurrentPosition sec = 791272
02-13 14:07:44.011 E/MediaPlayer( 2404): getDuration_l mDuration = 1296418
02-13 14:07:44.661 I/dun_service(  130): process rmnet event
02-13 14:07:44.661 I/dun_service(  130): Post event 4
02-13 14:07:44.661 I/dun_service(  130): received event: DUN_EVENT_RMNET_UP 
02-13 14:07:44.661 I/dun_service(  130): received event(DUN_EVENT_RMNET_UP) in state(DUN_STATE_USB_UNPLUG)
02-13 14:07:44.661 I/dun_service(  130): Ignoring the event DUN_EVENT_RMNET_UP in USB_UNPLUG_STATE
02-13 14:07:44.661 I/dun_service(  130): Moved to state(DUN_STATE_USB_UNPLUG)
02-13 14:07:44.661 I/wpa_supplicant(  304): State: SCANNING -> INACTIVE
02-13 14:07:44.661 I/wpa_supplicant(  304): CTRL-EVENT-STATE-CHANGE id=-1 state=1 BSSID=00:00:00:00:00:00
02-13 14:07:44.671 D/WifiStateTracker(  206): setNotificationVisible() visible=false mNotificationShown=false force=false return.
02-13 14:07:44.671 D/NetworkStateTracker(  206): setDetailed state, old =SCANNING and new state=IDLE
02-13 14:07:45.012 E/MediaPlayer( 2404): getCurrentPosition sec = 791272
02-13 14:07:45.012 E/MediaPlayer( 2404): getDuration_l mDuration = 1296418
02-13 14:07:46.013 E/MediaPlayer( 2404): getCurrentPosition sec = 791272
02-13 14:07:46.013 E/MediaPlayer( 2404): getDuration_l mDuration = 1296418
02-13 14:07:46.583 D/DATA    (  331): [DSST(0)] pollstate() : reason = data network state changed
02-13 14:07:46.633 D/MobileDataStateTracker(  206): [hipri]  MobileDataStateReceiver onReceive(): Entry.
02-13 14:07:46.633 D/MobileDataStateTracker(  206): [hipri]  intent.getAction()= android.intent.action.SERVICE_STATE
02-13 14:07:46.633 D/MobileDataStateTracker(  206): [hipri]  mEnabled = true
02-13 14:07:46.633 D/MobileDataStateTracker(  206): [dun]  MobileDataStateReceiver onReceive(): Entry.
02-13 14:07:46.633 D/MobileDataStateTracker(  206): [dun]  intent.getAction()= android.intent.action.SERVICE_STATE
02-13 14:07:46.633 D/MobileDataStateTracker(  206): [dun]  mEnabled = false
02-13 14:07:46.633 D/MobileDataStateTracker(  206): [supl]  MobileDataStateReceiver onReceive(): Entry.
02-13 14:07:46.633 D/MobileDataStateTracker(  206): [supl]  intent.getAction()= android.intent.action.SERVICE_STATE
02-13 14:07:46.633 D/MobileDataStateTracker(  206): [supl]  mEnabled = false
02-13 14:07:46.633 D/MobileDataStateTracker(  206): [mms]  MobileDataStateReceiver onReceive(): Entry.
02-13 14:07:46.633 D/MobileDataStateTracker(  206): [mms]  intent.getAction()= android.intent.action.SERVICE_STATE
02-13 14:07:46.633 D/MobileDataStateTracker(  206): [mms]  mEnabled = false
02-13 14:07:46.643 D/MobileDataStateTracker(  206): [default]  MobileDataStateReceiver onReceive(): Entry.
02-13 14:07:46.643 D/MobileDataStateTracker(  206): [default]  intent.getAction()= android.intent.action.SERVICE_STATE
02-13 14:07:46.643 D/MobileDataStateTracker(  206): [default]  mEnabled = true
02-13 14:07:46.643 D/DATA    (  331): [DSST(0)]  registrationState = 1  radioTechnology = 8 reasonForDenial = 0
02-13 14:07:46.643 D/DATA    (  331): [DSST(0)]  set mNewDataConnectionState = 0
02-13 14:07:46.643 D/DATA    (  331): [DSST(0)]  mNewDataConnectionState : 0  mDataConnectionState : 0
02-13 14:07:46.643 D/DATA    (  331): [DSST(0)] Poll ServiceState done: oldSS=[0 home null null null  EvDo rev. A CSS not supported -1 -1RoamInd: -1RoamStatus(sprint): -1DefRoamInd: -1EmergOnly: false] newSS=[0 home null null null  EvDo rev. A CSS not supported -1 -1RoamInd: -1RoamStatus(sprint): -1DefRoamInd: -1EmergOnly: false]
02-13 14:07:46.643 D/DATA    (  331): [DSST(0)]  mDataConnectionState = 0
02-13 14:07:46.643 D/CallManager(  331):  handleMessage (EVENT_SERVICE_STATE_CHANGED)
02-13 14:07:46.643 E/BT HS/HF(  331): SERVICE_STATE_CHANGED called
02-13 14:07:46.643 E/BT HS/HF(  331): updateServiceState called, sendUpdate:false  ServiceState:0 home Sprint  310099  EvDo rev. A CSS not supported 41 4139RoamInd: 1RoamStatus(sprint): 1DefRoamInd: 160EmergOnly: false
02-13 14:07:46.643 E/BT HS/HF(  331): service:1 mService:1
02-13 14:07:46.683 D/Mms     ( 1781): currentRoamingStatus:1
02-13 14:07:47.024 E/MediaPlayer( 2404): getCurrentPosition sec = 791272
02-13 14:07:47.024 E/MediaPlayer( 2404): getDuration_l mDuration = 1296418
02-13 14:07:48.025 E/MediaPlayer( 2404): getCurrentPosition sec = 791272
02-13 14:07:48.025 E/MediaPlayer( 2404): getDuration_l mDuration = 1296418
02-13 14:07:49.026 E/MediaPlayer( 2404): getCurrentPosition sec = 791272
02-13 14:07:49.026 E/MediaPlayer( 2404): getDuration_l mDuration = 1296418
02-13 14:07:49.696 W/AudioTrack(  121): obtainBuffer() track 0x23e98 disabled, restarting
02-13 14:07:49.696 D/AudioFlinger(  121): start(4098), calling thread 121 session 31
02-13 14:07:49.706 D/AudioHardwareMSM7X30(  121): value of device and enable is 2 1 ALSA dev id:3
02-13 14:07:49.776 D/AudioHardwareMSM7X30(  121): msm_route_stream(PCM_PLAY,5,3,1)
02-13 14:07:50.037 E/MediaPlayer( 2404): getCurrentPosition sec = 791821
02-13 14:07:50.037 E/MediaPlayer( 2404): getDuration_l mDuration = 1296418
02-13 14:07:50.557 I/dun_service(  130): The value returned from dun_getusbmodemstate_fromsys is 2 
02-13 14:07:50.577 D/KeyguardUpdateMonitor(  206): received broadcast android.intent.action.BATTERY_CHANGED
02-13 14:07:50.587 D/KeyguardUpdateMonitor(  206): handleBatteryUpdate
02-13 14:07:51.038 E/MediaPlayer( 2404): getCurrentPosition sec = 792782
02-13 14:07:51.038 E/MediaPlayer( 2404): getDuration_l mDuration = 1296418
02-13 14:07:51.678 D/DATA    (  331): [DSST(0)] pollstate() : reason = data network state changed
02-13 14:07:51.708 D/MobileDataStateTracker(  206): [hipri]  MobileDataStateReceiver onReceive(): Entry.
02-13 14:07:51.708 D/MobileDataStateTracker(  206): [hipri]  intent.getAction()= android.intent.action.SERVICE_STATE
02-13 14:07:51.708 D/MobileDataStateTracker(  206): [hipri]  mEnabled = true
02-13 14:07:51.718 D/MobileDataStateTracker(  206): [dun]  MobileDataStateReceiver onReceive(): Entry.
02-13 14:07:51.718 D/MobileDataStateTracker(  206): [dun]  intent.getAction()= android.intent.action.SERVICE_STATE
02-13 14:07:51.718 D/MobileDataStateTracker(  206): [dun]  mEnabled = false
02-13 14:07:51.718 D/MobileDataStateTracker(  206): [supl]  MobileDataStateReceiver onReceive(): Entry.
02-13 14:07:51.718 D/MobileDataStateTracker(  206): [supl]  intent.getAction()= android.intent.action.SERVICE_STATE
02-13 14:07:51.718 D/MobileDataStateTracker(  206): [supl]  mEnabled = false
02-13 14:07:51.718 D/MobileDataStateTracker(  206): [mms]  MobileDataStateReceiver onReceive(): Entry.
02-13 14:07:51.718 D/MobileDataStateTracker(  206): [mms]  intent.getAction()= android.intent.action.SERVICE_STATE
02-13 14:07:51.718 D/MobileDataStateTracker(  206): [mms]  mEnabled = false
02-13 14:07:51.728 D/MobileDataStateTracker(  206): [default]  MobileDataStateReceiver onReceive(): Entry.
02-13 14:07:51.728 D/MobileDataStateTracker(  206): [default]  intent.getAction()= android.intent.action.SERVICE_STATE
02-13 14:07:51.728 D/MobileDataStateTracker(  206): [default]  mEnabled = true
02-13 14:07:51.728 D/CallManager(  331):  handleMessage (EVENT_SERVICE_STATE_CHANGED)
02-13 14:07:51.728 E/BT HS/HF(  331): SERVICE_STATE_CHANGED called
02-13 14:07:51.728 E/BT HS/HF(  331): updateServiceState called, sendUpdate:false  ServiceState:0 home Sprint  310099  EvDo rev. A CSS not supported 41 4139RoamInd: 1RoamStatus(sprint): 1DefRoamInd: 160EmergOnly: false
02-13 14:07:51.728 E/BT HS/HF(  331): service:1 mService:1
02-13 14:07:51.738 D/DATA    (  331): [DSST(0)]  registrationState = 1  radioTechnology = 8 reasonForDenial = 0
02-13 14:07:51.738 D/DATA    (  331): [DSST(0)]  set mNewDataConnectionState = 0
02-13 14:07:51.738 D/DATA    (  331): [DSST(0)]  mNewDataConnectionState : 0  mDataConnectionState : 0
02-13 14:07:51.738 D/DATA    (  331): [DSST(0)] Poll ServiceState done: oldSS=[0 home null null null  EvDo rev. A CSS not supported -1 -1RoamInd: -1RoamStatus(sprint): -1DefRoamInd: -1EmergOnly: false] newSS=[0 home null null null  EvDo rev. A CSS not supported -1 -1RoamInd: -1RoamStatus(sprint): -1DefRoamInd: -1EmergOnly: false]
02-13 14:07:51.738 D/DATA    (  331): [DSST(0)]  mDataConnectionState = 0
02-13 14:07:51.758 D/Mms     ( 1781): currentRoamingStatus:1
02-13 14:07:52.039 E/MediaPlayer( 2404): getCurrentPosition sec = 793468
02-13 14:07:52.039 E/MediaPlayer( 2404): getDuration_l mDuration = 1296418
02-13 14:07:53.040 E/MediaPlayer( 2404): getCurrentPosition sec = 793468
02-13 14:07:53.040 E/MediaPlayer( 2404): getDuration_l mDuration = 1296418
02-13 14:07:54.051 E/MediaPlayer( 2404): getCurrentPosition sec = 793468
02-13 14:07:54.051 E/MediaPlayer( 2404): getDuration_l mDuration = 1296418
02-13 14:07:54.881 D/AudioHardwareMSM7X30(  121): AudioStreamOutMSM72xx::standby()
02-13 14:07:54.881 D/AudioHardwareMSM7X30(  121): Deroute pcm out stream
02-13 14:07:54.881 D/AudioHardwareMSM7X30(  121): updateDeviceInfo: E rx_device 2 and tx_device 3
02-13 14:07:54.881 D/AudioHardwareMSM7X30(  121): No active voicecall/playback, disabling cur_rx 2
02-13 14:07:54.881 D/AudioHardwareMSM7X30(  121): value of device and enable is 2 0 ALSA dev id:3
02-13 14:07:54.891 D/AudioHardwareMSM7X30(  121): No active voicecall/recording, disabling cur_tx 3
02-13 14:07:54.891 D/AudioHardwareMSM7X30(  121): value of device and enable is 3 0 ALSA dev id:10
02-13 14:07:54.891 E/AudioHardwareMSM7X30(  121): There is no node in the routing table!
02-13 14:07:54.891 D/AudioHardwareMSM7X30(  121): updateDeviceInfo: X cur_rx 2 cur_tx 3
02-13 14:07:55.062 E/MediaPlayer( 2404): getCurrentPosition sec = 793468
02-13 14:07:55.062 E/MediaPlayer( 2404): getDuration_l mDuration = 1296418
02-13 14:07:56.053 E/MediaPlayer( 2404): getCurrentPosition sec = 793468
02-13 14:07:56.053 E/MediaPlayer( 2404): getDuration_l mDuration = 1296418
02-13 14:07:57.064 E/MediaPlayer( 2404): getCurrentPosition sec = 793468
02-13 14:07:57.064 E/MediaPlayer( 2404): getDuration_l mDuration = 1296418
02-13 14:07:57.524 W/AudioTrack(  121): obtainBuffer() track 0x23e98 disabled, restarting
02-13 14:07:57.524 D/AudioFlinger(  121): start(4098), calling thread 121 session 31
02-13 14:07:57.524 D/AudioHardwareMSM7X30(  121): value of device and enable is 2 1 ALSA dev id:3
02-13 14:07:57.604 D/AudioHardwareMSM7X30(  121): msm_route_stream(PCM_PLAY,5,3,1)
02-13 14:07:57.604 W/AudioFlinger(  121): write blocked for 82 msecs, 7 delayed writes, thread 0x1b7f0
02-13 14:07:58.065 E/MediaPlayer( 2404): getCurrentPosition sec = 794154
02-13 14:07:58.065 E/MediaPlayer( 2404): getDuration_l mDuration = 1296418
02-13 14:07:59.066 E/MediaPlayer( 2404): getCurrentPosition sec = 795115
02-13 14:07:59.066 E/MediaPlayer( 2404): getDuration_l mDuration = 1296418
02-13 14:07:59.696 I/wpa_supplicant(  304): State: INACTIVE -> SCANNING
02-13 14:07:59.696 I/wpa_supplicant(  304): CTRL-EVENT-STATE-CHANGE id=-1 state=2 BSSID=00:00:00:00:00:00
02-13 14:07:59.696 D/NetworkStateTracker(  206): setDetailed state, old =IDLE and new state=SCANNING
02-13 14:08:00.016 D/KeyguardUpdateMonitor(  206): received broadcast android.intent.action.TIME_TICK
02-13 14:08:00.026 D/KeyguardUpdateMonitor(  206): handleTimeUpdate
02-13 14:08:00.067 E/MediaPlayer( 2404): getCurrentPosition sec = 796212
02-13 14:08:00.067 E/MediaPlayer( 2404): getDuration_l mDuration = 1296418
02-13 14:08:00.667 I/dun_service(  130): process rmnet event
02-13 14:08:00.667 I/dun_service(  130): Post event 4
02-13 14:08:00.667 I/dun_service(  130): received event: DUN_EVENT_RMNET_UP 
02-13 14:08:00.667 I/dun_service(  130): received event(DUN_EVENT_RMNET_UP) in state(DUN_STATE_USB_UNPLUG)
02-13 14:08:00.667 I/dun_service(  130): Ignoring the event DUN_EVENT_RMNET_UP in USB_UNPLUG_STATE
02-13 14:08:00.667 I/dun_service(  130): Moved to state(DUN_STATE_USB_UNPLUG)
02-13 14:08:00.667 I/wpa_supplicant(  304): State: SCANNING -> INACTIVE
02-13 14:08:00.667 I/wpa_supplicant(  304): CTRL-EVENT-STATE-CHANGE id=-1 state=1 BSSID=00:00:00:00:00:00
02-13 14:08:00.667 D/WifiStateTracker(  206): setNotificationVisible() visible=false mNotificationShown=false force=false return.
02-13 14:08:00.677 D/NetworkStateTracker(  206): setDetailed state, old =SCANNING and new state=IDLE
02-13 14:08:01.057 E/MediaPlayer( 2404): getCurrentPosition sec = 796212
02-13 14:08:01.057 E/MediaPlayer( 2404): getDuration_l mDuration = 1296418
02-13 14:08:01.918 D/DATA    (  331): [DSST(0)] pollstate() : reason = data network state changed
02-13 14:08:01.978 D/MobileDataStateTracker(  206): [hipri]  MobileDataStateReceiver onReceive(): Entry.
02-13 14:08:01.978 D/MobileDataStateTracker(  206): [hipri]  intent.getAction()= android.intent.action.SERVICE_STATE
02-13 14:08:01.978 D/MobileDataStateTracker(  206): [hipri]  mEnabled = true
02-13 14:08:01.978 D/MobileDataStateTracker(  206): [dun]  MobileDataStateReceiver onReceive(): Entry.
02-13 14:08:01.978 D/MobileDataStateTracker(  206): [dun]  intent.getAction()= android.intent.action.SERVICE_STATE
