02-13 13:58:07.768 D/WifiStateTracker(  206): setNotificationVisible() visible=false mNotificationShown=false force=false return.
02-13 13:58:07.788 D/NetworkStateTracker(  206): setDetailed state, old =SCANNING and new state=IDLE
02-13 13:58:08.068 E/MediaPlayer( 2404): getCurrentPosition sec = 298614
02-13 13:58:08.068 E/MediaPlayer( 2404): getDuration_l mDuration = 1296418
02-13 13:58:09.069 E/MediaPlayer( 2404): getCurrentPosition sec = 299712
02-13 13:58:09.069 E/MediaPlayer( 2404): getDuration_l mDuration = 1296418
02-13 13:58:10.080 E/MediaPlayer( 2404): getCurrentPosition sec = 300672
02-13 13:58:10.080 E/MediaPlayer( 2404): getDuration_l mDuration = 1296418
02-13 13:58:11.081 E/MediaPlayer( 2404): getCurrentPosition sec = 301633
02-13 13:58:11.081 E/MediaPlayer( 2404): getDuration_l mDuration = 1296418
02-13 13:58:12.082 E/MediaPlayer( 2404): getCurrentPosition sec = 302731
02-13 13:58:12.082 E/MediaPlayer( 2404): getDuration_l mDuration = 1296418
02-13 13:58:13.093 E/MediaPlayer( 2404): getCurrentPosition sec = 303692
02-13 13:58:13.093 E/MediaPlayer( 2404): getDuration_l mDuration = 1296418
02-13 13:58:14.084 E/MediaPlayer( 2404): getCurrentPosition sec = 304652
02-13 13:58:14.084 E/MediaPlayer( 2404): getDuration_l mDuration = 1296418
02-13 13:58:15.095 E/MediaPlayer( 2404): getCurrentPosition sec = 305750
02-13 13:58:15.095 E/MediaPlayer( 2404): getDuration_l mDuration = 1296418
02-13 13:58:16.096 E/MediaPlayer( 2404): getCurrentPosition sec = 306711
02-13 13:58:16.096 E/MediaPlayer( 2404): getDuration_l mDuration = 1296418
02-13 13:58:17.097 E/MediaPlayer( 2404): getCurrentPosition sec = 307671
02-13 13:58:17.097 E/MediaPlayer( 2404): getDuration_l mDuration = 1296418
02-13 13:58:17.937 D/DATA    (  331): [DSST(0)] pollstate() : reason = data network state changed
02-13 13:58:17.968 D/MobileDataStateTracker(  206): [hipri]  MobileDataStateReceiver onReceive(): Entry.
02-13 13:58:17.968 D/MobileDataStateTracker(  206): [hipri]  intent.getAction()= android.intent.action.SERVICE_STATE
02-13 13:58:17.968 D/MobileDataStateTracker(  206): [hipri]  mEnabled = true
02-13 13:58:17.968 D/MobileDataStateTracker(  206): [dun]  MobileDataStateReceiver onReceive(): Entry.
02-13 13:58:17.968 D/MobileDataStateTracker(  206): [dun]  intent.getAction()= android.intent.action.SERVICE_STATE
02-13 13:58:17.968 D/MobileDataStateTracker(  206): [dun]  mEnabled = false
02-13 13:58:17.968 D/MobileDataStateTracker(  206): [supl]  MobileDataStateReceiver onReceive(): Entry.
02-13 13:58:17.968 D/MobileDataStateTracker(  206): [supl]  intent.getAction()= android.intent.action.SERVICE_STATE
02-13 13:58:17.968 D/MobileDataStateTracker(  206): [supl]  mEnabled = false
02-13 13:58:17.968 D/MobileDataStateTracker(  206): [mms]  MobileDataStateReceiver onReceive(): Entry.
02-13 13:58:17.968 D/MobileDataStateTracker(  206): [mms]  intent.getAction()= android.intent.action.SERVICE_STATE
02-13 13:58:17.978 D/MobileDataStateTracker(  206): [mms]  mEnabled = false
02-13 13:58:17.978 D/MobileDataStateTracker(  206): [default]  MobileDataStateReceiver onReceive(): Entry.
02-13 13:58:17.978 D/MobileDataStateTracker(  206): [default]  intent.getAction()= android.intent.action.SERVICE_STATE
02-13 13:58:17.978 D/MobileDataStateTracker(  206): [default]  mEnabled = true
02-13 13:58:17.988 D/CallManager(  331):  handleMessage (EVENT_SERVICE_STATE_CHANGED)
02-13 13:58:17.988 E/BT HS/HF(  331): SERVICE_STATE_CHANGED called
02-13 13:58:17.998 E/BT HS/HF(  331): updateServiceState called, sendUpdate:false  ServiceState:0 home Sprint  310099  EvDo rev. A CSS not supported 41 4139RoamInd: 1RoamStatus(sprint): 1DefRoamInd: 160EmergOnly: false
02-13 13:58:17.998 E/BT HS/HF(  331): service:1 mService:1
02-13 13:58:18.008 D/DATA    (  331): [DSST(0)]  registrationState = 1  radioTechnology = 8 reasonForDenial = 0
02-13 13:58:18.008 D/DATA    (  331): [DSST(0)]  set mNewDataConnectionState = 0
02-13 13:58:18.008 D/DATA    (  331): [DSST(0)]  mNewDataConnectionState : 0  mDataConnectionState : 0
02-13 13:58:18.008 D/DATA    (  331): [DSST(0)] Poll ServiceState done: oldSS=[0 home null null null  EvDo rev. A CSS not supported -1 -1RoamInd: -1RoamStatus(sprint): -1DefRoamInd: -1EmergOnly: false] newSS=[0 home null null null  EvDo rev. A CSS not supported -1 -1RoamInd: -1RoamStatus(sprint): -1DefRoamInd: -1EmergOnly: false]
02-13 13:58:18.008 D/DATA    (  331): [DSST(0)]  mDataConnectionState = 0
02-13 13:58:18.078 D/Mms     ( 1781): currentRoamingStatus:1
02-13 13:58:18.108 E/MediaPlayer( 2404): getCurrentPosition sec = 308769
02-13 13:58:18.108 E/MediaPlayer( 2404): getDuration_l mDuration = 1296418
02-13 13:58:19.109 E/MediaPlayer( 2404): getCurrentPosition sec = 309730
02-13 13:58:19.109 E/MediaPlayer( 2404): getDuration_l mDuration = 1296418
02-13 13:58:20.110 E/MediaPlayer( 2404): getCurrentPosition sec = 310690
02-13 13:58:20.110 E/MediaPlayer( 2404): getDuration_l mDuration = 1296418
02-13 13:58:21.111 E/MediaPlayer( 2404): getCurrentPosition sec = 311651
02-13 13:58:21.111 E/MediaPlayer( 2404): getDuration_l mDuration = 1296418
02-13 13:58:21.631 I/dun_service(  130): The value returned from dun_getusbmodemstate_fromsys is 2 
02-13 13:58:21.651 D/KeyguardUpdateMonitor(  206): received broadcast android.intent.action.BATTERY_CHANGED
02-13 13:58:21.661 D/KeyguardUpdateMonitor(  206): handleBatteryUpdate
02-13 13:58:22.122 E/MediaPlayer( 2404): getCurrentPosition sec = 312749
02-13 13:58:22.122 E/MediaPlayer( 2404): getDuration_l mDuration = 1296418
02-13 13:58:22.812 I/wpa_supplicant(  304): State: INACTIVE -> SCANNING
02-13 13:58:22.812 I/wpa_supplicant(  304): CTRL-EVENT-STATE-CHANGE id=-1 state=2 BSSID=00:00:00:00:00:00
02-13 13:58:22.812 D/NetworkStateTracker(  206): setDetailed state, old =IDLE and new state=SCANNING
02-13 13:58:23.123 E/MediaPlayer( 2404): getCurrentPosition sec = 313709
02-13 13:58:23.123 E/MediaPlayer( 2404): getDuration_l mDuration = 1296418
02-13 13:58:23.783 I/dun_service(  130): process rmnet event
02-13 13:58:23.783 I/dun_service(  130): Post event 4
02-13 13:58:23.783 I/dun_service(  130): received event: DUN_EVENT_RMNET_UP 
02-13 13:58:23.783 I/dun_service(  130): received event(DUN_EVENT_RMNET_UP) in state(DUN_STATE_USB_UNPLUG)
02-13 13:58:23.783 I/dun_service(  130): Ignoring the event DUN_EVENT_RMNET_UP in USB_UNPLUG_STATE
02-13 13:58:23.783 I/dun_service(  130): Moved to state(DUN_STATE_USB_UNPLUG)
02-13 13:58:23.783 I/wpa_supplicant(  304): State: SCANNING -> INACTIVE
02-13 13:58:23.783 I/wpa_supplicant(  304): CTRL-EVENT-STATE-CHANGE id=-1 state=1 BSSID=00:00:00:00:00:00
02-13 13:58:23.793 D/WifiStateTracker(  206): setNotificationVisible() visible=false mNotificationShown=false force=false return.
02-13 13:58:23.793 D/NetworkStateTracker(  206): setDetailed state, old =SCANNING and new state=IDLE
02-13 13:58:24.124 E/MediaPlayer( 2404): getCurrentPosition sec = 314670
02-13 13:58:24.124 E/MediaPlayer( 2404): getDuration_l mDuration = 1296418
02-13 13:58:25.124 E/MediaPlayer( 2404): getCurrentPosition sec = 315768
02-13 13:58:25.134 E/MediaPlayer( 2404): getDuration_l mDuration = 1296418
02-13 13:58:26.135 E/MediaPlayer( 2404): getCurrentPosition sec = 316728
02-13 13:58:26.135 E/MediaPlayer( 2404): getDuration_l mDuration = 1296418
02-13 13:58:27.136 E/MediaPlayer( 2404): getCurrentPosition sec = 317689
02-13 13:58:27.136 E/MediaPlayer( 2404): getDuration_l mDuration = 1296418
02-13 13:58:28.147 E/MediaPlayer( 2404): getCurrentPosition sec = 318787
02-13 13:58:28.147 E/MediaPlayer( 2404): getDuration_l mDuration = 1296418
02-13 13:58:29.148 E/MediaPlayer( 2404): getCurrentPosition sec = 319747
02-13 13:58:29.148 E/MediaPlayer( 2404): getDuration_l mDuration = 1296418
02-13 13:58:30.159 E/MediaPlayer( 2404): getCurrentPosition sec = 320708
02-13 13:58:30.159 E/MediaPlayer( 2404): getDuration_l mDuration = 1296418
02-13 13:58:31.160 E/MediaPlayer( 2404): getCurrentPosition sec = 321806
02-13 13:58:31.160 E/MediaPlayer( 2404): getDuration_l mDuration = 1296418
02-13 13:58:32.161 E/MediaPlayer( 2404): getCurrentPosition sec = 322767
02-13 13:58:32.161 E/MediaPlayer( 2404): getDuration_l mDuration = 1296418
02-13 13:58:33.172 E/MediaPlayer( 2404): getCurrentPosition sec = 323727
02-13 13:58:33.172 E/MediaPlayer( 2404): getDuration_l mDuration = 1296418
02-13 13:58:34.163 E/MediaPlayer( 2404): getCurrentPosition sec = 324825
02-13 13:58:34.163 E/MediaPlayer( 2404): getDuration_l mDuration = 1296418
02-13 13:58:35.164 E/MediaPlayer( 2404): getCurrentPosition sec = 325786
02-13 13:58:35.164 E/MediaPlayer( 2404): getDuration_l mDuration = 1296418
02-13 13:58:36.175 E/MediaPlayer( 2404): getCurrentPosition sec = 326746
02-13 13:58:36.175 E/MediaPlayer( 2404): getDuration_l mDuration = 1296418
02-13 13:58:37.176 E/MediaPlayer( 2404): getCurrentPosition sec = 327707
02-13 13:58:37.176 E/MediaPlayer( 2404): getDuration_l mDuration = 1296418
02-13 13:58:38.177 E/MediaPlayer( 2404): getCurrentPosition sec = 328805
02-13 13:58:38.177 E/MediaPlayer( 2404): getDuration_l mDuration = 1296418
02-13 13:58:38.447 D/DATA    (  331): [DSST(0)] pollstate() : reason = data network state changed
02-13 13:58:38.498 D/MobileDataStateTracker(  206): [hipri]  MobileDataStateReceiver onReceive(): Entry.
02-13 13:58:38.498 D/MobileDataStateTracker(  206): [hipri]  intent.getAction()= android.intent.action.SERVICE_STATE
02-13 13:58:38.498 D/MobileDataStateTracker(  206): [hipri]  mEnabled = true
02-13 13:58:38.498 D/MobileDataStateTracker(  206): [dun]  MobileDataStateReceiver onReceive(): Entry.
02-13 13:58:38.498 D/MobileDataStateTracker(  206): [dun]  intent.getAction()= android.intent.action.SERVICE_STATE
02-13 13:58:38.498 D/MobileDataStateTracker(  206): [dun]  mEnabled = false
02-13 13:58:38.518 D/MobileDataStateTracker(  206): [supl]  MobileDataStateReceiver onReceive(): Entry.
02-13 13:58:38.518 D/MobileDataStateTracker(  206): [supl]  intent.getAction()= android.intent.action.SERVICE_STATE
02-13 13:58:38.518 D/MobileDataStateTracker(  206): [supl]  mEnabled = false
02-13 13:58:38.518 D/DATA    (  331): [DSST(0)]  registrationState = 1  radioTechnology = 8 reasonForDenial = 0
02-13 13:58:38.518 D/DATA    (  331): [DSST(0)]  set mNewDataConnectionState = 0
02-13 13:58:38.518 D/DATA    (  331): [DSST(0)]  mNewDataConnectionState : 0  mDataConnectionState : 0
02-13 13:58:38.518 D/DATA    (  331): [DSST(0)] Poll ServiceState done: oldSS=[0 home null null null  EvDo rev. A CSS not supported -1 -1RoamInd: -1RoamStatus(sprint): -1DefRoamInd: -1EmergOnly: false] newSS=[0 home null null null  EvDo rev. A CSS not supported -1 -1RoamInd: -1RoamStatus(sprint): -1DefRoamInd: -1EmergOnly: false]
02-13 13:58:38.518 D/DATA    (  331): [DSST(0)]  mDataConnectionState = 0
02-13 13:58:38.518 D/CallManager(  331):  handleMessage (EVENT_SERVICE_STATE_CHANGED)
02-13 13:58:38.518 E/BT HS/HF(  331): SERVICE_STATE_CHANGED called
02-13 13:58:38.518 E/BT HS/HF(  331): updateServiceState called, sendUpdate:false  ServiceState:0 home Sprint  310099  EvDo rev. A CSS not supported 41 4139RoamInd: 1RoamStatus(sprint): 1DefRoamInd: 160EmergOnly: false
02-13 13:58:38.518 E/BT HS/HF(  331): service:1 mService:1
02-13 13:58:38.528 D/MobileDataStateTracker(  206): [mms]  MobileDataStateReceiver onReceive(): Entry.
02-13 13:58:38.528 D/MobileDataStateTracker(  206): [mms]  intent.getAction()= android.intent.action.SERVICE_STATE
02-13 13:58:38.528 D/MobileDataStateTracker(  206): [mms]  mEnabled = false
02-13 13:58:38.528 D/MobileDataStateTracker(  206): [default]  MobileDataStateReceiver onReceive(): Entry.
02-13 13:58:38.528 D/MobileDataStateTracker(  206): [default]  intent.getAction()= android.intent.action.SERVICE_STATE
02-13 13:58:38.528 D/MobileDataStateTracker(  206): [default]  mEnabled = true
02-13 13:58:38.528 D/Mms     ( 1781): currentRoamingStatus:1
02-13 13:58:38.798 I/wpa_supplicant(  304): State: INACTIVE -> SCANNING
02-13 13:58:38.798 I/wpa_supplicant(  304): CTRL-EVENT-STATE-CHANGE id=-1 state=2 BSSID=00:00:00:00:00:00
02-13 13:58:38.808 D/NetworkStateTracker(  206): setDetailed state, old =IDLE and new state=SCANNING
02-13 13:58:39.188 E/MediaPlayer( 2404): getCurrentPosition sec = 329765
02-13 13:58:39.188 E/MediaPlayer( 2404): getDuration_l mDuration = 1296418
02-13 13:58:39.779 I/dun_service(  130): process rmnet event
02-13 13:58:39.779 I/dun_service(  130): Post event 4
02-13 13:58:39.779 I/dun_service(  130): received event: DUN_EVENT_RMNET_UP 
02-13 13:58:39.779 I/dun_service(  130): received event(DUN_EVENT_RMNET_UP) in state(DUN_STATE_USB_UNPLUG)
02-13 13:58:39.779 I/dun_service(  130): Ignoring the event DUN_EVENT_RMNET_UP in USB_UNPLUG_STATE
02-13 13:58:39.779 I/dun_service(  130): Moved to state(DUN_STATE_USB_UNPLUG)
02-13 13:58:39.779 I/wpa_supplicant(  304): State: SCANNING -> INACTIVE
02-13 13:58:39.779 I/wpa_supplicant(  304): CTRL-EVENT-STATE-CHANGE id=-1 state=1 BSSID=00:00:00:00:00:00
02-13 13:58:39.779 D/WifiStateTracker(  206): setNotificationVisible() visible=false mNotificationShown=false force=false return.
02-13 13:58:39.789 D/NetworkStateTracker(  206): setDetailed state, old =SCANNING and new state=IDLE
02-13 13:58:40.199 E/MediaPlayer( 2404): getCurrentPosition sec = 330726
02-13 13:58:40.199 E/MediaPlayer( 2404): getDuration_l mDuration = 1296418
02-13 13:58:41.200 E/MediaPlayer( 2404): getCurrentPosition sec = 331824
02-13 13:58:41.200 E/MediaPlayer( 2404): getDuration_l mDuration = 1296418
02-13 13:58:42.201 E/MediaPlayer( 2404): getCurrentPosition sec = 332784
02-13 13:58:42.201 E/MediaPlayer( 2404): getDuration_l mDuration = 1296418
02-13 13:58:43.212 E/MediaPlayer( 2404): getCurrentPosition sec = 333745
02-13 13:58:43.212 E/MediaPlayer( 2404): getDuration_l mDuration = 1296418
02-13 13:58:29.140 E/MediaPlayer( 2404): getCurrentPosition sec = 334843
02-13 13:58:29.140 E/MediaPlayer( 2404): getDuration_l mDuration = 1296418
02-13 13:58:30.151 E/MediaPlayer( 2404): getCurrentPosition sec = 335803
02-13 13:58:30.151 E/MediaPlayer( 2404): getDuration_l mDuration = 1296418
02-13 13:58:31.161 E/MediaPlayer( 2404): getCurrentPosition sec = 336764
02-13 13:58:31.161 E/MediaPlayer( 2404): getDuration_l mDuration = 1296418
02-13 13:58:32.162 E/MediaPlayer( 2404): getCurrentPosition sec = 337862
02-13 13:58:32.162 E/MediaPlayer( 2404): getDuration_l mDuration = 1296418
02-13 13:58:33.163 E/MediaPlayer( 2404): getCurrentPosition sec = 338823
02-13 13:58:33.163 E/MediaPlayer( 2404): getDuration_l mDuration = 1296418
02-13 13:58:34.174 E/MediaPlayer( 2404): getCurrentPosition sec = 339783
02-13 13:58:34.174 E/MediaPlayer( 2404): getDuration_l mDuration = 1296418
02-13 13:58:35.175 E/MediaPlayer( 2404): getCurrentPosition sec = 340881
02-13 13:58:35.175 E/MediaPlayer( 2404): getDuration_l mDuration = 1296418
02-13 13:58:36.186 E/MediaPlayer( 2404): getCurrentPosition sec = 341842
02-13 13:58:36.186 E/MediaPlayer( 2404): getDuration_l mDuration = 1296418
02-13 13:58:37.177 E/MediaPlayer( 2404): getCurrentPosition sec = 342802
02-13 13:58:37.177 E/MediaPlayer( 2404): getDuration_l mDuration = 1296418
02-13 13:58:38.178 E/MediaPlayer( 2404): getCurrentPosition sec = 343900
02-13 13:58:38.178 E/MediaPlayer( 2404): getDuration_l mDuration = 1296418
02-13 13:58:39.189 E/MediaPlayer( 2404): getCurrentPosition sec = 344861
02-13 13:58:39.189 E/MediaPlayer( 2404): getDuration_l mDuration = 1296418
02-13 13:58:39.730 I/wpa_supplicant(  304): State: INACTIVE -> SCANNING
02-13 13:58:39.730 I/wpa_supplicant(  304): CTRL-EVENT-STATE-CHANGE id=-1 state=2 BSSID=00:00:00:00:00:00
02-13 13:58:39.740 D/NetworkStateTracker(  206): setDetailed state, old =IDLE and new state=SCANNING
02-13 13:58:40.200 E/MediaPlayer( 2404): getCurrentPosition sec = 345821
02-13 13:58:40.200 E/MediaPlayer( 2404): getDuration_l mDuration = 1296418
02-13 13:58:40.701 I/wpa_supplicant(  304): State: SCANNING -> INACTIVE
02-13 13:58:40.701 I/wpa_supplicant(  304): CTRL-EVENT-STATE-CHANGE id=-1 state=1 BSSID=00:00:00:00:00:00
02-13 13:58:40.701 I/dun_service(  130): process rmnet event
02-13 13:58:40.701 I/dun_service(  130): Post event 4
02-13 13:58:40.711 I/dun_service(  130): received event: DUN_EVENT_RMNET_UP 
02-13 13:58:40.711 I/dun_service(  130): received event(DUN_EVENT_RMNET_UP) in state(DUN_STATE_USB_UNPLUG)
02-13 13:58:40.711 I/dun_service(  130): Ignoring the event DUN_EVENT_RMNET_UP in USB_UNPLUG_STATE
02-13 13:58:40.711 I/dun_service(  130): Moved to state(DUN_STATE_USB_UNPLUG)
02-13 13:58:40.711 D/WifiStateTracker(  206): setNotificationVisible() visible=false mNotificationShown=false force=false return.
02-13 13:58:40.711 D/NetworkStateTracker(  206): setDetailed state, old =SCANNING and new state=IDLE
02-13 13:58:41.211 E/MediaPlayer( 2404): getCurrentPosition sec = 346919
02-13 13:58:41.211 E/MediaPlayer( 2404): getDuration_l mDuration = 1296418
02-13 13:58:42.212 E/MediaPlayer( 2404): getCurrentPosition sec = 347880
02-13 13:58:42.212 E/MediaPlayer( 2404): getDuration_l mDuration = 1296418
02-13 13:58:43.223 E/MediaPlayer( 2404): getCurrentPosition sec = 348840
02-13 13:58:43.223 E/MediaPlayer( 2404): getDuration_l mDuration = 1296418
02-13 13:58:44.224 E/MediaPlayer( 2404): getCurrentPosition sec = 349938
02-13 13:58:44.224 E/MediaPlayer( 2404): getDuration_l mDuration = 1296418
02-13 13:58:45.235 E/MediaPlayer( 2404): getCurrentPosition sec = 350899
02-13 13:58:45.235 E/MediaPlayer( 2404): getDuration_l mDuration = 1296418
02-13 13:58:46.246 E/MediaPlayer( 2404): getCurrentPosition sec = 351859
02-13 13:58:46.246 E/MediaPlayer( 2404): getDuration_l mDuration = 1296418
02-13 13:58:47.247 E/MediaPlayer( 2404): getCurrentPosition sec = 352820
02-13 13:58:47.247 E/MediaPlayer( 2404): getDuration_l mDuration = 1296418
02-13 13:58:48.238 E/MediaPlayer( 2404): getCurrentPosition sec = 353918
02-13 13:58:48.238 E/MediaPlayer( 2404): getDuration_l mDuration = 1296418
02-13 13:58:49.249 E/MediaPlayer( 2404): getCurrentPosition sec = 354879
02-13 13:58:49.249 E/MediaPlayer( 2404): getDuration_l mDuration = 1296418
02-13 13:58:50.260 E/MediaPlayer( 2404): getCurrentPosition sec = 355976
02-13 13:58:50.260 E/MediaPlayer( 2404): getDuration_l mDuration = 1296418
02-13 13:58:50.560 I/dun_service(  130): The value returned from dun_getusbmodemstate_fromsys is 2 
02-13 13:58:50.580 D/KeyguardUpdateMonitor(  206): received broadcast android.intent.action.BATTERY_CHANGED
02-13 13:58:50.580 D/KeyguardUpdateMonitor(  206): handleBatteryUpdate
02-13 13:58:51.261 E/MediaPlayer( 2404): getCurrentPosition sec = 356937
02-13 13:58:51.261 E/MediaPlayer( 2404): getDuration_l mDuration = 1296418
02-13 13:58:52.262 E/MediaPlayer( 2404): getCurrentPosition sec = 357898
02-13 13:58:52.262 E/MediaPlayer( 2404): getDuration_l mDuration = 1296418
02-13 13:58:53.273 E/MediaPlayer( 2404): getCurrentPosition sec = 358995
02-13 13:58:53.273 E/MediaPlayer( 2404): getDuration_l mDuration = 1296418
02-13 13:58:54.284 E/MediaPlayer( 2404): getCurrentPosition sec = 359956
02-13 13:58:54.284 E/MediaPlayer( 2404): getDuration_l mDuration = 1296418
02-13 13:58:55.295 E/MediaPlayer( 2404): getCurrentPosition sec = 360917
02-13 13:58:55.295 E/MediaPlayer( 2404): getDuration_l mDuration = 1296418
02-13 13:58:55.735 I/wpa_supplicant(  304): State: INACTIVE -> SCANNING
02-13 13:58:55.735 I/wpa_supplicant(  304): CTRL-EVENT-STATE-CHANGE id=-1 state=2 BSSID=00:00:00:00:00:00
02-13 13:58:55.735 D/NetworkStateTracker(  206): setDetailed state, old =IDLE and new state=SCANNING
02-13 13:58:56.296 E/MediaPlayer( 2404): getCurrentPosition sec = 362015
02-13 13:58:56.296 E/MediaPlayer( 2404): getDuration_l mDuration = 1296418
02-13 13:58:56.706 I/dun_service(  130): process rmnet event
02-13 13:58:56.706 I/dun_service(  130): Post event 4
02-13 13:58:56.706 I/dun_service(  130): received event: DUN_EVENT_RMNET_UP 
02-13 13:58:56.706 I/dun_service(  130): received event(DUN_EVENT_RMNET_UP) in state(DUN_STATE_USB_UNPLUG)
02-13 13:58:56.706 I/dun_service(  130): Ignoring the event DUN_EVENT_RMNET_UP in USB_UNPLUG_STATE
02-13 13:58:56.706 I/dun_service(  130): Moved to state(DUN_STATE_USB_UNPLUG)
02-13 13:58:56.706 I/wpa_supplicant(  304): State: SCANNING -> INACTIVE
02-13 13:58:56.706 I/wpa_supplicant(  304): CTRL-EVENT-STATE-CHANGE id=-1 state=1 BSSID=00:00:00:00:00:00
02-13 13:58:56.716 D/WifiStateTracker(  206): setNotificationVisible() visible=false mNotificationShown=false force=false return.
02-13 13:58:56.716 D/NetworkStateTracker(  206): setDetailed state, old =SCANNING and new state=IDLE
02-13 13:58:57.297 E/MediaPlayer( 2404): getCurrentPosition sec = 362975
02-13 13:58:57.297 E/MediaPlayer( 2404): getDuration_l mDuration = 1296418
02-13 13:58:58.298 E/MediaPlayer( 2404): getCurrentPosition sec = 363936
02-13 13:58:58.298 E/MediaPlayer( 2404): getDuration_l mDuration = 1296418
02-13 13:58:59.209 D/DATA    (  331): [DSST(0)] pollstate() : reason = data network state changed
02-13 13:58:59.259 D/MobileDataStateTracker(  206): [hipri]  MobileDataStateReceiver onReceive(): Entry.
02-13 13:58:59.259 D/MobileDataStateTracker(  206): [hipri]  intent.getAction()= android.intent.action.SERVICE_STATE
02-13 13:58:59.259 D/MobileDataStateTracker(  206): [hipri]  mEnabled = true
02-13 13:58:59.269 D/MobileDataStateTracker(  206): [dun]  MobileDataStateReceiver onReceive(): Entry.
02-13 13:58:59.269 D/MobileDataStateTracker(  206): [dun]  intent.getAction()= android.intent.action.SERVICE_STATE
02-13 13:58:59.269 D/MobileDataStateTracker(  206): [dun]  mEnabled = false
02-13 13:58:59.269 D/MobileDataStateTracker(  206): [supl]  MobileDataStateReceiver onReceive(): Entry.
02-13 13:58:59.269 D/MobileDataStateTracker(  206): [supl]  intent.getAction()= android.intent.action.SERVICE_STATE
02-13 13:58:59.269 D/MobileDataStateTracker(  206): [supl]  mEnabled = false
02-13 13:58:59.269 D/MobileDataStateTracker(  206): [mms]  MobileDataStateReceiver onReceive(): Entry.
02-13 13:58:59.269 D/MobileDataStateTracker(  206): [mms]  intent.getAction()= android.intent.action.SERVICE_STATE
02-13 13:58:59.269 D/MobileDataStateTracker(  206): [mms]  mEnabled = false
02-13 13:58:59.269 D/MobileDataStateTracker(  206): [default]  MobileDataStateReceiver onReceive(): Entry.
02-13 13:58:59.269 D/MobileDataStateTracker(  206): [default]  intent.getAction()= android.intent.action.SERVICE_STATE
02-13 13:58:59.269 D/MobileDataStateTracker(  206): [default]  mEnabled = true
02-13 13:58:59.289 D/CallManager(  331):  handleMessage (EVENT_SERVICE_STATE_CHANGED)
02-13 13:58:59.289 E/BT HS/HF(  331): SERVICE_STATE_CHANGED called
02-13 13:58:59.289 E/BT HS/HF(  331): updateServiceState called, sendUpdate:false  ServiceState:0 home Sprint  310099  EvDo rev. A CSS not supported 41 4139RoamInd: 1RoamStatus(sprint): 1DefRoamInd: 160EmergOnly: false
02-13 13:58:59.289 E/BT HS/HF(  331): service:1 mService:1
02-13 13:58:59.289 D/DATA    (  331): [DSST(0)]  registrationState = 1  radioTechnology = 8 reasonForDenial = 0
02-13 13:58:59.289 D/DATA    (  331): [DSST(0)]  set mNewDataConnectionState = 0
02-13 13:58:59.289 D/DATA    (  331): [DSST(0)]  mNewDataConnectionState : 0  mDataConnectionState : 0
02-13 13:58:59.289 D/DATA    (  331): [DSST(0)] Poll ServiceState done: oldSS=[0 home null null null  EvDo rev. A CSS not supported -1 -1RoamInd: -1RoamStatus(sprint): -1DefRoamInd: -1EmergOnly: false] newSS=[0 home null null null  EvDo rev. A CSS not supported -1 -1RoamInd: -1RoamStatus(sprint): -1DefRoamInd: -1EmergOnly: false]
02-13 13:58:59.289 D/DATA    (  331): [DSST(0)]  mDataConnectionState = 0
02-13 13:58:59.289 D/Mms     ( 1781): currentRoamingStatus:1
02-13 13:58:59.299 E/MediaPlayer( 2404): getCurrentPosition sec = 365034
02-13 13:58:59.299 E/MediaPlayer( 2404): getDuration_l mDuration = 1296418
02-13 13:59:00.030 D/KeyguardUpdateMonitor(  206): received broadcast android.intent.action.TIME_TICK
02-13 13:59:00.030 D/KeyguardUpdateMonitor(  206): handleTimeUpdate
02-13 13:59:00.310 E/MediaPlayer( 2404): getCurrentPosition sec = 365994
02-13 13:59:00.310 E/MediaPlayer( 2404): getDuration_l mDuration = 1296418
02-13 13:59:01.311 E/MediaPlayer( 2404): getCurrentPosition sec = 366955
02-13 13:59:01.311 E/MediaPlayer( 2404): getDuration_l mDuration = 1296418
02-13 13:59:02.322 E/MediaPlayer( 2404): getCurrentPosition sec = 367915
02-13 13:59:02.322 E/MediaPlayer( 2404): getDuration_l mDuration = 1296418
02-13 13:59:03.323 E/MediaPlayer( 2404): getCurrentPosition sec = 369013
02-13 13:59:03.323 E/MediaPlayer( 2404): getDuration_l mDuration = 1296418
02-13 13:59:04.324 E/MediaPlayer( 2404): getCurrentPosition sec = 369974
02-13 13:59:04.324 E/MediaPlayer( 2404): getDuration_l mDuration = 1296418
02-13 13:59:04.354 D/DATA    (  331): [DSST(0)] pollstate() : reason = data network state changed
02-13 13:59:04.384 D/MobileDataStateTracker(  206): [hipri]  MobileDataStateReceiver onReceive(): Entry.
02-13 13:59:04.384 D/MobileDataStateTracker(  206): [hipri]  intent.getAction()= android.intent.action.SERVICE_STATE
02-13 13:59:04.384 D/MobileDataStateTracker(  206): [hipri]  mEnabled = true
02-13 13:59:04.384 D/MobileDataStateTracker(  206): [dun]  MobileDataStateReceiver onReceive(): Entry.
02-13 13:59:04.384 D/MobileDataStateTracker(  206): [dun]  intent.getAction()= android.intent.action.SERVICE_STATE
02-13 13:59:04.384 D/MobileDataStateTracker(  206): [dun]  mEnabled = false
02-13 13:59:04.394 D/MobileDataStateTracker(  206): [supl]  MobileDataStateReceiver onReceive(): Entry.
02-13 13:59:04.394 D/MobileDataStateTracker(  206): [supl]  intent.getAction()= android.intent.action.SERVICE_STATE
02-13 13:59:04.394 D/MobileDataStateTracker(  206): [supl]  mEnabled = false
02-13 13:59:04.394 D/MobileDataStateTracker(  206): [mms]  MobileDataStateReceiver onReceive(): Entry.
02-13 13:59:04.394 D/MobileDataStateTracker(  206): [mms]  intent.getAction()= android.intent.action.SERVICE_STATE
02-13 13:59:04.394 D/MobileDataStateTracker(  206): [mms]  mEnabled = false
02-13 13:59:04.394 D/MobileDataStateTracker(  206): [default]  MobileDataStateReceiver onReceive(): Entry.
02-13 13:59:04.394 D/MobileDataStateTracker(  206): [default]  intent.getAction()= android.intent.action.SERVICE_STATE
02-13 13:59:04.394 D/MobileDataStateTracker(  206): [default]  mEnabled = true
02-13 13:59:04.394 D/DATA    (  331): [DSST(0)]  registrationState = 1  radioTechnology = 8 reasonForDenial = 0
02-13 13:59:04.394 D/DATA    (  331): [DSST(0)]  set mNewDataConnectionState = 0
02-13 13:59:04.394 D/DATA    (  331): [DSST(0)]  mNewDataConnectionState : 0  mDataConnectionState : 0
02-13 13:59:04.404 D/DATA    (  331): [DSST(0)] Poll ServiceState done: oldSS=[0 home null null null  EvDo rev. A CSS not supported -1 -1RoamInd: -1RoamStatus(sprint): -1DefRoamInd: -1EmergOnly: false] newSS=[0 home null null null  EvDo rev. A CSS not supported -1 -1RoamInd: -1RoamStatus(sprint): -1DefRoamInd: -1EmergOnly: false]
02-13 13:59:04.404 D/DATA    (  331): [DSST(0)]  mDataConnectionState = 0
02-13 13:59:04.404 D/CallManager(  331):  handleMessage (EVENT_SERVICE_STATE_CHANGED)
02-13 13:59:04.404 E/BT HS/HF(  331): SERVICE_STATE_CHANGED called
02-13 13:59:04.404 E/BT HS/HF(  331): updateServiceState called, sendUpdate:false  ServiceState:0 home Sprint  310099  EvDo rev. A CSS not supported 41 4139RoamInd: 1RoamStatus(sprint): 1DefRoamInd: 160EmergOnly: false
02-13 13:59:04.404 E/BT HS/HF(  331): service:1 mService:1
02-13 13:59:04.434 D/Mms     ( 1781): currentRoamingStatus:1
02-13 13:59:05.205 I/ActivityThread( 2569): Pub com.sprint.installer: com.sprint.w.installer.ContentProvider
02-13 13:59:05.215 I/ActivityThread( 2569): Pub com.sprint.w.installer.SuggestProvider: com.sprint.w.installer.SearchSuggestProvider
02-13 13:59:05.225 I/SprintID.Util( 2569): skipping the update check since it already ran recently
02-13 13:59:05.335 E/MediaPlayer( 2404): getCurrentPosition sec = 371072
02-13 13:59:05.335 E/MediaPlayer( 2404): getDuration_l mDuration = 1296418
02-13 13:59:06.346 E/MediaPlayer( 2404): getCurrentPosition sec = 372032
02-13 13:59:06.346 E/MediaPlayer( 2404): getDuration_l mDuration = 1296418
02-13 13:59:07.347 E/MediaPlayer( 2404): getCurrentPosition sec = 372993
02-13 13:59:07.347 E/MediaPlayer( 2404): getDuration_l mDuration = 1296418
02-13 13:59:08.338 E/MediaPlayer( 2404): getCurrentPosition sec = 374091
02-13 13:59:08.338 E/MediaPlayer( 2404): getDuration_l mDuration = 1296418
02-13 13:59:09.349 E/MediaPlayer( 2404): getCurrentPosition sec = 375051
02-13 13:59:09.349 E/MediaPlayer( 2404): getDuration_l mDuration = 1296418
02-13 13:59:10.019 D/DATA    (  331): [DSST(0)] pollstate() : reason = data network state changed
02-13 13:59:10.099 D/MobileDataStateTracker(  206): [hipri]  MobileDataStateReceiver onReceive(): Entry.
02-13 13:59:10.099 D/MobileDataStateTracker(  206): [hipri]  intent.getAction()= android.intent.action.SERVICE_STATE
02-13 13:59:10.099 D/MobileDataStateTracker(  206): [hipri]  mEnabled = true
02-13 13:59:10.099 D/MobileDataStateTracker(  206): [dun]  MobileDataStateReceiver onReceive(): Entry.
02-13 13:59:10.099 D/MobileDataStateTracker(  206): [dun]  intent.getAction()= android.intent.action.SERVICE_STATE
02-13 13:59:10.099 D/MobileDataStateTracker(  206): [dun]  mEnabled = false
02-13 13:59:10.099 D/MobileDataStateTracker(  206): [supl]  MobileDataStateReceiver onReceive(): Entry.
02-13 13:59:10.099 D/MobileDataStateTracker(  206): [supl]  intent.getAction()= android.intent.action.SERVICE_STATE
02-13 13:59:10.099 D/MobileDataStateTracker(  206): [supl]  mEnabled = false
02-13 13:59:10.109 D/MobileDataStateTracker(  206): [mms]  MobileDataStateReceiver onReceive(): Entry.
02-13 13:59:10.109 D/MobileDataStateTracker(  206): [mms]  intent.getAction()= android.intent.action.SERVICE_STATE
02-13 13:59:10.109 D/MobileDataStateTracker(  206): [mms]  mEnabled = false
02-13 13:59:10.109 D/MobileDataStateTracker(  206): [default]  MobileDataStateReceiver onReceive(): Entry.
02-13 13:59:10.109 D/MobileDataStateTracker(  206): [default]  intent.getAction()= android.intent.action.SERVICE_STATE
02-13 13:59:10.109 D/MobileDataStateTracker(  206): [default]  mEnabled = true
02-13 13:59:10.109 D/DATA    (  331): [DSST(0)]  registrationState = 1  radioTechnology = 8 reasonForDenial = 0
02-13 13:59:10.109 D/DATA    (  331): [DSST(0)]  set mNewDataConnectionState = 0
02-13 13:59:10.109 D/DATA    (  331): [DSST(0)]  mNewDataConnectionState : 0  mDataConnectionState : 0
02-13 13:59:10.109 D/DATA    (  331): [DSST(0)] Poll ServiceState done: oldSS=[0 home null null null  EvDo rev. A CSS not supported -1 -1RoamInd: -1RoamStatus(sprint): -1DefRoamInd: -1EmergOnly: false] newSS=[0 home null null null  EvDo rev. A CSS not supported -1 -1RoamInd: -1RoamStatus(sprint): -1DefRoamInd: -1EmergOnly: false]
02-13 13:59:10.119 D/DATA    (  331): [DSST(0)]  mDataConnectionState = 0
02-13 13:59:10.119 D/CallManager(  331):  handleMessage (EVENT_SERVICE_STATE_CHANGED)
02-13 13:59:10.119 E/BT HS/HF(  331): SERVICE_STATE_CHANGED called
02-13 13:59:10.119 E/BT HS/HF(  331): updateServiceState called, sendUpdate:false  ServiceState:0 home Sprint  310099  EvDo rev. A CSS not supported 41 4139RoamInd: 1RoamStatus(sprint): 1DefRoamInd: 160EmergOnly: false
02-13 13:59:10.119 E/BT HS/HF(  331): service:1 mService:1
02-13 13:59:10.150 D/Mms     ( 1781): currentRoamingStatus:1
02-13 13:59:10.360 E/MediaPlayer( 2404): getCurrentPosition sec = 376012
02-13 13:59:10.360 E/MediaPlayer( 2404): getDuration_l mDuration = 1296418
02-13 13:59:11.361 E/MediaPlayer( 2404): getCurrentPosition sec = 377110
02-13 13:59:11.361 E/MediaPlayer( 2404): getDuration_l mDuration = 1296418
02-13 13:59:11.721 I/wpa_supplicant(  304): State: INACTIVE -> SCANNING
02-13 13:59:11.721 I/wpa_supplicant(  304): CTRL-EVENT-STATE-CHANGE id=-1 state=2 BSSID=00:00:00:00:00:00
02-13 13:59:11.721 D/NetworkStateTracker(  206): setDetailed state, old =IDLE and new state=SCANNING
02-13 13:59:12.372 E/MediaPlayer( 2404): getCurrentPosition sec = 378071
02-13 13:59:12.372 E/MediaPlayer( 2404): getDuration_l mDuration = 1296418
02-13 13:59:12.702 I/dun_service(  130): process rmnet event
02-13 13:59:12.702 I/dun_service(  130): Post event 4
02-13 13:59:12.702 I/dun_service(  130): received event: DUN_EVENT_RMNET_UP 
02-13 13:59:12.702 I/dun_service(  130): received event(DUN_EVENT_RMNET_UP) in state(DUN_STATE_USB_UNPLUG)
02-13 13:59:12.702 I/dun_service(  130): Ignoring the event DUN_EVENT_RMNET_UP in USB_UNPLUG_STATE
02-13 13:59:12.702 I/dun_service(  130): Moved to state(DUN_STATE_USB_UNPLUG)
02-13 13:59:12.712 I/wpa_supplicant(  304): State: SCANNING -> INACTIVE
02-13 13:59:12.712 I/wpa_supplicant(  304): CTRL-EVENT-STATE-CHANGE id=-1 state=1 BSSID=00:00:00:00:00:00
02-13 13:59:12.712 D/WifiStateTracker(  206): setNotificationVisible() visible=false mNotificationShown=false force=false return.
02-13 13:59:12.712 D/NetworkStateTracker(  206): setDetailed state, old =SCANNING and new state=IDLE
02-13 13:59:13.373 E/MediaPlayer( 2404): getCurrentPosition sec = 379031
02-13 13:59:13.373 E/MediaPlayer( 2404): getDuration_l mDuration = 1296418
02-13 13:59:14.384 E/MediaPlayer( 2404): getCurrentPosition sec = 380129
02-13 13:59:14.384 E/MediaPlayer( 2404): getDuration_l mDuration = 1296418
02-13 13:59:15.395 E/MediaPlayer( 2404): getCurrentPosition sec = 381090
02-13 13:59:15.395 E/MediaPlayer( 2404): getDuration_l mDuration = 1296418
02-13 13:59:16.396 E/MediaPlayer( 2404): getCurrentPosition sec = 382050
02-13 13:59:16.396 E/MediaPlayer( 2404): getDuration_l mDuration = 1296418
02-13 13:59:17.397 E/MediaPlayer( 2404): getCurrentPosition sec = 383148
02-13 13:59:17.397 E/MediaPlayer( 2404): getDuration_l mDuration = 1296418
02-13 13:59:18.388 E/MediaPlayer( 2404): getCurrentPosition sec = 384109
02-13 13:59:18.388 E/MediaPlayer( 2404): getDuration_l mDuration = 1296418
02-13 13:59:19.399 E/MediaPlayer( 2404): getCurrentPosition sec = 385069
02-13 13:59:19.399 E/MediaPlayer( 2404): getDuration_l mDuration = 1296418
02-13 13:59:20.400 E/MediaPlayer( 2404): getCurrentPosition sec = 386030
02-13 13:59:20.410 E/MediaPlayer( 2404): getDuration_l mDuration = 1296418
02-13 13:59:21.421 E/MediaPlayer( 2404): getCurrentPosition sec = 387128
02-13 13:59:21.421 E/MediaPlayer( 2404): getDuration_l mDuration = 1296418
02-13 13:59:22.432 E/MediaPlayer( 2404): getCurrentPosition sec = 388088
02-13 13:59:22.432 E/MediaPlayer( 2404): getDuration_l mDuration = 1296418
02-13 13:59:23.432 E/MediaPlayer( 2404): getCurrentPosition sec = 389049
02-13 13:59:23.432 E/MediaPlayer( 2404): getDuration_l mDuration = 1296418
02-13 13:59:24.433 E/MediaPlayer( 2404): getCurrentPosition sec = 390147
02-13 13:59:24.433 E/MediaPlayer( 2404): getDuration_l mDuration = 1296418
02-13 13:59:24.844 D/DATA    (  331): [DSST(0)] pollstate() : reason = data network state changed
02-13 13:59:24.924 D/MobileDataStateTracker(  206): [hipri]  MobileDataStateReceiver onReceive(): Entry.
02-13 13:59:24.924 D/MobileDataStateTracker(  206): [hipri]  intent.getAction()= android.intent.action.SERVICE_STATE
02-13 13:59:24.924 D/MobileDataStateTracker(  206): [hipri]  mEnabled = true
02-13 13:59:24.934 D/MobileDataStateTracker(  206): [dun]  MobileDataStateReceiver onReceive(): Entry.
02-13 13:59:24.934 D/MobileDataStateTracker(  206): [dun]  intent.getAction()= android.intent.action.SERVICE_STATE
02-13 13:59:24.934 D/MobileDataStateTracker(  206): [dun]  mEnabled = false
02-13 13:59:24.934 D/MobileDataStateTracker(  206): [supl]  MobileDataStateReceiver onReceive(): Entry.
02-13 13:59:24.934 D/MobileDataStateTracker(  206): [supl]  intent.getAction()= android.intent.action.SERVICE_STATE
02-13 13:59:24.934 D/MobileDataStateTracker(  206): [supl]  mEnabled = false
02-13 13:59:24.934 D/MobileDataStateTracker(  206): [mms]  MobileDataStateReceiver onReceive(): Entry.
02-13 13:59:24.934 D/MobileDataStateTracker(  206): [mms]  intent.getAction()= android.intent.action.SERVICE_STATE
02-13 13:59:24.934 D/MobileDataStateTracker(  206): [mms]  mEnabled = false
02-13 13:59:24.934 D/MobileDataStateTracker(  206): [default]  MobileDataStateReceiver onReceive(): Entry.
02-13 13:59:24.934 D/MobileDataStateTracker(  206): [default]  intent.getAction()= android.intent.action.SERVICE_STATE
02-13 13:59:24.934 D/MobileDataStateTracker(  206): [default]  mEnabled = true
02-13 13:59:24.944 D/CallManager(  331):  handleMessage (EVENT_SERVICE_STATE_CHANGED)
02-13 13:59:24.944 E/BT HS/HF(  331): SERVICE_STATE_CHANGED called
02-13 13:59:24.944 E/BT HS/HF(  331): updateServiceState called, sendUpdate:false  ServiceState:0 home Sprint  310099  EvDo rev. A CSS not supported 41 4139RoamInd: 1RoamStatus(sprint): 1DefRoamInd: 160EmergOnly: false
02-13 13:59:24.944 E/BT HS/HF(  331): service:1 mService:1
02-13 13:59:24.944 D/DATA    (  331): [DSST(0)]  registrationState = 1  radioTechnology = 8 reasonForDenial = 0
02-13 13:59:24.944 D/DATA    (  331): [DSST(0)]  set mNewDataConnectionState = 0
02-13 13:59:24.944 D/DATA    (  331): [DSST(0)]  mNewDataConnectionState : 0  mDataConnectionState : 0
02-13 13:59:24.944 D/DATA    (  331): [DSST(0)] Poll ServiceState done: oldSS=[0 home null null null  EvDo rev. A CSS not supported -1 -1RoamInd: -1RoamStatus(sprint): -1DefRoamInd: -1EmergOnly: false] newSS=[0 home null null null  EvDo rev. A CSS not supported -1 -1RoamInd: -1RoamStatus(sprint): -1DefRoamInd: -1EmergOnly: false]
02-13 13:59:24.944 D/DATA    (  331): [DSST(0)]  mDataConnectionState = 0
02-13 13:59:24.964 D/Mms     ( 1781): currentRoamingStatus:1
02-13 13:59:25.444 E/MediaPlayer( 2404): getCurrentPosition sec = 391107
02-13 13:59:25.444 E/MediaPlayer( 2404): getDuration_l mDuration = 1296418
02-13 13:59:26.455 E/MediaPlayer( 2404): getCurrentPosition sec = 392068
02-13 13:59:26.455 E/MediaPlayer( 2404): getDuration_l mDuration = 1296418
02-13 13:59:27.456 E/MediaPlayer( 2404): getCurrentPosition sec = 393166
02-13 13:59:27.456 E/MediaPlayer( 2404): getDuration_l mDuration = 1296418
02-13 13:59:27.737 I/wpa_supplicant(  304): State: INACTIVE -> SCANNING
02-13 13:59:27.737 I/wpa_supplicant(  304): CTRL-EVENT-STATE-CHANGE id=-1 state=2 BSSID=00:00:00:00:00:00
02-13 13:59:27.737 D/NetworkStateTracker(  206): setDetailed state, old =IDLE and new state=SCANNING
02-13 13:59:28.447 E/MediaPlayer( 2404): getCurrentPosition sec = 394127
02-13 13:59:28.447 E/MediaPlayer( 2404): getDuration_l mDuration = 1296418
02-13 13:59:28.688 I/wpa_supplicant(  304): State: SCANNING -> INACTIVE
02-13 13:59:28.688 I/wpa_supplicant(  304): CTRL-EVENT-STATE-CHANGE id=-1 state=1 BSSID=00:00:00:00:00:00
02-13 13:59:28.698 I/dun_service(  130): process rmnet event
02-13 13:59:28.698 I/dun_service(  130): Post event 4
02-13 13:59:28.698 I/dun_service(  130): received event: DUN_EVENT_RMNET_UP 
02-13 13:59:28.698 I/dun_service(  130): received event(DUN_EVENT_RMNET_UP) in state(DUN_STATE_USB_UNPLUG)
02-13 13:59:28.698 I/dun_service(  130): Ignoring the event DUN_EVENT_RMNET_UP in USB_UNPLUG_STATE
02-13 13:59:28.698 I/dun_service(  130): Moved to state(DUN_STATE_USB_UNPLUG)
02-13 13:59:28.698 D/NetworkStateTracker(  206): setDetailed state, old =SCANNING and new state=IDLE
02-13 13:59:28.698 D/WifiStateTracker(  206): setNotificationVisible() visible=false mNotificationShown=false force=false return.
02-13 13:59:29.458 E/MediaPlayer( 2404): getCurrentPosition sec = 395087
02-13 13:59:29.458 E/MediaPlayer( 2404): getDuration_l mDuration = 1296418
02-13 13:59:30.469 E/MediaPlayer( 2404): getCurrentPosition sec = 396185
02-13 13:59:30.469 E/MediaPlayer( 2404): getDuration_l mDuration = 1296418
02-13 13:59:31.470 E/MediaPlayer( 2404): getCurrentPosition sec = 397146
02-13 13:59:31.470 E/MediaPlayer( 2404): getDuration_l mDuration = 1296418
02-13 13:59:32.481 E/MediaPlayer( 2404): getCurrentPosition sec = 398106
02-13 13:59:32.481 E/MediaPlayer( 2404): getDuration_l mDuration = 1296418
02-13 13:59:33.482 E/MediaPlayer( 2404): getCurrentPosition sec = 399204
02-13 13:59:33.482 E/MediaPlayer( 2404): getDuration_l mDuration = 1296418
02-13 13:59:34.493 E/MediaPlayer( 2404): getCurrentPosition sec = 400165
02-13 13:59:34.493 E/MediaPlayer( 2404): getDuration_l mDuration = 1296418
02-13 13:59:35.494 E/MediaPlayer( 2404): getCurrentPosition sec = 401125
02-13 13:59:35.494 E/MediaPlayer( 2404): getDuration_l mDuration = 1296418
02-13 13:59:36.505 E/MediaPlayer( 2404): getCurrentPosition sec = 402223
02-13 13:59:36.505 E/MediaPlayer( 2404): getDuration_l mDuration = 1296418
02-13 13:59:36.565 I/dun_service(  130): The value returned from dun_getusbmodemstate_fromsys is 2 
02-13 13:59:36.605 D/KeyguardUpdateMonitor(  206): received broadcast android.intent.action.BATTERY_CHANGED
02-13 13:59:36.605 D/KeyguardUpdateMonitor(  206): handleBatteryUpdate
02-13 13:59:37.506 E/MediaPlayer( 2404): getCurrentPosition sec = 403184
02-13 13:59:37.506 E/MediaPlayer( 2404): getDuration_l mDuration = 1296418
02-13 13:59:38.517 E/MediaPlayer( 2404): getCurrentPosition sec = 404144
02-13 13:59:38.517 E/MediaPlayer( 2404): getDuration_l mDuration = 1296418
02-13 13:59:39.508 E/MediaPlayer( 2404): getCurrentPosition sec = 405242
02-13 13:59:39.508 E/MediaPlayer( 2404): getDuration_l mDuration = 1296418
02-13 13:59:40.529 E/MediaPlayer( 2404): getCurrentPosition sec = 406203
02-13 13:59:40.529 E/MediaPlayer( 2404): getDuration_l mDuration = 1296418
02-13 13:59:41.540 E/MediaPlayer( 2404): getCurrentPosition sec = 407163
02-13 13:59:41.540 E/MediaPlayer( 2404): getDuration_l mDuration = 1296418
02-13 13:59:42.541 E/MediaPlayer( 2404): getCurrentPosition sec = 408261
02-13 13:59:42.541 E/MediaPlayer( 2404): getDuration_l mDuration = 1296418
02-13 13:59:43.542 E/MediaPlayer( 2404): getCurrentPosition sec = 409222
02-13 13:59:43.542 E/MediaPlayer( 2404): getDuration_l mDuration = 1296418
02-13 13:59:43.712 I/wpa_supplicant(  304): State: INACTIVE -> SCANNING
02-13 13:59:43.712 I/wpa_supplicant(  304): CTRL-EVENT-STATE-CHANGE id=-1 state=2 BSSID=00:00:00:00:00:00
02-13 13:59:43.722 D/NetworkStateTracker(  206): setDetailed state, old =IDLE and new state=SCANNING
02-13 13:59:44.553 E/MediaPlayer( 2404): getCurrentPosition sec = 410183
02-13 13:59:44.553 E/MediaPlayer( 2404): getDuration_l mDuration = 1296418
02-13 13:59:44.693 I/dun_service(  130): process rmnet event
02-13 13:59:44.693 I/dun_service(  130): Post event 4
02-13 13:59:44.693 I/dun_service(  130): received event: DUN_EVENT_RMNET_UP 
02-13 13:59:44.693 I/dun_service(  130): received event(DUN_EVENT_RMNET_UP) in state(DUN_STATE_USB_UNPLUG)
02-13 13:59:44.693 I/dun_service(  130): Ignoring the event DUN_EVENT_RMNET_UP in USB_UNPLUG_STATE
02-13 13:59:44.693 I/dun_service(  130): Moved to state(DUN_STATE_USB_UNPLUG)
02-13 13:59:44.693 I/wpa_supplicant(  304): State: SCANNING -> INACTIVE
02-13 13:59:44.693 I/wpa_supplicant(  304): CTRL-EVENT-STATE-CHANGE id=-1 state=1 BSSID=00:00:00:00:00:00
02-13 13:59:44.703 D/WifiStateTracker(  206): setNotificationVisible() visible=false mNotificationShown=false force=false return.
02-13 13:59:44.713 D/NetworkStateTracker(  206): setDetailed state, old =SCANNING and new state=IDLE
02-13 13:59:45.564 E/MediaPlayer( 2404): getCurrentPosition sec = 411280
02-13 13:59:45.564 E/MediaPlayer( 2404): getDuration_l mDuration = 1296418
02-13 13:59:46.565 E/MediaPlayer( 2404): getCurrentPosition sec = 412241
02-13 13:59:46.565 E/MediaPlayer( 2404): getDuration_l mDuration = 1296418
02-13 13:59:47.576 E/MediaPlayer( 2404): getCurrentPosition sec = 413202
02-13 13:59:47.576 E/MediaPlayer( 2404): getDuration_l mDuration = 1296418
02-13 13:59:48.577 E/MediaPlayer( 2404): getCurrentPosition sec = 414299
02-13 13:59:48.577 E/MediaPlayer( 2404): getDuration_l mDuration = 1296418
02-13 13:59:49.578 E/MediaPlayer( 2404): getCurrentPosition sec = 415260
02-13 13:59:49.578 E/MediaPlayer( 2404): getDuration_l mDuration = 1296418
02-13 13:59:50.589 E/MediaPlayer( 2404): getCurrentPosition sec = 416221
02-13 13:59:50.589 E/MediaPlayer( 2404): getDuration_l mDuration = 1296418
02-13 13:59:51.590 E/MediaPlayer( 2404): getCurrentPosition sec = 417319
02-13 13:59:51.590 E/MediaPlayer( 2404): getDuration_l mDuration = 1296418
02-13 13:59:52.601 E/MediaPlayer( 2404): getCurrentPosition sec = 418279
02-13 13:59:52.601 E/MediaPlayer( 2404): getDuration_l mDuration = 1296418
02-13 13:59:53.612 E/MediaPlayer( 2404): getCurrentPosition sec = 419240
02-13 13:59:53.612 E/MediaPlayer( 2404): getDuration_l mDuration = 1296418
02-13 13:59:54.613 E/MediaPlayer( 2404): getCurrentPosition sec = 420338
02-13 13:59:54.613 E/MediaPlayer( 2404): getDuration_l mDuration = 1296418
02-13 13:59:55.624 E/MediaPlayer( 2404): getCurrentPosition sec = 421298
02-13 13:59:55.624 E/MediaPlayer( 2404): getDuration_l mDuration = 1296418
02-13 13:59:56.625 E/MediaPlayer( 2404): getCurrentPosition sec = 422259
02-13 13:59:56.625 E/MediaPlayer( 2404): getDuration_l mDuration = 1296418
02-13 13:59:57.636 E/MediaPlayer( 2404): getCurrentPosition sec = 423357
02-13 13:59:57.636 E/MediaPlayer( 2404): getDuration_l mDuration = 1296418
02-13 13:59:58.637 E/MediaPlayer( 2404): getCurrentPosition sec = 424317
02-13 13:59:58.637 E/MediaPlayer( 2404): getDuration_l mDuration = 1296418
02-13 13:59:59.628 E/MediaPlayer( 2404): getCurrentPosition sec = 425278
02-13 13:59:59.628 E/MediaPlayer( 2404): getDuration_l mDuration = 1296418
02-13 13:59:59.728 I/wpa_supplicant(  304): State: INACTIVE -> SCANNING
02-13 13:59:59.728 I/wpa_supplicant(  304): CTRL-EVENT-STATE-CHANGE id=-1 state=2 BSSID=00:00:00:00:00:00
02-13 13:59:59.728 D/NetworkStateTracker(  206): setDetailed state, old =IDLE and new state=SCANNING
02-13 14:00:00.018 D/KeyguardUpdateMonitor(  206): received broadcast android.intent.action.TIME_TICK
02-13 14:00:00.018 D/KeyguardUpdateMonitor(  206): handleTimeUpdate
02-13 14:00:00.639 E/MediaPlayer( 2404): getCurrentPosition sec = 426376
02-13 14:00:00.639 E/MediaPlayer( 2404): getDuration_l mDuration = 1296418
02-13 14:00:00.699 I/dun_service(  130): process rmnet event
02-13 14:00:00.699 I/dun_service(  130): Post event 4
02-13 14:00:00.699 I/dun_service(  130): received event: DUN_EVENT_RMNET_UP 
02-13 14:00:00.699 I/dun_service(  130): received event(DUN_EVENT_RMNET_UP) in state(DUN_STATE_USB_UNPLUG)
02-13 14:00:00.699 I/dun_service(  130): Ignoring the event DUN_EVENT_RMNET_UP in USB_UNPLUG_STATE
02-13 14:00:00.699 I/dun_service(  130): Moved to state(DUN_STATE_USB_UNPLUG)
02-13 14:00:00.699 I/wpa_supplicant(  304): State: SCANNING -> INACTIVE
02-13 14:00:00.699 I/wpa_supplicant(  304): CTRL-EVENT-STATE-CHANGE id=-1 state=1 BSSID=00:00:00:00:00:00
02-13 14:00:00.709 D/WifiStateTracker(  206): setNotificationVisible() visible=false mNotificationShown=false force=false return.
02-13 14:00:00.719 D/NetworkStateTracker(  206): setDetailed state, old =SCANNING and new state=IDLE
02-13 14:00:01.650 E/MediaPlayer( 2404): getCurrentPosition sec = 427336
02-13 14:00:01.650 E/MediaPlayer( 2404): getDuration_l mDuration = 1296418
02-13 14:00:02.651 E/MediaPlayer( 2404): getCurrentPosition sec = 428297
02-13 14:00:02.651 E/MediaPlayer( 2404): getDuration_l mDuration = 1296418
02-13 14:00:03.652 E/MediaPlayer( 2404): getCurrentPosition sec = 429258
02-13 14:00:03.652 E/MediaPlayer( 2404): getDuration_l mDuration = 1296418
02-13 14:00:04.663 E/MediaPlayer( 2404): getCurrentPosition sec = 430355
02-13 14:00:04.663 E/MediaPlayer( 2404): getDuration_l mDuration = 1296418
02-13 14:00:05.674 E/MediaPlayer( 2404): getCurrentPosition sec = 431316
02-13 14:00:05.674 E/MediaPlayer( 2404): getDuration_l mDuration = 1296418
02-13 14:00:06.675 E/MediaPlayer( 2404): getCurrentPosition sec = 432277
02-13 14:00:06.675 E/MediaPlayer( 2404): getDuration_l mDuration = 1296418
02-13 14:00:07.686 E/MediaPlayer( 2404): getCurrentPosition sec = 433375
02-13 14:00:07.686 E/MediaPlayer( 2404): getDuration_l mDuration = 1296418
02-13 14:00:08.687 E/MediaPlayer( 2404): getCurrentPosition sec = 434335
02-13 14:00:08.687 E/MediaPlayer( 2404): getDuration_l mDuration = 1296418
02-13 14:00:09.678 E/MediaPlayer( 2404): getCurrentPosition sec = 435296
02-13 14:00:09.678 E/MediaPlayer( 2404): getDuration_l mDuration = 1296418
02-13 14:00:10.679 E/MediaPlayer( 2404): getCurrentPosition sec = 436394
02-13 14:00:10.679 E/MediaPlayer( 2404): getDuration_l mDuration = 1296418
02-13 14:00:11.690 E/MediaPlayer( 2404): getCurrentPosition sec = 437354
02-13 14:00:11.690 E/MediaPlayer( 2404): getDuration_l mDuration = 1296418
02-13 14:00:12.691 E/MediaPlayer( 2404): getCurrentPosition sec = 438315
02-13 14:00:12.691 E/MediaPlayer( 2404): getDuration_l mDuration = 1296418
02-13 14:00:13.702 E/MediaPlayer( 2404): getCurrentPosition sec = 439413
02-13 14:00:13.702 E/MediaPlayer( 2404): getDuration_l mDuration = 1296418
02-13 14:00:14.702 E/MediaPlayer( 2404): getCurrentPosition sec = 440373
02-13 14:00:14.702 E/MediaPlayer( 2404): getDuration_l mDuration = 1296418
02-13 14:00:15.713 E/MediaPlayer( 2404): getCurrentPosition sec = 441334
02-13 14:00:15.713 E/MediaPlayer( 2404): getDuration_l mDuration = 1296418
02-13 14:00:15.734 I/wpa_supplicant(  304): State: INACTIVE -> SCANNING
02-13 14:00:15.734 I/wpa_supplicant(  304): CTRL-EVENT-STATE-CHANGE id=-1 state=2 BSSID=00:00:00:00:00:00
02-13 14:00:15.744 D/NetworkStateTracker(  206): setDetailed state, old =IDLE and new state=SCANNING
02-13 14:00:16.714 I/dun_service(  130): process rmnet event
02-13 14:00:16.714 I/dun_service(  130): Post event 4
02-13 14:00:16.714 I/dun_service(  130): received event: DUN_EVENT_RMNET_UP 
02-13 14:00:16.714 I/dun_service(  130): received event(DUN_EVENT_RMNET_UP) in state(DUN_STATE_USB_UNPLUG)
02-13 14:00:16.714 I/dun_service(  130): Ignoring the event DUN_EVENT_RMNET_UP in USB_UNPLUG_STATE
02-13 14:00:16.714 I/dun_service(  130): Moved to state(DUN_STATE_USB_UNPLUG)
02-13 14:00:16.724 E/MediaPlayer( 2404): getCurrentPosition sec = 442432
02-13 14:00:16.724 E/MediaPlayer( 2404): getDuration_l mDuration = 1296418
02-13 14:00:16.724 I/wpa_supplicant(  304): State: SCANNING -> INACTIVE
02-13 14:00:16.724 I/wpa_supplicant(  304): CTRL-EVENT-STATE-CHANGE id=-1 state=1 BSSID=00:00:00:00:00:00
