02-13 13:26:34.556 I/ContactsProvider(  402): insertInTransaction: content://com.android.contacts/data?account_name=decidel%40gmail.com&account_type=com.google&caller_is_syncadapter=true data_sync4=1 mimetype=vnd.android.cursor.item/group_membership group_sourceid=6 raw_contact_id=259
02-13 13:26:34.556 I/ContactsProvider(  402): DataRowHandler  insert:  259
02-13 13:26:34.556 I/ContactsProvider(  402): insertInTransaction: content://com.android.contacts/data?account_name=decidel%40gmail.com&account_type=com.google&caller_is_syncadapter=true data_sync4=1 mimetype=vnd.android.cursor.item/group_membership group_sourceid=d raw_contact_id=259
02-13 13:26:34.556 I/ContactsProvider(  402): DataRowHandler  insert:  259
02-13 13:26:34.556 I/ContactsProvider(  402): insertInTransaction: content://com.android.contacts/data?account_name=decidel%40gmail.com&account_type=com.google&caller_is_syncadapter=true mimetype=vnd.android.cursor.item/phone_v2 data1=4089812069 data2=2 data3=null is_primary=0 data_sync4=1 raw_contact_id=259
02-13 13:26:34.556 I/ContactsProvider(  402): DataRowHandler  insert:  259
02-13 13:26:34.556 E/ContactAggregator(  402): 110704 updateHasPhoneNumber run contactId == 0
02-13 13:26:34.556 I/ContactsProvider(  402): insertInTransaction: content://com.android.contacts/data?account_name=decidel%40gmail.com&account_type=com.google&caller_is_syncadapter=true mimetype=vnd.android.cursor.item/phone_v2 data1=5042988578 data2=4 data3=null is_primary=0 data_sync4=1 raw_contact_id=259
02-13 13:26:34.566 I/ContactsProvider(  402): DataRowHandler  insert:  259
02-13 13:26:34.566 E/ContactAggregator(  402): 110704 updateHasPhoneNumber run contactId == 0
02-13 13:26:34.566 I/ContactsProvider(  402): query: content://com.android.contacts/groups/6
02-13 13:26:34.566 E/ContactsProvider(  402): 101123 isCallerRegisterNeedSIMProc callerPid:374, acorePid:402
02-13 13:26:34.566 I/ContactsProvider(  402): query isCallerRegistered= false
02-13 13:26:34.566 I/ContactsProvider(  402): query forOnlyOneContactString= 0
02-13 13:26:34.566 I/ContactsProvider(  402): updateInTransaction: content://com.android.contacts/syncstate/1
02-13 13:26:34.566 I/ContactsProvider(  402): query: content://com.android.contacts/raw_contacts?account_name=decidel%40gmail.com&account_type=com.google&caller_is_syncadapter=true
02-13 13:26:34.566 E/ContactsProvider(  402): 101123 isCallerRegisterNeedSIMProc callerPid:374, acorePid:402
02-13 13:26:34.566 I/ContactsProvider(  402): query isCallerRegistered= false
02-13 13:26:34.576 I/ContactsProvider(  402): query forOnlyOneContactString= 0
02-13 13:26:34.576 D/ContactsProvider(  402):  query CONTACTS MODE_ID=PHONE_UNLOCK
02-13 13:26:34.576 I/ContactsProvider(  402): insertInTransaction: content://com.android.contacts/raw_contacts?account_name=decidel%40gmail.com&account_type=com.google&caller_is_syncadapter=true sync2="QX49ejVSLix7ImA9WhRbFkUIRAY." sourceid=164b4f590cc4887e sync1=https://www.google.com/m8/feeds/contacts/decidel%40gmail.com/base2_property-android/164b4f590cc4887e starred=0 sync3=2012-02-08T06:25:20.062Z
02-13 13:26:34.576 I/ContactsProvider(  402): insertInTransaction: content://com.android.contacts/data?account_name=decidel%40gmail.com&account_type=com.google&caller_is_syncadapter=true data_sync1=https://www.google.com/m8/feeds/photos/media/decidel%40gmail.com/164b4f590cc4887e data_version=0 mimetype=vnd.android.cursor.item/photo data_sync2="KW9jNwMbWix7ImB5P1cicCtwR2IINFMxYgY." data_sync4=0 raw_contact_id=260
02-13 13:26:34.576 I/ContactsProvider(  402): DataRowHandler  insert:  260
02-13 13:26:34.576 I/ContactsProvider(  402): insertInTransaction: content://com.android.contacts/data?account_name=decidel%40gmail.com&account_type=com.google&caller_is_syncadapter=true mimetype=vnd.android.cursor.item/name data1=Marty data4=null data5=null data2=Marty data3=null data8=null data9=null data_sync4=1 data6=null raw_contact_id=260 data7=null
02-13 13:26:34.576 E/NameSplitter(  402): 100809-5 guessFullNameStyle offset: 0
02-13 13:26:34.576 E/NameSplitter(  402): 100809-5 guessFullNameStyle offset: 1
02-13 13:26:34.576 E/NameSplitter(  402): 100809-5 guessFullNameStyle offset: 2
02-13 13:26:34.576 E/NameSplitter(  402): 100809-5 guessFullNameStyle offset: 3
02-13 13:26:34.576 E/NameSplitter(  402): 100809-5 guessFullNameStyle offset: 4
02-13 13:26:34.576 I/ContactsProvider(  402): language = en
02-13 13:26:34.576 I/ContactsProvider(  402): DataRowHandler  insert:  260
02-13 13:26:34.576 I/ContactsProvider(  402): StructuredNameRowHandler insert,  fullNameStyle = 1
02-13 13:26:34.586 I/NameLookupBuilder(  402): insertNameVariants  start
02-13 13:26:34.586 I/NameLookupBuilder(  402): insertNameVariants  NAME_COLLATION_KEY
02-13 13:26:34.586 I/NameLookupBuilder(  402): insertNameShorthandLookup
02-13 13:26:34.586 I/ContactLocaleUtils(  402): utils == null
02-13 13:26:34.586 I/ContactLocaleUtils(  402): get()  nameStyle = 1
02-13 13:26:34.586 I/ContactLocaleUtils(  402): getNameLookupKeys , not Chinese
02-13 13:26:34.586 I/NameLookupBuilder(  402): insertNameShorthandLookup , it==null, not Chinese
02-13 13:26:34.586 I/ContactLocaleUtils(  402): utils == null
02-13 13:26:34.586 I/ContactLocaleUtils(  402): get()  nameStyle = 1
02-13 13:26:34.586 I/ContactLocaleUtils(  402): getNameSmartDialerKeys , not Chinese
02-13 13:26:34.586 D/NameLookupBuilder(  402): SmartDialerKey is null, not Chinese, tokenCount = 1
02-13 13:26:34.586 D/NameLookupBuilder(  402): satisfy russia condition 
02-13 13:26:34.586 D/NameLookupBuilder(  402): satisfy russia condition 
02-13 13:26:34.586 D/NameLookupBuilder(  402): satisfy russia condition 
02-13 13:26:34.586 D/NameLookupBuilder(  402): satisfy russia condition 
02-13 13:26:34.586 D/NameLookupBuilder(  402): satisfy russia condition 
02-13 13:26:34.586 D/NameLookupBuilder(  402): satisfy russia condition 
02-13 13:26:34.586 D/NameLookupBuilder(  402): satisfy russia condition 
02-13 13:26:34.586 D/NameLookupBuilder(  402): satisfy russia condition 
02-13 13:26:34.586 D/NameLookupBuilder(  402): satisfy russia condition 
02-13 13:26:34.586 D/NameLookupBuilder(  402): satisfy russia condition 
02-13 13:26:34.586 D/NameLookupBuilder(  402): satisfy russia condition 
02-13 13:26:34.586 D/NameLookupBuilder(  402): satisfy russia condition 
02-13 13:26:34.586 I/NameLookupBuilder(  402): insertNameVariantsForNotChineseHeader  start
02-13 13:26:34.586 I/NameLookupBuilder(  402): insertNameVariantsForNotChineseHeader  NAME_COLLATION_KEY
02-13 13:26:34.586 D/NameLookupBuilder(  402):  dialNumberFull =62789
02-13 13:26:34.586 D/NameLookupBuilder(  402):  dialNumberHeader =6
02-13 13:26:34.586 I/NameLookupBuilder(  402): insertNameVariants  start
02-13 13:26:34.586 I/ContactsProvider(  402): insertInTransaction: content://com.android.contacts/data?account_name=decidel%40gmail.com&account_type=com.google&caller_is_syncadapter=true data1= data_sync4=1 mimetype=vnd.android.cursor.item/note raw_contact_id=260
02-13 13:26:34.586 I/ContactsProvider(  402): DataRowHandler  insert:  260
02-13 13:26:34.596 I/ContactsProvider(  402): insertInTransaction: content://com.android.contacts/data?account_name=decidel%40gmail.com&account_type=com.google&caller_is_syncadapter=true data1=null data_sync4=1 mimetype=vnd.android.cursor.item/nickname raw_contact_id=260
02-13 13:26:34.596 I/ContactsProvider(  402): DataRowHandler  insert:  260
02-13 13:26:34.596 I/ContactsProvider(  402): insertInTransaction: content://com.android.contacts/data?account_name=decidel%40gmail.com&account_type=com.google&caller_is_syncadapter=true data1=null data4=null data5=null data2=null data8=4 data9=5 data6=null data7=null data11=null mimetype=vnd.com.google.cursor.item/contact_misc data10=null data_sync4=1 raw_contact_id=260
02-13 13:26:34.596 I/ContactsProvider(  402): DataRowHandler  insert:  260
02-13 13:26:34.596 I/ContactsProvider(  402): insertInTransaction: content://com.android.contacts/data?account_name=decidel%40gmail.com&account_type=com.google&caller_is_syncadapter=true mimetype=vnd.android.cursor.item/email_v2 data1=martyaldridge@gmail.com data4=null data2=1 data3=null is_primary=1 data_sync4=1 raw_contact_id=260
02-13 13:26:34.596 I/ContactsProvider(  402): DataRowHandler  insert:  260
02-13 13:26:34.596 I/ContactsProvider(  402): insertInTransaction: content://com.android.contacts/data?account_name=decidel%40gmail.com&account_type=com.google&caller_is_syncadapter=true mimetype=vnd.android.cursor.item/im data1=martyaldridge@gmail.com data5=5 data2=3 data3=null is_primary=0 data_sync4=1 data6=null raw_contact_id=260
02-13 13:26:34.596 I/ContactsProvider(  402): DataRowHandler  insert:  260
02-13 13:26:34.606 I/ContactsProvider(  402): insertInTransaction: content://com.android.contacts/data?account_name=decidel%40gmail.com&account_type=com.google&caller_is_syncadapter=true mimetype=vnd.android.cursor.item/im data1=celysus data5=3 data2=3 data3=null is_primary=0 data_sync4=1 data6=null raw_contact_id=260
02-13 13:26:34.606 I/ContactsProvider(  402): DataRowHandler  insert:  260
02-13 13:26:34.606 I/ContactsProvider(  402): insertInTransaction: content://com.android.contacts/data?account_name=decidel%40gmail.com&account_type=com.google&caller_is_syncadapter=true mimetype=vnd.android.cursor.item/im data1=doobleman112 data5=2 data2=3 data3=null is_primary=0 data_sync4=1 data6=null raw_contact_id=260
02-13 13:26:34.606 I/ContactsProvider(  402): DataRowHandler  insert:  260
02-13 13:26:34.606 I/ContactsProvider(  402): insertInTransaction: content://com.android.contacts/data?account_name=decidel%40gmail.com&account_type=com.google&caller_is_syncadapter=true data_sync4=1 mimetype=vnd.android.cursor.item/group_membership group_sourceid=6 raw_contact_id=260
02-13 13:26:34.606 I/ContactsProvider(  402): DataRowHandler  insert:  260
02-13 13:26:34.606 I/ContactsProvider(  402): insertInTransaction: content://com.android.contacts/data?account_name=decidel%40gmail.com&account_type=com.google&caller_is_syncadapter=true mimetype=vnd.android.cursor.item/phone_v2 data1=(916)%20538-1466 data2=7 data3=null is_primary=0 data_sync4=1 raw_contact_id=260
02-13 13:26:34.606 I/ContactsProvider(  402): DataRowHandler  insert:  260
02-13 13:26:34.606 E/ContactAggregator(  402): 110704 updateHasPhoneNumber run contactId == 0
02-13 13:26:34.606 I/ContactsProvider(  402): query: content://com.android.contacts/groups/6
02-13 13:26:34.606 E/ContactsProvider(  402): 101123 isCallerRegisterNeedSIMProc callerPid:374, acorePid:402
02-13 13:26:34.616 I/ContactsProvider(  402): query isCallerRegistered= false
02-13 13:26:34.616 I/ContactsProvider(  402): query forOnlyOneContactString= 0
02-13 13:26:34.616 I/ContactsProvider(  402): updateInTransaction: content://com.android.contacts/syncstate/1
02-13 13:26:34.616 I/ContactsProvider(  402): query: content://com.android.contacts/raw_contacts?account_name=decidel%40gmail.com&account_type=com.google&caller_is_syncadapter=true
02-13 13:26:34.616 E/ContactsProvider(  402): 101123 isCallerRegisterNeedSIMProc callerPid:374, acorePid:402
02-13 13:26:34.616 I/ContactsProvider(  402): query isCallerRegistered= false
02-13 13:26:34.616 I/ContactsProvider(  402): query forOnlyOneContactString= 0
02-13 13:26:34.616 D/ContactsProvider(  402):  query CONTACTS MODE_ID=PHONE_UNLOCK
02-13 13:26:34.626 I/ContactsProvider(  402): insertInTransaction: content://com.android.contacts/raw_contacts?account_name=decidel%40gmail.com&account_type=com.google&caller_is_syncadapter=true sync2="SXsycTVSLix7ImA9WhRaEEsORQA." sourceid=3ff5b39a0d3839ac sync1=https://www.google.com/m8/feeds/contacts/decidel%40gmail.com/base2_property-android/3ff5b39a0d3839ac starred=0 sync3=2012-02-12T16:30:48.599Z
02-13 13:26:34.626 I/ContactsProvider(  402): insertInTransaction: content://com.android.contacts/data?account_name=decidel%40gmail.com&account_type=com.google&caller_is_syncadapter=true data_sync1=https://www.google.com/m8/feeds/photos/media/decidel%40gmail.com/3ff5b39a0d3839ac data_version=0 mimetype=vnd.android.cursor.item/photo data_sync2=null data_sync4=0 raw_contact_id=261
02-13 13:26:34.626 I/ContactsProvider(  402): DataRowHandler  insert:  261
02-13 13:26:34.626 I/ContactsProvider(  402): insertInTransaction: content://com.android.contacts/data?account_name=decidel%40gmail.com&account_type=com.google&caller_is_syncadapter=true data_sync4=1 mimetype=vnd.android.cursor.item/name raw_contact_id=261
02-13 13:26:34.626 I/ContactsProvider(  402): language = en
02-13 13:26:34.626 I/ContactsProvider(  402): DataRowHandler  insert:  261
02-13 13:26:34.626 I/ContactsProvider(  402): StructuredNameRowHandler insert,  fullNameStyle = null
02-13 13:26:34.626 I/ContactsProvider(  402): insertInTransaction: content://com.android.contacts/data?account_name=decidel%40gmail.com&account_type=com.google&caller_is_syncadapter=true data1= data_sync4=1 mimetype=vnd.android.cursor.item/note raw_contact_id=261
02-13 13:26:34.626 I/ContactsProvider(  402): DataRowHandler  insert:  261
02-13 13:26:34.626 I/ContactsProvider(  402): insertInTransaction: content://com.android.contacts/data?account_name=decidel%40gmail.com&account_type=com.google&caller_is_syncadapter=true data1=null data_sync4=1 mimetype=vnd.android.cursor.item/nickname raw_contact_id=261
02-13 13:26:34.626 I/ContactsProvider(  402): DataRowHandler  insert:  261
02-13 13:26:34.626 I/ContactsProvider(  402): insertInTransaction: content://com.android.contacts/data?account_name=decidel%40gmail.com&account_type=com.google&caller_is_syncadapter=true data1=null data4=null data5=null data2=null data8=4 data9=5 data6=null data7=null data11=null mimetype=vnd.com.google.cursor.item/contact_misc data10=null data_sync4=1 raw_contact_id=261
02-13 13:26:34.636 I/ContactsProvider(  402): DataRowHandler  insert:  261
02-13 13:26:34.636 I/ContactsProvider(  402): insertInTransaction: content://com.android.contacts/data?account_name=decidel%40gmail.com&account_type=com.google&caller_is_syncadapter=true mimetype=vnd.android.cursor.item/email_v2 data1=missskyla2@aol.com data4=null data2=3 data3=null is_primary=1 data_sync4=1 raw_contact_id=261
02-13 13:26:34.636 I/ContactsProvider(  402): DataRowHandler  insert:  261
02-13 13:26:34.636 I/ContactsProvider(  402): query: content://com.android.contacts/groups/6
02-13 13:26:34.636 E/ContactsProvider(  402): 101123 isCallerRegisterNeedSIMProc callerPid:374, acorePid:402
02-13 13:26:34.666 I/ContactsProvider(  402): query isCallerRegistered= false
02-13 13:26:34.676 I/ContactsProvider(  402): query forOnlyOneContactString= 0
02-13 13:26:34.696 I/ContactsProvider(  402): updateInTransaction: content://com.android.contacts/syncstate/1
02-13 13:26:34.706 E/ContactAggregator(  402): 110704 computeAggregateData  mimetypeId == mMimeTypeIdPhone
02-13 13:26:34.706 E/ContactAggregator(  402): 110704 computeAggregateData  mimetypeId == mMimeTypeIdPhone
02-13 13:26:34.706 E/NameSplitter(  402): 100809-5 guessFullNameStyle offset: 0
02-13 13:26:34.706 E/NameSplitter(  402): 100809-5 guessFullNameStyle offset: 1
02-13 13:26:34.706 E/NameSplitter(  402): 100809-5 guessFullNameStyle offset: 2
02-13 13:26:34.706 E/NameSplitter(  402): 100809-5 guessFullNameStyle offset: 3
02-13 13:26:34.706 E/NameSplitter(  402): 100809-5 guessFullNameStyle offset: 4
02-13 13:26:34.706 E/NameSplitter(  402): 100809-5 guessFullNameStyle offset: 5
02-13 13:26:34.706 E/NameSplitter(  402): 100809-5 guessFullNameStyle offset: 6
02-13 13:26:34.706 E/NameSplitter(  402): 100809-5 guessFullNameStyle offset: 7
02-13 13:26:34.706 E/NameSplitter(  402): 100809-5 guessFullNameStyle offset: 8
02-13 13:26:34.706 E/NameSplitter(  402): 100809-5 guessFullNameStyle offset: 9
02-13 13:26:34.706 E/NameSplitter(  402): 100809-5 guessFullNameStyle offset: 11
02-13 13:26:34.706 E/NameSplitter(  402): 100809-5 guessFullNameStyle offset: 12
02-13 13:26:34.706 E/NameSplitter(  402): 100809-5 guessFullNameStyle offset: 13
02-13 13:26:34.706 E/NameSplitter(  402): 100809-5 guessFullNameStyle offset: 14
02-13 13:26:34.706 E/NameSplitter(  402): 100809-5 guessFullNameStyle offset: 15
02-13 13:26:34.706 E/NameSplitter(  402): 100809-5 guessFullNameStyle offset: 17
02-13 13:26:34.706 E/NameSplitter(  402): 100809-5 guessFullNameStyle offset: 18
02-13 13:26:34.706 E/NameSplitter(  402): 100809-5 guessFullNameStyle offset: 19
02-13 13:26:34.716 E/NameSplitter(  402): 100809-5 guessFullNameStyle offset: 0
02-13 13:26:34.716 E/NameSplitter(  402): 100809-5 guessFullNameStyle offset: 1
02-13 13:26:34.716 E/NameSplitter(  402): 100809-5 guessFullNameStyle offset: 2
02-13 13:26:34.716 E/NameSplitter(  402): 100809-5 guessFullNameStyle offset: 3
02-13 13:26:34.716 E/NameSplitter(  402): 100809-5 guessFullNameStyle offset: 4
02-13 13:26:34.716 E/NameSplitter(  402): 100809-5 guessFullNameStyle offset: 5
02-13 13:26:34.716 E/NameSplitter(  402): 100809-5 guessFullNameStyle offset: 6
02-13 13:26:34.716 E/NameSplitter(  402): 100809-5 guessFullNameStyle offset: 7
02-13 13:26:34.716 E/NameSplitter(  402): 100809-5 guessFullNameStyle offset: 8
02-13 13:26:34.716 E/NameSplitter(  402): 100809-5 guessFullNameStyle offset: 9
02-13 13:26:34.716 E/NameSplitter(  402): 100809-5 guessFullNameStyle offset: 10
02-13 13:26:34.716 E/NameSplitter(  402): 100809-5 guessFullNameStyle offset: 11
02-13 13:26:34.716 E/NameSplitter(  402): 100809-5 guessFullNameStyle offset: 12
02-13 13:26:34.716 E/NameSplitter(  402): 100809-5 guessFullNameStyle offset: 14
02-13 13:26:34.716 E/NameSplitter(  402): 100809-5 guessFullNameStyle offset: 15
02-13 13:26:34.716 E/NameSplitter(  402): 100809-5 guessFullNameStyle offset: 16
02-13 13:26:34.716 E/NameSplitter(  402): 100809-5 guessFullNameStyle offset: 17
02-13 13:26:34.716 E/NameSplitter(  402): 100809-5 guessFullNameStyle offset: 18
02-13 13:26:34.716 E/NameSplitter(  402): 100809-5 guessFullNameStyle offset: 19
02-13 13:26:34.716 E/NameSplitter(  402): 100809-5 guessFullNameStyle offset: 20
02-13 13:26:34.716 E/NameSplitter(  402): 100809-5 guessFullNameStyle offset: 22
02-13 13:26:34.716 E/NameSplitter(  402): 100809-5 guessFullNameStyle offset: 23
02-13 13:26:34.716 E/NameSplitter(  402): 100809-5 guessFullNameStyle offset: 24
02-13 13:26:34.716 E/NameSplitter(  402): 100809-5 guessFullNameStyle offset: 25
02-13 13:26:34.716 E/NameSplitter(  402): 100809-5 guessFullNameStyle offset: 26
02-13 13:26:34.716 E/NameSplitter(  402): 100809-5 guessFullNameStyle offset: 28
02-13 13:26:34.716 E/NameSplitter(  402): 100809-5 guessFullNameStyle offset: 29
02-13 13:26:34.716 E/NameSplitter(  402): 100809-5 guessFullNameStyle offset: 30
02-13 13:26:34.716 E/NameSplitter(  402): 100809-5 guessFullNameStyle offset: 31
02-13 13:26:34.716 E/NameSplitter(  402): 100809-5 guessFullNameStyle offset: 32
02-13 13:26:34.716 E/NameSplitter(  402): 100809-5 guessFullNameStyle offset: 33
02-13 13:26:34.716 E/NameSplitter(  402): 100809-5 guessFullNameStyle offset: 34
02-13 13:26:34.716 E/NameSplitter(  402): 100809-5 guessFullNameStyle offset: 35
02-13 13:26:34.716 E/NameSplitter(  402): 100809-5 guessFullNameStyle offset: 36
02-13 13:26:34.716 E/NameSplitter(  402): 100809-5 guessFullNameStyle offset: 37
02-13 13:26:34.716 E/NameSplitter(  402): 100809-5 guessFullNameStyle offset: 39
02-13 13:26:34.716 E/NameSplitter(  402): 100809-5 guessFullNameStyle offset: 40
02-13 13:26:34.746 E/ContactAggregator(  402): 110704 computeAggregateData  mimetypeId == mMimeTypeIdPhone
02-13 13:26:34.756 E/NameSplitter(  402): 100809-5 guessFullNameStyle offset: 0
02-13 13:26:34.756 E/NameSplitter(  402): 100809-5 guessFullNameStyle offset: 1
02-13 13:26:34.756 E/NameSplitter(  402): 100809-5 guessFullNameStyle offset: 2
02-13 13:26:34.756 E/NameSplitter(  402): 100809-5 guessFullNameStyle offset: 3
02-13 13:26:34.756 E/NameSplitter(  402): 100809-5 guessFullNameStyle offset: 4
02-13 13:26:34.756 E/NameSplitter(  402): 100809-5 guessFullNameStyle offset: 5
02-13 13:26:34.756 E/NameSplitter(  402): 100809-5 guessFullNameStyle offset: 6
02-13 13:26:34.756 E/NameSplitter(  402): 100809-5 guessFullNameStyle offset: 7
02-13 13:26:34.756 E/NameSplitter(  402): 100809-5 guessFullNameStyle offset: 8
02-13 13:26:34.756 E/NameSplitter(  402): 100809-5 guessFullNameStyle offset: 11
02-13 13:26:34.756 E/NameSplitter(  402): 100809-5 guessFullNameStyle offset: 12
02-13 13:26:34.756 E/NameSplitter(  402): 100809-5 guessFullNameStyle offset: 13
02-13 13:26:34.756 E/NameSplitter(  402): 100809-5 guessFullNameStyle offset: 15
02-13 13:26:34.756 E/NameSplitter(  402): 100809-5 guessFullNameStyle offset: 16
02-13 13:26:34.756 E/NameSplitter(  402): 100809-5 guessFullNameStyle offset: 17
02-13 13:26:34.766 E/NameSplitter(  402): 100809-5 guessFullNameStyle offset: 0
02-13 13:26:34.766 E/NameSplitter(  402): 100809-5 guessFullNameStyle offset: 1
02-13 13:26:34.766 E/NameSplitter(  402): 100809-5 guessFullNameStyle offset: 2
02-13 13:26:34.766 E/NameSplitter(  402): 100809-5 guessFullNameStyle offset: 3
02-13 13:26:34.766 E/NameSplitter(  402): 100809-5 guessFullNameStyle offset: 4
02-13 13:26:34.766 E/NameSplitter(  402): 100809-5 guessFullNameStyle offset: 5
02-13 13:26:34.766 E/NameSplitter(  402): 100809-5 guessFullNameStyle offset: 6
02-13 13:26:34.766 E/NameSplitter(  402): 100809-5 guessFullNameStyle offset: 7
02-13 13:26:34.766 E/NameSplitter(  402): 100809-5 guessFullNameStyle offset: 9
02-13 13:26:34.766 E/NameSplitter(  402): 100809-5 guessFullNameStyle offset: 10
02-13 13:26:34.766 E/NameSplitter(  402): 100809-5 guessFullNameStyle offset: 11
02-13 13:26:34.766 E/NameSplitter(  402): 100809-5 guessFullNameStyle offset: 12
02-13 13:26:34.766 E/NameSplitter(  402): 100809-5 guessFullNameStyle offset: 13
02-13 13:26:34.766 E/NameSplitter(  402): 100809-5 guessFullNameStyle offset: 15
02-13 13:26:34.766 E/NameSplitter(  402): 100809-5 guessFullNameStyle offset: 16
02-13 13:26:34.766 E/NameSplitter(  402): 100809-5 guessFullNameStyle offset: 17
02-13 13:26:34.776 E/NameSplitter(  402): 100809-5 guessFullNameStyle offset: 18
02-13 13:26:34.776 E/NameSplitter(  402): 100809-5 guessFullNameStyle offset: 19
02-13 13:26:34.776 E/NameSplitter(  402): 100809-5 guessFullNameStyle offset: 21
02-13 13:26:34.776 E/NameSplitter(  402): 100809-5 guessFullNameStyle offset: 22
02-13 13:26:34.776 E/NameSplitter(  402): 100809-5 guessFullNameStyle offset: 23
02-13 13:26:34.776 E/ContactAggregator(  402): 110704 computeAggregateData  mimetypeId == mMimeTypeIdPhone
02-13 13:26:34.786 E/ContactAggregator(  402): 110704 computeAggregateData  mimetypeId == mMimeTypeIdPhone
02-13 13:26:34.786 E/ContactAggregator(  402): 110704 computeAggregateData  mimetypeId == mMimeTypeIdPhone
02-13 13:26:35.136 I/ContactsProvider(  402): deleteInTransaction: content://com.android.contacts/raw_contacts?account_name=decidel%40gmail.com&account_type=com.google&caller_is_syncadapter=true
02-13 13:26:35.136 I/ContactsProvider(  402): updateInTransaction: content://com.android.contacts/syncstate/1
02-13 13:26:35.166 I/ContactsProvider(  402): query: content://com.android.contacts/data?account_name=decidel%40gmail.com&account_type=com.google&caller_is_syncadapter=true
02-13 13:26:35.166 E/ContactsProvider(  402): 101123 isCallerRegisterNeedSIMProc callerPid:374, acorePid:402
02-13 13:26:35.176 I/ContactsProvider(  402): query isCallerRegistered= false
02-13 13:26:35.176 I/ContactsProvider(  402): query forOnlyOneContactString= 0
02-13 13:26:35.176 D/ContactsProvider(  402):  query CONTACTS MODE_ID=PHONE_UNLOCK
02-13 13:26:36.197 I/ContactsProvider(  402): updateInTransaction: content://com.android.contacts/data/3?caller_is_syncadapter=true
02-13 13:26:36.197 E/ContactsProvider(  402): 20101020 isDataReadOnly, dataId:3
02-13 13:26:36.197 E/ContactsProvider(  402): 20101020 isReadOnlyRawContact, rawContactId:2
02-13 13:26:36.197 E/ContactsProvider(  402): ContactsProvider2 isContactLocked:0
02-13 13:26:36.197 I/ContactsProvider(  402): query: content://com.android.contacts/data/3?caller_is_syncadapter=true
02-13 13:26:36.197 E/ContactsProvider(  402): 101123 isCallerRegisterNeedSIMProc callerPid:374, acorePid:402
02-13 13:26:36.197 I/ContactsProvider(  402): query isCallerRegistered= false
02-13 13:26:36.197 I/ContactsProvider(  402): query forOnlyOneContactString= 0
02-13 13:26:36.207 I/ContactsProvider(  402): DataRowHandler  update:  2
02-13 13:26:36.778 I/ContactsProvider(  402): updateInTransaction: content://com.android.contacts/data/270?caller_is_syncadapter=true
02-13 13:26:36.778 E/ContactsProvider(  402): 20101020 isDataReadOnly, dataId:270
02-13 13:26:36.798 E/ContactsProvider(  402): 20101020 isReadOnlyRawContact, rawContactId:41
02-13 13:26:36.808 E/ContactsProvider(  402): ContactsProvider2 isContactLocked:0
02-13 13:26:36.808 I/ContactsProvider(  402): query: content://com.android.contacts/data/270?caller_is_syncadapter=true
02-13 13:26:36.808 E/ContactsProvider(  402): 101123 isCallerRegisterNeedSIMProc callerPid:374, acorePid:402
02-13 13:26:36.828 I/ContactsProvider(  402): query isCallerRegistered= false
02-13 13:26:36.828 I/ContactsProvider(  402): query forOnlyOneContactString= 0
02-13 13:26:36.828 I/ContactsProvider(  402): DataRowHandler  update:  41
02-13 13:26:38.270 I/ContactsProvider(  402): updateInTransaction: content://com.android.contacts/data/288?caller_is_syncadapter=true
02-13 13:26:38.270 E/ContactsProvider(  402): 20101020 isDataReadOnly, dataId:288
02-13 13:26:38.290 E/ContactsProvider(  402): 20101020 isReadOnlyRawContact, rawContactId:44
02-13 13:26:38.300 E/ContactsProvider(  402): ContactsProvider2 isContactLocked:0
02-13 13:26:38.300 I/ContactsProvider(  402): query: content://com.android.contacts/data/288?caller_is_syncadapter=true
02-13 13:26:38.300 E/ContactsProvider(  402): 101123 isCallerRegisterNeedSIMProc callerPid:374, acorePid:402
02-13 13:26:38.310 I/ContactsProvider(  402): query isCallerRegistered= false
02-13 13:26:38.310 I/ContactsProvider(  402): query forOnlyOneContactString= 0
02-13 13:26:38.310 I/ContactsProvider(  402): DataRowHandler  update:  44
02-13 13:26:41.182 D/Bitmap  (  890): Detect unrecycled bitmap.
02-13 13:26:41.182 D/Bitmap  (  890):       Size: 157440 Bytes, Width: 320 , Height: 123 , Hash code: 1079165152
02-13 13:26:41.182 D/Bitmap  (  890):  This bimap was created in:
02-13 13:26:41.182 D/Bitmap  (  890):       android.graphics.Bitmap.<init>(Bitmap.java:136)
02-13 13:26:41.182 D/Bitmap  (  890):       android.graphics.BitmapFactory.nativeDecodeAsset(Native Method)
02-13 13:26:41.182 D/Bitmap  (  890):       android.graphics.BitmapFactory.decodeStream(BitmapFactory.java:460)
02-13 13:26:41.182 D/Bitmap  (  890):       android.graphics.BitmapFactory.decodeResourceStream(BitmapFactory.java:336)
02-13 13:26:41.182 D/Bitmap  (  890):       android.graphics.drawable.Drawable.createFromResourceStream(Drawable.java:697)
02-13 13:26:41.182 D/Bitmap  (  890):       android.content.res.Resources.loadDrawable(Resources.java:1709)
02-13 13:26:41.182 D/Bitmap  (  890):       android.content.res.Resources.getDrawable(Resources.java:581)
02-13 13:26:41.182 D/Bitmap  (  890):       android.widget.AbsListView.setOverScrollMode(AbsListView.java:655)
02-13 13:26:41.182 D/Bitmap  (  890):       android.view.View.<init>(View.java:1879)
02-13 13:26:41.182 D/Bitmap  (  890):       android.view.View.<init>(View.java:1921)
02-13 13:26:41.182 D/Bitmap  (  890):       android.view.ViewGroup.<init>(ViewGroup.java:292)
02-13 13:26:41.182 D/Bitmap  (  890):       android.widget.AdapterView.<init>(AdapterView.java:228)
02-13 13:26:41.182 D/Bitmap  (  890):       android.widget.AbsListView.<init>(AbsListView.java:592)
02-13 13:26:41.182 D/Bitmap  (  890):       android.widget.ListView.<init>(ListView.java:163)
02-13 13:26:41.182 D/Bitmap  (  890):       android.widget.ListView.<init>(ListView.java:159)
02-13 13:26:41.182 D/Bitmap  (  890):       java.lang.reflect.Constructor.constructNative(Native Method)
02-13 13:26:41.182 D/Bitmap  (  890):       java.lang.reflect.Constructor.newInstance(Constructor.java:415)
02-13 13:26:41.182 D/Bitmap  (  890):       android.view.LayoutInflater.createView(LayoutInflater.java:505)
02-13 13:26:41.182 D/Bitmap  (  890):       com.android.internal.policy.impl.PhoneLayoutInflater.onCreateView(PhoneLayoutInflater.java:56)
02-13 13:26:41.182 D/Bitmap  (  890):       android.view.LayoutInflater.createViewFromTag(LayoutInflater.java:568)
02-13 13:26:41.182 D/Bitmap  (  890):       android.view.LayoutInflater.rInflate(LayoutInflater.java:623)
02-13 13:26:41.182 D/Bitmap  (  890):       android.view.LayoutInflater.inflate(LayoutInflater.java:408)
02-13 13:26:41.182 D/Bitmap  (  890):       android.view.LayoutInflater.inflate(LayoutInflater.java:320)
02-13 13:26:41.182 D/Bitmap  (  890):       android.view.LayoutInflater.inflate(LayoutInflater.java:276)
02-13 13:26:41.182 D/Bitmap  (  890):       com.android.internal.policy.impl.PhoneWindow.setContentView(PhoneWindow.java:207)
02-13 13:26:41.182 D/Bitmap  (  890):       android.app.Activity.setContentView(Activity.java:1657)
02-13 13:26:41.182 D/Bitmap  (  890):       com.zte.emode.EmodeSubmenu.onCreate(EmodeSubmenu.java:86)
02-13 13:26:41.182 D/Bitmap  (  890):       android.app.Instrumentation.callActivityOnCreate(Instrumentation.java:1047)
02-13 13:26:41.182 D/Bitmap  (  890):       android.app.ActivityThread.performLaunchActivity(ActivityThread.java:1632)
02-13 13:26:41.182 D/Bitmap  (  890):       android.app.ActivityThread.handleLaunchActivity(ActivityThread.java:1684)
02-13 13:26:41.182 D/Bitmap  (  890):       android.app.ActivityThread.access$1500(ActivityThread.java:123)
02-13 13:26:41.182 D/Bitmap  (  890):       android.app.ActivityThread$H.handleMessage(ActivityThread.java:948)
02-13 13:26:41.182 D/Bitmap  (  890):       android.os.Handler.dispatchMessage(Handler.java:99)
02-13 13:26:41.182 D/Bitmap  (  890):       android.os.Looper.loop(Looper.java:130)
02-13 13:26:41.182 D/Bitmap  (  890):       android.app.ActivityThread.main(ActivityThread.java:3704)
02-13 13:26:41.182 D/Bitmap  (  890):       java.lang.reflect.Method.invokeNative(Native Method)
02-13 13:26:41.182 D/Bitmap  (  890):       java.lang.reflect.Method.invoke(Method.java:507)
02-13 13:26:41.182 D/Bitmap  (  890):       com.android.internal.os.ZygoteInit$MethodAndArgsCaller.run(ZygoteInit.java:875)
02-13 13:26:41.182 D/Bitmap  (  890):       com.android.internal.os.ZygoteInit.main(ZygoteInit.java:633)
02-13 13:26:41.182 D/Bitmap  (  890):       dalvik.system.NativeStart.main(Native Method)
02-13 13:26:41.182 D/Bitmap  (  890): _
02-13 13:26:41.613 I/ContactsProvider(  402): updateInTransaction: content://com.android.contacts/data/353?caller_is_syncadapter=true
02-13 13:26:41.613 E/ContactsProvider(  402): 20101020 isDataReadOnly, dataId:353
02-13 13:26:41.663 E/ContactsProvider(  402): 20101020 isReadOnlyRawContact, rawContactId:54
02-13 13:26:41.673 E/ContactsProvider(  402): ContactsProvider2 isContactLocked:0
02-13 13:26:41.673 I/ContactsProvider(  402): query: content://com.android.contacts/data/353?caller_is_syncadapter=true
02-13 13:26:41.673 E/ContactsProvider(  402): 101123 isCallerRegisterNeedSIMProc callerPid:374, acorePid:402
02-13 13:26:41.673 I/ContactsProvider(  402): query isCallerRegistered= false
02-13 13:26:41.683 I/ContactsProvider(  402): query forOnlyOneContactString= 0
02-13 13:26:41.683 I/ContactsProvider(  402): DataRowHandler  update:  54
02-13 13:26:42.233 I/ContactsProvider(  402): updateInTransaction: content://com.android.contacts/data/372?caller_is_syncadapter=true
02-13 13:26:42.243 E/ContactsProvider(  402): 20101020 isDataReadOnly, dataId:372
02-13 13:26:42.273 E/ContactsProvider(  402): 20101020 isReadOnlyRawContact, rawContactId:57
02-13 13:26:42.273 E/ContactsProvider(  402): ContactsProvider2 isContactLocked:0
02-13 13:26:42.273 I/ContactsProvider(  402): query: content://com.android.contacts/data/372?caller_is_syncadapter=true
02-13 13:26:42.273 E/ContactsProvider(  402): 101123 isCallerRegisterNeedSIMProc callerPid:374, acorePid:402
02-13 13:26:42.273 I/ContactsProvider(  402): query isCallerRegistered= false
02-13 13:26:42.273 I/ContactsProvider(  402): query forOnlyOneContactString= 0
02-13 13:26:42.283 I/ContactsProvider(  402): DataRowHandler  update:  57
02-13 13:26:42.524 D/KeyguardViewMediator(  206):  onWakeKeyWhenKeyguardShowing(26)
02-13 13:26:42.524 D/KeyguardViewMediator(  206): wakeWhenReadyLocked(26)
02-13 13:26:42.524 D/PowerManagerService(  206): acquireWakeLock flags=0x1 tag=keyguardWakeAndHandOff
02-13 13:26:42.534 D/LockPatternKeyguardView(  206): onWakeKey
02-13 13:26:42.534 D/LockPatternKeyguardView(  206): poking wake lock immediately
02-13 13:26:42.534 D/PowerManagerService(  206): acquireWakeLock flags=0x1000001a tag=keyguard
02-13 13:26:42.534 D/PowerManagerService(  206): UnPartial  wakeLock  reactivate ,flags=0x1000001a tag=keyguard
02-13 13:26:42.534 D/PowerManagerService(  206): setPowerState: mPowerState=0x0 newState=0x3 noChangeLights=false reason=3
02-13 13:26:42.534 I/vDM     (  419): KeyCode = 26
02-13 13:26:42.534 D/KeyguardViewMediator(  206): onScreenTurnedOn, seq = 6
02-13 13:26:42.534 D/KeyguardViewMediator(  206): notifyScreenOnLocked
02-13 13:26:42.534 E/Sensors (  206): [HAL]ready to call enable(Accelerometer,1),AAAAAAAA
02-13 13:26:42.534 E/Sensors (  206): [HAL]mEnabled = 0;ready to open /dev/akm8962_aot
02-13 13:26:42.534 E/Sensors (  206): [HAL]ECS_IOCTL_APP_SET_AFLAG 	success,flags = 1
02-13 13:26:42.534 E/Sensors (  206): [HAL]After {mEnabled &= ~(1<<what)},mEnabled = 0
02-13 13:26:42.534 E/Sensors (  206): [HAL]After {(newState)<<what)},mEnabled = 1
02-13 13:26:42.544 D/KeyguardViewMediator(  206): handleNotifyScreenOn
02-13 13:26:42.544 I/LockPatternKeyguardView(  206): updateLockscreenBackground
02-13 13:26:42.544 I/LockPatternKeyguardView(  206): setBackgroundDrawable
02-13 13:26:42.544 I/LockPatternKeyguardView(  206): file not found: etc/customize/default_lockscreen
02-13 13:26:42.544 D/LockScreen(  206): updateLayout: status=Normalsubscription=0
02-13 13:26:42.544 D/LockScreen(  206): Updating Lock Screen text to Ruim
02-13 13:26:42.564 D/KeyguardViewMediator(  206): setHidden false
02-13 13:26:42.564 D/KeyguardViewMediator(  206): setHidden false
02-13 13:26:42.564 D/KeyguardViewMediator(  206): setHidden false
02-13 13:26:42.574 I/hubo    (  206): Activity {com.android.vending/com.google.android.finsky.activities.TosActivity}
02-13 13:26:42.594 I/DATA    (  331): [DCT(0) ] intent received :android.intent.action.SCREEN_ON
02-13 13:26:42.604 D/DATA    (  331): [DSST(0)] pollstate() : reason = data network state changed
02-13 13:26:42.624 I/DATA    (  331): [DCT(0) ] onDataCallListChanged:
02-13 13:26:42.624 I/DATA    (  331): [DCT(0) ] ---dc state list---
02-13 13:26:42.624 I/DATA    (  331): [DCT(0) ] DataCallState: { cid: 0, active: 2, type: , apn: , address: 174.156.234.163 }
02-13 13:26:42.624 I/DATA    (  331): [DCT(0) ] ---dc list---
02-13 13:26:42.624 I/DATA    (  331): [DCT(0) ] cid = 0, state = DcActiveState, bearerType = IP, ipaddress = 174.156.234.163, gw=174.156.234.161, dns=[68.28.67.132, 68.28.68.132]
02-13 13:26:42.654 I/vDM     (  419): KeyCode = 26
02-13 13:26:42.654 D/MobileDataStateTracker(  206): [hipri]  MobileDataStateReceiver onReceive(): Entry.
02-13 13:26:42.654 D/MobileDataStateTracker(  206): [hipri]  intent.getAction()= android.intent.action.SERVICE_STATE
02-13 13:26:42.654 D/MobileDataStateTracker(  206): [hipri]  mEnabled = false
02-13 13:26:42.654 D/MobileDataStateTracker(  206): [dun]  MobileDataStateReceiver onReceive(): Entry.
02-13 13:26:42.654 D/MobileDataStateTracker(  206): [dun]  intent.getAction()= android.intent.action.SERVICE_STATE
02-13 13:26:42.654 D/MobileDataStateTracker(  206): [dun]  mEnabled = false
02-13 13:26:42.664 D/MobileDataStateTracker(  206): [supl]  MobileDataStateReceiver onReceive(): Entry.
02-13 13:26:42.664 D/MobileDataStateTracker(  206): [supl]  intent.getAction()= android.intent.action.SERVICE_STATE
02-13 13:26:42.664 D/MobileDataStateTracker(  206): [supl]  mEnabled = false
02-13 13:26:42.664 D/MobileDataStateTracker(  206): [mms]  MobileDataStateReceiver onReceive(): Entry.
02-13 13:26:42.664 D/MobileDataStateTracker(  206): [mms]  intent.getAction()= android.intent.action.SERVICE_STATE
02-13 13:26:42.664 D/MobileDataStateTracker(  206): [mms]  mEnabled = false
02-13 13:26:42.664 D/MobileDataStateTracker(  206): [default]  MobileDataStateReceiver onReceive(): Entry.
02-13 13:26:42.664 D/MobileDataStateTracker(  206): [default]  intent.getAction()= android.intent.action.SERVICE_STATE
02-13 13:26:42.664 D/MobileDataStateTracker(  206): [default]  mEnabled = true
02-13 13:26:42.664 D/CallManager(  331):  handleMessage (EVENT_SERVICE_STATE_CHANGED)
02-13 13:26:42.664 E/BT HS/HF(  331): SERVICE_STATE_CHANGED called
02-13 13:26:42.664 E/BT HS/HF(  331): updateServiceState called, sendUpdate:false  ServiceState:0 home Sprint  310099  EvDo rev. A CSS not supported 41 4139RoamInd: 1RoamStatus(sprint): 1DefRoamInd: 160EmergOnly: false
02-13 13:26:42.664 E/BT HS/HF(  331): service:1 mService:1
02-13 13:26:42.664 D/DATA    (  331): [DSST(0)]  registrationState = 1  radioTechnology = 8 reasonForDenial = 0
02-13 13:26:42.664 D/DATA    (  331): [DSST(0)]  set mNewDataConnectionState = 0
02-13 13:26:42.674 D/DATA    (  331): [DSST(0)]  mNewDataConnectionState : 0  mDataConnectionState : 0
02-13 13:26:42.674 D/DATA    (  331): [DSST(0)] Poll ServiceState done: oldSS=[0 home null null null  EvDo rev. A CSS not supported -1 -1RoamInd: -1RoamStatus(sprint): -1DefRoamInd: -1EmergOnly: false] newSS=[0 home null null null  EvDo rev. A CSS not supported -1 -1RoamInd: -1RoamStatus(sprint): -1DefRoamInd: -1EmergOnly: false]
02-13 13:26:42.674 D/DATA    (  331): [DSST(0)]  mDataConnectionState = 0
02-13 13:26:42.684 D/Mms     ( 1108): currentRoamingStatus:1
02-13 13:26:43.364 I/ContactsProvider(  402): updateInTransaction: content://com.android.contacts/data/493?caller_is_syncadapter=true
02-13 13:26:43.364 E/ContactsProvider(  402): 20101020 isDataReadOnly, dataId:493
02-13 13:26:43.364 E/ContactsProvider(  402): 20101020 isReadOnlyRawContact, rawContactId:77
02-13 13:26:43.364 E/ContactsProvider(  402): ContactsProvider2 isContactLocked:0
02-13 13:26:43.364 I/ContactsProvider(  402): query: content://com.android.contacts/data/493?caller_is_syncadapter=true
02-13 13:26:43.364 E/ContactsProvider(  402): 101123 isCallerRegisterNeedSIMProc callerPid:374, acorePid:402
02-13 13:26:43.374 I/ContactsProvider(  402): query isCallerRegistered= false
02-13 13:26:43.374 I/ContactsProvider(  402): query forOnlyOneContactString= 0
02-13 13:26:43.415 I/ContactsProvider(  402): DataRowHandler  update:  77
02-13 13:26:43.915 D/PowerManagerService(  206): acquireWakeLock flags=0x1000001a tag=keyguard
02-13 13:26:43.915 D/PowerManagerService(  206): UnPartial  wakeLock  reactivate ,flags=0x1000001a tag=keyguard
02-13 13:26:44.045 D/KeyguardViewMediator(  206): keyguardDone(true)
02-13 13:26:44.065 D/KeyguardViewMediator(  206): handleKeyguardDone
02-13 13:26:44.065 D/KeyguardViewMediator(  206): handleHide
02-13 13:26:44.065 D/KeyguardViewMediator(  206): adjustUserActivityLocked mShowing: false mHidden: false
02-13 13:26:44.065 D/PowerManagerService(  206): UnPartial  wakeLock  reactivate ,flags=0x1000001a tag=keyguard
02-13 13:26:44.065 D/PowerManagerService(  206): releaseWakeLock flags=0x1000001a tag=keyguard
02-13 13:26:44.075 D/KeyguardViewMediator(  206): setHidden false
02-13 13:26:44.075 D/KeyguardViewMediator(  206): setHidden false
02-13 13:26:44.085 D/KeyguardViewMediator(  206): setHidden false
02-13 13:26:44.105 D/KeyguardViewMediator(  206): setHidden false
02-13 13:26:44.115 D/KeyguardViewMediator(  206): setHidden false
02-13 13:26:44.135 D/KeyguardViewMediator(  206): setHidden false
02-13 13:26:44.155 D/KeyguardViewMediator(  206): setHidden false
02-13 13:26:44.165 D/KeyguardViewMediator(  206): setHidden false
02-13 13:26:44.195 D/KeyguardViewMediator(  206): setHidden false
02-13 13:26:44.195 D/KeyguardViewMediator(  206): setHidden false
02-13 13:26:44.225 D/KeyguardViewMediator(  206): setHidden false
02-13 13:26:44.235 D/KeyguardViewMediator(  206): setHidden false
02-13 13:26:44.245 D/KeyguardViewMediator(  206): setHidden false
02-13 13:26:44.275 D/KeyguardViewMediator(  206): setHidden false
02-13 13:26:44.285 D/KeyguardViewMediator(  206): setHidden false
02-13 13:26:44.295 D/KeyguardViewMediator(  206): setHidden false
02-13 13:26:44.315 D/KeyguardViewMediator(  206): setHidden false
02-13 13:26:44.325 D/KeyguardViewMediator(  206): setHidden false
02-13 13:26:44.345 D/KeyguardViewMediator(  206): setHidden false
02-13 13:26:44.365 D/KeyguardViewMediator(  206): setHidden false
02-13 13:26:44.375 D/KeyguardViewMediator(  206): setHidden false
02-13 13:26:44.385 I/ContactsProvider(  402): updateInTransaction: content://com.android.contacts/data/529?caller_is_syncadapter=true
02-13 13:26:44.385 E/ContactsProvider(  402): 20101020 isDataReadOnly, dataId:529
02-13 13:26:44.385 E/ContactsProvider(  402): 20101020 isReadOnlyRawContact, rawContactId:83
02-13 13:26:44.385 E/ContactsProvider(  402): ContactsProvider2 isContactLocked:0
02-13 13:26:44.385 I/ContactsProvider(  402): query: content://com.android.contacts/data/529?caller_is_syncadapter=true
02-13 13:26:44.385 E/ContactsProvider(  402): 101123 isCallerRegisterNeedSIMProc callerPid:374, acorePid:402
02-13 13:26:44.395 D/KeyguardViewMediator(  206): setHidden false
02-13 13:26:44.395 I/ContactsProvider(  402): query isCallerRegistered= false
02-13 13:26:44.395 I/ContactsProvider(  402): query forOnlyOneContactString= 0
02-13 13:26:44.405 I/ContactsProvider(  402): DataRowHandler  update:  83
02-13 13:26:44.405 D/KeyguardViewMediator(  206): setHidden false
02-13 13:26:44.426 D/KeyguardViewMediator(  206): setHidden false
02-13 13:26:44.446 D/KeyguardViewMediator(  206): setHidden false
02-13 13:26:44.456 D/KeyguardViewMediator(  206): setHidden false
02-13 13:26:44.476 D/KeyguardViewMediator(  206): setHidden false
02-13 13:26:44.486 D/KeyguardViewMediator(  206): setHidden false
02-13 13:26:44.496 D/KeyguardViewMediator(  206): setHidden false
02-13 13:26:44.506 D/KeyguardViewMediator(  206): setHidden false
02-13 13:26:44.516 D/KeyguardViewMediator(  206): setHidden false
02-13 13:26:44.536 D/KeyguardViewMediator(  206): setHidden false
02-13 13:26:44.546 D/KeyguardViewMediator(  206): setHidden false
02-13 13:26:44.576 D/KeyguardViewMediator(  206): setHidden false
02-13 13:26:44.596 D/KeyguardViewMediator(  206): setHidden false
02-13 13:26:44.596 D/KeyguardViewMediator(  206): setHidden false
02-13 13:26:44.616 D/KeyguardViewMediator(  206): setHidden false
02-13 13:26:44.636 D/KeyguardViewMediator(  206): setHidden false
02-13 13:26:44.646 D/KeyguardViewMediator(  206): setHidden false
02-13 13:26:44.676 D/KeyguardViewMediator(  206): setHidden false
02-13 13:26:44.686 D/KeyguardViewMediator(  206): setHidden false
02-13 13:26:44.696 D/KeyguardViewMediator(  206): setHidden false
02-13 13:26:44.726 D/KeyguardViewMediator(  206): setHidden false
02-13 13:26:44.726 D/KeyguardViewMediator(  206): setHidden false
02-13 13:26:44.746 D/KeyguardViewMediator(  206): setHidden false
02-13 13:26:44.766 D/KeyguardViewMediator(  206): setHidden false
02-13 13:26:44.776 D/KeyguardViewMediator(  206): setHidden false
02-13 13:26:44.806 D/KeyguardViewMediator(  206): setHidden false
02-13 13:26:44.816 D/KeyguardViewMediator(  206): setHidden false
02-13 13:26:44.826 D/KeyguardViewMediator(  206): setHidden false
02-13 13:26:44.856 D/KeyguardViewMediator(  206): setHidden false
02-13 13:26:44.866 D/KeyguardViewMediator(  206): setHidden false
02-13 13:26:44.876 D/KeyguardViewMediator(  206): setHidden false
02-13 13:26:44.896 D/KeyguardViewMediator(  206): setHidden false
02-13 13:26:44.916 D/KeyguardViewMediator(  206): setHidden false
02-13 13:26:44.936 D/KeyguardViewMediator(  206): setHidden false
02-13 13:26:44.946 D/KeyguardViewMediator(  206): setHidden false
02-13 13:26:44.956 D/KeyguardViewMediator(  206): setHidden false
02-13 13:26:44.976 D/KeyguardViewMediator(  206): setHidden false
02-13 13:26:44.996 D/KeyguardViewMediator(  206): setHidden false
02-13 13:26:45.006 D/KeyguardViewMediator(  206): setHidden false
02-13 13:26:45.026 D/KeyguardViewMediator(  206): setHidden false
02-13 13:26:45.036 D/KeyguardViewMediator(  206): setHidden false
02-13 13:26:45.046 I/ContactsProvider(  402): updateInTransaction: content://com.android.contacts/data/553?caller_is_syncadapter=true
02-13 13:26:45.046 E/ContactsProvider(  402): 20101020 isDataReadOnly, dataId:553
02-13 13:26:45.046 E/ContactsProvider(  402): 20101020 isReadOnlyRawContact, rawContactId:87
02-13 13:26:45.056 E/ContactsProvider(  402): ContactsProvider2 isContactLocked:0
02-13 13:26:45.056 I/ContactsProvider(  402): query: content://com.android.contacts/data/553?caller_is_syncadapter=true
02-13 13:26:45.056 E/ContactsProvider(  402): 101123 isCallerRegisterNeedSIMProc callerPid:374, acorePid:402
02-13 13:26:45.056 D/KeyguardViewMediator(  206): setHidden false
02-13 13:26:45.056 I/ContactsProvider(  402): query isCallerRegistered= false
02-13 13:26:45.056 I/ContactsProvider(  402): query forOnlyOneContactString= 0
02-13 13:26:45.066 I/ContactsProvider(  402): DataRowHandler  update:  87
02-13 13:26:45.066 D/KeyguardViewMediator(  206): setHidden false
02-13 13:26:45.086 D/KeyguardViewMediator(  206): setHidden false
02-13 13:26:45.106 D/KeyguardViewMediator(  206): setHidden false
02-13 13:26:45.116 D/KeyguardViewMediator(  206): setHidden false
02-13 13:26:45.136 D/KeyguardViewMediator(  206): setHidden false
02-13 13:26:45.156 D/KeyguardViewMediator(  206): setHidden false
02-13 13:26:45.176 D/KeyguardViewMediator(  206): setHidden false
02-13 13:26:45.196 D/KeyguardViewMediator(  206): setHidden false
02-13 13:26:45.206 D/KeyguardViewMediator(  206): setHidden false
02-13 13:26:45.226 D/KeyguardViewMediator(  206): setHidden false
02-13 13:26:45.226 I/wpa_supplicant(  304): State: INACTIVE -> SCANNING
02-13 13:26:45.226 I/wpa_supplicant(  304): CTRL-EVENT-STATE-CHANGE id=-1 state=2 BSSID=00:00:00:00:00:00
02-13 13:26:45.236 D/NetworkStateTracker(  206): setDetailed state, old =IDLE and new state=SCANNING
02-13 13:26:45.246 D/KeyguardViewMediator(  206): setHidden false
02-13 13:26:45.256 D/KeyguardViewMediator(  206): setHidden false
02-13 13:26:45.276 D/KeyguardViewMediator(  206): setHidden false
02-13 13:26:45.296 D/KeyguardViewMediator(  206): setHidden false
02-13 13:26:45.306 D/KeyguardViewMediator(  206): setHidden false
02-13 13:26:45.326 D/KeyguardViewMediator(  206): setHidden false
02-13 13:26:45.346 D/KeyguardViewMediator(  206): setHidden false
02-13 13:26:45.346 D/KeyguardViewMediator(  206): setHidden false
02-13 13:26:45.356 D/KeyguardViewMediator(  206): setHidden false
02-13 13:26:45.356 I/hubo    (  206): Activity {com.android.vending/com.android.vending.AssetBrowserActivity}
02-13 13:26:45.366 D/KeyguardViewMediator(  206): setHidden false
02-13 13:26:45.386 D/KeyguardViewMediator(  206): setHidden false
02-13 13:26:45.396 D/Finsky  (  796): [1] SelfUpdateScheduler.checkForSelfUpdate: Skipping self-update check as there is an update already queued.
02-13 13:26:45.396 D/KeyguardViewMediator(  206): setHidden false
02-13 13:26:45.406 D/KeyguardViewMediator(  206): setHidden false
02-13 13:26:45.406 D/Finsky  (  796): [1] MainActivity.initializeBilling: Optimistically initializing billing parameters.
02-13 13:26:45.416 D/KeyguardViewMediator(  206): setHidden false
02-13 13:26:45.436 D/KeyguardViewMediator(  206): setHidden false
02-13 13:26:45.457 D/KeyguardViewMediator(  206): setHidden false
02-13 13:26:45.467 D/KeyguardViewMediator(  206): setHidden false
02-13 13:26:45.507 D/KeyguardViewMediator(  206): setHidden false
02-13 13:26:45.517 D/KeyguardViewMediator(  206): setHidden false
02-13 13:26:45.527 I/ContactsProvider(  402): updateInTransaction: content://com.android.contacts/data/573?caller_is_syncadapter=true
02-13 13:26:45.527 E/ContactsProvider(  402): 20101020 isDataReadOnly, dataId:573
02-13 13:26:45.537 D/KeyguardViewMediator(  206): setHidden false
02-13 13:26:45.537 E/ContactsProvider(  402): 20101020 isReadOnlyRawContact, rawContactId:90
02-13 13:26:45.537 E/ContactsProvider(  402): ContactsProvider2 isContactLocked:0
02-13 13:26:45.537 I/ContactsProvider(  402): query: content://com.android.contacts/data/573?caller_is_syncadapter=true
02-13 13:26:45.547 E/ContactsProvider(  402): 101123 isCallerRegisterNeedSIMProc callerPid:374, acorePid:402
02-13 13:26:45.547 D/KeyguardViewMediator(  206): setHidden false
02-13 13:26:45.547 I/ContactsProvider(  402): query isCallerRegistered= false
02-13 13:26:45.557 I/ContactsProvider(  402): query forOnlyOneContactString= 0
02-13 13:26:45.557 I/ContactsProvider(  402): DataRowHandler  update:  90
02-13 13:26:45.717 D/KeyguardViewMediator(  206): setHidden false
02-13 13:26:45.717 D/KeyguardViewMediator(  206): setHidden false
02-13 13:26:46.137 D/Finsky  (  796): [1] PageFragment.rebindViews: Page [class=CorporaHomeFragment] loaded in [726 ms]
02-13 13:26:46.187 I/wpa_supplicant(  304): State: SCANNING -> INACTIVE
02-13 13:26:46.187 I/wpa_supplicant(  304): CTRL-EVENT-STATE-CHANGE id=-1 state=1 BSSID=00:00:00:00:00:00
02-13 13:26:46.187 I/dun_service(  130): process rmnet event
02-13 13:26:46.187 I/dun_service(  130): Post event 4
02-13 13:26:46.187 I/dun_service(  130): received event: DUN_EVENT_RMNET_UP 
02-13 13:26:46.187 I/dun_service(  130): received event(DUN_EVENT_RMNET_UP) in state(DUN_STATE_USB_UNPLUG)
02-13 13:26:46.187 I/dun_service(  130): Ignoring the event DUN_EVENT_RMNET_UP in USB_UNPLUG_STATE
02-13 13:26:46.187 I/dun_service(  130): Moved to state(DUN_STATE_USB_UNPLUG)
02-13 13:26:46.197 D/NetworkStateTracker(  206): setDetailed state, old =SCANNING and new state=IDLE
