02-13 14:04:47.389 D/MobileDataStateTracker(  206): [supl]  intent.getAction()= android.intent.action.SERVICE_STATE
02-13 14:04:47.389 D/MobileDataStateTracker(  206): [supl]  mEnabled = false
02-13 14:04:47.389 D/MobileDataStateTracker(  206): [mms]  MobileDataStateReceiver onReceive(): Entry.
02-13 14:04:47.389 D/MobileDataStateTracker(  206): [mms]  intent.getAction()= android.intent.action.SERVICE_STATE
02-13 14:04:47.389 D/MobileDataStateTracker(  206): [mms]  mEnabled = false
02-13 14:04:47.389 D/MobileDataStateTracker(  206): [default]  MobileDataStateReceiver onReceive(): Entry.
02-13 14:04:47.389 D/MobileDataStateTracker(  206): [default]  intent.getAction()= android.intent.action.SERVICE_STATE
02-13 14:04:47.389 D/MobileDataStateTracker(  206): [default]  mEnabled = true
02-13 14:04:47.399 D/CallManager(  331):  handleMessage (EVENT_SERVICE_STATE_CHANGED)
02-13 14:04:47.399 E/BT HS/HF(  331): SERVICE_STATE_CHANGED called
02-13 14:04:47.399 E/BT HS/HF(  331): updateServiceState called, sendUpdate:false  ServiceState:0 home Sprint  310099  EvDo rev. A CSS not supported 41 4139RoamInd: 1RoamStatus(sprint): 1DefRoamInd: 160EmergOnly: false
02-13 14:04:47.399 E/BT HS/HF(  331): service:1 mService:1
02-13 14:04:47.409 D/DATA    (  331): [DSST(0)]  registrationState = 1  radioTechnology = 8 reasonForDenial = 0
02-13 14:04:47.409 D/DATA    (  331): [DSST(0)]  set mNewDataConnectionState = 0
02-13 14:04:47.409 D/DATA    (  331): [DSST(0)]  mNewDataConnectionState : 0  mDataConnectionState : 0
02-13 14:04:47.409 D/DATA    (  331): [DSST(0)] Poll ServiceState done: oldSS=[0 home null null null  EvDo rev. A CSS not supported -1 -1RoamInd: -1RoamStatus(sprint): -1DefRoamInd: -1EmergOnly: false] newSS=[0 home null null null  EvDo rev. A CSS not supported -1 -1RoamInd: -1RoamStatus(sprint): -1DefRoamInd: -1EmergOnly: false]
02-13 14:04:47.409 D/DATA    (  331): [DSST(0)]  mDataConnectionState = 0
02-13 14:04:47.429 D/Mms     ( 1781): currentRoamingStatus:1
02-13 14:04:47.739 I/wpa_supplicant(  304): State: INACTIVE -> SCANNING
02-13 14:04:47.739 I/wpa_supplicant(  304): CTRL-EVENT-STATE-CHANGE id=-1 state=2 BSSID=00:00:00:00:00:00
02-13 14:04:47.749 D/NetworkStateTracker(  206): setDetailed state, old =IDLE and new state=SCANNING
02-13 14:04:48.169 E/MediaPlayer( 2404): getCurrentPosition sec = 713874
02-13 14:04:48.169 E/MediaPlayer( 2404): getDuration_l mDuration = 1296418
02-13 14:04:48.710 I/wpa_supplicant(  304): State: SCANNING -> INACTIVE
02-13 14:04:48.710 I/wpa_supplicant(  304): CTRL-EVENT-STATE-CHANGE id=-1 state=1 BSSID=00:00:00:00:00:00
02-13 14:04:48.710 I/dun_service(  130): process rmnet event
02-13 14:04:48.710 I/dun_service(  130): Post event 4
02-13 14:04:48.710 I/dun_service(  130): received event: DUN_EVENT_RMNET_UP 
02-13 14:04:48.710 I/dun_service(  130): received event(DUN_EVENT_RMNET_UP) in state(DUN_STATE_USB_UNPLUG)
02-13 14:04:48.710 I/dun_service(  130): Ignoring the event DUN_EVENT_RMNET_UP in USB_UNPLUG_STATE
02-13 14:04:48.710 I/dun_service(  130): Moved to state(DUN_STATE_USB_UNPLUG)
02-13 14:04:48.710 D/NetworkStateTracker(  206): setDetailed state, old =SCANNING and new state=IDLE
02-13 14:04:48.710 D/WifiStateTracker(  206): setNotificationVisible() visible=false mNotificationShown=false force=false return.
02-13 14:04:49.170 E/MediaPlayer( 2404): getCurrentPosition sec = 714835
02-13 14:04:49.170 E/MediaPlayer( 2404): getDuration_l mDuration = 1296418
02-13 14:04:50.181 E/MediaPlayer( 2404): getCurrentPosition sec = 715932
02-13 14:04:50.181 E/MediaPlayer( 2404): getDuration_l mDuration = 1296418
02-13 14:04:51.192 E/MediaPlayer( 2404): getCurrentPosition sec = 716893
02-13 14:04:51.192 E/MediaPlayer( 2404): getDuration_l mDuration = 1296418
02-13 14:04:52.193 E/MediaPlayer( 2404): getCurrentPosition sec = 717854
02-13 14:04:52.193 E/MediaPlayer( 2404): getDuration_l mDuration = 1296418
02-13 14:04:53.194 E/MediaPlayer( 2404): getCurrentPosition sec = 718952
02-13 14:04:53.194 E/MediaPlayer( 2404): getDuration_l mDuration = 1296418
02-13 14:04:54.205 E/MediaPlayer( 2404): getCurrentPosition sec = 719912
02-13 14:04:54.205 E/MediaPlayer( 2404): getDuration_l mDuration = 1296418
02-13 14:04:55.206 E/MediaPlayer( 2404): getCurrentPosition sec = 720873
02-13 14:04:55.206 E/MediaPlayer( 2404): getDuration_l mDuration = 1296418
02-13 14:04:56.217 E/MediaPlayer( 2404): getCurrentPosition sec = 721971
02-13 14:04:56.217 E/MediaPlayer( 2404): getDuration_l mDuration = 1296418
02-13 14:04:57.218 E/MediaPlayer( 2404): getCurrentPosition sec = 722931
02-13 14:04:57.218 E/MediaPlayer( 2404): getDuration_l mDuration = 1296418
02-13 14:04:58.229 E/MediaPlayer( 2404): getCurrentPosition sec = 723892
02-13 14:04:58.229 E/MediaPlayer( 2404): getDuration_l mDuration = 1296418
02-13 14:04:59.230 E/MediaPlayer( 2404): getCurrentPosition sec = 724852
02-13 14:04:59.230 E/MediaPlayer( 2404): getDuration_l mDuration = 1296418
02-13 14:05:00.021 D/KeyguardUpdateMonitor(  206): received broadcast android.intent.action.TIME_TICK
02-13 14:05:00.021 D/KeyguardUpdateMonitor(  206): handleTimeUpdate
02-13 14:05:00.251 E/MediaPlayer( 2404): getCurrentPosition sec = 725950
02-13 14:05:00.251 E/MediaPlayer( 2404): getDuration_l mDuration = 1296418
02-13 14:05:01.252 E/MediaPlayer( 2404): getCurrentPosition sec = 726911
02-13 14:05:01.252 E/MediaPlayer( 2404): getDuration_l mDuration = 1296418
02-13 14:05:02.263 E/MediaPlayer( 2404): getCurrentPosition sec = 727872
02-13 14:05:02.263 E/MediaPlayer( 2404): getDuration_l mDuration = 1296418
02-13 14:05:03.264 E/MediaPlayer( 2404): getCurrentPosition sec = 728969
02-13 14:05:03.264 E/MediaPlayer( 2404): getDuration_l mDuration = 1296418
02-13 14:05:03.734 I/wpa_supplicant(  304): State: INACTIVE -> SCANNING
02-13 14:05:03.734 I/wpa_supplicant(  304): CTRL-EVENT-STATE-CHANGE id=-1 state=2 BSSID=00:00:00:00:00:00
02-13 14:05:03.734 D/NetworkStateTracker(  206): setDetailed state, old =IDLE and new state=SCANNING
02-13 14:05:04.275 E/MediaPlayer( 2404): getCurrentPosition sec = 729930
02-13 14:05:04.275 E/MediaPlayer( 2404): getDuration_l mDuration = 1296418
02-13 14:05:04.715 I/dun_service(  130): process rmnet event
02-13 14:05:04.715 I/dun_service(  130): Post event 4
02-13 14:05:04.715 I/dun_service(  130): received event: DUN_EVENT_RMNET_UP 
02-13 14:05:04.715 I/dun_service(  130): received event(DUN_EVENT_RMNET_UP) in state(DUN_STATE_USB_UNPLUG)
02-13 14:05:04.715 I/dun_service(  130): Ignoring the event DUN_EVENT_RMNET_UP in USB_UNPLUG_STATE
02-13 14:05:04.715 I/dun_service(  130): Moved to state(DUN_STATE_USB_UNPLUG)
02-13 14:05:04.715 I/wpa_supplicant(  304): State: SCANNING -> INACTIVE
02-13 14:05:04.715 I/wpa_supplicant(  304): CTRL-EVENT-STATE-CHANGE id=-1 state=1 BSSID=00:00:00:00:00:00
02-13 14:05:04.725 D/WifiStateTracker(  206): setNotificationVisible() visible=false mNotificationShown=false force=false return.
02-13 14:05:04.735 D/NetworkStateTracker(  206): setDetailed state, old =SCANNING and new state=IDLE
02-13 14:05:05.276 E/MediaPlayer( 2404): getCurrentPosition sec = 731028
02-13 14:05:05.276 E/MediaPlayer( 2404): getDuration_l mDuration = 1296418
02-13 14:05:06.277 E/MediaPlayer( 2404): getCurrentPosition sec = 731988
02-13 14:05:06.277 E/MediaPlayer( 2404): getDuration_l mDuration = 1296418
02-13 14:05:07.278 E/MediaPlayer( 2404): getCurrentPosition sec = 732949
02-13 14:05:07.278 E/MediaPlayer( 2404): getDuration_l mDuration = 1296418
02-13 14:05:08.279 E/MediaPlayer( 2404): getCurrentPosition sec = 734047
02-13 14:05:08.279 E/MediaPlayer( 2404): getDuration_l mDuration = 1296418
02-13 14:05:09.290 E/MediaPlayer( 2404): getCurrentPosition sec = 735008
02-13 14:05:09.290 E/MediaPlayer( 2404): getDuration_l mDuration = 1296418
02-13 14:05:10.301 E/MediaPlayer( 2404): getCurrentPosition sec = 735968
02-13 14:05:10.301 E/MediaPlayer( 2404): getDuration_l mDuration = 1296418
02-13 14:05:11.302 E/MediaPlayer( 2404): getCurrentPosition sec = 736929
02-13 14:05:11.302 E/MediaPlayer( 2404): getDuration_l mDuration = 1296418
02-13 14:05:12.313 E/MediaPlayer( 2404): getCurrentPosition sec = 738027
02-13 14:05:12.313 E/MediaPlayer( 2404): getDuration_l mDuration = 1296418
02-13 14:05:12.473 W/AlarmManager(  206): +++Alarm  wakeup phone ,pkg=com.locationlabs.v3client
02-13 14:05:12.493 I/V3Client( 2039): got retry intent, retrying c2dm registration
02-13 14:05:12.493 I/V3Client( 2039): Registering for push services. email:v3client@location-labs.com
02-13 14:05:12.533 W/AlarmManager(  206): +++alarm onSendFinished ,action=com.locationlabs.v3client.action.RETRY_C2DM_REGISTRATION
02-13 14:05:13.324 E/MediaPlayer( 2404): getCurrentPosition sec = 738987
02-13 14:05:13.324 E/MediaPlayer( 2404): getDuration_l mDuration = 1296418
02-13 14:05:14.325 E/MediaPlayer( 2404): getCurrentPosition sec = 739948
02-13 14:05:14.325 E/MediaPlayer( 2404): getDuration_l mDuration = 1296418
02-13 14:05:14.935 D/C2DMRegistrar(  374): [C2DMRegistrar.94] register: http error 404
02-13 14:05:14.985 I/V3Client( 2039): Handling push registration
02-13 14:05:14.985 W/V3Client( 2039): C2DM Registration error: SERVICE_NOT_AVAILABLE
02-13 14:05:14.985 I/V3Client( 2039): clearing push registration id
02-13 14:05:14.985 I/V3Client( 2039): deleting push id on server
02-13 14:05:15.036 I/V3Client( 2039): C2DM Registration will not retry b/c max retries exceeded
02-13 14:05:15.336 E/MediaPlayer( 2404): getCurrentPosition sec = 741046
02-13 14:05:15.336 E/MediaPlayer( 2404): getDuration_l mDuration = 1296418
02-13 14:05:16.347 E/MediaPlayer( 2404): getCurrentPosition sec = 742006
02-13 14:05:16.347 E/MediaPlayer( 2404): getDuration_l mDuration = 1296418
02-13 14:05:17.338 E/MediaPlayer( 2404): getCurrentPosition sec = 742967
02-13 14:05:17.338 E/MediaPlayer( 2404): getDuration_l mDuration = 1296418
02-13 14:05:18.349 E/MediaPlayer( 2404): getCurrentPosition sec = 744065
02-13 14:05:18.349 E/MediaPlayer( 2404): getDuration_l mDuration = 1296418
02-13 14:05:19.350 E/MediaPlayer( 2404): getCurrentPosition sec = 745025
02-13 14:05:19.350 E/MediaPlayer( 2404): getDuration_l mDuration = 1296418
02-13 14:05:19.740 I/wpa_supplicant(  304): State: INACTIVE -> SCANNING
02-13 14:05:19.740 I/wpa_supplicant(  304): CTRL-EVENT-STATE-CHANGE id=-1 state=2 BSSID=00:00:00:00:00:00
02-13 14:05:19.740 D/NetworkStateTracker(  206): setDetailed state, old =IDLE and new state=SCANNING
02-13 14:05:20.351 E/MediaPlayer( 2404): getCurrentPosition sec = 745986
02-13 14:05:20.351 E/MediaPlayer( 2404): getDuration_l mDuration = 1296418
02-13 14:05:20.711 I/dun_service(  130): process rmnet event
02-13 14:05:20.711 I/dun_service(  130): Post event 4
02-13 14:05:20.711 I/dun_service(  130): received event: DUN_EVENT_RMNET_UP 
02-13 14:05:20.711 I/dun_service(  130): received event(DUN_EVENT_RMNET_UP) in state(DUN_STATE_USB_UNPLUG)
02-13 14:05:20.711 I/dun_service(  130): Ignoring the event DUN_EVENT_RMNET_UP in USB_UNPLUG_STATE
02-13 14:05:20.711 I/dun_service(  130): Moved to state(DUN_STATE_USB_UNPLUG)
02-13 14:05:20.711 I/wpa_supplicant(  304): State: SCANNING -> INACTIVE
02-13 14:05:20.711 I/wpa_supplicant(  304): CTRL-EVENT-STATE-CHANGE id=-1 state=1 BSSID=00:00:00:00:00:00
02-13 14:05:20.711 D/WifiStateTracker(  206): setNotificationVisible() visible=false mNotificationShown=false force=false return.
02-13 14:05:20.721 D/NetworkStateTracker(  206): setDetailed state, old =SCANNING and new state=IDLE
02-13 14:05:21.362 E/MediaPlayer( 2404): getCurrentPosition sec = 747084
02-13 14:05:21.362 E/MediaPlayer( 2404): getDuration_l mDuration = 1296418
02-13 14:05:22.363 E/MediaPlayer( 2404): getCurrentPosition sec = 748044
02-13 14:05:22.363 E/MediaPlayer( 2404): getDuration_l mDuration = 1296418
02-13 14:05:22.773 W/AlarmManager(  206): +++Alarm  wakeup phone ,pkg=com.google.android.apps.maps
02-13 14:05:22.783 W/AlarmManager(  206): +++alarm onSendFinished ,action=null
02-13 14:05:22.873 D/AlarmManager(  206): +++Alarm set:type=2 com.google.android.apps.maps  Trigger after:1799907ms
02-13 14:05:23.374 E/MediaPlayer( 2404): getCurrentPosition sec = 749005
02-13 14:05:23.374 E/MediaPlayer( 2404): getDuration_l mDuration = 1296418
02-13 14:05:24.385 E/MediaPlayer( 2404): getCurrentPosition sec = 750103
02-13 14:05:24.385 E/MediaPlayer( 2404): getDuration_l mDuration = 1296418
02-13 14:05:25.386 E/MediaPlayer( 2404): getCurrentPosition sec = 751064
02-13 14:05:25.386 E/MediaPlayer( 2404): getDuration_l mDuration = 1296418
02-13 14:05:26.387 E/MediaPlayer( 2404): getCurrentPosition sec = 752024
02-13 14:05:26.387 E/MediaPlayer( 2404): getDuration_l mDuration = 1296418
02-13 14:05:27.388 E/MediaPlayer( 2404): getCurrentPosition sec = 753122
02-13 14:05:27.388 E/MediaPlayer( 2404): getDuration_l mDuration = 1296418
02-13 14:05:28.389 E/MediaPlayer( 2404): getCurrentPosition sec = 754083
02-13 14:05:28.389 E/MediaPlayer( 2404): getDuration_l mDuration = 1296418
02-13 14:05:29.400 E/MediaPlayer( 2404): getCurrentPosition sec = 755043
02-13 14:05:29.400 E/MediaPlayer( 2404): getDuration_l mDuration = 1296418
02-13 14:05:30.400 E/MediaPlayer( 2404): getCurrentPosition sec = 756141
02-13 14:05:30.400 E/MediaPlayer( 2404): getDuration_l mDuration = 1296418
02-13 14:05:31.421 E/MediaPlayer( 2404): getCurrentPosition sec = 757102
02-13 14:05:31.421 E/MediaPlayer( 2404): getDuration_l mDuration = 1296418
02-13 14:05:32.432 E/MediaPlayer( 2404): getCurrentPosition sec = 758200
02-13 14:05:32.432 E/MediaPlayer( 2404): getDuration_l mDuration = 1296418
02-13 14:05:33.433 E/MediaPlayer( 2404): getCurrentPosition sec = 759160
02-13 14:05:33.433 E/MediaPlayer( 2404): getDuration_l mDuration = 1296418
02-13 14:05:33.473 D/DATA    (  331): [DSST(0)] pollstate() : reason = data network state changed
02-13 14:05:33.544 D/MobileDataStateTracker(  206): [hipri]  MobileDataStateReceiver onReceive(): Entry.
02-13 14:05:33.544 D/MobileDataStateTracker(  206): [hipri]  intent.getAction()= android.intent.action.SERVICE_STATE
02-13 14:05:33.544 D/MobileDataStateTracker(  206): [hipri]  mEnabled = true
02-13 14:05:33.544 D/MobileDataStateTracker(  206): [dun]  MobileDataStateReceiver onReceive(): Entry.
02-13 14:05:33.544 D/MobileDataStateTracker(  206): [dun]  intent.getAction()= android.intent.action.SERVICE_STATE
02-13 14:05:33.544 D/MobileDataStateTracker(  206): [dun]  mEnabled = false
02-13 14:05:33.544 D/MobileDataStateTracker(  206): [supl]  MobileDataStateReceiver onReceive(): Entry.
02-13 14:05:33.544 D/MobileDataStateTracker(  206): [supl]  intent.getAction()= android.intent.action.SERVICE_STATE
02-13 14:05:33.544 D/MobileDataStateTracker(  206): [supl]  mEnabled = false
02-13 14:05:33.544 D/MobileDataStateTracker(  206): [mms]  MobileDataStateReceiver onReceive(): Entry.
02-13 14:05:33.554 D/MobileDataStateTracker(  206): [mms]  intent.getAction()= android.intent.action.SERVICE_STATE
02-13 14:05:33.554 D/MobileDataStateTracker(  206): [mms]  mEnabled = false
02-13 14:05:33.554 D/MobileDataStateTracker(  206): [default]  MobileDataStateReceiver onReceive(): Entry.
02-13 14:05:33.554 D/MobileDataStateTracker(  206): [default]  intent.getAction()= android.intent.action.SERVICE_STATE
02-13 14:05:33.554 D/MobileDataStateTracker(  206): [default]  mEnabled = true
02-13 14:05:33.554 D/CallManager(  331):  handleMessage (EVENT_SERVICE_STATE_CHANGED)
02-13 14:05:33.554 E/BT HS/HF(  331): SERVICE_STATE_CHANGED called
02-13 14:05:33.554 E/BT HS/HF(  331): updateServiceState called, sendUpdate:false  ServiceState:0 home Sprint  310099  EvDo rev. A CSS not supported 41 4139RoamInd: 1RoamStatus(sprint): 1DefRoamInd: 160EmergOnly: false
02-13 14:05:33.554 E/BT HS/HF(  331): service:1 mService:1
02-13 14:05:33.554 D/DATA    (  331): [DSST(0)]  registrationState = 1  radioTechnology = 8 reasonForDenial = 0
02-13 14:05:33.554 D/DATA    (  331): [DSST(0)]  set mNewDataConnectionState = 0
02-13 14:05:33.554 D/DATA    (  331): [DSST(0)]  mNewDataConnectionState : 0  mDataConnectionState : 0
02-13 14:05:33.554 D/DATA    (  331): [DSST(0)] Poll ServiceState done: oldSS=[0 home null null null  EvDo rev. A CSS not supported -1 -1RoamInd: -1RoamStatus(sprint): -1DefRoamInd: -1EmergOnly: false] newSS=[0 home null null null  EvDo rev. A CSS not supported -1 -1RoamInd: -1RoamStatus(sprint): -1DefRoamInd: -1EmergOnly: false]
02-13 14:05:33.554 D/DATA    (  331): [DSST(0)]  mDataConnectionState = 0
02-13 14:05:33.574 D/Mms     ( 1781): currentRoamingStatus:1
02-13 14:05:34.444 E/MediaPlayer( 2404): getCurrentPosition sec = 760121
02-13 14:05:34.444 E/MediaPlayer( 2404): getDuration_l mDuration = 1296418
02-13 14:05:35.445 E/MediaPlayer( 2404): getCurrentPosition sec = 761219
02-13 14:05:35.445 E/MediaPlayer( 2404): getDuration_l mDuration = 1296418
02-13 14:05:35.746 I/wpa_supplicant(  304): State: INACTIVE -> SCANNING
02-13 14:05:35.746 I/wpa_supplicant(  304): CTRL-EVENT-STATE-CHANGE id=-1 state=2 BSSID=00:00:00:00:00:00
02-13 14:05:35.746 D/NetworkStateTracker(  206): setDetailed state, old =IDLE and new state=SCANNING
02-13 14:05:36.456 E/MediaPlayer( 2404): getCurrentPosition sec = 762179
02-13 14:05:36.456 E/MediaPlayer( 2404): getDuration_l mDuration = 1296418
02-13 14:05:36.567 I/dun_service(  130): The value returned from dun_getusbmodemstate_fromsys is 2 
02-13 14:05:36.597 D/KeyguardUpdateMonitor(  206): received broadcast android.intent.action.BATTERY_CHANGED
02-13 14:05:36.597 D/KeyguardUpdateMonitor(  206): handleBatteryUpdate
02-13 14:05:36.727 I/dun_service(  130): process rmnet event
02-13 14:05:36.727 I/dun_service(  130): Post event 4
02-13 14:05:36.727 I/dun_service(  130): received event: DUN_EVENT_RMNET_UP 
02-13 14:05:36.727 I/dun_service(  130): received event(DUN_EVENT_RMNET_UP) in state(DUN_STATE_USB_UNPLUG)
02-13 14:05:36.727 I/dun_service(  130): Ignoring the event DUN_EVENT_RMNET_UP in USB_UNPLUG_STATE
02-13 14:05:36.727 I/dun_service(  130): Moved to state(DUN_STATE_USB_UNPLUG)
02-13 14:05:36.727 I/wpa_supplicant(  304): State: SCANNING -> INACTIVE
02-13 14:05:36.727 I/wpa_supplicant(  304): CTRL-EVENT-STATE-CHANGE id=-1 state=1 BSSID=00:00:00:00:00:00
02-13 14:05:36.737 D/NetworkStateTracker(  206): setDetailed state, old =SCANNING and new state=IDLE
02-13 14:05:36.737 D/WifiStateTracker(  206): setNotificationVisible() visible=false mNotificationShown=false force=false return.
02-13 14:05:37.457 E/MediaPlayer( 2404): getCurrentPosition sec = 763140
02-13 14:05:37.457 E/MediaPlayer( 2404): getDuration_l mDuration = 1296418
02-13 14:05:38.458 E/MediaPlayer( 2404): getCurrentPosition sec = 764100
02-13 14:05:38.458 E/MediaPlayer( 2404): getDuration_l mDuration = 1296418
02-13 14:05:39.459 E/MediaPlayer( 2404): getCurrentPosition sec = 765061
02-13 14:05:39.459 E/MediaPlayer( 2404): getDuration_l mDuration = 1296418
02-13 14:05:40.470 E/MediaPlayer( 2404): getCurrentPosition sec = 766159
02-13 14:05:40.470 E/MediaPlayer( 2404): getDuration_l mDuration = 1296418
02-13 14:05:41.471 E/MediaPlayer( 2404): getCurrentPosition sec = 767120
02-13 14:05:41.471 E/MediaPlayer( 2404): getDuration_l mDuration = 1296418
02-13 14:05:42.482 E/MediaPlayer( 2404): getCurrentPosition sec = 768217
02-13 14:05:42.482 E/MediaPlayer( 2404): getDuration_l mDuration = 1296418
02-13 14:05:43.483 E/MediaPlayer( 2404): getCurrentPosition sec = 769178
02-13 14:05:43.483 E/MediaPlayer( 2404): getDuration_l mDuration = 1296418
02-13 14:05:44.484 E/MediaPlayer( 2404): getCurrentPosition sec = 770139
02-13 14:05:44.484 E/MediaPlayer( 2404): getDuration_l mDuration = 1296418
02-13 14:05:45.495 E/MediaPlayer( 2404): getCurrentPosition sec = 771236
02-13 14:05:45.495 E/MediaPlayer( 2404): getDuration_l mDuration = 1296418
02-13 14:05:46.506 E/MediaPlayer( 2404): getCurrentPosition sec = 772197
02-13 14:05:46.506 E/MediaPlayer( 2404): getDuration_l mDuration = 1296418
02-13 14:05:47.507 E/MediaPlayer( 2404): getCurrentPosition sec = 773158
02-13 14:05:47.507 E/MediaPlayer( 2404): getDuration_l mDuration = 1296418
02-13 14:05:48.508 E/MediaPlayer( 2404): getCurrentPosition sec = 774256
02-13 14:05:48.508 E/MediaPlayer( 2404): getDuration_l mDuration = 1296418
02-13 14:05:49.509 E/MediaPlayer( 2404): getCurrentPosition sec = 774393
02-13 14:05:49.509 E/MediaPlayer( 2404): getDuration_l mDuration = 1296418
02-13 14:05:50.520 E/MediaPlayer( 2404): getCurrentPosition sec = 774393
02-13 14:05:50.520 E/MediaPlayer( 2404): getDuration_l mDuration = 1296418
02-13 14:05:51.531 E/MediaPlayer( 2404): getCurrentPosition sec = 774393
02-13 14:05:51.531 E/MediaPlayer( 2404): getDuration_l mDuration = 1296418
02-13 14:05:51.751 I/wpa_supplicant(  304): State: INACTIVE -> SCANNING
02-13 14:05:51.751 I/wpa_supplicant(  304): CTRL-EVENT-STATE-CHANGE id=-1 state=2 BSSID=00:00:00:00:00:00
02-13 14:05:51.751 D/NetworkStateTracker(  206): setDetailed state, old =IDLE and new state=SCANNING
02-13 14:05:51.891 D/AudioHardwareMSM7X30(  121): AudioStreamOutMSM72xx::standby()
02-13 14:05:51.891 D/AudioHardwareMSM7X30(  121): Deroute pcm out stream
02-13 14:05:51.891 D/AudioHardwareMSM7X30(  121): updateDeviceInfo: E rx_device 2 and tx_device 3
02-13 14:05:51.891 D/AudioHardwareMSM7X30(  121): No active voicecall/playback, disabling cur_rx 2
02-13 14:05:51.891 D/AudioHardwareMSM7X30(  121): value of device and enable is 2 0 ALSA dev id:3
02-13 14:05:51.901 D/AudioHardwareMSM7X30(  121): No active voicecall/recording, disabling cur_tx 3
02-13 14:05:51.901 D/AudioHardwareMSM7X30(  121): value of device and enable is 3 0 ALSA dev id:10
02-13 14:05:51.901 E/AudioHardwareMSM7X30(  121): There is no node in the routing table!
02-13 14:05:51.901 D/AudioHardwareMSM7X30(  121): updateDeviceInfo: X cur_rx 2 cur_tx 3
02-13 14:05:52.542 E/MediaPlayer( 2404): getCurrentPosition sec = 774393
02-13 14:05:52.542 E/MediaPlayer( 2404): getDuration_l mDuration = 1296418
02-13 14:05:52.722 I/dun_service(  130): process rmnet event
02-13 14:05:52.722 I/dun_service(  130): Post event 4
02-13 14:05:52.722 I/dun_service(  130): received event: DUN_EVENT_RMNET_UP 
02-13 14:05:52.722 I/dun_service(  130): received event(DUN_EVENT_RMNET_UP) in state(DUN_STATE_USB_UNPLUG)
02-13 14:05:52.722 I/dun_service(  130): Ignoring the event DUN_EVENT_RMNET_UP in USB_UNPLUG_STATE
02-13 14:05:52.722 I/dun_service(  130): Moved to state(DUN_STATE_USB_UNPLUG)
02-13 14:05:52.722 I/wpa_supplicant(  304): State: SCANNING -> INACTIVE
02-13 14:05:52.722 I/wpa_supplicant(  304): CTRL-EVENT-STATE-CHANGE id=-1 state=1 BSSID=00:00:00:00:00:00
02-13 14:05:52.722 D/WifiStateTracker(  206): setNotificationVisible() visible=false mNotificationShown=false force=false return.
02-13 14:05:52.732 D/NetworkStateTracker(  206): setDetailed state, old =SCANNING and new state=IDLE
02-13 14:05:53.543 E/MediaPlayer( 2404): getCurrentPosition sec = 774393
02-13 14:05:53.543 E/MediaPlayer( 2404): getDuration_l mDuration = 1296418
02-13 14:05:54.544 E/MediaPlayer( 2404): getCurrentPosition sec = 774393
02-13 14:05:54.544 E/MediaPlayer( 2404): getDuration_l mDuration = 1296418
02-13 14:05:55.545 E/MediaPlayer( 2404): getCurrentPosition sec = 774393
02-13 14:05:55.545 E/MediaPlayer( 2404): getDuration_l mDuration = 1296418
02-13 14:05:56.556 E/MediaPlayer( 2404): getCurrentPosition sec = 774393
02-13 14:05:56.556 E/MediaPlayer( 2404): getDuration_l mDuration = 1296418
02-13 14:05:57.557 E/MediaPlayer( 2404): getCurrentPosition sec = 774393
02-13 14:05:57.557 E/MediaPlayer( 2404): getDuration_l mDuration = 1296418
02-13 14:05:58.558 E/MediaPlayer( 2404): getCurrentPosition sec = 774393
02-13 14:05:58.558 E/MediaPlayer( 2404): getDuration_l mDuration = 1296418
02-13 14:05:59.569 E/MediaPlayer( 2404): getCurrentPosition sec = 774393
02-13 14:05:59.569 E/MediaPlayer( 2404): getDuration_l mDuration = 1296418
02-13 14:06:00.009 D/KeyguardUpdateMonitor(  206): received broadcast android.intent.action.TIME_TICK
02-13 14:06:00.009 D/KeyguardUpdateMonitor(  206): handleTimeUpdate
02-13 14:06:00.560 E/MediaPlayer( 2404): getCurrentPosition sec = 774393
02-13 14:06:00.560 E/MediaPlayer( 2404): getDuration_l mDuration = 1296418
02-13 14:06:01.581 E/MediaPlayer( 2404): getCurrentPosition sec = 774393
02-13 14:06:01.581 E/MediaPlayer( 2404): getDuration_l mDuration = 1296418
02-13 14:06:02.572 E/MediaPlayer( 2404): getCurrentPosition sec = 774393
02-13 14:06:02.572 E/MediaPlayer( 2404): getDuration_l mDuration = 1296418
02-13 14:06:03.583 E/MediaPlayer( 2404): getCurrentPosition sec = 774393
02-13 14:06:03.583 E/MediaPlayer( 2404): getDuration_l mDuration = 1296418
02-13 14:06:04.123 D/DATA    (  331): [DSST(0)] pollstate() : reason = data network state changed
02-13 14:06:04.183 D/MobileDataStateTracker(  206): [hipri]  MobileDataStateReceiver onReceive(): Entry.
02-13 14:06:04.183 D/MobileDataStateTracker(  206): [hipri]  intent.getAction()= android.intent.action.SERVICE_STATE
02-13 14:06:04.183 D/MobileDataStateTracker(  206): [hipri]  mEnabled = true
02-13 14:06:04.183 D/MobileDataStateTracker(  206): [dun]  MobileDataStateReceiver onReceive(): Entry.
02-13 14:06:04.183 D/MobileDataStateTracker(  206): [dun]  intent.getAction()= android.intent.action.SERVICE_STATE
02-13 14:06:04.183 D/MobileDataStateTracker(  206): [dun]  mEnabled = false
02-13 14:06:04.193 D/MobileDataStateTracker(  206): [supl]  MobileDataStateReceiver onReceive(): Entry.
02-13 14:06:04.193 D/MobileDataStateTracker(  206): [supl]  intent.getAction()= android.intent.action.SERVICE_STATE
02-13 14:06:04.193 D/MobileDataStateTracker(  206): [supl]  mEnabled = false
02-13 14:06:04.193 D/MobileDataStateTracker(  206): [mms]  MobileDataStateReceiver onReceive(): Entry.
02-13 14:06:04.193 D/MobileDataStateTracker(  206): [mms]  intent.getAction()= android.intent.action.SERVICE_STATE
02-13 14:06:04.193 D/MobileDataStateTracker(  206): [mms]  mEnabled = false
02-13 14:06:04.193 D/MobileDataStateTracker(  206): [default]  MobileDataStateReceiver onReceive(): Entry.
02-13 14:06:04.193 D/MobileDataStateTracker(  206): [default]  intent.getAction()= android.intent.action.SERVICE_STATE
02-13 14:06:04.193 D/MobileDataStateTracker(  206): [default]  mEnabled = true
02-13 14:06:04.203 D/CallManager(  331):  handleMessage (EVENT_SERVICE_STATE_CHANGED)
02-13 14:06:04.203 E/BT HS/HF(  331): SERVICE_STATE_CHANGED called
02-13 14:06:04.203 E/BT HS/HF(  331): updateServiceState called, sendUpdate:false  ServiceState:0 home Sprint  310099  EvDo rev. A CSS not supported 41 4139RoamInd: 1RoamStatus(sprint): 1DefRoamInd: 160EmergOnly: false
02-13 14:06:04.203 E/BT HS/HF(  331): service:1 mService:1
02-13 14:06:04.213 D/DATA    (  331): [DSST(0)]  registrationState = 1  radioTechnology = 8 reasonForDenial = 0
02-13 14:06:04.213 D/DATA    (  331): [DSST(0)]  set mNewDataConnectionState = 0
02-13 14:06:04.213 D/DATA    (  331): [DSST(0)]  mNewDataConnectionState : 0  mDataConnectionState : 0
02-13 14:06:04.213 D/DATA    (  331): [DSST(0)] Poll ServiceState done: oldSS=[0 home null null null  EvDo rev. A CSS not supported -1 -1RoamInd: -1RoamStatus(sprint): -1DefRoamInd: -1EmergOnly: false] newSS=[0 home null null null  EvDo rev. A CSS not supported -1 -1RoamInd: -1RoamStatus(sprint): -1DefRoamInd: -1EmergOnly: false]
02-13 14:06:04.213 D/DATA    (  331): [DSST(0)]  mDataConnectionState = 0
02-13 14:06:04.284 D/Mms     ( 1781): currentRoamingStatus:1
02-13 14:06:04.594 E/MediaPlayer( 2404): getCurrentPosition sec = 774393
02-13 14:06:04.594 E/MediaPlayer( 2404): getDuration_l mDuration = 1296418
02-13 14:06:05.595 E/MediaPlayer( 2404): getCurrentPosition sec = 774393
02-13 14:06:05.595 E/MediaPlayer( 2404): getDuration_l mDuration = 1296418
02-13 14:06:06.135 D/DATA    (  331): [DSST(0)] pollstate() : reason = data network state changed
02-13 14:06:06.175 D/MobileDataStateTracker(  206): [hipri]  MobileDataStateReceiver onReceive(): Entry.
02-13 14:06:06.175 D/MobileDataStateTracker(  206): [hipri]  intent.getAction()= android.intent.action.SERVICE_STATE
02-13 14:06:06.175 D/MobileDataStateTracker(  206): [hipri]  mEnabled = true
02-13 14:06:06.185 D/MobileDataStateTracker(  206): [dun]  MobileDataStateReceiver onReceive(): Entry.
02-13 14:06:06.185 D/MobileDataStateTracker(  206): [dun]  intent.getAction()= android.intent.action.SERVICE_STATE
02-13 14:06:06.185 D/MobileDataStateTracker(  206): [dun]  mEnabled = false
02-13 14:06:06.185 D/MobileDataStateTracker(  206): [supl]  MobileDataStateReceiver onReceive(): Entry.
02-13 14:06:06.185 D/MobileDataStateTracker(  206): [supl]  intent.getAction()= android.intent.action.SERVICE_STATE
02-13 14:06:06.185 D/MobileDataStateTracker(  206): [supl]  mEnabled = false
02-13 14:06:06.195 D/CallManager(  331):  handleMessage (EVENT_SERVICE_STATE_CHANGED)
02-13 14:06:06.195 E/BT HS/HF(  331): SERVICE_STATE_CHANGED called
02-13 14:06:06.205 D/MobileDataStateTracker(  206): [mms]  MobileDataStateReceiver onReceive(): Entry.
02-13 14:06:06.205 D/MobileDataStateTracker(  206): [mms]  intent.getAction()= android.intent.action.SERVICE_STATE
02-13 14:06:06.205 D/MobileDataStateTracker(  206): [mms]  mEnabled = false
02-13 14:06:06.205 E/BT HS/HF(  331): updateServiceState called, sendUpdate:false  ServiceState:0 home Sprint  310099  EvDo rev. A CSS not supported 41 4139RoamInd: 1RoamStatus(sprint): 1DefRoamInd: 160EmergOnly: false
02-13 14:06:06.205 E/BT HS/HF(  331): service:1 mService:1
02-13 14:06:06.205 D/MobileDataStateTracker(  206): [default]  MobileDataStateReceiver onReceive(): Entry.
02-13 14:06:06.205 D/MobileDataStateTracker(  206): [default]  intent.getAction()= android.intent.action.SERVICE_STATE
02-13 14:06:06.205 D/MobileDataStateTracker(  206): [default]  mEnabled = true
02-13 14:06:06.205 D/DATA    (  331): [DSST(0)]  registrationState = 1  radioTechnology = 8 reasonForDenial = 0
02-13 14:06:06.205 D/DATA    (  331): [DSST(0)]  set mNewDataConnectionState = 0
02-13 14:06:06.205 D/DATA    (  331): [DSST(0)]  mNewDataConnectionState : 0  mDataConnectionState : 0
02-13 14:06:06.205 D/DATA    (  331): [DSST(0)] Poll ServiceState done: oldSS=[0 home null null null  EvDo rev. A CSS not supported -1 -1RoamInd: -1RoamStatus(sprint): -1DefRoamInd: -1EmergOnly: false] newSS=[0 home null null null  EvDo rev. A CSS not supported -1 -1RoamInd: -1RoamStatus(sprint): -1DefRoamInd: -1EmergOnly: false]
02-13 14:06:06.205 D/DATA    (  331): [DSST(0)]  mDataConnectionState = 0
02-13 14:06:06.205 D/Mms     ( 1781): currentRoamingStatus:1
02-13 14:06:06.606 E/MediaPlayer( 2404): getCurrentPosition sec = 774393
02-13 14:06:06.606 E/MediaPlayer( 2404): getDuration_l mDuration = 1296418
02-13 14:06:07.607 E/MediaPlayer( 2404): getCurrentPosition sec = 774393
02-13 14:06:07.607 E/MediaPlayer( 2404): getDuration_l mDuration = 1296418
02-13 14:06:07.747 I/wpa_supplicant(  304): State: INACTIVE -> SCANNING
02-13 14:06:07.747 I/wpa_supplicant(  304): CTRL-EVENT-STATE-CHANGE id=-1 state=2 BSSID=00:00:00:00:00:00
02-13 14:06:07.757 D/NetworkStateTracker(  206): setDetailed state, old =IDLE and new state=SCANNING
02-13 14:06:08.608 E/MediaPlayer( 2404): getCurrentPosition sec = 774393
02-13 14:06:08.608 E/MediaPlayer( 2404): getDuration_l mDuration = 1296418
02-13 14:06:08.718 I/dun_service(  130): process rmnet event
02-13 14:06:08.718 I/dun_service(  130): Post event 4
02-13 14:06:08.718 I/dun_service(  130): received event: DUN_EVENT_RMNET_UP 
02-13 14:06:08.718 I/dun_service(  130): received event(DUN_EVENT_RMNET_UP) in state(DUN_STATE_USB_UNPLUG)
02-13 14:06:08.718 I/dun_service(  130): Ignoring the event DUN_EVENT_RMNET_UP in USB_UNPLUG_STATE
02-13 14:06:08.718 I/dun_service(  130): Moved to state(DUN_STATE_USB_UNPLUG)
02-13 14:06:08.718 I/wpa_supplicant(  304): State: SCANNING -> INACTIVE
02-13 14:06:08.718 I/wpa_supplicant(  304): CTRL-EVENT-STATE-CHANGE id=-1 state=1 BSSID=00:00:00:00:00:00
02-13 14:06:08.728 D/NetworkStateTracker(  206): setDetailed state, old =SCANNING and new state=IDLE
02-13 14:06:08.728 D/WifiStateTracker(  206): setNotificationVisible() visible=false mNotificationShown=false force=false return.
02-13 14:06:09.288 D/DATA    (  331): [DSST(0)] pollstate() : reason = data network state changed
02-13 14:06:09.338 D/MobileDataStateTracker(  206): [hipri]  MobileDataStateReceiver onReceive(): Entry.
02-13 14:06:09.338 D/MobileDataStateTracker(  206): [hipri]  intent.getAction()= android.intent.action.SERVICE_STATE
02-13 14:06:09.338 D/MobileDataStateTracker(  206): [hipri]  mEnabled = true
02-13 14:06:09.338 D/MobileDataStateTracker(  206): [dun]  MobileDataStateReceiver onReceive(): Entry.
02-13 14:06:09.338 D/MobileDataStateTracker(  206): [dun]  intent.getAction()= android.intent.action.SERVICE_STATE
02-13 14:06:09.338 D/MobileDataStateTracker(  206): [dun]  mEnabled = false
02-13 14:06:09.338 D/MobileDataStateTracker(  206): [supl]  MobileDataStateReceiver onReceive(): Entry.
02-13 14:06:09.338 D/MobileDataStateTracker(  206): [supl]  intent.getAction()= android.intent.action.SERVICE_STATE
02-13 14:06:09.338 D/MobileDataStateTracker(  206): [supl]  mEnabled = false
02-13 14:06:09.348 D/MobileDataStateTracker(  206): [mms]  MobileDataStateReceiver onReceive(): Entry.
02-13 14:06:09.348 D/MobileDataStateTracker(  206): [mms]  intent.getAction()= android.intent.action.SERVICE_STATE
02-13 14:06:09.348 D/MobileDataStateTracker(  206): [mms]  mEnabled = false
02-13 14:06:09.348 D/MobileDataStateTracker(  206): [default]  MobileDataStateReceiver onReceive(): Entry.
02-13 14:06:09.348 D/MobileDataStateTracker(  206): [default]  intent.getAction()= android.intent.action.SERVICE_STATE
02-13 14:06:09.348 D/MobileDataStateTracker(  206): [default]  mEnabled = true
02-13 14:06:09.348 D/CallManager(  331):  handleMessage (EVENT_SERVICE_STATE_CHANGED)
02-13 14:06:09.348 E/BT HS/HF(  331): SERVICE_STATE_CHANGED called
02-13 14:06:09.348 E/BT HS/HF(  331): updateServiceState called, sendUpdate:false  ServiceState:0 home Sprint  310099  EvDo rev. A CSS not supported 41 4139RoamInd: 1RoamStatus(sprint): 1DefRoamInd: 160EmergOnly: false
02-13 14:06:09.348 E/BT HS/HF(  331): service:1 mService:1
02-13 14:06:09.359 D/DATA    (  331): [DSST(0)]  registrationState = 1  radioTechnology = 8 reasonForDenial = 0
02-13 14:06:09.359 D/DATA    (  331): [DSST(0)]  set mNewDataConnectionState = 0
02-13 14:06:09.359 D/DATA    (  331): [DSST(0)]  mNewDataConnectionState : 0  mDataConnectionState : 0
02-13 14:06:09.359 D/DATA    (  331): [DSST(0)] Poll ServiceState done: oldSS=[0 home null null null  EvDo rev. A CSS not supported -1 -1RoamInd: -1RoamStatus(sprint): -1DefRoamInd: -1EmergOnly: false] newSS=[0 home null null null  EvDo rev. A CSS not supported -1 -1RoamInd: -1RoamStatus(sprint): -1DefRoamInd: -1EmergOnly: false]
02-13 14:06:09.359 D/DATA    (  331): [DSST(0)]  mDataConnectionState = 0
02-13 14:06:09.369 D/Mms     ( 1781): currentRoamingStatus:1
02-13 14:06:09.619 E/MediaPlayer( 2404): getCurrentPosition sec = 774393
02-13 14:06:09.619 E/MediaPlayer( 2404): getDuration_l mDuration = 1296418
02-13 14:06:10.620 E/MediaPlayer( 2404): getCurrentPosition sec = 774393
02-13 14:06:10.620 E/MediaPlayer( 2404): getDuration_l mDuration = 1296418
02-13 14:06:11.621 E/MediaPlayer( 2404): getCurrentPosition sec = 774393
02-13 14:06:11.621 E/MediaPlayer( 2404): getDuration_l mDuration = 1296418
02-13 14:06:12.632 E/MediaPlayer( 2404): getCurrentPosition sec = 774393
02-13 14:06:12.632 E/MediaPlayer( 2404): getDuration_l mDuration = 1296418
02-13 14:06:13.633 E/MediaPlayer( 2404): getCurrentPosition sec = 774393
02-13 14:06:13.633 E/MediaPlayer( 2404): getDuration_l mDuration = 1296418
02-13 14:06:14.634 E/MediaPlayer( 2404): getCurrentPosition sec = 774393
02-13 14:06:14.634 E/MediaPlayer( 2404): getDuration_l mDuration = 1296418
02-13 14:06:15.645 E/MediaPlayer( 2404): getCurrentPosition sec = 774393
02-13 14:06:15.645 E/MediaPlayer( 2404): getDuration_l mDuration = 1296418
02-13 14:06:16.656 E/MediaPlayer( 2404): getCurrentPosition sec = 774393
02-13 14:06:16.656 E/MediaPlayer( 2404): getDuration_l mDuration = 1296418
02-13 14:06:17.657 E/MediaPlayer( 2404): getCurrentPosition sec = 774393
02-13 14:06:17.657 E/MediaPlayer( 2404): getDuration_l mDuration = 1296418
02-13 14:06:18.658 E/MediaPlayer( 2404): getCurrentPosition sec = 774393
02-13 14:06:18.658 E/MediaPlayer( 2404): getDuration_l mDuration = 1296418
02-13 14:06:18.958 W/AlarmManager(  206): +++Alarm  wakeup phone ,pkg=com.google.android.gsf
02-13 14:06:19.008 D/AlarmManager(  206): +++Alarm set:type=2 com.google.android.gsf  Trigger after:60000ms
02-13 14:06:19.008 W/AlarmManager(  206): +++alarm onSendFinished ,action=com.google.android.intent.action.GTALK_HEARTBEAT
02-13 14:06:19.158 D/AlarmManager(  206): +++Alarm set:type=2 com.google.android.gsf  Trigger after:1680000ms
02-13 14:06:19.669 E/MediaPlayer( 2404): getCurrentPosition sec = 774393
02-13 14:06:19.669 E/MediaPlayer( 2404): getDuration_l mDuration = 1296418
02-13 14:06:19.999 W/AudioTrack(  121): obtainBuffer() track 0x23e98 disabled, restarting
02-13 14:06:19.999 D/AudioFlinger(  121): start(4098), calling thread 121 session 31
02-13 14:06:19.999 D/AudioHardwareMSM7X30(  121): value of device and enable is 2 1 ALSA dev id:3
02-13 14:06:20.059 D/AudioHardwareMSM7X30(  121): msm_route_stream(PCM_PLAY,5,3,1)
02-13 14:06:20.660 E/MediaPlayer( 2404): getCurrentPosition sec = 775216
02-13 14:06:20.660 E/MediaPlayer( 2404): getDuration_l mDuration = 1296418
02-13 14:06:21.671 E/MediaPlayer( 2404): getCurrentPosition sec = 776314
02-13 14:06:21.671 E/MediaPlayer( 2404): getDuration_l mDuration = 1296418
02-13 14:06:22.671 E/MediaPlayer( 2404): getCurrentPosition sec = 777275
02-13 14:06:22.671 E/MediaPlayer( 2404): getDuration_l mDuration = 1296418
02-13 14:06:23.682 E/MediaPlayer( 2404): getCurrentPosition sec = 778098
02-13 14:06:23.682 E/MediaPlayer( 2404): getDuration_l mDuration = 1296418
02-13 14:06:23.743 I/wpa_supplicant(  304): State: INACTIVE -> SCANNING
02-13 14:06:23.743 I/wpa_supplicant(  304): CTRL-EVENT-STATE-CHANGE id=-1 state=2 BSSID=00:00:00:00:00:00
02-13 14:06:23.743 D/NetworkStateTracker(  206): setDetailed state, old =IDLE and new state=SCANNING
02-13 14:06:24.683 E/MediaPlayer( 2404): getCurrentPosition sec = 779059
02-13 14:06:24.683 E/MediaPlayer( 2404): getDuration_l mDuration = 1296418
02-13 14:06:24.723 I/dun_service(  130): process rmnet event
02-13 14:06:24.723 I/dun_service(  130): Post event 4
02-13 14:06:24.723 I/dun_service(  130): received event: DUN_EVENT_RMNET_UP 
02-13 14:06:24.723 I/dun_service(  130): received event(DUN_EVENT_RMNET_UP) in state(DUN_STATE_USB_UNPLUG)
02-13 14:06:24.723 I/dun_service(  130): Ignoring the event DUN_EVENT_RMNET_UP in USB_UNPLUG_STATE
02-13 14:06:24.723 I/dun_service(  130): Moved to state(DUN_STATE_USB_UNPLUG)
02-13 14:06:24.723 I/wpa_supplicant(  304): State: SCANNING -> INACTIVE
02-13 14:06:24.723 I/wpa_supplicant(  304): CTRL-EVENT-STATE-CHANGE id=-1 state=1 BSSID=00:00:00:00:00:00
02-13 14:06:24.734 D/NetworkStateTracker(  206): setDetailed state, old =SCANNING and new state=IDLE
02-13 14:06:24.734 D/WifiStateTracker(  206): setNotificationVisible() visible=false mNotificationShown=false force=false return.
02-13 14:06:25.684 E/MediaPlayer( 2404): getCurrentPosition sec = 779059
02-13 14:06:25.684 E/MediaPlayer( 2404): getDuration_l mDuration = 1296418
02-13 14:06:26.695 E/MediaPlayer( 2404): getCurrentPosition sec = 779059
02-13 14:06:26.695 E/MediaPlayer( 2404): getDuration_l mDuration = 1296418
02-13 14:06:27.706 E/MediaPlayer( 2404): getCurrentPosition sec = 779059
02-13 14:06:27.706 E/MediaPlayer( 2404): getDuration_l mDuration = 1296418
02-13 14:06:27.847 D/AudioHardwareMSM7X30(  121): AudioStreamOutMSM72xx::standby()
02-13 14:06:27.847 D/AudioHardwareMSM7X30(  121): Deroute pcm out stream
02-13 14:06:27.847 D/AudioHardwareMSM7X30(  121): updateDeviceInfo: E rx_device 2 and tx_device 3
02-13 14:06:27.847 D/AudioHardwareMSM7X30(  121): No active voicecall/playback, disabling cur_rx 2
02-13 14:06:27.847 D/AudioHardwareMSM7X30(  121): value of device and enable is 2 0 ALSA dev id:3
02-13 14:06:27.857 D/AudioHardwareMSM7X30(  121): No active voicecall/recording, disabling cur_tx 3
02-13 14:06:27.857 D/AudioHardwareMSM7X30(  121): value of device and enable is 3 0 ALSA dev id:10
02-13 14:06:27.857 E/AudioHardwareMSM7X30(  121): There is no node in the routing table!
02-13 14:06:27.857 D/AudioHardwareMSM7X30(  121): updateDeviceInfo: X cur_rx 2 cur_tx 3
02-13 14:06:28.697 E/MediaPlayer( 2404): getCurrentPosition sec = 779059
02-13 14:06:28.697 E/MediaPlayer( 2404): getDuration_l mDuration = 1296418
02-13 14:06:29.708 E/MediaPlayer( 2404): getCurrentPosition sec = 779059
02-13 14:06:29.708 E/MediaPlayer( 2404): getDuration_l mDuration = 1296418
02-13 14:06:30.719 E/MediaPlayer( 2404): getCurrentPosition sec = 779059
02-13 14:06:30.719 E/MediaPlayer( 2404): getDuration_l mDuration = 1296418
02-13 14:06:31.720 E/MediaPlayer( 2404): getCurrentPosition sec = 779059
02-13 14:06:31.720 E/MediaPlayer( 2404): getDuration_l mDuration = 1296418
02-13 14:06:32.721 E/MediaPlayer( 2404): getCurrentPosition sec = 779059
02-13 14:06:32.721 E/MediaPlayer( 2404): getDuration_l mDuration = 1296418
02-13 14:06:33.732 E/MediaPlayer( 2404): getCurrentPosition sec = 779059
02-13 14:06:33.732 E/MediaPlayer( 2404): getDuration_l mDuration = 1296418
02-13 14:06:33.752 W/AudioTrack(  121): obtainBuffer() track 0x23e98 disabled, restarting
02-13 14:06:33.752 D/AudioFlinger(  121): start(4098), calling thread 121 session 31
02-13 14:06:33.762 D/AudioHardwareMSM7X30(  121): value of device and enable is 2 1 ALSA dev id:3
02-13 14:06:33.842 D/AudioHardwareMSM7X30(  121): msm_route_stream(PCM_PLAY,5,3,1)
02-13 14:06:33.842 W/AudioFlinger(  121): write blocked for 85 msecs, 4 delayed writes, thread 0x1b7f0
02-13 14:06:34.733 E/MediaPlayer( 2404): getCurrentPosition sec = 780156
02-13 14:06:34.733 E/MediaPlayer( 2404): getDuration_l mDuration = 1296418
02-13 14:06:35.744 E/MediaPlayer( 2404): getCurrentPosition sec = 781254
02-13 14:06:35.744 E/MediaPlayer( 2404): getDuration_l mDuration = 1296418
02-13 14:06:36.755 E/MediaPlayer( 2404): getCurrentPosition sec = 781666
02-13 14:06:36.755 E/MediaPlayer( 2404): getDuration_l mDuration = 1296418
02-13 14:06:37.756 E/MediaPlayer( 2404): getCurrentPosition sec = 781666
02-13 14:06:37.756 E/MediaPlayer( 2404): getDuration_l mDuration = 1296418
02-13 14:06:38.757 E/MediaPlayer( 2404): getCurrentPosition sec = 781666
02-13 14:06:38.757 E/MediaPlayer( 2404): getDuration_l mDuration = 1296418
02-13 14:06:39.037 W/AudioTrack(  121): obtainBuffer() track 0x23e98 disabled, restarting
02-13 14:06:39.037 D/AudioFlinger(  121): start(4098), calling thread 121 session 31
02-13 14:06:39.738 I/wpa_supplicant(  304): State: INACTIVE -> SCANNING
02-13 14:06:39.738 I/wpa_supplicant(  304): CTRL-EVENT-STATE-CHANGE id=-1 state=2 BSSID=00:00:00:00:00:00
02-13 14:06:39.748 D/NetworkStateTracker(  206): setDetailed state, old =IDLE and new state=SCANNING
02-13 14:06:39.758 E/MediaPlayer( 2404): getCurrentPosition sec = 782627
02-13 14:06:39.758 E/MediaPlayer( 2404): getDuration_l mDuration = 1296418
02-13 14:06:40.709 I/wpa_supplicant(  304): State: SCANNING -> INACTIVE
02-13 14:06:40.709 I/wpa_supplicant(  304): CTRL-EVENT-STATE-CHANGE id=-1 state=1 BSSID=00:00:00:00:00:00
02-13 14:06:40.709 I/dun_service(  130): process rmnet event
02-13 14:06:40.709 I/dun_service(  130): Post event 4
02-13 14:06:40.709 I/dun_service(  130): received event: DUN_EVENT_RMNET_UP 
02-13 14:06:40.709 I/dun_service(  130): received event(DUN_EVENT_RMNET_UP) in state(DUN_STATE_USB_UNPLUG)
02-13 14:06:40.709 I/dun_service(  130): Ignoring the event DUN_EVENT_RMNET_UP in USB_UNPLUG_STATE
02-13 14:06:40.709 I/dun_service(  130): Moved to state(DUN_STATE_USB_UNPLUG)
02-13 14:06:40.719 D/WifiStateTracker(  206): setNotificationVisible() visible=false mNotificationShown=false force=false return.
02-13 14:06:40.719 D/NetworkStateTracker(  206): setDetailed state, old =SCANNING and new state=IDLE
02-13 14:06:40.769 E/MediaPlayer( 2404): getCurrentPosition sec = 783587
02-13 14:06:40.769 E/MediaPlayer( 2404): getDuration_l mDuration = 1296418
02-13 14:06:41.770 E/MediaPlayer( 2404): getCurrentPosition sec = 783724
02-13 14:06:41.770 E/MediaPlayer( 2404): getDuration_l mDuration = 1296418
02-13 14:06:42.771 E/MediaPlayer( 2404): getCurrentPosition sec = 783724
02-13 14:06:42.771 E/MediaPlayer( 2404): getDuration_l mDuration = 1296418
02-13 14:06:43.772 E/MediaPlayer( 2404): getCurrentPosition sec = 783724
02-13 14:06:43.772 E/MediaPlayer( 2404): getDuration_l mDuration = 1296418
02-13 14:06:44.062 D/AudioHardwareMSM7X30(  121): AudioStreamOutMSM72xx::standby()
02-13 14:06:44.062 D/AudioHardwareMSM7X30(  121): Deroute pcm out stream
02-13 14:06:44.062 D/AudioHardwareMSM7X30(  121): updateDeviceInfo: E rx_device 2 and tx_device 3
02-13 14:06:44.062 D/AudioHardwareMSM7X30(  121): No active voicecall/playback, disabling cur_rx 2
02-13 14:06:44.062 D/AudioHardwareMSM7X30(  121): value of device and enable is 2 0 ALSA dev id:3
02-13 14:06:44.072 D/AudioHardwareMSM7X30(  121): No active voicecall/recording, disabling cur_tx 3
02-13 14:06:44.072 D/AudioHardwareMSM7X30(  121): value of device and enable is 3 0 ALSA dev id:10
02-13 14:06:44.072 E/AudioHardwareMSM7X30(  121): There is no node in the routing table!
02-13 14:06:44.072 D/AudioHardwareMSM7X30(  121): updateDeviceInfo: X cur_rx 2 cur_tx 3
02-13 14:06:44.783 E/MediaPlayer( 2404): getCurrentPosition sec = 783724
02-13 14:06:44.783 E/MediaPlayer( 2404): getDuration_l mDuration = 1296418
02-13 14:06:45.784 E/MediaPlayer( 2404): getCurrentPosition sec = 783724
02-13 14:06:45.784 E/MediaPlayer( 2404): getDuration_l mDuration = 1296418
02-13 14:06:46.024 W/AudioTrack(  121): obtainBuffer() track 0x23e98 disabled, restarting
02-13 14:06:46.034 D/AudioFlinger(  121): start(4098), calling thread 121 session 31
02-13 14:06:46.034 D/AudioHardwareMSM7X30(  121): value of device and enable is 2 1 ALSA dev id:3
02-13 14:06:46.124 D/AudioHardwareMSM7X30(  121): msm_route_stream(PCM_PLAY,5,3,1)
02-13 14:06:46.124 W/AudioFlinger(  121): write blocked for 88 msecs, 5 delayed writes, thread 0x1b7f0
02-13 14:06:46.795 E/MediaPlayer( 2404): getCurrentPosition sec = 784548
02-13 14:06:46.795 E/MediaPlayer( 2404): getDuration_l mDuration = 1296418
02-13 14:06:47.796 E/MediaPlayer( 2404): getCurrentPosition sec = 785646
02-13 14:06:47.796 E/MediaPlayer( 2404): getDuration_l mDuration = 1296418
02-13 14:06:48.807 E/MediaPlayer( 2404): getCurrentPosition sec = 786332
02-13 14:06:48.807 E/MediaPlayer( 2404): getDuration_l mDuration = 1296418
02-13 14:06:49.808 E/MediaPlayer( 2404): getCurrentPosition sec = 786332
02-13 14:06:49.808 E/MediaPlayer( 2404): getDuration_l mDuration = 1296418
02-13 14:06:50.809 E/MediaPlayer( 2404): getCurrentPosition sec = 786332
02-13 14:06:50.809 E/MediaPlayer( 2404): getDuration_l mDuration = 1296418
02-13 14:06:51.660 D/AudioHardwareMSM7X30(  121): AudioStreamOutMSM72xx::standby()
02-13 14:06:51.660 D/AudioHardwareMSM7X30(  121): Deroute pcm out stream
02-13 14:06:51.660 D/AudioHardwareMSM7X30(  121): updateDeviceInfo: E rx_device 2 and tx_device 3
02-13 14:06:51.660 D/AudioHardwareMSM7X30(  121): No active voicecall/playback, disabling cur_rx 2
02-13 14:06:51.660 D/AudioHardwareMSM7X30(  121): value of device and enable is 2 0 ALSA dev id:3
02-13 14:06:51.670 D/AudioHardwareMSM7X30(  121): No active voicecall/recording, disabling cur_tx 3
02-13 14:06:51.670 D/AudioHardwareMSM7X30(  121): value of device and enable is 3 0 ALSA dev id:10
02-13 14:06:51.670 E/AudioHardwareMSM7X30(  121): There is no node in the routing table!
02-13 14:06:51.670 D/AudioHardwareMSM7X30(  121): updateDeviceInfo: X cur_rx 2 cur_tx 3
02-13 14:06:51.820 E/MediaPlayer( 2404): getCurrentPosition sec = 786332
02-13 14:06:51.820 E/MediaPlayer( 2404): getDuration_l mDuration = 1296418
02-13 14:06:52.310 I/V3Client( 2039): notf'n?
02-13 14:06:52.310 I/V3Client( 2039): !control 0
02-13 14:06:52.320 E/HQB     ( 1781): onReceiveWithPrivilege  action received android.provider.Telephony.SMS_RECEIVED
02-13 14:06:52.360 D/SmsReceiverService( 1781): isSelfRegSMS-teleService = 4098
02-13 14:06:52.360 D/SmsReceiverService( 1781): first =0
02-13 14:06:52.360 D/SmsReceiverService( 1781): possibleIndex =null
02-13 14:06:52.360 D/SmsReceiverService( 1781): processed indexString =null
02-13 14:06:52.360 D/SmsReceiverService( 1781): first =0
02-13 14:06:52.370 D/SmsReceiverService( 1781): possibleIndex =null
02-13 14:06:52.370 D/SmsReceiverService( 1781): processed indexString =null
02-13 14:06:52.370 D/MmsSmsProvider(  331): getThreadId:enter cursor.toAddressIds.size=1
02-13 14:06:52.370 D/MmsSmsProvider(  331): getThreadId:enter cursor.getCount()=1
02-13 14:06:52.370 D/MmsSmsProvider(  331): getThreadId:enter cursorAddr.getCount()=1needNewThread=false
02-13 14:06:52.390 I/ContactsProvider(  402): query: content://contacts/phones/filter/9137446943
02-13 14:06:52.390 E/ContactsProvider(  402): 101123 isCallerRegisterNeedSIMProc callerPid:331, acorePid:402
02-13 14:06:52.400 I/ContactsProvider(  402): query isCallerRegistered= true
02-13 14:06:52.400 I/ContactsProvider(  402): query forOnlyOneContactString= 0
02-13 14:06:52.581 D/Mms:app ( 1781): in getIconResourceId cmasNo =0
02-13 14:06:52.581 D/Mms:app ( 1781): in getIconResourceId cmasNo = 0, cancel(notificationId)
02-13 14:06:52.611 I/Mms     ( 1781): parseMmsAddress number=9137446943, length=10
02-13 14:06:52.621 I/ContactsProvider(  402): query: content://com.android.contacts/data
02-13 14:06:52.621 E/ContactsProvider(  402): 101123 isCallerRegisterNeedSIMProc callerPid:1781, acorePid:402
02-13 14:06:52.631 I/ContactsProvider(  402): query isCallerRegistered= true
02-13 14:06:52.631 I/ContactsProvider(  402): query forOnlyOneContactString= 0
02-13 14:06:52.631 I/ContactsProvider(  402): query: content://com.android.contacts/contacts/223/photo
02-13 14:06:52.631 E/ContactsProvider(  402): 101123 isCallerRegisterNeedSIMProc callerPid:1781, acorePid:402
02-13 14:06:52.641 I/ContactsProvider(  402): query isCallerRegistered= true
