02-13 13:59:00.070 I/am_schedule_service_restart(  206): [com.sprint.w.installer/com.sprint.id.updater.UpdaterService,5000]
02-13 13:59:04.404 I/notification_cancel(  206): [com.android.phone,111,0]
02-13 13:59:05.095 I/am_proc_start(  206): [2569,10014,com.sprint.w.installer,service,com.sprint.w.installer/com.sprint.id.updater.UpdaterService]
02-13 13:59:05.135 I/dvm_gc_madvise_info( 2569): [372736,135168]
02-13 13:59:05.155 I/am_proc_bound(  206): [2569,com.sprint.w.installer]
02-13 13:59:05.165 I/am_create_service(  206): [1086023384,com.sprint.w.installer/com.sprint.id.updater.UpdaterService,,2569]
02-13 13:59:10.119 I/notification_cancel(  206): [com.android.phone,111,0]
02-13 13:59:11.721 I/wifi_supplicant_state_changed(  206): 2
02-13 13:59:12.712 I/wifi_supplicant_state_changed(  206): 1
02-13 13:59:24.944 I/notification_cancel(  206): [com.android.phone,111,0]
02-13 13:59:27.737 I/wifi_supplicant_state_changed(  206): 2
02-13 13:59:28.698 I/wifi_supplicant_state_changed(  206): 1
02-13 13:59:36.595 I/battery_level(  206): [78,3968,340]
02-13 13:59:43.122 I/binder_sample(  317): [android.content.pm.IPackageManager,10,7,com.android.systemui,1]
02-13 13:59:43.722 I/wifi_supplicant_state_changed(  206): 2
02-13 13:59:44.713 I/wifi_supplicant_state_changed(  206): 1
02-13 13:59:59.728 I/wifi_supplicant_state_changed(  206): 2
02-13 14:00:00.719 I/wifi_supplicant_state_changed(  206): 1
02-13 14:00:03.452 I/binder_sample(  331): [com.android.internal.telephony.ITelephonyRegistry,8,48,com.android.phone,9]
02-13 14:00:13.411 I/binder_sample(  331): [android.os.INetStatService,1,5,com.android.phone,1]
02-13 14:00:15.744 I/wifi_supplicant_state_changed(  206): 2
02-13 14:00:16.744 I/wifi_supplicant_state_changed(  206): 1
02-13 14:00:31.749 I/wifi_supplicant_state_changed(  206): 2
02-13 14:00:32.740 I/wifi_supplicant_state_changed(  206): 1
02-13 14:00:34.812 I/binder_sample(  331): [com.android.internal.telephony.ITelephonyRegistry,8,38,com.android.phone,7]
02-13 14:00:36.584 I/notification_cancel(  206): [com.android.phone,111,0]
02-13 14:00:39.296 I/binder_sample(  331): [com.android.internal.telephony.ITelephonyRegistry,8,53,com.android.phone,10]
02-13 14:00:47.775 I/wifi_supplicant_state_changed(  206): 2
02-13 14:00:48.746 I/wifi_supplicant_state_changed(  206): 1
02-13 14:00:50.567 I/battery_level(  206): [78,3964,350]
02-13 14:01:03.760 I/wifi_supplicant_state_changed(  206): 2
02-13 14:01:04.741 I/wifi_supplicant_state_changed(  206): 1
02-13 14:01:19.766 I/wifi_supplicant_state_changed(  206): 2
02-13 14:01:20.747 I/wifi_supplicant_state_changed(  206): 1
02-13 14:01:35.762 I/wifi_supplicant_state_changed(  206): 2
02-13 14:01:36.572 I/battery_level(  206): [77,3961,350]
02-13 14:01:36.743 I/wifi_supplicant_state_changed(  206): 1
02-13 14:01:43.219 I/notification_cancel(  206): [com.android.phone,111,0]
02-13 14:01:51.767 I/wifi_supplicant_state_changed(  206): 2
02-13 14:01:52.738 I/wifi_supplicant_state_changed(  206): 1
02-13 14:01:53.379 I/notification_cancel(  206): [com.android.phone,111,0]
02-13 14:02:03.619 I/binder_sample(  331): [com.android.internal.telephony.ITelephonyRegistry,6,16,com.android.phone,3]
02-13 14:02:03.629 I/notification_cancel(  206): [com.android.phone,111,0]
02-13 14:02:07.763 I/wifi_supplicant_state_changed(  206): 2
02-13 14:02:08.734 I/wifi_supplicant_state_changed(  206): 1
02-13 14:02:13.839 I/notification_cancel(  206): [com.android.phone,111,0]
02-13 14:02:23.738 I/wifi_supplicant_state_changed(  206): 2
02-13 14:02:24.059 I/notification_cancel(  206): [com.android.phone,111,0]
02-13 14:02:24.119 I/dvm_gc_info(  331): [8099846449757443691,-8944001008270268358,-4003553797978884051,7358131]
02-13 14:02:24.639 I/dvm_gc_info(  317): [8320808730291758689,-8976089430560384972,-4003553797978884051,7898897]
02-13 14:02:24.699 I/wifi_supplicant_state_changed(  206): 1
02-13 14:02:29.184 I/dvm_gc_madvise_info(  331): [352256,135168]
02-13 14:02:29.244 I/notification_cancel(  206): [com.android.phone,111,0]
02-13 14:02:29.694 I/dvm_gc_madvise_info(  317): [389120,135168]
02-13 14:02:34.249 I/binder_sample(  331): [com.android.internal.telephony.ITelephonyRegistry,8,5,com.android.phone,1]
02-13 14:02:34.329 I/binder_sample(  331): [com.android.internal.telephony.ITelephonyRegistry,6,40,com.android.phone,8]
02-13 14:02:34.339 I/notification_cancel(  206): [com.android.phone,111,0]
02-13 14:02:39.734 I/wifi_supplicant_state_changed(  206): 2
02-13 14:02:40.715 I/wifi_supplicant_state_changed(  206): 1
02-13 14:02:49.704 I/notification_cancel(  206): [com.android.phone,111,0]
02-13 14:02:55.740 I/wifi_supplicant_state_changed(  206): 2
02-13 14:02:56.711 I/wifi_supplicant_state_changed(  206): 1
02-13 14:02:58.182 I/binder_sample(  331): [com.android.internal.telephony.ITelephonyRegistry,8,42,com.android.phone,8]
02-13 14:02:59.954 I/notification_cancel(  206): [com.android.phone,111,0]
02-13 14:03:11.735 I/wifi_supplicant_state_changed(  206): 2
02-13 14:03:12.716 I/wifi_supplicant_state_changed(  206): 1
02-13 14:03:25.589 I/notification_cancel(  206): [com.android.phone,111,0]
02-13 14:03:27.741 I/wifi_supplicant_state_changed(  206): 2
02-13 14:03:28.742 I/wifi_supplicant_state_changed(  206): 1
02-13 14:03:39.442 I/notification_cancel(  206): [com.android.phone,111,0]
02-13 14:03:41.144 I/notification_cancel(  206): [com.android.phone,111,0]
02-13 14:03:43.756 I/wifi_supplicant_state_changed(  206): 2
02-13 14:03:44.727 I/wifi_supplicant_state_changed(  206): 1
02-13 14:03:50.563 I/battery_level(  206): [76,3955,360]
02-13 14:03:59.742 I/wifi_supplicant_state_changed(  206): 2
02-13 14:04:00.713 I/wifi_supplicant_state_changed(  206): 1
02-13 14:04:15.728 I/wifi_supplicant_state_changed(  206): 2
02-13 14:04:16.719 I/wifi_supplicant_state_changed(  206): 1
02-13 14:04:31.743 I/wifi_supplicant_state_changed(  206): 2
02-13 14:04:32.734 I/wifi_supplicant_state_changed(  206): 1
02-13 14:04:42.354 I/notification_cancel(  206): [com.android.phone,111,0]
02-13 14:04:47.399 I/notification_cancel(  206): [com.android.phone,111,0]
02-13 14:04:47.749 I/wifi_supplicant_state_changed(  206): 2
02-13 14:04:48.710 I/wifi_supplicant_state_changed(  206): 1
02-13 14:05:03.734 I/wifi_supplicant_state_changed(  206): 2
02-13 14:05:04.725 I/wifi_supplicant_state_changed(  206): 1
02-13 14:05:13.964 I/dvm_gc_info(  374): [7449358886915602062,-8924296728856598462,-4000457573235066835,7358131]
02-13 14:05:14.935 I/google_http_request(  374): [2359,404,AndroidC2DM/1.0,1]
02-13 14:05:15.005 I/am_create_service(  206): [1086834608,com.locationlabs.v3client/.V3ApiService,act=com.locationlabs.v3client.action.CHANGE_PUSH_ID pkg=com.locationlabs.v3client,2039]
02-13 14:05:15.046 I/am_destroy_service(  206): [1086834608,com.locationlabs.v3client/.V3ApiService,2039]
02-13 14:05:17.708 I/dvm_gc_info(  206): [8320808730291746670,-8897831001210611599,-3976250725237950419,8558627]
02-13 14:05:19.009 I/dvm_gc_madvise_info(  374): [638976,135168]
02-13 14:05:19.740 I/wifi_supplicant_state_changed(  206): 2
02-13 14:05:20.721 I/wifi_supplicant_state_changed(  206): 1
02-13 14:05:22.773 I/dvm_gc_madvise_info(  206): [2842624,135168]
02-13 14:05:22.783 I/am_create_service(  206): [1087019328,com.google.android.apps.maps/com.google.googlenav.prefetch.android.PrefetcherService,,1999]
02-13 14:05:32.883 I/am_destroy_service(  206): [1087019328,com.google.android.apps.maps/com.google.googlenav.prefetch.android.PrefetcherService,1999]
02-13 14:05:33.554 I/notification_cancel(  206): [com.android.phone,111,0]
02-13 14:05:35.746 I/wifi_supplicant_state_changed(  206): 2
02-13 14:05:36.587 I/battery_level(  206): [75,3947,360]
02-13 14:05:36.737 I/wifi_supplicant_state_changed(  206): 1
02-13 14:05:51.751 I/wifi_supplicant_state_changed(  206): 2
02-13 14:05:52.732 I/wifi_supplicant_state_changed(  206): 1
02-13 14:05:53.393 I/force_gc( 1999): bg
02-13 14:05:53.473 I/dvm_gc_info( 1999): [3345437233800083002,-9050398824344811460,-4002990848025462739,7358131]
02-13 14:05:58.478 I/dvm_gc_madvise_info( 1999): [294912,135168]
02-13 14:06:04.213 I/notification_cancel(  206): [com.android.phone,111,0]
02-13 14:06:04.264 I/dvm_gc_info(  331): [8099846449757480547,-8956104432268826566,-4003835272955594707,7358131]
02-13 14:06:06.205 I/notification_cancel(  206): [com.android.phone,111,0]
02-13 14:06:07.757 I/wifi_supplicant_state_changed(  206): 2
02-13 14:06:08.718 I/wifi_supplicant_state_changed(  206): 1
02-13 14:06:09.278 I/dvm_gc_madvise_info(  331): [372736,135168]
02-13 14:06:09.348 I/notification_cancel(  206): [com.android.phone,111,0]
02-13 14:06:10.810 I/binder_sample(  317): [com.android.internal.statusbar.IStatusBarService,5,5,com.android.systemui,1]
02-13 14:06:19.008 I/c2dm    (  374): [-7,NULL,9,-1]
02-13 14:06:19.158 I/c2dm    (  374): [8,NULL,4,-1]
02-13 14:06:19.849 I/dvm_gc_info(  317): [8320808730291705452,-8952445532516706252,-4003835272955594707,7898897]
02-13 14:06:23.743 I/wifi_supplicant_state_changed(  206): 2
02-13 14:06:24.734 I/wifi_supplicant_state_changed(  206): 1
02-13 14:06:24.884 I/dvm_gc_madvise_info(  317): [409600,135168]
02-13 14:06:27.026 I/force_gc( 2039): bg
02-13 14:06:27.096 I/dvm_gc_info( 2039): [8517260637557257592,-9055465030311458759,-4003835272955594707,7358131]
02-13 14:06:32.131 I/dvm_gc_madvise_info( 2039): [552960,135168]
02-13 14:06:39.748 I/wifi_supplicant_state_changed(  206): 2
02-13 14:06:40.719 I/wifi_supplicant_state_changed(  206): 1
02-13 14:06:46.655 I/binder_sample(  331): [com.android.internal.telephony.ITelephonyRegistry,8,13,com.android.phone,2]
02-13 14:06:48.917 I/binder_sample(  331): [com.android.internal.telephony.ITelephonyRegistry,8,25,com.android.phone,5]
02-13 14:06:50.689 I/binder_sample(  331): [com.android.internal.telephony.ITelephonyRegistry,13,7,com.android.phone,1]
02-13 14:06:52.320 I/am_create_service(  206): [1083442936,com.android.mms/.transaction.SmsReceiverService,act=android.provider.Telephony.SMS_RECEIVED,1781]
02-13 14:06:52.581 I/notification_cancel(  206): [com.android.mms,999,0]
02-13 14:06:52.661 I/notification_cancel(  206): [com.android.mms,123,0]
02-13 14:06:52.691 I/notification_enqueue(  206): [com.android.mms,123,Notification(vibrate=default,sound=content://settings/system/notification_sound,defaults=0x6,flags=0x1)]
02-13 14:06:52.761 I/am_destroy_service(  206): [1083442936,com.android.mms/.transaction.SmsReceiverService,1781]
02-13 14:06:55.734 I/wifi_supplicant_state_changed(  206): 2
02-13 14:06:56.705 I/wifi_supplicant_state_changed(  206): 1
02-13 14:07:03.131 I/notification_cancel(  206): [com.android.phone,111,0]
02-13 14:07:05.673 I/binder_sample(  331): [com.android.internal.telephony.ITelephonyRegistry,8,19,com.android.phone,3]
02-13 14:07:05.703 I/notification_cancel(  206): [com.android.phone,111,0]
02-13 14:07:10.278 I/binder_sample(  331): [com.android.internal.telephony.ITelephonyRegistry,13,14,com.android.phone,2]
02-13 14:07:10.748 I/notification_cancel(  206): [com.android.phone,111,0]
02-13 14:07:11.719 I/wifi_supplicant_state_changed(  206): 2
02-13 14:07:12.700 I/wifi_supplicant_state_changed(  206): 1
02-13 14:07:15.853 I/notification_cancel(  206): [com.android.phone,111,0]
02-13 14:07:21.018 I/notification_cancel(  206): [com.android.phone,111,0]
02-13 14:07:27.405 I/notification_cancel(  206): [com.android.phone,111,0]
02-13 14:07:27.445 I/dvm_gc_info(  331): [8099846449757480544,-8972429980918040518,-4003553797978884051,7358131]
02-13 14:07:27.725 I/wifi_supplicant_state_changed(  206): 2
02-13 14:07:28.696 I/wifi_supplicant_state_changed(  206): 1
02-13 14:07:31.348 I/notification_cancel(  206): [com.android.phone,111,0]
02-13 14:07:32.460 I/dvm_gc_madvise_info(  331): [380928,135168]
02-13 14:07:35.983 I/binder_sample(  331): [com.android.internal.telephony.ITelephonyRegistry,8,52,com.android.phone,10]
02-13 14:07:36.403 I/notification_cancel(  206): [com.android.phone,111,0]
02-13 14:07:43.701 I/wifi_supplicant_state_changed(  206): 2
02-13 14:07:44.671 I/wifi_supplicant_state_changed(  206): 1
02-13 14:07:46.643 I/notification_cancel(  206): [com.android.phone,111,0]
02-13 14:07:50.567 I/battery_level(  206): [74,3940,360]
02-13 14:07:51.728 I/binder_sample(  331): [com.android.internal.telephony.ITelephonyRegistry,6,32,com.android.phone,6]
02-13 14:07:51.728 I/notification_cancel(  206): [com.android.phone,111,0]
02-13 14:07:59.696 I/wifi_supplicant_state_changed(  206): 2
02-13 14:08:00.677 I/wifi_supplicant_state_changed(  206): 1
02-13 14:08:01.978 I/notification_cancel(  206): [com.android.phone,111,0]
02-13 14:08:02.048 I/dvm_gc_info(  317): [8320808730291668564,-8985941054745257932,-4003553797978884051,7898897]
02-13 14:08:07.083 I/dvm_gc_madvise_info(  317): [413696,135168]
02-13 14:08:13.910 I/configuration_changed(  206): 128
02-13 14:08:14.070 I/binder_sample(  317): [android.view.IWindowSession,4,14,com.android.systemui,2]
02-13 14:08:14.561 I/am_pause_activity(  206): [1085005792,com.google.android.youtube/.app.froyo.phone.WatchActivity]
02-13 14:08:14.561 I/am_task_to_front(  206): 3
02-13 14:08:14.561 I/am_new_intent(  206): [1081773600,3,com.android.launcher/com.android.launcher2.Launcher,android.intent.action.MAIN,NULL,NULL,274726912]
02-13 14:08:15.101 I/am_resume_activity(  206): [1079624600,3,com.android.launcher/com.android.launcher2.Launcher]
02-13 14:08:15.121 I/am_on_paused_called( 2404): com.google.android.youtube.app.froyo.phone.WatchActivity
02-13 14:08:15.121 I/am_failed_to_pause(  206): [1085005792,com.google.android.youtube/.app.froyo.phone.WatchActivity,(none)]
02-13 14:08:15.151 I/am_on_resume_called(  900): com.android.launcher2.Launcher
02-13 14:08:15.201 I/am_kill (  206): [678,com.android.settings,14,too many background]
02-13 14:08:15.211 I/am_proc_died(  206): [678,com.android.settings]
02-13 14:08:15.211 I/am_schedule_service_restart(  206): [com.android.qualcomm/.DunService,5000]
02-13 14:08:15.682 I/wifi_supplicant_state_changed(  206): 2
02-13 14:08:16.272 I/dvm_gc_info(  206): [8320808730292193050,-8905993775535224720,-3976532200214661075,8558627]
02-13 14:08:16.673 I/wifi_supplicant_state_changed(  206): 1
02-13 14:08:18.474 I/notification_cancel(  206): [com.android.mms,789,0]
02-13 14:08:18.545 I/notification_cancel(  206): [com.android.mms,531,0]
02-13 14:08:18.545 I/notification_cancel(  206): [com.android.mms,999,0]
02-13 14:08:18.555 I/notification_cancel(  206): [com.android.mms,123,0]
02-13 14:08:19.425 I/power_sleep_requested(  206): 0
02-13 14:08:19.646 I/power_screen_state(  206): [0,2,0,0]
02-13 14:08:19.666 I/power_screen_broadcast_send(  206): 1
02-13 14:08:19.666 I/screen_toggled(  206): 0
02-13 14:08:19.706 I/am_pause_activity(  206): [1079624600,com.android.launcher/com.android.launcher2.Launcher]
02-13 14:08:19.716 I/am_on_paused_called(  900): com.android.launcher2.Launcher
02-13 14:08:19.776 I/power_screen_broadcast_done(  206): [0,114,1]
02-13 14:08:19.896 I/dvm_gc_info(  206): [8320808730291881556,-8953000096645904272,-3976532200214661075,8558633]
02-13 14:08:19.946 I/am_create_service(  206): [1086150064,com.google.android.gsf/.loginservice.GoogleLoginService,act=android.accounts.AccountAuthenticator,374]
02-13 14:08:19.996 I/am_destroy_service(  206): [1086150064,com.google.android.gsf/.loginservice.GoogleLoginService,374]
02-13 14:08:20.236 I/am_proc_start(  206): [2751,1000,com.android.settings,service,com.android.qualcomm/.DunService]
02-13 14:08:20.266 I/dvm_gc_madvise_info( 2751): [372736,135168]
02-13 14:08:20.276 I/am_proc_bound(  206): [2751,com.android.settings]
02-13 14:08:20.276 I/am_create_service(  206): [1086691840,com.android.qualcomm/.DunService,,2751]
02-13 14:08:22.620 I/power_screen_state(  206): [1,3,0,0]
02-13 14:08:22.620 I/power_screen_broadcast_send(  206): 1
02-13 14:08:22.620 I/screen_toggled(  206): 1
02-13 14:08:22.620 I/am_resume_activity(  206): [1079624600,3,com.android.launcher/com.android.launcher2.Launcher]
02-13 14:08:22.640 I/am_on_resume_called(  900): com.android.launcher2.Launcher
02-13 14:08:22.710 I/power_screen_broadcast_done(  206): [1,98,1]
02-13 14:08:22.760 I/notification_cancel(  206): [com.android.phone,111,0]
02-13 14:08:23.990 I/screen_toggled(  206): 2
02-13 14:08:25.031 I/menu_opened(  900): 0
02-13 14:08:25.602 I/menu_item_selected(  900): [0,Settings]
02-13 14:08:25.602 I/am_create_task(  206): 18
02-13 14:08:25.602 I/am_create_activity(  206): [1083466952,18,com.android.settings/.Settings,android.settings.SETTINGS,NULL,NULL,270532608]
02-13 14:08:25.602 I/am_pause_activity(  206): [1079624600,com.android.launcher/com.android.launcher2.Launcher]
02-13 14:08:25.622 I/am_on_paused_called(  900): com.android.launcher2.Launcher
02-13 14:08:25.642 I/am_restart_activity(  206): [1083466952,18,com.android.settings/.Settings]
02-13 14:08:25.962 I/am_on_resume_called( 2751): com.android.settings.Settings
02-13 14:08:26.052 I/activity_launch_time(  206): [1083466952,com.android.settings/.Settings,416,416]
02-13 14:08:26.793 I/dvm_gc_madvise_info(  206): [2859008,135168]
02-13 14:08:27.624 I/am_create_activity(  206): [1085048456,18,com.android.settings/.ApplicationSettings,android.intent.action.MAIN,NULL,NULL,0]
02-13 14:08:27.634 I/am_pause_activity(  206): [1083466952,com.android.settings/.Settings]
02-13 14:08:27.644 I/am_on_paused_called( 2751): com.android.settings.Settings
02-13 14:08:27.644 I/am_restart_activity(  206): [1085048456,18,com.android.settings/.ApplicationSettings]
02-13 14:08:27.684 I/dvm_gc_info( 2751): [8315180330336237106,-9031259282027411406,-4006087072769279955,7358194]
02-13 14:08:27.714 I/am_on_resume_called( 2751): com.android.settings.ApplicationSettings
02-13 14:08:27.984 I/activity_launch_time(  206): [1085048456,com.android.settings/.ApplicationSettings,340,340]
02-13 14:08:28.735 I/binder_sample(  331): [com.android.internal.telephony.ITelephonyRegistry,6,30,com.android.phone,6]
02-13 14:08:28.745 I/notification_cancel(  206): [com.android.phone,111,0]
02-13 14:08:29.776 I/backup_data_changed(  206): com.android.providers.settings
02-13 14:08:30.376 I/am_create_activity(  206): [1085635480,18,com.android.settings/.DevelopmentSettings,android.intent.action.MAIN,NULL,NULL,0]
02-13 14:08:30.376 I/am_pause_activity(  206): [1085048456,com.android.settings/.ApplicationSettings]
02-13 14:08:30.386 I/am_on_paused_called( 2751): com.android.settings.ApplicationSettings
02-13 14:08:30.406 I/am_restart_activity(  206): [1085635480,18,com.android.settings/.DevelopmentSettings]
02-13 14:08:30.406 I/binder_sample( 2751): [android.app.IActivityManager,19,20,com.android.settings,4]
02-13 14:08:30.417 I/am_on_resume_called( 2751): com.android.settings.DevelopmentSettings
02-13 14:08:30.667 I/activity_launch_time(  206): [1085635480,com.android.settings/.DevelopmentSettings,270,270]
02-13 14:08:32.699 I/dvm_gc_madvise_info( 2751): [147456,135168]
02-13 14:08:33.059 I/backup_data_changed(  206): com.android.providers.settings
02-13 14:08:33.520 I/wifi_supplicant_state_changed(  206): 2
02-13 14:08:34.510 I/wifi_supplicant_state_changed(  206): 1
02-13 14:08:34.691 I/backup_data_changed(  206): com.android.providers.settings
02-13 14:08:36.262 I/am_pause_activity(  206): [1085635480,com.android.settings/.DevelopmentSettings]
02-13 14:08:36.262 I/am_task_to_front(  206): 3
02-13 14:08:36.262 I/am_new_intent(  206): [1086643576,3,com.android.launcher/com.android.launcher2.Launcher,android.intent.action.MAIN,NULL,NULL,274726912]
02-13 14:08:36.272 I/am_on_paused_called( 2751): com.android.settings.DevelopmentSettings
02-13 14:08:36.282 I/am_resume_activity(  206): [1079624600,3,com.android.launcher/com.android.launcher2.Launcher]
02-13 14:08:36.282 I/am_on_resume_called(  900): com.android.launcher2.Launcher
02-13 14:08:39.535 I/am_create_task(  206): 19
02-13 14:08:39.535 I/am_create_activity(  206): [1086687896,19,com.google.android.googlequicksearchbox/.SearchActivity,android.search.action.GLOBAL_SEARCH,NULL,NULL,268435456]
02-13 14:08:39.545 I/am_pause_activity(  206): [1079624600,com.android.launcher/com.android.launcher2.Launcher]
02-13 14:08:39.555 I/am_on_paused_called(  900): com.android.launcher2.Launcher
02-13 14:08:39.565 I/configuration_changed(  206): 128
02-13 14:08:39.615 I/am_restart_activity(  206): [1086687896,19,com.google.android.googlequicksearchbox/.SearchActivity]
02-13 14:08:39.836 I/am_on_resume_called( 1762): com.google.android.googlequicksearchbox.SearchActivity
02-13 14:08:39.856 I/binder_sample(  900): [android.app.IActivityManager,19,294,com.android.launcher,58]
02-13 14:08:39.866 I/activity_launch_time(  206): [1086687896,com.google.android.googlequicksearchbox/.SearchActivity,306,306]
02-13 14:08:40.006 I/dvm_gc_info( 1762): [7453298398305773119,-9011837302425569228,-4004116747932305363,7358185]
02-13 14:08:40.236 I/db_sample( 1762): [/data/data/com.google.android.googlequicksearchbox/databases/qsb-log.db,SELECT shortcuts.intent_key, shortcuts.source, shortcuts.source_,0,,1]
02-13 14:08:40.266 I/configuration_changed(  206): 128
02-13 14:08:40.286 I/am_relaunch_resume_activity(  206): [1086687896,19,com.google.android.googlequicksearchbox/.SearchActivity]
02-13 14:08:40.366 I/am_on_paused_called( 1762): com.google.android.googlequicksearchbox.SearchActivity
02-13 14:08:40.426 I/dvm_gc_info(  326): [7809651225003267640,-9000015147178207181,-3998487248398092243,8546342]
02-13 14:08:40.476 I/dvm_gc_info( 1762): [7453298398306031084,-9043925449770575819,-4004116747932305363,7358189]
02-13 14:08:40.536 I/am_on_resume_called( 1762): com.google.android.googlequicksearchbox.SearchActivity
02-13 14:08:40.566 I/binder_sample( 1762): [android.view.IWindowSession,4,7,com.google.android.googlequicksearchbox,1]
02-13 14:08:41.087 I/binder_sample( 1762): [android.app.IActivityManager,18,19,com.google.android.googlequicksearchbox,3]
02-13 14:08:41.457 I/dvm_gc_info(  331): [8099846449757554269,-8976933580545406918,-4003553797978884051,7358131]
02-13 14:08:42.749 I/dvm_gc_info(  206): [8320808730292078244,-8921193424277596046,-3972591550540711891,8603694]
02-13 14:08:42.779 I/am_finish_activity(  206): [1086687896,19,com.google.android.googlequicksearchbox/.SearchActivity,app-request]
02-13 14:08:42.789 I/am_pause_activity(  206): [1086687896,com.google.android.googlequicksearchbox/.SearchActivity]
02-13 14:08:42.789 I/am_on_paused_called( 1762): com.google.android.googlequicksearchbox.SearchActivity
02-13 14:08:42.809 I/am_resume_activity(  206): [1079624600,3,com.android.launcher/com.android.launcher2.Launcher]
02-13 14:08:42.819 I/binder_sample( 1762): [android.app.IActivityManager,19,23,com.google.android.googlequicksearchbox,4]
02-13 14:08:42.829 I/binder_sample(  900): [com.android.internal.appwidget.IAppWidgetService,1,14,com.android.launcher,2]
02-13 14:08:42.829 I/am_on_resume_called(  900): com.android.launcher2.Launcher
02-13 14:08:42.909 I/am_destroy_activity(  206): [1086687896,19,com.google.android.googlequicksearchbox/.SearchActivity]
02-13 14:08:45.461 I/dvm_gc_madvise_info(  326): [270336,135168]
02-13 14:08:45.511 I/dvm_gc_madvise_info( 1762): [151552,135168]
02-13 14:08:46.502 I/dvm_gc_madvise_info(  331): [376832,135168]
02-13 14:08:47.813 I/dvm_gc_madvise_info(  206): [2859008,135168]
02-13 14:08:49.535 I/wifi_supplicant_state_changed(  206): 2
02-13 14:08:50.056 I/am_pause_activity(  206): [1079624600,com.android.launcher/com.android.launcher2.Launcher]
02-13 14:08:50.056 I/am_task_to_front(  206): 17
02-13 14:08:50.076 I/am_on_paused_called(  900): com.android.launcher2.Launcher
02-13 14:08:50.076 I/am_resume_activity(  206): [1085005792,17,com.google.android.youtube/.app.froyo.phone.WatchActivity]
02-13 14:08:50.116 I/am_on_resume_called( 2404): com.google.android.youtube.app.froyo.phone.WatchActivity
02-13 14:08:50.156 I/db_sample( 2404): [/data/data/com.google.android.youtube/databases/google_analytics.db,COMMIT;SELECT event_id FROM events ORDER BY event_id DESC,43,,9]
02-13 14:08:50.496 I/wifi_supplicant_state_changed(  206): 1
02-13 14:08:51.347 I/am_create_service(  206): [1087450520,com.android.mms/.transaction.SmsReceiverService,act=android.provider.Telephony.SMS_RECEIVED,1781]
02-13 14:08:51.417 I/content_update_sample( 1781): [content://sms/inbox,insert,,30,,7]
02-13 14:08:51.457 I/notification_cancel(  206): [com.android.mms,999,0]
02-13 14:08:51.507 I/notification_cancel(  206): [com.android.mms,123,0]
02-13 14:08:51.507 I/notification_enqueue(  206): [com.android.mms,123,Notification(vibrate=default,sound=content://settings/system/notification_sound,defaults=0x6,flags=0x1)]
02-13 14:08:51.577 I/am_destroy_service(  206): [1087450520,com.android.mms/.transaction.SmsReceiverService,1781]
02-13 14:08:52.388 I/battery_level(  206): [74,3936,370]
02-13 14:09:02.718 I/configuration_changed(  206): 128
02-13 14:09:05.080 I/dvm_gc_info(  206): [8320808730292090458,-8947370597111691152,-3974280400400975827,8603689]
02-13 14:09:05.521 I/wifi_supplicant_state_changed(  206): 2
02-13 14:09:06.482 I/wifi_supplicant_state_changed(  206): 1
02-13 14:09:10.165 I/dvm_gc_madvise_info(  206): [2859008,135168]
02-13 14:09:12.838 I/am_create_service(  206): [1087354320,com.google.android.googlequicksearchbox/.SearchHistoryRefresher$RefreshService,act=com.google.android.googlequicksearchbox.REFRESH_SEARCH_HISTORY,1762]
02-13 14:09:13.959 I/am_destroy_service(  206): [1087354320,com.google.android.googlequicksearchbox/.SearchHistoryRefresher$RefreshService,1762]
02-13 14:09:21.496 I/wifi_supplicant_state_changed(  206): 2
02-13 14:09:22.407 I/battery_level(  206): [73,3934,370]
02-13 14:09:22.487 I/wifi_supplicant_state_changed(  206): 1
02-13 14:09:29.714 I/force_gc( 1762): bg
02-13 14:09:29.814 I/dvm_gc_info( 1762): [7453298398306113088,-8994948666333624266,-4002709373048752083,7943968]
02-13 14:09:34.849 I/dvm_gc_madvise_info( 1762): [233472,135168]
02-13 14:09:36.431 I/force_gc(  900): bg
02-13 14:09:36.511 I/dvm_gc_info(  900): [7809652345805289001,-9021407245223606218,-3989198574166640595,8632373]
02-13 14:09:37.492 I/wifi_supplicant_state_changed(  206): 2
02-13 14:09:38.473 I/wifi_supplicant_state_changed(  206): 1
02-13 14:09:41.566 I/dvm_gc_madvise_info(  900): [278528,135168]
02-13 14:09:52.156 I/force_gc(  685): bg
02-13 14:09:52.226 I/dvm_gc_info(  685): [8299681605908456492,-9153419696848127954,-4006931497699411923,7358131]
02-13 14:09:52.396 I/battery_level(  206): [73,3931,360]
02-13 14:09:53.488 I/wifi_supplicant_state_changed(  206): 2
02-13 14:09:54.469 I/wifi_supplicant_state_changed(  206): 1
02-13 14:09:56.180 I/dvm_gc_info(  317): [8320808730291787348,-8972148780886419403,-4002709373048752083,7898926]
02-13 14:09:57.241 I/dvm_gc_madvise_info(  685): [274432,135168]
02-13 14:10:01.235 I/dvm_gc_madvise_info(  317): [417792,135168]
02-13 14:10:09.493 I/wifi_supplicant_state_changed(  206): 2
02-13 14:10:10.484 I/wifi_supplicant_state_changed(  206): 1
02-13 14:10:16.770 I/force_gc( 1781): bg
02-13 14:10:16.840 I/dvm_gc_info( 1781): [7218827569570006593,-8979748742730139596,-4003272323002173395,7898910]
02-13 14:10:21.405 I/notification_cancel(  206): [com.android.phone,111,0]
02-13 14:10:21.905 I/dvm_gc_madvise_info( 1781): [294912,135168]
02-13 14:10:25.499 I/wifi_supplicant_state_changed(  206): 2
02-13 14:10:26.480 I/wifi_supplicant_state_changed(  206): 1
02-13 14:10:26.540 I/notification_cancel(  206): [com.android.phone,111,0]
02-13 14:10:41.384 I/force_gc(  402): bg
02-13 14:10:41.474 I/dvm_gc_info(  402): [7017575181485192741,-9028723807743862724,-3996235448584406995,8521679]
02-13 14:10:41.494 I/wifi_supplicant_state_changed(  206): 2
02-13 14:10:42.465 I/wifi_supplicant_state_changed(  206): 1
02-13 14:10:46.379 I/force_gc( 2039): bg
02-13 14:10:46.439 I/dvm_gc_info( 2039): [8517260637557093521,-9065598129473042375,-4003835272955594707,7358131]
02-13 14:10:46.489 I/dvm_gc_madvise_info(  402): [823296,135168]
02-13 14:10:51.504 I/dvm_gc_madvise_info( 2039): [552960,135168]
02-13 14:10:52.405 I/battery_level(  206): [72,3925,360]
02-13 14:10:57.470 I/wifi_supplicant_state_changed(  206): 2
02-13 14:10:58.441 I/wifi_supplicant_state_changed(  206): 1
02-13 14:11:13.476 I/wifi_supplicant_state_changed(  206): 2
02-13 14:11:14.457 I/wifi_supplicant_state_changed(  206): 1
02-13 14:11:23.635 I/binder_sample(  331): [android.os.INetStatService,1,5,com.android.phone,1]
02-13 14:11:29.461 I/wifi_supplicant_state_changed(  206): 2
02-13 14:11:30.432 I/wifi_supplicant_state_changed(  206): 1
02-13 14:11:45.457 I/wifi_supplicant_state_changed(  206): 2
02-13 14:11:46.438 I/wifi_supplicant_state_changed(  206): 1
02-13 14:11:52.404 I/battery_level(  206): [71,3920,360]
02-13 14:12:01.442 I/wifi_supplicant_state_changed(  206): 2
02-13 14:12:02.413 I/wifi_supplicant_state_changed(  206): 1
02-13 14:12:17.438 I/wifi_supplicant_state_changed(  206): 2
02-13 14:12:18.409 I/wifi_supplicant_state_changed(  206): 1
02-13 14:12:32.052 I/menu_opened( 2404): 0
02-13 14:12:33.424 I/wifi_supplicant_state_changed(  206): 2
02-13 14:12:34.415 I/wifi_supplicant_state_changed(  206): 1
02-13 14:12:44.404 I/am_finish_activity(  206): [1085005792,17,com.google.android.youtube/.app.froyo.phone.WatchActivity,app-request]
02-13 14:12:44.414 I/am_pause_activity(  206): [1085005792,com.google.android.youtube/.app.froyo.phone.WatchActivity]
02-13 14:12:44.945 I/am_resume_activity(  206): [1082333824,17,com.google.android.youtube/.app.froyo.phone.MyChannelActivity]
02-13 14:12:49.419 I/wifi_supplicant_state_changed(  206): 2
02-13 14:12:49.880 I/notification_cancel(  206): [com.android.phone,111,0]
02-13 14:12:50.090 I/am_destroy_activity(  206): [1085005792,17,com.google.android.youtube/.app.froyo.phone.WatchActivity]
02-13 14:12:50.400 I/wifi_supplicant_state_changed(  206): 1
02-13 14:12:53.063 I/binder_sample(  331): [com.android.internal.telephony.ITelephonyRegistry,8,28,com.android.phone,5]
02-13 14:12:54.985 I/configuration_changed(  206): 128
02-13 14:12:57.257 I/dvm_gc_info(  206): [8320808730292233906,-8918097199533778831,-3973998925424265171,8603689]
02-13 14:13:00.070 I/notification_cancel(  206): [com.android.phone,111,0]
02-13 14:13:02.272 I/dvm_gc_madvise_info(  206): [2859008,135168]
02-13 14:13:05.405 I/wifi_supplicant_state_changed(  206): 2
02-13 14:13:05.865 I/am_on_paused_called( 2404): com.google.android.youtube.app.froyo.phone.WatchActivity
02-13 14:13:05.935 I/am_on_resume_called( 2404): com.google.android.youtube.app.froyo.phone.MyChannelActivity
02-13 14:13:06.216 I/binder_sample( 2404): [com.android.internal.view.IInputMethodSession,6,15,com.google.android.youtube,3]
02-13 14:13:06.226 I/am_finish_activity(  206): [1082333824,17,com.google.android.youtube/.app.froyo.phone.MyChannelActivity,app-request]
02-13 14:13:06.236 I/am_pause_activity(  206): [1082333824,com.google.android.youtube/.app.froyo.phone.MyChannelActivity]
02-13 14:13:06.276 I/am_on_paused_called( 2404): com.google.android.youtube.app.froyo.phone.MyChannelActivity
02-13 14:13:06.276 I/am_resume_activity(  206): [1081200528,17,com.google.android.youtube/.app.froyo.phone.HomeActivity]
02-13 14:13:06.296 I/am_on_resume_called( 2404): com.google.android.youtube.app.froyo.phone.HomeActivity
02-13 14:13:06.336 I/am_finish_activity(  206): [1081200528,17,com.google.android.youtube/.app.froyo.phone.HomeActivity,app-request]
02-13 14:13:06.336 I/am_pause_activity(  206): [1081200528,com.google.android.youtube/.app.froyo.phone.HomeActivity]
02-13 14:13:06.336 I/am_on_paused_called( 2404): com.google.android.youtube.app.froyo.phone.HomeActivity
02-13 14:13:06.346 I/am_resume_activity(  206): [1079624600,3,com.android.launcher/com.android.launcher2.Launcher]
02-13 14:13:06.366 I/wifi_supplicant_state_changed(  206): 1
02-13 14:13:06.376 I/am_on_resume_called(  900): com.android.launcher2.Launcher
02-13 14:13:06.426 I/binder_sample( 2404): [android.view.IWindowSession,4,15,com.google.android.youtube,3]
02-13 14:13:06.426 I/am_destroy_activity(  206): [1082333824,17,com.google.android.youtube/.app.froyo.phone.MyChannelActivity]
02-13 14:13:06.426 I/am_destroy_activity(  206): [1081200528,17,com.google.android.youtube/.app.froyo.phone.HomeActivity]
02-13 14:13:06.426 I/am_kill (  206): [1615,com.android.defcontainer,14,too many background]
02-13 14:13:06.496 I/binder_sample( 2404): [android.view.IWindowSession,4,28,com.google.android.youtube,5]
02-13 14:13:06.506 I/am_proc_died(  206): [1615,com.android.defcontainer]
02-13 14:13:06.776 I/db_sample( 2404): [/data/data/com.google.android.youtube/databases/google_analytics.db,COMMIT;SELECT event_id FROM events ORDER BY event_id DESC,836,,100]
02-13 14:13:09.579 I/am_create_task(  206): 20
02-13 14:13:09.579 I/am_create_activity(  206): [1080584552,20,com.google.android.youtube/.app.froyo.phone.HomeActivity,android.intent.action.MAIN,NULL,NULL,270532608]
02-13 14:13:09.579 I/am_pause_activity(  206): [1079624600,com.android.launcher/com.android.launcher2.Launcher]
02-13 14:13:09.629 I/am_on_paused_called(  900): com.android.launcher2.Launcher
02-13 14:13:09.629 I/am_restart_activity(  206): [1080584552,20,com.google.android.youtube/.app.froyo.phone.HomeActivity]
02-13 14:13:09.779 I/dvm_gc_info( 2404): [8750341744044083154,-8889671663665797014,-3975124825331107795,8595506]
02-13 14:13:09.799 I/am_on_resume_called( 2404): com.google.android.youtube.app.froyo.phone.HomeActivity
02-13 14:13:09.839 I/binder_sample( 2404): [android.view.IWindowSession,8,16,com.google.android.youtube,3]
02-13 14:13:09.859 I/db_sample( 2404): [/data/data/com.google.android.youtube/databases/google_analytics.db,COMMIT;SELECT event_id FROM events ORDER BY event_id DESC,65,,14]
02-13 14:13:09.969 I/activity_launch_time(  206): [1080584552,com.google.android.youtube/.app.froyo.phone.HomeActivity,342,342]
02-13 14:13:14.804 I/dvm_gc_madvise_info( 2404): [651264,135168]
02-13 14:13:16.135 I/dvm_gc_info( 2404): [8750341744043833305,-8895301025710696339,-3973154500494133203,8620077]
02-13 14:13:16.676 I/dvm_gc_info( 2404): [8750341744043816942,-8892486069768365970,-3973717450447554515,8603689]
02-13 14:13:17.597 I/dvm_gc_info( 2404): [8750341744044263053,-8935270197475309456,-3972873025517422547,8603690]
02-13 14:13:18.087 I/dvm_gc_info( 2404): [8750341744044189432,-8923166636037896086,-3975969250261239763,8575013]
02-13 14:13:20.439 I/force_gc(  900): bg
02-13 14:13:20.510 I/dvm_gc_info(  900): [7809652345805248037,-9030695919471851466,-3989761524120061907,8632373]
02-13 14:13:21.380 I/wifi_supplicant_state_changed(  206): 2
02-13 14:13:22.371 I/wifi_supplicant_state_changed(  206): 1
02-13 14:13:22.391 I/battery_level(  206): [70,3914,360]
02-13 14:13:22.832 I/am_create_service(  206): [1086744120,com.android.mms/.transaction.SmsReceiverService,act=android.provider.Telephony.SMS_RECEIVED,1781]
02-13 14:13:22.932 I/content_query_sample( 1781): [content://sms,thread_id/date/address/subject/body/dest_port,(type = 1 AND seen = 0),date desc,5,,2]
02-13 14:13:22.942 I/notification_cancel(  206): [com.android.mms,999,0]
02-13 14:13:23.002 I/notification_cancel(  206): [com.android.mms,123,0]
02-13 14:13:23.012 I/notification_enqueue(  206): [com.android.mms,123,Notification(vibrate=default,sound=content://settings/system/notification_sound,defaults=0x6,flags=0x1)]
02-13 14:13:23.062 I/am_destroy_service(  206): [1086744120,com.android.mms/.transaction.SmsReceiverService,1781]
02-13 14:13:23.102 I/dvm_gc_madvise_info( 2404): [225280,135168]
02-13 14:13:24.473 I/dvm_gc_info(  331): [8099846449757529688,-8976370630591973317,-4003272323002173395,7358131]
02-13 14:13:25.544 I/dvm_gc_madvise_info(  900): [278528,135168]
