02-13 13:21:01.668 I/dvm_gc_madvise_info(  374): [192512,135168]
02-13 13:21:01.688 I/content_update_sample(  597): [content://com.sprint.zone.provider.ZoneProvider/strings_tbl,insert,,50,,11]
02-13 13:21:02.498 I/db_sample(  478): [/data/data/com.android.providers.media/databases/internal.db,INSERT INTO audio_meta(album_artist, date_modified, track, is_ri,224,,45]
02-13 13:21:02.498 I/db_sample(  597): [/data/data/com.sprint.zone/databases/zone.db,INSERT INTO strings_tbl(id, value, name) VALUES(?, ?, ?);,229,,46]
02-13 13:21:02.518 I/content_update_sample(  597): [content://com.sprint.zone.provider.ZoneProvider/strings_tbl,insert,,249,,50]
02-13 13:21:02.578 I/dvm_gc_info(  341): [8517260637557200486,-8973274955704719306,-4004679697885726675,7358131]
02-13 13:21:02.839 I/db_sample(  374): [/data/data/com.google.android.gsf/databases/gservices.db,INSERT INTO main (name, value) VALUES (?, ?),0,,1]
02-13 13:21:03.099 I/db_sample(  597): [/data/data/com.sprint.zone/databases/zone.db,INSERT INTO strings_tbl(id, value, name) VALUES(?, ?, ?);,236,,48]
02-13 13:21:03.119 I/db_sample(  478): [/data/data/com.android.providers.media/databases/internal.db,INSERT INTO audio_meta(album_artist, date_modified, track, is_ri,252,,51]
02-13 13:21:03.119 I/dvm_gc_madvise_info(  854): [335872,135168]
02-13 13:21:03.409 I/dvm_gc_madvise_info(  407): [180224,135168]
02-13 13:21:03.439 I/content_update_sample(  597): [content://com.sprint.zone.provider.ZoneProvider/strings_tbl,insert,,40,,9]
02-13 13:21:03.559 I/dvm_gc_info(  402): [7017575181484914216,-9033510600569759687,-3997361348491249619,8521680]
02-13 13:21:03.670 I/content_update_sample(  597): [content://com.sprint.zone.provider.ZoneProvider/strings_tbl,insert,,123,,25]
02-13 13:21:04.080 I/db_sample(  597): [/data/data/com.sprint.zone/databases/zone.db,INSERT INTO strings_tbl(id, value, name) VALUES(?, ?, ?);,125,,26]
02-13 13:21:04.290 I/dvm_gc_info(  341): [8517260637557196420,-8980593167660267467,-4004961172862437331,7358131]
02-13 13:21:04.340 I/am_destroy_service(  206): [1083742432,com.sprint.ce.updater/.UpdaterService,669]
02-13 13:21:04.440 I/db_sample(  597): [/data/data/com.sprint.zone/databases/zone.db,INSERT INTO strings_tbl(id, value, name) VALUES(?, ?, ?);,223,,45]
02-13 13:21:04.500 I/content_update_sample(  597): [content://com.sprint.zone.provider.ZoneProvider/strings_tbl,insert,,290,,59]
02-13 13:21:04.640 I/dvm_gc_info(  478): [7882817126543726185,-8946253701621835727,-4006087072769279955,7358131]
02-13 13:21:04.731 I/am_create_service(  206): [1083604816,com.locationlabs.v3client/.AccountService,act=com.locationlabs.action.GET_ACCOUNT pkg=com.locationlabs.v3client,341]
02-13 13:21:04.761 I/content_query_sample(  402): [content://com.android.contacts/contacts/dailkey_filter/*983*,display_name/data1/data2/dialer_number_full/dialer_number_header/_id,mode_id<>24 AND mode_id<>8,sort_key,210,,43]
02-13 13:21:04.781 I/db_sample(  597): [/data/data/com.sprint.zone/databases/zone.db,INSERT INTO strings_tbl(id, value, name) VALUES(?, ?, ?);,87,,18]
02-13 13:21:04.911 I/db_sample(  374): [/data/data/com.google.android.gsf/databases/gservices.db,INSERT OR REPLACE INTO saved_secure (name, value) VALUES (?, ?),142,,29]
02-13 13:21:04.971 I/content_update_sample(  597): [content://com.sprint.zone.provider.ZoneProvider/strings_tbl,insert,,172,,35]
02-13 13:21:04.971 I/dvm_gc_info(  341): [8517260637557065314,-9034354888211998667,-4004961172862437331,7358131]
02-13 13:21:05.071 I/content_update_sample(  597): [content://com.sprint.zone.provider.ZoneProvider/strings_tbl,insert,,100,,21]
02-13 13:21:05.121 I/content_update_sample(  597): [content://com.sprint.zone.provider.ZoneProvider/strings_tbl,insert,,51,,11]
02-13 13:21:05.261 I/dvm_gc_info(  341): [8517260637557044809,-9067568935463856075,-4004961172862437331,7358131]
02-13 13:21:05.271 I/binder_sample(  341): [android.app.IActivityManager,34,479,com.locationlabs.v3client,95]
02-13 13:21:05.281 I/am_create_service(  206): [1083909024,com.locationlabs.v3client/.RadioSignalService,pkg=com.locationlabs.v3client,341]
02-13 13:21:05.281 I/am_create_service(  206): [1079489856,com.locationlabs.v3client/.HeartbeatService,act=com.locationlabs.v3client.action.ACTION_UPDATE_HEARTBEAT pkg=com.locationlabs.v3client,341]
02-13 13:21:05.281 I/am_create_service(  206): [1079753088,com.locationlabs.v3client/.GpsStateService,act=com.locationlabs.action.TURN_OFF_GPS_DETECTION pkg=com.locationlabs.v3client,341]
02-13 13:21:05.301 I/am_create_service(  206): [1085338400,com.locationlabs.v3client/.FeatureService,act=com.locationlabs.v3client.action.RESTART pkg=com.locationlabs.v3client,341]
02-13 13:21:05.341 I/backup_data_changed(  206): com.android.providers.settings
02-13 13:21:05.341 I/am_destroy_service(  206): [1079753088,com.locationlabs.v3client/.GpsStateService,341]
02-13 13:21:05.351 I/content_update_sample(  374): [content://settings/secure,insert,,439,,88]
02-13 13:21:05.401 I/dvm_gc_madvise_info(  489): [552960,135168]
02-13 13:21:05.461 I/am_destroy_service(  206): [1083604816,com.locationlabs.v3client/.AccountService,341]
02-13 13:21:05.491 I/dvm_gc_info(  854): [7234300953690846249,-9186915219076704210,-4006931497699411923,7358131]
02-13 13:21:05.501 I/am_destroy_service(  206): [1079489856,com.locationlabs.v3client/.HeartbeatService,341]
02-13 13:21:05.541 I/am_proc_start(  206): [890,1000,com.zte.emode,broadcast,com.zte.emode/.MatchingReceiver]
02-13 13:21:05.541 I/am_destroy_service(  206): [1085338400,com.locationlabs.v3client/.FeatureService,341]
02-13 13:21:05.551 I/dvm_gc_madvise_info(  890): [372736,135168]
02-13 13:21:05.571 I/am_proc_bound(  206): [890,com.zte.emode]
02-13 13:21:05.601 I/am_create_task(  206): 6
02-13 13:21:05.601 I/am_create_activity(  206): [1081395328,6,com.zte.emode/.EmodeSubmenu,NULL,NULL,NULL,276824064]
02-13 13:21:05.611 I/am_pause_activity(  206): [1081220176,com.android.contacts/.DialtactsActivity]
02-13 13:21:05.621 I/am_on_paused_called(  402): com.android.contacts.smartdialer.DialerApp
02-13 13:21:05.621 I/am_kill (  206): [669,com.sprint.ce.updater,12,too many background]
02-13 13:21:05.621 I/am_on_paused_called(  402): com.android.contacts.DialtactsActivity
02-13 13:21:05.621 I/am_proc_died(  206): [669,com.sprint.ce.updater]
02-13 13:21:05.631 I/db_sample(  374): [/data/data/com.google.android.gsf/databases/gservices.db,INSERT OR REPLACE INTO saved_secure (name, value) VALUES (?, ?),230,,47]
02-13 13:21:05.631 I/am_restart_activity(  206): [1081395328,6,com.zte.emode/.EmodeSubmenu]
02-13 13:21:05.712 I/db_sample(  478): [/data/data/com.android.providers.media/databases/internal.db,INSERT INTO audio_meta(album_artist, date_modified, track, is_ri,302,,61]
02-13 13:21:05.712 I/dvm_gc_madvise_info(  597): [360448,135168]
02-13 13:21:05.712 I/db_sample(  597): [/data/data/com.sprint.zone/databases/zone.db,INSERT INTO strings_tbl(id, value, name) VALUES(?, ?, ?);,276,,56]
02-13 13:21:05.712 I/dvm_gc_info(  341): [8517260637557024368,-9016340489702500298,-4004679697885726675,7358131]
02-13 13:21:05.792 I/am_on_resume_called(  890): com.zte.emode.EmodeSubmenu
02-13 13:21:05.792 I/content_update_sample(  597): [content://com.sprint.zone.provider.ZoneProvider/strings_tbl,insert,,564,,100]
02-13 13:21:05.902 I/activity_launch_time(  206): [1081395328,com.zte.emode/.EmodeSubmenu,271,271]
02-13 13:21:05.922 I/db_sample(  206): [/data/data/com.android.providers.settings/databases/settings.db,INSERT INTO secure(value, name) VALUES(?, ?);,137,,28]
02-13 13:21:05.922 I/backup_data_changed(  206): com.android.providers.settings
02-13 13:21:05.932 I/db_sample(  597): [/data/data/com.sprint.zone/databases/zone.db,INSERT INTO strings_tbl(id, value, name) VALUES(?, ?, ?);,130,,27]
02-13 13:21:05.962 I/content_update_sample(  374): [content://settings/secure,insert,,274,,55]
02-13 13:21:06.062 I/dvm_gc_madvise_info(  206): [2719744,135168]
02-13 13:21:06.172 I/dvm_gc_info(  206): [8320808730291947301,-8915846980654282653,-3981880224772163539,8558625]
02-13 13:21:06.302 I/am_destroy_service(  206): [1082976184,com.android.defcontainer/.DefaultContainerService,854]
02-13 13:21:06.332 I/am_proc_start(  206): [900,10037,com.android.launcher,content provider,com.android.launcher/com.android.launcher2.LauncherProvider]
02-13 13:21:06.342 I/dvm_gc_madvise_info(  900): [372736,135168]
02-13 13:21:06.352 I/am_proc_bound(  206): [900,com.android.launcher]
02-13 13:21:07.143 I/binder_sample(  489): [android.content.IContentProvider,4,737,com.sprint.w.installer,100]
02-13 13:21:07.143 I/content_update_sample(  489): [content://com.android.launcher2.settings/favorites?notify=false,delete,screen=? AND cellX=? AND cellY=?,738,com.sprint.w.installer,100]
02-13 13:21:07.854 I/am_destroy_service(  206): [1083492184,com.sprint.w.installer/.WallpaperCaptureService,489]
02-13 13:21:08.594 I/dvm_gc_madvise_info(  402): [180224,135168]
02-13 13:21:08.965 I/db_sample(  478): [/data/data/com.android.providers.media/databases/internal.db,INSERT INTO audio_meta(album_artist, date_modified, track, is_ri,1824,,100]
02-13 13:21:09.015 I/db_sample(  597): [/data/data/com.sprint.zone/databases/zone.db,INSERT OR REPLACE  INTO installed_apps_tbl(version_name, package,2936,com.sprint.zone,100]
02-13 13:21:09.015 I/content_update_sample(  597): [content://com.sprint.zone.provider.ZoneProvider/fake_insert_tbl,insert,,2939,com.sprint.zone,100]
02-13 13:21:09.015 I/db_sample(  900): [/data/data/com.android.launcher/databases/launcher.db,INSERT INTO favorites(cellX, screen, cellY, iconResource, iconPa,1873,,100]
02-13 13:21:09.015 I/binder_sample(  489): [android.content.IContentProvider,3,1888,com.sprint.w.installer,100]
02-13 13:21:09.015 I/content_update_sample(  489): [content://com.android.launcher2.settings/favorites?notify=false,insert,,1888,com.sprint.w.installer,100]
02-13 13:21:09.045 I/db_sample(  374): [/data/data/com.google.android.gsf/databases/gservices.db,INSERT OR REPLACE INTO saved_secure (name, value) VALUES (?, ?),3055,,100]
02-13 13:21:09.055 I/db_sample(  478): [/data/data/com.android.providers.media/databases/internal.db,INSERT INTO audio_meta(album_artist, date_modified, track, is_ri,69,,14]
02-13 13:21:09.085 I/content_update_sample(  597): [content://com.sprint.zone.provider.ZoneProvider/strings_tbl,insert,,2903,,100]
02-13 13:21:09.095 I/dvm_gc_info(  341): [8517260637557216848,-9056309936395421643,-4004961172862437331,7358131]
02-13 13:21:09.285 I/binder_sample(  489): [android.content.IContentProvider,4,210,com.sprint.w.installer,42]
02-13 13:21:09.295 I/am_proc_start(  206): [910,10021,com.svox.pico,broadcast,com.svox.pico/.VoiceDataInstallerReceiver]
02-13 13:21:09.325 I/dvm_gc_madvise_info(  910): [372736,135168]
02-13 13:21:09.355 I/am_proc_start(  206): [915,10012,com.sprint.ce.updater,service,com.sprint.ce.updater/.UpdaterService]
02-13 13:21:09.365 I/am_kill (  206): [774,com.android.calendar,12,too many background]
02-13 13:21:09.365 I/am_kill (  206): [580,com.android.email,12,too many background]
02-13 13:21:09.375 I/backup_data_changed(  206): com.android.providers.settings
02-13 13:21:09.385 I/am_proc_bound(  206): [910,com.svox.pico]
02-13 13:21:09.395 I/dvm_gc_madvise_info(  915): [372736,135168]
02-13 13:21:09.405 I/am_proc_start(  206): [922,10033,com.google.android.apps.maps,broadcast,com.google.android.apps.maps/com.google.android.location.internal.NlpPackageUpdateReceiver]
02-13 13:21:09.405 I/am_kill (  206): [765,com.android.providers.calendar,12,too many background]
02-13 13:21:09.425 I/dvm_gc_madvise_info(  922): [368640,135168]
02-13 13:21:09.425 I/am_proc_bound(  206): [915,com.sprint.ce.updater]
02-13 13:21:09.425 I/am_create_service(  206): [1079375376,com.sprint.ce.updater/.UpdaterService,act=com.sprint.action.RUN_UPDATE,915]
02-13 13:21:09.445 I/am_proc_bound(  206): [922,com.google.android.apps.maps]
02-13 13:21:09.555 I/content_update_sample(  374): [content://settings/secure,insert,,503,,100]
02-13 13:21:09.555 I/content_update_sample(  597): [content://com.sprint.zone.provider.ZoneProvider/strings_tbl,insert,,344,,69]
02-13 13:21:09.605 I/dvm_gc_info(  922): [3345437233799816750,-9036044150389114826,-4004679697885726675,7358131]
02-13 13:21:09.675 I/am_proc_died(  206): [765,com.android.providers.calendar]
02-13 13:21:09.685 I/am_proc_died(  206): [774,com.android.calendar]
02-13 13:21:09.695 I/binder_sample(  910): [android.app.IActivityManager,16,293,com.svox.pico,58]
02-13 13:21:09.695 I/am_proc_died(  206): [580,com.android.email]
02-13 13:21:09.725 I/dvm_gc_madvise_info(  478): [159744,135168]
02-13 13:21:09.775 I/dvm_gc_info(  341): [8517260637557089867,-9063909760766613451,-4004961172862437331,7358131]
02-13 13:21:09.886 I/am_create_service(  206): [1085342232,com.locationlabs.v3client/.ConfigurationService,act=com.locationlabs.v3client.action.CHECK_CONFIGURATION pkg=com.locationlabs.v3client,341]
02-13 13:21:09.946 I/dvm_gc_info(  922): [3345437233799812569,-9051243455450138565,-4003272323002173395,7358131]
02-13 13:21:10.026 I/content_query_sample(  374): [content://settings/secure/send_action_app_error,value,,,472,,95]
02-13 13:21:10.046 I/am_destroy_service(  206): [1085342232,com.locationlabs.v3client/.ConfigurationService,341]
02-13 13:21:10.076 I/db_sample(  597): [/data/data/com.sprint.zone/databases/zone.db,INSERT INTO info_tbl(id, action, title, uri, description) VALUES,157,,32]
02-13 13:21:10.216 I/dvm_gc_info(  206): [8320808730291935020,-8916691405584422813,-3981880224772163539,8558625]
02-13 13:21:10.236 I/binder_sample(  922): [android.app.IActivityManager,29,155,com.google.android.apps.maps,31]
02-13 13:21:10.276 I/content_update_sample(  597): [content://com.sprint.zone.provider.ZoneProvider/strings_tbl,insert,,187,,38]
02-13 13:21:10.406 I/backup_data_changed(  206): com.android.providers.settings
02-13 13:21:10.456 I/am_pause_activity(  206): [1081395328,com.zte.emode/.EmodeSubmenu]
02-13 13:21:10.456 I/am_task_to_front(  206): 3
02-13 13:21:10.456 I/am_create_activity(  206): [1079485008,3,com.android.launcher/com.android.launcher2.AppWidgetIdGenerator,com.sprint.ACTION_ALLOCATE_AND_BIND_ALL,NULL,NULL,272629760]
02-13 13:21:10.456 I/content_update_sample(  374): [content://settings/secure,insert,,346,,70]
02-13 13:21:10.496 I/dvm_gc_madvise_info(  854): [335872,135168]
02-13 13:21:10.506 I/dvm_gc_info(  922): [3345437233799853545,-9045050662247561152,-4001301998165198803,7358131]
02-13 13:21:10.516 I/am_on_paused_called(  890): com.zte.emode.EmodeSubmenu
02-13 13:21:10.516 I/am_restart_activity(  206): [1079485008,3,com.android.launcher/com.android.launcher2.AppWidgetIdGenerator]
02-13 13:21:10.526 I/am_create_service(  206): [1080010640,com.locationlabs.v3client/.HeartbeatService,act=com.locationlabs.v3client.action.ACTION_UPDATE_HEARTBEAT pkg=com.locationlabs.v3client,341]
02-13 13:21:10.556 I/content_update_sample(  597): [content://com.sprint.zone.provider.ZoneProvider/strings_tbl,insert,,280,,57]
02-13 13:21:10.556 I/binder_sample(  922): [android.content.IContentProvider,1,96,com.google.android.apps.maps,19]
02-13 13:21:10.566 I/am_kill (  206): [570,com.google.android.googlequicksearchbox,12,too many background]
02-13 13:21:10.586 I/am_proc_start(  206): [937,10041,com.google.android.partnersetup,broadcast,com.google.android.partnersetup/.AppInstalledReceiver]
02-13 13:21:10.616 I/dvm_gc_madvise_info(  937): [368640,135168]
02-13 13:21:10.636 I/am_proc_bound(  206): [937,com.google.android.partnersetup]
02-13 13:21:10.646 I/dvm_gc_info(  120): [8825198673194681388,-9141034797822539730,-4006087072769275858,7358131]
02-13 13:21:10.686 I/am_pause_activity(  206): [1079485008,com.android.launcher/com.android.launcher2.AppWidgetIdGenerator]
02-13 13:21:10.686 I/am_task_to_front(  206): 6
02-13 13:21:10.686 I/am_create_activity(  206): [1082343104,6,com.zte.emode/.DevInfo,NULL,NULL,NULL,281018368]
02-13 13:21:10.686 I/am_kill (  206): [644,com.cooliris.media,12,too many background]
02-13 13:21:10.716 I/dvm_gc_info(  120): [8825198673194659896,-9222662541068629970,-4006087072769275858,7358131]
02-13 13:21:10.756 I/dvm_gc_info(  120): [8825198673194537008,-9222662541068629970,-4006087072769275858,7358131]
02-13 13:21:10.766 I/am_proc_died(  206): [644,com.cooliris.media]
02-13 13:21:10.776 I/am_proc_died(  206): [570,com.google.android.googlequicksearchbox]
02-13 13:21:10.776 I/am_broadcast_discard_app(  206): [1079489216,android.search.action.SEARCHABLES_CHANGED,0,ResolveInfo{405ba2e0 com.google.android.googlequicksearchbox.CorporaUpdateReceiver p=0 o=0 m=0x108000}]
02-13 13:21:10.796 I/am_finish_activity(  206): [1079485008,3,com.android.launcher/com.android.launcher2.AppWidgetIdGenerator,app-request]
02-13 13:21:10.796 I/am_restart_activity(  206): [1082343104,6,com.zte.emode/.DevInfo]
02-13 13:21:10.807 I/am_create_activity(  206): [1082379344,6,com.zte.emode/.DevInfo,NULL,NULL,NULL,276824064]
02-13 13:21:10.807 I/am_pause_activity(  206): [1082343104,com.zte.emode/.DevInfo]
02-13 13:21:10.817 I/content_update_sample(  597): [content://com.sprint.zone.provider.ZoneProvider/strings_tbl,insert,,264,,53]
02-13 13:21:10.817 I/binder_sample(  900): [android.app.IActivityManager,19,24,com.android.launcher,4]
02-13 13:21:10.927 I/am_proc_start(  206): [945,10060,com.sprint.widget.tutorial,broadcast,com.sprint.widget.tutorial/.TutorialWidgetProvider1]
02-13 13:21:10.947 I/am_on_resume_called(  890): com.zte.emode.DevInfo
02-13 13:21:10.947 I/am_on_paused_called(  890): com.zte.emode.DevInfo
02-13 13:21:10.957 I/am_restart_activity(  206): [1082379344,6,com.zte.emode/.DevInfo]
02-13 13:21:10.967 I/am_proc_bound(  206): [945,com.sprint.widget.tutorial]
02-13 13:21:11.057 I/am_on_resume_called(  890): com.zte.emode.DevInfo
02-13 13:21:11.077 I/db_sample(  597): [/data/data/com.sprint.zone/databases/zone.db,INSERT INTO strings_tbl(id, value, name) VALUES(?, ?, ?);,215,,44]
02-13 13:21:11.107 I/activity_launch_time(  206): [1082343104,com.zte.emode/.DevInfo,307,585]
02-13 13:21:11.117 I/am_destroy_activity(  206): [1079485008,3,com.android.launcher/com.android.launcher2.AppWidgetIdGenerator]
02-13 13:21:11.117 I/am_kill (  206): [653,zte.com.cn.alarmclock,12,too many background]
02-13 13:21:11.127 I/content_update_sample(  597): [content://com.sprint.zone.provider.ZoneProvider/strings_tbl,insert,,293,,59]
02-13 13:21:11.137 I/am_proc_died(  206): [653,zte.com.cn.alarmclock]
02-13 13:21:11.137 I/binder_sample(  945): [android.app.IActivityManager,16,94,com.sprint.widget.tutorial,18]
02-13 13:21:11.137 I/content_query_sample(  374): [content://settings/secure/ssl_session_cache,value,,,681,,100]
02-13 13:21:11.247 I/db_sample(  374): [/data/data/com.google.android.gsf/databases/gservices.db,INSERT OR REPLACE INTO saved_secure (name, value) VALUES (?, ?),95,,20]
02-13 13:21:11.277 I/activity_launch_time(  206): [1082379344,com.zte.emode/.DevInfo,322,322]
02-13 13:21:11.297 I/am_destroy_service(  206): [1080010640,com.locationlabs.v3client/.HeartbeatService,341]
02-13 13:21:11.327 I/backup_data_changed(  206): com.android.providers.settings
02-13 13:21:11.347 I/content_query_sample(  374): [content://settings/secure/dropbox:data_app_anr,value,,,17,,4]
02-13 13:21:11.437 I/dvm_gc_info(  341): [8517260637557069424,-8947379120408385482,-4004679697885726675,7358131]
02-13 13:21:11.457 I/backup_data_changed(  206): com.android.providers.settings
02-13 13:21:11.467 I/notification_enqueue(  206): [com.android.phone,5,Notification(vibrate=null,sound=default,defaults=0x1,flags=0x20)]
02-13 13:21:11.547 I/am_proc_start(  206): [958,10004,com.google.android.voicesearch,broadcast,com.google.android.voicesearch/.GservicesBroadcastReceiver]
02-13 13:21:11.547 I/content_update_sample(  374): [content://com.google.android.gsf.gservices/main,update,,8844,,100]
02-13 13:21:11.567 I/am_proc_bound(  206): [958,com.google.android.voicesearch]
02-13 13:21:11.677 I/content_update_sample(  597): [content://com.sprint.zone.provider.ZoneProvider/strings_tbl,insert,,116,,24]
02-13 13:21:11.707 I/dvm_gc_info(  374): [7449358886915647060,-8964267756449961930,-4004679697885726675,7358131]
02-13 13:21:11.717 I/db_sample(  402): [:memory:,INSERT INTO applications ('_id', 'name', 'description', 'package,72,,15]
02-13 13:21:11.747 I/am_kill (  206): [827,com.google.android.apps.maps:LocationFriendService,12,too many background]
02-13 13:21:11.777 I/am_proc_died(  206): [827,com.google.android.apps.maps:LocationFriendService]
02-13 13:21:11.777 I/am_create_service(  206): [1085741568,com.google.android.gsf/.update.SystemUpdateService,,374]
02-13 13:21:11.797 I/am_create_task(  206): 7
02-13 13:21:11.797 I/am_create_activity(  206): [1080366184,7,com.google.android.gsf/.update.SystemUpdateInstallDialog,NULL,NULL,NULL,276824064]
02-13 13:21:11.797 I/am_pause_activity(  206): [1082379344,com.zte.emode/.DevInfo]
02-13 13:21:11.797 I/am_on_paused_called(  890): com.zte.emode.DevInfo
02-13 13:21:11.807 I/am_restart_activity(  206): [1080366184,7,com.google.android.gsf/.update.SystemUpdateInstallDialog]
02-13 13:21:11.817 I/notification_cancel(  206): [com.google.android.gsf,2130837525,0]
02-13 13:21:11.817 I/notification_cancel(  206): [com.google.android.gsf,2130837526,0]
02-13 13:21:11.817 I/am_destroy_service(  206): [1085741568,com.google.android.gsf/.update.SystemUpdateService,374]
02-13 13:21:11.817 I/system_update(  374): [512,0,-1,NULL]
02-13 13:21:11.838 I/am_finish_activity(  206): [1080366184,7,com.google.android.gsf/.update.SystemUpdateInstallDialog,app-request]
02-13 13:21:11.838 I/am_pause_activity(  206): [1080366184,com.google.android.gsf/.update.SystemUpdateInstallDialog]
02-13 13:21:11.868 I/am_resume_activity(  206): [1082379344,6,com.zte.emode/.DevInfo]
02-13 13:21:11.868 I/am_on_resume_called(  890): com.zte.emode.DevInfo
02-13 13:21:11.888 I/am_destroy_activity(  206): [1080366184,7,com.google.android.gsf/.update.SystemUpdateInstallDialog]
02-13 13:21:11.928 I/db_sample(  402): [:memory:,INSERT INTO applications ('_id', 'name', 'description', 'package,183,,37]
02-13 13:21:11.928 I/db_sample(  402): [:memory:,INSERT INTO applications ('_id', 'name', 'description', 'package,0,,1]
02-13 13:21:11.928 I/db_sample(  597): [/data/data/com.sprint.zone/databases/zone.db,INSERT INTO diagnostics_tbl(title, rank, group_key, key, descrip,35,,8]
02-13 13:21:11.978 I/binder_sample(  937): [android.content.IContentProvider,3,61,com.google.android.partnersetup,12]
02-13 13:21:12.118 I/binder_sample(  937): [android.content.IContentProvider,3,50,com.google.android.partnersetup,10]
02-13 13:21:12.118 I/content_update_sample(  937): [content://com.google.settings/partner,insert,,50,com.google.android.partnersetup,11]
02-13 13:21:12.128 I/am_create_service(  206): [1083910528,com.google.android.partnersetup/.AppHiderService,,937]
02-13 13:21:12.138 I/am_create_service(  206): [1084759912,com.google.android.gm/.GoogleMailSwitchService,act=com.google.gservices.intent.action.GSERVICES_CHANGED,733]
02-13 13:21:12.148 I/am_create_service(  206): [1082345912,com.google.android.music/.dl.DownloadManager$DownloadManagerService,act=com.google.android.music.accountchanged,817]
02-13 13:21:12.158 I/am_create_service(  206): [1086418136,com.google.android.music/.store.StoreService$StoreIntentService,act=com.google.android.music.accountchanged,817]
02-13 13:21:12.168 I/am_create_service(  206): [1081238840,com.google.android.music/.store.StoreService$StoreServiceBinder,act=com.google.android.music.STORE_SERVICE,817]
02-13 13:21:12.188 I/content_query_sample(  374): [content://com.google.settings/partner,value,name=?,,105,,22]
02-13 13:21:12.198 I/db_sample(  597): [/data/data/com.sprint.zone/databases/zone.db,INSERT INTO info_tbl(id, action, title, uri, description) VALUES,90,,19]
02-13 13:21:12.288 I/binder_sample(  733): [android.app.IActivityManager,69,38,com.google.android.gm,7]
02-13 13:21:12.338 I/am_create_service(  206): [1084800584,com.google.android.music/.MusicPlaybackService,,817]
02-13 13:21:12.358 I/dvm_gc_info(  206): [8320808730291676997,-8914721080747452316,-3981880224772163539,8558625]
02-13 13:21:12.378 I/am_destroy_service(  206): [1084759912,com.google.android.gm/.GoogleMailSwitchService,733]
02-13 13:21:12.438 I/db_sample(  478): [/data/data/com.android.providers.media/databases/internal.db,INSERT INTO audio_meta(album_artist, date_modified, track, is_ri,191,,39]
02-13 13:21:12.468 I/am_destroy_service(  206): [1083910528,com.google.android.partnersetup/.AppHiderService,937]
02-13 13:21:12.478 I/am_destroy_service(  206): [1086418136,com.google.android.music/.store.StoreService$StoreIntentService,817]
02-13 13:21:12.518 I/content_update_sample(  597): [content://com.sprint.zone.provider.ZoneProvider/strings_tbl,insert,,33,,7]
02-13 13:21:12.548 I/am_destroy_service(  206): [1081011552,com.google.android.gsf/.checkin.CheckinService,374]
02-13 13:21:12.568 I/am_destroy_service(  206): [1084800584,com.google.android.music/.MusicPlaybackService,817]
02-13 13:21:12.568 I/am_destroy_service(  206): [1082345912,com.google.android.music/.dl.DownloadManager$DownloadManagerService,817]
02-13 13:21:12.578 I/am_destroy_service(  206): [1081238840,com.google.android.music/.store.StoreService$StoreServiceBinder,817]
02-13 13:21:12.608 I/am_destroy_service(  206): [1079375376,com.sprint.ce.updater/.UpdaterService,915]
02-13 13:21:12.618 I/am_kill (  206): [784,com.google.android.apps.uploader,14,too many background]
02-13 13:21:12.618 I/am_proc_died(  206): [784,com.google.android.apps.uploader]
02-13 13:21:13.019 I/content_update_sample(  597): [content://com.sprint.zone.provider.ZoneProvider/branding_tbl,delete,,56,,12]
02-13 13:21:13.099 I/dvm_gc_info(  341): [8517260637557159493,-8987630042061232073,-4004398222909016019,7358131]
02-13 13:21:13.119 I/content_update_sample(  597): [content://com.sprint.zone.provider.ZoneProvider/branding_tbl,insert,,26,,6]
02-13 13:21:13.139 I/dvm_gc_info(  341): [8517260637557130280,-9152292765981239240,-4004116747932305363,7358131]
02-13 13:21:13.299 I/am_finish_activity(  206): [1082379344,6,com.zte.emode/.DevInfo,app-request]
02-13 13:21:13.299 I/am_pause_activity(  206): [1082379344,com.zte.emode/.DevInfo]
02-13 13:21:13.309 I/am_on_paused_called(  890): com.zte.emode.DevInfo
02-13 13:21:13.309 I/am_resume_activity(  206): [1082343104,6,com.zte.emode/.DevInfo]
02-13 13:21:13.319 I/am_on_resume_called(  890): com.zte.emode.DevInfo
02-13 13:21:13.539 I/db_sample(  597): [/data/data/com.sprint.zone/databases/zone.db,INSERT INTO branding_tbl(value, tag, name) VALUES(?, ?, ?);,59,,12]
02-13 13:21:13.659 I/db_sample(  597): [/data/data/com.sprint.zone/databases/zone.db,INSERT INTO branding_tbl(value, tag, name) VALUES(?, ?, ?);,21,,5]
02-13 13:21:13.669 I/wifi_supplicant_state_changed(  206): 2
02-13 13:21:13.679 I/am_proc_start(  206): [984,10046,com.cooliris.media,broadcast,com.cooliris.media/com.cooliris.cache.BootReceiver]
02-13 13:21:13.699 I/am_proc_bound(  206): [984,com.cooliris.media]
02-13 13:21:13.789 I/am_kill (  206): [864,com.sprint.w.prefact,14,too many background]
02-13 13:21:13.789 I/am_proc_died(  206): [864,com.sprint.w.prefact]
02-13 13:21:13.799 I/am_create_service(  206): [1086592168,com.google.android.music/.store.MediaStoreImportService,act=MediaStoreImportService.import_pending,817]
02-13 13:21:13.819 I/db_sample(  597): [/data/data/com.sprint.zone/databases/zone.db,INSERT INTO branding_tbl(value, tag, name) VALUES(?, ?, ?);,97,,20]
02-13 13:21:13.849 I/dvm_gc_info(  817): [7887337218879059542,-8999170447353292743,-4003835272955594707,7358132]
02-13 13:21:13.859 I/am_destroy_service(  206): [1086592168,com.google.android.music/.store.MediaStoreImportService,817]
02-13 13:21:13.940 I/db_sample(  478): [/data/data/com.android.providers.media/databases/external-e82ff9f2.db,CREATE TABLE IF NOT EXISTS thumbnails (_id INTEGER PRIMARY KEY,_,1,,1]
02-13 13:21:14.020 I/db_sample(  478): [/data/data/com.android.providers.media/databases/external-e82ff9f2.db,UPDATE artists SET artist_key=REPLACE(artist_key,x'081D08C29F081,0,,1]
02-13 13:21:14.070 I/content_update_sample(  597): [content://com.sprint.zone.provider.ZoneProvider/branding_tbl,insert,,21,,5]
02-13 13:21:14.110 I/dvm_gc_info(  478): [7882817126543713898,-8925705959602489295,-4006087072769279955,7358131]
02-13 13:21:14.530 I/am_finish_activity(  206): [1082343104,6,com.zte.emode/.DevInfo,app-request]
02-13 13:21:14.530 I/am_pause_activity(  206): [1082343104,com.zte.emode/.DevInfo]
02-13 13:21:14.550 I/am_on_paused_called(  890): com.zte.emode.DevInfo
02-13 13:21:14.560 I/am_resume_activity(  206): [1081395328,6,com.zte.emode/.EmodeSubmenu]
02-13 13:21:14.570 I/am_on_resume_called(  890): com.zte.emode.EmodeSubmenu
02-13 13:21:14.620 I/wifi_supplicant_state_changed(  206): 1
02-13 13:21:14.620 I/content_update_sample(  478): [content://media/,insert,,809,,100]
02-13 13:21:14.630 I/am_create_service(  206): [1086569224,com.locationlabs.v3client/.ConfigurationService,act=com.locationlabs.v3client.action.CHECK_CONFIGURATION pkg=com.locationlabs.v3client,341]
02-13 13:21:14.650 I/am_destroy_service(  206): [1086569224,com.locationlabs.v3client/.ConfigurationService,341]
02-13 13:21:14.730 I/dvm_gc_info(  597): [3349111792835413618,-8925705890866223054,-4005805597792569299,7358131]
02-13 13:21:14.760 I/am_destroy_activity(  206): [1082343104,6,com.zte.emode/.DevInfo]
02-13 13:21:14.790 I/content_query_sample(  597): [content://com.sprint.zone.provider.ZoneProvider/features_tbl,,sid IN ( 100,200,300,700 ),,3,,1]
02-13 13:21:14.941 I/dvm_gc_info(  597): [3349111792835077571,-9052932580339410893,-4005805597792569299,7358210]
02-13 13:21:15.381 I/am_finish_activity(  206): [1081395328,6,com.zte.emode/.EmodeSubmenu,app-request]
02-13 13:21:15.381 I/am_pause_activity(  206): [1081395328,com.zte.emode/.EmodeSubmenu]
02-13 13:21:15.391 I/am_on_paused_called(  890): com.zte.emode.EmodeSubmenu
02-13 13:21:15.391 I/am_restart_activity(  206): [1079624600,3,com.android.launcher/com.android.launcher2.Launcher]
02-13 13:21:15.521 I/dvm_gc_info(  900): [7809652345805186601,-9031259488185866192,-4006087072769279955,7358209]
02-13 13:21:15.601 I/dvm_gc_info(  900): [7809652345805051043,-9067569760181532624,-4006087072769279955,7890821]
02-13 13:21:15.611 I/force_gc(  206): Binder
02-13 13:21:15.641 I/dvm_gc_madvise_info(  922): [151552,135168]
02-13 13:21:15.681 I/dvm_gc_info(  206): [8320808730291877494,-8924854179909056414,-3982443174725584851,8558625]
02-13 13:21:15.681 I/binder_sample(  900): [android.content.IContentService,1,72,com.android.launcher,14]
02-13 13:21:15.691 I/am_on_resume_called(  900): com.android.launcher2.Launcher
02-13 13:21:16.062 I/activity_launch_time(  206): [1079624600,com.android.launcher/com.android.launcher2.Launcher,673,4256]
02-13 13:21:16.082 I/dvm_gc_madvise_info(  984): [184320,135168]
02-13 13:21:16.112 I/dvm_gc_info(  900): [7809652345805010516,-8992415528999004109,-3999331673328224211,8521692]
02-13 13:21:16.162 I/dvm_gc_madvise_info(  958): [184320,135168]
02-13 13:21:16.162 I/dvm_gc_madvise_info(  945): [311296,135168]
02-13 13:21:16.232 I/db_sample(  478): [/data/data/com.android.providers.media/databases/external-e82ff9f2.db,INSERT INTO video(bucket_id, duration, title, mime_type, date_ad,764,,100]
02-13 13:21:16.252 I/dvm_gc_info(  341): [8517260637557057148,-8966519281352173512,-4004116747932305363,7358131]
02-13 13:21:16.272 I/dvm_gc_info(  597): [3349111792835499585,-9008459533951977419,-4002990848025462739,7690008]
02-13 13:21:16.322 I/content_update_sample(  597): [content://com.sprint.zone.provider.ZoneProvider/installed_apps_tbl,insert,,56,,12]
02-13 13:21:16.482 I/content_update_sample(  597): [content://com.sprint.zone.provider.ZoneProvider/installed_apps_tbl,insert,,49,,10]
02-13 13:21:16.652 I/dvm_gc_info(  900): [7809652345805092386,-9030696125831628748,-3999331673328224211,8521760]
02-13 13:21:16.692 I/am_pause_activity(  206): [1079624600,com.android.launcher/com.android.launcher2.Launcher]
02-13 13:21:16.692 I/am_task_to_front(  206): 5
02-13 13:21:16.692 I/am_new_intent(  206): [1083449560,5,com.android.contacts/.DialtactsActivity,android.intent.action.MAIN,NULL,NULL,272629760]
02-13 13:21:16.702 I/am_on_paused_called(  900): com.android.launcher2.Launcher
02-13 13:21:16.722 I/am_resume_activity(  206): [1081220176,5,com.android.contacts/.DialtactsActivity]
02-13 13:21:16.732 I/am_on_resume_called(  402): com.android.contacts.smartdialer.DialerApp
02-13 13:21:16.732 I/am_on_resume_called(  402): com.android.contacts.DialtactsActivity
02-13 13:21:16.752 I/dvm_gc_madvise_info(  374): [180224,135168]
02-13 13:21:16.852 I/db_sample(  597): [/data/data/com.sprint.zone/databases/zone.db,INSERT INTO installed_apps_tbl(version_name, time, synced, packa,185,,38]
02-13 13:21:16.862 I/content_update_sample(  597): [content://com.sprint.zone.provider.ZoneProvider/installed_apps_tbl,insert,,190,,39]
02-13 13:21:17.023 I/content_update_sample(  597): [content://com.sprint.zone.provider.ZoneProvider/installed_apps_tbl,insert,,83,,17]
02-13 13:21:17.103 I/am_destroy_activity(  206): [1082379344,6,com.zte.emode/.DevInfo]
02-13 13:21:17.103 I/am_destroy_activity(  206): [1081395328,6,com.zte.emode/.EmodeSubmenu]
02-13 13:21:17.293 I/dvm_gc_info(  341): [8517260637557032569,-8977778280420599752,-4004398222909016019,7358131]
02-13 13:21:17.323 I/dvm_gc_info(  900): [7809652345805063713,-9038295950202800075,-3999331673328224211,8550439]
02-13 13:21:17.783 I/dvm_gc_info(  478): [7882817126543779374,-9027036951218329551,-4006087072769279955,7358211]
02-13 13:21:17.893 I/content_update_sample(  478): [content://media/external/images/media/1,update,,98,,20]
02-13 13:21:17.913 I/db_sample(  597): [/data/data/com.sprint.zone/databases/zone.db,INSERT INTO installed_apps_tbl(version_name, time, synced, packa,93,,19]
02-13 13:21:18.184 I/db_sample(  478): [/data/data/com.android.providers.media/databases/external-e82ff9f2.db,INSERT INTO thumbnails(height, _data, kind, image_id, width) VAL,94,,19]
02-13 13:21:18.204 I/db_sample(  597): [/data/data/com.sprint.zone/databases/zone.db,INSERT INTO installed_apps_tbl(version_name, time, synced, packa,92,,19]
02-13 13:21:18.444 I/db_sample(  597): [/data/data/com.sprint.zone/databases/zone.db,INSERT INTO installed_apps_tbl(version_name, time, synced, packa,86,,18]
02-13 13:21:18.504 I/dvm_gc_info(  341): [8517260637557040760,-8988474329535600584,-4004116747932305363,7358131]
02-13 13:21:18.884 I/dvm_gc_madvise_info(  817): [245760,135168]
02-13 13:21:18.884 I/content_update_sample(  478): [content://media/external/images/thumbnails,insert,,193,,39]
02-13 13:21:18.924 I/content_update_sample(  597): [content://com.sprint.zone.provider.ZoneProvider/installed_apps_tbl,insert,,59,,12]
02-13 13:21:18.944 I/db_sample(  478): [/data/data/com.android.providers.media/databases/external-e82ff9f2.db,INSERT INTO images(bucket_id, orientation, title, mime_type, _di,56,,12]
02-13 13:21:20.056 I/dvm_gc_info(  341): [8517260637557024361,-9012118227579295688,-4004116747932305363,7358131]
02-13 13:21:20.746 I/dvm_gc_madvise_info(  206): [3031040,135168]
02-13 13:21:21.307 I/dvm_gc_madvise_info(  597): [163840,135168]
02-13 13:21:21.567 I/am_create_service(  206): [1080358704,com.google.android.gsf/.loginservice.GoogleLoginService,act=android.accounts.AccountAuthenticator,374]
02-13 13:21:22.098 I/force_gc(  206): mem
02-13 13:21:22.158 I/dvm_gc_info(  206): [8320808730291852858,-8996348823993571230,-3982443174725584851,8558625]
02-13 13:21:22.168 I/am_destroy_service(  206): [1080358704,com.google.android.gsf/.loginservice.GoogleLoginService,374]
02-13 13:21:22.168 I/gtalkservice(  374): 11
02-13 13:21:22.328 I/dvm_gc_madvise_info(  900): [229376,135168]
02-13 13:21:22.488 I/dvm_gc_info(  900): [7809652345805174087,-9053495598861305804,-3995672498630985683,8575015]
02-13 13:21:22.818 I/dvm_gc_madvise_info(  478): [217088,135168]
02-13 13:21:23.058 I/free_storage_changed(  206): 2779705344
02-13 13:21:23.609 I/db_sample(  597): [/data/data/com.sprint.zone/databases/zone.db,INSERT INTO installed_apps_tbl(version_name, time, synced, packa,4608,,100]
02-13 13:21:23.619 I/content_update_sample(  597): [content://com.sprint.zone.provider.ZoneProvider/installed_apps_tbl,insert,,4618,,100]
02-13 13:21:23.639 I/db_sample(  478): [/data/data/com.android.providers.media/databases/external-e82ff9f2.db,INSERT INTO images(bucket_id, orientation, title, mime_type, _di,4656,,100]
02-13 13:21:23.689 I/content_update_sample(  478): [content://media/external/images/media/3,update,,4675,,100]
02-13 13:21:23.759 I/am_create_service(  206): [1086116280,com.locationlabs.v3client/.SMSNotificationService,act=com.locationlabs.v3client.ACTION_SMS_NOTIFICATION pkg=com.locationlabs.v3client,341]
02-13 13:21:23.789 I/am_create_service(  206): [1086023384,com.locationlabs.v3client/.ClaimNumberService,act=com.locationlabs.v3client.action.CLAIM_NUMBER pkg=com.locationlabs.v3client,341]
02-13 13:21:23.799 I/am_destroy_service(  206): [1086116280,com.locationlabs.v3client/.SMSNotificationService,341]
02-13 13:21:23.829 I/am_destroy_service(  206): [1086023384,com.locationlabs.v3client/.ClaimNumberService,341]
02-13 13:21:23.889 I/content_update_sample(  597): [content://com.sprint.zone.provider.ZoneProvider/installed_apps_tbl,insert,,31,,7]
02-13 13:21:24.099 I/dvm_gc_info(  478): [7882817126543771222,-9021688857941342159,-4005242647839147987,7595746]
02-13 13:21:24.290 I/db_sample(  597): [/data/data/com.sprint.zone/databases/zone.db,INSERT INTO installed_apps_tbl(version_name, time, synced, packa,28,,6]
02-13 13:21:24.480 I/content_update_sample(  597): [content://com.sprint.zone.provider.ZoneProvider/installed_apps_tbl,insert,,31,,7]
02-13 13:21:24.700 I/content_update_sample(  597): [content://com.sprint.zone.provider.ZoneProvider/installed_apps_tbl,insert,,129,,26]
02-13 13:21:24.740 I/db_sample(  478): [/data/data/com.android.providers.media/databases/external-e82ff9f2.db,INSERT INTO images(bucket_id, orientation, title, mime_type, _di,162,,33]
02-13 13:21:24.760 I/db_sample(  597): [/data/data/com.sprint.zone/databases/zone.db,INSERT INTO installed_apps_tbl(version_name, time, synced, packa,31,,7]
02-13 13:21:24.780 I/content_update_sample(  478): [content://media/external/images/thumbnails,insert,,199,,40]
02-13 13:21:25.010 I/db_sample(  478): [/data/data/com.android.providers.media/databases/external-e82ff9f2.db,INSERT INTO images(bucket_id, orientation, title, mime_type, _di,160,,33]
02-13 13:21:25.040 I/binder_sample(  331): [android.app.IActivityManager,14,32,com.android.phone,6]
02-13 13:21:25.050 I/am_create_service(  206): [1086015784,com.locationlabs.v3client/.SMSNotificationService,act=com.locationlabs.v3client.ACTION_SMS_NOTIFICATION pkg=com.locationlabs.v3client,341]
02-13 13:21:25.120 I/dvm_gc_madvise_info(  341): [364544,135168]
02-13 13:21:25.120 I/am_create_service(  206): [1085893864,com.locationlabs.v3client/.ClaimNumberService,act=com.locationlabs.v3client.action.CLAIM_NUMBER pkg=com.locationlabs.v3client,341]
02-13 13:21:25.181 I/am_destroy_service(  206): [1085893864,com.locationlabs.v3client/.ClaimNumberService,341]
02-13 13:21:25.211 I/am_destroy_service(  206): [1086015784,com.locationlabs.v3client/.SMSNotificationService,341]
02-13 13:21:25.211 I/db_sample(  597): [/data/data/com.sprint.zone/databases/zone.db,INSERT INTO installed_apps_tbl(version_name, time, synced, packa,254,,51]
02-13 13:21:25.351 I/db_sample(  597): [/data/data/com.sprint.zone/databases/zone.db,INSERT INTO installed_apps_tbl(version_name, time, synced, packa,55,,12]
02-13 13:21:25.391 I/dvm_gc_info(  597): [3349111792835102322,-8924579716031084491,-4004116747932305363,7689954]
02-13 13:21:25.401 I/db_sample(  597): [/data/data/com.sprint.zone/databases/zone.db,INSERT INTO installed_apps_tbl(version_name, time, synced, packa,31,,7]
02-13 13:21:25.641 I/db_sample(  597): [/data/data/com.sprint.zone/databases/zone.db,INSERT INTO installed_apps_tbl(version_name, time, synced, packa,26,,6]
02-13 13:21:25.811 I/dvm_gc_info(  478): [7882817126543750734,-9027881307412195278,-4005242647839147987,7595736]
02-13 13:21:25.831 I/am_create_task(  206): 8
02-13 13:21:25.831 I/am_create_activity(  206): [1086053424,8,com.zte.emode/.logset,NULL,NULL,NULL,276824064]
02-13 13:21:25.831 I/am_pause_activity(  206): [1081220176,com.android.contacts/.DialtactsActivity]
02-13 13:21:25.921 I/dvm_gc_info(  402): [7017575181484881581,-8922608772517414853,-3996798398537828307,8521679]
02-13 13:21:25.921 I/am_on_paused_called(  402): com.android.contacts.smartdialer.DialerApp
02-13 13:21:25.921 I/am_on_paused_called(  402): com.android.contacts.DialtactsActivity
02-13 13:21:25.931 I/am_restart_activity(  206): [1086053424,8,com.zte.emode/.logset]
02-13 13:21:25.981 I/dvm_gc_info(  890): [7308620247274272316,-9012119052330592208,-4006087072769279955,7358176]
02-13 13:21:26.021 I/am_on_resume_called(  890): com.zte.emode.logset
02-13 13:21:26.111 I/activity_launch_time(  206): [1086053424,com.zte.emode/.logset,183,183]
02-13 13:21:26.432 I/db_sample(  478): [/data/data/com.android.providers.media/databases/external-e82ff9f2.db,INSERT INTO thumbnails(height, _data, kind, image_id, width) VAL,21,,5]
02-13 13:21:26.432 I/content_update_sample(  478): [content://media/external/images/thumbnails,insert,,34,,7]
02-13 13:21:26.552 I/content_update_sample(  478): [content://media/external/images/media/9,update,,52,,11]
02-13 13:21:26.682 I/db_sample(  478): [/data/data/com.android.providers.media/databases/external-e82ff9f2.db,GETLOCK:SELECT _id FROM thumbnails WHERE (image_id = 10),42,,9]
02-13 13:21:27.082 I/db_sample(  478): [/data/data/com.android.providers.media/databases/external-e82ff9f2.db,INSERT INTO images(bucket_id, orientation, title, mime_type, _di,42,,9]
02-13 13:21:27.152 I/content_update_sample(  478): [content://media/external/images/media/11,update,,109,,22]
02-13 13:21:27.192 I/dvm_gc_madvise_info(  206): [3039232,135168]
02-13 13:21:27.693 I/dvm_gc_madvise_info(  900): [229376,135168]
02-13 13:21:27.723 I/dvm_gc_info(  478): [7882817126543763045,-9009866840166451149,-4003553797978884051,7595821]
02-13 13:21:28.043 I/content_update_sample(  478): [content://media/external/images/thumbnails,insert,,72,,15]
02-13 13:21:28.113 I/am_finish_activity(  206): [1086053424,8,com.zte.emode/.logset,app-request]
02-13 13:21:28.113 I/am_pause_activity(  206): [1086053424,com.zte.emode/.logset]
02-13 13:21:28.113 I/am_on_paused_called(  890): com.zte.emode.logset
02-13 13:21:28.123 I/am_resume_activity(  206): [1081220176,5,com.android.contacts/.DialtactsActivity]
02-13 13:21:28.143 I/am_on_resume_called(  402): com.android.contacts.smartdialer.DialerApp
02-13 13:21:28.143 I/am_on_resume_called(  402): com.android.contacts.DialtactsActivity
02-13 13:21:28.364 I/am_destroy_activity(  206): [1086053424,8,com.zte.emode/.logset]
02-13 13:21:28.664 I/content_update_sample(  478): [content://media/external/images/thumbnails,insert,,80,,17]
02-13 13:21:28.814 I/dvm_gc_info(  478): [7882817126543726192,-9017748070794860493,-4003553797978884051,7595821]
02-13 13:21:28.864 I/db_sample(  478): [/data/data/com.android.providers.media/databases/external-e82ff9f2.db,SELECT _id, name FROM audio_genres WHERE (name=?),20,,5]
02-13 13:21:29.054 I/db_sample(  478): [/data/data/com.android.providers.media/databases/external-e82ff9f2.db,UPDATE images SET mini_thumb_magic=? WHERE _id = 16,51,,11]
02-13 13:21:29.144 I/db_sample(  478): [/data/data/com.android.providers.media/databases/external-e82ff9f2.db,INSERT INTO thumbnails(height, _data, kind, image_id, width) VAL,56,,12]
02-13 13:21:29.194 I/db_sample(  478): [/data/data/com.android.providers.media/databases/external-e82ff9f2.db,INSERT INTO albums(album, album_key) VALUES(?, ?);,20,,5]
02-13 13:21:29.395 I/dvm_gc_info(  341): [8517260637557028453,-8958356507010758599,-4003835272955594707,7358131]
02-13 13:21:29.635 I/wifi_supplicant_state_changed(  206): 2
02-13 13:21:29.675 I/dvm_gc_info(  341): [8517260637557208516,-9043080475000682439,-4004116747932305363,7358131]
02-13 13:21:29.705 I/dvm_gc_info(  341): [8517260637557097123,-9206335824037132230,-4003553797978884051,7358131]
02-13 13:21:30.396 I/dvm_gc_madvise_info(  597): [184320,135168]
02-13 13:21:30.596 I/wifi_supplicant_state_changed(  206): 1
02-13 13:21:30.746 I/content_query_sample(  402): [content://call_log/dialer_calls,name/number/type/_id,(UPPER(number) GLOB ? OR UPPER(number) GLOB ? OR UPPER(name) GLOB ? OR UPPER(name) GLOB ?)AND UPPER(number)<> ? AND UPPER(number)<> ? AND UPPER(number)<> ? ,date DESC,5,,2]
02-13 13:21:30.926 I/dvm_gc_madvise_info(  402): [385024,135168]
02-13 13:21:31.006 I/dvm_gc_madvise_info(  890): [225280,135168]
02-13 13:21:31.036 I/dvm_gc_info(  341): [8517260637557024390,-8960889644345427910,-4003835272955594707,7358131]
02-13 13:21:31.116 I/dvm_gc_info(  478): [7882817126543713890,-9025629370142758861,-4004679697885726675,7595757]
02-13 13:21:31.427 I/db_sample(  478): [/data/data/com.android.providers.media/databases/external-e82ff9f2.db,UPDATE images SET mini_thumb_magic=? WHERE _id = 21,47,,10]
02-13 13:21:31.437 I/dvm_gc_info(  597): [3349111792835114564,-9000296484766283724,-4004679697885726675,7689954]
02-13 13:21:31.467 I/dvm_gc_info(  597): [3349111792835101560,-9191136381503604683,-4004116747932305363,7689954]
02-13 13:21:31.497 I/dvm_gc_info(  597): [3349111792835092480,-9223224528848619467,-4004116747932305363,7689954]
02-13 13:21:31.507 I/content_query_sample(  478): [content://media/external/images/thumbnails,_id,image_id = 22,,52,,11]
02-13 13:21:31.527 I/dvm_gc_info(  597): [3349111792835092480,-9223224391376111562,-4003835272955594707,7689954]
02-13 13:21:31.837 I/content_update_sample(  478): [content://media/external/images/thumbnails,insert,,95,,20]
02-13 13:21:32.277 I/dvm_gc_info(  478): [7882817126543717988,-9029007069863290829,-4003553797978884051,7571245]
02-13 13:21:32.758 I/dvm_gc_info(  341): [8517260637557102182,-9019436439501252551,-4003835272955594707,7358131]
02-13 13:21:32.968 I/content_update_sample(  478): [content://media/external/images/media/26,update,,143,,29]
02-13 13:21:33.008 I/dvm_gc_info(  341): [8517260637557179979,-9063909485821536199,-4003835272955594707,7358131]
02-13 13:21:33.328 I/dvm_gc_info(  341): [8517260637557208667,-9042798862568236999,-4003835272955594707,7358131]
02-13 13:21:33.379 I/am_create_service(  206): [1079756256,com.locationlabs.v3client/.HeartbeatService,act=com.locationlabs.v3client.action.ACTION_UPDATE_HEARTBEAT pkg=com.locationlabs.v3client,341]
02-13 13:21:33.459 I/am_destroy_service(  206): [1079756256,com.locationlabs.v3client/.HeartbeatService,341]
02-13 13:21:33.519 I/db_sample(  478): [/data/data/com.android.providers.media/databases/external-e82ff9f2.db,UPDATE images SET mini_thumb_magic=? WHERE _id = 27,46,,10]
02-13 13:21:33.559 I/dvm_gc_info(  478): [7882817126543787595,-9041110493861853133,-4003553797978884051,7571160]
02-13 13:21:33.629 I/dvm_gc_info(  317): [8320808730291623495,-8996356178723272653,-4004398222909016019,7358199]
02-13 13:21:34.009 I/dvm_gc_info(  478): [7882817126543767075,-9062221117115152333,-4003553797978884051,7857859]
02-13 13:21:34.129 I/force_gc(  206): Binder
02-13 13:21:34.199 I/dvm_gc_info(  206): [8320808730291902114,-8920632055258388382,-3982161699748874195,8558625]
02-13 13:21:34.470 I/dvm_gc_info(  478): [7882817126543783408,-9066724716742526925,-4003553797978884051,7857859]
02-13 13:21:34.760 I/content_update_sample(  478): [content://media/external/images/thumbnails,insert,,250,,51]
02-13 13:21:35.020 I/dvm_gc_info(  341): [8517260637557044839,-8964830294002579397,-4003272323002173395,7358131]
02-13 13:21:35.140 I/dvm_gc_info(  478): [7882817126543779259,-9083050265391744973,-4003553797978884051,7857859]
02-13 13:21:35.370 I/content_update_sample(  478): [content://media/external/images/thumbnails,insert,,214,,43]
02-13 13:21:35.380 I/dvm_gc_info(  341): [8517260637557118415,-9042235912581244869,-4003272323002173395,7358131]
02-13 13:21:35.481 I/db_sample(  478): [/data/data/com.android.providers.media/databases/external-e82ff9f2.db,INSERT INTO audio_meta(album_artist, date_modified, track, is_ri,42,,9]
02-13 13:21:35.551 I/dvm_gc_info(  478): [7882817126543812046,-9069257991532922829,-4003553797978884051,7857859]
02-13 13:21:35.631 I/db_sample(  597): [/data/data/com.sprint.zone/databases/zone.db,DELETE FROM report_tbl,83,,17]
02-13 13:21:35.701 I/dvm_gc_info(  597): [3349111792835139117,-9089523777438549962,-4003835272955594707,7689954]
02-13 13:21:35.741 I/db_sample(  478): [/data/data/com.android.providers.media/databases/external-e82ff9f2.db,INSERT INTO thumbnails(height, _data, kind, image_id, width) VAL,73,,15]
02-13 13:21:35.851 I/am_create_task(  206): 9
02-13 13:21:35.851 I/am_create_activity(  206): [1079538192,9,com.zte.emode/.UsbSwitchTest,NULL,NULL,NULL,276824064]
02-13 13:21:35.861 I/am_pause_activity(  206): [1081220176,com.android.contacts/.DialtactsActivity]
02-13 13:21:35.951 I/am_on_paused_called(  402): com.android.contacts.smartdialer.DialerApp
02-13 13:21:35.951 I/am_on_paused_called(  402): com.android.contacts.DialtactsActivity
02-13 13:21:35.961 I/am_restart_activity(  206): [1079538192,9,com.zte.emode/.UsbSwitchTest]
02-13 13:21:36.001 I/am_on_resume_called(  890): com.zte.emode.UsbSwitchTest
02-13 13:21:36.131 I/activity_launch_time(  206): [1079538192,com.zte.emode/.UsbSwitchTest,177,177]
02-13 13:21:36.211 I/dvm_gc_info(  341): [8517260637557188194,-9061939023512041414,-4003553797978884051,7358131]
02-13 13:21:36.472 I/dvm_gc_info(  478): [7882817126543799769,-9067850616649369549,-4003553797978884051,7857859]
02-13 13:21:36.632 I/dvm_gc_info(  341): [8517260637557036640,-9059405748721641414,-4003553797978884051,7358131]
02-13 13:21:36.672 I/db_sample(  478): [/data/data/com.android.providers.media/databases/external-e82ff9f2.db,INSERT INTO thumbnails(height, _data, kind, image_id, width) VAL,112,,23]
