02-13 13:19:58.019 I/boot_progress_start(  120): 53006
02-13 13:19:59.370 I/boot_progress_preload_start(  120): 54355
02-13 13:19:59.380 I/dvm_gc_info(  120): [8825198673194394824,-9063934019012815298,-4012584086963382722,0]
02-13 13:20:01.182 I/dvm_gc_info(  120): [8825198673194539052,-8859841571167975388,-4012560997233768412,0]
02-13 13:20:01.512 I/dvm_gc_info(  120): [8825198673194526760,-8886300218978715608,-4012560997233706968,0]
02-13 13:20:02.924 I/dvm_gc_info(  120): [8825198673194530813,-8895588893210089427,-4012560997233629139,0]
02-13 13:20:02.954 I/dvm_gc_info(  120): [8825198673194480742,-9066162729096759251,-4012560997233641427,0]
02-13 13:20:03.084 I/dvm_gc_info(  120): [8825198673194480791,-9068696003887138771,-4012560997233625043,6825601]
02-13 13:20:03.144 I/boot_progress_preload_end(  120): 58130
02-13 13:20:03.164 I/dvm_gc_info(  120): [8825198673194480780,-9098813826395170770,-4010027722443220946,7358131]
02-13 13:20:03.184 I/dvm_gc_info(  120): [8825198673194480690,-9133435248530589650,-4010027722443229138,7358131]
02-13 13:20:03.214 I/dvm_gc_info(  120): [8825198673194480199,-9214781516799969234,-4010027722443229138,7358131]
02-13 13:20:03.524 I/boot_progress_system_run(  206): 58519
02-13 13:20:03.665 I/boot_progress_pms_start(  206): 58655
02-13 13:20:03.845 I/dvm_gc_info(  206): [8320808730291693091,-9027037157343213517,-4005524122815858643,7358131]
02-13 13:20:03.925 I/boot_progress_pms_system_scan_start(  206): 58916
02-13 13:20:04.545 I/dvm_gc_info(  206): [8320808730291664464,-9031540344586557386,-4004679697885726675,7358131]
02-13 13:20:04.716 I/dvm_gc_info(  206): [8320808730291660397,-9018029270792910791,-4004116747932305363,7358131]
02-13 13:20:04.746 I/dvm_gc_info(  206): [8320808730291709280,-9209150779962668998,-4003553797978884051,7358131]
02-13 13:20:04.806 I/dvm_gc_info(  206): [8320808730291795530,-9215905973228517317,-4003272323002173395,7358131]
02-13 13:20:04.826 I/dvm_gc_info(  206): [8320808730291680569,-9221253997752465347,-4002709373048752083,7358131]
02-13 13:20:04.846 I/dvm_gc_info(  206): [8320808730291680632,-9222379691484100546,-4002427898072041427,7358131]
02-13 13:20:04.886 I/dvm_gc_info(  206): [8320808730291729974,-9219846416676927425,-4002427898072041427,7358131]
02-13 13:20:04.916 I/dvm_gc_info(  206): [8320808730291717280,-9222098216490612673,-4002146423095330771,7358131]
02-13 13:20:04.946 I/dvm_gc_info(  206): [8320808730291720192,-9223223910188693438,-4001301998165198803,7358131]
02-13 13:20:04.996 I/dvm_gc_info(  206): [8320808730291815776,-9222942435228759999,-4001583473141909459,7358131]
02-13 13:20:05.046 I/dvm_gc_info(  206): [8320808730291802112,-9223223703996708797,-4000739048211777491,7358131]
02-13 13:20:05.256 I/dvm_gc_info(  206): [8320808730291664443,-9047864724685649847,-3999050198351513555,7358131]
02-13 13:20:05.496 I/dvm_gc_info(  206): [8320808730291664144,-9046175462323779503,-3995953973607696339,7358131]
02-13 13:20:05.747 I/dvm_gc_info(  206): [8320808730291680878,-9032382432433104809,-3993983648770721747,7358131]
02-13 13:20:06.047 I/dvm_gc_info(  206): [8320808730291807914,-8942872908735522726,-3993139223840589779,7358131]
02-13 13:20:06.387 I/dvm_gc_info(  206): [8320808730291705902,-8876726083067516871,-4003835272955594707,7358131]
02-13 13:20:06.948 I/dvm_gc_info(  206): [8320808730291668581,-8987345748914837447,-4003835272955594707,7358131]
02-13 13:20:07.098 I/dvm_gc_info(  206): [8320808730291664488,-8980871824450459589,-4003272323002173395,7358131]
02-13 13:20:07.328 I/dvm_gc_info(  206): [8320808730291680850,-9019433896259741635,-4002709373048752083,7358131]
02-13 13:20:07.418 I/dvm_gc_info(  206): [8320808730291664578,-8922606504271382471,-4003835272955594707,7358131]
02-13 13:20:07.558 I/dvm_gc_info(  206): [8320808730291676755,-9015774721562523588,-4002990848025462739,7358131]
02-13 13:20:07.688 I/dvm_gc_info(  206): [8320808730291660500,-8919510279527585737,-4004398222909016019,7358131]
02-13 13:20:07.829 I/dvm_gc_info(  206): [8320808730291660379,-8999730647890114503,-4003835272955594707,7358131]
02-13 13:20:07.969 I/dvm_gc_info(  206): [8320808730291664476,-8991286398588737477,-4003272323002173395,7358131]
02-13 13:20:08.059 I/dvm_gc_info(  206): [8320808730291676745,-9062499567696492481,-4002146423095330771,7358131]
02-13 13:20:08.219 I/dvm_gc_info(  206): [8320808730291664544,-8924858304084981699,-4002709373048752083,7358131]
02-13 13:20:08.319 I/dvm_gc_info(  206): [8320808730291676731,-9050959093651281855,-4001583473141909459,7358131]
02-13 13:20:08.870 I/dvm_gc_info(  206): [8320808730291713720,-8922325029294598084,-4002990848025462739,7358131]
02-13 13:20:09.110 I/dvm_gc_info(  206): [8320808730291664554,-8924295354131646407,-4003835272955594707,7358131]
02-13 13:20:09.740 I/dvm_gc_info(  206): [8320808730291676759,-8998886222959900612,-4002990848025462739,7358131]
02-13 13:20:10.311 I/dvm_gc_info(  206): [8320808730291668622,-8925421254038439877,-4003272323002173395,7358131]
02-13 13:20:10.671 I/dvm_gc_info(  206): [8320808730291664477,-8981153299427116995,-4002709373048752083,7358131]
02-13 13:20:10.731 I/dvm_gc_info(  206): [8320808730291664508,-9019996846213220291,-4002709373048752083,7358131]
02-13 13:20:10.862 I/dvm_gc_info(  206): [8320808730291664418,-9043640744256784317,-4001020523188488147,7358131]
02-13 13:20:11.022 I/dvm_gc_info(  206): [8320808730291684963,-9002263922680244155,-4000176098258356179,7358131]
02-13 13:20:11.312 I/dvm_gc_info(  206): [8320808730291668744,-8914725204923389891,-4002709373048752083,7358131]
02-13 13:20:11.412 I/dvm_gc_info(  206): [8320808730291660362,-9006486047331071936,-4001864948118620115,7358131]
02-13 13:20:11.442 I/dvm_gc_info(  206): [8320808730291697253,-9128646187223500735,-4001583473141909459,7358131]
02-13 13:20:11.552 I/dvm_gc_info(  206): [8320808730291713095,-9068129067230623674,-3999894623281645523,7358131]
02-13 13:20:11.692 I/dvm_gc_info(  206): [8320808730291664451,-9039700094582708149,-3998205773421381587,7358131]
02-13 13:20:11.943 I/dvm_gc_info(  206): [8320808730291783279,-9000293597843105715,-3997642823467960275,7358131]
02-13 13:20:12.093 I/dvm_gc_info(  206): [8320808730291660644,-8907406855528912831,-4001583473141909459,7358131]
02-13 13:20:12.173 I/dvm_gc_info(  206): [8320808730291672686,-9060247767882766270,-4001301998165198803,7358131]
02-13 13:20:12.303 I/dvm_gc_info(  206): [8320808730291664419,-9045329594116970424,-3999331673328224211,7358131]
02-13 13:20:12.573 I/dvm_gc_info(  206): [8320808730291693147,-9016900621469087669,-3998205773421381587,7358131]
02-13 13:20:12.683 I/dvm_gc_info(  206): [8320808730291664689,-8915006679900030909,-4001301998165198803,7358131]
02-13 13:20:12.823 I/dvm_gc_info(  206): [8320808730291664437,-9040825994489591737,-3999613148304934867,7358131]
02-13 13:20:13.054 I/dvm_gc_info(  206): [8320808730291684984,-9001700972726757303,-3998768723374802899,7358131]
02-13 13:20:13.424 I/dvm_gc_info(  206): [8320808730291668731,-8916414054783547325,-4001020523188488147,7358131]
02-13 13:20:13.554 I/dvm_gc_info(  206): [8320808730291660407,-8942309752640939964,-4000739048211777491,7358131]
02-13 13:20:13.624 I/dvm_gc_info(  206): [8320808730291660323,-9068973492160735160,-3999050198351513555,7358131]
02-13 13:20:13.644 I/dvm_gc_info(  206): [8320808730291709304,-9222377354468042681,-3999613148304934867,7358131]
02-13 13:20:13.684 I/dvm_gc_info(  206): [8320808730291744768,-9223221573189412790,-3998768723374802899,7358131]
02-13 13:20:13.714 I/dvm_gc_info(  206): [8320808730291709510,-9215903223794935736,-3999331673328224211,7358131]
02-13 13:20:13.744 I/dvm_gc_info(  206): [8320808730291705209,-9221814198305859510,-3998768723374802899,7358131]
02-13 13:20:13.774 I/dvm_gc_info(  206): [8320808730291748864,-9223221366980650932,-3997642823467960275,7358131]
02-13 13:20:13.824 I/dvm_gc_info(  206): [8320808730291799616,-9220125142236833717,-3998205773421381587,7358131]
02-13 13:20:13.864 I/dvm_gc_info(  206): [8320808730291717472,-9222095467073808308,-3997642823467960275,7358131]
02-13 13:20:13.894 I/dvm_gc_info(  206): [8320808730291748864,-9223221160771889073,-3996798398537828307,7358131]
02-13 13:20:14.095 I/dvm_gc_info(  206): [8320808730291668544,-9041388325816584106,-3994265123747432403,7358131]
02-13 13:20:14.295 I/dvm_gc_info(  206): [8320808730291668593,-9034632926375348132,-3992294798910457811,7358131]
02-13 13:20:14.595 I/dvm_gc_info(  206): [8320808730291664295,-9024218352052242327,-3987791199283087315,7358131]
02-13 13:20:14.855 I/dvm_gc_info(  206): [8320808730291730184,-8949626727276038037,-3987228249329666003,7358131]
02-13 13:20:15.116 I/dvm_gc_info(  206): [8320808730291677238,-8872220971242284984,-3999331673328224211,7358131]
02-13 13:20:15.396 I/dvm_gc_info(  206): [8320808730291668640,-8921479092166682553,-3999613148304934867,7358131]
02-13 13:20:15.546 I/dvm_gc_info(  206): [8320808730291668529,-9026469258479663027,-3997361348491249619,7358131]
02-13 13:20:15.666 I/dvm_gc_info(  206): [8320808730291664479,-9015491734387918767,-3995953973607696339,7358131]
02-13 13:20:15.696 I/dvm_gc_info(  206): [8320808730291733688,-9222375842270250928,-3996235448584406995,7358131]
02-13 13:20:15.736 I/dvm_gc_info(  206): [8320808730291769344,-9223220060991621037,-3995109548677564371,7358131]
02-13 13:20:15.786 I/dvm_gc_info(  206): [8320808730291770744,-9222938586014910382,-3995672498630985683,7358131]
02-13 13:20:15.826 I/dvm_gc_info(  206): [8320808730291769344,-9223219648574097320,-3993702173794011091,7358131]
02-13 13:20:15.866 I/dvm_gc_info(  206): [8320808730291770928,-9222938173597386667,-3994546598724143059,7358131]
02-13 13:20:15.906 I/dvm_gc_info(  206): [8320808730291730016,-9221811930009274284,-3995109548677564371,7358131]
02-13 13:20:15.967 I/dvm_gc_info(  206): [8320808730291660333,-9216463905451771811,-3992013323933747155,7358131]
02-13 13:20:16.007 I/dvm_gc_info(  206): [8320808730291734064,-9221811930009274278,-3993139223840589779,7358131]
02-13 13:20:16.047 I/dvm_gc_info(  206): [8320808730291781632,-9223218961211557794,-3991450373980325843,7358131]
02-13 13:20:16.097 I/dvm_gc_info(  206): [8320808730291775110,-9219841261491025829,-3992576273887168467,7358131]
02-13 13:20:16.127 I/dvm_gc_info(  206): [8320808730291729966,-9222093061304711074,-3991450373980325843,7358131]
02-13 13:20:16.167 I/dvm_gc_info(  206): [8320808730291769344,-9223218617530283933,-3989761524120061907,7358131]
02-13 13:20:16.437 I/dvm_gc_info(  206): [8320808730291668597,-9024497283972241300,-3986665299376244691,7358131]
02-13 13:20:16.717 I/dvm_gc_info(  206): [8320808730291660324,-9014927134763644806,-3981598749795452883,7358131]
02-13 13:20:17.038 I/dvm_gc_info(  206): [8320808730291664563,-9008734685124994939,-3977658100121503699,7358131]
02-13 13:20:17.438 I/dvm_gc_info(  206): [8320808730291779408,-8920069448901945207,-3976532200214661075,7358131]
02-13 13:20:18.199 I/dvm_gc_info(  206): [8320808730291689554,-8833656287455082415,-3995953973607696339,7358131]
02-13 13:20:18.369 I/dvm_gc_info(  206): [8320808730291672854,-8914721080747911093,-3998205773421381587,7358131]
02-13 13:20:18.539 I/dvm_gc_info(  206): [8320808730291676837,-8925980079816300469,-3998205773421381587,7358131]
02-13 13:20:18.769 I/dvm_gc_info(  206): [8320808730291668638,-8924009754979370933,-3998205773421381587,7358131]
02-13 13:20:18.909 I/dvm_gc_info(  206): [8320808730291668605,-9005637498225387442,-3997079873514538963,7358131]
02-13 13:20:19.130 I/dvm_gc_info(  206): [8320808730291684960,-9015770597386885037,-3995391023654275027,7358131]
02-13 13:20:19.320 I/dvm_gc_info(  206): [8320808730291676929,-8917817305491634097,-3996798398537828307,7358131]
02-13 13:20:19.490 I/dvm_gc_info(  206): [8320808730291676838,-8939772353675085744,-3996516923561117651,7358131]
02-13 13:20:19.670 I/dvm_gc_info(  206): [8320808730291685021,-8925698604839475119,-3995953973607696339,7358131]
02-13 13:20:19.880 I/dvm_gc_info(  206): [8320808730291668703,-8920913530235525041,-3996798398537828307,7358131]
02-13 13:20:20.081 I/dvm_gc_info(  206): [8320808730291668588,-8995785874040403885,-3995391023654275027,7358131]
02-13 13:20:20.321 I/dvm_gc_info(  206): [8320808730291684991,-8985934249855481769,-3993983648770721747,7358131]
02-13 13:20:20.571 I/dvm_gc_info(  206): [8320808730291701530,-8915565505677895598,-3995672498630985683,7358131]
02-13 13:20:24.665 I/dvm_gc_info(  206): [8320808730291680878,-9009859622875883434,-3994265123747432403,7358131]
02-13 13:20:24.775 I/dvm_gc_info(  206): [8320808730291672856,-8920632055258736558,-3995672498630985683,7358131]
02-13 13:20:24.985 I/dvm_gc_info(  206): [8320808730291668541,-9028436971338721190,-3992857748863879123,7358131]
02-13 13:20:25.236 I/dvm_gc_info(  206): [8320808730291701422,-8966512476462282659,-3991731848957036499,7358131]
02-13 13:20:25.476 I/dvm_gc_info(  206): [8320808730291677102,-8904025031632766895,-3995953973607696339,7358131]
02-13 13:20:25.716 I/dvm_gc_info(  206): [8320808730291672729,-8943994478325688237,-3995391023654275027,7358131]
02-13 13:20:25.926 I/dvm_gc_info(  206): [8320808730291685054,-8924009754979162028,-3995109548677564371,7358131]
02-13 13:20:26.176 I/boot_progress_pms_data_scan_start(  206): 81164
02-13 13:20:26.176 I/boot_progress_pms_scan_end(  206): 81164
02-13 13:20:26.387 I/dvm_gc_info(  206): [8320808730291681021,-8915846980654647216,-3996516923561117651,7358131]
02-13 13:20:26.397 I/boot_progress_pms_ready(  206): 81387
02-13 13:20:26.447 I/dvm_gc_info(  206): [8320808730291783237,-9002541273481594804,-3997924298444670931,7358131]
02-13 13:20:26.837 I/db_sample(  206): [/data/data/com.android.providers.settings/databases/settings.db,INSERT OR IGNORE INTO system(name,value) VALUES(?,?);,0,,1]
02-13 13:20:27.007 I/battery_status(  206): [3,2,1,0,Li-ion]
02-13 13:20:27.007 I/battery_level(  206): [100,4181,330]
02-13 13:20:27.177 I/dvm_gc_info(  206): [8320808730291672649,-9018303872177293231,-3996235448584406995,7358131]
02-13 13:20:27.238 I/free_storage_left(  206): [2782318592,35962880,292642816]
02-13 13:20:27.238 I/free_storage_changed(  206): 2782318592
02-13 13:20:27.458 I/backup_data_changed(  206): android
02-13 13:20:27.488 I/backup_data_changed(  206): com.android.browser
02-13 13:20:27.498 I/backup_data_changed(  206): com.android.inputmethod.latin
02-13 13:20:27.508 I/backup_data_changed(  206): com.android.providers.settings
02-13 13:20:27.518 I/backup_data_changed(  206): com.android.providers.userdictionary
02-13 13:20:27.528 I/backup_data_changed(  206): com.android.vending
02-13 13:20:27.538 I/am_create_service(  206): [1080409968,com.google.android.backup/.BackupTransportService,,206]
02-13 13:20:27.608 I/backup_data_changed(  206): com.android.providers.settings
02-13 13:20:27.708 I/configuration_changed(  206): 504
02-13 13:20:27.728 I/dvm_gc_info(  206): [8320808730291811964,-8987060149762369453,-3995109548677564371,7358131]
02-13 13:20:27.728 I/power_screen_state(  206): [1,3,0,0]
02-13 13:20:27.728 I/power_screen_broadcast_send(  206): 1
02-13 13:20:27.738 I/am_proc_start(  206): [275,10027,com.google.process.gapps,broadcast,com.google.android.gsf/.loginservice.MigrateToAccountManagerBroadcastReceiver]
02-13 13:20:27.808 I/dvm_gc_madvise_info(  275): [380928,135168]
02-13 13:20:27.818 I/screen_toggled(  206): 1
02-13 13:20:27.868 I/am_proc_bound(  206): [275,com.google.process.gapps]
02-13 13:20:28.058 I/dvm_gc_info(  206): [8320808730292106821,-9018022397200521131,-3995109548677564371,7358211]
02-13 13:20:28.329 I/binder_sample(  275): [android.content.pm.IPackageManager,50,358,com.google.process.gapps,71]
02-13 13:20:28.329 I/am_proc_start(  206): [296,10007,android.process.acore,broadcast,com.android.providers.contacts/.ContactsUpgradeReceiver]
02-13 13:20:28.349 I/dvm_gc_madvise_info(  296): [376832,135168]
02-13 13:20:28.349 I/am_proc_bound(  206): [296,android.process.acore]
02-13 13:20:28.419 I/am_create_task(  206): 2
02-13 13:20:28.419 I/am_create_activity(  206): [1082437288,2,com.android.setupwizard/.SetupWizardActivity,android.intent.action.MAIN,NULL,NULL,276824064]
02-13 13:20:28.439 I/power_screen_broadcast_stop(  206): [2,1]
02-13 13:20:28.539 I/db_sample(  296): [/data/data/com.android.providers.contacts/databases/contacts2.db,CREATE TABLE properties (property_key TEXT PRIMARY KEY, property,2,android.process.acore,1]
02-13 13:20:28.619 I/db_sample(  296): [/data/data/com.android.providers.contacts/databases/contacts2.db,INSERT INTO nickname_lookup(name,cluster) VALUES (?,?),0,android.process.acore,1]
02-13 13:20:28.649 I/db_sample(  296): [/data/data/com.android.providers.contacts/databases/contacts2.db,INSERT INTO nickname_lookup(name,cluster) VALUES (?,?),1,android.process.acore,1]
02-13 13:20:28.649 I/db_sample(  296): [/data/data/com.android.providers.contacts/databases/contacts2.db,INSERT INTO nickname_lookup(name,cluster) VALUES (?,?),0,android.process.acore,1]
02-13 13:20:28.679 I/db_sample(  296): [/data/data/com.android.providers.contacts/databases/contacts2.db,INSERT INTO nickname_lookup(name,cluster) VALUES (?,?),0,android.process.acore,1]
02-13 13:20:28.689 I/db_sample(  296): [/data/data/com.android.providers.contacts/databases/contacts2.db,INSERT INTO nickname_lookup(name,cluster) VALUES (?,?),0,android.process.acore,1]
02-13 13:20:28.699 I/db_sample(  296): [/data/data/com.android.providers.contacts/databases/contacts2.db,INSERT INTO nickname_lookup(name,cluster) VALUES (?,?),0,android.process.acore,1]
02-13 13:20:28.719 I/dvm_gc_info(  296): [7017575181484881502,-8954135138442282961,-4006650022722701267,7358131]
02-13 13:20:28.719 I/db_sample(  296): [/data/data/com.android.providers.contacts/databases/contacts2.db,DROP VIEW IF EXISTS view_v1_contact_methods;,0,android.process.acore,1]
02-13 13:20:28.749 I/db_sample(  296): [/data/data/com.android.providers.contacts/databases/contacts2.db,DELETE FROM sqlite_stat1 WHERE tbl='name_lookup' AND idx='name_l,0,android.process.acore,1]
02-13 13:20:29.590 I/db_sample(  296): [/data/data/com.android.providers.contacts/databases/contacts2.db,COMMIT;PRAGMA user_version = 309,830,android.process.acore,100]
02-13 13:20:29.730 I/contacts_upgrade_receiver(  296): 1318
02-13 13:20:29.740 I/am_proc_start(  206): [309,10053,com.android.providers.calendar,broadcast,com.android.providers.calendar/.CalendarUpgradeReceiver]
02-13 13:20:29.750 I/dvm_gc_madvise_info(  309): [376832,135168]
02-13 13:20:29.760 I/am_proc_bound(  206): [309,com.android.providers.calendar]
02-13 13:20:29.860 I/wifi_supplicant_connection_state_changed(  206): 1
02-13 13:20:29.880 I/wifi_supplicant_state_changed(  206): 2
02-13 13:20:29.880 I/connectivity_state_changed(  206): 9
02-13 13:20:29.960 I/calendar_upgrade_receiver(  309): 146
02-13 13:20:29.970 I/boot_progress_ams_ready(  206): 84954
02-13 13:20:29.980 I/am_proc_start(  206): [317,1000,com.android.systemui,service,com.android.systemui/.statusbar.StatusBarService]
02-13 13:20:29.980 I/configuration_changed(  206): 512
02-13 13:20:30.000 I/dvm_gc_madvise_info(  317): [376832,135168]
02-13 13:20:30.010 I/am_proc_bound(  206): [317,com.android.systemui]
02-13 13:20:30.020 I/am_create_service(  206): [1080711728,com.android.systemui/.statusbar.StatusBarService,,317]
02-13 13:20:30.130 I/am_create_service(  206): [1081788096,android/com.android.internal.service.wallpaper.ImageWallpaper,act=android.service.wallpaper.WallpaperService,206]
02-13 13:20:30.150 I/am_proc_start(  206): [326,10038,com.android.inputmethod.latin,service,com.android.inputmethod.latin/.LatinIME]
02-13 13:20:30.180 I/am_proc_start(  206): [331,1001,com.android.phone,added application,com.android.phone]
02-13 13:20:30.200 I/am_proc_start(  206): [332,1002,com.broadcom.bt.app.system,added application,com.broadcom.bt.app.system]
02-13 13:20:30.200 I/dvm_gc_madvise_info(  326): [376832,135168]
02-13 13:20:30.220 I/am_proc_start(  206): [336,10017,com.android.setupwizard,activity,com.android.setupwizard/.SetupWizardActivity]
02-13 13:20:30.250 I/am_proc_start(  206): [341,10016,com.locationlabs.v3client,broadcast,com.locationlabs.v3client/com.locationlabs.util.android.Autostart]
02-13 13:20:30.260 I/dvm_gc_madvise_info(  331): [372736,135168]
02-13 13:20:30.260 I/backup_data_changed(  206): com.android.providers.settings
02-13 13:20:30.290 I/dvm_gc_madvise_info(  336): [372736,135168]
02-13 13:20:30.301 I/dvm_gc_madvise_info(  332): [372736,135168]
02-13 13:20:30.351 I/dvm_gc_madvise_info(  341): [368640,135168]
02-13 13:20:30.371 I/db_sample(  206): [/data/data/com.android.providers.settings/databases/settings.db,INSERT INTO system(value, name) VALUES(?, ?);,51,,11]
02-13 13:20:30.391 I/dvm_gc_info(  206): [8320808730291676777,-8981430650228082599,-3989480049143351251,7898975]
02-13 13:20:30.431 I/dvm_gc_info(  120): [8825198673195119661,-9139345947962275794,-4006087072769275858,7358131]
02-13 13:20:30.501 I/dvm_gc_info(  120): [8825198673194668080,-9222662541068629970,-4006087072769275858,7358131]
02-13 13:20:30.531 I/dvm_gc_info(  206): [8320808730292180228,-9069250842961811368,-3989480049143351251,7898960]
02-13 13:20:30.541 I/backup_data_changed(  206): com.android.providers.settings
02-13 13:20:30.581 I/dvm_gc_info(  120): [8825198673194717232,-9222662541068629970,-4006087072769275858,7358131]
02-13 13:20:30.651 I/am_proc_bound(  206): [326,com.android.inputmethod.latin]
02-13 13:20:30.651 I/am_create_service(  206): [1079628440,com.android.inputmethod.latin/.LatinIME,act=android.view.InputMethod,326]
02-13 13:20:30.661 I/am_proc_bound(  206): [336,com.android.setupwizard]
02-13 13:20:30.671 I/am_restart_activity(  206): [1082437288,2,com.android.setupwizard/.SetupWizardActivity]
02-13 13:20:30.671 I/am_proc_bound(  206): [332,com.broadcom.bt.app.system]
02-13 13:20:30.681 I/am_proc_bound(  206): [331,com.android.phone]
02-13 13:20:30.681 I/am_proc_bound(  206): [341,com.locationlabs.v3client]
02-13 13:20:30.691 I/binder_sample(  317): [android.app.IActivityManager,12,468,com.android.systemui,93]
02-13 13:20:30.691 I/binder_sample(  326): [android.app.IActivityManager,17,225,<pre-initialized>,45]
02-13 13:20:30.691 I/binder_sample(  341): [android.app.IActivityManager,17,229,<pre-initialized>,45]
02-13 13:20:30.701 I/binder_sample(  332): [android.app.IActivityManager,17,246,<pre-initialized>,49]
02-13 13:20:30.721 I/binder_sample(  331): [android.app.IActivityManager,17,270,<pre-initialized>,54]
02-13 13:20:30.721 I/binder_sample(  336): [android.app.IActivityManager,17,271,<pre-initialized>,54]
02-13 13:20:30.751 I/backup_data_changed(  206): com.android.providers.settings
02-13 13:20:30.751 I/binder_sample(  317): [android.view.IWindowManager,4,34,com.android.systemui,6]
02-13 13:20:30.771 I/wifi_supplicant_state_changed(  206): 1
02-13 13:20:30.831 I/binder_sample(  332): [android.content.IContentProvider,3,45,com.broadcom.bt.app.system,9]
02-13 13:20:31.021 I/binder_sample(  332): [android.content.IContentProvider,3,46,com.broadcom.bt.app.system,9]
02-13 13:20:31.051 I/am_proc_start(  206): [374,10027,com.google.process.gapps,service,com.google.android.gsf/.loginservice.GoogleLoginService]
02-13 13:20:31.061 I/binder_sample(  336): [android.app.IActivityManager,36,64,com.android.setupwizard,12]
02-13 13:20:31.061 I/notification_cancel(  206): [android,17302240,0]
02-13 13:20:31.181 I/content_update_sample(  332): [content://settings/system,insert,,162,com.broadcom.bt.app.system,33]
02-13 13:20:31.181 I/binder_sample(  326): [android.app.IActivityManager,29,48,com.android.inputmethod.latin,9]
02-13 13:20:31.191 I/notification_cancel(  206): [android,17302240,0]
02-13 13:20:31.271 I/am_proc_bound(  206): [374,com.google.process.gapps]
02-13 13:20:31.271 I/am_create_service(  206): [1079910464,com.google.android.gsf/.loginservice.GoogleLoginService,act=com.google.android.gsf.action.GET_GLS,374]
02-13 13:20:31.522 I/dvm_gc_info(  341): [8517260637557098050,-9027037226113026000,-4006368547745990611,7358131]
02-13 13:20:31.532 I/backup_data_changed(  206): com.android.providers.settings
02-13 13:20:31.532 I/backup_data_changed(  206): com.android.providers.settings
02-13 13:20:33.343 I/db_sample(  206): [/data/data/com.android.providers.settings/databases/settings.db,INSERT INTO system(value, name) VALUES(?, ?);,1974,,100]
02-13 13:20:33.343 I/db_sample(  206): [/data/data/com.android.providers.settings/databases/settings.db,GETLOCK:SELECT * FROM system WHERE ((name=?) or (name=?) or (nam,1976,,100]
02-13 13:20:33.353 I/db_sample(  206): [/data/data/com.android.providers.settings/databases/settings.db,SELECT * FROM system WHERE ((name=?) or (name=?) or (name=?) or ,1983,,100]
02-13 13:20:33.384 I/binder_sample(  336): [android.content.pm.IPackageManager,50,2004,com.android.setupwizard,100]
02-13 13:20:33.404 I/binder_sample(  332): [android.content.IContentProvider,3,2052,com.broadcom.bt.app.system,100]
02-13 13:20:33.404 I/content_update_sample(  332): [content://settings/system,insert,,2052,com.broadcom.bt.app.system,100]
02-13 13:20:33.434 I/dvm_gc_info(  326): [7809651225003304485,-9039703668818036687,-4010027722443229139,7358207]
02-13 13:20:33.604 I/binder_sample(  317): [android.content.pm.IPackageManager,10,2165,com.android.systemui,100]
02-13 13:20:33.604 I/binder_sample(  332): [android.content.IContentProvider,3,97,com.broadcom.bt.app.system,19]
02-13 13:20:33.604 I/content_update_sample(  332): [content://settings/system,insert,,97,com.broadcom.bt.app.system,20]
02-13 13:20:33.624 I/am_proc_start(  206): [402,10007,android.process.acore,content provider,com.android.providers.userdictionary/.UserDictionaryProvider]
02-13 13:20:33.644 I/binder_sample(  331): [android.app.IActivityManager,12,916,com.android.phone,100]
02-13 13:20:33.644 I/binder_sample(  374): [android.app.IActivityManager,12,1898,com.google.process.gapps,100]
02-13 13:20:33.644 I/am_create_task(  206): 3
02-13 13:20:33.644 I/am_create_activity(  206): [1079624600,3,com.android.launcher/com.android.launcher2.Launcher,android.intent.action.MAIN,NULL,NULL,270532608]
02-13 13:20:33.654 I/am_pause_activity(  206): [1082437288,com.android.setupwizard/.SetupWizardActivity]
02-13 13:20:33.664 I/binder_sample(  326): [android.app.IActivityManager,38,194,com.android.inputmethod.latin,38]
02-13 13:20:33.664 I/binder_sample(  336): [android.app.IActivityManager,3,284,com.android.setupwizard,56]
02-13 13:20:33.684 I/am_proc_died(  206): [336,com.android.setupwizard]
02-13 13:20:33.684 I/am_destroy_service(  206): [1079910464,com.google.android.gsf/.loginservice.GoogleLoginService,374]
02-13 13:20:33.694 I/am_proc_start(  206): [407,10037,com.android.launcher,activity,com.android.launcher/com.android.launcher2.Launcher]
02-13 13:20:33.694 I/am_low_memory(  206): 7
02-13 13:20:33.734 I/am_proc_bound(  206): [402,android.process.acore]
02-13 13:20:33.784 I/binder_sample(  341): [android.content.pm.IPackageManager,12,2101,com.locationlabs.v3client,100]
02-13 13:20:33.784 I/am_proc_bound(  206): [407,com.android.launcher]
02-13 13:20:33.894 I/dvm_gc_info(  317): [8320808730291664425,-9032103775677028303,-4004961172862437331,7358189]
02-13 13:20:34.034 I/db_sample(  326): [/data/data/com.android.inputmethod.latin/databases/userbigram_dict.db,COMMIT;PRAGMA user_version = 1,293,,59]
02-13 13:20:34.084 I/binder_sample(  341): [android.content.pm.IPackageManager,50,306,com.locationlabs.v3client,61]
02-13 13:20:34.114 I/am_restart_activity(  206): [1079624600,3,com.android.launcher/com.android.launcher2.Launcher]
02-13 13:20:34.134 I/binder_sample(  407): [android.app.IActivityManager,17,347,<pre-initialized>,69]
02-13 13:20:34.274 I/dvm_gc_info(  331): [8099846449757480495,-9025066901242480590,-4006087072769279955,7358131]
02-13 13:20:34.274 I/am_create_service(  206): [1086399240,com.google.android.location/.NetworkLocationService,act=com.google.android.location.NetworkLocationProvider,374]
02-13 13:20:34.274 I/binder_sample(  317): [android.app.IActivityManager,12,400,com.android.systemui,80]
02-13 13:20:34.274 I/binder_sample(  341): [android.app.IActivityManager,14,184,com.locationlabs.v3client,36]
02-13 13:20:34.284 I/am_proc_start(  206): [419,1000,com.redbend.vdmc,broadcast,com.redbend.vdmc/.MyConnectionChangeReceiver]
02-13 13:20:34.394 I/am_proc_bound(  206): [419,com.redbend.vdmc]
02-13 13:20:34.394 I/binder_sample(  407): [android.app.IActivityManager,12,64,com.android.launcher,12]
02-13 13:20:34.425 I/binder_sample(  331): [android.app.IActivityManager,46,32,com.android.phone,6]
02-13 13:20:34.475 I/configuration_changed(  206): 4
02-13 13:20:34.505 I/binder_sample(  407): [android.app.IActivityManager,12,76,com.android.launcher,15]
02-13 13:20:34.515 I/am_proc_start(  206): [428,10020,com.google.android.apps.plus,broadcast,com.google.android.apps.plus/com.google.android.picasasync.ConnectivityReceiver]
02-13 13:20:34.545 I/configuration_changed(  206): 3
02-13 13:20:34.555 I/am_relaunch_resume_activity(  206): [1079624600,3,com.android.launcher/com.android.launcher2.Launcher]
02-13 13:20:34.575 I/binder_sample(  331): [android.app.IActivityManager,47,27,com.android.phone,5]
02-13 13:20:34.625 I/db_sample(  206): [/data/data/com.android.providers.settings/databases/settings.db,INSERT INTO secure(value, name) VALUES(?, ?);,78,,16]
02-13 13:20:34.635 I/am_proc_bound(  206): [428,com.google.android.apps.plus]
02-13 13:20:34.645 I/am_create_service(  206): [1082187576,com.google.android.location/.internal.server.NetworkLocationService,act=com.google.android.location.internal.ANDROID_NLP,374]
02-13 13:20:34.645 I/db_sample(  402): [/data/data/com.android.providers.contacts/databases/contacts2.db,INSERT INTO mimetypes(mimetype) VALUES (?),47,android.process.acore,10]
02-13 13:20:34.685 I/backup_data_changed(  206): com.android.providers.settings
02-13 13:20:34.705 I/binder_sample(  331): [android.content.IContentProvider,3,95,com.android.phone,19]
02-13 13:20:34.775 I/backup_data_changed(  206): com.android.providers.settings
02-13 13:20:34.775 I/backup_data_changed(  206): com.android.providers.settings
02-13 13:20:34.875 I/binder_sample(  331): [android.content.IContentProvider,3,120,com.android.phone,24]
02-13 13:20:34.925 I/backup_data_changed(  206): com.android.providers.settings
02-13 13:20:35.075 I/content_query_sample(  374): [content://com.google.settings/partner,value,name='maps_client_id',,395,com.google.process.gapps,80]
02-13 13:20:35.085 I/db_sample(  206): [/data/data/com.android.providers.settings/databases/settings.db,INSERT INTO system(value, name) VALUES(?, ?);,169,,34]
02-13 13:20:35.095 I/binder_sample(  331): [android.content.IContentProvider,3,219,com.android.phone,43]
02-13 13:20:35.115 I/backup_data_changed(  206): com.android.providers.settings
02-13 13:20:35.125 I/db_sample(  402): [/data/data/com.android.providers.contacts/databases/contacts2.db,DROP INDEX raw_contact_sort_key2_index,1,,1]
02-13 13:20:35.155 I/binder_sample(  402): [android.app.IActivityManager,30,29,android.process.acore,5]
02-13 13:20:35.175 I/notification_cancel(  206): [com.android.phone,2,0]
02-13 13:20:35.215 I/db_sample(  402): [/data/data/com.android.providers.contacts/databases/contacts2.db,INSERT INTO nickname_lookup(name,cluster) VALUES (?,?),0,,1]
02-13 13:20:35.235 I/dvm_gc_info(  428): [3346293774832686691,-8965393931301885902,-4005805597792569299,7358131]
02-13 13:20:35.285 I/db_sample(  206): [/data/data/com.android.providers.settings/databases/settings.db,GETLOCK:SELECT * FROM system WHERE ((name=?) or (name=?) or (nam,365,,74]
02-13 13:20:35.415 I/db_sample(  402): [/data/data/com.android.providers.contacts/databases/contacts2.db,INSERT INTO nickname_lookup(name,cluster) VALUES (?,?),0,,1]
02-13 13:20:35.426 I/dvm_gc_info(  428): [3346293774832694900,-8936964821198370765,-4005524122815858643,7358131]
02-13 13:20:35.436 I/db_sample(  402): [/data/data/com.android.providers.contacts/databases/contacts2.db,INSERT INTO nickname_lookup(name,cluster) VALUES (?,?),0,,1]
02-13 13:20:35.436 I/db_sample(  402): [/data/data/com.android.providers.contacts/databases/contacts2.db,INSERT INTO nickname_lookup(name,cluster) VALUES (?,?),0,,1]
02-13 13:20:35.466 I/binder_sample(  407): [android.content.pm.IPackageManager,12,105,com.android.launcher,21]
02-13 13:20:35.476 I/am_create_service(  206): [1085451200,com.android.phone/.BluetoothHeadsetService,act=android.bluetooth.IBluetoothHeadset,331]
02-13 13:20:35.486 I/content_query_sample(  206): [content://settings/secure,,(name=?),,684,,100]
02-13 13:20:35.506 I/dvm_gc_info(  206): [8320808730292123349,-8920069105305106341,-3986102349422823379,8542163]
02-13 13:20:35.526 I/db_sample(  402): [/data/data/com.android.providers.contacts/databases/contacts2.db,INSERT INTO nickname_lookup(name,cluster) VALUES (?,?),0,,1]
02-13 13:20:35.556 I/binder_sample(  331): [android.view.IWindowManager,61,66,com.android.phone,13]
02-13 13:20:35.606 I/dvm_gc_madvise_info(  407): [208896,135168]
02-13 13:20:35.606 I/dvm_gc_madvise_info(  374): [135168,135168]
02-13 13:20:35.626 I/dvm_gc_info(  402): [7017575181484877414,-8925143009632274382,-4005805597792569299,7358131]
02-13 13:20:35.636 I/dvm_gc_madvise_info(  419): [319488,135168]
02-13 13:20:36.176 I/db_sample(  402): [:memory:,DELETE FROM applications,1,,1]
02-13 13:20:36.567 I/dvm_gc_madvise_info(  341): [241664,135168]
02-13 13:20:37.618 I/db_sample(  402): [/data/data/com.android.providers.contacts/databases/contacts2.db,COMMIT;CREATE INDEX raw_contact_sort_key2_index ON raw_contacts ,2004,,100]
02-13 13:20:37.668 I/binder_sample(  331): [com.android.internal.telephony.ITelephonyRegistry,2,1680,com.android.phone,100]
02-13 13:20:37.668 I/binder_sample(  428): [android.content.pm.IPackageManager,50,2075,com.google.android.apps.plus,100]
02-13 13:20:37.678 I/notification_cancel(  206): [com.android.providers.contacts,1,0]
02-13 13:20:37.708 I/content_query_sample(  331): [content://call_log/calls,_id/number/date/duration/type,type=3 AND new=1,date DESC,2523,,100]
02-13 13:20:37.768 I/binder_sample(  407): [android.app.ISearchManager,3,2297,com.android.launcher,100]
02-13 13:20:37.838 I/am_proc_start(  206): [454,10031,com.google.android.apps.uploader,broadcast,com.google.android.apps.uploader/.ConnectivityBroadcastReceiver]
02-13 13:20:37.888 I/dvm_gc_madvise_info(  454): [372736,135168]
02-13 13:20:37.908 I/content_query_sample(  407): [content://com.android.launcher2.settings/favorites?notify=true,_id/iconPackage/iconResource/appWidgetId,itemType=?,,3306,com.android.launcher,100]
02-13 13:20:37.928 I/am_proc_bound(  206): [454,com.google.android.apps.uploader]
02-13 13:20:37.958 I/backup_data_changed(  206): com.android.providers.settings
02-13 13:20:38.088 I/dvm_gc_info(  206): [8320808730291881586,-8987341624738957221,-3986102349422823379,8542163]
02-13 13:20:38.098 I/am_create_service(  206): [1086744120,com.google.android.gsf/.checkin.CheckinService,,374]
02-13 13:20:38.138 I/am_create_service(  206): [1086380600,com.google.android.gsf/.gtalkservice.service.GTalkService,act=com.google.android.gtalkservice.IGTalkService,374]
02-13 13:20:38.138 I/gtalkservice(  374): 3
02-13 13:20:38.138 I/am_proc_start(  206): [466,10043,com.google.android.gm,broadcast,com.google.android.gm/.downloadprovider.DownloadReceiver]
02-13 13:20:38.198 I/dvm_gc_madvise_info(  466): [372736,135168]
02-13 13:20:38.308 I/dvm_gc_info(  407): [7809652345805366824,-9036044562789947344,-4006087072769279955,7358210]
02-13 13:20:38.338 I/dvm_gc_info(  206): [8320808730292155717,-9055458569102944166,-3983287599655716819,8624167]
02-13 13:20:38.378 I/am_proc_bound(  206): [466,com.google.android.gm]
02-13 13:20:38.378 I/content_query_sample(  374): [content://com.google.android.providers.talk/providers,_id/category,name=?,,223,com.google.process.gapps,45]
02-13 13:20:38.408 I/binder_sample(  454): [android.app.IActivityManager,69,235,com.google.android.apps.uploader,47]
02-13 13:20:38.468 I/dvm_gc_madvise_info(  326): [196608,135168]
02-13 13:20:38.629 I/am_create_service(  206): [1085073088,com.google.android.gsf/.loginservice.GoogleLoginService,act=android.accounts.AccountAuthenticator,374]
02-13 13:20:38.689 I/dvm_gc_info(  407): [7809652345805681829,-9067569760181528527,-4006087072769279955,7903112]
02-13 13:20:38.709 I/gtalkservice(  374): 11
02-13 13:20:38.709 I/am_destroy_service(  206): [1085073088,com.google.android.gsf/.loginservice.GoogleLoginService,374]
02-13 13:20:38.709 I/gtalkservice(  374): 11
02-13 13:20:38.719 I/db_sample(  402): [/data/data/com.android.providers.userdictionary/databases/user_dict.db,CREATE TABLE words (_id INTEGER PRIMARY KEY,word TEXT,frequency ,562,,100]
02-13 13:20:38.739 I/am_create_activity(  206): [1079538192,3,com.sprint.w.installer/.WInstaller,com.sprint.installer.ACTION_FIRST_RUN,NULL,NULL,0]
02-13 13:20:38.739 I/am_pause_activity(  206): [1079624600,com.android.launcher/com.android.launcher2.Launcher]
02-13 13:20:38.749 I/am_proc_start(  206): [478,10024,android.process.media,broadcast,com.android.providers.downloads/.DownloadReceiver]
02-13 13:20:38.749 I/am_on_resume_called(  407): com.android.launcher2.Launcher
02-13 13:20:38.759 I/am_on_paused_called(  407): com.android.launcher2.Launcher
02-13 13:20:38.769 I/content_query_sample(  428): [content://com.google.android.apps.plus.content.EsGooglePhotoProvider/settings,auto_upload_enabled,,,0,,1]
02-13 13:20:38.779 I/db_sample(  407): [/data/data/com.android.launcher/databases/launcher.db,SELECT _id, iconPackage, iconResource, appWidgetId FROM favorite,0,com.android.launcher,1]
02-13 13:20:38.799 I/dvm_gc_madvise_info(  478): [372736,135168]
02-13 13:20:38.819 I/am_proc_bound(  206): [478,android.process.media]
02-13 13:20:38.929 I/dvm_gc_madvise_info(  317): [192512,135168]
02-13 13:20:38.949 I/content_query_sample(  326): [content://com.android.contacts/contacts,_id/display_name,,,3534,,100]
02-13 13:20:38.959 I/db_sample(  402): [/data/data/com.android.providers.userdictionary/databases/user_dict.db,COMMIT;PRAGMA user_version = 1,234,,47]
02-13 13:20:38.969 I/content_query_sample(  326): [content://user_dictionary/words,_id/word/frequency,(locale IS NULL) or (locale=?),,3776,,100]
02-13 13:20:39.019 I/db_sample(  341): [/data/data/com.locationlabs.v3client/databases/V3Client_DEBUGDATA,BEGIN EXCLUSIVE;,0,com.locationlabs.v3client,1]
02-13 13:20:39.079 I/dvm_gc_info(  407): [7809652345805481397,-9050681192859400143,-4006087072769279955,8525856]
02-13 13:20:39.089 I/dvm_gc_info(  374): [7449358886915671653,-8992697004042827726,-4005805597792569299,7358131]
02-13 13:20:39.149 I/am_create_activity(  206): [1081087216,3,com.sprint.w.installer/.WInstaller,com.sprint.installer.ACTION_FIRST_RUN,NULL,NULL,0]
02-13 13:20:39.169 I/am_on_resume_called(  407): com.android.launcher2.Launcher
02-13 13:20:39.189 I/am_on_paused_called(  407): com.android.launcher2.Launcher
02-13 13:20:39.189 I/am_proc_start(  206): [489,10014,com.sprint.w.installer,activity,com.sprint.w.installer/.WInstaller]
02-13 13:20:39.229 I/dvm_gc_madvise_info(  489): [368640,135168]
02-13 13:20:39.259 I/am_proc_bound(  206): [489,com.sprint.w.installer]
02-13 13:20:39.259 I/am_restart_activity(  206): [1081087216,3,com.sprint.w.installer/.WInstaller]
02-13 13:20:39.279 I/dvm_gc_madvise_info(  331): [184320,135168]
02-13 13:20:39.309 I/am_create_service(  206): [1085262848,com.sprint.w.installer/com.sprint.id.updater.UpdaterService,,489]
02-13 13:20:39.329 I/am_proc_start(  206): [496,10004,com.google.android.voicesearch,broadcast,com.google.android.voicesearch/.GservicesBroadcastReceiver]
02-13 13:20:39.359 I/dvm_gc_madvise_info(  496): [368640,135168]
02-13 13:20:39.379 I/am_proc_bound(  206): [496,com.google.android.voicesearch]
02-13 13:20:39.459 I/dvm_gc_info(  407): [7809652345806021838,-9061940191810381774,-3996798398537828307,8554534]
02-13 13:20:39.550 I/boot_progress_enable_screen(  206): 94530
02-13 13:20:39.580 I/notification_enqueue(  206): [com.android.systemui,17301675,Notification(vibrate=null,sound=null,defaults=0x0,flags=0x2)]
02-13 13:20:39.590 I/binder_sample(  407): [android.app.IActivityManager,18,65,com.android.launcher,13]
02-13 13:20:39.810 I/binder_sample(  496): [android.content.IContentProvider,1,293,com.google.android.voicesearch,58]
02-13 13:20:39.810 I/content_query_sample(  496): [content://com.google.android.gsf.gservices/prefix,,,,294,com.google.android.voicesearch,59]
02-13 13:20:40.110 I/am_create_service(  206): [1083878648,com.google.android.apps.plus/.service.EsService,,428]
02-13 13:20:40.120 I/am_proc_start(  206): [531,10022,com.android.vending,broadcast,com.android.vending/com.google.android.finsky.receivers.ClearCacheReceiver]
02-13 13:20:40.170 I/dvm_gc_madvise_info(  531): [368640,135168]
02-13 13:20:40.180 I/dvm_gc_info(  120): [8825198673194611760,-9134279398381483986,-4006087072769275858,7358131]
02-13 13:20:40.190 I/am_proc_bound(  206): [531,com.android.vending]
02-13 13:20:40.230 I/dvm_gc_info(  120): [8825198673194598448,-9222662541068629970,-4006087072769275858,7358131]
02-13 13:20:40.290 I/dvm_gc_info(  120): [8825198673194647608,-9222662541068629970,-4006087072769275858,7358131]
02-13 13:20:40.520 I/backup_data_changed(  206): com.android.vending
02-13 13:20:40.641 I/dvm_gc_madvise_info(  402): [282624,135168]
02-13 13:20:40.721 I/screen_toggled(  206): 2
02-13 13:20:40.751 I/dvm_gc_madvise_info(  428): [163840,135168]
02-13 13:20:40.881 I/dvm_gc_info(  206): [8320808730291877471,-8965668051532208035,-3985539399469402067,8550355]
02-13 13:20:40.931 I/notification_cancel(  206): [com.android.systemui,17301675,0]
02-13 13:20:41.061 I/binder_sample(  531): [android.content.pm.IPackageManager,50,352,com.android.vending,70]
02-13 13:20:41.081 I/am_proc_start(  206): [554,10041,com.google.android.partnersetup,broadcast,com.google.android.partnersetup/.PhoneStateReceiver]
02-13 13:20:41.091 I/binder_sample(  317): [android.view.IWindowSession,4,35,com.android.systemui,7]
02-13 13:20:41.111 I/am_proc_bound(  206): [554,com.google.android.partnersetup]
02-13 13:20:41.471 I/dvm_gc_info(  331): [8099846449757521464,-9017466733223524299,-4004961172862437331,7358131]
02-13 13:20:41.642 I/am_proc_died(  206): [531,com.android.vending]
02-13 13:20:41.652 I/binder_sample(  407): [android.content.pm.IPackageManager,10,319,com.android.launcher,63]
02-13 13:20:41.652 I/am_destroy_service(  206): [1086744120,com.google.android.gsf/.checkin.CheckinService,374]
02-13 13:20:41.682 I/binder_sample(  554): [android.content.IContentProvider,3,42,com.google.android.partnersetup,8]
02-13 13:20:41.762 I/dvm_gc_info(  407): [7809652345805125156,-9052088430186543054,-3996798398537828307,8554536]
02-13 13:20:41.832 I/db_sample(  331): [/data/data/com.android.providers.telephony/databases/telephony.db,INSERT INTO carriers(port, authtype, mmsproxy, numeric, mcc, typ,3,,1]
02-13 13:20:41.842 I/binder_sample(  554): [android.content.IContentProvider,3,46,com.google.android.partnersetup,9]
02-13 13:20:41.872 I/am_proc_start(  206): [570,10040,com.google.android.googlequicksearchbox,broadcast,com.google.android.googlequicksearchbox/.SearchWidgetProvider]
02-13 13:20:41.892 I/am_proc_bound(  206): [570,com.google.android.googlequicksearchbox]
02-13 13:20:41.952 I/am_create_service(  206): [1083867832,com.google.android.gsf/.loginservice.GoogleLoginService,act=android.accounts.AccountAuthenticator,374]
02-13 13:20:41.972 I/am_destroy_service(  206): [1083867832,com.google.android.gsf/.loginservice.GoogleLoginService,374]
02-13 13:20:42.332 I/dvm_gc_info(  331): [8099846449757541991,-8925424209680709579,-4004961172862437331,7358131]
02-13 13:20:42.462 I/dvm_gc_info(  407): [7809652345805084229,-8992697003942139852,-3996798398537828307,8534051]
02-13 13:20:42.532 I/am_proc_start(  206): [580,10048,com.android.email,content provider,com.android.email/com.android.exchange.provider.ExchangeProvider]
02-13 13:20:42.542 I/am_proc_bound(  206): [580,com.android.email]
02-13 13:20:42.663 I/power_sleep_requested(  206): 0
02-13 13:20:42.913 I/power_screen_state(  206): [0,2,0,0]
02-13 13:20:42.923 I/power_screen_broadcast_send(  206): 1
02-13 13:20:42.923 I/screen_toggled(  206): 0
02-13 13:20:42.923 I/am_pause_activity(  206): [1081087216,com.sprint.w.installer/.WInstaller]
02-13 13:20:43.153 I/dvm_gc_info(  580): [7308604875703682647,-8987348979468527565,-4005524122815858643,7358131]
02-13 13:20:43.233 I/dvm_gc_info(  206): [8320808730292098717,-8923165330048886690,-3985539399469402067,8550438]
02-13 13:20:43.293 I/content_query_sample(  580): [content://com.android.email.provider/account,_id,,,525,,100]
02-13 13:20:43.343 I/content_query_sample(  206): [content://com.android.exchange.provider/policy/AllowBluetooth,,,,571,,100]
02-13 13:20:43.423 I/dvm_gc_info(  580): [7308604875703641659,-9022814689044731850,-4004679697885726675,7358131]
02-13 13:20:43.543 I/content_query_sample(  580): [content://com.android.email.provider/account,_id,,,715,,100]
02-13 13:20:43.603 I/dvm_gc_info(  331): [8099846449757521517,-8924861259727288267,-4004961172862437331,7358131]
02-13 13:20:43.794 I/dvm_gc_info(  331): [8099846449757521516,-8924861259727284171,-4004961172862437331,7358131]
02-13 13:20:43.864 I/db_sample(  331): [/data/data/com.android.providers.telephony/databases/telephony.db,INSERT INTO carriers(port, authtype, mmsproxy, numeric, mcc, typ,0,,1]
02-13 13:20:43.904 I/db_sample(  331): [/data/data/com.android.providers.telephony/databases/telephony.db,INSERT INTO carriers(port, authtype, mmsproxy, numeric, mcc, typ,0,,1]
02-13 13:20:43.994 I/dvm_gc_info(  331): [8099846449757521515,-8924861259727288267,-4004961172862437331,7358131]
02-13 13:20:44.024 I/db_sample(  331): [/data/data/com.android.providers.telephony/databases/telephony.db,INSERT INTO carriers(port, authtype, mmsproxy, numeric, mcc, typ,0,,1]
02-13 13:20:44.094 I/dvm_gc_madvise_info(  374): [159744,135168]
02-13 13:20:44.104 I/db_sample(  331): [/data/data/com.android.providers.telephony/databases/telephony.db,INSERT INTO carriers(port, authtype, mmsproxy, numeric, mcc, typ,0,,1]
02-13 13:20:44.104 I/db_sample(  331): [/data/data/com.android.providers.telephony/databases/telephony.db,INSERT INTO carriers(port, authtype, mmsproxy, numeric, mcc, typ,0,,1]
02-13 13:20:44.114 I/db_sample(  331): [/data/data/com.android.providers.telephony/databases/telephony.db,INSERT INTO carriers(port, authtype, mmsproxy, numeric, mcc, typ,0,,1]
02-13 13:20:44.194 I/dvm_gc_info(  331): [8099846449757480558,-8924861259727284171,-4004961172862437331,7358131]
02-13 13:20:44.314 I/dvm_gc_info(  407): [7809652345805075909,-9042799549779871693,-3996235448584406995,8554534]
02-13 13:20:44.404 I/dvm_gc_info(  331): [8099846449757525608,-8925424209680709579,-4004961172862437331,7358131]
02-13 13:20:44.474 I/content_query_sample(  206): [content://telephony/carriers/preferapn,apn,,name ASC,9676,,100]
02-13 13:20:45.145 I/content_query_sample(  331): [content://telephony/carriers/preferapn,_id/name/apn,,name ASC,7298,com.android.phone,100]
02-13 13:20:45.245 I/am_destroy_service(  206): [1083878648,com.google.android.apps.plus/.service.EsService,428]
02-13 13:20:45.285 I/cdma_service_state_change(  331): [1,3]
02-13 13:20:45.465 I/dvm_gc_madvise_info(  554): [290816,135168]
02-13 13:20:45.495 I/dvm_gc_madvise_info(  570): [196608,135168]
02-13 13:20:45.555 I/dvm_gc_info(  331): [8099846449757521507,-8924861190974207945,-4004398222909016019,7358131]
02-13 13:20:45.605 I/notification_cancel(  206): [com.android.phone,5,0]
02-13 13:20:45.605 I/notification_cancel(  206): [com.android.phone,6,0]
02-13 13:20:45.645 I/backup_data_changed(  206): com.android.providers.settings
02-13 13:20:45.676 I/notification_cancel(  206): [com.android.phone,111,0]
02-13 13:20:45.686 I/notification_cancel(  206): [com.android.phone,7,0]
02-13 13:20:45.686 I/notification_cancel(  206): [com.android.phone,7,0]
02-13 13:20:45.686 I/notification_cancel(  206): [com.android.phone,7,0]
02-13 13:20:45.686 I/notification_cancel(  206): [com.android.phone,7,0]
02-13 13:20:45.686 I/notification_cancel(  206): [com.android.phone,7,0]
02-13 13:20:45.686 I/notification_cancel(  206): [com.android.phone,7,0]
02-13 13:20:45.686 I/notification_cancel(  206): [com.android.phone,7,0]
02-13 13:20:45.686 I/notification_cancel(  206): [com.android.phone,7,0]
02-13 13:20:45.726 I/binder_sample(  489): [com.android.internal.telephony.ITelephony,56,6316,com.sprint.w.installer,100]
02-13 13:20:45.736 I/notification_cancel(  206): [com.android.phone,7,0]
02-13 13:20:45.736 I/notification_cancel(  206): [com.android.phone,7,0]
02-13 13:20:45.786 I/wifi_supplicant_state_changed(  206): 2
02-13 13:20:45.806 I/backup_data_changed(  206): com.android.providers.settings
02-13 13:20:45.806 I/am_on_resume_called(  489): com.sprint.w.installer.WInstaller
02-13 13:20:45.856 I/am_create_service(  206): [1080537280,com.sprint.w.installer/.WallpaperCaptureService,,489]
02-13 13:20:45.856 I/am_proc_start(  206): [597,10002,com.sprint.zone,broadcast,com.sprint.zone/.PackageUpdateReceiver]
02-13 13:20:45.856 I/am_on_paused_called(  489): com.sprint.w.installer.WInstaller
02-13 13:20:45.856 I/am_failed_to_pause(  206): [1081087216,com.sprint.w.installer/.WInstaller,(none)]
02-13 13:20:45.876 I/dvm_gc_madvise_info(  597): [376832,135168]
02-13 13:20:45.896 I/am_proc_bound(  206): [597,com.sprint.zone]
02-13 13:20:45.916 I/am_destroy_service(  206): [1080537280,com.sprint.w.installer/.WallpaperCaptureService,489]
02-13 13:20:45.956 I/am_create_service(  206): [1085141240,com.sprint.zone/.UpdateService,,597]
02-13 13:20:45.996 I/notification_cancel(  206): [com.android.phone,111,0]
02-13 13:20:46.016 I/cdma_service_state_change(  331): [3,1]
02-13 13:20:46.056 I/am_proc_start(  206): [604,10005,com.android.voicedialer,broadcast,com.android.voicedialer/.VoiceDialerReceiver]
02-13 13:20:46.086 I/notification_cancel(  206): [com.android.phone,111,0]
02-13 13:20:46.106 I/dvm_gc_madvise_info(  604): [376832,135168]
02-13 13:20:46.126 I/am_proc_bound(  206): [604,com.android.voicedialer]
