02-13 13:26:23.635 I/dvm_gc_info(  402): [7017575181484877529,-8917541260679231421,-3993420698817300435,8521679]
02-13 13:26:23.685 I/db_sample(  402): [/data/data/com.android.providers.contacts/databases/contacts2.db,INSERT OR IGNORE INTO name_lookup(raw_contact_id,data_id,name_ty,0,,1]
02-13 13:26:23.865 I/db_sample(  402): [/data/data/com.android.providers.contacts/databases/contacts2.db,INSERT OR IGNORE INTO name_lookup(raw_contact_id,data_id,name_ty,1,,1]
02-13 13:26:23.905 I/db_sample(  402): [/data/data/com.android.providers.contacts/databases/contacts2.db,INSERT INTO data(data_version, data_sync1, data_sync2, mimetype_,0,,1]
02-13 13:26:23.936 I/db_sample(  402): [/data/data/com.android.providers.contacts/databases/contacts2.db,SELECT times_contacted, phonetic_name, phonetic_name_style, cont,0,,1]
02-13 13:26:24.036 I/dvm_gc_info(  402): [7017575181484877541,-8917541260662441916,-3993139223840589779,8521679]
02-13 13:26:24.116 I/db_sample(  402): [/data/data/com.android.providers.contacts/databases/contacts2.db,UPDATE raw_contacts SET contact_in_visible_group=(SELECT in_visi,0,,1]
02-13 13:26:24.216 I/contacts_aggregation(  402): [1329161184230,-20]
02-13 13:26:24.226 I/contacts_aggregation(  402): [6,20]
02-13 13:26:24.456 I/db_sample(  402): [/data/data/com.android.providers.contacts/databases/contacts2.db,COMMIT;UPDATE raw_contacts SET aggregation_needed=0 WHERE _id=?,233,,47]
02-13 13:26:24.646 I/dvm_gc_info(  374): [7449358886915643023,-8920074604205852602,-3999331673328224211,7358131]
02-13 13:26:24.776 I/db_sample(  402): [/data/data/com.android.providers.contacts/databases/contacts2.db,BEGIN EXCLUSIVE;,0,,1]
02-13 13:26:24.926 I/dvm_gc_info(  402): [7017575181484881670,-8912756186075154365,-3993420698817300435,8521679]
02-13 13:26:24.987 I/db_sample(  402): [/data/data/com.android.providers.contacts/databases/contacts2.db,INSERT INTO data(data1, mimetype_id, data_sync4, raw_contact_id),0,,1]
02-13 13:26:25.017 I/db_sample(  402): [/data/data/com.android.providers.contacts/databases/contacts2.db,INSERT INTO data(data1, data4, data5, data2, data8, data9, data6,1,,1]
02-13 13:26:25.157 I/db_sample(  402): [/data/data/com.android.providers.contacts/databases/contacts2.db,INSERT INTO data(data1, mimetype_id, data_sync4, raw_contact_id),0,,1]
02-13 13:26:25.197 I/db_sample(  402): [/data/data/com.android.providers.contacts/databases/contacts2.db,GETLOCK:SELECT version FROM view_groups WHERE (_id=?),1,,1]
02-13 13:26:25.287 I/dvm_gc_info(  402): [7017575181484881646,-8916415360772396989,-3993420698817300435,8521679]
02-13 13:26:25.567 I/db_sample(  402): [/data/data/com.android.providers.contacts/databases/contacts2.db,SELECT raw_contacts._id,display_name,display_name_source,account,0,,1]
02-13 13:26:25.587 I/db_sample(  402): [/data/data/com.android.providers.contacts/databases/contacts2.db,UPDATE raw_contacts SET display_name_source=?,display_name=?,dis,1,,1]
02-13 13:26:25.597 I/db_sample(  402): [/data/data/com.android.providers.contacts/databases/contacts2.db,SELECT mimetype_id,is_primary,data1,data2,data3,data4,data5,data,0,,1]
02-13 13:26:25.607 I/contacts_aggregation(  402): [1329161185619,-20]
02-13 13:26:25.617 I/contacts_aggregation(  402): [7,20]
02-13 13:26:25.947 I/dvm_gc_info(  402): [7017575181484885802,-8910504386261505983,-3994265123747432403,8521679]
02-13 13:26:26.078 I/force_gc(  678): bg
02-13 13:26:26.108 I/dvm_gc_info(  678): [8315180330336261745,-8951319838818625484,-4002990848025462739,7915308]
02-13 13:26:26.128 I/dvm_gc_madvise_info(  604): [249856,135168]
02-13 13:26:26.318 I/db_sample(  402): [/data/data/com.android.providers.contacts/databases/contacts2.db,INSERT INTO data(data1, mimetype_id, data_sync4, raw_contact_id),0,,1]
02-13 13:26:26.338 I/force_gc(  206): Binder
02-13 13:26:26.408 I/dvm_gc_info(  206): [8320808730291877502,-8922320905118603163,-3980191374911899603,8558628]
02-13 13:26:26.468 I/dvm_gc_info(  402): [7017575181484881608,-8919230110539499453,-3993420698817300435,8521679]
02-13 13:26:26.758 I/db_sample(  402): [/data/data/com.android.providers.contacts/databases/contacts2.db,INSERT INTO data(data1, data4, data5, data2, data3, data8, data9,0,,1]
02-13 13:26:26.758 I/db_sample(  402): [/data/data/com.android.providers.contacts/databases/contacts2.db,INSERT OR IGNORE INTO name_lookup(raw_contact_id,data_id,name_ty,0,,1]
02-13 13:26:26.878 I/dvm_gc_info(  402): [7017575181484877537,-8917822735622371260,-3993139223840589779,8521679]
02-13 13:26:26.938 I/db_sample(  402): [/data/data/com.android.providers.contacts/databases/contacts2.db,INSERT OR IGNORE INTO name_lookup(raw_contact_id,data_id,name_ty,0,,1]
02-13 13:26:27.099 I/contacts_aggregation(  402): [1329161187106,-20]
02-13 13:26:27.099 I/contacts_aggregation(  402): [7,20]
02-13 13:26:27.389 I/dvm_gc_info(  374): [7449358886915671716,-8918104279368873914,-3999331673328224211,7358131]
02-13 13:26:27.559 I/db_sample(  402): [/data/data/com.android.providers.contacts/databases/contacts2.db,INSERT OR IGNORE INTO name_lookup(raw_contact_id,data_id,name_ty,0,,1]
02-13 13:26:27.599 I/db_sample(  402): [/data/data/com.android.providers.contacts/databases/contacts2.db,SELECT cluster FROM nickname_lookup WHERE name=?,0,,1]
02-13 13:26:27.679 I/dvm_gc_info(  402): [7017575181484881674,-8912193167385458620,-3993139223840589779,8521679]
02-13 13:26:27.829 I/db_sample(  402): [/data/data/com.android.providers.contacts/databases/contacts2.db,SELECT times_contacted, phonetic_name, phonetic_name_style, cont,0,,1]
02-13 13:26:27.849 I/db_sample(  402): [/data/data/com.android.providers.contacts/databases/contacts2.db,INSERT INTO data(data1, data4, data5, data2, data8, data9, data6,0,,1]
02-13 13:26:28.120 I/dvm_gc_info(  402): [7017575181484877557,-8915570867105994684,-3993139223840589779,8521679]
02-13 13:26:28.130 I/db_sample(  402): [/data/data/com.android.providers.contacts/databases/contacts2.db,INSERT INTO data(data1, data4, data2, data3, is_primary, mimetyp,0,,1]
02-13 13:26:28.170 I/db_sample(  402): [/data/data/com.android.providers.contacts/databases/contacts2.db,UPDATE raw_contacts SET dialer_number_header=?, dialer_number_fu,0,,1]
02-13 13:26:28.530 I/dvm_gc_info(  402): [7017575181484877541,-8917259716949465019,-3992857748863879123,8521679]
02-13 13:26:28.560 I/db_sample(  402): [/data/data/com.android.providers.contacts/databases/contacts2.db,INSERT INTO data(data1, mimetype_id, data_sync4, raw_contact_id),0,,1]
02-13 13:26:28.670 I/contacts_aggregation(  402): [1329161188677,-20]
02-13 13:26:28.670 I/contacts_aggregation(  402): [7,20]
02-13 13:26:29.121 I/db_sample(  402): [/data/data/com.android.providers.contacts/databases/contacts2.db,INSERT INTO data(data1, mimetype_id, data_sync4, raw_contact_id),1,,1]
02-13 13:26:29.221 I/dvm_gc_info(  402): [7017575181484881671,-8911911692408743868,-3993139223840589779,8521679]
02-13 13:26:29.231 I/wifi_supplicant_state_changed(  206): 2
02-13 13:26:29.261 I/db_sample(  402): [/data/data/com.android.providers.contacts/databases/contacts2.db,UPDATE raw_contacts SET dialer_number_header=?, dialer_number_fu,1,,1]
02-13 13:26:29.571 I/db_sample(  402): [/data/data/com.android.providers.contacts/databases/contacts2.db,INSERT INTO data(data1, mimetype_id, data_sync4, raw_contact_id),0,,1]
02-13 13:26:29.591 I/db_sample(  402): [/data/data/com.android.providers.contacts/databases/contacts2.db,INSERT INTO data(data1, mimetype_id, data_sync4, raw_contact_id),1,,1]
02-13 13:26:29.651 I/dvm_gc_info(  402): [7017575181484877552,-8916133817042622395,-3992857748863879123,8521679]
02-13 13:26:29.681 I/db_sample(  402): [/data/data/com.android.providers.contacts/databases/contacts2.db,INSERT INTO data(data1, data4, data5, data2, data8, data9, data6,1,,1]
02-13 13:26:29.721 I/force_gc(  206): Binder
02-13 13:26:29.791 I/dvm_gc_info(  206): [8320808730291869313,-8922039430141892507,-3980191374911899603,8558628]
02-13 13:26:29.861 I/db_sample(  402): [/data/data/com.android.providers.contacts/databases/contacts2.db,UPDATE raw_contacts SET dialer_number_header=?, dialer_number_fu,0,,1]
02-13 13:26:30.011 I/db_sample(  402): [/data/data/com.android.providers.contacts/databases/contacts2.db,INSERT OR IGNORE INTO name_lookup(raw_contact_id,data_id,name_ty,0,,1]
02-13 13:26:30.132 I/contacts_aggregation(  402): [1329161190138,-20]
02-13 13:26:30.142 I/contacts_aggregation(  402): [7,20]
02-13 13:26:30.222 I/wifi_supplicant_state_changed(  206): 1
02-13 13:26:30.422 I/dvm_gc_info(  374): [7449358886915655389,-8912474779834697660,-3999894623281645523,7358131]
02-13 13:26:30.542 I/dvm_gc_info(  402): [7017575181484885847,-8905719242921220032,-3994828073700853715,8521679]
02-13 13:26:30.722 I/db_sample(  402): [/data/data/com.android.providers.contacts/databases/contacts2.db,SELECT times_contacted, phonetic_name, phonetic_name_style, cont,0,,1]
02-13 13:26:30.802 I/db_sample(  402): [/data/data/com.android.providers.contacts/databases/contacts2.db,INSERT INTO raw_contacts(contact_id, sync3, sync2, sync1, accoun,0,,1]
02-13 13:26:30.912 I/dvm_gc_info(  402): [7017575181484881575,-8921200366640232381,-3993702173794011091,8521679]
02-13 13:26:31.002 I/db_sample(  402): [/data/data/com.android.providers.contacts/databases/contacts2.db,INSERT OR IGNORE INTO name_lookup(raw_contact_id,data_id,name_ty,1,,1]
02-13 13:26:31.082 I/force_gc(  733): bg
02-13 13:26:31.123 I/dvm_gc_madvise_info(  678): [258048,135168]
02-13 13:26:31.133 I/dvm_gc_info(  733): [7594245893398914599,-9032102538508216265,-4004398222909016019,7358131]
02-13 13:26:31.363 I/dvm_gc_info(  402): [7017575181484877532,-8918104141896390588,-3993139223840589779,8521679]
02-13 13:26:31.493 I/db_sample(  402): [/data/data/com.android.providers.contacts/databases/contacts2.db,INSERT INTO data(data1, mimetype_id, data_sync4, raw_contact_id),0,,1]
02-13 13:26:31.693 I/contacts_aggregation(  402): [1329161191702,-20]
02-13 13:26:31.703 I/contacts_aggregation(  402): [7,20]
02-13 13:26:31.863 I/db_sample(  402): [/data/data/com.android.providers.contacts/databases/contacts2.db,COMMIT;UPDATE raw_contacts SET aggregation_needed=0 WHERE _id=?,160,,33]
02-13 13:26:32.073 I/dvm_gc_info(  402): [7017575181484885792,-8909941367571793853,-3993702173794011091,8521679]
02-13 13:26:32.544 I/dvm_gc_info(  402): [7017575181484877545,-8916415292036138941,-3993420698817300435,8521679]
02-13 13:26:32.654 I/db_sample(  402): [/data/data/com.android.providers.contacts/databases/contacts2.db,UPDATE raw_contacts SET dialer_number_header=?, dialer_number_fu,0,,1]
02-13 13:26:32.734 I/db_sample(  402): [/data/data/com.android.providers.contacts/databases/contacts2.db,INSERT OR IGNORE INTO name_lookup(raw_contact_id,data_id,name_ty,0,,1]
02-13 13:26:32.844 I/db_sample(  402): [/data/data/com.android.providers.contacts/databases/contacts2.db,INSERT INTO data(data_version, data_sync1, data_sync2, mimetype_,0,,1]
02-13 13:26:32.974 I/dvm_gc_info(  402): [7017575181484881635,-8917259716966254524,-3993139223840589779,8521679]
02-13 13:26:33.165 I/db_sample(  402): [/data/data/com.android.providers.contacts/databases/contacts2.db,SELECT mimetype_id,is_primary,data1,data2,data3,data4,data5,data,1,,1]
02-13 13:26:33.185 I/db_sample(  402): [/data/data/com.android.providers.contacts/databases/contacts2.db,SELECT mimetype_id,is_primary,data1,data2,data3,data4,data5,data,0,,1]
02-13 13:26:33.185 I/db_sample(  402): [/data/data/com.android.providers.contacts/databases/contacts2.db,UPDATE raw_contacts SET version = version + 1 WHERE _id IN (239,,5,,2]
02-13 13:26:33.195 I/contacts_aggregation(  402): [1329161193204,-20]
02-13 13:26:33.195 I/contacts_aggregation(  402): [7,20]
02-13 13:26:33.515 I/dvm_gc_info(  374): [7449358886915675824,-8916978379462084542,-4000457573235066835,7358131]
02-13 13:26:33.675 I/force_gc(  206): Binder
02-13 13:26:33.735 I/dvm_gc_info(  206): [8320808730291873411,-8921757955165185947,-3980472849888610259,8558628]
02-13 13:26:33.845 I/db_sample(  402): [/data/data/com.android.providers.contacts/databases/contacts2.db,INSERT INTO data(data1, mimetype_id, data_sync4, raw_contact_id),0,,1]
02-13 13:26:33.865 I/dvm_gc_info(  402): [7017575181484881659,-8913037592315594684,-3993420698817300435,8521679]
02-13 13:26:34.075 I/db_sample(  402): [/data/data/com.android.providers.contacts/databases/contacts2.db,INSERT INTO raw_contacts(contact_id, sync3, sync2, sync1, accoun,1,,1]
02-13 13:26:34.266 I/dvm_gc_info(  402): [7017575181484877556,-8915570867105998780,-3993420698817300435,8521679]
02-13 13:26:34.356 I/db_sample(  402): [/data/data/com.android.providers.contacts/databases/contacts2.db,INSERT OR IGNORE INTO name_lookup(raw_contact_id,data_id,name_ty,0,,1]
02-13 13:26:34.396 I/db_sample(  402): [/data/data/com.android.providers.contacts/databases/contacts2.db,SELECT times_contacted, phonetic_name, phonetic_name_style, cont,0,,1]
02-13 13:26:34.636 I/db_sample(  402): [/data/data/com.android.providers.contacts/databases/contacts2.db,INSERT OR IGNORE INTO name_lookup(raw_contact_id,data_id,name_ty,0,,1]
02-13 13:26:34.686 I/dvm_gc_info(  402): [7017575181484881634,-8917822666902882235,-3992857748863879123,8521679]
02-13 13:26:34.716 I/db_sample(  402): [/data/data/com.android.providers.contacts/databases/contacts2.db,SELECT mimetype_id,is_primary,data1,data2,data3,data4,data5,data,0,,1]
02-13 13:26:34.756 I/db_sample(  402): [/data/data/com.android.providers.contacts/databases/contacts2.db,INSERT INTO contacts (name_raw_contact_id, photo_id, send_to_voi,0,,1]
02-13 13:26:34.796 I/contacts_aggregation(  402): [1329161194808,-20]
02-13 13:26:34.806 I/contacts_aggregation(  402): [8,20]
02-13 13:26:34.906 I/free_storage_changed(  206): 2771898368
02-13 13:26:35.076 I/db_sample(  402): [/data/data/com.android.providers.contacts/databases/contacts2.db,COMMIT;UPDATE raw_contacts SET aggregation_needed=0 WHERE _id=?,267,,54]
02-13 13:26:35.687 I/content_update_sample(  478): [content://downloads/all_downloads/1,update,,46,,10]
02-13 13:26:36.037 I/google_http_request(  374): [847,200,Android-GData-Contacts/1.3,1]
02-13 13:26:36.087 I/force_gc(  817): bg
02-13 13:26:36.187 I/dvm_gc_madvise_info(  733): [933888,135168]
02-13 13:26:36.187 I/dvm_gc_info(  817): [7887337218879423742,-9061939160951015365,-4003272323002173395,7358131]
02-13 13:26:36.728 I/google_http_request(  374): [477,200,Android-GData-Contacts/1.3,1]
02-13 13:26:36.778 I/db_sample(  402): [/data/data/com.android.providers.contacts/databases/contacts2.db,BEGIN EXCLUSIVE;,1,,1]
02-13 13:26:38.169 I/google_http_request(  374): [1309,200,Android-GData-Contacts/1.3,1]
02-13 13:26:38.590 I/dvm_gc_madvise_info(  374): [483328,135168]
02-13 13:26:38.800 I/dvm_gc_madvise_info(  206): [2752512,135168]
02-13 13:26:39.751 I/dvm_gc_madvise_info(  402): [270336,135168]
02-13 13:26:41.092 I/force_gc(  890): bg
02-13 13:26:41.172 I/dvm_gc_info(  890): [7308620247274423859,-9018874383052150735,-4004679697885726675,7894791]
02-13 13:26:41.202 I/dvm_gc_madvise_info(  817): [307200,135168]
02-13 13:26:41.433 I/google_http_request(  374): [3024,200,Android-GData-Contacts/1.3,1]
02-13 13:26:42.223 I/google_http_request(  374): [494,200,Android-GData-Contacts/1.3,1]
02-13 13:26:42.534 I/power_screen_state(  206): [1,3,0,0]
02-13 13:26:42.534 I/power_screen_broadcast_send(  206): 1
02-13 13:26:42.534 I/screen_toggled(  206): 1
02-13 13:26:42.544 I/am_resume_activity(  206): [1082971128,13,com.android.vending/com.google.android.finsky.activities.TosActivity]
02-13 13:26:42.564 I/am_on_resume_called(  796): com.google.android.finsky.activities.TosActivity
02-13 13:26:42.624 I/power_screen_broadcast_done(  206): [1,85,1]
02-13 13:26:42.664 I/notification_cancel(  206): [com.android.phone,111,0]
02-13 13:26:43.354 I/google_http_request(  374): [974,200,Android-GData-Contacts/1.3,1]
02-13 13:26:43.935 I/google_http_request(  374): [467,200,Android-GData-Contacts/1.3,1]
02-13 13:26:44.045 I/screen_toggled(  206): 2
02-13 13:26:44.095 I/c2dm    (  374): [-4,NULL,3,-1]
02-13 13:26:44.375 I/dvm_gc_info(  374): [7449358886915671763,-8915852479555336130,-4002146423095330771,7358131]
02-13 13:26:44.986 I/google_http_request(  374): [450,200,Android-GData-Contacts/1.3,1]
02-13 13:26:45.236 I/wifi_supplicant_state_changed(  206): 2
02-13 13:26:45.326 I/am_finish_activity(  206): [1082971128,13,com.android.vending/com.google.android.finsky.activities.TosActivity,app-request]
02-13 13:26:45.326 I/am_pause_activity(  206): [1082971128,com.android.vending/com.google.android.finsky.activities.TosActivity]
02-13 13:26:45.326 I/am_on_paused_called(  796): com.google.android.finsky.activities.TosActivity
02-13 13:26:45.346 I/am_resume_activity(  206): [1085145952,13,com.android.vending/.AssetBrowserActivity]
02-13 13:26:45.376 I/am_on_resume_called(  796): com.android.vending.AssetBrowserActivity
02-13 13:26:45.497 I/dvm_gc_info(  796): [8531346446660818480,-9016902889765824453,-4001020523188488147,7948052]
02-13 13:26:45.497 I/google_http_request(  374): [350,200,Android-GData-Contacts/1.3,1]
02-13 13:26:45.707 I/am_destroy_activity(  206): [1082971128,13,com.android.vending/com.google.android.finsky.activities.TosActivity]
02-13 13:26:45.907 I/google_http_request(  796): [464,200,unused/0,1]
02-13 13:26:46.187 I/wifi_supplicant_state_changed(  206): 1
02-13 13:26:46.247 I/dvm_gc_madvise_info(  890): [200704,135168]
02-13 13:26:46.297 I/google_http_request(  374): [676,200,Android-GData-Contacts/1.3,1]
02-13 13:26:46.407 I/dvm_gc_info(  796): [8531346446660777542,-9003110615739152320,-3994265123747432403,8525805]
02-13 13:26:46.688 I/db_sample(  402): [/data/data/com.android.providers.contacts/databases/contacts2.db,COMMIT;UPDATE contacts SET photo_id=?  WHERE _id=?,180,,37]
02-13 13:26:47.509 I/google_http_request(  374): [810,200,Android-GData-Contacts/1.3,1]
02-13 13:26:47.609 I/content_query_sample(  796): [content://com.google.android.finsky.RecentSuggestionsProvider/search_suggest_query?limit=50,, ?,,304,,61]
02-13 13:26:48.369 I/db_sample(  402): [/data/data/com.android.providers.contacts/databases/contacts2.db,COMMIT;UPDATE contacts SET photo_id=?  WHERE _id=?,727,,100]
02-13 13:26:48.660 I/google_http_request(  796): [2419,-1,unused/0,0]
02-13 13:26:48.670 I/google_http_request(  796): [2462,-1,unused/0,0]
02-13 13:26:48.670 I/google_http_request(  796): [2512,-1,unused/0,0]
02-13 13:26:48.730 I/google_http_request(  796): [2491,-1,unused/0,0]
02-13 13:26:48.990 I/db_sample(  478): [/data/data/com.android.providers.downloads/databases/downloads.db,UPDATE downloads SET current_bytes=? WHERE (_id = ?),405,,82]
02-13 13:26:49.040 I/content_update_sample(  478): [content://downloads/all_downloads/1,update,,458,,92]
02-13 13:26:49.400 I/dvm_gc_madvise_info(  374): [913408,135168]
02-13 13:26:50.782 I/google_http_request(  374): [2388,200,Android-GData-Contacts/1.3,1]
02-13 13:26:51.452 I/dvm_gc_madvise_info(  796): [217088,135168]
02-13 13:26:51.793 I/am_new_intent(  206): [1085145952,13,com.android.vending/.AssetBrowserActivity,android.intent.action.MAIN,NULL,NULL,270532608]
02-13 13:26:51.933 I/dvm_gc_info(  796): [8531346446660838982,-9013243646181251006,-3994265123747432403,8525819]
02-13 13:26:51.963 I/google_http_request(  796): [3230,200,unused/0,0]
02-13 13:26:52.063 I/dvm_gc_info(  326): [7809651225003308601,-8998326572262959053,-4001583473141909459,8529954]
02-13 13:26:52.243 I/google_http_request(  796): [3549,200,unused/0,0]
02-13 13:26:52.543 I/google_http_request(  796): [3840,200,unused/0,0]
02-13 13:26:52.904 I/google_http_request(  796): [4219,200,unused/0,0]
02-13 13:26:53.354 I/dvm_gc_info(  478): [7882817126543767121,-8953851945092618185,-4004398222909016019,7571128]
02-13 13:26:53.865 I/google_http_request(  796): [2008,-1,unused/0,0]
02-13 13:26:54.856 I/db_sample(  478): [/data/data/com.android.providers.downloads/databases/downloads.db,UPDATE downloads SET current_bytes=? WHERE (_id = ?),28,,6]
02-13 13:26:55.546 I/notification_cancel(  206): [com.android.phone,7,0]
02-13 13:26:55.556 I/connectivity_state_changed(  206): 3117
02-13 13:26:55.606 I/notification_cancel(  206): [com.android.phone,7,0]
02-13 13:26:55.707 I/connectivity_state_changed(  206): 3117
02-13 13:26:55.727 I/am_proc_start(  206): [1430,10031,com.google.android.apps.uploader,broadcast,com.google.android.apps.uploader/.ConnectivityBroadcastReceiver]
02-13 13:26:55.757 I/dvm_gc_madvise_info( 1430): [368640,135168]
02-13 13:26:55.777 I/binder_sample(  374): [android.net.IConnectivityManager,11,66,com.google.process.gapps,13]
02-13 13:26:55.797 I/dvm_gc_info(  120): [8825198673194705967,-9135123823311615954,-4006087072769275858,7358131]
02-13 13:26:55.827 I/am_proc_bound(  206): [1430,com.google.android.apps.uploader]
02-13 13:26:55.857 I/dvm_gc_info(  120): [8825198673194647600,-9222662541068629970,-4006087072769275858,7358131]
02-13 13:26:55.887 I/am_kill (  206): [958,com.google.android.voicesearch,12,too many background]
02-13 13:26:55.887 I/am_create_service(  206): [1085927064,com.google.android.gsf/.checkin.CheckinService,,374]
02-13 13:26:55.887 I/force_gc(  206): Binder
02-13 13:26:55.927 I/dvm_gc_info(  120): [8825198673194647608,-9222662541068629970,-4006087072769275858,7358131]
02-13 13:26:55.977 I/dvm_gc_info(  206): [8320808730291955426,-8915565505677535130,-3980191374911899603,8558628]
02-13 13:26:55.997 I/am_create_service(  206): [1086735952,com.google.android.gm/.downloadprovider.DownloadService,,733]
02-13 13:26:56.027 I/am_proc_died(  206): [958,com.google.android.voicesearch]
02-13 13:26:56.107 I/am_destroy_service(  206): [1085927064,com.google.android.gsf/.checkin.CheckinService,374]
02-13 13:26:56.117 I/am_destroy_service(  206): [1086735952,com.google.android.gm/.downloadprovider.DownloadService,733]
02-13 13:26:56.718 I/google_http_request(  796): [2915,-1,unused/0,0]
02-13 13:26:56.968 I/dvm_gc_madvise_info(  796): [147456,135168]
02-13 13:26:57.078 I/dvm_gc_madvise_info(  326): [196608,135168]
02-13 13:26:57.348 I/google_http_request(  796): [3471,200,unused/0,1]
02-13 13:26:58.399 I/dvm_gc_madvise_info(  478): [1335296,135168]
02-13 13:26:59.100 I/google_http_request(  796): [2379,200,unused/0,0]
02-13 13:26:59.240 I/google_http_request(  796): [2248,200,unused/0,0]
02-13 13:27:01.052 I/dvm_gc_madvise_info(  206): [2760704,135168]
02-13 13:27:01.212 I/wifi_supplicant_state_changed(  206): 2
02-13 13:27:01.232 I/google_http_request(  796): [2539,200,unused/0,0]
02-13 13:27:01.853 I/binder_sample(  331): [com.android.internal.telephony.ITelephonyRegistry,13,7,com.android.phone,1]
02-13 13:27:02.093 I/battery_level(  206): [93,4090,310]
02-13 13:27:02.123 I/google_http_request(  796): [4402,200,unused/0,0]
02-13 13:27:02.193 I/wifi_supplicant_state_changed(  206): 1
02-13 13:27:02.253 I/google_http_request(  796): [6068,200,unused/0,0]
02-13 13:27:02.663 I/content_update_sample(  478): [content://downloads/all_downloads/1,update,,57,,12]
02-13 13:27:02.964 I/dvm_gc_info(  796): [8531346446660818595,-8994665747861845948,-3992857748863879123,8538072]
02-13 13:27:03.004 I/google_http_request(  374): [712,200,Android-GData-Contacts/1.3,1]
02-13 13:27:04.135 I/dvm_gc_info(  796): [8531346446660875867,-9046175668599908283,-3992857748863879123,8538072]
02-13 13:27:04.215 I/google_http_request(  374): [766,200,Android-GData-Contacts/1.3,1]
02-13 13:27:04.225 I/dvm_gc_info(  796): [8531346446660822480,-9055464342831355835,-3992857748863879123,8575018]
02-13 13:27:05.316 I/google_http_request(  796): [1150,200,unused/0,0]
02-13 13:27:05.676 I/google_http_request(  796): [1441,200,unused/0,0]
02-13 13:27:05.987 I/db_sample(  478): [/data/data/com.android.providers.downloads/databases/downloads.db,UPDATE downloads SET current_bytes=? WHERE (_id = ?),109,,22]
02-13 13:27:06.007 I/google_http_request(  374): [1148,200,Android-GData-Contacts/1.3,1]
02-13 13:27:06.067 I/db_sample(  402): [/data/data/com.android.providers.contacts/databases/contacts2.db,COMMIT;UPDATE contacts SET photo_id=?  WHERE _id=?,27,,6]
02-13 13:27:06.847 I/power_screen_state(  206): [0,3,0,0]
02-13 13:27:06.867 I/power_screen_broadcast_send(  206): 1
02-13 13:27:06.867 I/screen_toggled(  206): 0
02-13 13:27:06.897 I/am_pause_activity(  206): [1085145952,com.android.vending/.AssetBrowserActivity]
02-13 13:27:06.907 I/am_on_paused_called(  796): com.android.vending.AssetBrowserActivity
02-13 13:27:06.957 I/power_screen_broadcast_done(  206): [0,91,1]
02-13 13:27:08.509 I/dvm_gc_info(  796): [8531346446660822652,-9013243096324745148,-3992857748863879123,8595505]
02-13 13:27:08.559 I/db_sample(  478): [/data/data/com.android.providers.downloads/databases/downloads.db,SELECT _data FROM downloads,0,,1]
02-13 13:27:08.999 I/google_http_request(  374): [2918,200,Android-GData-Contacts/1.3,1]
02-13 13:27:09.690 I/google_http_request(  796): [3697,-1,unused/0,0]
02-13 13:27:10.711 I/google_http_request(  796): [3161,200,unused/0,0]
02-13 13:27:11.051 I/google_http_request(  796): [3950,200,unused/0,0]
02-13 13:27:11.072 I/google_http_request(  796): [1375,200,unused/0,0]
02-13 13:27:11.572 I/google_http_request(  796): [3031,200,unused/0,0]
02-13 13:27:11.772 I/google_http_request(  796): [22369,200,unused/0,1]
02-13 13:27:11.802 I/content_query_sample(  796): [content://com.google.android.finsky.RecentSuggestionsProvider/search_suggest_query?limit=50,, ?,,22430,,100]
02-13 13:27:12.042 I/am_create_service(  206): [1085165440,com.google.android.gsf/.loginservice.GoogleLoginService,act=android.accounts.AccountAuthenticator,374]
02-13 13:27:12.103 I/am_destroy_service(  206): [1085165440,com.google.android.gsf/.loginservice.GoogleLoginService,374]
02-13 13:27:12.193 I/content_update_sample(  478): [content://downloads/all_downloads/1,update,,202,,41]
02-13 13:27:12.223 I/dvm_gc_info(  796): [8531346446660835018,-8922326335249799097,-3992857748863879123,8628280]
02-13 13:27:14.004 I/google_http_request(  796): [7998,200,unused/0,1]
02-13 13:27:14.435 I/google_http_request(  796): [2193,200,unused/0,0]
02-13 13:27:14.585 I/google_http_request(  796): [1010,200,unused/0,0]
02-13 13:27:15.075 I/google_http_request(  796): [3101,200,unused/0,0]
02-13 13:27:15.296 I/content_update_sample(  478): [content://downloads/all_downloads/1,update,,56,,12]
02-13 13:27:15.546 I/google_http_request(  374): [6145,200,Android-GData-Contacts/1.3,1]
02-13 13:27:16.026 I/dvm_gc_info(  796): [8531346446660728506,-8923733641162188726,-3981598749795452883,8665142]
02-13 13:27:16.417 I/google_http_request(  796): [4601,200,unused/0,1]
02-13 13:27:17.077 I/force_gc(  419): bg
02-13 13:27:17.157 I/dvm_gc_info(  419): [3347973793971823915,-9048991999418562512,-4006650022722701267,7358131]
02-13 13:27:17.197 I/wifi_supplicant_state_changed(  206): 2
02-13 13:27:17.548 I/google_http_request(  796): [2357,200,unused/0,0]
02-13 13:27:17.568 I/google_http_request(  796): [1098,200,unused/0,1]
02-13 13:27:17.578 I/google_http_request(  796): [3512,200,unused/0,1]
02-13 13:27:17.608 I/content_query_sample(  796): [content://com.google.android.finsky.RecentSuggestionsProvider/search_suggest_query?limit=50,, ?,,5775,,100]
02-13 13:27:17.908 I/google_http_request(  374): [663,200,Android-GData-Contacts/1.3,1]
02-13 13:27:18.178 I/wifi_supplicant_state_changed(  206): 1
02-13 13:27:18.469 I/content_update_sample(  478): [content://downloads/all_downloads/1,update,,149,,30]
