02-13 13:21:36.802 I/am_create_service(  206): [1085854856,com.locationlabs.v3client/.HeartbeatService,act=com.locationlabs.v3client.action.ACTION_UPDATE_HEARTBEAT pkg=com.locationlabs.v3client,341]
02-13 13:21:36.892 I/content_update_sample(  597): [content://com.sprint.zone.provider.ZoneProvider/report_tbl,insert,,139,,28]
02-13 13:21:36.992 I/am_destroy_service(  206): [1085854856,com.locationlabs.v3client/.HeartbeatService,341]
02-13 13:21:37.032 I/dvm_gc_info(  478): [7882817126543779307,-9067569141672654797,-4003553797978884051,7857859]
02-13 13:21:37.062 I/content_update_sample(  597): [content://com.sprint.zone.provider.ZoneProvider/report_tbl,insert,,23,,5]
02-13 13:21:37.162 I/content_update_sample(  597): [content://com.sprint.zone.provider.ZoneProvider/features_tbl,insert,,93,,19]
02-13 13:21:37.242 I/db_sample(  597): [/data/data/com.sprint.zone/databases/zone.db,INSERT INTO categories_tbl(sid, title, expanded, app_scheme) VAL,59,,12]
02-13 13:21:37.442 I/db_sample(  478): [/data/data/com.android.providers.media/databases/external-e82ff9f2.db,UPDATE images SET mini_thumb_magic=? WHERE _id = 34,52,,11]
02-13 13:21:37.483 I/content_update_sample(  597): [content://com.sprint.zone.provider.ZoneProvider/categories_tbl,insert,,18,,4]
02-13 13:21:37.523 I/dvm_gc_info(  478): [7882817126544000493,-9065880291812390862,-4003553797978884051,7857859]
02-13 13:21:37.573 I/dvm_gc_info(  341): [8517260637557044842,-8973837355801581509,-4003272323002173395,7358131]
02-13 13:21:37.963 I/content_update_sample(  597): [content://com.sprint.zone.provider.ZoneProvider/categories_tbl,insert,,57,,12]
02-13 13:21:38.023 I/db_sample(  478): [/data/data/com.android.providers.media/databases/external-e82ff9f2.db,SELECT _data FROM thumbnails WHERE (_id = 35),59,,12]
02-13 13:21:38.033 I/content_update_sample(  597): [content://com.sprint.zone.provider.ZoneProvider/report_tbl,insert,,38,,8]
02-13 13:21:38.083 I/db_sample(  597): [/data/data/com.sprint.zone/databases/zone.db,INSERT INTO features_tbl(sid, enabled, desc, visible, expiration,44,,9]
02-13 13:21:38.303 I/dvm_gc_info(  341): [8517260637557032587,-8970178181104351173,-4003272323002173395,7358131]
02-13 13:21:38.353 I/dvm_gc_info(  478): [7882817126543832429,-9064472916928837581,-4003553797978884051,7857859]
02-13 13:21:38.363 I/db_sample(  597): [/data/data/com.sprint.zone/databases/zone.db,INSERT INTO report_tbl(id, time, action, data, type, slot) VALUE,80,,17]
02-13 13:21:38.413 I/db_sample(  478): [/data/data/com.android.providers.media/databases/external-e82ff9f2.db,INSERT INTO albums(album, album_key) VALUES(?, ?);,43,,9]
02-13 13:21:38.453 I/db_sample(  478): [/data/data/com.android.providers.media/databases/external-e82ff9f2.db,INSERT INTO audio_meta(album_artist, date_modified, track, is_ri,38,,8]
02-13 13:21:38.644 I/dvm_gc_madvise_info(  317): [249856,135168]
02-13 13:21:39.224 I/dvm_gc_madvise_info(  206): [3035136,135168]
02-13 13:21:39.695 I/dvm_gc_info(  341): [8517260637557077599,-8942593633369925572,-4002709373048752083,7358131]
02-13 13:21:40.195 I/am_create_service(  206): [1085084528,com.locationlabs.v3client/.ConfigurationService,act=com.locationlabs.v3client.action.CHECK_CONFIGURATION pkg=com.locationlabs.v3client,341]
02-13 13:21:40.225 I/am_destroy_service(  206): [1085084528,com.locationlabs.v3client/.ConfigurationService,341]
02-13 13:21:40.626 I/db_sample(  597): [/data/data/com.sprint.zone/databases/zone.db,INSERT INTO features_tbl(sid, enabled, desc, visible, expiration,2142,,100]
02-13 13:21:40.636 I/content_update_sample(  597): [content://com.sprint.zone.provider.ZoneProvider/features_tbl,insert,,2149,,100]
02-13 13:21:40.696 I/am_pause_activity(  206): [1079538192,com.zte.emode/.UsbSwitchTest]
02-13 13:21:40.706 I/am_task_to_front(  206): 3
02-13 13:21:40.706 I/am_new_intent(  206): [1079912968,3,com.android.launcher/com.android.launcher2.Launcher,android.intent.action.MAIN,NULL,NULL,274726912]
02-13 13:21:40.706 I/am_on_paused_called(  890): com.zte.emode.UsbSwitchTest
02-13 13:21:40.736 I/am_resume_activity(  206): [1079624600,3,com.android.launcher/com.android.launcher2.Launcher]
02-13 13:21:40.786 I/am_on_resume_called(  900): com.android.launcher2.Launcher
02-13 13:21:41.036 I/dvm_gc_madvise_info(  597): [294912,135168]
02-13 13:21:41.046 I/dvm_gc_info(  900): [7809652345805112889,-9033510806761781194,-3995109548677564371,8575014]
02-13 13:21:41.426 I/dvm_gc_info(  341): [8517260637557057146,-8978059480452237252,-4002990848025462739,7358131]
02-13 13:21:42.207 I/db_sample(  478): [/data/data/com.android.providers.media/databases/external-e82ff9f2.db,INSERT INTO thumbnails(height, _data, kind, image_id, width) VAL,3714,,100]
02-13 13:21:42.217 I/content_update_sample(  478): [content://media/external/images/thumbnails,insert,,3752,,100]
02-13 13:21:42.237 I/db_sample(  597): [/data/data/com.sprint.zone/databases/zone.db,INSERT INTO report_tbl(id, time, action, data, type, slot) VALUE,1601,,100]
02-13 13:21:42.247 I/content_update_sample(  597): [content://com.sprint.zone.provider.ZoneProvider/report_tbl,insert,,1609,,100]
02-13 13:21:42.297 I/am_destroy_service(  206): [1086744120,com.locationlabs.v3client/.V3ApiService,341]
02-13 13:21:42.367 I/db_sample(  597): [/data/data/com.sprint.zone/databases/zone.db,INSERT INTO report_tbl(id, time, action, data, type, slot) VALUE,42,,9]
02-13 13:21:42.588 I/dvm_gc_info(  478): [7882817126543816156,-9061095217208309709,-4003553797978884051,7857859]
02-13 13:21:42.778 I/db_sample(  478): [/data/data/com.android.providers.media/databases/external-e82ff9f2.db,INSERT INTO audio_meta(album_artist, date_modified, track, is_ri,56,,12]
02-13 13:21:42.808 I/content_update_sample(  597): [content://com.sprint.zone.provider.ZoneProvider/features_tbl,insert,,65,,14]
02-13 13:21:42.968 I/content_update_sample(  478): [content://media/external/images/media/37,update,,61,,13]
02-13 13:21:43.008 I/dvm_gc_info(  478): [7882817126543791651,-9062784067068569549,-4003553797978884051,7857859]
02-13 13:21:43.238 I/dvm_gc_info(  597): [3349111792835045003,-8956949063407806412,-4004116747932305363,7689968]
02-13 13:21:43.498 I/dvm_gc_info(  478): [7882817126543824327,-9061376692185020365,-4003553797978884051,7857859]
02-13 13:21:43.598 I/content_query_sample(  478): [content://media/external/images/thumbnails,_id,image_id = 39,,40,,9]
02-13 13:21:43.739 I/db_sample(  478): [/data/data/com.android.providers.media/databases/external-e82ff9f2.db,INSERT INTO audio_meta(album_artist, date_modified, track, is_ri,58,,12]
02-13 13:21:43.909 I/dvm_gc_info(  478): [7882817126543812091,-9060532267254888397,-4003553797978884051,7857859]
02-13 13:21:44.599 I/db_sample(  478): [/data/data/com.android.providers.media/databases/external-e82ff9f2.db,INSERT INTO thumbnails(height, _data, kind, image_id, width) VAL,248,,50]
02-13 13:21:45.610 I/wifi_supplicant_state_changed(  206): 2
02-13 13:21:46.031 I/dvm_gc_info(  478): [7882817126544057909,-9045895568465921997,-4003553797978884051,7632588]
02-13 13:21:46.061 I/dvm_gc_madvise_info(  900): [208896,135168]
02-13 13:21:46.441 I/dvm_gc_madvise_info(  341): [159744,135168]
02-13 13:21:46.571 I/wifi_supplicant_state_changed(  206): 1
02-13 13:21:46.742 I/content_update_sample(  478): [content://media/external/images/thumbnails,insert,,550,,100]
02-13 13:21:46.762 I/am_create_service(  206): [1083866840,com.google.android.music/.store.MediaStoreImportService,act=MediaStoreImportService.import_pending,817]
02-13 13:21:46.762 I/am_destroy_service(  206): [1082264992,com.android.providers.media/.MediaScannerService,478]
02-13 13:21:46.912 I/dvm_gc_info(  478): [7882817126543799850,-9047584418326206413,-4003553797978884051,7857859]
02-13 13:21:47.052 I/dvm_gc_info(  478): [7882817126543738206,-9068413566602790862,-4005524122815858643,7857859]
02-13 13:21:47.062 I/db_sample(  478): [/data/data/com.android.providers.media/databases/external-e82ff9f2.db,UPDATE images SET mini_thumb_magic=? WHERE _id = 43,30,,7]
02-13 13:21:47.082 I/dvm_gc_info(  478): [7882817126543733827,-9154544909442701259,-4004116747932305363,7571172]
02-13 13:21:47.122 I/dvm_gc_info(  478): [7882817126543803531,-9204084436624299978,-4004116747932305363,7571172]
02-13 13:21:47.202 I/am_proc_start(  206): [1108,10030,com.android.mms,service,com.android.mms/.transaction.TransactionService]
02-13 13:21:47.262 I/dvm_gc_madvise_info( 1108): [376832,135168]
02-13 13:21:47.292 I/am_proc_bound(  206): [1108,com.android.mms]
02-13 13:21:47.292 I/am_create_service(  206): [1084184664,com.android.mms/.transaction.TransactionService,act=android.intent.action.ACTION_ONALARM,1108]
02-13 13:21:47.472 I/am_destroy_service(  206): [1084184664,com.android.mms/.transaction.TransactionService,1108]
02-13 13:21:47.522 I/dvm_gc_info(  331): [8099846449757480539,-8997763003733452742,-4003553797978884051,7358131]
02-13 13:21:47.532 I/db_sample(  478): [/data/data/com.android.providers.media/databases/external-e82ff9f2.db,SELECT _data FROM album_art WHERE (album_id=4),0,,1]
02-13 13:21:47.672 I/dvm_gc_info(  478): [7882817126543767131,-9067569004200150989,-4004116747932305363,7857859]
02-13 13:21:47.723 I/dvm_gc_info(  478): [7882817126543729944,-9088679627453454286,-4002146423095330771,8357752]
02-13 13:21:47.753 I/dvm_gc_info(  478): [7882817126543774253,-9219845798033971134,-3995953973607696339,8357752]
02-13 13:21:47.773 I/content_update_sample(  478): [content://media/external/images/thumbnails,insert,,82,,17]
02-13 13:21:47.813 I/dvm_gc_info(  478): [7882817126543716999,-9212245973662779326,-3995953973607696339,8357752]
02-13 13:21:47.913 I/dvm_gc_info(  478): [7882817126543767318,-9128929380556425165,-3995953973607696339,7857859]
02-13 13:21:47.953 I/db_sample(  478): [/data/data/com.android.providers.media/databases/external-e82ff9f2.db,INSERT INTO thumbnails(height, _data, kind, image_id, width) VAL,17,,4]
02-13 13:21:48.243 I/dvm_gc_madvise_info(  597): [450560,135168]
02-13 13:21:48.253 I/force_gc(  206): Binder
02-13 13:21:48.313 I/dvm_gc_info(  206): [8320808730291852922,-8922320905118656414,-3982161699748874195,8558625]
02-13 13:21:48.393 I/db_sample(  478): [/data/data/com.android.providers.media/databases/external-e82ff9f2.db,COMMIT;SELECT _data FROM album_art WHERE (album_id=9),66,,14]
02-13 13:21:48.413 I/db_sample(  478): [/data/data/com.android.providers.media/databases/external-e82ff9f2.db,UPDATE images SET mini_thumb_magic=? WHERE _id = 46,26,,6]
02-13 13:21:48.423 I/content_update_sample(  478): [content://media/external/images/media/46,update,,408,,82]
02-13 13:21:48.473 I/dvm_gc_info(  478): [7882817126543841009,-9067286360707123150,-4005524122815858643,7857859]
02-13 13:21:48.483 I/dvm_gc_info(  817): [7887337218879214963,-9053213642881750983,-4003835272955594707,7358131]
02-13 13:21:48.543 I/dvm_gc_info(  817): [7887337218879218318,-9205491399090235333,-4003272323002173395,7358131]
02-13 13:21:48.543 I/dvm_gc_info(  478): [7882817126543852595,-9141595754558740417,-4001583473141909459,7571128]
02-13 13:21:48.593 I/dvm_gc_info(  478): [7882817126543725183,-9214497773526800321,-4001583473141909459,7571128]
02-13 13:21:49.224 I/db_sample(  817): [/data/data/com.google.android.music/databases/music.db,COMMIT;SELECT RecentId FROM RECENT ORDER BY ItemDate DESC LIMIT ,90,,19]
02-13 13:21:49.224 I/db_sample(  817): [/data/data/com.google.android.music/databases/music.db,GETLOCK:SELECT count(*) AS _count FROM LISTS,111,,23]
02-13 13:21:49.514 I/content_query_sample(  817): [content://media/external/audio/genres,_id/name,,,231,,47]
02-13 13:21:49.574 I/db_sample(  817): [/data/data/com.google.android.music/databases/music.db,COMMIT;UPDATE MUSIC SET Genre=?, CanonicalGenre=?, GenreId=? WHE,24,,5]
02-13 13:21:49.694 I/dvm_gc_info(  478): [7882817126543767331,-9055464411685271502,-4005242647839147987,7571159]
02-13 13:21:49.744 I/dvm_gc_info(  478): [7882817126543716969,-9213934823573370813,-3999613148304934867,7571159]
02-13 13:21:49.975 I/am_kill (  206): [489,com.sprint.w.installer,14,too many background]
02-13 13:21:49.985 I/am_proc_died(  206): [489,com.sprint.w.installer]
02-13 13:21:50.005 I/am_destroy_service(  206): [1083866840,com.google.android.music/.store.MediaStoreImportService,817]
02-13 13:21:50.005 I/am_kill (  206): [854,com.android.defcontainer,14,too many background]
02-13 13:21:50.005 I/am_proc_died(  206): [854,com.android.defcontainer]
02-13 13:21:51.316 I/dvm_gc_info(  597): [3349111792835028558,-9016903233447172043,-4003272323002173395,7689990]
02-13 13:21:51.796 I/dvm_gc_info(  597): [3349111792835323425,-9057717105070229452,-4003272323002173395,7689990]
02-13 13:21:52.507 I/am_new_intent(  206): [1079485008,3,com.android.launcher/com.android.launcher2.Launcher,android.intent.action.MAIN,NULL,NULL,270532608]
02-13 13:21:52.537 I/dvm_gc_madvise_info(  331): [233472,135168]
02-13 13:21:53.378 I/dvm_gc_madvise_info(  206): [3039232,135168]
02-13 13:21:53.578 I/dvm_gc_madvise_info(  817): [258048,135168]
02-13 13:21:53.608 I/menu_opened(  900): 0
02-13 13:21:54.779 I/dvm_gc_madvise_info(  478): [348160,135168]
02-13 13:21:54.869 I/menu_item_selected(  900): [0,Settings]
02-13 13:21:54.880 I/am_create_task(  206): 10
02-13 13:21:54.880 I/am_create_activity(  206): [1079753088,10,com.android.settings/.Settings,android.settings.SETTINGS,NULL,NULL,270532608]
02-13 13:21:54.890 I/am_pause_activity(  206): [1079624600,com.android.launcher/com.android.launcher2.Launcher]
02-13 13:21:54.920 I/am_on_paused_called(  900): com.android.launcher2.Launcher
02-13 13:21:54.930 I/am_restart_activity(  206): [1079753088,10,com.android.settings/.Settings]
02-13 13:21:55.080 I/am_on_resume_called(  678): com.android.settings.Settings
02-13 13:21:55.270 I/activity_launch_time(  206): [1079753088,com.android.settings/.Settings,340,340]
02-13 13:21:55.600 I/dvm_gc_info(  597): [3349111792835081777,-9067005779301677004,-4003272323002173395,8554528]
02-13 13:21:55.880 I/dvm_gc_info(  678): [8315180330336589374,-9018311364379240398,-4006087072769279955,7358211]
02-13 13:21:56.291 I/dvm_gc_info(  678): [8315180330336224835,-8987067504458262476,-4002709373048752083,7915316]
02-13 13:21:57.832 I/am_proc_start(  206): [1123,10014,com.sprint.w.installer,service,com.sprint.w.installer/.delivery.ReportPostService]
02-13 13:21:57.842 I/dvm_gc_madvise_info( 1123): [376832,135168]
02-13 13:21:57.852 I/am_proc_bound(  206): [1123,com.sprint.w.installer]
02-13 13:21:57.852 I/am_create_service(  206): [1086116280,com.sprint.w.installer/.delivery.ReportPostService,,1123]
02-13 13:21:57.902 I/am_create_service(  206): [1086023384,com.sprint.w.installer/com.sprint.id.updater.UpdaterService,,1123]
02-13 13:21:57.942 I/am_destroy_service(  206): [1086116280,com.sprint.w.installer/.delivery.ReportPostService,1123]
02-13 13:21:59.644 I/am_create_activity(  206): [1079799920,10,com.android.settings/.DeviceInfoSettings,android.intent.action.MAIN,NULL,NULL,0]
02-13 13:21:59.644 I/am_pause_activity(  206): [1079753088,com.android.settings/.Settings]
02-13 13:21:59.654 I/am_on_paused_called(  678): com.android.settings.Settings
02-13 13:21:59.654 I/am_restart_activity(  206): [1079799920,10,com.android.settings/.DeviceInfoSettings]
02-13 13:21:59.704 I/am_on_resume_called(  678): com.android.settings.DeviceInfoSettings
02-13 13:21:59.974 I/activity_launch_time(  206): [1079799920,com.android.settings/.DeviceInfoSettings,320,320]
02-13 13:22:00.245 I/battery_level(  206): [100,4147,330]
02-13 13:22:00.615 I/dvm_gc_madvise_info(  597): [159744,135168]
02-13 13:22:01.326 I/dvm_gc_madvise_info(  678): [155648,135168]
02-13 13:22:01.406 I/dvm_gc_info(  597): [3349111792835135086,-9056591205045942220,-3990324474073483219,8636468]
02-13 13:22:01.586 I/wifi_supplicant_state_changed(  206): 2
02-13 13:22:02.547 I/wifi_supplicant_state_changed(  206): 1
02-13 13:22:05.340 I/db_sample(  597): [/data/data/com.sprint.zone/databases/zone.db,UPDATE features_tbl SET icon=? WHERE id=33,83,,17]
02-13 13:22:06.461 I/dvm_gc_madvise_info(  597): [282624,135168]
02-13 13:22:09.364 I/db_sample(  597): [/data/data/com.sprint.zone/databases/zone.db,UPDATE features_tbl SET icon=? WHERE id=35,32,,7]
02-13 13:22:10.004 I/force_gc(  341): bg
02-13 13:22:10.064 I/dvm_gc_info(  341): [8517260637557245548,-9002829278402783173,-4003272323002173395,7358131]
02-13 13:22:14.899 I/am_create_service(  206): [1080123328,com.android.mms/.transaction.SmsReceiverService,act=android.provider.Telephony.SMS_RECEIVED,1108]
02-13 13:22:14.979 I/am_create_service(  206): [1085970816,com.google.android.gsf/.loginservice.GoogleLoginService,act=android.accounts.AccountAuthenticator,374]
02-13 13:22:14.989 I/am_destroy_service(  206): [1085970816,com.google.android.gsf/.loginservice.GoogleLoginService,374]
02-13 13:22:15.099 I/dvm_gc_madvise_info(  341): [372736,135168]
02-13 13:22:15.109 I/content_update_sample( 1108): [content://sms/inbox,insert,,147,,30]
02-13 13:22:15.139 I/notification_cancel(  206): [com.android.mms,999,0]
02-13 13:22:15.179 I/notification_cancel(  206): [com.android.mms,123,0]
02-13 13:22:15.189 I/notification_enqueue(  206): [com.android.mms,123,Notification(vibrate=null,sound=content://settings/system/notification_sound,defaults=0x4,flags=0x1)]
02-13 13:22:15.299 I/am_destroy_service(  206): [1080123328,com.android.mms/.transaction.SmsReceiverService,1108]
02-13 13:22:17.011 I/dvm_gc_info(  597): [3349111792835315402,-9027035988893931467,-3990324474073483219,8636475]
02-13 13:22:17.572 I/wifi_supplicant_state_changed(  206): 2
02-13 13:22:18.543 I/wifi_supplicant_state_changed(  206): 1
02-13 13:22:22.016 I/dvm_gc_madvise_info(  597): [425984,135168]
02-13 13:22:23.057 I/free_storage_changed(  206): 2777559040
02-13 13:22:25.469 I/power_screen_state(  206): [0,3,0,0]
02-13 13:22:25.479 I/power_screen_broadcast_send(  206): 1
02-13 13:22:25.479 I/screen_toggled(  206): 0
02-13 13:22:25.499 I/am_pause_activity(  206): [1079799920,com.android.settings/.DeviceInfoSettings]
02-13 13:22:25.499 I/am_on_paused_called(  678): com.android.settings.DeviceInfoSettings
02-13 13:22:25.589 I/power_screen_broadcast_done(  206): [0,110,1]
02-13 13:22:26.030 I/db_sample(  597): [/data/data/com.sprint.zone/databases/zone.db,UPDATE features_tbl SET icon=? WHERE id=41,77,,16]
02-13 13:22:26.280 I/force_gc(  206): Binder
02-13 13:22:26.380 I/dvm_gc_info(  206): [8320808730292008586,-8922039430141933469,-3982161699748874195,8558625]
02-13 13:22:26.620 I/db_sample(  597): [/data/data/com.sprint.zone/databases/zone.db,INSERT INTO report_tbl(id, time, action, data, type, slot) VALUE,93,,19]
02-13 13:22:26.650 I/notification_cancel(  206): [com.sprint.zone,0,0]
02-13 13:22:26.661 I/notification_enqueue(  206): [com.sprint.zone,0,Notification(vibrate=null,sound=null,defaults=0x0,flags=0x10)]
02-13 13:22:26.731 I/am_create_service(  206): [1085750440,com.locationlabs.v3client/.V3ApiService,act=com.locationlabs.v3client.action.CHANGE_PUSH_ID pkg=com.locationlabs.v3client,341]
02-13 13:22:26.761 I/power_screen_state(  206): [1,2,0,0]
02-13 13:22:26.761 I/power_screen_broadcast_send(  206): 1
02-13 13:22:26.761 I/screen_toggled(  206): 1
02-13 13:22:26.761 I/am_resume_activity(  206): [1079799920,10,com.android.settings/.DeviceInfoSettings]
02-13 13:22:26.761 I/am_on_resume_called(  678): com.android.settings.DeviceInfoSettings
02-13 13:22:26.801 I/power_screen_broadcast_done(  206): [1,48,1]
02-13 13:22:26.841 I/notification_cancel(  206): [com.android.phone,111,0]
02-13 13:22:26.851 I/am_destroy_service(  206): [1085750440,com.locationlabs.v3client/.V3ApiService,341]
02-13 13:22:27.011 I/dvm_gc_info(  597): [3349111792835458832,-8992695904195622860,-3983569074632427475,8706119]
02-13 13:22:30.254 I/battery_level(  206): [99,4140,330]
02-13 13:22:31.445 I/dvm_gc_madvise_info(  206): [3043328,135168]
02-13 13:22:31.846 I/content_update_sample(  597): [content://com.sprint.zone.provider.ZoneProvider/report_tbl,delete,,48,,10]
02-13 13:22:31.876 I/am_finish_activity(  206): [1079799920,10,com.android.settings/.DeviceInfoSettings,app-request]
02-13 13:22:31.876 I/am_pause_activity(  206): [1079799920,com.android.settings/.DeviceInfoSettings]
02-13 13:22:31.876 I/am_on_paused_called(  678): com.android.settings.DeviceInfoSettings
02-13 13:22:31.876 I/am_resume_activity(  206): [1079753088,10,com.android.settings/.Settings]
02-13 13:22:31.886 I/am_on_resume_called(  678): com.android.settings.Settings
02-13 13:22:31.976 I/dvm_gc_madvise_info(  597): [552960,135168]
02-13 13:22:32.086 I/am_destroy_activity(  206): [1079799920,10,com.android.settings/.DeviceInfoSettings]
02-13 13:22:32.126 I/content_update_sample(  597): [content://com.sprint.zone.provider.ZoneProvider/features_tbl,delete,app_scheme = 'custom',116,,24]
02-13 13:22:33.367 I/db_sample(  597): [/data/data/com.sprint.zone/databases/zone.db,INSERT INTO report_tbl(id, time, action, data, type, slot) VALUE,21,,5]
02-13 13:22:33.367 I/content_update_sample(  597): [content://com.sprint.zone.provider.ZoneProvider/report_tbl,insert,,23,,5]
02-13 13:22:33.547 I/wifi_supplicant_state_changed(  206): 2
02-13 13:22:33.647 I/am_pause_activity(  206): [1079753088,com.android.settings/.Settings]
02-13 13:22:33.647 I/am_task_to_front(  206): 3
02-13 13:22:33.647 I/am_new_intent(  206): [1080285824,3,com.android.launcher/com.android.launcher2.Launcher,android.intent.action.MAIN,NULL,NULL,274726912]
02-13 13:22:33.657 I/am_on_paused_called(  678): com.android.settings.Settings
02-13 13:22:33.667 I/am_resume_activity(  206): [1079624600,3,com.android.launcher/com.android.launcher2.Launcher]
02-13 13:22:33.677 I/am_on_resume_called(  900): com.android.launcher2.Launcher
02-13 13:22:33.687 I/binder_sample(  678): [android.app.IActivityManager,19,30,com.android.settings,6]
02-13 13:22:33.827 I/notification_cancel(  206): [com.android.phone,111,0]
02-13 13:22:33.948 I/db_sample(  597): [/data/data/com.sprint.zone/databases/zone.db,UPDATE features_tbl SET icon=? WHERE id=45,89,,18]
02-13 13:22:34.408 I/content_update_sample(  597): [content://com.sprint.zone.provider.ZoneProvider/pages_tbl,insert,,20,,5]
02-13 13:22:34.508 I/wifi_supplicant_state_changed(  206): 1
02-13 13:22:34.518 I/am_pause_activity(  206): [1079624600,com.android.launcher/com.android.launcher2.Launcher]
02-13 13:22:34.518 I/am_task_to_front(  206): 5
02-13 13:22:34.518 I/am_new_intent(  206): [1080826536,5,com.android.contacts/.DialtactsActivity,android.intent.action.MAIN,NULL,NULL,272629760]
02-13 13:22:34.518 I/am_on_paused_called(  900): com.android.launcher2.Launcher
02-13 13:22:34.528 I/am_resume_activity(  206): [1081220176,5,com.android.contacts/.DialtactsActivity]
02-13 13:22:34.558 I/am_on_resume_called(  402): com.android.contacts.smartdialer.DialerApp
02-13 13:22:34.558 I/am_on_resume_called(  402): com.android.contacts.DialtactsActivity
02-13 13:22:34.638 I/db_sample(  597): [/data/data/com.sprint.zone/databases/zone.db,INSERT INTO pages_tbl(sid, page_order, pid) VALUES(?, ?, ?);,167,,34]
02-13 13:22:34.678 I/db_sample(  597): [/data/data/com.sprint.zone/databases/zone.db,INSERT INTO pages_tbl(sid, page_order, pid) VALUES(?, ?, ?);,15,,4]
02-13 13:22:34.718 I/db_sample(  597): [/data/data/com.sprint.zone/databases/zone.db,INSERT INTO pages_tbl(sid, page_order, pid) VALUES(?, ?, ?);,25,,6]
02-13 13:22:34.899 I/db_sample(  597): [/data/data/com.sprint.zone/databases/zone.db,DELETE FROM strings_tbl,126,,26]
02-13 13:22:34.899 I/content_update_sample(  597): [content://com.sprint.zone.provider.ZoneProvider/strings_tbl,delete,,130,,27]
02-13 13:22:36.410 I/db_sample(  597): [/data/data/com.sprint.zone/databases/zone.db,INSERT INTO strings_tbl(id, value, name) VALUES(?, ?, ?);,992,,100]
02-13 13:22:36.420 I/content_update_sample(  597): [content://com.sprint.zone.provider.ZoneProvider/strings_tbl,insert,,1009,,100]
02-13 13:22:38.572 I/db_sample(  597): [/data/data/com.sprint.zone/databases/zone.db,INSERT INTO strings_tbl(id, value, name) VALUES(?, ?, ?);,2148,,100]
02-13 13:22:38.572 I/content_update_sample(  597): [content://com.sprint.zone.provider.ZoneProvider/strings_tbl,insert,,2150,,100]
02-13 13:22:38.862 I/am_pause_activity(  206): [1081220176,com.android.contacts/.DialtactsActivity]
02-13 13:22:38.862 I/am_task_to_front(  206): 9
02-13 13:22:38.862 I/am_create_activity(  206): [1083937656,9,com.zte.emode/.EmodeSubmenu,NULL,NULL,NULL,281018368]
02-13 13:22:38.942 I/dvm_gc_info(  402): [7017575181484885693,-8922327160084961220,-3996235448584406995,8521679]
02-13 13:22:38.952 I/am_on_paused_called(  402): com.android.contacts.smartdialer.DialerApp
02-13 13:22:38.952 I/am_on_paused_called(  402): com.android.contacts.DialtactsActivity
02-13 13:22:38.952 I/am_restart_activity(  206): [1083937656,9,com.zte.emode/.EmodeSubmenu]
02-13 13:22:38.973 I/am_on_resume_called(  890): com.zte.emode.EmodeSubmenu
02-13 13:22:39.023 I/content_update_sample(  597): [content://com.sprint.zone.provider.ZoneProvider/strings_tbl,insert,,92,,19]
02-13 13:22:39.103 I/db_sample(  597): [/data/data/com.sprint.zone/databases/zone.db,INSERT INTO strings_tbl(id, value, name) VALUES(?, ?, ?);,20,,5]
02-13 13:22:39.153 I/db_sample(  597): [/data/data/com.sprint.zone/databases/zone.db,INSERT INTO info_tbl(id, action, title, uri, description) VALUES,18,,4]
02-13 13:22:39.173 I/activity_launch_time(  206): [1083937656,com.zte.emode/.EmodeSubmenu,225,225]
02-13 13:22:39.223 I/content_update_sample(  597): [content://com.sprint.zone.provider.ZoneProvider/strings_tbl,insert,,21,,5]
02-13 13:22:39.373 I/content_update_sample(  597): [content://com.sprint.zone.provider.ZoneProvider/strings_tbl,insert,,36,,8]
02-13 13:22:40.014 I/db_sample(  597): [/data/data/com.sprint.zone/databases/zone.db,INSERT INTO strings_tbl(id, value, name) VALUES(?, ?, ?);,22,,5]
02-13 13:22:40.124 I/db_sample(  597): [/data/data/com.sprint.zone/databases/zone.db,INSERT INTO strings_tbl(id, value, name) VALUES(?, ?, ?);,31,,7]
02-13 13:22:40.124 I/content_update_sample(  597): [content://com.sprint.zone.provider.ZoneProvider/strings_tbl,insert,,34,,7]
02-13 13:22:40.284 I/am_create_activity(  206): [1085633992,9,com.zte.emode/.DevInfo,NULL,NULL,NULL,276824064]
02-13 13:22:40.284 I/am_pause_activity(  206): [1083937656,com.zte.emode/.EmodeSubmenu]
02-13 13:22:40.294 I/am_on_paused_called(  890): com.zte.emode.EmodeSubmenu
02-13 13:22:40.304 I/am_restart_activity(  206): [1085633992,9,com.zte.emode/.DevInfo]
02-13 13:22:40.324 I/content_update_sample(  597): [content://com.sprint.zone.provider.ZoneProvider/strings_tbl,insert,,84,,17]
02-13 13:22:40.344 I/am_on_resume_called(  890): com.zte.emode.DevInfo
