02-13 13:20:46.156 I/am_proc_start(  206): [612,10022,com.android.vending,broadcast,com.android.vending/com.google.android.finsky.receivers.PersistentPackageMonitorReceiver]
02-13 13:20:46.176 I/dvm_gc_info(  331): [8099846449757525600,-8925705547168077768,-4004398222909016019,7358131]
02-13 13:20:46.176 I/dvm_gc_madvise_info(  612): [372736,135168]
02-13 13:20:46.186 I/am_proc_bound(  206): [612,com.android.vending]
02-13 13:20:46.306 I/backup_data_changed(  206): com.android.vending
02-13 13:20:46.446 I/am_create_service(  206): [1085780912,com.google.android.gsf/.gtalkservice.PushMessagingRegistrar,act=com.google.android.c2dm.intent.REGISTER,374]
02-13 13:20:46.456 I/am_create_service(  206): [1085634520,com.locationlabs.v3client/.AccountService,act=com.locationlabs.action.GET_ACCOUNT pkg=com.locationlabs.v3client,341]
02-13 13:20:46.476 I/am_create_service(  206): [1084093984,com.locationlabs.v3client/.GpsStateService,act=com.locationlabs.action.TURN_OFF_GPS_DETECTION pkg=com.locationlabs.v3client,341]
02-13 13:20:46.486 I/am_create_service(  206): [1084260320,com.locationlabs.v3client/.FeatureService,act=com.locationlabs.v3client.action.RESTART pkg=com.locationlabs.v3client,341]
02-13 13:20:46.496 I/am_proc_start(  206): [635,1000,com.qualcomm.privinit,broadcast,com.qualcomm.privinit/.BootReciever]
02-13 13:20:46.506 I/am_destroy_service(  206): [1084093984,com.locationlabs.v3client/.GpsStateService,341]
02-13 13:20:46.516 I/dvm_gc_madvise_info(  635): [372736,135168]
02-13 13:20:46.536 I/am_proc_bound(  206): [635,com.qualcomm.privinit]
02-13 13:20:46.546 I/am_destroy_service(  206): [1084260320,com.locationlabs.v3client/.FeatureService,341]
02-13 13:20:46.556 I/am_proc_start(  206): [644,10046,com.cooliris.media,broadcast,com.cooliris.media/com.cooliris.cache.BootReceiver]
02-13 13:20:46.576 I/dvm_gc_madvise_info(  644): [372736,135168]
02-13 13:20:42.560 I/wifi_supplicant_state_changed(  206): 1
02-13 13:20:42.570 I/cdma_service_state_change(  331): [1,0]
02-13 13:20:42.640 I/db_sample(  644): [/data/data/com.cooliris.media/databases/picasa.db,CREATE TABLE users (_id INTEGER PRIMARY KEY,account TEXT ,albums,1,com.cooliris.media,1]
02-13 13:20:42.710 I/notification_cancel(  206): [com.android.phone,111,0]
02-13 13:20:42.720 I/notification_cancel(  206): [com.android.phone,111,0]
02-13 13:20:42.750 I/content_query_sample(  597): [content://com.sprint.zone.provider.ZoneProvider/versions_tbl,,,,717,,100]
02-13 13:20:42.780 I/am_create_service(  206): [1085422376,com.redbend.vdmc/.Vdmc,,419]
02-13 13:20:42.800 I/am_proc_start(  206): [653,10001,zte.com.cn.alarmclock,broadcast,zte.com.cn.alarmclock/.AlarmInitReceiver]
02-13 13:20:42.880 I/notification_cancel(  206): [com.android.phone,111,0]
02-13 13:20:42.890 I/binder_sample(  419): [android.app.IActivityManager,61,31,com.redbend.vdmc,6]
02-13 13:20:42.960 I/dvm_gc_madvise_info(  653): [372736,135168]
02-13 13:20:43.030 I/dvm_gc_info(  206): [8320808730291644113,-8917254355537905565,-3981317274818742227,8570915]
02-13 13:20:43.050 I/am_proc_bound(  206): [653,zte.com.cn.alarmclock]
02-13 13:20:43.050 I/binder_sample(  419): [android.content.IContentProvider,3,155,com.redbend.vdmc,31]
02-13 13:20:43.050 I/content_update_sample(  419): [content://settings/system,insert,,157,com.redbend.vdmc,32]
02-13 13:20:43.120 I/backup_data_changed(  206): com.android.providers.settings
02-13 13:20:43.160 I/notification_cancel(  206): [com.android.phone,7,0]
02-13 13:20:43.160 I/notification_cancel(  206): [com.android.phone,7,0]
02-13 13:20:43.160 I/notification_cancel(  206): [com.android.phone,7,0]
02-13 13:20:43.160 I/notification_cancel(  206): [com.android.phone,7,0]
02-13 13:20:43.160 I/notification_cancel(  206): [com.android.phone,7,0]
02-13 13:20:43.170 I/notification_cancel(  206): [com.android.phone,7,0]
02-13 13:20:43.190 I/notification_cancel(  206): [com.android.phone,7,0]
02-13 13:20:43.190 I/notification_cancel(  206): [com.android.phone,7,0]
02-13 13:20:43.190 I/notification_cancel(  206): [com.android.phone,7,0]
02-13 13:20:43.190 I/notification_cancel(  206): [com.android.phone,7,0]
02-13 13:20:43.200 I/notification_cancel(  206): [com.android.phone,7,0]
02-13 13:20:43.200 I/notification_cancel(  206): [com.android.phone,7,0]
02-13 13:20:43.210 I/db_sample(  478): [/data/data/com.android.providers.downloads/databases/downloads.db,DELETE FROM downloads WHERE (notificationpackage=? AND notificat,0,,1]
02-13 13:20:43.210 I/notification_cancel(  206): [com.android.phone,7,0]
02-13 13:20:43.210 I/notification_cancel(  206): [com.android.phone,7,0]
02-13 13:20:43.210 I/notification_cancel(  206): [com.android.phone,7,0]
02-13 13:20:43.230 I/notification_cancel(  206): [com.android.phone,7,0]
02-13 13:20:43.230 I/notification_cancel(  206): [com.android.phone,7,0]
02-13 13:20:43.230 I/notification_cancel(  206): [com.android.phone,7,0]
02-13 13:20:43.230 I/notification_cancel(  206): [com.android.phone,7,0]
02-13 13:20:43.230 I/notification_cancel(  206): [com.android.phone,7,0]
02-13 13:20:43.260 I/binder_sample(  419): [android.content.IContentProvider,3,38,com.redbend.vdmc,7]
02-13 13:20:43.280 I/notification_cancel(  206): [com.android.phone,7,0]
02-13 13:20:43.360 I/binder_sample(  331): [com.android.internal.telephony.ITelephonyRegistry,6,14,com.android.phone,2]
02-13 13:20:43.360 I/notification_cancel(  206): [com.android.phone,111,0]
02-13 13:20:43.390 I/notification_cancel(  206): [com.android.phone,111,0]
02-13 13:20:43.480 I/db_sample(  597): [/data/data/com.sprint.zone/databases/zone.db,INSERT INTO versions_tbl(last_update, alert_ver, branding_ver, p,487,,98]
02-13 13:20:43.500 I/content_update_sample(  597): [content://com.sprint.zone.provider.ZoneProvider/versions_tbl,insert,,741,,100]
02-13 13:20:43.510 I/backup_data_changed(  206): com.android.providers.settings
02-13 13:20:43.570 I/notification_cancel(  206): [com.android.phone,7,0]
02-13 13:20:43.570 I/notification_cancel(  206): [com.android.phone,7,0]
02-13 13:20:43.570 I/notification_cancel(  206): [com.android.phone,7,0]
02-13 13:20:43.580 I/notification_cancel(  206): [com.android.phone,7,0]
02-13 13:20:43.580 I/notification_cancel(  206): [com.android.phone,7,0]
02-13 13:20:43.580 I/notification_cancel(  206): [com.android.phone,7,0]
02-13 13:20:43.580 I/notification_cancel(  206): [com.android.phone,7,0]
02-13 13:20:43.580 I/notification_cancel(  206): [com.android.phone,7,0]
02-13 13:20:43.580 I/notification_cancel(  206): [com.android.phone,7,0]
02-13 13:20:43.580 I/notification_cancel(  206): [com.android.phone,7,0]
02-13 13:20:43.640 I/connectivity_state_changed(  206): 3600
02-13 13:20:43.680 I/backup_data_changed(  206): com.android.providers.settings
02-13 13:20:43.760 I/db_sample(  597): [/data/data/com.sprint.zone/databases/zone.db,INSERT INTO features_tbl(sid, enabled, desc, visible, expiration,55,,12]
02-13 13:20:43.820 I/content_update_sample(  597): [content://com.sprint.zone.provider.ZoneProvider/report_tbl,insert,,46,,10]
02-13 13:20:43.960 I/dvm_gc_info(  597): [3349111792835192420,-8992134122825693135,-4006087072769275858,7358131]
02-13 13:20:43.990 I/dvm_gc_info(  331): [8099846449757451882,-8948223476585445320,-4004116747932305363,7358131]
02-13 13:20:44.020 I/backup_data_changed(  206): com.android.providers.settings
02-13 13:20:44.020 I/backup_data_changed(  206): com.android.providers.settings
02-13 13:20:44.020 I/content_update_sample(  597): [content://com.sprint.zone.provider.ZoneProvider/versions_tbl,update,,33,,7]
02-13 13:20:44.091 I/am_proc_start(  206): [661,10010,com.swype.android.inputmethod,broadcast,com.swype.android.inputmethod/.SwypeDataInitializer]
02-13 13:20:44.101 I/dvm_gc_madvise_info(  661): [368640,135168]
02-13 13:20:44.111 I/am_proc_bound(  206): [661,com.swype.android.inputmethod]
02-13 13:20:44.231 I/am_proc_start(  206): [669,10012,com.sprint.ce.updater,broadcast,com.sprint.ce.updater/.BootCompletedReceiver]
02-13 13:20:44.271 I/notification_cancel(  206): [com.android.phone,111,0]
02-13 13:20:44.291 I/dvm_gc_madvise_info(  669): [368640,135168]
02-13 13:20:44.311 I/am_proc_bound(  206): [669,com.sprint.ce.updater]
02-13 13:20:44.311 I/dvm_gc_info(  120): [8825198673194767406,-9137375623125301202,-4006087072769275858,7358131]
02-13 13:20:44.351 I/am_create_service(  206): [1083742432,com.sprint.ce.updater/.UpdaterService,act=com.sprint.action.CLEANUP_FILES,669]
02-13 13:20:44.351 I/am_create_service(  206): [1083747480,com.sprint.w.installer/.DownloadService,act=com.sprint.action.ACTION_CLEANUP,489]
02-13 13:20:44.371 I/dvm_gc_info(  120): [8825198673194631224,-9222662541068629970,-4006087072769275858,7358131]
02-13 13:20:44.401 I/db_sample(  341): [/data/data/com.locationlabs.v3client/databases/V3Client_DEBUGDATA,PRAGMA user_version;,0,com.locationlabs.v3client,1]
02-13 13:20:44.431 I/am_create_service(  206): [1082054336,com.locationlabs.v3client/.V3ApiService,act=com.locationlabs.v3client.action.GET_ACCOUNT pkg=com.locationlabs.v3client,341]
02-13 13:20:44.441 I/am_destroy_service(  206): [1085634520,com.locationlabs.v3client/.AccountService,341]
02-13 13:20:44.491 I/dvm_gc_info(  120): [8825198673194831920,-9222662541068629970,-4006087072769275858,7358131]
02-13 13:20:44.501 I/dvm_gc_info(  341): [8517260637557028437,-9016059427109803982,-4005805597792569299,7358131]
02-13 13:20:44.521 I/binder_sample(  661): [android.app.IActivityManager,16,298,com.swype.android.inputmethod,59]
02-13 13:20:44.521 I/content_query_sample(  597): [content://com.sprint.zone.provider.ZoneProvider/versions_tbl,,,,376,,76]
02-13 13:20:44.521 I/dvm_gc_madvise_info(  580): [258048,135168]
02-13 13:20:44.531 I/am_destroy_service(  206): [1083747480,com.sprint.w.installer/.DownloadService,489]
02-13 13:20:44.631 I/content_update_sample(  597): [content://com.sprint.zone.provider.ZoneProvider/features_tbl,update,id=2,85,,18]
02-13 13:20:44.691 I/am_proc_start(  206): [678,1000,com.android.settings,broadcast,com.android.qualcomm/.Dun_Autoboot]
02-13 13:20:44.701 I/am_proc_bound(  206): [678,com.android.settings]
02-13 13:20:44.721 I/am_create_service(  206): [1086691840,com.android.qualcomm/.DunService,,678]
02-13 13:20:44.721 I/am_proc_start(  206): [685,10024,com.irdeto.providers.drm,broadcast,com.irdeto.providers.drm/.OmaDrmReceiver]
02-13 13:20:44.741 I/am_proc_bound(  206): [685,com.irdeto.providers.drm]
02-13 13:20:44.761 I/am_create_service(  206): [1086675992,com.irdeto.providers.drm/.OmaDrmService,act=android.intent.action.BOOT_COMPLETED,685]
02-13 13:20:44.761 I/am_proc_start(  206): [693,10030,com.android.mms,broadcast,com.android.mms/.transaction.MmsSystemEventReceiver]
02-13 13:20:44.781 I/am_proc_bound(  206): [693,com.android.mms]
02-13 13:20:44.931 I/content_update_sample(  597): [content://com.sprint.zone.provider.ZoneProvider/features_tbl,update,id=3,121,,25]
02-13 13:20:45.071 I/dvm_gc_info(  206): [8320808730291640182,-8914439605770803104,-3982161699748874195,8570915]
02-13 13:20:45.131 I/content_update_sample(  597): [content://com.sprint.zone.provider.ZoneProvider/pages_tbl,insert,,199,,40]
02-13 13:20:45.161 I/binder_sample(  693): [android.content.IContentProvider,3,43,com.android.mms,8]
02-13 13:20:45.192 I/dvm_gc_madvise_info(  407): [233472,135168]
02-13 13:20:45.272 I/power_screen_state(  206): [1,3,0,0]
02-13 13:20:45.272 I/power_screen_broadcast_send(  206): 2
02-13 13:20:45.272 I/screen_toggled(  206): 1
02-13 13:20:45.272 I/am_resume_activity(  206): [1081087216,3,com.sprint.w.installer/.WInstaller]
02-13 13:20:45.272 I/am_on_resume_called(  489): com.sprint.w.installer.WInstaller
02-13 13:20:45.342 I/db_sample(  206): [/data/data/com.android.providers.settings/databases/settings.db,INSERT INTO system(value, name) VALUES(?, ?);,94,,19]
02-13 13:20:45.352 I/binder_sample(  693): [android.content.IContentProvider,3,107,com.android.mms,21]
02-13 13:20:45.712 I/content_update_sample(  597): [content://com.sprint.zone.provider.ZoneProvider/categories_tbl,delete,app_scheme = 'custom',148,,30]
02-13 13:20:45.802 I/content_update_sample(  693): [content://settings/system,insert,,110,com.android.mms,23]
02-13 13:20:45.832 I/dvm_gc_info(  341): [8517260637557102183,-8939216620995266508,-4005242647839147987,7358131]
02-13 13:20:45.852 I/binder_sample(  693): [android.content.IContentProvider,3,53,com.android.mms,10]
02-13 13:20:45.872 I/am_destroy_service(  206): [1082054336,com.locationlabs.v3client/.V3ApiService,341]
02-13 13:20:45.882 I/am_kill (  206): [454,com.google.android.apps.uploader,14,too many background]
02-13 13:20:45.882 I/am_proc_died(  206): [454,com.google.android.apps.uploader]
02-13 13:20:45.882 I/db_sample(  206): [/data/data/com.android.providers.settings/databases/settings.db,INSERT INTO system(value, name) VALUES(?, ?);,32,,7]
02-13 13:20:46.303 I/content_update_sample(  597): [content://com.sprint.zone.provider.ZoneProvider/report_tbl,insert,,108,,22]
02-13 13:20:46.393 I/db_sample(  331): [/data/data/com.android.providers.telephony/databases/mmssms.db,INSERT INTO qktxt(quicktext, language, country) VALUES(?, ?, ?);,0,,1]
02-13 13:20:46.423 I/db_sample(  331): [/data/data/com.android.providers.telephony/databases/mmssms.db,INSERT INTO qktxt(quicktext, language, country) VALUES(?, ?, ?);,0,,1]
02-13 13:20:46.553 I/db_sample(  331): [/data/data/com.android.providers.telephony/databases/mmssms.db,INSERT INTO qktxt(quicktext, language, country) VALUES(?, ?, ?);,0,,1]
02-13 13:20:46.563 I/db_sample(  331): [/data/data/com.android.providers.telephony/databases/mmssms.db,INSERT INTO qktxt(quicktext, language, country) VALUES(?, ?, ?);,0,,1]
02-13 13:20:46.596 I/am_proc_bound(  206): [644,com.cooliris.media]
02-13 13:20:46.603 I/dvm_gc_info(  331): [8099846449757521515,-8969334031102470087,-4003835272955594707,7358131]
02-13 13:20:46.683 I/dvm_gc_info(  597): [3349111792835028581,-9034918181846742991,-4005805597792569299,7358138]
02-13 13:20:46.743 I/content_query_sample(  693): [content://mms-sms/canonical-addresses,,,,631,,100]
02-13 13:20:46.743 I/db_sample(  597): [/data/data/com.sprint.zone/databases/zone.db,INSERT INTO features_tbl(sid, enabled, desc, visible, expiration,117,,24]
02-13 13:20:46.923 I/content_update_sample(  597): [content://com.sprint.zone.provider.ZoneProvider/features_tbl,insert,,31,,7]
02-13 13:20:47.053 I/screen_toggled(  206): 2
02-13 13:20:47.083 I/activity_launch_time(  206): [1081087216,com.sprint.w.installer/.WInstaller,12085,22848]
02-13 13:20:47.123 I/binder_sample(  407): [android.app.IActivityManager,20,20,com.android.launcher,4]
02-13 13:20:47.153 I/binder_sample(  693): [android.content.IContentProvider,4,1031,com.android.mms,100]
02-13 13:20:47.153 I/content_update_sample(  693): [content://mms/drm,delete,,1032,com.android.mms,100]
02-13 13:20:47.173 I/content_query_sample(  693): [content://mms-sms/conversations?simple=true,_id/date/message_count/recipient_ids/snippet/snippet_cs/read/error/has_attachment/recipient_cc_ids/recipient_bcc_ids/sticktop_date,,,1054,,100]
02-13 13:20:47.173 I/content_query_sample(  693): [content://mms-sms/draft,thread_id,,,1069,,100]
02-13 13:20:47.223 I/am_create_service(  206): [1080826536,com.android.mms/.transaction.SmsReceiverService,act=android.intent.action.BOOT_COMPLETED,693]
02-13 13:20:47.244 I/notification_cancel(  206): [com.android.mms,123,0]
02-13 13:20:47.254 I/am_create_service(  206): [1082264992,com.android.providers.media/.MediaScannerService,,478]
02-13 13:20:47.264 I/am_proc_start(  206): [711,10033,com.google.android.apps.maps:FriendService,broadcast,com.google.android.apps.maps/com.google.googlenav.friend.android.ServiceReceiver]
02-13 13:20:47.294 I/am_proc_bound(  206): [711,com.google.android.apps.maps:FriendService]
02-13 13:20:47.334 I/binder_sample(  693): [android.app.IActivityManager,61,63,com.android.mms,12]
02-13 13:20:47.574 I/dvm_gc_info(  711): [7881704463071798830,-9037451525272668106,-4004679697885726675,7358131]
02-13 13:20:47.714 I/notification_cancel(  206): [com.android.mms,123,0]
02-13 13:20:47.744 I/am_destroy_service(  206): [1080826536,com.android.mms/.transaction.SmsReceiverService,693]
02-13 13:20:48.134 I/db_sample(  597): [/data/data/com.sprint.zone/databases/zone.db,INSERT INTO report_tbl(id, time, action, data, type, slot) VALUE,1197,,100]
02-13 13:20:48.144 I/content_update_sample(  597): [content://com.sprint.zone.provider.ZoneProvider/report_tbl,insert,,1207,,100]
02-13 13:20:49.556 I/dvm_gc_madvise_info(  685): [286720,135168]
02-13 13:20:49.566 I/dvm_gc_madvise_info(  693): [139264,135168]
02-13 13:20:49.576 I/dvm_gc_madvise_info(  678): [299008,135168]
02-13 13:20:50.086 I/binder_sample(  331): [com.android.internal.telephony.ITelephonyRegistry,8,17,com.android.phone,3]
02-13 13:20:50.126 I/dvm_gc_madvise_info(  206): [3264512,135168]
02-13 13:20:50.156 I/notification_cancel(  206): [com.android.phone,111,0]
02-13 13:20:50.166 I/notification_cancel(  206): [com.android.phone,111,0]
02-13 13:20:50.286 I/notification_cancel(  206): [com.android.phone,7,0]
02-13 13:20:50.296 I/notification_cancel(  206): [com.android.phone,7,0]
02-13 13:20:50.296 I/notification_cancel(  206): [com.android.phone,7,0]
02-13 13:20:50.296 I/notification_cancel(  206): [com.android.phone,7,0]
02-13 13:20:50.296 I/notification_cancel(  206): [com.android.phone,7,0]
02-13 13:20:50.296 I/notification_cancel(  206): [com.android.phone,7,0]
02-13 13:20:50.296 I/notification_cancel(  206): [com.android.phone,7,0]
02-13 13:20:50.296 I/notification_cancel(  206): [com.android.phone,7,0]
02-13 13:20:50.296 I/notification_cancel(  206): [com.android.phone,7,0]
02-13 13:20:50.296 I/notification_cancel(  206): [com.android.phone,7,0]
02-13 13:20:50.307 I/db_sample(  597): [/data/data/com.sprint.zone/databases/zone.db,INSERT INTO categories_tbl(sid, title, expanded, app_scheme) VAL,2155,,100]
02-13 13:20:50.337 I/dvm_gc_info(  711): [7881704463071880640,-9052087811610404803,-4002709373048752083,7358131]
02-13 13:20:50.337 I/content_update_sample(  597): [content://com.sprint.zone.provider.ZoneProvider/categories_tbl,insert,,2189,,100]
02-13 13:20:50.487 I/am_proc_start(  206): [720,1000,com.android.zte.HiddenMenu,broadcast,com.android.zte.HiddenMenu/.CommandReceiver]
02-13 13:20:50.487 I/am_kill (  206): [466,com.google.android.gm,14,too many background]
02-13 13:20:50.507 I/dvm_gc_madvise_info(  720): [372736,135168]
02-13 13:20:50.517 I/am_proc_bound(  206): [720,com.android.zte.HiddenMenu]
02-13 13:20:50.587 I/am_proc_died(  206): [466,com.google.android.gm]
02-13 13:20:50.627 I/backup_data_changed(  206): com.android.providers.settings
02-13 13:20:50.637 I/am_finish_activity(  206): [1081087216,3,com.sprint.w.installer/.WInstaller,reset]
02-13 13:20:50.637 I/am_pause_activity(  206): [1081087216,com.sprint.w.installer/.WInstaller]
02-13 13:20:50.637 I/am_finish_activity(  206): [1079538192,3,com.sprint.w.installer/.WInstaller,reset]
02-13 13:20:50.637 I/am_on_paused_called(  489): com.sprint.w.installer.WInstaller
02-13 13:20:50.647 I/am_destroy_activity(  206): [1079538192,3,com.sprint.w.installer/.WInstaller]
02-13 13:20:50.647 I/am_new_intent(  206): [1083341440,3,com.android.launcher/com.android.launcher2.Launcher,android.intent.action.MAIN,NULL,NULL,270532608]
02-13 13:20:50.657 I/am_resume_activity(  206): [1079624600,3,com.android.launcher/com.android.launcher2.Launcher]
02-13 13:20:50.667 I/am_kill (  206): [496,com.google.android.voicesearch,14,too many background]
02-13 13:20:50.677 I/am_create_service(  206): [1083913352,com.google.android.gsf/.checkin.CheckinService,,374]
02-13 13:20:50.697 I/am_create_service(  206): [1084767744,com.google.android.gsf/.checkin.EventLogService,,374]
02-13 13:20:50.717 I/am_create_service(  206): [1082996872,com.google.android.gsf/.update.SystemUpdateService,,374]
02-13 13:20:50.747 I/am_create_activity(  206): [1083477376,3,com.sprint.w.installer/.WInstaller,com.sprint.installer.ACTION_FIRST_RUN,NULL,NULL,0]
02-13 13:20:50.747 I/am_pause_activity(  206): [1079624600,com.android.launcher/com.android.launcher2.Launcher]
02-13 13:20:50.757 I/am_create_task(  206): 4
02-13 13:20:50.757 I/am_create_activity(  206): [1083481568,4,com.google.android.gsf/.update.SystemUpdateInstallDialog,NULL,NULL,NULL,276824064]
02-13 13:20:50.757 I/notification_cancel(  206): [com.google.android.gsf,2130837525,0]
02-13 13:20:50.757 I/notification_cancel(  206): [com.google.android.gsf,2130837526,0]
02-13 13:20:50.757 I/am_destroy_service(  206): [1082996872,com.google.android.gsf/.update.SystemUpdateService,374]
02-13 13:20:50.757 I/system_update(  374): [512,0,-1,NULL]
02-13 13:20:50.757 I/am_on_resume_called(  407): com.android.launcher2.Launcher
02-13 13:20:50.767 I/am_on_paused_called(  407): com.android.launcher2.Launcher
02-13 13:20:50.777 I/am_restart_activity(  206): [1083481568,4,com.google.android.gsf/.update.SystemUpdateInstallDialog]
02-13 13:20:50.827 I/am_finish_activity(  206): [1083481568,4,com.google.android.gsf/.update.SystemUpdateInstallDialog,app-request]
02-13 13:20:50.837 I/am_pause_activity(  206): [1083481568,com.google.android.gsf/.update.SystemUpdateInstallDialog]
02-13 13:20:50.897 I/db_sample(  597): [/data/data/com.sprint.zone/databases/zone.db,INSERT INTO features_tbl(sid, enabled, desc, visible, expiration,287,,58]
02-13 13:20:50.897 I/am_proc_died(  206): [496,com.google.android.voicesearch]
02-13 13:20:50.907 I/am_on_resume_called(  489): com.sprint.w.installer.WInstaller
02-13 13:20:50.917 I/db_sample(  407): [/data/data/com.android.launcher/databases/launcher.db,UPDATE favorites SET cellX=?, icon=?, cellY=?, screen=?, spanX=?,0,,1]
02-13 13:20:50.957 I/content_update_sample(  597): [content://com.sprint.zone.provider.ZoneProvider/features_tbl,insert,,354,,71]
02-13 13:20:50.967 I/dvm_gc_madvise_info(  341): [229376,135168]
02-13 13:20:50.977 I/am_resume_activity(  206): [1083477376,3,com.sprint.w.installer/.WInstaller]
02-13 13:20:50.977 I/am_on_resume_called(  489): com.sprint.w.installer.WInstaller
02-13 13:20:50.997 I/am_destroy_activity(  206): [1083481568,4,com.google.android.gsf/.update.SystemUpdateInstallDialog]
02-13 13:20:51.017 I/content_query_sample(  374): [content://com.google.android.gsf.gservices/prefix,,,,119,,24]
02-13 13:20:51.017 I/aggregation(  374): 1329160851024
02-13 13:20:51.087 I/content_update_sample(  597): [content://com.sprint.zone.provider.ZoneProvider/categories_tbl,insert,,49,,10]
02-13 13:20:51.127 I/am_destroy_service(  206): [1083913352,com.google.android.gsf/.checkin.CheckinService,374]
02-13 13:20:51.147 I/binder_sample(  554): [android.content.IContentProvider,3,39,com.google.android.partnersetup,7]
02-13 13:20:51.147 I/content_update_sample(  554): [content://com.google.settings/partner,insert,,39,com.google.android.partnersetup,8]
02-13 13:20:51.167 I/activity_launch_time(  206): [1083477376,com.sprint.w.installer/.WInstaller,399,400]
02-13 13:20:51.167 I/am_destroy_activity(  206): [1081087216,3,com.sprint.w.installer/.WInstaller]
02-13 13:20:51.277 I/content_update_sample(  554): [content://com.google.settings/partner,insert,,50,com.google.android.partnersetup,11]
02-13 13:20:51.287 I/am_create_service(  206): [1080365512,com.google.android.partnersetup/.AppHiderService,,554]
02-13 13:20:51.307 I/dvm_gc_info(  407): [7809652345805403707,-9028725800927537100,-3996798398537828307,8554532]
02-13 13:20:51.428 I/dvm_gc_info(  374): [7449358886915569239,-9011555758746167245,-4005524122815858643,7358132]
02-13 13:20:51.518 I/dvm_gc_info(  206): [8320808730291685165,-8909373056189986719,-3981880224772163539,8570915]
02-13 13:20:51.538 I/db_sample(  597): [/data/data/com.sprint.zone/databases/zone.db,INSERT INTO report_tbl(id, time, action, data, type, slot) VALUE,276,,56]
02-13 13:20:51.558 I/am_destroy_service(  206): [1084767744,com.google.android.gsf/.checkin.EventLogService,374]
02-13 13:20:51.558 I/binder_sample(  419): [com.android.internal.telephony.ITelephony,56,71,com.redbend.vdmc,14]
02-13 13:20:51.608 I/dvm_gc_madvise_info(  331): [233472,135168]
02-13 13:20:51.768 I/dvm_gc_madvise_info(  597): [458752,135168]
02-13 13:20:51.778 I/content_update_sample(  597): [content://com.sprint.zone.provider.ZoneProvider/features_tbl,insert,,235,,48]
02-13 13:20:51.788 I/binder_sample(  331): [android.os.IPowerManager,1,55,com.android.phone,11]
02-13 13:20:51.788 I/am_proc_start(  206): [733,10043,com.google.android.gm,broadcast,com.google.android.gm/.MailIntentReceiver]
02-13 13:20:51.838 I/dvm_gc_madvise_info(  733): [372736,135168]
02-13 13:20:51.848 I/am_proc_bound(  206): [733,com.google.android.gm]
02-13 13:20:51.958 I/am_create_service(  206): [1082268840,com.google.android.gm/.MailIntentService,act=android.intent.action.BOOT_COMPLETED,733]
02-13 13:20:51.968 I/backup_data_changed(  206): com.android.providers.settings
02-13 13:20:52.028 I/am_create_service(  206): [1085878584,com.google.android.gm/.downloadprovider.DownloadService,,733]
02-13 13:20:52.048 I/binder_sample(  733): [android.app.IActivityManager,34,36,com.google.android.gm,7]
02-13 13:20:52.068 I/am_create_service(  206): [1079366392,com.google.android.gsf/.loginservice.GoogleLoginService,act=android.accounts.AccountAuthenticator,374]
02-13 13:20:52.088 I/db_sample(  597): [/data/data/com.sprint.zone/databases/zone.db,INSERT INTO report_tbl(id, time, action, data, type, slot) VALUE,305,,62]
02-13 13:20:52.098 I/am_create_service(  206): [1083439368,com.android.email/.service.EmailBroadcastProcessorService,,580]
02-13 13:20:52.098 I/am_destroy_service(  206): [1082268840,com.google.android.gm/.MailIntentService,733]
02-13 13:20:52.118 I/am_destroy_service(  206): [1079366392,com.google.android.gsf/.loginservice.GoogleLoginService,374]
02-13 13:20:52.198 I/content_update_sample(  597): [content://com.sprint.zone.provider.ZoneProvider/report_tbl,insert,,410,,83]
02-13 13:20:52.318 I/dvm_gc_info(  419): [3347973793971836551,-8977778830310766544,-4006650022722701267,7358131]
02-13 13:20:52.338 I/db_sample(  478): [/data/data/com.android.providers.media/databases/internal.db,CREATE VIEW IF NOT EXISTS search AS SELECT _id,'artist' AS mime_,652,,100]
02-13 13:20:52.348 I/am_create_service(  206): [1084261776,com.android.providers.downloads/.DownloadService,,478]
02-13 13:20:52.369 I/am_proc_start(  206): [747,10049,com.dataviz.docstogo,broadcast,com.dataviz.docstogo/com.dataviz.dxtg.common.android.DTGPhoneBootReceiver]
02-13 13:20:52.369 I/notification_cancel_all(  206): [com.android.providers.downloads,0]
02-13 13:20:52.379 I/dvm_gc_madvise_info(  747): [372736,135168]
02-13 13:20:52.419 I/content_query_sample(  693): [content://sms/autoSend,_id/thread_id/address/body/status,,date ASC,158,,32]
02-13 13:20:52.419 I/am_proc_bound(  206): [747,com.dataviz.docstogo]
02-13 13:20:52.419 I/binder_sample(  554): [android.app.IActivityManager,69,94,com.google.android.partnersetup,18]
02-13 13:20:52.499 I/am_create_service(  206): [1079506088,com.android.email/com.android.exchange.SyncManager,,580]
02-13 13:20:52.519 I/content_query_sample(  554): [content://com.google.android.gsf.gservices,,,,30,,7]
02-13 13:20:52.519 I/am_destroy_service(  206): [1083439368,com.android.email/.service.EmailBroadcastProcessorService,580]
02-13 13:20:52.589 I/db_sample(  478): [/data/data/com.android.providers.media/databases/internal.db,DROP TRIGGER IF EXISTS albums_update4;,144,,29]
02-13 13:20:52.589 I/content_query_sample(  478): [content://downloads/all_downloads,_data,,,9,,2]
02-13 13:20:52.599 I/am_destroy_service(  206): [1084261776,com.android.providers.downloads/.DownloadService,478]
02-13 13:20:52.669 I/am_destroy_service(  206): [1079506088,com.android.email/com.android.exchange.SyncManager,580]
02-13 13:20:52.689 I/am_destroy_service(  206): [1080365512,com.google.android.partnersetup/.AppHiderService,554]
02-13 13:20:52.699 I/db_sample(  597): [/data/data/com.sprint.zone/databases/zone.db,INSERT INTO features_tbl(sid, enabled, desc, visible, expiration,107,,22]
02-13 13:20:52.709 I/am_proc_died(  206): [747,com.dataviz.docstogo]
02-13 13:20:52.709 I/am_broadcast_discard_app(  206): [1082254864,android.intent.action.BOOT_COMPLETED,31,ResolveInfo{407fc5e8 com.dataviz.dxtg.common.android.DTGPhoneBootReceiver p=0 o=0 m=0x108000}]
02-13 13:20:52.719 I/content_update_sample(  597): [content://com.sprint.zone.provider.ZoneProvider/features_tbl,insert,,127,,26]
02-13 13:20:52.849 I/am_create_service(  206): [1086580632,com.android.contacts/.LoadGroupService,,402]
02-13 13:20:52.889 I/db_sample(  478): [/data/data/com.android.providers.media/databases/internal.db,DROP VIEW IF EXISTS audio,112,,23]
02-13 13:20:52.889 I/db_sample(  597): [/data/data/com.sprint.zone/databases/zone.db,INSERT INTO report_tbl(id, time, action, data, type, slot) VALUE,121,,25]
02-13 13:20:52.899 I/db_sample(  478): [/data/data/com.android.providers.media/databases/internal.db,CREATE TRIGGER IF NOT EXISTS audio_delete INSTEAD OF DELETE ON a,6,,2]
02-13 13:20:52.909 I/dvm_gc_info(  402): [7017575181484922444,-8989600641809672139,-4004961172862437331,7358131]
02-13 13:20:52.919 I/contacts_aggregation(  402): [1329160852932,-1]
02-13 13:20:52.929 I/contacts_aggregation(  402): [8,1]
02-13 13:20:52.959 I/content_query_sample(  733): [content://gmail-downloads/download,_id,status >= '200',lastmod,745,,100]
02-13 13:20:52.999 I/am_destroy_service(  206): [1085878584,com.google.android.gm/.downloadprovider.DownloadService,733]
02-13 13:20:53.009 I/db_sample(  597): [/data/data/com.sprint.zone/databases/zone.db,INSERT INTO report_tbl(id, time, action, data, type, slot) VALUE,50,,11]
02-13 13:20:53.009 I/am_proc_start(  206): [758,10052,com.android.camera,broadcast,com.android.camera/.BootCamera]
02-13 13:20:53.029 I/dvm_gc_madvise_info(  758): [372736,135168]
02-13 13:20:53.039 I/am_proc_bound(  206): [758,com.android.camera]
02-13 13:20:53.079 I/am_proc_start(  206): [765,10053,com.android.providers.calendar,broadcast,com.android.providers.calendar/.CalendarReceiver]
02-13 13:20:53.099 I/dvm_gc_madvise_info(  765): [368640,135168]
02-13 13:20:53.109 I/am_proc_bound(  206): [765,com.android.providers.calendar]
02-13 13:20:53.159 I/am_proc_start(  206): [774,10054,com.android.calendar,broadcast,com.android.calendar/.AlertReceiver]
02-13 13:20:53.169 I/dvm_gc_madvise_info(  774): [368640,135168]
02-13 13:20:53.179 I/am_proc_bound(  206): [774,com.android.calendar]
02-13 13:20:53.239 I/am_create_service(  206): [1083930600,com.android.providers.calendar/.EmptyService,,765]
02-13 13:20:53.249 I/am_create_service(  206): [1083448288,com.android.calendar/.AlertService,,774]
02-13 13:20:53.339 I/am_proc_start(  206): [784,10031,com.google.android.apps.uploader,broadcast,com.google.android.apps.uploader/.ConnectivityBroadcastReceiver]
02-13 13:20:53.359 I/dvm_gc_madvise_info(  784): [368640,135168]
02-13 13:20:53.369 I/am_proc_bound(  206): [784,com.google.android.apps.uploader]
02-13 13:20:53.380 I/dvm_gc_info(  120): [8825198673194595376,-9133153498474641362,-4006087072769275858,7358131]
02-13 13:20:53.440 I/dvm_gc_info(  120): [8825198673194631216,-9222662541068629970,-4006087072769275858,7358131]
02-13 13:20:53.480 I/power_screen_broadcast_done(  206): [0,14728,2]
02-13 13:20:53.480 I/binder_sample(  331): [android.app.IActivityManager,16,5,com.android.phone,1]
02-13 13:20:53.500 I/dvm_gc_info(  120): [8825198673194655800,-9222662541068629970,-4006087072769275858,7358131]
02-13 13:20:53.690 I/dvm_gc_info(  331): [8099846449757595239,-8958356507010746311,-4003835272955594707,7358131]
02-13 13:20:53.720 I/am_create_service(  206): [1079432856,com.sprint.w.installer/.service.D2CPackService,,489]
02-13 13:20:53.740 I/power_screen_broadcast_done(  206): [1,8470,1]
02-13 13:20:53.790 I/am_proc_start(  206): [796,10022,com.android.vending,broadcast,com.android.vending/com.google.android.finsky.receivers.PersistentPackageMonitorReceiver]
02-13 13:20:53.800 I/notification_cancel(  206): [com.android.phone,111,0]
02-13 13:20:53.820 I/am_proc_bound(  206): [796,com.android.vending]
02-13 13:20:53.940 I/backup_data_changed(  206): com.android.vending
02-13 13:20:53.980 I/am_kill (  206): [635,com.qualcomm.privinit,12,too many background]
02-13 13:20:54.020 I/am_proc_start(  206): [817,10028,com.google.android.music:main,broadcast,com.google.android.music/.store.MediaStoreImportService$Receiver]
02-13 13:20:54.030 I/am_proc_bound(  206): [817,com.google.android.music:main]
02-13 13:20:54.080 I/am_proc_died(  206): [635,com.qualcomm.privinit]
02-13 13:20:54.080 I/db_sample(  597): [/data/data/com.sprint.zone/databases/zone.db,UPDATE features_tbl SET icon=? WHERE id=4,325,,66]
02-13 13:20:54.300 I/dvm_gc_info(  817): [7887337218879018545,-9036325625365829578,-4004961172862437331,7358131]
02-13 13:20:54.310 I/content_query_sample(  597): [content://com.sprint.zone.provider.ZoneProvider/branding_tbl,,,,189,,38]
02-13 13:20:54.330 I/dvm_gc_info(  428): [3346293774832703031,-9014933320977369034,-4004679697885726675,7358131]
02-13 13:20:54.441 I/dvm_gc_info(  206): [8320808730291648317,-8913876655817344927,-3982443174725584851,8558625]
02-13 13:20:54.501 I/am_proc_start(  206): [827,10033,com.google.android.apps.maps:LocationFriendService,broadcast,com.google.android.apps.maps/com.google.googlenav.friend.reporting.LocationReportingIntentReceiver]
02-13 13:20:54.501 I/am_kill (  206): [661,com.swype.android.inputmethod,12,too many background]
02-13 13:20:54.521 I/am_proc_bound(  206): [827,com.google.android.apps.maps:LocationFriendService]
02-13 13:20:54.541 I/content_update_sample(  597): [content://com.sprint.zone.provider.ZoneProvider/features_tbl,update,id=6,73,,15]
02-13 13:20:54.651 I/connectivity_state_changed(  206): 3112
02-13 13:20:54.841 I/dvm_gc_info(  827): [7881704463071766062,-9038014475226085322,-4004679697885726675,7358131]
02-13 13:20:54.901 I/notification_cancel(  206): [com.android.phone,7,0]
02-13 13:20:54.901 I/notification_cancel(  206): [com.android.phone,7,0]
02-13 13:20:54.911 I/notification_cancel(  206): [com.android.phone,7,0]
02-13 13:20:54.911 I/notification_cancel(  206): [com.android.phone,7,0]
02-13 13:20:54.941 I/am_proc_died(  206): [661,com.swype.android.inputmethod]
02-13 13:20:54.961 I/dvm_gc_info(  489): [7597136565101454954,-8983971279781595087,-4005242647839147987,7358173]
02-13 13:20:54.971 I/am_kill (  206): [693,com.android.mms,12,too many background]
02-13 13:20:55.091 I/content_update_sample(  597): [content://com.sprint.zone.provider.ZoneProvider/features_tbl,update,id=7,93,,19]
02-13 13:20:55.111 I/dvm_gc_info(  489): [7597136565101651355,-9052088224145573839,-4005805597792569299,7358152]
02-13 13:20:55.161 I/dvm_gc_info(  489): [7597136565101608960,-9223224872513144781,-4005242647839147987,7358152]
02-13 13:20:55.201 I/dvm_gc_info(  489): [7597136565101556325,-9210277023567677388,-4004961172862437331,7358152]
02-13 13:20:55.221 I/binder_sample(  206): [android.app.IApplicationThread,10,18,system_server,3]
02-13 13:20:55.241 I/am_create_service(  206): [1081011552,com.google.android.gsf/.checkin.CheckinService,,374]
02-13 13:20:55.251 I/dvm_gc_info(  489): [7597136565101588808,-9220691460250240971,-4004398222909016019,7358152]
02-13 13:20:55.261 I/am_proc_died(  206): [693,com.android.mms]
02-13 13:20:55.261 I/binder_sample(  827): [android.app.IActivityManager,16,223,com.google.android.apps.maps:LocationFr,44]
02-13 13:20:55.291 I/dvm_gc_info(  489): [7597136565101535232,-9223224597568128969,-4004116747932305363,7358152]
02-13 13:20:55.291 I/db_sample(  478): [/data/data/com.android.providers.media/databases/internal.db,INSERT INTO artists(artist_key, artist) VALUES(?, ?);,771,,100]
02-13 13:20:55.291 I/am_create_service(  206): [1082204968,com.google.android.gsf/.loginservice.GoogleLoginService,act=android.accounts.AccountAuthenticator,374]
02-13 13:20:55.311 I/am_create_service(  206): [1079494328,com.google.android.gm/.downloadprovider.DownloadService,,733]
02-13 13:20:55.331 I/am_destroy_service(  206): [1082204968,com.google.android.gsf/.loginservice.GoogleLoginService,374]
02-13 13:20:55.331 I/gtalkservice(  374): 11
02-13 13:20:55.331 I/am_create_service(  206): [1080550536,com.android.providers.downloads/.DownloadService,,478]
02-13 13:20:55.331 I/notification_cancel_all(  206): [com.android.providers.downloads,0]
02-13 13:20:55.381 I/am_destroy_service(  206): [1085262848,com.sprint.w.installer/com.sprint.id.updater.UpdaterService,489]
02-13 13:20:55.411 I/aggregation(  374): 1329160855415
02-13 13:20:55.421 I/db_sample(  478): [/data/data/com.android.providers.media/databases/internal.db,INSERT INTO albums(album, album_key) VALUES(?, ?);,34,,7]
02-13 13:20:55.432 I/am_destroy_service(  206): [1080550536,com.android.providers.downloads/.DownloadService,478]
02-13 13:20:55.442 I/am_destroy_service(  206): [1079494328,com.google.android.gm/.downloadprovider.DownloadService,733]
02-13 13:20:55.462 I/db_sample(  597): [/data/data/com.sprint.zone/databases/zone.db,UPDATE features_tbl SET icon=? WHERE id=10,63,,13]
02-13 13:20:55.482 I/content_query_sample(  774): [content://com.android.calendar/calendar_alerts,alarmTime,state=0 AND alarmTime<? AND alarmTime>? AND end>=?,alarmTime ASC,1522,,100]
02-13 13:20:55.512 I/notification_cancel(  206): [com.android.calendar,0,0]
02-13 13:20:55.512 I/am_destroy_service(  206): [1083448288,com.android.calendar/.AlertService,774]
02-13 13:20:55.522 I/am_kill (  206): [720,com.android.zte.HiddenMenu,12,too many background]
02-13 13:20:55.532 I/am_proc_died(  206): [720,com.android.zte.HiddenMenu]
02-13 13:20:55.612 I/am_create_service(  206): [1082751008,com.google.android.music/.MusicPreferenceService$MusicPreferenceServiceBinder,act=com.google.android.music.PREFERENCE_SERVICE,817]
02-13 13:20:55.632 I/content_update_sample(  374): [content://com.google.settings/partner,insert,,59,,12]
02-13 13:20:55.862 I/content_update_sample(  597): [content://com.sprint.zone.provider.ZoneProvider/pages_tbl,insert,,54,,11]
02-13 13:20:55.892 I/db_sample(  597): [/data/data/com.sprint.zone/databases/zone.db,INSERT INTO pages_tbl(sid, page_order, pid) VALUES(?, ?, ?);,24,,5]
02-13 13:20:55.922 I/am_create_service(  206): [1083923232,com.google.android.music/.dl.DownloadManager$DownloadManagerService,act=com.google.android.music.accountchanged,817]
02-13 13:20:55.932 I/am_create_service(  206): [1080321488,com.google.android.music/.store.StoreService$StoreIntentService,act=com.google.android.music.accountchanged,817]
02-13 13:20:55.932 I/am_create_service(  206): [1086180464,com.google.android.music/.store.StoreService$StoreServiceBinder,act=com.google.android.music.STORE_SERVICE,817]
02-13 13:20:55.972 I/am_create_service(  206): [1086572656,com.google.android.music/.MusicPlaybackService,,817]
02-13 13:20:56.092 I/dvm_gc_info(  817): [7887337218879104590,-8996918784995354568,-4004116747932305363,7358132]
02-13 13:20:56.242 I/db_sample(  478): [/data/data/com.android.providers.media/databases/internal.db,INSERT INTO audio_meta(album_artist, date_modified, track, is_ri,11,,3]
02-13 13:20:56.332 I/dvm_gc_madvise_info(  407): [221184,135168]
02-13 13:20:56.442 I/dvm_gc_madvise_info(  374): [192512,135168]
02-13 13:20:56.603 I/content_query_sample(  817): [content://com.google.android.music.MusicContent/playlists,count(*),,,2087,,100]
02-13 13:20:56.653 I/dvm_gc_info(  374): [7449358886915597903,-9007052090365741003,-4005242647839147987,7358131]
02-13 13:20:56.733 I/am_destroy_service(  206): [1086572656,com.google.android.music/.MusicPlaybackService,817]
02-13 13:20:56.743 I/am_destroy_service(  206): [1083923232,com.google.android.music/.dl.DownloadManager$DownloadManagerService,817]
02-13 13:20:56.753 I/am_destroy_service(  206): [1086180464,com.google.android.music/.store.StoreService$StoreServiceBinder,817]
02-13 13:20:57.413 I/dvm_gc_madvise_info(  419): [356352,135168]
02-13 13:20:57.484 I/db_sample(  597): [/data/data/com.sprint.zone/databases/zone.db,INSERT INTO info_tbl(id, action, title, uri, description) VALUES,914,,100]
02-13 13:20:57.594 I/content_update_sample(  597): [content://com.sprint.zone.provider.ZoneProvider/info_tbl,insert,,1024,,100]
02-13 13:20:57.614 I/db_sample(  478): [/data/data/com.android.providers.media/databases/internal.db,INSERT INTO audio_meta(album_artist, date_modified, track, is_ri,1019,,100]
02-13 13:20:57.634 I/db_sample(  817): [/data/data/com.google.android.music/databases/music.db,COMMIT;DELETE FROM SHOULDKEEPON,589,,100]
02-13 13:20:57.664 I/am_destroy_service(  206): [1079432856,com.sprint.w.installer/.service.D2CPackService,489]
02-13 13:20:57.664 I/am_create_service(  206): [1079313336,com.sprint.w.installer/.TutorialService,,489]
02-13 13:20:57.684 I/am_destroy_service(  206): [1079313336,com.sprint.w.installer/.TutorialService,489]
02-13 13:20:57.694 I/wifi_supplicant_state_changed(  206): 2
02-13 13:20:57.774 I/am_proc_start(  206): [854,10050,com.android.defcontainer,service,com.android.defcontainer/.DefaultContainerService]
02-13 13:20:57.814 I/am_create_service(  206): [1085893184,com.sprint.w.installer/.VoicemailService,,489]
02-13 13:20:57.824 I/am_create_service(  206): [1085887992,com.sprint.w.installer/.AlarmService,,489]
02-13 13:20:57.824 I/am_proc_bound(  206): [854,com.android.defcontainer]
02-13 13:20:57.824 I/am_create_service(  206): [1082976184,com.android.defcontainer/.DefaultContainerService,,854]
02-13 13:20:57.844 I/am_destroy_service(  206): [1085893184,com.sprint.w.installer/.VoicemailService,489]
02-13 13:20:57.844 I/am_finish_activity(  206): [1083477376,3,com.sprint.w.installer/.WInstaller,app-request]
02-13 13:20:57.844 I/am_pause_activity(  206): [1083477376,com.sprint.w.installer/.WInstaller]
02-13 13:20:57.854 I/am_on_paused_called(  489): com.sprint.w.installer.WInstaller
02-13 13:20:57.854 I/am_resume_activity(  206): [1079624600,3,com.android.launcher/com.android.launcher2.Launcher]
02-13 13:20:57.884 I/am_on_resume_called(  407): com.android.launcher2.Launcher
02-13 13:20:57.954 I/dvm_gc_info(  489): [7597136565101475366,-9057435767431747523,-4001864948118620115,7358152]
02-13 13:20:57.964 I/am_proc_start(  206): [864,10019,com.sprint.w.prefact,service,com.sprint.w.prefact/.PreferredSetterService]
02-13 13:20:57.964 I/content_query_sample(  489): [content://com.sprint.installer/packs,id/srcUrl/verName,,,105,,22]
02-13 13:20:57.964 I/am_create_service(  206): [1083492184,com.sprint.w.installer/.WallpaperCaptureService,,489]
02-13 13:20:57.984 I/am_destroy_service(  206): [1085887992,com.sprint.w.installer/.AlarmService,489]
02-13 13:20:58.024 I/am_proc_bound(  206): [864,com.sprint.w.prefact]
02-13 13:20:58.024 I/am_create_service(  206): [1085728704,com.sprint.w.prefact/.PreferredSetterService,act=com.sprint.action.SET_PREFERRED_APPLICATION,864]
02-13 13:20:58.044 I/db_sample(  597): [/data/data/com.sprint.zone/databases/zone.db,INSERT INTO strings_tbl(id, value, name) VALUES(?, ?, ?);,414,,83]
02-13 13:20:58.104 I/dvm_gc_info(  854): [7234300953690780849,-9070103103741781970,-4006931497699411923,7358131]
02-13 13:20:58.114 I/am_destroy_service(  206): [1080321488,com.google.android.music/.store.StoreService$StoreIntentService,817]
02-13 13:20:58.124 I/content_update_sample(  597): [content://com.sprint.zone.provider.ZoneProvider/strings_tbl,insert,,486,,98]
02-13 13:20:58.174 I/dvm_gc_madvise_info(  402): [135168,135168]
02-13 13:20:58.214 I/dvm_gc_info(  407): [7809652345805112886,-9032103500614494155,-3995672498630985683,8554534]
02-13 13:20:58.264 I/content_update_sample(  597): [content://com.sprint.zone.provider.ZoneProvider/strings_tbl,insert,,59,,12]
02-13 13:20:58.274 I/activity_launch_time(  206): [1079624600,com.android.launcher/com.android.launcher2.Launcher,28761,28761]
02-13 13:20:58.274 I/am_destroy_activity(  206): [1083477376,3,com.sprint.w.installer/.WInstaller]
02-13 13:20:58.334 I/am_new_intent(  206): [1084232088,3,com.android.launcher/com.android.launcher2.Launcher,android.intent.action.MAIN,NULL,NULL,272629760]
02-13 13:20:58.364 I/am_destroy_service(  206): [1085728704,com.sprint.w.prefact/.PreferredSetterService,864]
02-13 13:20:58.364 I/am_kill (  206): [554,com.google.android.partnersetup,12,too many background]
02-13 13:20:58.374 I/am_proc_died(  206): [554,com.google.android.partnersetup]
02-13 13:20:58.374 I/db_sample(  597): [/data/data/com.sprint.zone/databases/zone.db,INSERT INTO strings_tbl(id, value, name) VALUES(?, ?, ?);,56,,12]
02-13 13:20:58.565 I/content_update_sample(  597): [content://com.sprint.zone.provider.ZoneProvider/strings_tbl,insert,,159,,32]
02-13 13:20:58.625 I/dvm_gc_madvise_info(  864): [192512,135168]
02-13 13:20:58.645 I/dvm_gc_madvise_info(  796): [151552,135168]
02-13 13:20:58.655 I/wifi_supplicant_state_changed(  206): 1
02-13 13:20:58.705 I/db_sample(  478): [/data/data/com.android.providers.media/databases/internal.db,INSERT INTO audio_meta(album_artist, date_modified, track, is_ri,294,,59]
02-13 13:20:58.705 I/dvm_gc_madvise_info(  331): [258048,135168]
02-13 13:20:58.715 I/dvm_gc_info(  489): [7597136565101618832,-8954697400932464587,-4001864948118620115,7358152]
02-13 13:20:58.725 I/db_sample(  597): [/data/data/com.sprint.zone/databases/zone.db,INSERT INTO strings_tbl(id, value, name) VALUES(?, ?, ?);,81,,17]
02-13 13:20:58.795 I/content_update_sample(  597): [content://com.sprint.zone.provider.ZoneProvider/strings_tbl,insert,,160,,33]
02-13 13:20:58.955 I/db_sample(  765): [/data/data/com.android.providers.calendar/databases/calendar.db,DELETE FROM CalendarAlerts WHERE _id IN (SELECT ca._id FROM Cale,17,,4]
02-13 13:20:58.955 I/content_update_sample(  597): [content://com.sprint.zone.provider.ZoneProvider/strings_tbl,insert,,125,,26]
02-13 13:20:59.055 I/db_sample(  597): [/data/data/com.sprint.zone/databases/zone.db,INSERT INTO strings_tbl(id, value, name) VALUES(?, ?, ?);,94,,19]
02-13 13:20:59.205 I/am_destroy_service(  206): [1083930600,com.android.providers.calendar/.EmptyService,765]
02-13 13:20:59.215 I/am_kill (  206): [758,com.android.camera,12,too many background]
02-13 13:20:59.215 I/am_proc_died(  206): [758,com.android.camera]
02-13 13:20:59.255 I/am_create_task(  206): 5
02-13 13:20:59.255 I/am_create_activity(  206): [1081220176,5,com.android.contacts/.DialtactsActivity,android.intent.action.MAIN,NULL,NULL,268435456]
02-13 13:20:59.265 I/am_pause_activity(  206): [1079624600,com.android.launcher/com.android.launcher2.Launcher]
02-13 13:20:59.295 I/am_on_paused_called(  407): com.android.launcher2.Launcher
02-13 13:20:59.295 I/am_restart_activity(  206): [1081220176,5,com.android.contacts/.DialtactsActivity]
02-13 13:20:59.465 I/dvm_gc_madvise_info(  428): [196608,135168]
02-13 13:20:59.475 I/dvm_gc_madvise_info(  206): [3059712,135168]
02-13 13:20:59.515 I/dvm_gc_info(  402): [7017575181485065762,-9050399236779165642,-4004961172862437331,7358177]
02-13 13:20:59.626 I/dvm_gc_info(  402): [7017575181484963186,-9046740062081910728,-4004961172862437331,7886720]
02-13 13:20:59.666 I/content_update_sample(  597): [content://com.sprint.zone.provider.ZoneProvider/strings_tbl,insert,,468,,94]
02-13 13:20:59.686 I/binder_sample(  407): [android.app.IActivityManager,19,384,com.android.launcher,76]
02-13 13:20:59.706 I/am_on_resume_called(  402): com.android.contacts.smartdialer.DialerApp
02-13 13:20:59.706 I/am_on_resume_called(  402): com.android.contacts.DialtactsActivity
02-13 13:20:59.736 I/content_query_sample(  402): [content://com.android.contacts/data/phones,display_name/data1/data2/dialer_number_full/dialer_number_header/_id,mode_id<>24 AND mode_id<>8,sort_key,24,,5]
02-13 13:20:59.826 I/activity_launch_time(  206): [1081220176,com.android.contacts/.DialtactsActivity,533,533]
02-13 13:20:59.846 I/google_http_request(  374): [3740,200,Android-Checkin/2.0,1]
02-13 13:20:59.856 I/dvm_gc_madvise_info(  827): [139264,135168]
02-13 13:21:00.066 I/content_update_sample(  597): [content://com.sprint.zone.provider.ZoneProvider/diagnostics_tbl,insert,,91,,19]
02-13 13:21:00.136 I/content_update_sample(  597): [content://com.sprint.zone.provider.ZoneProvider/info_tbl,insert,,56,,12]
02-13 13:21:00.246 I/battery_level(  206): [100,4165,310]
02-13 13:21:00.256 I/content_update_sample(  597): [content://com.sprint.zone.provider.ZoneProvider/info_tbl,insert,,116,,24]
02-13 13:21:00.286 I/dvm_gc_info(  489): [7597136565101523858,-9186914256718755787,-4001864948118620115,8550388]
02-13 13:21:00.296 I/db_sample(  597): [/data/data/com.sprint.zone/databases/zone.db,INSERT INTO info_tbl(id, action, title, uri, description) VALUES,41,,9]
02-13 13:21:00.296 I/content_update_sample(  597): [content://com.sprint.zone.provider.ZoneProvider/info_tbl,insert,,42,,9]
02-13 13:21:00.456 I/dvm_gc_info(  597): [3349111792835167835,-8966519762489268174,-4005524122815858643,7358147]
02-13 13:21:00.587 I/content_update_sample(  597): [content://com.sprint.zone.provider.ZoneProvider/strings_tbl,insert,,120,,25]
02-13 13:21:00.677 I/db_sample(  597): [/data/data/com.sprint.zone/databases/zone.db,INSERT INTO strings_tbl(id, value, name) VALUES(?, ?, ?);,95,,20]
02-13 13:21:00.817 I/content_update_sample(  597): [content://com.sprint.zone.provider.ZoneProvider/strings_tbl,insert,,235,,48]
02-13 13:21:00.907 I/db_sample(  206): [/data/data/com.android.providers.settings/databases/settings.db,INSERT INTO system(value, name) VALUES(?, ?);,75,,16]
02-13 13:21:00.997 I/content_update_sample(  478): [content://settings/system,insert,,169,,34]
02-13 13:21:01.027 I/dvm_gc_info(  206): [8320808730291812121,-8911061906050209693,-3981880224772163539,8558625]
02-13 13:21:01.137 I/dvm_gc_madvise_info(  817): [172032,135168]
02-13 13:21:01.227 I/am_create_service(  206): [1086744120,com.locationlabs.v3client/.V3ApiService,act=com.locationlabs.v3client.action.GET_ACCOUNT,341]
02-13 13:21:01.547 I/db_sample(  597): [/data/data/com.sprint.zone/databases/zone.db,INSERT INTO strings_tbl(id, value, name) VALUES(?, ?, ?);,131,,27]
02-13 13:21:01.557 I/content_update_sample(  597): [content://com.sprint.zone.provider.ZoneProvider/strings_tbl,insert,,139,,28]
