02-13 17:51:16.140 D/RILJ    (  344): [UNSL]< UNSOL_DATA_CALL_LIST_CHANGED [DataCallState: { cid: 0, active: 1, type: , apn: , address: 174.156.234.163 }, DataCallState: { cid: 1, active: 0, type: null, apn: null, address: null }, DataCallState: { cid: 2, active: 0, type: null, apn: null, address: null }, DataCallState: { cid: 3, active: 0, type: null, apn: null, address: null }, DataCallState: { cid: 4, active: 0, type: null, apn: null, address: null }, DataCallState: { cid: 5, active: 0, type: null, apn: null, address: null }, DataCallState: { cid: 6, active: 0, type: null, apn: null, address: null }, DataCallState: { cid: 7, active: 0, type: null, apn: null, address: null }, DataCallState: { cid: 8, active: 0, type: null, apn: null, address: null }, DataCallState: { cid: 9, active: 0, type: null, apn: null, address: null }, DataCallState: { cid: 10, active: 0, type: null, apn: null, address: null }, DataCallState: { cid: 11, active: 0, type: null, apn: null, address: null }, DataCallState: { cid: 12, active: 0, type: null, apn: null, address: null }, DataCallState: { cid: 13, active: 0, type: null, apn: null, address: null }, DataCallState: { cid: 14, active: 0, type: null, apn: null, address: null }, DataCallState: { cid: 15, active: 0, type: null, apn: null, address: null }, DataCallState: { cid: 16, active: 0, type: null, apn: null, address: null }, DataCallState: { cid: 17, active: 0, type: null, apn: null, address: null }, DataCallState: { cid: 18, active: 0, type: null, apn: null, address: null }, DataCallState: { cid: 19, active: 0, type: null, apn: null, address: null }]
02-13 17:51:16.150 D/RILC    (  114): qmi_ril(0/114): [event] qcril_data_unsol_call_list_changed qcril_data_unsol_call_list_changed: EXIT with succ
02-13 17:51:16.150 I/RILC    (  114): qmi_ril(0/114): [event] qcril_data_event_hdlr try event obj dealloc
02-13 17:51:16.150 D/RILC    (  114): qmi_ril(0/114): [event] qcril_data_event_hdlr qcril_data_event_hdlr: EXIT with suc
02-13 17:51:16.150 I/RILC    (  114): qmi_ril(0/114): [event] qcril_data_event_hdlr <<<<<< UNLOCK QCRIL_DATA MUTEX 80211c14
02-13 17:51:16.150 I/RILC    (  114): qmi_ril(0/114): [event] qcril_data_event_hdlr UNLOCK QCRIL_DATA MUTEX 80211c14 result=0
02-13 17:51:16.150 I/RILC    (  114): qmi_ril(0/114): [event] qcril_process_event Exit qcril_process_event() : DATA_EVENT_CALLBACK, err_no 0
02-13 17:51:16.150 D/RILC    (  114): qmi_ril(0/114): [event] qcril_event_main qcril_event_main(): Waiting...
02-13 17:51:16.150 D/RILC    (  114): qmi_ril(0/114): [event] qcril_event_main qcril_event_main(): 1 items on queue
02-13 17:51:16.150 D/RILC    (  114): qmi_ril(0/114): [event] qcril_event_main qcril_event_main(): Waiting...
02-13 17:51:16.660 I/RILC    (  114): qmi_ril(0/114): [qmi_cb] qcril_qmi_nas_unsolicited_indication_cb invoked msg 0x2
02-13 17:51:16.660 I/RILC    (  114): qmi_ril(0/114): [qmi_cb] qcril_qmi_nas_is_considered_registered qcril_qmi_nas_is_considered_registered entered
02-13 17:51:16.660 I/RILC    (  114): qmi_ril(0/114): [qmi_cb] qcril_qmi_nas_is_considered_registered qcril_qmi_nas_is_considered_registered completed with 1
02-13 17:51:16.660 I/RILC    (  114): qmi_ril(0/114): [qmi_cb] qcril_qmi_nas_event_report_ind_conv_qmi2ril qcril_qmi_nas_event_report_ind_conv_qmi2ril entered
02-13 17:51:16.660 I/RILC    (  114): qmi_ril(0/114): [qmi_cb] qcril_qmi_nas_event_report_ind_conv_qmi2ril .. reg reject valid 0
02-13 17:51:16.660 I/RILC    (  114): qmi_ril(0/114): [qmi_cb] qcril_qmi_nas_event_report_ind_conv_qmi2ril qcril_qmi_nas_event_report_ind_conv_qmi2ril completed
02-13 17:51:16.660 I/RILC    (  114): qmi_ril(0/114): [qmi_cb] qcril_qmi_nas_is_considered_registered qcril_qmi_nas_is_considered_registered entered
02-13 17:51:16.660 I/RILC    (  114): qmi_ril(0/114): [qmi_cb] qcril_qmi_nas_is_considered_registered qcril_qmi_nas_is_considered_registered completed with 1
02-13 17:51:16.660 D/RILC    (  114): qmi_ril(0/114): [qmi_cb] qcril_event_queue Event [<Unknown event> ?, 655370] data was NULL!
02-13 17:51:16.660 D/RILC    (  114): qmi_ril(0/114): [qmi_cb] qcril_event_queue RID 0 MID 0 Queued event <Unknown event> ? (0 bytes)
02-13 17:51:16.660 I/RILC    (  114): qmi_ril(0/114): [qmi_cb] qcril_qmi_nas_unsolicited_indication_cb .. operational state 3
02-13 17:51:16.660 I/RILC    (  114): qmi_ril(0/114): [qmi_cb] qcril_qmi_nas_unsolicited_indication_cb qcril_qmi_nas_unsolicited_indication_cb completed
02-13 17:51:16.660 D/RILC    (  114): qmi_ril(0/114): [event] qcril_event_main qcril_event_main(): 1 items on queue
02-13 17:51:16.660 D/RILC    (  114): qmi_ril(0/114): [event] qcril_event_main RID 0 MID 0 De-queued event <Unknown event> ? (655370)
02-13 17:51:16.660 D/RILC    (  114): qmi_ril(0/114): [event] qcril_process_event RIL <--- <Unknown event> ?(655370), RID 0, MID 0 --- AMSS
02-13 17:51:16.660 I/RILC    (  114): qmi_ril(0/114): [event] qcril_qmi_trigger_propagate_known_signal_strength_ind qcril_qmi_trigger_propagate_known_signal_strength_ind received
02-13 17:51:16.660 I/RILC    (  114): qmi_ril(0/114): [event] qcril_qmi_nas_propagate_known_signal_strength_ind qcril_qmi_nas_propagate_known_signal_strength_ind entered
02-13 17:51:16.660 I/RILC    (  114): qmi_ril(0/114): [event] qcril_qmi_nas_fetch_signal_strength_observations qcril_qmi_nas_fetch_signal_strength_observations entered
02-13 17:51:16.660 I/RILC    (  114): qmi_ril(0/114): [event] qcril_qmi_nas_fetch_signal_strength_observations ..req mask 35
02-13 17:51:16.660 I/RILC    (  114): qmi_ril(0/114): [event] qcril_qmi_nas_fetch_signal_strength_observations qcril_qmi_nas_request_signal_strength entered IF 35
02-13 17:51:16.660 I/RILC    (  114): qmi_ril(0/114): [event] qcril_qmi_nas_fetch_signal_strength_observations qcril_qmi_nas_request_signal_strength entered RIL_REQ_RES qmi_request.request__mask = 35
02-13 17:51:16.660 I/RILC    (  114): qmi_ril(0/114): [event] qcril_qmi_nas_fetch_signal_strength_observations qcril_qmi_nas_request_signal_strength entered IF QMI RESPONSE 35
02-13 17:51:16.670 I/RILC    (  114): qmi_ril(0/114): [event] qcril_qmi_util_convert_qmi_response_codes_to_ril_result_ex qcril_qmi_util_convert_qmi_response_codes_to_ril_result_ex ctx check 0
02-13 17:51:16.670 I/RILC    (  114): qmi_ril(0/114): [event] qcril_qmi_nas_fetch_signal_strength_observations qcril_qmi_nas_request_signal_strength entered IF UTIL_RES = SUCCESS 35
02-13 17:51:16.670 I/RILC    (  114): qmi_ril(0/114): [event] qcril_qmi_nas_fetch_signal_strength_observations qcril_qmi_nas_fetch_signal_strength_observations completed 0
02-13 17:51:16.670 I/RILC    (  114): qmi_ril(0/114): [event] qcril_qmi_nas_propagate_known_signal_strength_ind .. subfetch sig strength info 0
02-13 17:51:16.670 I/RILC    (  114): qmi_ril(0/114): [event] qcril_qmi_nas_dump_sign_strength_report qcril_qmi_nas_dump_sign_strength_report entered
02-13 17:51:16.670 I/RILC    (  114): qmi_ril(0/114): [event] qcril_qmi_nas_dump_sign_strength_report ..GW
02-13 17:51:16.670 I/RILC    (  114): qmi_ril(0/114): [event] qcril_qmi_nas_dump_sign_strength_report .. signalStrength 99, bitErrorRate 0
02-13 17:51:16.670 I/RILC    (  114): qmi_ril(0/114): [event] qcril_qmi_nas_dump_sign_strength_report ..CDMA
02-13 17:51:16.670 I/RILC    (  114): qmi_ril(0/114): [event] qcril_qmi_nas_dump_sign_strength_report .. dbm 91, ecio 80 
02-13 17:51:16.670 I/RILC    (  114): qmi_ril(0/114): [event] qcril_qmi_nas_dump_sign_strength_report ..EVDO
02-13 17:51:16.670 I/RILC    (  114): qmi_ril(0/114): [event] qcril_qmi_nas_dump_sign_strength_report .. dbm 97, ecio 25, signalNoiseRatio 7
02-13 17:51:16.670 I/RILC    (  114): qmi_ril(0/114): [event] qcril_qmi_nas_dump_sign_strength_report ..LTE
02-13 17:51:16.670 I/RILC    (  114): qmi_ril(0/114): [event] qcril_qmi_nas_dump_sign_strength_report .. signalStrength 99, rsrp 2147483647, rsrq 2147483647, rsnnr 2147483647
02-13 17:51:16.670 I/RILC    (  114): qmi_ril(0/114): [event] qcril_qmi_nas_dump_sign_strength_report qcril_qmi_nas_dump_sign_strength_report completed
02-13 17:51:16.670 I/RILC    (  114): qmi_ril(0/114): [event] qcril_qmi_nas_propagate_known_signal_strength_ind .. conf res 0
02-13 17:51:16.670 D/RILC    (  114): qmi_ril(0/114): [event] qcril_send_unsol_response UI <--- RIL_UNSOL_SIGNAL_STRENGTH (1009) --- RIL [RID 0, Len 48, (null)]
02-13 17:51:16.680 I/RILC    (  114): qmi_ril(0/114): [event] qcril_qmi_nas_propagate_known_signal_strength_ind qcril_qmi_nas_propagate_known_signal_strength_ind completed 0
02-13 17:51:16.680 I/RILC    (  114): qmi_ril(0/114): [event] qcril_process_event Exit qcril_process_event() : <Unknown event> ?, err_no 0
02-13 17:51:16.680 D/RILC    (  114): qmi_ril(0/114): [event] qcril_event_main qcril_event_main(): Waiting...
02-13 17:51:17.030 D/RILC    (  114): qmi_ril(0/114): [qmi_cb] qcril_data_qmi_wds_ind_cb qcril_data_qmi_wds_ind_cb: ENTRY
02-13 17:51:17.030 I/RILC    (  114): qmi_ril(0/114): [qmi_cb] qcril_data_qmi_wds_ind_cb >>>>>> TRY LOCK QCRIL_DATA MUTEX 80211c14
02-13 17:51:17.030 I/RILC    (  114): qmi_ril(0/114): [qmi_cb] qcril_data_qmi_wds_ind_cb TRYLOCK QCRIL_DATA MUTEX 80211c14 result=0
02-13 17:51:17.030 D/RILC    (  114): qmi_ril(0/114): [qmi_cb] qcril_data_process_wds_ind qcril_data_process_wds_ind: entry
02-13 17:51:17.030 D/RILC    (  114): qmi_ril(0/114): [qmi_cb] qcril_data_process_wds_ind Ignoring wds ind cb event 1
02-13 17:51:17.030 D/RILC    (  114): qmi_ril(0/114): [qmi_cb] qcril_data_process_wds_ind qcril_data_process_wds_ind: exit with success
02-13 17:51:17.030 I/RILC    (  114): qmi_ril(0/114): [qmi_cb] qcril_data_qmi_wds_ind_cb <<<<<< UNLOCK QCRIL_DATA MUTEX 80211c14
02-13 17:51:17.030 I/RILC    (  114): qmi_ril(0/114): [qmi_cb] qcril_data_qmi_wds_ind_cb UNLOCK QCRIL_DATA MUTEX 80211c14 result=0
02-13 17:51:17.030 D/RILC    (  114): qmi_ril(0/114): [qmi_cb] qcril_data_qmi_wds_ind_cb qcril_data_qmi_wds_ind_cb: EXIT
02-13 17:51:17.050 D/RILC    (  114): qmi_ril(0/114): [qmi_cb] qcril_data_qmi_wds_ind_cb qcril_data_qmi_wds_ind_cb: ENTRY
02-13 17:51:17.050 I/RILC    (  114): qmi_ril(0/114): [qmi_cb] qcril_data_qmi_wds_ind_cb >>>>>> TRY LOCK QCRIL_DATA MUTEX 80211c14
02-13 17:51:17.050 I/RILC    (  114): qmi_ril(0/114): [qmi_cb] qcril_data_qmi_wds_ind_cb TRYLOCK QCRIL_DATA MUTEX 80211c14 result=0
02-13 17:51:17.050 D/RILC    (  114): qmi_ril(0/114): [qmi_cb] qcril_data_process_wds_ind qcril_data_process_wds_ind: entry
02-13 17:51:17.050 D/RILC    (  114): qmi_ril(0/114): [qmi_cb] qcril_data_process_tethered_state_change_ind tethered data call status is received
02-13 17:51:17.050 D/RILC    (  114): qmi_ril(0/114): [qmi_cb] qcril_data_process_tethered_state_change_ind call type[1] not tethered data, ignoring
02-13 17:51:17.050 D/RILC    (  114): qmi_ril(0/114): [qmi_cb] qcril_data_process_tethered_state_change_ind qcril_data_process_tethered_state_change_ind succeeded
02-13 17:51:17.050 D/RILC    (  114): qmi_ril(0/114): [qmi_cb] qcril_data_process_wds_ind qcril_data_process_wds_ind: exit with success
02-13 17:51:17.050 I/RILC    (  114): qmi_ril(0/114): [qmi_cb] qcril_data_qmi_wds_ind_cb <<<<<< UNLOCK QCRIL_DATA MUTEX 80211c14
02-13 17:51:17.050 I/RILC    (  114): qmi_ril(0/114): [qmi_cb] qcril_data_qmi_wds_ind_cb UNLOCK QCRIL_DATA MUTEX 80211c14 result=0
02-13 17:51:17.050 D/RILC    (  114): qmi_ril(0/114): [qmi_cb] qcril_data_qmi_wds_ind_cb qcril_data_qmi_wds_ind_cb: EXIT
02-13 17:51:17.130 D/RILC    (  114): qmi_ril(0/114): qcril_data_net_cb: qcril_data_net_cb: ENTRY
02-13 17:51:17.130 I/RILC    (  114): qmi_ril(0/114): qcril_data_net_cb: >>>>>> LOCK QCRIL_DATA MUTEX 80211c10
02-13 17:51:17.130 I/RILC    (  114): qmi_ril(0/114): qcril_data_net_cb: LOCK QCRIL_DATA MUTEX 80211c10 result=0
02-13 17:51:17.130 D/RILC    (  114): qmi_ril(0/114): qcril_data_post_dsi_netctrl_event: >>>Mem debug>>>
02-13 17:51:17.130 D/RILC    (  114): qmi_ril(0/114): qcril_data_post_dsi_netctrl_event: info_tbl
02-13 17:51:17.130 D/RILC    (  114): qmi_ril(0/114): qcril_data_post_dsi_netctrl_event: [0x8021a650]
02-13 17:51:17.130 D/RILC    (  114): qmi_ril(0/114): qcril_data_post_dsi_netctrl_event: <<<Mem debug<<<
02-13 17:51:17.130 D/RILC    (  114): qmi_ril(0/114): qcril_data_post_dsi_netctrl_event: dsi net evt [2], info_tbl index [0], pend RIL Token [1333]
02-13 17:51:17.130 D/RILC    (  114): qmi_ril(0/114): qcril_data_post_dsi_netctrl_event: >>>Mem debug>>>
02-13 17:51:17.130 D/RILC    (  114): qmi_ril(0/114): qcril_data_post_dsi_netctrl_event: event obj alloc
02-13 17:51:17.130 D/RILC    (  114): qmi_ril(0/114): qcril_data_post_dsi_netctrl_event: [0x15bb8]
02-13 17:51:17.130 D/RILC    (  114): qmi_ril(0/114): qcril_data_post_dsi_netctrl_event: <<<Mem debug<<<
02-13 17:51:17.130 I/RILC    (  114): qmi_ril(0/114): qcril_data_post_dsi_netctrl_event: queue QCRIL DATA event for RIL Token [1333] instance_id [0], and modem_id [0]
02-13 17:51:17.130 D/RILC    (  114): qmi_ril(0/114): qcril_event_queue: RID 0 MID 0 Queued event DATA_EVENT_CALLBACK (16 bytes)
02-13 17:51:17.130 I/RILC    (  114): qmi_ril(0/114): qcril_data_net_cb: <<<<<< UNLOCK QCRIL_DATA MUTEX 80211c10
02-13 17:51:17.130 I/RILC    (  114): qmi_ril(0/114): qcril_data_net_cb: UNLOCK QCRIL_DATA MUTEX 80211c10 result=0
02-13 17:51:17.130 D/RILC    (  114): qmi_ril(0/114): qcril_data_net_cb: qcril_data_net_cb: EXIT with suc
02-13 17:51:17.130 D/RILC    (  114): qmi_ril(0/114): [event] qcril_event_main qcril_event_main(): 1 items on queue
02-13 17:51:17.130 D/RILC    (  114): qmi_ril(0/114): [event] qcril_event_main RID 0 MID 0 De-queued event DATA_EVENT_CALLBACK (327682)
02-13 17:51:17.130 D/RILC    (  114): qmi_ril(0/114): [event] qcril_process_event RIL <--- DATA_EVENT_CALLBACK(327682), RID 0, MID 0 --- AMSS
02-13 17:51:17.130 D/RILC    (  114): qmi_ril(0/114): [event] qcril_data_event_hdlr qcril_data_event_hdlr: ENTRY
02-13 17:51:17.130 I/RILC    (  114): qmi_ril(0/114): [event] qcril_data_event_hdlr >>>>>> LOCK QCRIL_DATA MUTEX 80211c14
02-13 17:51:17.130 I/RILC    (  114): qmi_ril(0/114): [event] qcril_data_event_hdlr LOCK QCRIL_DATA MUTEX 80211c14 result=0
02-13 17:51:17.130 D/RILC    (  114): qmi_ril(0/114): [event] qcril_data_event_hdlr >>>Mem debug>>>
02-13 17:51:17.130 D/RILC    (  114): qmi_ril(0/114): [event] qcril_data_event_hdlr event obj
02-13 17:51:17.130 D/RILC    (  114): qmi_ril(0/114): [event] qcril_data_event_hdlr [0x15bb8]
02-13 17:51:17.130 D/RILC    (  114): qmi_ril(0/114): [event] qcril_data_event_hdlr <<<Mem debug<<<
02-13 17:51:17.130 D/RILC    (  114): qmi_ril(0/114): [event] qcril_data_event_hdlr >>>Mem debug>>>
02-13 17:51:17.130 D/RILC    (  114): qmi_ril(0/114): [event] qcril_data_event_hdlr info_tbl
02-13 17:51:17.130 D/RILC    (  114): qmi_ril(0/114): [event] qcril_data_event_hdlr [0x8021a650]
02-13 17:51:17.130 D/RILC    (  114): qmi_ril(0/114): [event] qcril_data_event_hdlr <<<Mem debug<<<
02-13 17:51:17.130 I/RILC    (  114): qmi_ril(0/114): [event] qcril_data_event_hdlr RIL REQ pend [RIL_REQUEST_DEACTIVATE_DATA_CALL], cid [0], index [0]
02-13 17:51:17.130 I/RILC    (  114): qmi_ril(0/114): [event] qcril_reqlist_find [RID 0] Found ReqList entry : RIL_REQUEST_DEACTIVATE_DATA_CALL(41), token id 1333
02-13 17:51:17.130 D/RILC    (  114): qmi_ril(0/114): [event] qcril_data_event_hdlr Req list entry found for RIL Token [1333]
02-13 17:51:17.130 D/RILC    (  114): qmi_ril(0/114): [event] qcril_data_event_hdlr >>>Mem debug>>>
02-13 17:51:17.130 D/RILC    (  114): qmi_ril(0/114): [event] qcril_data_event_hdlr info_tbl
02-13 17:51:17.130 D/RILC    (  114): qmi_ril(0/114): [event] qcril_data_event_hdlr [0x8021a650]
02-13 17:51:17.130 D/RILC    (  114): qmi_ril(0/114): [event] qcril_data_event_hdlr <<<Mem debug<<<
02-13 17:51:17.130 I/RILC    (  114): qmi_ril(0/114): [event] qcril_data_event_hdlr >>>DSI_EVT_NET_NO_NET: START>>> cid [0], index [0]
02-13 17:51:17.130 D/RILC    (  114): qmi_ril(0/114): [event] qcril_data_event_hdlr dsi_get_call_end_reason returned [1]
02-13 17:51:17.130 D/RILC    (  114): qmi_ril(0/114): [event] qcril_data_get_ril_ce_code unspecified/invalid call end reason rcvd
02-13 17:51:17.130 I/RILC    (  114): qmi_ril(0/114): [event] qcril_data_event_hdlr set call end reason [65535]
02-13 17:51:17.130 D/RILC    (  114): qmi_ril(0/114): [event] qcril_data_cleanup_call_state qcril_data_cleanup_call_state: ENTRY
02-13 17:51:17.130 I/RILC    (  114): qmi_ril(0/114): [event] qcril_data_clear_dsi_cb_tbl_entry >>>>>> LOCK QCRIL_DATA MUTEX 80211c10
02-13 17:51:17.130 I/RILC    (  114): qmi_ril(0/114): [event] qcril_data_clear_dsi_cb_tbl_entry LOCK QCRIL_DATA MUTEX 80211c10 result=0
02-13 17:51:17.130 D/RILC    (  114): qmi_ril(0/114): [event] qcril_data_clear_dsi_cb_tbl_entry qcril_data_clear_dsi_cb_tbl_entry: cleaning up entry [%#x]
02-13 17:51:17.130 I/RILC    (  114): qmi_ril(0/114): [event] qcril_data_clear_dsi_cb_tbl_entry <<<<<< UNLOCK QCRIL_DATA MUTEX 80211c10
02-13 17:51:17.130 I/RILC    (  114): qmi_ril(0/114): [event] qcril_data_clear_dsi_cb_tbl_entry UNLOCK QCRIL_DATA MUTEX 80211c10 result=0
02-13 17:51:17.130 I/RILC    (  114): qmi_ril(0/114): [event] qcril_data_stop_response_timer qcril_data_stop_response_timer: ENTRY
02-13 17:51:17.130 D/RILC    (  114): qmi_ril(0/114): [event] qcril_data_stop_response_timer qcril_data_stop_response_timer invalid timer_id
02-13 17:51:17.130 I/RILC    (  114): qmi_ril(0/114): [event] qcril_data_util_update_call_state >>>>>> LOCK QCRIL_DATA MUTEX 80211c0c
02-13 17:51:17.130 I/RILC    (  114): qmi_ril(0/114): [event] qcril_data_util_update_call_state LOCK QCRIL_DATA MUTEX 80211c0c result=0
02-13 17:51:17.130 I/RILC    (  114): qmi_ril(0/114): [event] qcril_data_util_update_call_state <<<<<< UNLOCK QCRIL_DATA MUTEX 80211c0c
02-13 17:51:17.130 I/RILC    (  114): qmi_ril(0/114): [event] qcril_data_util_update_call_state UNLOCK QCRIL_DATA MUTEX 80211c0c result=0
02-13 17:51:17.130 D/RILC    (  114): qmi_ril(0/114): [event] qcril_data_cleanup_call_state clean up local info tbl, index [0], cid [0]
02-13 17:51:17.130 D/RILC    (  114): qmi_ril(0/114): [event] qcril_data_cleanup_call_state releasing dsi_hndl [0x1ab68]
02-13 17:51:17.130 D/RILC    (  114): qmi_ril(0/114): [event] qcril_data_cleanup_call_state qcril_data_cleanup_call_state: EXIT with succ
02-13 17:51:17.130 D/RILC    (  114): qmi_ril(0/114): [event] qcril_data_response_success qcril_data_response_success: ENTRY
02-13 17:51:17.130 I/RILC    (  114): qmi_ril(0/114): [event] qcril_reqlist_find [RID 0] Found ReqList entry : RIL_REQUEST_DEACTIVATE_DATA_CALL(41), token id 1333
02-13 17:51:17.130 I/RILC    (  114): qmi_ril(0/114): [event] qcril_reqlist_free [RID 0] Deleted ReqList entry : token id 1333 [0x15bd8]
02-13 17:51:17.130 D/RILC    (  114): qmi_ril(0/114): [event] qcril_reqlist_print_all [RID 0] ReqList entries : Empty 
02-13 17:51:17.130 I/RILC    (  114): qmi_ril(0/114): [event] qcril_reqlist_find [RID 0] Not found ReqList entry : token id 1333
02-13 17:51:17.130 D/RILC    (  114): qmi_ril(0/114): [event] qcril_send_request_response UI <--- RIL_REQUEST_DEACTIVATE_DATA_CALL (41) Complete --- RIL [RID 0, Token 1333, Success, Len 0 ]
02-13 17:51:17.130 I/RILC    (  114): qmi_ril(0/114): [event] qcril_data_event_hdlr <<<DSI_EVT_NET_NO_NET: processing complete<<<
02-13 17:51:17.130 I/RILC    (  114): qmi_ril(0/114): [event] qcril_data_event_hdlr try event obj dealloc
02-13 17:51:17.130 D/RILC    (  114): qmi_ril(0/114): [event] qcril_data_event_hdlr qcril_data_event_hdlr: EXIT with suc
02-13 17:51:17.130 I/RILC    (  114): qmi_ril(0/114): [event] qcril_data_event_hdlr <<<<<< UNLOCK QCRIL_DATA MUTEX 80211c14
02-13 17:51:17.130 I/RILC    (  114): qmi_ril(0/114): [event] qcril_data_event_hdlr UNLOCK QCRIL_DATA MUTEX 80211c14 result=0
02-13 17:51:17.130 I/RILC    (  114): qmi_ril(0/114): [event] qcril_process_event Exit qcril_process_event() : DATA_EVENT_CALLBACK, err_no 0
02-13 17:51:17.130 D/RILC    (  114): qmi_ril(0/114): [event] qcril_event_main qcril_event_main(): Waiting...
02-13 17:51:17.130 D/RILJ    (  344): [1333]< DEACTIVATE_DATA_CALL 
02-13 17:51:17.281 D/RILJ    (  344): [1334]> RADIO_POWER
02-13 17:51:17.281 D/RILC    (  114): qmi_ril(0/114): [main] onRequest UI --- RIL_REQUEST_RADIO_POWER (23) ---> RIL [RID 0, token id 1334, data len 4]
02-13 17:51:17.281 I/RILC    (  114): qmi_ril(0/114): [main] qcril_qmi_nas_request_power qcril_qmi_nas_request_power entered
02-13 17:51:17.281 I/RILC    (  114): qmi_ril(0/114): [main] qcril_qmi_dms_get_radio_pwr_state qcril_qmi_dms_get_radio_pwr_state - current state NONE
02-13 17:51:17.281 I/RILC    (  114): qmi_ril(0/114): [main] qcril_qmi_nas_flow_control_add_request qcril_qmi_nas_flow_control_add_request entered : token 1334, event_id 23, event RIL_REQUEST_RADIO_POWER 
02-13 17:51:17.281 I/RILC    (  114): qmi_ril(0/114): [main] qcril_qmi_nas_flow_control_add_request qcril_qmi_nas_flow_control_add_request completed with 1 
02-13 17:51:17.281 I/RILC    (  114): qmi_ril(0/114): [main] qcril_qmi_nas_radio_power_helper qcril_qmi_nas_radio_power_helper entered
02-13 17:51:17.281 I/RILC    (  114): qmi_ril(0/114): [main] qcril_qmi_dms_set_radio_pwr_state qcril_qmi_nas_set_radio_pwr_state entry - expected final state INIT_DONE
02-13 17:51:17.281 I/RILC    (  114): qmi_ril(0/114): [main] qcril_qmi_dms_set_radio_pwr_state qcril_qmi_nas_set_radio_pwr_state - current state NONE
02-13 17:51:17.281 I/RILC    (  114): qmi_ril(0/114): [main] qcril_qmi_dms_set_radio_pwr_state qcril_qmi_nas_set_radio_pwr_state - radio request UNKNOWN
02-13 17:51:17.281 I/RILC    (  114): qmi_ril(0/114): [main] qcril_qmi_dms_set_radio_pwr_state qcril_qmi_nas_set_radio_pwr_state - current card state UNKNOWN
02-13 17:51:17.281 D/RILC    (  114): qmi_ril(0/114): [main] qcril_setup_timed_callback Set timer with ID 4
02-13 17:51:17.281 I/RILC    (  114): qmi_ril(0/114): [main] qcril_qmi_dms_set_radio_pwr_state .. set timeout cb res 0 
02-13 17:51:17.281 I/RILC    (  114): qmi_ril(0/114): [main] qcril_qmi_dms_set_radio_pwr_state qcril_qmi_nas_set_radio_pwr_state - actual final state INIT_DONE
02-13 17:51:17.281 I/RILC    (  114): qmi_ril(0/114): [main] qcril_qmi_dms_set_radio_pwr_state qcril_qmi_dms_set_radio_pwr_state completed with SUCCESS
02-13 17:51:17.281 I/RILC    (  114): qmi_ril(0/114): [main] qcril_qmi_nas_radio_power_helper qcril_qmi_nas_radio_power_helper - radio request LPM
02-13 17:51:17.281 I/RILC    (  114): qmi_ril(0/114): [main] qcril_qmi_nas_radio_power_helper qcril_qmi_nas_radio_power_helper - card state NOT ACCESSIBLE
02-13 17:51:17.281 I/RILC    (  114): qmi_ril(0/114): [main] qcril_reqlist_find [RID 0] Not found ReqList entry : token id 1334
02-13 17:51:17.281 I/RILC    (  114): qmi_ril(0/114): [main] qcril_reqlist_new_all [RID 0] Event RIL_REQUEST_RADIO_POWER(23), token id 1334 [ 0x1a938], req id 40 : 
02-13 17:51:17.281 I/RILC    (  114): qmi_ril(0/114): [main] qcril_reqlist_new_all                        MID 0, pending receipt of REQUEST_POWER_RADIO, state QCRIL_REQ_AWAITING_MORE_AMSS_EVENTS(4)
02-13 17:51:17.281 D/RILC    (  114): qmi_ril(0/114): [main] qcril_reqlist_print_all [RID 0] ReqList entries :
02-13 17:51:17.281 D/RILC    (  114): qmi_ril(0/114): [main] qcril_reqlist_print_all     RIL_REQUEST_RADIO_POWER (23), token id 1334
02-13 17:51:17.281 I/RILC    (  114): qmi_ril(0/114): [main] qcril_qmi_nas_radio_power_helper .. request power (1) 1 hex, fffff hex
02-13 17:51:17.281 I/RILC    (  114): qmi_ril(0/114): [main] qcril_qmi_nas_dms_do_post_oprt_request qcril_qmi_nas_dms_do_post_oprt_request / request power (2) 1
02-13 17:51:17.281 I/RILC    (  114): qmi_ril(0/114): [main] qcril_qmi_util_convert_qmi_response_codes_to_ril_result_ex qcril_qmi_util_convert_qmi_response_codes_to_ril_result_ex ctx check 0
02-13 17:51:17.281 I/RILC    (  114): qmi_ril(0/114): [main] qcril_qmi_nas_dms_do_post_oprt_request qcril_qmi_nas_dms_do_post_oprt_request posted req 0, 0
02-13 17:51:17.281 I/RILC    (  114): qmi_ril(0/114): [main] qcril_qmi_nas_radio_power_helper .. qmi req postage res 0
02-13 17:51:17.281 I/RILC    (  114): qmi_ril(0/114): [main] qcril_qmi_dms_set_radio_pwr_state qcril_qmi_nas_set_radio_pwr_state entry - expected final state SETTING_OP_MODE
02-13 17:51:17.281 I/RILC    (  114): qmi_ril(0/114): [main] qcril_qmi_dms_set_radio_pwr_state qcril_qmi_nas_set_radio_pwr_state - current state INIT_DONE
02-13 17:51:17.281 I/RILC    (  114): qmi_ril(0/114): [main] qcril_qmi_dms_set_radio_pwr_state qcril_qmi_nas_set_radio_pwr_state - radio request LPM
02-13 17:51:17.281 I/RILC    (  114): qmi_ril(0/114): [main] qcril_qmi_dms_set_radio_pwr_state qcril_qmi_nas_set_radio_pwr_state - current card state UNKNOWN
02-13 17:51:17.281 I/RILC    (  114): qmi_ril(0/114): [main] qcril_qmi_dms_set_radio_pwr_state qcril_qmi_nas_set_radio_pwr_state - actual final state SETTING_OP_MODE
02-13 17:51:17.281 I/RILC    (  114): qmi_ril(0/114): [main] qcril_qmi_dms_set_radio_pwr_state qcril_qmi_dms_set_radio_pwr_state completed with SUCCESS
02-13 17:51:17.281 I/RILC    (  114): qmi_ril(0/114): [main] qcril_qmi_nas_radio_power_helper qcril_qmi_nas_radio_power_helper completed with 0
02-13 17:51:17.281 I/RILC    (  114): qmi_ril(0/114): [main] qcril_qmi_nas_request_power qcril_qmi_nas_request_power completed with 0
02-13 17:51:17.291 I/RILC    (  114): qmi_ril(0/114): [qmi_cb] qcril_qmi_nas_dms_set_oprt_command_cb qcril_qmi_nas_dms_set_oprt_command_cb entered 0
02-13 17:51:17.291 I/RILC    (  114): qmi_ril(0/114): [qmi_cb] qcril_qmi_dms_set_radio_pwr_state qcril_qmi_nas_set_radio_pwr_state entry - expected final state OP_MODE_CALLBACK_RECVD
02-13 17:51:17.291 I/RILC    (  114): qmi_ril(0/114): [qmi_cb] qcril_qmi_dms_set_radio_pwr_state qcril_qmi_nas_set_radio_pwr_state - current state SETTING_OP_MODE
02-13 17:51:17.291 I/RILC    (  114): qmi_ril(0/114): [qmi_cb] qcril_qmi_dms_set_radio_pwr_state qcril_qmi_nas_set_radio_pwr_state - radio request LPM
02-13 17:51:17.291 I/RILC    (  114): qmi_ril(0/114): [qmi_cb] qcril_qmi_dms_set_radio_pwr_state qcril_qmi_nas_set_radio_pwr_state - current card state UNKNOWN
02-13 17:51:17.291 I/RILC    (  114): qmi_ril(0/114): [qmi_cb] qcril_qmi_dms_set_radio_pwr_state qcril_qmi_nas_set_radio_pwr_state - actual final state OP_MODE_CALLBACK_RECVD
02-13 17:51:17.291 I/RILC    (  114): qmi_ril(0/114): [qmi_cb] qcril_qmi_dms_set_radio_pwr_state qcril_qmi_dms_set_radio_pwr_state completed with SUCCESS
02-13 17:51:17.291 I/RILC    (  114): qmi_ril(0/114): [qmi_cb] qcril_qmi_util_convert_qmi_response_codes_to_ril_result_ex qcril_qmi_util_convert_qmi_response_codes_to_ril_result_ex ctx check 0
02-13 17:51:17.291 I/RILC    (  114): qmi_ril(0/114): [qmi_cb] qcril_reqlist_find_by_event [RID 0] Found ReqList entry : RIL_REQUEST_RADIO_POWER(23), token id 1334, pending REQUEST_POWER_RADIO (786435)
02-13 17:51:17.291 I/RILC    (  114): qmi_ril(0/114): [qmi_cb] qcril_qmi_nas_dms_set_oprt_command_cb qcril_qmi_nas_dms_set_oprt_command_cb res 0, fnd 0 
02-13 17:51:17.291 I/RILC    (  114): qmi_ril(0/114): [qmi_cb] qcril_qmi_nas_dms_set_oprt_command_cb qcril_qmi_nas_dms_set_oprt_command_cb completed
02-13 17:51:18.041 I/RILC    (  114): qmi_ril(0/114): [qmi_cb] qcril_qmi_dms_unsolicited_indication_cb invoked msg 0x1
02-13 17:51:18.041 I/RILC    (  114): qmi_ril(0/114): [qmi_cb] qcril_qmi_nas_dms_event_report_qmi2ril qcril_qmi_nas_dms_event_report_qmi2ril entered
02-13 17:51:18.041 I/RILC    (  114): qmi_ril(0/114): [qmi_cb] qcril_qmi_nas_dms_event_report_qmi2ril oprt val / da 1 / 1
02-13 17:51:18.041 I/RILC    (  114): qmi_ril(0/114): [qmi_cb] qcril_qmi_nas_dms_event_report_qmi2ril prl_init val / da 0 / 0
02-13 17:51:18.041 I/RILC    (  114): qmi_ril(0/114): [qmi_cb] qcril_qmi_nas_dms_op_state_update_handler qcril_qmi_nas_dms_op_state_update_handler entered
02-13 17:51:18.041 I/RILC    (  114): qmi_ril(0/114): [qmi_cb] qcril_reqlist_find_by_event [RID 0] Found ReqList entry : RIL_REQUEST_RADIO_POWER(23), token id 1334, pending REQUEST_POWER_RADIO (786435)
02-13 17:51:18.041 I/RILC    (  114): qmi_ril(0/114): [qmi_cb] qcril_qmi_nas_dms_op_state_update_handler qcril_qmi_nas_dms_op_state_update_handler found qcril request 0
02-13 17:51:18.041 I/RILC    (  114): qmi_ril(0/114): [qmi_cb] qcril_qmi_nas_dms_op_state_update_handler qcril_qmi_nas_dms_op_state_update_handler expected op mode LPM
02-13 17:51:18.041 I/RILC    (  114): qmi_ril(0/114): [qmi_cb] qcril_qmi_nas_dms_op_state_update_handler qcril_qmi_nas_dms_op_state_update_handler reported op mode LPM
02-13 17:51:18.041 I/RILC    (  114): qmi_ril(0/114): [qmi_cb] qcril_qmi_dms_get_radio_pwr_state qcril_qmi_dms_get_radio_pwr_state - current state OP_MODE_CALLBACK_RECVD
02-13 17:51:18.041 I/RILC    (  114): qmi_ril(0/114): [qmi_cb] qcril_qmi_dms_set_radio_pwr_state qcril_qmi_nas_set_radio_pwr_state entry - expected final state OP_MODE_SET
02-13 17:51:18.041 I/RILC    (  114): qmi_ril(0/114): [qmi_cb] qcril_qmi_dms_set_radio_pwr_state qcril_qmi_nas_set_radio_pwr_state - current state OP_MODE_CALLBACK_RECVD
02-13 17:51:18.041 I/RILC    (  114): qmi_ril(0/114): [qmi_cb] qcril_qmi_dms_set_radio_pwr_state qcril_qmi_nas_set_radio_pwr_state - radio request LPM
02-13 17:51:18.041 I/RILC    (  114): qmi_ril(0/114): [qmi_cb] qcril_qmi_dms_set_radio_pwr_state qcril_qmi_nas_set_radio_pwr_state - current card state UNKNOWN
02-13 17:51:18.041 I/RILC    (  114): qmi_ril(0/114): [qmi_cb] qcril_qmi_dms_set_radio_pwr_state qcril_qmi_nas_set_radio_pwr_state - actual final state OP_MODE_SET
02-13 17:51:18.041 I/RILC    (  114): qmi_ril(0/114): [qmi_cb] qcril_qmi_dms_set_radio_pwr_state qcril_qmi_dms_set_radio_pwr_state completed with SUCCESS
02-13 17:51:18.041 I/RILC    (  114): qmi_ril(0/114): [qmi_cb] qcril_qmi_nas_dms_op_state_update_handler ..card status NOT ACCESSIBLE
02-13 17:51:18.041 I/RILC    (  114): qmi_ril(0/114): [qmi_cb] qcril_qmi_dms_set_radio_pwr_state qcril_qmi_nas_set_radio_pwr_state entry - expected final state DONE
02-13 17:51:18.041 I/RILC    (  114): qmi_ril(0/114): [qmi_cb] qcril_qmi_dms_set_radio_pwr_state qcril_qmi_nas_set_radio_pwr_state - current state OP_MODE_SET
02-13 17:51:18.041 I/RILC    (  114): qmi_ril(0/114): [qmi_cb] qcril_qmi_dms_set_radio_pwr_state qcril_qmi_nas_set_radio_pwr_state - radio request LPM
02-13 17:51:18.041 I/RILC    (  114): qmi_ril(0/114): [qmi_cb] qcril_qmi_dms_set_radio_pwr_state qcril_qmi_nas_set_radio_pwr_state - current card state UNKNOWN
02-13 17:51:18.041 I/RILC    (  114): qmi_ril(0/114): [qmi_cb] qcril_qmi_dms_radio_pwr_total_cleanup qcril_qmi_dms_radio_pwr_total_cleanup entered
02-13 17:51:18.041 D/RILC    (  114): qmi_ril(0/114): [qmi_cb] qcril_cancel_timed_callback Cancel timer with ID 4
02-13 17:51:18.041 I/RILC    (  114): qmi_ril(0/114): [qmi_cb] qcril_qmi_dms_radio_pwr_total_cleanup qcril_qmi_dms_radio_pwr_total_cleanup completed
02-13 17:51:18.041 I/RILC    (  114): qmi_ril(0/114): [qmi_cb] qcril_qmi_dms_set_radio_pwr_state qcril_qmi_nas_set_radio_pwr_state - actual final state NONE
02-13 17:51:18.041 I/RILC    (  114): qmi_ril(0/114): [qmi_cb] qcril_qmi_dms_set_radio_pwr_state qcril_qmi_dms_set_radio_pwr_state completed with SUCCESS
02-13 17:51:18.041 I/RILC    (  114): qmi_ril(0/114): [qmi_cb] qcril_reqlist_find [RID 0] Found ReqList entry : RIL_REQUEST_RADIO_POWER(23), token id 1334
02-13 17:51:18.041 I/RILC    (  114): qmi_ril(0/114): [qmi_cb] qcril_reqlist_free [RID 0] Deleted ReqList entry : token id 1334 [0x1a938]
02-13 17:51:18.041 D/RILC    (  114): qmi_ril(0/114): [qmi_cb] qcril_reqlist_print_all [RID 0] ReqList entries : Empty 
02-13 17:51:18.041 D/RILC    (  114): qmi_ril(0/114): [qmi_cb] qcril_send_request_response UI <--- RIL_REQUEST_RADIO_POWER (23) Complete --- RIL [RID 0, Token 1334, Success, Len 0 ]
02-13 17:51:18.051 D/RILJ    (  344): [1334]< RADIO_POWER 
02-13 17:51:18.051 I/RILC    (  114): qmi_ril(0/114): [qmi_cb] qcril_qmi_nas_flow_control_process_request qcril_qmi_nas_flow_control_process_request entered : event_id 23, event RIL_REQUEST_RADIO_POWER res 0
02-13 17:51:18.051 I/RILC    (  114): qmi_ril(0/114): [qmi_cb] qcril_qmi_nas_flow_control_process_request qcril_qmi_nas_flow_control_process_request completed after processing 0 duplicate request(s)
02-13 17:51:18.051 I/RILC    (  114): qmi_ril(0/114): [qmi_cb] qcril_qmi_nas_dms_op_state_update_handler qcril_qmi_nas_dms_op_state_update_handler completed
02-13 17:51:18.051 I/RILC    (  114): qmi_ril(0/114): [qmi_cb] qcril_qmi_nas_dms_event_report_qmi2ril qcril_qmi_nas_dms_event_report_qmi2ril completed
02-13 17:51:18.051 I/RILC    (  114): qmi_ril(0/114): [qmi_cb] qcril_qmi_nas_initiate_radio_state_changed_ind qcril_qmi_nas_initiate_radio_state_changed_ind entered
02-13 17:51:18.051 D/RILC    (  114): qmi_ril(0/114): [qmi_cb] qcril_event_queue Event [<Unknown event> ?, 655392] data was NULL!
02-13 17:51:18.051 D/RILC    (  114): qmi_ril(0/114): [event] qcril_event_main qcril_event_main(): 1 items on queue
02-13 17:51:18.051 D/RILC    (  114): qmi_ril(0/114): [event] qcril_event_main RID 0 MID 0 De-queued event <Unknown event> ? (655392)
02-13 17:51:18.051 D/RILC    (  114): qmi_ril(0/114): [event] qcril_process_event RIL <--- <Unknown event> ?(655392), RID 0, MID 0 --- AMSS
02-13 17:51:18.051 I/RILC    (  114): qmi_ril(0/114): [event] qcril_qmi_nas_send_unsol_radio_state_changed qcril_qmi_nas_send_unsol_radio_state_changed entered
02-13 17:51:18.051 D/RILC    (  114): qmi_ril(0/114): [event] qcril_send_unsol_response UI <--- RIL_UNSOL_RESPONSE_RADIO_STATE_CHANGED (1000) --- RIL [RID 0, Len 0, (null)]
02-13 17:51:18.051 I/RILC    (  114): qmi_ril(0/114): [event] qcril_qmi_nas_dms_get_current_power_state qcril_qmi_nas_dms_get_current_power_state entered
02-13 17:51:18.051 I/RILC    (  114): qmi_ril(0/114): [event] qcril_qmi_nas_dms_get_current_power_state .. client available
02-13 17:51:18.051 I/RILC    (  114): qmi_ril(0/114): [event] qcril_qmi_nas_dms_get_current_power_state .. known modem operating mode 1 
02-13 17:51:18.051 I/RILC    (  114): qmi_ril(0/114): [event] qcril_qmi_nas_dms_get_current_power_state qcril_qmi_nas_dms_get_current_power_state compled with 0
02-13 17:51:18.051 D/RILC    (  114): qmi_ril(0/114): [event] currentState currentState() -> Radio Off(0)
02-13 17:51:18.051 I/RILC    (  114): qmi_ril(0/114): [event] qcril_qmi_nas_send_unsol_radio_state_changed qcril_qmi_nas_send_unsol_radio_state_changed completed
02-13 17:51:18.051 I/RILC    (  114): qmi_ril(0/114): [event] qcril_process_event Exit qcril_process_event() : <Unknown event> ?, err_no 0
02-13 17:51:18.051 D/RILC    (  114): qmi_ril(0/114): [event] qcril_event_main qcril_event_main(): Waiting...
02-13 17:51:18.051 D/RILJ    (  344): [UNSL]< UNSOL_RESPONSE_RADIO_STATE_CHANGED RADIO_OFF
02-13 17:51:18.061 D/RILC    (  114): qmi_ril(0/114): [qmi_cb] qcril_event_queue RID 0 MID 0 Queued event <Unknown event> ? (0 bytes)
02-13 17:51:18.061 I/RILC    (  114): qmi_ril(0/114): [qmi_cb] qcril_qmi_nas_initiate_radio_state_changed_ind qcril_qmi_nas_initiate_radio_state_changed_ind completed
02-13 17:51:18.091 D/RILB    (  344): Notifying: radio off or not available
02-13 17:51:18.161 D/CDMA    (  344): [CdmaServiceStateTracker] Poll ServiceState done: oldSS=[0 home Sprint  310099  1xRTT CSS not supported 41 4139RoamInd: 1RoamStatus(sprint): 1DefRoamInd: 160EmergOnly: false] newSS=[3 home null null null  Unknown CSS not supported -1 -1RoamInd: -1RoamStatus(sprint): -1DefRoamInd: -1EmergOnly: false]
02-13 17:51:18.171 D/CDMA    (  344): [CdmaServiceStateTracker] ***zyj*** this plmn should false flash
02-13 17:51:18.242 D/RIL_UiccManager(  344): EVENT_RADIO_OFF_OR_UNAVAILABLE: index = 0
02-13 17:51:18.242 D/RIL_UiccManager(  344): Disposing card 0
02-13 17:51:18.252 D/CDMA    (  344): Event EVENT_RADIO_OFF_OR_NOT_AVAILABLE Received
02-13 17:51:18.912 I/RILC    (  114): qmi_ril(0/114): [qmi_cb] qcril_qmi_nas_unsolicited_indication_cb invoked msg 0x24
02-13 17:51:18.912 I/RILC    (  114): qmi_ril(0/114): [qmi_cb] qcril_qmi_nas_is_considered_registered qcril_qmi_nas_is_considered_registered entered
02-13 17:51:18.912 I/RILC    (  114): qmi_ril(0/114): [qmi_cb] qcril_qmi_nas_is_considered_registered qcril_qmi_nas_is_considered_registered completed with 1
02-13 17:51:18.912 I/RILC    (  114): qmi_ril(0/114): [qmi_cb] qcril_qmi_nas_serving_system_ind_conv_qmi2ril qcril_qmi_nas_serving_system_ind_conv_qmi2ril entered
02-13 17:51:18.912 I/RILC    (  114): qmi_ril(0/114): [qmi_cb] qcril_qmi_nas_serving_system_ind_conv_qmi2ril .. fundamental change 1
02-13 17:51:18.912 I/RILC    (  114): qmi_ril(0/114): [qmi_cb] qcril_qmi_nas_drop_nw_info_cache  qcril_qmi_nas_drop_nw_info_cache entry 
02-13 17:51:18.912 I/RILC    (  114): qmi_ril(0/114): [qmi_cb] qcril_qmi_nas_drop_nw_info_cache qcril_qmi_nas_drop_nw_info_cache complete 
02-13 17:51:18.912 I/RILC    (  114): qmi_ril(0/114): [qmi_cb] qcril_qmi_voice_technology_updated qcril_qmi_voice_technology_updated entered
02-13 17:51:18.912 I/RILC    (  114): qmi_ril(0/114): [qmi_cb] qcril_qmi_voice_technology_updated ..nas_cached_info.serving_system valid 1
02-13 17:51:18.912 I/RILC    (  114): qmi_ril(0/114): [qmi_cb] qcril_qmi_voice_technology_updated .. selected NW 0
02-13 17:51:18.912 I/RILC    (  114): qmi_ril(0/114): [qmi_cb] qcril_qmi_voice_technology_updated .. NW state 0
02-13 17:51:18.912 I/RILC    (  114): qmi_ril(0/114): [qmi_cb] qcril_qmi_mgr_voice_technology_updated qcril_qmi_mgr_voice_technology_updated entered
02-13 17:51:18.912 I/RILC    (  114): qmi_ril(0/114): [qmi_cb] qcril_qmi_mgr_voice_technology_updated qcril_qmi_mgr_voice_technology_updated left 0
02-13 17:51:18.912 I/RILC    (  114): qmi_ril(0/114): [qmi_cb] qcril_qmi_voice_technology_updated qcril_qmi_voice_technology_updated completed for 0
02-13 17:51:18.912 I/RILC    (  114): qmi_ril(0/114): [qmi_cb] qmi_ril_nwr_update_reg_rej_legacy qmi_ril_nwr_update_reg_rej_legacy entered
02-13 17:51:18.912 I/RILC    (  114): qmi_ril(0/114): [qmi_cb] qmi_ril_nwr_update_reg_rej_legacy .. ss srv reg state 0
02-13 17:51:18.912 I/RILC    (  114): qmi_ril(0/114): [qmi_cb] qmi_ril_nwr_update_reg_rej_legacy .. reje CS cs_rejected 0
02-13 17:51:18.912 I/RILC    (  114): qmi_ril(0/114): [qmi_cb] qmi_ril_nwr_update_reg_rej_legacy .. reje CS cs_reject_cause 0
02-13 17:51:18.912 I/RILC    (  114): qmi_ril(0/114): [qmi_cb] qmi_ril_nwr_update_reg_rej_legacy .. reje PS ps_rejected 0
02-13 17:51:18.912 I/RILC    (  114): qmi_ril(0/114): [qmi_cb] qmi_ril_nwr_update_reg_rej_legacy .. reje PS ps_reject_cause 0
02-13 17:51:18.912 I/RILC    (  114): qmi_ril(0/114): [qmi_cb] qmi_ril_nwr_util_log_mccmnc_str .. reje mcc - 
02-13 17:51:18.912 I/RILC    (  114): qmi_ril(0/114): [qmi_cb] qmi_ril_nwr_util_log_mccmnc_str .. reje mnc - 
02-13 17:51:18.912 I/RILC    (  114): qmi_ril(0/114): [qmi_cb] qmi_ril_nwr_update_reg_rej_legacy qmi_ril_nwr_update_reg_rej_legacy completed
02-13 17:51:18.912 I/RILC    (  114): qmi_ril(0/114): [qmi_cb] qcril_qmi_nas_serving_system_ind_conv_qmi2ril qcril_qmi_nas_serving_system_ind_conv_qmi2ril serving_system cached 1
02-13 17:51:18.912 I/RILC    (  114): qmi_ril(0/114): [qmi_cb] qcril_qmi_nas_serving_system_ind_conv_qmi2ril qcril_qmi_nas_serving_system_ind_conv_qmi2ril roaming_indicator cached 0
02-13 17:51:18.912 I/RILC    (  114): qmi_ril(0/114): [qmi_cb] qcril_qmi_nas_serving_system_ind_conv_qmi2ril qcril_qmi_nas_serving_system_ind_conv_qmi2ril data_capabilities cached 1
02-13 17:51:18.912 I/RILC    (  114): qmi_ril(0/114): [qmi_cb] qcril_qmi_nas_serving_system_ind_conv_qmi2ril qcril_qmi_nas_serving_system_ind_conv_qmi2ril current_plmn cached 0
02-13 17:51:18.912 I/RILC    (  114): qmi_ril(0/114): [qmi_cb] qcril_qmi_nas_serving_system_ind_conv_qmi2ril qcril_qmi_nas_serving_system_ind_conv_qmi2ril mnc_includes_pcs_digit cached 0
02-13 17:51:18.912 I/RILC    (  114): qmi_ril(0/114): [qmi_cb] qcril_qmi_nas_serving_system_ind_conv_qmi2ril qcril_qmi_nas_serving_system_ind_conv_qmi2ril completed
02-13 17:51:18.912 I/RILC    (  114): qmi_ril(0/114): [qmi_cb] qcril_qmi_nas_is_considered_registered qcril_qmi_nas_is_considered_registered entered
02-13 17:51:18.912 I/RILC    (  114): qmi_ril(0/114): [qmi_cb] qcril_qmi_nas_is_considered_registered qcril_qmi_nas_is_considered_registered completed with 1
02-13 17:51:18.912 I/RILC    (  114): qmi_ril(0/114): [qmi_cb] qcril_qmi_nas_unsolicited_indication_cb .. operational state 3
02-13 17:51:18.912 D/RILC    (  114): qmi_ril(0/114): [qmi_cb] qcril_send_unsol_response UI <--- RIL_UNSOL_RESPONSE_NETWORK_STATE_CHANGED (1002) --- RIL [RID 0, Len 0, (null)]
02-13 17:51:18.912 I/RILC    (  114): qmi_ril(0/114): [qmi_cb] qcril_qmi_nas_unsolicited_indication_cb posted RIL indication 1002
02-13 17:51:18.912 D/RILC    (  114): qmi_ril(0/114): [qmi_cb] qcril_send_unsol_response UI <--- RIL_UNSOL_RESPONSE_DATA_NETWORK_STATE_CHANGED (1037) --- RIL [RID 0, Len 0, (null)]
02-13 17:51:18.912 I/RILC    (  114): qmi_ril(0/114): [qmi_cb] qcril_qmi_nas_unsolicited_indication_cb posted RIL indication 1037
02-13 17:51:18.912 I/RILC    (  114): qmi_ril(0/114): [qmi_cb] qcril_qmi_nas_unsolicited_indication_cb qcril_qmi_nas_unsolicited_indication_cb completed
02-13 17:51:18.912 D/RILJ    (  344): [UNSL]< UNSOL_RESPONSE_NETWORK_STATE_CHANGED
02-13 17:51:18.912 D/RILJ    (  344): [UNSL]< RIL_UNSOL_RESPONSE_DATA_NETWORK_STATE_CHANGED
02-13 17:51:18.912 D/CDMA    (  344): [CdmaServiceStateTracker] Poll ServiceState done: oldSS=[3 home null null null  Unknown CSS not supported -1 -1RoamInd: -1RoamStatus(sprint): -1DefRoamInd: -1EmergOnly: false] newSS=[3 home null null null  Unknown CSS not supported -1 -1RoamInd: -1RoamStatus(sprint): -1DefRoamInd: -1EmergOnly: false]
02-13 17:51:18.912 I/RILC    (  114): qmi_ril(0/114): [qmi_cb] qcril_qmi_nas_unsolicited_indication_cb invoked msg 0x2
02-13 17:51:18.912 I/RILC    (  114): qmi_ril(0/114): [qmi_cb] qcril_qmi_nas_is_considered_registered qcril_qmi_nas_is_considered_registered entered
02-13 17:51:18.912 I/RILC    (  114): qmi_ril(0/114): [qmi_cb] qcril_qmi_nas_is_considered_registered qcril_qmi_nas_is_considered_registered completed with 1
02-13 17:51:18.912 I/RILC    (  114): qmi_ril(0/114): [qmi_cb] qcril_qmi_nas_event_report_ind_conv_qmi2ril qcril_qmi_nas_event_report_ind_conv_qmi2ril entered
02-13 17:51:18.912 I/RILC    (  114): qmi_ril(0/114): [qmi_cb] qcril_qmi_nas_event_report_ind_conv_qmi2ril .. reg reject valid 0
02-13 17:51:18.912 I/RILC    (  114): qmi_ril(0/114): [qmi_cb] qcril_qmi_nas_event_report_ind_conv_qmi2ril qcril_qmi_nas_event_report_ind_conv_qmi2ril completed
02-13 17:51:18.912 I/RILC    (  114): qmi_ril(0/114): [qmi_cb] qcril_qmi_nas_is_considered_registered qcril_qmi_nas_is_considered_registered entered
02-13 17:51:18.912 I/RILC    (  114): qmi_ril(0/114): [qmi_cb] qcril_qmi_nas_is_considered_registered qcril_qmi_nas_is_considered_registered completed with 1
02-13 17:51:18.912 D/RILC    (  114): qmi_ril(0/114): [qmi_cb] qcril_event_queue Event [<Unknown event> ?, 655370] data was NULL!
02-13 17:51:18.912 D/RILC    (  114): qmi_ril(0/114): [qmi_cb] qcril_event_queue RID 0 MID 0 Queued event <Unknown event> ? (0 bytes)
02-13 17:51:18.912 I/RILC    (  114): qmi_ril(0/114): [qmi_cb] qcril_qmi_nas_unsolicited_indication_cb .. operational state 3
02-13 17:51:18.912 I/RILC    (  114): qmi_ril(0/114): [qmi_cb] qcril_qmi_nas_unsolicited_indication_cb qcril_qmi_nas_unsolicited_indication_cb completed
02-13 17:51:18.912 D/RILC    (  114): qmi_ril(0/114): [event] qcril_event_main qcril_event_main(): 1 items on queue
02-13 17:51:18.912 D/RILC    (  114): qmi_ril(0/114): [event] qcril_event_main RID 0 MID 0 De-queued event <Unknown event> ? (655370)
02-13 17:51:18.912 D/RILC    (  114): qmi_ril(0/114): [event] qcril_process_event RIL <--- <Unknown event> ?(655370), RID 0, MID 0 --- AMSS
02-13 17:51:18.912 I/RILC    (  114): qmi_ril(0/114): [event] qcril_qmi_trigger_propagate_known_signal_strength_ind qcril_qmi_trigger_propagate_known_signal_strength_ind received
02-13 17:51:18.912 I/RILC    (  114): qmi_ril(0/114): [event] qcril_qmi_nas_propagate_known_signal_strength_ind qcril_qmi_nas_propagate_known_signal_strength_ind entered
02-13 17:51:18.912 I/RILC    (  114): qmi_ril(0/114): [event] qcril_qmi_nas_fetch_signal_strength_observations qcril_qmi_nas_fetch_signal_strength_observations entered
02-13 17:51:18.912 I/RILC    (  114): qmi_ril(0/114): [event] qcril_qmi_nas_fetch_signal_strength_observations ..req mask 115
02-13 17:51:18.912 I/RILC    (  114): qmi_ril(0/114): [event] qcril_qmi_nas_fetch_signal_strength_observations qcril_qmi_nas_request_signal_strength entered IF 115
02-13 17:51:18.912 I/RILC    (  114): qmi_ril(0/114): [event] qcril_qmi_nas_fetch_signal_strength_observations qcril_qmi_nas_request_signal_strength entered RIL_REQ_RES qmi_request.request__mask = 51
02-13 17:51:18.912 I/RILC    (  114): qmi_ril(0/114): [event] qcril_qmi_nas_fetch_signal_strength_observations qcril_qmi_nas_request_signal_strength entered IF QMI RESPONSE 115
02-13 17:51:18.912 I/RILC    (  114): qmi_ril(0/114): [event] qcril_qmi_util_convert_qmi_response_codes_to_ril_result_ex qcril_qmi_util_convert_qmi_response_codes_to_ril_result_ex ctx check 0
02-13 17:51:18.912 I/RILC    (  114): qmi_ril(0/114): [event] qcril_qmi_nas_fetch_signal_strength_observations qcril_qmi_nas_request_signal_strength entered IF UTIL_RES = SUCCESS 115
02-13 17:51:18.912 I/RILC    (  114): qmi_ril(0/114): [event] qcril_qmi_nas_fetch_signal_strength_observations qcril_qmi_nas_fetch_signal_strength_observations completed 0
02-13 17:51:18.912 I/RILC    (  114): qmi_ril(0/114): [event] qcril_qmi_nas_propagate_known_signal_strength_ind .. subfetch sig strength info 0
02-13 17:51:18.912 I/RILC    (  114): qmi_ril(0/114): [event] qcril_qmi_nas_dump_sign_strength_report qcril_qmi_nas_dump_sign_strength_report entered
02-13 17:51:18.912 I/RILC    (  114): qmi_ril(0/114): [event] qcril_qmi_nas_dump_sign_strength_report ..GW
02-13 17:51:18.912 I/RILC    (  114): qmi_ril(0/114): [event] qcril_qmi_nas_dump_sign_strength_report .. signalStrength 99, bitErrorRate 0
02-13 17:51:18.912 I/RILC    (  114): qmi_ril(0/114): [event] qcril_qmi_nas_dump_sign_strength_report ..CDMA
02-13 17:51:18.912 I/RILC    (  114): qmi_ril(0/114): [event] qcril_qmi_nas_dump_sign_strength_report .. dbm -1, ecio -1 
02-13 17:51:18.912 I/RILC    (  114): qmi_ril(0/114): [event] qcril_qmi_nas_dump_sign_strength_report ..EVDO
02-13 17:51:18.912 I/RILC    (  114): qmi_ril(0/114): [event] qcril_qmi_nas_dump_sign_strength_report .. dbm -1, ecio -1, signalNoiseRatio 7
02-13 17:51:18.912 I/RILC    (  114): qmi_ril(0/114): [event] qcril_qmi_nas_dump_sign_strength_report ..LTE
02-13 17:51:18.912 I/RILC    (  114): qmi_ril(0/114): [event] qcril_qmi_nas_dump_sign_strength_report .. signalStrength 99, rsrp 2147483647, rsrq 2147483647, rsnnr 2147483647
02-13 17:51:18.912 I/RILC    (  114): qmi_ril(0/114): [event] qcril_qmi_nas_dump_sign_strength_report qcril_qmi_nas_dump_sign_strength_report completed
02-13 17:51:18.912 I/RILC    (  114): qmi_ril(0/114): [event] qcril_qmi_nas_propagate_known_signal_strength_ind .. conf res 0
02-13 17:51:18.912 D/RILC    (  114): qmi_ril(0/114): [event] qcril_send_unsol_response UI <--- RIL_UNSOL_SIGNAL_STRENGTH (1009) --- RIL [RID 0, Len 48, (null)]
02-13 17:51:18.912 I/RILC    (  114): qmi_ril(0/114): [event] qcril_qmi_nas_propagate_known_signal_strength_ind qcril_qmi_nas_propagate_known_signal_strength_ind completed 0
02-13 17:51:18.912 I/RILC    (  114): qmi_ril(0/114): [event] qcril_process_event Exit qcril_process_event() : <Unknown event> ?, err_no 0
02-13 17:51:18.912 D/RILC    (  114): qmi_ril(0/114): [event] qcril_event_main qcril_event_main(): Waiting...
