02-13 17:49:56.782 E/MediaPlayer(  845): getCurrentPosition sec = 445725
02-13 17:49:56.782 E/MediaPlayer(  845): getDuration_l mDuration = 1296300
02-13 17:49:57.793 E/MediaPlayer(  845): getCurrentPosition sec = 446823
02-13 17:49:57.793 E/MediaPlayer(  845): getDuration_l mDuration = 1296300
02-13 17:49:58.794 E/MediaPlayer(  845): getCurrentPosition sec = 447783
02-13 17:49:58.794 E/MediaPlayer(  845): getDuration_l mDuration = 1296300
02-13 17:49:59.805 E/MediaPlayer(  845): getCurrentPosition sec = 448881
02-13 17:49:59.805 E/MediaPlayer(  845): getDuration_l mDuration = 1296300
02-13 17:50:00.025 D/KeyguardUpdateMonitor(  256): received broadcast android.intent.action.TIME_TICK
02-13 17:50:00.025 D/KeyguardUpdateMonitor(  256): handleTimeUpdate
02-13 17:50:00.806 E/MediaPlayer(  845): getCurrentPosition sec = 449842
02-13 17:50:00.806 E/MediaPlayer(  845): getDuration_l mDuration = 1296300
02-13 17:50:01.817 E/MediaPlayer(  845): getCurrentPosition sec = 450802
02-13 17:50:01.817 E/MediaPlayer(  845): getDuration_l mDuration = 1296300
02-13 17:50:02.828 E/MediaPlayer(  845): getCurrentPosition sec = 451900
02-13 17:50:02.828 E/MediaPlayer(  845): getDuration_l mDuration = 1296300
02-13 17:50:03.839 E/MediaPlayer(  845): getCurrentPosition sec = 452861
02-13 17:50:03.839 E/MediaPlayer(  845): getDuration_l mDuration = 1296300
02-13 17:50:04.099 D/DATA    (  344): [DSST(0)] pollstate() : reason = data network state changed
02-13 17:50:04.159 D/MobileDataStateTracker(  256): [hipri]  MobileDataStateReceiver onReceive(): Entry.
02-13 17:50:04.159 D/MobileDataStateTracker(  256): [hipri]  intent.getAction()= android.intent.action.SERVICE_STATE
02-13 17:50:04.159 D/MobileDataStateTracker(  256): [hipri]  mEnabled = false
02-13 17:50:04.159 D/MobileDataStateTracker(  256): [dun]  MobileDataStateReceiver onReceive(): Entry.
02-13 17:50:04.159 D/MobileDataStateTracker(  256): [dun]  intent.getAction()= android.intent.action.SERVICE_STATE
02-13 17:50:04.159 D/MobileDataStateTracker(  256): [dun]  mEnabled = false
02-13 17:50:04.159 D/MobileDataStateTracker(  256): [supl]  MobileDataStateReceiver onReceive(): Entry.
02-13 17:50:04.159 D/MobileDataStateTracker(  256): [supl]  intent.getAction()= android.intent.action.SERVICE_STATE
02-13 17:50:04.159 D/MobileDataStateTracker(  256): [supl]  mEnabled = false
02-13 17:50:04.179 D/MobileDataStateTracker(  256): [mms]  MobileDataStateReceiver onReceive(): Entry.
02-13 17:50:04.179 D/MobileDataStateTracker(  256): [mms]  intent.getAction()= android.intent.action.SERVICE_STATE
02-13 17:50:04.179 D/MobileDataStateTracker(  256): [mms]  mEnabled = false
02-13 17:50:04.189 D/CallManager(  344):  handleMessage (EVENT_SERVICE_STATE_CHANGED)
02-13 17:50:04.189 E/BT HS/HF(  344): SERVICE_STATE_CHANGED called
02-13 17:50:04.189 E/BT HS/HF(  344): updateServiceState called, sendUpdate:false  ServiceState:0 home Sprint  310099  EvDo rev. A CSS not supported 41 4139RoamInd: 1RoamStatus(sprint): 1DefRoamInd: 160EmergOnly: false
02-13 17:50:04.189 E/BT HS/HF(  344): service:1 mService:1
02-13 17:50:04.189 D/MobileDataStateTracker(  256): [default]  MobileDataStateReceiver onReceive(): Entry.
02-13 17:50:04.189 D/MobileDataStateTracker(  256): [default]  intent.getAction()= android.intent.action.SERVICE_STATE
02-13 17:50:04.189 D/MobileDataStateTracker(  256): [default]  mEnabled = true
02-13 17:50:04.189 D/DATA    (  344): [DSST(0)]  registrationState = 1  radioTechnology = 8 reasonForDenial = 0
02-13 17:50:04.189 D/DATA    (  344): [DSST(0)]  set mNewDataConnectionState = 0
02-13 17:50:04.189 D/DATA    (  344): [DSST(0)]  mNewDataConnectionState : 0  mDataConnectionState : 0
02-13 17:50:04.189 D/DATA    (  344): [DSST(0)] Poll ServiceState done: oldSS=[0 home null null null  EvDo rev. A CSS not supported -1 -1RoamInd: -1RoamStatus(sprint): -1DefRoamInd: -1EmergOnly: false] newSS=[0 home null null null  EvDo rev. A CSS not supported -1 -1RoamInd: -1RoamStatus(sprint): -1DefRoamInd: -1EmergOnly: false]
02-13 17:50:04.189 D/DATA    (  344): [DSST(0)]  mDataConnectionState = 0
02-13 17:50:04.199 D/Mms     (  811): currentRoamingStatus:1
02-13 17:50:04.840 E/MediaPlayer(  845): getCurrentPosition sec = 453821
02-13 17:50:04.840 E/MediaPlayer(  845): getDuration_l mDuration = 1296300
02-13 17:50:05.020 I/wpa_supplicant(  399): State: INACTIVE -> SCANNING
02-13 17:50:05.020 I/wpa_supplicant(  399): CTRL-EVENT-STATE-CHANGE id=-1 state=2 BSSID=00:00:00:00:00:00
02-13 17:50:05.020 D/NetworkStateTracker(  256): setDetailed state, old =IDLE and new state=SCANNING
02-13 17:50:05.841 E/MediaPlayer(  845): getCurrentPosition sec = 454782
02-13 17:50:05.841 E/MediaPlayer(  845): getDuration_l mDuration = 1296300
02-13 17:50:05.981 I/dun_service(  124): process rmnet event
02-13 17:50:05.981 I/dun_service(  124): Post event 4
02-13 17:50:05.981 I/dun_service(  124): received event: DUN_EVENT_RMNET_UP 
02-13 17:50:05.981 I/dun_service(  124): received event(DUN_EVENT_RMNET_UP) in state(DUN_STATE_USB_UNPLUG)
02-13 17:50:05.981 I/dun_service(  124): Ignoring the event DUN_EVENT_RMNET_UP in USB_UNPLUG_STATE
02-13 17:50:05.981 I/dun_service(  124): Moved to state(DUN_STATE_USB_UNPLUG)
02-13 17:50:05.981 I/wpa_supplicant(  399): State: SCANNING -> INACTIVE
02-13 17:50:05.981 I/wpa_supplicant(  399): CTRL-EVENT-STATE-CHANGE id=-1 state=1 BSSID=00:00:00:00:00:00
02-13 17:50:05.991 D/NetworkStateTracker(  256): setDetailed state, old =SCANNING and new state=IDLE
02-13 17:50:05.991 D/WifiStateTracker(  256): setNotificationVisible() visible=false mNotificationShown=false force=false return.
02-13 17:50:06.842 E/MediaPlayer(  845): getCurrentPosition sec = 455880
02-13 17:50:06.842 E/MediaPlayer(  845): getDuration_l mDuration = 1296300
02-13 17:50:07.853 E/MediaPlayer(  845): getCurrentPosition sec = 456841
02-13 17:50:07.853 E/MediaPlayer(  845): getDuration_l mDuration = 1296300
02-13 17:50:08.854 E/MediaPlayer(  845): getCurrentPosition sec = 457801
02-13 17:50:08.854 E/MediaPlayer(  845): getDuration_l mDuration = 1296300
02-13 17:50:09.865 E/MediaPlayer(  845): getCurrentPosition sec = 458899
02-13 17:50:09.865 E/MediaPlayer(  845): getDuration_l mDuration = 1296300
02-13 17:50:10.866 E/MediaPlayer(  845): getCurrentPosition sec = 459860
02-13 17:50:10.866 E/MediaPlayer(  845): getDuration_l mDuration = 1296300
02-13 17:50:11.647 D/DATA    (  344): [DSST(0)] pollstate() : reason = data network state changed
02-13 17:50:11.717 D/MobileDataStateTracker(  256): [hipri]  MobileDataStateReceiver onReceive(): Entry.
02-13 17:50:11.717 D/MobileDataStateTracker(  256): [hipri]  intent.getAction()= android.intent.action.SERVICE_STATE
02-13 17:50:11.717 D/MobileDataStateTracker(  256): [hipri]  mEnabled = false
02-13 17:50:11.717 D/MobileDataStateTracker(  256): [dun]  MobileDataStateReceiver onReceive(): Entry.
02-13 17:50:11.717 D/MobileDataStateTracker(  256): [dun]  intent.getAction()= android.intent.action.SERVICE_STATE
02-13 17:50:11.717 D/MobileDataStateTracker(  256): [dun]  mEnabled = false
02-13 17:50:11.727 D/MobileDataStateTracker(  256): [supl]  MobileDataStateReceiver onReceive(): Entry.
02-13 17:50:11.727 D/MobileDataStateTracker(  256): [supl]  intent.getAction()= android.intent.action.SERVICE_STATE
02-13 17:50:11.727 D/MobileDataStateTracker(  256): [supl]  mEnabled = false
02-13 17:50:11.747 D/CallManager(  344):  handleMessage (EVENT_SERVICE_STATE_CHANGED)
02-13 17:50:11.747 E/BT HS/HF(  344): SERVICE_STATE_CHANGED called
02-13 17:50:11.747 E/BT HS/HF(  344): updateServiceState called, sendUpdate:false  ServiceState:0 home Sprint  310099  EvDo rev. A CSS not supported 41 4139RoamInd: 1RoamStatus(sprint): 1DefRoamInd: 160EmergOnly: false
02-13 17:50:11.747 E/BT HS/HF(  344): service:1 mService:1
02-13 17:50:11.747 D/MobileDataStateTracker(  256): [mms]  MobileDataStateReceiver onReceive(): Entry.
02-13 17:50:11.747 D/MobileDataStateTracker(  256): [mms]  intent.getAction()= android.intent.action.SERVICE_STATE
02-13 17:50:11.747 D/MobileDataStateTracker(  256): [mms]  mEnabled = false
02-13 17:50:11.747 D/DATA    (  344): [DSST(0)]  registrationState = 1  radioTechnology = 8 reasonForDenial = 0
02-13 17:50:11.747 D/DATA    (  344): [DSST(0)]  set mNewDataConnectionState = 0
02-13 17:50:11.747 D/DATA    (  344): [DSST(0)]  mNewDataConnectionState : 0  mDataConnectionState : 0
02-13 17:50:11.747 D/DATA    (  344): [DSST(0)] Poll ServiceState done: oldSS=[0 home null null null  EvDo rev. A CSS not supported -1 -1RoamInd: -1RoamStatus(sprint): -1DefRoamInd: -1EmergOnly: false] newSS=[0 home null null null  EvDo rev. A CSS not supported -1 -1RoamInd: -1RoamStatus(sprint): -1DefRoamInd: -1EmergOnly: false]
02-13 17:50:11.747 D/DATA    (  344): [DSST(0)]  mDataConnectionState = 0
02-13 17:50:11.747 D/MobileDataStateTracker(  256): [default]  MobileDataStateReceiver onReceive(): Entry.
02-13 17:50:11.747 D/MobileDataStateTracker(  256): [default]  intent.getAction()= android.intent.action.SERVICE_STATE
02-13 17:50:11.747 D/MobileDataStateTracker(  256): [default]  mEnabled = true
02-13 17:50:11.757 D/Mms     (  811): currentRoamingStatus:1
02-13 17:50:11.867 E/MediaPlayer(  845): getCurrentPosition sec = 460820
02-13 17:50:11.867 E/MediaPlayer(  845): getDuration_l mDuration = 1296300
02-13 17:50:12.878 E/MediaPlayer(  845): getCurrentPosition sec = 461918
02-13 17:50:12.878 E/MediaPlayer(  845): getDuration_l mDuration = 1296300
02-13 17:50:13.879 E/MediaPlayer(  845): getCurrentPosition sec = 462879
02-13 17:50:13.879 E/MediaPlayer(  845): getDuration_l mDuration = 1296300
02-13 17:50:14.880 E/MediaPlayer(  845): getCurrentPosition sec = 463840
02-13 17:50:14.880 E/MediaPlayer(  845): getDuration_l mDuration = 1296300
02-13 17:50:15.891 E/MediaPlayer(  845): getCurrentPosition sec = 464937
02-13 17:50:15.891 E/MediaPlayer(  845): getDuration_l mDuration = 1296300
02-13 17:50:16.882 E/MediaPlayer(  845): getCurrentPosition sec = 465898
02-13 17:50:16.882 E/MediaPlayer(  845): getDuration_l mDuration = 1296300
02-13 17:50:17.883 E/MediaPlayer(  845): getCurrentPosition sec = 466859
02-13 17:50:17.883 E/MediaPlayer(  845): getDuration_l mDuration = 1296300
02-13 17:50:18.894 E/MediaPlayer(  845): getCurrentPosition sec = 467957
02-13 17:50:18.894 E/MediaPlayer(  845): getDuration_l mDuration = 1296300
02-13 17:50:19.895 E/MediaPlayer(  845): getCurrentPosition sec = 468917
02-13 17:50:19.895 E/MediaPlayer(  845): getDuration_l mDuration = 1296300
02-13 17:50:20.906 E/MediaPlayer(  845): getCurrentPosition sec = 469878
02-13 17:50:20.906 E/MediaPlayer(  845): getDuration_l mDuration = 1296300
02-13 17:50:21.006 I/wpa_supplicant(  399): State: INACTIVE -> SCANNING
02-13 17:50:21.006 I/wpa_supplicant(  399): CTRL-EVENT-STATE-CHANGE id=-1 state=2 BSSID=00:00:00:00:00:00
02-13 17:50:21.006 D/NetworkStateTracker(  256): setDetailed state, old =IDLE and new state=SCANNING
02-13 17:50:21.907 E/MediaPlayer(  845): getCurrentPosition sec = 470976
02-13 17:50:21.907 E/MediaPlayer(  845): getDuration_l mDuration = 1296300
02-13 17:50:21.967 I/wpa_supplicant(  399): State: SCANNING -> INACTIVE
02-13 17:50:21.967 I/wpa_supplicant(  399): CTRL-EVENT-STATE-CHANGE id=-1 state=1 BSSID=00:00:00:00:00:00
02-13 17:50:21.967 I/dun_service(  124): process rmnet event
02-13 17:50:21.967 I/dun_service(  124): Post event 4
02-13 17:50:21.967 I/dun_service(  124): received event: DUN_EVENT_RMNET_UP 
02-13 17:50:21.967 I/dun_service(  124): received event(DUN_EVENT_RMNET_UP) in state(DUN_STATE_USB_UNPLUG)
02-13 17:50:21.967 I/dun_service(  124): Ignoring the event DUN_EVENT_RMNET_UP in USB_UNPLUG_STATE
02-13 17:50:21.967 I/dun_service(  124): Moved to state(DUN_STATE_USB_UNPLUG)
02-13 17:50:21.977 D/NetworkStateTracker(  256): setDetailed state, old =SCANNING and new state=IDLE
02-13 17:50:21.977 D/WifiStateTracker(  256): setNotificationVisible() visible=false mNotificationShown=false force=false return.
02-13 17:50:22.918 E/MediaPlayer(  845): getCurrentPosition sec = 471936
02-13 17:50:22.918 E/MediaPlayer(  845): getDuration_l mDuration = 1296300
02-13 17:50:23.929 E/MediaPlayer(  845): getCurrentPosition sec = 472897
02-13 17:50:23.929 E/MediaPlayer(  845): getDuration_l mDuration = 1296300
02-13 17:50:24.930 E/MediaPlayer(  845): getCurrentPosition sec = 473995
02-13 17:50:24.930 E/MediaPlayer(  845): getDuration_l mDuration = 1296300
02-13 17:50:25.931 E/MediaPlayer(  845): getCurrentPosition sec = 474955
02-13 17:50:25.931 E/MediaPlayer(  845): getDuration_l mDuration = 1296300
02-13 17:50:26.932 E/MediaPlayer(  845): getCurrentPosition sec = 475916
02-13 17:50:26.932 E/MediaPlayer(  845): getDuration_l mDuration = 1296300
02-13 17:50:27.932 E/MediaPlayer(  845): getCurrentPosition sec = 476877
02-13 17:50:27.932 E/MediaPlayer(  845): getDuration_l mDuration = 1296300
02-13 17:50:28.943 E/MediaPlayer(  845): getCurrentPosition sec = 477975
02-13 17:50:28.943 E/MediaPlayer(  845): getDuration_l mDuration = 1296300
02-13 17:50:29.954 E/MediaPlayer(  845): getCurrentPosition sec = 478935
02-13 17:50:29.954 E/MediaPlayer(  845): getDuration_l mDuration = 1296300
02-13 17:50:30.955 E/MediaPlayer(  845): getCurrentPosition sec = 479896
02-13 17:50:30.955 E/MediaPlayer(  845): getDuration_l mDuration = 1296300
02-13 17:50:31.966 E/MediaPlayer(  845): getCurrentPosition sec = 480994
02-13 17:50:31.966 E/MediaPlayer(  845): getDuration_l mDuration = 1296300
02-13 17:50:32.327 I/dun_service(  124): The value returned from dun_getusbmodemstate_fromsys is 2 
02-13 17:50:32.357 D/KeyguardUpdateMonitor(  256): received broadcast android.intent.action.BATTERY_CHANGED
02-13 17:50:32.357 D/KeyguardUpdateMonitor(  256): handleBatteryUpdate
02-13 17:50:32.967 E/MediaPlayer(  845): getCurrentPosition sec = 481954
02-13 17:50:32.967 E/MediaPlayer(  845): getDuration_l mDuration = 1296300
02-13 17:50:33.978 E/MediaPlayer(  845): getCurrentPosition sec = 482915
02-13 17:50:33.978 E/MediaPlayer(  845): getDuration_l mDuration = 1296300
02-13 17:50:34.809 D/DATA    (  344): [DSST(0)] pollstate() : reason = data network state changed
02-13 17:50:34.849 D/MobileDataStateTracker(  256): [hipri]  MobileDataStateReceiver onReceive(): Entry.
02-13 17:50:34.849 D/MobileDataStateTracker(  256): [hipri]  intent.getAction()= android.intent.action.SERVICE_STATE
02-13 17:50:34.849 D/MobileDataStateTracker(  256): [hipri]  mEnabled = false
02-13 17:50:34.849 D/MobileDataStateTracker(  256): [dun]  MobileDataStateReceiver onReceive(): Entry.
02-13 17:50:34.849 D/MobileDataStateTracker(  256): [dun]  intent.getAction()= android.intent.action.SERVICE_STATE
02-13 17:50:34.849 D/MobileDataStateTracker(  256): [dun]  mEnabled = false
02-13 17:50:34.859 D/MobileDataStateTracker(  256): [supl]  MobileDataStateReceiver onReceive(): Entry.
02-13 17:50:34.859 D/MobileDataStateTracker(  256): [supl]  intent.getAction()= android.intent.action.SERVICE_STATE
02-13 17:50:34.859 D/MobileDataStateTracker(  256): [supl]  mEnabled = false
02-13 17:50:34.879 D/CallManager(  344):  handleMessage (EVENT_SERVICE_STATE_CHANGED)
02-13 17:50:34.879 E/BT HS/HF(  344): SERVICE_STATE_CHANGED called
02-13 17:50:34.879 E/BT HS/HF(  344): updateServiceState called, sendUpdate:false  ServiceState:0 home Sprint  310099  EvDo rev. A CSS not supported 41 4139RoamInd: 1RoamStatus(sprint): 1DefRoamInd: 160EmergOnly: false
02-13 17:50:34.879 E/BT HS/HF(  344): service:1 mService:1
02-13 17:50:34.879 D/MobileDataStateTracker(  256): [mms]  MobileDataStateReceiver onReceive(): Entry.
02-13 17:50:34.879 D/MobileDataStateTracker(  256): [mms]  intent.getAction()= android.intent.action.SERVICE_STATE
02-13 17:50:34.879 D/MobileDataStateTracker(  256): [mms]  mEnabled = false
02-13 17:50:34.879 D/DATA    (  344): [DSST(0)]  registrationState = 1  radioTechnology = 8 reasonForDenial = 0
02-13 17:50:34.879 D/DATA    (  344): [DSST(0)]  set mNewDataConnectionState = 0
02-13 17:50:34.879 D/DATA    (  344): [DSST(0)]  mNewDataConnectionState : 0  mDataConnectionState : 0
02-13 17:50:34.879 D/DATA    (  344): [DSST(0)] Poll ServiceState done: oldSS=[0 home null null null  EvDo rev. A CSS not supported -1 -1RoamInd: -1RoamStatus(sprint): -1DefRoamInd: -1EmergOnly: false] newSS=[0 home null null null  EvDo rev. A CSS not supported -1 -1RoamInd: -1RoamStatus(sprint): -1DefRoamInd: -1EmergOnly: false]
02-13 17:50:34.879 D/DATA    (  344): [DSST(0)]  mDataConnectionState = 0
02-13 17:50:34.889 D/MobileDataStateTracker(  256): [default]  MobileDataStateReceiver onReceive(): Entry.
02-13 17:50:34.889 D/MobileDataStateTracker(  256): [default]  intent.getAction()= android.intent.action.SERVICE_STATE
02-13 17:50:34.889 D/MobileDataStateTracker(  256): [default]  mEnabled = true
02-13 17:50:34.889 D/Mms     (  811): currentRoamingStatus:1
02-13 17:50:34.979 E/MediaPlayer(  845): getCurrentPosition sec = 484013
02-13 17:50:34.979 E/MediaPlayer(  845): getDuration_l mDuration = 1296300
02-13 17:50:35.980 E/MediaPlayer(  845): getCurrentPosition sec = 484973
02-13 17:50:35.980 E/MediaPlayer(  845): getDuration_l mDuration = 1296300
02-13 17:50:36.981 I/wpa_supplicant(  399): State: INACTIVE -> SCANNING
02-13 17:50:36.981 I/wpa_supplicant(  399): CTRL-EVENT-STATE-CHANGE id=-1 state=2 BSSID=00:00:00:00:00:00
02-13 17:50:36.981 D/NetworkStateTracker(  256): setDetailed state, old =IDLE and new state=SCANNING
02-13 17:50:36.991 E/MediaPlayer(  845): getCurrentPosition sec = 485934
02-13 17:50:36.991 E/MediaPlayer(  845): getDuration_l mDuration = 1296300
02-13 17:50:37.952 I/dun_service(  124): process rmnet event
02-13 17:50:37.962 I/dun_service(  124): Post event 4
02-13 17:50:37.962 I/dun_service(  124): received event: DUN_EVENT_RMNET_UP 
02-13 17:50:37.962 I/dun_service(  124): received event(DUN_EVENT_RMNET_UP) in state(DUN_STATE_USB_UNPLUG)
02-13 17:50:37.962 I/dun_service(  124): Ignoring the event DUN_EVENT_RMNET_UP in USB_UNPLUG_STATE
02-13 17:50:37.962 I/dun_service(  124): Moved to state(DUN_STATE_USB_UNPLUG)
02-13 17:50:37.962 I/wpa_supplicant(  399): State: SCANNING -> INACTIVE
02-13 17:50:37.962 I/wpa_supplicant(  399): CTRL-EVENT-STATE-CHANGE id=-1 state=1 BSSID=00:00:00:00:00:00
02-13 17:50:37.962 D/NetworkStateTracker(  256): setDetailed state, old =SCANNING and new state=IDLE
02-13 17:50:37.972 D/WifiStateTracker(  256): setNotificationVisible() visible=false mNotificationShown=false force=false return.
02-13 17:50:37.992 E/MediaPlayer(  845): getCurrentPosition sec = 487032
02-13 17:50:37.992 E/MediaPlayer(  845): getDuration_l mDuration = 1296300
02-13 17:50:38.993 E/MediaPlayer(  845): getCurrentPosition sec = 487993
02-13 17:50:38.993 E/MediaPlayer(  845): getDuration_l mDuration = 1296300
02-13 17:50:40.004 E/MediaPlayer(  845): getCurrentPosition sec = 488953
02-13 17:50:40.004 E/MediaPlayer(  845): getDuration_l mDuration = 1296300
02-13 17:50:41.005 E/MediaPlayer(  845): getCurrentPosition sec = 490051
02-13 17:50:41.005 E/MediaPlayer(  845): getDuration_l mDuration = 1296300
02-13 17:50:42.016 E/MediaPlayer(  845): getCurrentPosition sec = 491012
02-13 17:50:42.016 E/MediaPlayer(  845): getDuration_l mDuration = 1296300
02-13 17:50:43.017 E/MediaPlayer(  845): getCurrentPosition sec = 491972
02-13 17:50:43.027 E/MediaPlayer(  845): getDuration_l mDuration = 1296300
02-13 17:50:44.028 E/MediaPlayer(  845): getCurrentPosition sec = 493070
02-13 17:50:44.028 E/MediaPlayer(  845): getDuration_l mDuration = 1296300
02-13 17:50:45.039 E/MediaPlayer(  845): getCurrentPosition sec = 494030
02-13 17:50:45.039 E/MediaPlayer(  845): getDuration_l mDuration = 1296300
02-13 17:50:46.040 E/MediaPlayer(  845): getCurrentPosition sec = 494991
02-13 17:50:46.040 E/MediaPlayer(  845): getDuration_l mDuration = 1296300
02-13 17:50:47.041 E/MediaPlayer(  845): getCurrentPosition sec = 496088
02-13 17:50:47.041 E/MediaPlayer(  845): getDuration_l mDuration = 1296300
02-13 17:50:48.052 E/MediaPlayer(  845): getCurrentPosition sec = 497049
02-13 17:50:48.052 E/MediaPlayer(  845): getDuration_l mDuration = 1296300
02-13 17:50:49.063 E/MediaPlayer(  845): getCurrentPosition sec = 498010
02-13 17:50:49.063 E/MediaPlayer(  845): getDuration_l mDuration = 1296300
02-13 17:50:50.064 E/MediaPlayer(  845): getCurrentPosition sec = 499108
02-13 17:50:50.064 E/MediaPlayer(  845): getDuration_l mDuration = 1296300
02-13 17:50:51.065 E/MediaPlayer(  845): getCurrentPosition sec = 500068
02-13 17:50:51.065 E/MediaPlayer(  845): getDuration_l mDuration = 1296300
02-13 17:50:52.076 E/MediaPlayer(  845): getCurrentPosition sec = 501166
02-13 17:50:52.076 E/MediaPlayer(  845): getDuration_l mDuration = 1296300
02-13 17:50:52.426 W/AlarmManager(  256): +++Alarm  wakeup phone ,pkg=com.google.android.gsf
02-13 17:50:52.436 W/AlarmManager(  256): +++alarm onSendFinished ,action=null
02-13 17:50:52.456 I/EventLogService(  378): Aggregate from 1329175252388 (log), 1329175252388 (data)
02-13 17:50:52.567 D/AlarmManager(  256): +++Alarm set:type=0 com.google.android.gsf  Trigger after:1799999ms
02-13 17:50:52.987 I/wpa_supplicant(  399): State: INACTIVE -> SCANNING
02-13 17:50:52.987 I/wpa_supplicant(  399): CTRL-EVENT-STATE-CHANGE id=-1 state=2 BSSID=00:00:00:00:00:00
02-13 17:50:52.987 D/NetworkStateTracker(  256): setDetailed state, old =IDLE and new state=SCANNING
02-13 17:50:53.087 E/MediaPlayer(  845): getCurrentPosition sec = 502127
02-13 17:50:53.087 E/MediaPlayer(  845): getDuration_l mDuration = 1296300
02-13 17:50:53.988 I/dun_service(  124): process rmnet event
02-13 17:50:53.988 I/dun_service(  124): Post event 4
02-13 17:50:53.988 I/dun_service(  124): received event: DUN_EVENT_RMNET_UP 
02-13 17:50:53.988 I/dun_service(  124): received event(DUN_EVENT_RMNET_UP) in state(DUN_STATE_USB_UNPLUG)
02-13 17:50:53.988 I/dun_service(  124): Ignoring the event DUN_EVENT_RMNET_UP in USB_UNPLUG_STATE
02-13 17:50:53.988 I/dun_service(  124): Moved to state(DUN_STATE_USB_UNPLUG)
02-13 17:50:53.988 I/wpa_supplicant(  399): State: SCANNING -> INACTIVE
02-13 17:50:53.988 I/wpa_supplicant(  399): CTRL-EVENT-STATE-CHANGE id=-1 state=1 BSSID=00:00:00:00:00:00
02-13 17:50:53.988 D/NetworkStateTracker(  256): setDetailed state, old =SCANNING and new state=IDLE
02-13 17:50:53.998 D/WifiStateTracker(  256): setNotificationVisible() visible=false mNotificationShown=false force=false return.
02-13 17:50:54.088 E/MediaPlayer(  845): getCurrentPosition sec = 503087
02-13 17:50:54.088 E/MediaPlayer(  845): getDuration_l mDuration = 1296300
02-13 17:50:55.089 E/MediaPlayer(  845): getCurrentPosition sec = 504185
02-13 17:50:55.089 E/MediaPlayer(  845): getDuration_l mDuration = 1296300
02-13 17:50:56.100 E/MediaPlayer(  845): getCurrentPosition sec = 505146
02-13 17:50:56.100 E/MediaPlayer(  845): getDuration_l mDuration = 1296300
02-13 17:50:57.091 E/MediaPlayer(  845): getCurrentPosition sec = 506106
02-13 17:50:57.091 E/MediaPlayer(  845): getDuration_l mDuration = 1296300
02-13 17:50:58.112 E/MediaPlayer(  845): getCurrentPosition sec = 507067
02-13 17:50:58.112 E/MediaPlayer(  845): getDuration_l mDuration = 1296300
02-13 17:50:59.123 E/MediaPlayer(  845): getCurrentPosition sec = 508165
02-13 17:50:59.123 E/MediaPlayer(  845): getDuration_l mDuration = 1296300
02-13 17:51:00.014 D/KeyguardUpdateMonitor(  256): received broadcast android.intent.action.TIME_TICK
02-13 17:51:00.014 D/KeyguardUpdateMonitor(  256): handleTimeUpdate
02-13 17:51:00.124 E/MediaPlayer(  845): getCurrentPosition sec = 509125
02-13 17:51:00.124 E/MediaPlayer(  845): getDuration_l mDuration = 1296300
02-13 17:51:01.135 E/MediaPlayer(  845): getCurrentPosition sec = 510086
02-13 17:51:01.135 E/MediaPlayer(  845): getDuration_l mDuration = 1296300
02-13 17:51:02.136 E/MediaPlayer(  845): getCurrentPosition sec = 511184
02-13 17:51:02.136 E/MediaPlayer(  845): getDuration_l mDuration = 1296300
02-13 17:51:03.137 E/MediaPlayer(  845): getCurrentPosition sec = 512145
02-13 17:51:03.137 E/MediaPlayer(  845): getDuration_l mDuration = 1296300
02-13 17:51:04.148 E/MediaPlayer(  845): getCurrentPosition sec = 513105
02-13 17:51:04.148 E/MediaPlayer(  845): getDuration_l mDuration = 1296300
02-13 17:51:05.149 E/MediaPlayer(  845): getCurrentPosition sec = 514203
02-13 17:51:05.149 E/MediaPlayer(  845): getDuration_l mDuration = 1296300
02-13 17:51:06.150 E/MediaPlayer(  845): getCurrentPosition sec = 515164
02-13 17:51:06.150 E/MediaPlayer(  845): getDuration_l mDuration = 1296300
02-13 17:51:07.151 E/MediaPlayer(  845): getCurrentPosition sec = 516124
02-13 17:51:07.151 E/MediaPlayer(  845): getDuration_l mDuration = 1296300
02-13 17:51:08.162 E/MediaPlayer(  845): getCurrentPosition sec = 517222
02-13 17:51:08.162 E/MediaPlayer(  845): getDuration_l mDuration = 1296300
02-13 17:51:09.003 I/wpa_supplicant(  399): State: INACTIVE -> SCANNING
02-13 17:51:09.003 I/wpa_supplicant(  399): CTRL-EVENT-STATE-CHANGE id=-1 state=2 BSSID=00:00:00:00:00:00
02-13 17:51:09.003 D/NetworkStateTracker(  256): setDetailed state, old =IDLE and new state=SCANNING
02-13 17:51:09.173 E/MediaPlayer(  845): getCurrentPosition sec = 518183
02-13 17:51:09.173 E/MediaPlayer(  845): getDuration_l mDuration = 1296300
02-13 17:51:09.984 I/dun_service(  124): process rmnet event
02-13 17:51:09.984 I/dun_service(  124): Post event 4
02-13 17:51:09.984 I/dun_service(  124): received event: DUN_EVENT_RMNET_UP 
02-13 17:51:09.984 I/dun_service(  124): received event(DUN_EVENT_RMNET_UP) in state(DUN_STATE_USB_UNPLUG)
02-13 17:51:09.984 I/dun_service(  124): Ignoring the event DUN_EVENT_RMNET_UP in USB_UNPLUG_STATE
02-13 17:51:09.984 I/dun_service(  124): Moved to state(DUN_STATE_USB_UNPLUG)
02-13 17:51:09.984 I/wpa_supplicant(  399): State: SCANNING -> INACTIVE
02-13 17:51:09.984 I/wpa_supplicant(  399): CTRL-EVENT-STATE-CHANGE id=-1 state=1 BSSID=00:00:00:00:00:00
02-13 17:51:09.994 D/WifiStateTracker(  256): setNotificationVisible() visible=false mNotificationShown=false force=false return.
02-13 17:51:09.994 D/NetworkStateTracker(  256): setDetailed state, old =SCANNING and new state=IDLE
02-13 17:51:10.174 E/MediaPlayer(  845): getCurrentPosition sec = 519144
02-13 17:51:10.174 E/MediaPlayer(  845): getDuration_l mDuration = 1296300
02-13 17:51:11.185 E/MediaPlayer(  845): getCurrentPosition sec = 520241
02-13 17:51:11.185 E/MediaPlayer(  845): getDuration_l mDuration = 1296300
02-13 17:51:12.196 E/MediaPlayer(  845): getCurrentPosition sec = 521202
02-13 17:51:12.196 E/MediaPlayer(  845): getDuration_l mDuration = 1296300
02-13 17:51:12.326 I/dun_service(  124): The value returned from dun_getusbmodemstate_fromsys is 2 
02-13 17:51:12.336 D/KeyguardViewMediator(  256): setHidden false
02-13 17:51:12.346 D/AudioTrack(  116): stop 0x26d58
02-13 17:51:12.346 D/AudioFlinger(  116): stop(4098), calling thread 845
02-13 17:51:12.346 D/AudioTrack(  116): stop 0x26d58
02-13 17:51:12.346 W/TimedEventQueue(  116): Event 77352 was not found in the queue, already cancelled?
02-13 17:51:12.366 D/KeyguardUpdateMonitor(  256): received broadcast android.intent.action.BATTERY_CHANGED
02-13 17:51:12.366 D/KeyguardUpdateMonitor(  256): handleBatteryUpdate
02-13 17:51:12.376 D/AudioFlinger(  116): remove track (4098) and delete from mixer
02-13 17:51:12.376 D/KeyguardViewMediator(  256): setHidden false
02-13 17:51:12.386 E/OMX-VDEC-720P(  116): 
02-13 17:51:12.386 E/OMX-VDEC-720P(  116):  send_command_proxy(): Current State 3, Expected State 2
02-13 17:51:12.386 E/OMX-VDEC-720P(  116): 
02-13 17:51:12.386 E/OMX-VDEC-720P(  116):  send_command_proxy(): OMX_CommandStateSet issued
02-13 17:51:12.386 E/OMX-VDEC-720P(  116): 
02-13 17:51:12.386 E/OMX-VDEC-720P(  116):  Current State 3, Expected State 2
02-13 17:51:12.386 E/OMX-VDEC-720P(  116): 
02-13 17:51:12.386 E/OMX-VDEC-720P(  116):  Driver flush i/p Port complete
02-13 17:51:12.386 E/OMX-VDEC-720P(  116): 
02-13 17:51:12.386 E/OMX-VDEC-720P(  116):  OMX flush i/p Port complete PenBuf(0)
02-13 17:51:12.386 E/OMX-VDEC-720P(  116): 
02-13 17:51:12.386 E/OMX-VDEC-720P(  116):  Driver flush o/p Port complete
02-13 17:51:12.386 E/OMX-VDEC-720P(  116): 
02-13 17:51:12.386 E/OMX-VDEC-720P(  116):  OMX flush o/p Port complete PenBuf(0)
02-13 17:51:12.386 E/OMX-VDEC-720P(  116): 
02-13 17:51:12.386 E/OMX-VDEC-720P(  116):  Rxd OMX_COMPONENT_GENERATE_STOP_DONE
02-13 17:51:12.386 E/OMX-VDEC-720P(  116): 
02-13 17:51:12.386 E/OMX-VDEC-720P(  116):  send_command_proxy(): Current State 2, Expected State 1
02-13 17:51:12.386 E/OMX-VDEC-720P(  116): 
02-13 17:51:12.386 E/OMX-VDEC-720P(  116):  send_command_proxy(): OMX_CommandStateSet issued
02-13 17:51:12.386 E/OMX-VDEC-720P(  116): 
02-13 17:51:12.386 E/OMX-VDEC-720P(  116):  Current State 2, Expected State 1
02-13 17:51:12.386 E/OMX-VDEC-720P(  116): 
02-13 17:51:12.386 E/OMX-VDEC-720P(  116):  ALL input buffers are freed/released
02-13 17:51:12.396 E/OMX-VDEC-720P(  116): 
02-13 17:51:12.396 E/OMX-VDEC-720P(  116):  ALL output buffers are freed/released
02-13 17:51:12.396 E/OMX-VDEC-720P(  116): 
02-13 17:51:12.396 E/OMX-VDEC-720P(  116):  OMX_CommandStateSet complete, m_state = 1
02-13 17:51:12.396 E/OMX-VDEC-720P(  116): 
02-13 17:51:12.396 E/OMX-VDEC-720P(  116):  Playback Ended - PASSED
02-13 17:51:12.396 E/OMX-VDEC-720P(  116): 
02-13 17:51:12.396 E/OMX-VDEC-720P(  116):  ALL output buffers are freed/released
02-13 17:51:12.396 E/OMX-VDEC-720P(  116): 
02-13 17:51:12.396 E/OMX-VDEC-720P(  116):  Close the driver instance
02-13 17:51:12.396 E/OMX-VDEC-720P(  116): 
02-13 17:51:12.396 E/OMX-VDEC-720P(  116):  omx_vdec::component_deinit() complete
02-13 17:51:12.396 E/OMX-VDEC-720P(  116): In OMX vdec Destructor
02-13 17:51:12.396 E/OMX-VDEC-720P(  116): Waiting on OMX Msg Thread exit
02-13 17:51:12.396 E/OMX-VDEC-720P(  116): omx_vdec: message thread stop
02-13 17:51:12.396 E/OMX-VDEC-720P(  116): Waiting on OMX Async Thread exit
02-13 17:51:12.426 E/OMX-VDEC-720P(  116): 
02-13 17:51:12.426 E/OMX-VDEC-720P(  116):  Error in ioctl read next msg
02-13 17:51:12.426 E/OMX-VDEC-720P(  116): omx_vdec: Async thread stop
02-13 17:51:12.426 E/OMX-VDEC-720P(  116): Exit OMX vdec Destructor
02-13 17:51:12.426 D/KeyguardViewMediator(  256): setHidden false
02-13 17:51:12.436 D/ShutdownActivity(  256): onCreate(): confirm=false
02-13 17:51:12.446 D/KeyguardViewMediator(  256): setHidden false
02-13 17:51:12.456 D/KeyguardViewMediator(  256): setHidden false
02-13 17:51:12.456 D/KeyguardViewMediator(  256): setHidden false
02-13 17:51:12.456 D/ShutdownThread(  256): Notifying thread to start radio shutdown
02-13 17:51:12.456 W/libutils.threads(  116): Thread (this=0x58ef0): don't call waitForExit() from this Thread object's thread. It's a guaranteed deadlock!
02-13 17:51:12.486 D/KeyguardViewMediator(  256): setHidden false
02-13 17:51:12.496 I/hubo    (  256): Activity {android/com.android.server.ShutdownActivity}
02-13 17:51:12.496 D/KeyguardViewMediator(  256): setHidden false
02-13 17:51:12.516 D/KeyguardViewMediator(  256): setHidden false
02-13 17:51:12.526 D/KeyguardViewMediator(  256): setHidden false
02-13 17:51:12.526 D/KeyguardViewMediator(  256): setHidden false
02-13 17:51:12.986 D/PowerManagerService(  256): UnPartial  wakeLock  reactivate ,flags=0xa tag=KEEP_SCREEN_ON_FLAG
02-13 17:51:12.996 D/PowerManagerService(  256): releaseWakeLock flags=0xa tag=KEEP_SCREEN_ON_FLAG
02-13 17:51:13.006 D/KeyguardViewMediator(  256): setHidden false
02-13 17:51:13.036 D/KeyguardViewMediator(  256): setHidden false
02-13 17:51:13.067 D/PowerManagerService(  256): acquireWakeLock flags=0x1a tag=Shutdown
02-13 17:51:13.077 D/KeyguardViewMediator(  256): setHidden false
02-13 17:51:13.077 I/ShutdownThread(  256): Sending shutdown broadcast...
02-13 17:51:13.097 D/KeyguardViewMediator(  256): setHidden false
02-13 17:51:13.097 W/SyncManager(  256): Writing sync state before shutdown...
02-13 17:51:15.349 D/AudioHardwareMSM7X30(  116): AudioStreamOutMSM72xx::standby()
02-13 17:51:15.349 D/AudioHardwareMSM7X30(  116): Deroute pcm out stream
02-13 17:51:15.349 D/AudioHardwareMSM7X30(  116): updateDeviceInfo: E rx_device 2 and tx_device 3
02-13 17:51:15.349 D/AudioHardwareMSM7X30(  116): No active voicecall/playback, disabling cur_rx 2
02-13 17:51:15.349 D/AudioHardwareMSM7X30(  116): value of device and enable is 2 0 ALSA dev id:3
02-13 17:51:15.359 D/AudioHardwareMSM7X30(  116): No active voicecall/recording, disabling cur_tx 3
02-13 17:51:15.359 D/AudioHardwareMSM7X30(  116): value of device and enable is 3 0 ALSA dev id:10
02-13 17:51:15.359 E/AudioHardwareMSM7X30(  116): There is no node in the routing table!
02-13 17:51:15.359 D/AudioHardwareMSM7X30(  116): updateDeviceInfo: X cur_rx 2 cur_tx 3
02-13 17:51:15.419 D/KeyguardViewMediator(  256): setHidden false
02-13 17:51:15.459 D/KeyguardViewMediator(  256): setHidden false
02-13 17:51:15.459 D/KeyguardViewMediator(  256): setHidden false
02-13 17:51:15.469 I/ActivityManager(  256): Displayed android/com.android.server.ShutdownActivity: +3s38ms
02-13 17:51:15.469 D/KeyguardViewMediator(  256): setHidden false
02-13 17:51:15.469 I/ShutdownThread(  256): Shutting down activity manager...
02-13 17:51:15.479 I/AudioService(  256):  AudioFocus  abandonAudioFocus() from android.media.AudioManager@4068c208
02-13 17:51:15.479 D/KeyguardViewMediator(  256): setHidden false
02-13 17:51:15.499 D/KeyguardViewMediator(  256): setHidden false
02-13 17:51:15.519 D/KeyguardViewMediator(  256): setHidden false
02-13 17:51:15.529 D/KeyguardViewMediator(  256): setHidden false
02-13 17:51:15.549 D/KeyguardViewMediator(  256): setHidden false
02-13 17:51:15.559 D/KeyguardViewMediator(  256): setHidden false
02-13 17:51:15.579 D/KeyguardViewMediator(  256): setHidden false
02-13 17:51:15.589 W/ShutdownThread(  256): Turning off radio on Subscription :0
02-13 17:51:15.589 I/DATA    (  344): [DCT(0) ] tryDisconnectDataCall : dc=Cid=0, State=DcActiveState, bearerType=IP, create=1329164079278, lastFail=-1, lastFailCause=NONE, dp=[dpt=PROFILE_TYPE_3GPP2_NAI, active=false, , reason=radioTurnedOff
02-13 17:51:15.589 D/DATA    (  344): [DC cid = 0]DcActiveState msg.what=EVENT_DISCONNECT
02-13 17:51:15.589 D/DATA    (  344): [DC cid = 0]tearDownData radio is on, call deactivateDataCall
02-13 17:51:15.589 I/ShutdownThread(  256): Waiting for Bluetooth and Radio...
02-13 17:51:15.599 D/KeyguardViewMediator(  256): setHidden false
02-13 17:51:15.609 D/KeyguardViewMediator(  256): setHidden false
02-13 17:51:15.629 D/KeyguardViewMediator(  256): setHidden false
02-13 17:51:15.649 D/KeyguardViewMediator(  256): setHidden false
02-13 17:51:15.659 D/KeyguardViewMediator(  256): setHidden false
02-13 17:51:15.679 D/KeyguardViewMediator(  256): setHidden false
02-13 17:51:15.689 D/KeyguardViewMediator(  256): setHidden false
02-13 17:51:15.709 D/KeyguardViewMediator(  256): setHidden false
02-13 17:51:15.729 D/KeyguardViewMediator(  256): setHidden false
02-13 17:51:15.739 D/KeyguardViewMediator(  256): setHidden false
02-13 17:51:15.759 D/KeyguardViewMediator(  256): setHidden false
02-13 17:51:15.779 D/KeyguardViewMediator(  256): setHidden false
02-13 17:51:15.789 D/KeyguardViewMediator(  256): setHidden false
02-13 17:51:15.809 D/KeyguardViewMediator(  256): setHidden false
02-13 17:51:15.809 D/KeyguardViewMediator(  256): setHidden false
02-13 17:51:15.829 D/KeyguardViewMediator(  256): setHidden false
02-13 17:51:15.839 D/KeyguardViewMediator(  256): setHidden false
02-13 17:51:15.859 D/KeyguardViewMediator(  256): setHidden false
02-13 17:51:15.879 D/KeyguardViewMediator(  256): setHidden false
02-13 17:51:15.889 D/KeyguardViewMediator(  256): setHidden false
02-13 17:51:15.909 D/KeyguardViewMediator(  256): setHidden false
02-13 17:51:15.929 D/KeyguardViewMediator(  256): setHidden false
02-13 17:51:15.939 D/KeyguardViewMediator(  256): setHidden false
02-13 17:51:15.969 D/KeyguardViewMediator(  256): setHidden false
02-13 17:51:15.979 D/KeyguardViewMediator(  256): setHidden false
02-13 17:51:16.019 D/KeyguardViewMediator(  256): setHidden false
02-13 17:51:16.029 D/KeyguardViewMediator(  256): setHidden false
02-13 17:51:16.059 D/KeyguardViewMediator(  256): setHidden false
02-13 17:51:16.069 D/KeyguardViewMediator(  256): setHidden false
02-13 17:51:16.089 D/KeyguardViewMediator(  256): setHidden false
02-13 17:51:16.099 D/KeyguardViewMediator(  256): setHidden false
02-13 17:51:16.119 D/KeyguardViewMediator(  256): setHidden false
02-13 17:51:16.140 D/KeyguardViewMediator(  256): setHidden false
02-13 17:51:16.140 I/DATA    (  344): [DCT(0) ] onDataCallListChanged:
02-13 17:51:16.140 I/DATA    (  344): [DCT(0) ] ---dc state list---
02-13 17:51:16.140 I/DATA    (  344): [DCT(0) ] DataCallState: { cid: 0, active: 1, type: , apn: , address: 174.156.234.163 }
02-13 17:51:16.140 I/DATA    (  344): [DCT(0) ] ---dc list---
02-13 17:51:16.140 I/DATA    (  344): [DCT(0) ] cid = 0, state = DcDisconnectingState, bearerType = IP, ipaddress = 174.156.234.163, gw=174.156.234.161, dns=[68.28.67.132, 68.28.68.132]
02-13 17:51:16.150 D/KeyguardViewMediator(  256): setHidden false
02-13 17:51:16.170 D/KeyguardViewMediator(  256): setHidden false
02-13 17:51:16.180 D/KeyguardViewMediator(  256): setHidden false
02-13 17:51:16.200 D/KeyguardViewMediator(  256): setHidden false
02-13 17:51:16.220 D/KeyguardViewMediator(  256): setHidden false
02-13 17:51:16.230 D/KeyguardViewMediator(  256): setHidden false
02-13 17:51:16.250 D/KeyguardViewMediator(  256): setHidden false
02-13 17:51:16.260 D/KeyguardViewMediator(  256): setHidden false
02-13 17:51:16.280 D/KeyguardViewMediator(  256): setHidden false
02-13 17:51:16.300 D/KeyguardViewMediator(  256): setHidden false
02-13 17:51:16.310 D/KeyguardViewMediator(  256): setHidden false
02-13 17:51:16.330 D/KeyguardViewMediator(  256): setHidden false
02-13 17:51:16.340 D/KeyguardViewMediator(  256): setHidden false
02-13 17:51:16.360 D/KeyguardViewMediator(  256): setHidden false
02-13 17:51:16.380 D/KeyguardViewMediator(  256): setHidden false
02-13 17:51:16.390 D/KeyguardViewMediator(  256): setHidden false
02-13 17:51:16.410 D/KeyguardViewMediator(  256): setHidden false
02-13 17:51:16.430 D/KeyguardViewMediator(  256): setHidden false
02-13 17:51:16.440 D/KeyguardViewMediator(  256): setHidden false
02-13 17:51:16.470 D/KeyguardViewMediator(  256): setHidden false
02-13 17:51:16.480 D/KeyguardViewMediator(  256): setHidden false
02-13 17:51:16.520 D/KeyguardViewMediator(  256): setHidden false
02-13 17:51:16.530 D/KeyguardViewMediator(  256): setHidden false
02-13 17:51:16.560 D/KeyguardViewMediator(  256): setHidden false
02-13 17:51:16.570 D/KeyguardViewMediator(  256): setHidden false
02-13 17:51:16.590 D/KeyguardViewMediator(  256): setHidden false
02-13 17:51:16.610 D/KeyguardViewMediator(  256): setHidden false
02-13 17:51:16.620 D/KeyguardViewMediator(  256): setHidden false
02-13 17:51:16.640 D/KeyguardViewMediator(  256): setHidden false
02-13 17:51:16.660 D/KeyguardViewMediator(  256): setHidden false
02-13 17:51:16.690 D/KeyguardViewMediator(  256): setHidden false
02-13 17:51:17.040 I/dun_service(  124): process rmnet event
02-13 17:51:17.040 I/dun_service(  124): Post event 3
02-13 17:51:17.040 I/dun_service(  124): received event: DUN_EVENT_RMNET_DOWN 
02-13 17:51:17.040 I/dun_service(  124): received event(DUN_EVENT_RMNET_DOWN) in state(DUN_STATE_USB_UNPLUG)
02-13 17:51:17.040 I/dun_service(  124): Ignoring the event DUN_EVENT_RMNET_DOWN in USB_UNPLUG_STATE
02-13 17:51:17.040 I/dun_service(  124): Moved to state(DUN_STATE_USB_UNPLUG)
02-13 17:51:17.120 W/Smack/Packet(  378): notify conn break (IOEx), close connection
02-13 17:51:17.120 I/dun_service(  124): process rmnet event
02-13 17:51:17.120 I/dun_service(  124): Post event 3
02-13 17:51:17.120 I/dun_service(  124): received event: DUN_EVENT_RMNET_DOWN 
02-13 17:51:17.120 I/dun_service(  124): received event(DUN_EVENT_RMNET_DOWN) in state(DUN_STATE_USB_UNPLUG)
02-13 17:51:17.120 I/dun_service(  124): Ignoring the event DUN_EVENT_RMNET_DOWN in USB_UNPLUG_STATE
02-13 17:51:17.120 I/dun_service(  124): Moved to state(DUN_STATE_USB_UNPLUG)
02-13 17:51:17.130 D/Smack   (  378): [XMPPConn] close connection, notifyClosed=false
02-13 17:51:17.130 D/DATA    (  344): [DC cid = 0]DcDisconnectingState msg.what=EVENT_DEACTIVATE_DONE
02-13 17:51:17.130 D/DATA    (  344): [DC cid = 0]DcInactiveState: setEnterNoticationParams dp
02-13 17:51:17.130 D/DATA    (  344): [DC cid = 0]DcInactiveState: enter notifyDisconnectCompleted
02-13 17:51:17.130 D/DATA    (  344): [DC cid = 0]NotifyDisconnectCompleted
02-13 17:51:17.130 D/DATA    (  344): [DC cid = 0]msg.what=4 msg.obj=<no-reason>
02-13 17:51:17.130 D/DATA    (  344): [DC cid = 0]clearSettings
02-13 17:51:17.130 I/DATA    (  344): [DCT(0) ] onDisconnectDone: reason=radioTurnedOff
02-13 17:51:17.140 I/DATA    (  344): [DCT(0) ] handleDisconnectedDc() : Cid=0, State=DcInactiveState, bearerType=null, create=-1, lastFail=-1, lastFailCause=NONE, dp=null
02-13 17:51:17.140 I/DATA    (  344): [SERVICE_TYPE_DEFAULT] Service is inactive on INET
02-13 17:51:17.140 I/DATA    (  344): [SERVICE_TYPE_DEFAULT] set newState =  IDLEoldState =  CONNECTED
02-13 17:51:17.140 D/Phone   (  344): [PhoneNotifier] [DefaultPhoneNotifier] : default, INET, DISCONNECTED
02-13 17:51:17.140 I/TelephonyRegistry(  256): notifyDataConnection: state=0 isDataConnectivityPossible=true reason=radioTurnedOff interfaceName=null networkType=6 apnType=default apn=null
02-13 17:51:17.140 I/TelephonyRegistry(  256): +++broadcastDataConnectionStateChanged
02-13 17:51:17.140 I/TelephonyRegistry(  256): +++sendStickyBroadcast
02-13 17:51:17.140 D/MobileDataStateTracker(  256): [hipri]  MobileDataStateReceiver onReceive(): Entry.
02-13 17:51:17.140 D/MobileDataStateTracker(  256): [hipri]  intent.getAction()= android.intent.action.ANY_DATA_STATE
02-13 17:51:17.140 D/MobileDataStateTracker(  256): [hipri]  mEnabled = false
02-13 17:51:17.150 D/MobileDataStateTracker(  256): [hipri]  apnTypeList = default
02-13 17:51:17.150 D/MobileDataStateTracker(  256): [hipri]  unavailable = false
02-13 17:51:17.150 D/MobileDataStateTracker(  256): [hipri] Do not process intents if disabled.
02-13 17:51:17.150 D/MobileDataStateTracker(  256): [dun]  MobileDataStateReceiver onReceive(): Entry.
02-13 17:51:17.150 D/MobileDataStateTracker(  256): [dun]  intent.getAction()= android.intent.action.ANY_DATA_STATE
02-13 17:51:17.150 D/MobileDataStateTracker(  256): [dun]  mEnabled = false
02-13 17:51:17.150 D/MobileDataStateTracker(  256): [dun]  apnTypeList = default
02-13 17:51:17.150 D/MobileDataStateTracker(  256): [dun]  unavailable = false
02-13 17:51:17.150 D/MobileDataStateTracker(  256): [dun] Do not process intents if disabled.
02-13 17:51:17.150 D/MobileDataStateTracker(  256): [supl]  MobileDataStateReceiver onReceive(): Entry.
02-13 17:51:17.150 D/MobileDataStateTracker(  256): [supl]  intent.getAction()= android.intent.action.ANY_DATA_STATE
02-13 17:51:17.150 D/MobileDataStateTracker(  256): [supl]  mEnabled = false
02-13 17:51:17.150 W/dalvikvm( 2308): Refusing to reopen boot DEX '/system/framework/qcnvitems.jar'
02-13 17:51:17.150 W/dalvikvm( 2308): Refusing to reopen boot DEX '/system/framework/qcrilhook.jar'
02-13 17:51:17.161 D/MobileDataStateTracker(  256): [supl]  apnTypeList = default
02-13 17:51:17.161 D/MobileDataStateTracker(  256): [supl]  unavailable = false
02-13 17:51:17.161 D/MobileDataStateTracker(  256): [supl] Do not process intents if disabled.
02-13 17:51:17.161 D/MobileDataStateTracker(  256): [mms]  MobileDataStateReceiver onReceive(): Entry.
02-13 17:51:17.161 D/MobileDataStateTracker(  256): [mms]  intent.getAction()= android.intent.action.ANY_DATA_STATE
02-13 17:51:17.161 D/MobileDataStateTracker(  256): [mms]  mEnabled = false
02-13 17:51:17.161 D/MobileDataStateTracker(  256): [mms]  apnTypeList = default
02-13 17:51:17.161 D/MobileDataStateTracker(  256): [mms]  unavailable = false
02-13 17:51:17.161 D/MobileDataStateTracker(  256): [mms] Do not process intents if disabled.
02-13 17:51:17.161 D/MobileDataStateTracker(  256): [default]  MobileDataStateReceiver onReceive(): Entry.
02-13 17:51:17.161 D/MobileDataStateTracker(  256): [default]  intent.getAction()= android.intent.action.ANY_DATA_STATE
02-13 17:51:17.161 D/MobileDataStateTracker(  256): [default]  mEnabled = true
02-13 17:51:17.161 D/MobileDataStateTracker(  256): [default]  apnTypeList = default
02-13 17:51:17.161 D/MobileDataStateTracker(  256): [default]  unavailable = false
02-13 17:51:17.161 D/MobileDataStateTracker(  256): [default] CALL updateMobileInfoFromIntent
02-13 17:51:17.171 I/MobileDataStateTracker(  256): [default] dc state change intent received for default/INET with state  DISCONNECTED. enabled=true state change reason = radioTurnedOff
02-13 17:51:17.171 I/MobileDataStateTracker(  256): [default] old state = CONNECTED
02-13 17:51:17.171 D/Phone   (  344): [PhoneNotifier] [DefaultPhoneNotifier] : default, INET6, DISCONNECTED
02-13 17:51:17.171 I/TelephonyRegistry(  256): notifyDataConnection: state=0 isDataConnectivityPossible=true reason=radioTurnedOff interfaceName=null networkType=6 apnType=default apn=null
02-13 17:51:17.171 I/TelephonyRegistry(  256): +++broadcastDataConnectionStateChanged
02-13 17:51:17.171 I/TelephonyRegistry(  256): +++sendStickyBroadcast
02-13 17:51:17.181 I/DATA    (  344): [SERVICE_TYPE_MMS] Service is inactive on INET
02-13 17:51:17.181 I/DATA    (  344): [SERVICE_TYPE_MMS] set newState =  IDLEoldState =  CONNECTED
02-13 17:51:17.181 D/Phone   (  344): [PhoneNotifier] [DefaultPhoneNotifier] : mms, INET, DISCONNECTED
02-13 17:51:17.181 I/TelephonyRegistry(  256): notifyDataConnection: state=0 isDataConnectivityPossible=true reason=radioTurnedOff interfaceName=null networkType=6 apnType=mms apn=null
02-13 17:51:17.181 I/TelephonyRegistry(  256): +++broadcastDataConnectionStateChanged
02-13 17:51:17.191 I/MobileDataStateTracker(  256): [default] updated mobile state info for INET : [state=DISCONNECTED, iface=rmnet0, mApnName=null, mIpAddress=/174.156.234.163, mGateway=/174.156.234.161]
02-13 17:51:17.191 D/NetworkStateTracker(  256): setDetailed state, old =CONNECTED and new state=DISCONNECTED
02-13 17:51:17.191 W/NetworkStateTracker(  256): ### removeDefaultRoute. do nothing 
02-13 17:51:17.191 D/MobileDataStateTracker(  256): [hipri]  MobileDataStateReceiver onReceive(): Entry.
02-13 17:51:17.191 D/MobileDataStateTracker(  256): [hipri]  intent.getAction()= android.intent.action.ANY_DATA_STATE
02-13 17:51:17.191 D/MobileDataStateTracker(  256): [hipri]  mEnabled = false
02-13 17:51:17.191 I/TelephonyRegistry(  256): +++sendStickyBroadcast
02-13 17:51:17.191 D/GTalkService(  378): ##### Network broadcast (connected=false) type=mobile, state=DISCONNECTED
02-13 17:51:17.201 I/GTalkService(  378): [GTalkConnection.1] setInternalNetworkState: type=0, state=DISCONNECTED
02-13 17:51:17.201 D/Phone   (  344): [PhoneNotifier] [DefaultPhoneNotifier] : mms, INET6, DISCONNECTED
02-13 17:51:17.211 D/MobileDataStateTracker(  256): [hipri]  apnTypeList = default
02-13 17:51:17.211 D/MobileDataStateTracker(  256): [hipri]  unavailable = false
02-13 17:51:17.211 D/MobileDataStateTracker(  256): [hipri] Do not process intents if disabled.
02-13 17:51:17.211 D/MobileDataStateTracker(  256): [dun]  MobileDataStateReceiver onReceive(): Entry.
02-13 17:51:17.211 D/MobileDataStateTracker(  256): [dun]  intent.getAction()= android.intent.action.ANY_DATA_STATE
02-13 17:51:17.211 D/MobileDataStateTracker(  256): [dun]  mEnabled = false
02-13 17:51:17.211 I/TelephonyRegistry(  256): notifyDataConnection: state=0 isDataConnectivityPossible=true reason=radioTurnedOff interfaceName=null networkType=6 apnType=mms apn=null
02-13 17:51:17.211 I/TelephonyRegistry(  256): +++broadcastDataConnectionStateChanged
02-13 17:51:17.211 I/TelephonyRegistry(  256): +++sendStickyBroadcast
02-13 17:51:17.221 D/MobileDataStateTracker(  256): [dun]  apnTypeList = default
02-13 17:51:17.221 D/MobileDataStateTracker(  256): [dun]  unavailable = false
02-13 17:51:17.221 D/MobileDataStateTracker(  256): [dun] Do not process intents if disabled.
02-13 17:51:17.221 D/MobileDataStateTracker(  256): [supl]  MobileDataStateReceiver onReceive(): Entry.
02-13 17:51:17.221 D/MobileDataStateTracker(  256): [supl]  intent.getAction()= android.intent.action.ANY_DATA_STATE
02-13 17:51:17.221 D/MobileDataStateTracker(  256): [supl]  mEnabled = false
02-13 17:51:17.221 D/MobileDataStateTracker(  256): [supl]  apnTypeList = default
02-13 17:51:17.221 D/MobileDataStateTracker(  256): [supl]  unavailable = false
02-13 17:51:17.221 D/MobileDataStateTracker(  256): [supl] Do not process intents if disabled.
02-13 17:51:17.221 D/MobileDataStateTracker(  256): [mms]  MobileDataStateReceiver onReceive(): Entry.
02-13 17:51:17.221 D/MobileDataStateTracker(  256): [mms]  intent.getAction()= android.intent.action.ANY_DATA_STATE
02-13 17:51:17.221 D/MobileDataStateTracker(  256): [mms]  mEnabled = false
02-13 17:51:17.221 I/DATA    (  344): [SERVICE_TYPE_SUPL] Service is inactive on INET
02-13 17:51:17.221 I/DATA    (  344): [SERVICE_TYPE_SUPL] set newState =  IDLEoldState =  CONNECTED
02-13 17:51:17.221 D/Phone   (  344): [PhoneNotifier] [DefaultPhoneNotifier] : supl, INET, DISCONNECTED
02-13 17:51:17.221 I/TelephonyRegistry(  256): notifyDataConnection: state=0 isDataConnectivityPossible=true reason=radioTurnedOff interfaceName=null networkType=6 apnType=supl apn=null
02-13 17:51:17.221 I/TelephonyRegistry(  256): +++broadcastDataConnectionStateChanged
02-13 17:51:17.231 I/TelephonyRegistry(  256): +++sendStickyBroadcast
02-13 17:51:17.231 D/Phone   (  344): [PhoneNotifier] [DefaultPhoneNotifier] : supl, INET6, DISCONNECTED
02-13 17:51:17.231 D/MobileDataStateTracker(  256): [mms]  apnTypeList = default
02-13 17:51:17.231 D/MobileDataStateTracker(  256): [mms]  unavailable = false
02-13 17:51:17.231 D/MobileDataStateTracker(  256): [mms] Do not process intents if disabled.
02-13 17:51:17.231 D/MobileDataStateTracker(  256): [default]  MobileDataStateReceiver onReceive(): Entry.
