02-13 17:51:18.442 I/DATA    (  344): [DCT(0) ] ds= SERVICE_TYPE_MMS, enabled = false, active = v4:IDLE v6:IDLE
02-13 17:51:18.442 I/DATA    (  344): [DCT(0) ] ds= SERVICE_TYPE_SUPL, enabled = false, active = v4:IDLE v6:IDLE
02-13 17:51:18.442 I/DATA    (  344): [DCT(0) ] ds= SERVICE_TYPE_DUN, enabled = false, active = v4:IDLE v6:IDLE
02-13 17:51:18.442 I/DATA    (  344): [DCT(0) ] ds= SERVICE_TYPE_HIPRI, enabled = false, active = v4:IDLE v6:IDLE
02-13 17:51:18.442 I/DATA    (  344): [DCT(0) ] ***** NOT Ready for data :
02-13 17:51:18.442 I/DATA    (  344): [DCT(0) ]    getDesiredPowerState() = false
02-13 17:51:18.442 I/DATA    (  344): [DCT(0) ]    mCm.getRadioState() = RADIO_OFF
02-13 17:51:18.442 I/DATA    (  344): [DCT(0) ]    [DataRadioTech = RADIO_TECH_UNKNOWN, data network state = 3, mMasterDataEnabled = true, is Roaming = false, dataOnRoamingEnable = false, isPsRestricted = false, desiredPowerState  = false, mSIMRecords = , cdmaSubSource = 1/310120, mRuimRecords = , checks = true/true]
02-13 17:51:18.442 D/PhoneApp(  344): old phone type:2, New Phone type:2
02-13 17:51:18.442 D/NotificationMgr(  344): hideDataDisconnectedRoaming()...
02-13 17:51:18.442 D/MobileDataStateTracker(  256): [hipri]  apnTypeList = supl
02-13 17:51:18.442 D/MobileDataStateTracker(  256): [hipri]  unavailable = true
02-13 17:51:18.442 D/MobileDataStateTracker(  256): [hipri] Do not process intents if disabled.
02-13 17:51:18.442 D/MobileDataStateTracker(  256): [dun]  MobileDataStateReceiver onReceive(): Entry.
02-13 17:51:18.442 D/MobileDataStateTracker(  256): [dun]  intent.getAction()= android.intent.action.ANY_DATA_STATE
02-13 17:51:18.442 D/MobileDataStateTracker(  256): [dun]  mEnabled = false
02-13 17:51:18.442 D/MobileDataStateTracker(  256): [dun]  apnTypeList = supl
02-13 17:51:18.442 D/MobileDataStateTracker(  256): [dun]  unavailable = true
02-13 17:51:18.442 D/MobileDataStateTracker(  256): [dun] Do not process intents if disabled.
02-13 17:51:18.442 D/MobileDataStateTracker(  256): [supl]  MobileDataStateReceiver onReceive(): Entry.
02-13 17:51:18.442 D/MobileDataStateTracker(  256): [supl]  intent.getAction()= android.intent.action.ANY_DATA_STATE
02-13 17:51:18.442 D/MobileDataStateTracker(  256): [supl]  mEnabled = false
02-13 17:51:18.452 D/MobileDataStateTracker(  256): [supl]  apnTypeList = supl
02-13 17:51:18.452 D/MobileDataStateTracker(  256): [supl]  unavailable = true
02-13 17:51:18.452 D/MobileDataStateTracker(  256): [supl] Do not process intents if disabled.
02-13 17:51:18.452 D/MobileDataStateTracker(  256): [mms]  MobileDataStateReceiver onReceive(): Entry.
02-13 17:51:18.452 D/MobileDataStateTracker(  256): [mms]  intent.getAction()= android.intent.action.ANY_DATA_STATE
02-13 17:51:18.452 D/MobileDataStateTracker(  256): [mms]  mEnabled = false
02-13 17:51:18.452 D/PhoneApp(  344): old phone type:2, New Phone type:2
02-13 17:51:18.452 D/NotificationMgr(  344): hideDataDisconnectedRoaming()...
02-13 17:51:18.452 D/PhoneApp(  344): old phone type:2, New Phone type:2
02-13 17:51:18.452 D/NotificationMgr(  344): hideDataDisconnectedRoaming()...
02-13 17:51:18.452 D/PhoneApp(  344): old phone type:2, New Phone type:2
02-13 17:51:18.452 D/NotificationMgr(  344): hideDataDisconnectedRoaming()...
02-13 17:51:18.452 D/PhoneApp(  344): old phone type:2, New Phone type:2
02-13 17:51:18.452 D/NotificationMgr(  344): hideDataDisconnectedRoaming()...
02-13 17:51:18.452 D/PhoneApp(  344): old phone type:2, New Phone type:2
02-13 17:51:18.452 D/NotificationMgr(  344): hideDataDisconnectedRoaming()...
02-13 17:51:18.452 D/MobileDataStateTracker(  256): [mms]  apnTypeList = supl
02-13 17:51:18.452 D/MobileDataStateTracker(  256): [mms]  unavailable = true
02-13 17:51:18.452 D/MobileDataStateTracker(  256): [mms] Do not process intents if disabled.
02-13 17:51:18.452 D/MobileDataStateTracker(  256): [default]  MobileDataStateReceiver onReceive(): Entry.
02-13 17:51:18.452 D/MobileDataStateTracker(  256): [default]  intent.getAction()= android.intent.action.ANY_DATA_STATE
02-13 17:51:18.452 D/MobileDataStateTracker(  256): [default]  mEnabled = true
02-13 17:51:18.452 D/MobileDataStateTracker(  256): [default]  apnTypeList = supl
02-13 17:51:18.452 D/MobileDataStateTracker(  256): [default]  unavailable = true
02-13 17:51:18.452 D/MobileDataStateTracker(  256): [default] not what we are looking for.
02-13 17:51:18.452 D/MobileDataStateTracker(  256): [hipri]  MobileDataStateReceiver onReceive(): Entry.
02-13 17:51:18.452 D/MobileDataStateTracker(  256): [hipri]  intent.getAction()= android.intent.action.ANY_DATA_STATE
02-13 17:51:18.452 D/MobileDataStateTracker(  256): [hipri]  mEnabled = false
02-13 17:51:18.462 D/MobileDataStateTracker(  256): [hipri]  apnTypeList = supl
02-13 17:51:18.462 D/MobileDataStateTracker(  256): [hipri]  unavailable = true
02-13 17:51:18.462 D/MobileDataStateTracker(  256): [hipri] Do not process intents if disabled.
02-13 17:51:18.462 D/MobileDataStateTracker(  256): [dun]  MobileDataStateReceiver onReceive(): Entry.
02-13 17:51:18.462 D/MobileDataStateTracker(  256): [dun]  intent.getAction()= android.intent.action.ANY_DATA_STATE
02-13 17:51:18.462 D/MobileDataStateTracker(  256): [dun]  mEnabled = false
02-13 17:51:18.462 D/PhoneApp(  344): old phone type:2, New Phone type:2
02-13 17:51:18.462 D/NotificationMgr(  344): hideDataDisconnectedRoaming()...
02-13 17:51:18.462 D/PhoneApp(  344): old phone type:2, New Phone type:2
02-13 17:51:18.462 D/NotificationMgr(  344): hideDataDisconnectedRoaming()...
02-13 17:51:18.462 D/PhoneApp(  344): old phone type:2, New Phone type:2
02-13 17:51:18.462 D/NotificationMgr(  344): hideDataDisconnectedRoaming()...
02-13 17:51:18.462 D/PhoneApp(  344): old phone type:2, New Phone type:2
02-13 17:51:18.462 D/NotificationMgr(  344): hideDataDisconnectedRoaming()...
02-13 17:51:18.462 D/MobileDataStateTracker(  256): [dun]  apnTypeList = supl
02-13 17:51:18.462 D/MobileDataStateTracker(  256): [dun]  unavailable = true
02-13 17:51:18.462 D/MobileDataStateTracker(  256): [dun] Do not process intents if disabled.
02-13 17:51:18.462 D/MobileDataStateTracker(  256): [supl]  MobileDataStateReceiver onReceive(): Entry.
02-13 17:51:18.462 D/MobileDataStateTracker(  256): [supl]  intent.getAction()= android.intent.action.ANY_DATA_STATE
02-13 17:51:18.462 D/MobileDataStateTracker(  256): [supl]  mEnabled = false
02-13 17:51:18.462 D/MobileDataStateTracker(  256): [supl]  apnTypeList = supl
02-13 17:51:18.462 D/MobileDataStateTracker(  256): [supl]  unavailable = true
02-13 17:51:18.462 D/MobileDataStateTracker(  256): [supl] Do not process intents if disabled.
02-13 17:51:18.462 D/MobileDataStateTracker(  256): [mms]  MobileDataStateReceiver onReceive(): Entry.
02-13 17:51:18.462 D/MobileDataStateTracker(  256): [mms]  intent.getAction()= android.intent.action.ANY_DATA_STATE
02-13 17:51:18.462 D/MobileDataStateTracker(  256): [mms]  mEnabled = false
02-13 17:51:18.472 D/MobileDataStateTracker(  256): [mms]  apnTypeList = supl
02-13 17:51:18.472 D/MobileDataStateTracker(  256): [mms]  unavailable = true
02-13 17:51:18.472 D/MobileDataStateTracker(  256): [mms] Do not process intents if disabled.
02-13 17:51:18.472 D/MobileDataStateTracker(  256): [default]  MobileDataStateReceiver onReceive(): Entry.
02-13 17:51:18.472 D/MobileDataStateTracker(  256): [default]  intent.getAction()= android.intent.action.ANY_DATA_STATE
02-13 17:51:18.472 D/MobileDataStateTracker(  256): [default]  mEnabled = true
02-13 17:51:18.472 D/MobileDataStateTracker(  256): [default]  apnTypeList = supl
02-13 17:51:18.472 D/MobileDataStateTracker(  256): [default]  unavailable = true
02-13 17:51:18.472 D/MobileDataStateTracker(  256): [default] not what we are looking for.
02-13 17:51:18.472 D/MobileDataStateTracker(  256): [hipri]  MobileDataStateReceiver onReceive(): Entry.
02-13 17:51:18.472 D/MobileDataStateTracker(  256): [hipri]  intent.getAction()= android.intent.action.ANY_DATA_STATE
02-13 17:51:18.472 D/MobileDataStateTracker(  256): [hipri]  mEnabled = false
02-13 17:51:18.472 D/MobileDataStateTracker(  256): [hipri]  apnTypeList = dun
02-13 17:51:18.472 D/MobileDataStateTracker(  256): [hipri]  unavailable = true
02-13 17:51:18.472 D/MobileDataStateTracker(  256): [hipri] Do not process intents if disabled.
02-13 17:51:18.472 D/MobileDataStateTracker(  256): [dun]  MobileDataStateReceiver onReceive(): Entry.
02-13 17:51:18.472 D/MobileDataStateTracker(  256): [dun]  intent.getAction()= android.intent.action.ANY_DATA_STATE
02-13 17:51:18.472 D/MobileDataStateTracker(  256): [dun]  mEnabled = false
02-13 17:51:18.472 D/MobileDataStateTracker(  256): [dun]  apnTypeList = dun
02-13 17:51:18.472 D/MobileDataStateTracker(  256): [dun]  unavailable = true
02-13 17:51:18.472 D/MobileDataStateTracker(  256): [dun] Do not process intents if disabled.
02-13 17:51:18.472 D/MobileDataStateTracker(  256): [supl]  MobileDataStateReceiver onReceive(): Entry.
02-13 17:51:18.472 D/MobileDataStateTracker(  256): [supl]  intent.getAction()= android.intent.action.ANY_DATA_STATE
02-13 17:51:18.472 D/MobileDataStateTracker(  256): [supl]  mEnabled = false
02-13 17:51:18.482 D/MobileDataStateTracker(  256): [supl]  apnTypeList = dun
02-13 17:51:18.482 D/MobileDataStateTracker(  256): [supl]  unavailable = true
02-13 17:51:18.482 D/MobileDataStateTracker(  256): [supl] Do not process intents if disabled.
02-13 17:51:18.482 D/MobileDataStateTracker(  256): [mms]  MobileDataStateReceiver onReceive(): Entry.
02-13 17:51:18.482 D/MobileDataStateTracker(  256): [mms]  intent.getAction()= android.intent.action.ANY_DATA_STATE
02-13 17:51:18.482 D/MobileDataStateTracker(  256): [mms]  mEnabled = false
02-13 17:51:18.482 D/MobileDataStateTracker(  256): [mms]  apnTypeList = dun
02-13 17:51:18.482 D/MobileDataStateTracker(  256): [mms]  unavailable = true
02-13 17:51:18.482 D/MobileDataStateTracker(  256): [mms] Do not process intents if disabled.
02-13 17:51:18.482 D/MobileDataStateTracker(  256): [default]  MobileDataStateReceiver onReceive(): Entry.
02-13 17:51:18.482 D/MobileDataStateTracker(  256): [default]  intent.getAction()= android.intent.action.ANY_DATA_STATE
02-13 17:51:18.482 D/MobileDataStateTracker(  256): [default]  mEnabled = true
02-13 17:51:18.482 D/MobileDataStateTracker(  256): [default]  apnTypeList = dun
02-13 17:51:18.482 D/MobileDataStateTracker(  256): [default]  unavailable = true
02-13 17:51:18.482 D/MobileDataStateTracker(  256): [default] not what we are looking for.
02-13 17:51:18.482 D/MobileDataStateTracker(  256): [hipri]  MobileDataStateReceiver onReceive(): Entry.
02-13 17:51:18.482 D/MobileDataStateTracker(  256): [hipri]  intent.getAction()= android.intent.action.ANY_DATA_STATE
02-13 17:51:18.482 D/MobileDataStateTracker(  256): [hipri]  mEnabled = false
02-13 17:51:18.482 D/MobileDataStateTracker(  256): [hipri]  apnTypeList = dun
02-13 17:51:18.482 D/MobileDataStateTracker(  256): [hipri]  unavailable = true
02-13 17:51:18.482 D/MobileDataStateTracker(  256): [hipri] Do not process intents if disabled.
02-13 17:51:18.482 D/MobileDataStateTracker(  256): [dun]  MobileDataStateReceiver onReceive(): Entry.
02-13 17:51:18.482 D/MobileDataStateTracker(  256): [dun]  intent.getAction()= android.intent.action.ANY_DATA_STATE
02-13 17:51:18.482 D/MobileDataStateTracker(  256): [dun]  mEnabled = false
02-13 17:51:18.482 D/MobileDataStateTracker(  256): [dun]  apnTypeList = dun
02-13 17:51:18.492 D/MobileDataStateTracker(  256): [dun]  unavailable = true
02-13 17:51:18.492 D/MobileDataStateTracker(  256): [dun] Do not process intents if disabled.
02-13 17:51:18.492 D/MobileDataStateTracker(  256): [supl]  MobileDataStateReceiver onReceive(): Entry.
02-13 17:51:18.492 D/MobileDataStateTracker(  256): [supl]  intent.getAction()= android.intent.action.ANY_DATA_STATE
02-13 17:51:18.492 D/MobileDataStateTracker(  256): [supl]  mEnabled = false
02-13 17:51:18.492 D/MobileDataStateTracker(  256): [supl]  apnTypeList = dun
02-13 17:51:18.492 D/MobileDataStateTracker(  256): [supl]  unavailable = true
02-13 17:51:18.492 D/MobileDataStateTracker(  256): [supl] Do not process intents if disabled.
02-13 17:51:18.492 D/MobileDataStateTracker(  256): [mms]  MobileDataStateReceiver onReceive(): Entry.
02-13 17:51:18.492 D/MobileDataStateTracker(  256): [mms]  intent.getAction()= android.intent.action.ANY_DATA_STATE
02-13 17:51:18.492 D/MobileDataStateTracker(  256): [mms]  mEnabled = false
02-13 17:51:18.492 D/MobileDataStateTracker(  256): [mms]  apnTypeList = dun
02-13 17:51:18.492 D/MobileDataStateTracker(  256): [mms]  unavailable = true
02-13 17:51:18.492 D/MobileDataStateTracker(  256): [mms] Do not process intents if disabled.
02-13 17:51:18.492 D/MobileDataStateTracker(  256): [default]  MobileDataStateReceiver onReceive(): Entry.
02-13 17:51:18.492 D/MobileDataStateTracker(  256): [default]  intent.getAction()= android.intent.action.ANY_DATA_STATE
02-13 17:51:18.492 D/MobileDataStateTracker(  256): [default]  mEnabled = true
02-13 17:51:18.492 D/MobileDataStateTracker(  256): [default]  apnTypeList = dun
02-13 17:51:18.492 D/MobileDataStateTracker(  256): [default]  unavailable = true
02-13 17:51:18.492 D/MobileDataStateTracker(  256): [default] not what we are looking for.
02-13 17:51:18.492 D/MobileDataStateTracker(  256): [hipri]  MobileDataStateReceiver onReceive(): Entry.
02-13 17:51:18.492 D/MobileDataStateTracker(  256): [hipri]  intent.getAction()= android.intent.action.ANY_DATA_STATE
02-13 17:51:18.492 D/MobileDataStateTracker(  256): [hipri]  mEnabled = false
02-13 17:51:18.492 D/MobileDataStateTracker(  256): [hipri]  apnTypeList = hipri
02-13 17:51:18.492 D/MobileDataStateTracker(  256): [hipri]  unavailable = true
02-13 17:51:18.492 D/MobileDataStateTracker(  256): [hipri] Do not process intents if disabled.
02-13 17:51:18.492 D/MobileDataStateTracker(  256): [dun]  MobileDataStateReceiver onReceive(): Entry.
02-13 17:51:18.492 D/MobileDataStateTracker(  256): [dun]  intent.getAction()= android.intent.action.ANY_DATA_STATE
02-13 17:51:18.492 D/MobileDataStateTracker(  256): [dun]  mEnabled = false
02-13 17:51:18.502 D/MobileDataStateTracker(  256): [dun]  apnTypeList = hipri
02-13 17:51:18.502 D/MobileDataStateTracker(  256): [dun]  unavailable = true
02-13 17:51:18.502 D/MobileDataStateTracker(  256): [dun] Do not process intents if disabled.
02-13 17:51:18.502 D/MobileDataStateTracker(  256): [supl]  MobileDataStateReceiver onReceive(): Entry.
02-13 17:51:18.502 D/MobileDataStateTracker(  256): [supl]  intent.getAction()= android.intent.action.ANY_DATA_STATE
02-13 17:51:18.502 D/MobileDataStateTracker(  256): [supl]  mEnabled = false
02-13 17:51:18.502 D/MobileDataStateTracker(  256): [supl]  apnTypeList = hipri
02-13 17:51:18.502 D/MobileDataStateTracker(  256): [supl]  unavailable = true
02-13 17:51:18.502 D/MobileDataStateTracker(  256): [supl] Do not process intents if disabled.
02-13 17:51:18.502 D/MobileDataStateTracker(  256): [mms]  MobileDataStateReceiver onReceive(): Entry.
02-13 17:51:18.502 D/MobileDataStateTracker(  256): [mms]  intent.getAction()= android.intent.action.ANY_DATA_STATE
02-13 17:51:18.502 D/MobileDataStateTracker(  256): [mms]  mEnabled = false
02-13 17:51:18.502 D/MobileDataStateTracker(  256): [mms]  apnTypeList = hipri
02-13 17:51:18.502 D/MobileDataStateTracker(  256): [mms]  unavailable = true
02-13 17:51:18.502 D/MobileDataStateTracker(  256): [mms] Do not process intents if disabled.
02-13 17:51:18.502 D/MobileDataStateTracker(  256): [default]  MobileDataStateReceiver onReceive(): Entry.
02-13 17:51:18.502 D/MobileDataStateTracker(  256): [default]  intent.getAction()= android.intent.action.ANY_DATA_STATE
02-13 17:51:18.502 D/MobileDataStateTracker(  256): [default]  mEnabled = true
02-13 17:51:18.502 D/MobileDataStateTracker(  256): [default]  apnTypeList = hipri
02-13 17:51:18.502 D/MobileDataStateTracker(  256): [default]  unavailable = true
02-13 17:51:18.502 D/MobileDataStateTracker(  256): [default] not what we are looking for.
02-13 17:51:18.502 D/MobileDataStateTracker(  256): [hipri]  MobileDataStateReceiver onReceive(): Entry.
02-13 17:51:18.502 D/MobileDataStateTracker(  256): [hipri]  intent.getAction()= android.intent.action.ANY_DATA_STATE
02-13 17:51:18.502 D/MobileDataStateTracker(  256): [hipri]  mEnabled = false
02-13 17:51:18.512 D/MobileDataStateTracker(  256): [hipri]  apnTypeList = hipri
02-13 17:51:18.512 D/MobileDataStateTracker(  256): [hipri]  unavailable = true
02-13 17:51:18.512 D/MobileDataStateTracker(  256): [hipri] Do not process intents if disabled.
02-13 17:51:18.512 D/MobileDataStateTracker(  256): [dun]  MobileDataStateReceiver onReceive(): Entry.
02-13 17:51:18.512 D/MobileDataStateTracker(  256): [dun]  intent.getAction()= android.intent.action.ANY_DATA_STATE
02-13 17:51:18.512 D/MobileDataStateTracker(  256): [dun]  mEnabled = false
02-13 17:51:18.512 D/MobileDataStateTracker(  256): [dun]  apnTypeList = hipri
02-13 17:51:18.512 D/MobileDataStateTracker(  256): [dun]  unavailable = true
02-13 17:51:18.512 D/MobileDataStateTracker(  256): [dun] Do not process intents if disabled.
02-13 17:51:18.512 D/MobileDataStateTracker(  256): [supl]  MobileDataStateReceiver onReceive(): Entry.
02-13 17:51:18.512 D/MobileDataStateTracker(  256): [supl]  intent.getAction()= android.intent.action.ANY_DATA_STATE
02-13 17:51:18.512 D/MobileDataStateTracker(  256): [supl]  mEnabled = false
02-13 17:51:18.512 D/MobileDataStateTracker(  256): [supl]  apnTypeList = hipri
02-13 17:51:18.512 D/MobileDataStateTracker(  256): [supl]  unavailable = true
02-13 17:51:18.512 D/MobileDataStateTracker(  256): [supl] Do not process intents if disabled.
02-13 17:51:18.512 D/MobileDataStateTracker(  256): [mms]  MobileDataStateReceiver onReceive(): Entry.
02-13 17:51:18.512 D/MobileDataStateTracker(  256): [mms]  intent.getAction()= android.intent.action.ANY_DATA_STATE
02-13 17:51:18.512 D/MobileDataStateTracker(  256): [mms]  mEnabled = false
02-13 17:51:18.512 D/MobileDataStateTracker(  256): [mms]  apnTypeList = hipri
02-13 17:51:18.512 D/MobileDataStateTracker(  256): [mms]  unavailable = true
02-13 17:51:18.512 D/MobileDataStateTracker(  256): [mms] Do not process intents if disabled.
02-13 17:51:18.512 D/MobileDataStateTracker(  256): [default]  MobileDataStateReceiver onReceive(): Entry.
02-13 17:51:18.512 D/MobileDataStateTracker(  256): [default]  intent.getAction()= android.intent.action.ANY_DATA_STATE
02-13 17:51:18.512 D/MobileDataStateTracker(  256): [default]  mEnabled = true
02-13 17:51:18.512 D/MobileDataStateTracker(  256): [default]  apnTypeList = hipri
02-13 17:51:18.522 D/MobileDataStateTracker(  256): [default]  unavailable = true
02-13 17:51:18.522 D/MobileDataStateTracker(  256): [default] not what we are looking for.
02-13 17:51:18.622 I/ShutdownThread(  256): Radio and Bluetooth shutdown complete.
02-13 17:51:18.622 E/ShutdownThread(  256): Exception during mdmEfsSync
02-13 17:51:18.622 E/ShutdownThread(  256): java.io.FileNotFoundException: /sys/devices/platform/rs300100a7.65536/force_sync (No such file or directory)
02-13 17:51:18.622 E/ShutdownThread(  256): 	at org.apache.harmony.luni.platform.OSFileSystem.open(Native Method)
02-13 17:51:18.622 E/ShutdownThread(  256): 	at dalvik.system.BlockGuard$WrappedFileSystem.open(BlockGuard.java:232)
02-13 17:51:18.622 E/ShutdownThread(  256): 	at java.io.FileInputStream.<init>(FileInputStream.java:80)
02-13 17:51:18.622 E/ShutdownThread(  256): 	at java.io.FileInputStream.<init>(FileInputStream.java:132)
02-13 17:51:18.622 E/ShutdownThread(  256): 	at com.android.internal.app.ShutdownThread.run(ShutdownThread.java:400)
02-13 17:51:18.622 I/ShutdownThread(  256): Waiting for radio file system sync to complete ...
02-13 17:51:18.912 D/DATA    (  344): [DSST(0)] pollstate() : reason = data network state changed
02-13 17:51:18.912 D/DATA    (  344): [DSST(0)] Poll ServiceState done: oldSS=[3 home null null null  Unknown CSS not supported -1 -1RoamInd: -1RoamStatus(sprint): -1DefRoamInd: -1EmergOnly: false] newSS=[3 home null null null  Unknown CSS not supported -1 -1RoamInd: -1RoamStatus(sprint): -1DefRoamInd: -1EmergOnly: false]
02-13 17:51:18.912 D/DATA    (  344): [DSST(0)]  mDataConnectionState = 0
02-13 17:51:22.596 I/ActivityThread( 4467): Pub com.sprint.installer: com.sprint.w.installer.ContentProvider
02-13 17:51:22.596 I/ActivityThread( 4467): Pub com.sprint.w.installer.SuggestProvider: com.sprint.w.installer.SearchSuggestProvider
02-13 17:51:22.606 I/SprintID.Util( 4467): skipping the update check since it already ran recently
02-13 17:51:25.008 I/wpa_supplicant(  399): State: INACTIVE -> SCANNING
02-13 17:51:25.008 I/wpa_supplicant(  399): CTRL-EVENT-STATE-CHANGE id=-1 state=2 BSSID=00:00:00:00:00:00
02-13 17:51:25.008 D/NetworkStateTracker(  256): setDetailed state, old =IDLE and new state=SCANNING
02-13 17:51:25.979 I/dun_service(  124): process rmnet event
02-13 17:51:25.979 I/dun_service(  124): Post event 3
02-13 17:51:25.979 I/dun_service(  124): received event: DUN_EVENT_RMNET_DOWN 
02-13 17:51:25.979 I/dun_service(  124): received event(DUN_EVENT_RMNET_DOWN) in state(DUN_STATE_USB_UNPLUG)
02-13 17:51:25.979 I/dun_service(  124): Ignoring the event DUN_EVENT_RMNET_DOWN in USB_UNPLUG_STATE
02-13 17:51:25.979 I/dun_service(  124): Moved to state(DUN_STATE_USB_UNPLUG)
02-13 17:51:25.979 I/wpa_supplicant(  399): State: SCANNING -> INACTIVE
02-13 17:51:25.979 I/wpa_supplicant(  399): CTRL-EVENT-STATE-CHANGE id=-1 state=1 BSSID=00:00:00:00:00:00
02-13 17:51:25.989 D/NetworkStateTracker(  256): setDetailed state, old =SCANNING and new state=IDLE
02-13 17:51:25.989 D/WifiStateTracker(  256): setNotificationVisible() visible=false mNotificationShown=false force=false return.
02-13 17:51:28.612 I/ShutdownThread(  256): Radio file system sync incomplete - retry.
02-13 17:51:28.612 E/rmt_storage(  154): [MyTag]open: fd=-1
02-13 17:51:28.612 E/rmt_storage(  154): block rmt_storage client thread
02-13 17:51:29.112 I/ShutdownThread(  256): Radio file system sync complete.
02-13 17:51:29.112 I/ShutdownThread(  256): Shutting down MountService
02-13 17:51:29.112 I/PackageManager(  256): Updating external media status from mounted to unmounted
02-13 17:51:29.132 I/PackageManager(  256): apps number on SD card is 0
02-13 17:51:29.132 I/PackageManager(  256): No secure containers on sdcard
02-13 17:51:29.513 I/PackageManager(  256): Updating external media status from unmounted to unmounted
02-13 17:51:29.513 I/PackageManager(  256): Updating external media status from unmounted to unmounted
02-13 17:51:29.583 I/ActivityThread( 4474): Pub com.cooliris.picasa.contentprovider: com.cooliris.picasa.PicasaContentProvider
02-13 17:51:29.643 D/UploadsManager(  682): FsId changed! -399509006
02-13 17:51:29.643 D/Gallery3D( 4474): [BootReceiver]: Got intent with action android.intent.action.MEDIA_EJECT
02-13 17:51:30.574 D/Gallery3D( 4474): [DiskCache]: Unable to create cache directory /mnt/sdcard/Android/data/com.cooliris.media/cache/picasa-thumbs/
02-13 17:51:30.584 D/Gallery3D( 4474): [DiskCache]: Unable to create or tempFile /mnt/sdcard/Android/data/com.cooliris.media/cache/picasa-thumbs/
02-13 17:51:30.584 D/Gallery3D( 4474): [DiskCache]: Unable to create or tempFile /mnt/sdcard/Android/data/com.cooliris.media/cache/local-album-cache/
02-13 17:51:30.584 D/Gallery3D( 4474): [DiskCache]: Unable to create or tempFile /mnt/sdcard/Android/data/com.cooliris.media/cache/local-meta-cache/
02-13 17:51:30.964 W/ShutdownThread(  256): Result code 0 from MountService.shutdown
02-13 17:51:31.464 I/ShutdownThread(  256): Performing low-level shutdown...
02-13 17:51:31.695 D/KeyguardViewMediator(  256): setHidden false
02-13 17:51:31.705 D/KeyguardViewMediator(  256): setHidden false
02-13 17:51:31.725 D/Bitmap  (  326): Detect unrecycled bitmap.
02-13 17:51:31.725 D/Bitmap  (  326):       Size: 34600 Bytes, Width: 346 , Height: 25 , Hash code: 1079556328
02-13 17:51:31.725 D/Bitmap  (  326):  This bimap was created in:
02-13 17:51:31.725 D/Bitmap  (  326):       android.graphics.Bitmap.<init>(Bitmap.java:136)
02-13 17:51:31.725 D/Bitmap  (  326):       android.graphics.Bitmap.nativeCreate(Native Method)
02-13 17:51:31.725 D/Bitmap  (  326):       android.graphics.Bitmap.createBitmap(Bitmap.java:547)
02-13 17:51:31.725 D/Bitmap  (  326):       android.view.View.buildDrawingCache(View.java:6577)
02-13 17:51:31.725 D/Bitmap  (  326):       android.view.ViewGroup.onAnimationStart(ViewGroup.java:1262)
02-13 17:51:31.725 D/Bitmap  (  326):       android.view.ViewGroup.drawChild(ViewGroup.java:1508)
02-13 17:51:31.725 D/Bitmap  (  326):       android.view.ViewGroup.dispatchDraw(ViewGroup.java:1376)
02-13 17:51:31.725 D/Bitmap  (  326):       android.view.View.draw(View.java:6883)
02-13 17:51:31.725 D/Bitmap  (  326):       android.widget.FrameLayout.draw(FrameLayout.java:357)
02-13 17:51:31.725 D/Bitmap  (  326):       android.view.ViewRoot.draw(ViewRoot.java:1526)
02-13 17:51:31.725 D/Bitmap  (  326):       android.view.ViewRoot.performTraversals(ViewRoot.java:1262)
02-13 17:51:31.725 D/Bitmap  (  326):       android.view.ViewRoot.handleMessage(ViewRoot.java:1864)
02-13 17:51:31.725 D/Bitmap  (  326):       android.os.Handler.dispatchMessage(Handler.java:99)
02-13 17:51:31.725 D/Bitmap  (  326):       android.os.Looper.loop(Looper.java:130)
02-13 17:51:31.725 D/Bitmap  (  326):       android.app.ActivityThread.main(ActivityThread.java:3704)
02-13 17:51:31.725 D/Bitmap  (  326):       java.lang.reflect.Method.invokeNative(Native Method)
02-13 17:51:31.725 D/Bitmap  (  326):       java.lang.reflect.Method.invoke(Method.java:507)
02-13 17:51:31.725 D/Bitmap  (  326):       com.android.internal.os.ZygoteInit$MethodAndArgsCaller.run(ZygoteInit.java:875)
02-13 17:51:31.725 D/Bitmap  (  326):       com.android.internal.os.ZygoteInit.main(ZygoteInit.java:633)
02-13 17:51:31.725 D/Bitmap  (  326):       dalvik.system.NativeStart.main(Native Method)
02-13 17:51:31.725 D/Bitmap  (  326): _
02-13 17:51:31.725 D/Bitmap  (  326): Detect unrecycled bitmap.
02-13 17:51:31.725 D/Bitmap  (  326):       Size: 157440 Bytes, Width: 320 , Height: 123 , Hash code: 1079768168
02-13 17:51:31.725 D/Bitmap  (  326):  This bimap was created in:
02-13 17:51:31.725 D/Bitmap  (  326):       android.graphics.Bitmap.<init>(Bitmap.java:136)
02-13 17:51:31.725 D/Bitmap  (  326):       android.graphics.BitmapFactory.nativeDecodeAsset(Native Method)
02-13 17:51:31.725 D/Bitmap  (  326):       android.graphics.BitmapFactory.decodeStream(BitmapFactory.java:460)
02-13 17:51:31.725 D/Bitmap  (  326):       android.graphics.BitmapFactory.decodeResourceStream(BitmapFactory.java:336)
02-13 17:51:31.725 D/Bitmap  (  326):       android.graphics.drawable.Drawable.createFromResourceStream(Drawable.java:697)
02-13 17:51:31.725 D/Bitmap  (  326):       android.content.res.Resources.loadDrawable(Resources.java:1709)
02-13 17:51:31.725 D/Bitmap  (  326):       android.content.res.Resources.getDrawable(Resources.java:581)
02-13 17:51:31.725 D/Bitmap  (  326):       android.widget.ScrollView.setOverScrollMode(ScrollView.java:1404)
02-13 17:51:31.725 D/Bitmap  (  326):       android.view.View.<init>(View.java:1879)
02-13 17:51:31.725 D/Bitmap  (  326):       android.view.View.<init>(View.java:1921)
02-13 17:51:31.725 D/Bitmap  (  326):       android.view.ViewGroup.<init>(ViewGroup.java:292)
02-13 17:51:31.725 D/Bitmap  (  326):       android.widget.FrameLayout.<init>(FrameLayout.java:88)
02-13 17:51:31.725 D/Bitmap  (  326):       android.widget.ScrollView.<init>(ScrollView.java:145)
02-13 17:51:31.725 D/Bitmap  (  326):       android.widget.ScrollView.<init>(ScrollView.java:141)
02-13 17:51:31.725 D/Bitmap  (  326):       java.lang.reflect.Constructor.constructNative(Native Method)
02-13 17:51:31.725 D/Bitmap  (  326):       java.lang.reflect.Constructor.newInstance(Constructor.java:415)
02-13 17:51:31.725 D/Bitmap  (  326):       android.view.LayoutInflater.createView(LayoutInflater.java:505)
02-13 17:51:31.725 D/Bitmap  (  326):       com.android.internal.policy.impl.PhoneLayoutInflater.onCreateView(PhoneLayoutInflater.java:56)
02-13 17:51:31.725 D/Bitmap  (  326):       android.view.LayoutInflater.createViewFromTag(LayoutInflater.java:568)
02-13 17:51:31.725 D/Bitmap  (  326):       android.view.LayoutInflater.rInflate(LayoutInflater.java:623)
02-13 17:51:31.725 D/Bitmap  (  326):       android.view.LayoutInflater.rInflate(LayoutInflater.java:626)
02-13 17:51:31.725 D/Bitmap  (  326):       android.view.LayoutInflater.inflate(LayoutInflater.java:408)
02-13 17:51:31.725 D/Bitmap  (  326):       android.view.LayoutInflater.inflate(LayoutInflater.java:320)
02-13 17:51:31.725 D/Bitmap  (  326):       android.view.LayoutInflater.inflate(LayoutInflater.java:276)
02-13 17:51:31.725 D/Bitmap  (  326):       com.android.internal.policy.impl.PhoneWindow.setContentView(PhoneWindow.java:207)
02-13 17:51:31.725 D/Bitmap  (  326):       com.android.internal.app.AlertController.installContent(AlertController.java:205)
02-13 17:51:31.725 D/Bitmap  (  326):       android.app.AlertDialog.onCreate(AlertDialog.java:251)
02-13 17:51:31.725 D/Bitmap  (  326):       android.app.Dialog.dispatchOnCreate(Dialog.java:335)
02-13 17:51:31.725 D/Bitmap  (  326):       android.app.Dialog.show(Dialog.java:235)
02-13 17:51:31.725 D/Bitmap  (  326):       com.android.systemui.statusbar.policy.StatusBarPolicy.showLowBatteryWarning(StatusBarPolicy.java:933)
02-13 17:51:31.725 D/Bitmap  (  326):       com.android.systemui.statusbar.policy.StatusBarPolicy.onBatteryLow(StatusBarPolicy.java:865)
02-13 17:51:31.725 D/Bitmap  (  326):       com.android.systemui.statusbar.policy.StatusBarPolicy.access$400(StatusBarPolicy.java:95)
02-13 17:51:31.725 D/Bitmap  (  326):       com.android.systemui.statusbar.policy.StatusBarPolicy$1.onReceive(StatusBarPolicy.java:607)
02-13 17:51:31.725 D/Bitmap  (  326):       android.app.LoadedApk$ReceiverDispatcher$Args.run(LoadedApk.java:709)
02-13 17:51:31.725 D/Bitmap  (  326):       android.os.Handler.handleCallback(Handler.java:587)
02-13 17:51:31.725 D/Bitmap  (  326):       android.os.Handler.dispatchMessage(Handler.java:92)
02-13 17:51:31.725 D/Bitmap  (  326):       android.os.Looper.loop(Looper.java:130)
02-13 17:51:31.725 D/Bitmap  (  326):       android.app.ActivityThread.main(ActivityThread.java:3704)
02-13 17:51:31.725 D/Bitmap  (  326):       java.lang.reflect.Method.invokeNative(Native Method)
02-13 17:51:31.725 D/Bitmap  (  326):       java.lang.reflect.Method.invoke(Method.java:507)
02-13 17:51:31.725 D/Bitmap  (  326):       com.android.internal.os.ZygoteInit$MethodAndArgsCaller.run(ZygoteInit.java:875)
02-13 17:51:31.725 D/Bitmap  (  326):       com.android.internal.os.ZygoteInit.main(ZygoteInit.java:633)
02-13 17:51:31.725 D/Bitmap  (  326):       dalvik.system.NativeStart.main(Native Method)
02-13 17:51:31.725 D/Bitmap  (  326): _
02-13 17:51:31.735 D/Bitmap  (  326): Detect unrecycled bitmap.
02-13 17:51:31.735 D/Bitmap  (  326):       Size: 45000 Bytes, Width: 125 , Height: 90 , Hash code: 1079324480
02-13 17:51:31.735 D/Bitmap  (  326):  This bimap was created in:
02-13 17:51:31.735 D/Bitmap  (  326):       android.graphics.Bitmap.<init>(Bitmap.java:136)
02-13 17:51:31.735 D/Bitmap  (  326):       android.graphics.BitmapFactory.nativeDecodeAsset(Native Method)
02-13 17:51:31.735 D/Bitmap  (  326):       android.graphics.BitmapFactory.decodeStream(BitmapFactory.java:460)
02-13 17:51:31.735 D/Bitmap  (  326):       android.graphics.BitmapFactory.decodeResourceStream(BitmapFactory.java:336)
02-13 17:51:31.735 D/Bitmap  (  326):       android.graphics.drawable.Drawable.createFromResourceStream(Drawable.java:697)
02-13 17:51:31.735 D/Bitmap  (  326):       android.content.res.Resources.loadDrawable(Resources.java:1709)
02-13 17:51:31.735 D/Bitmap  (  326):       android.content.res.TypedArray.getDrawable(TypedArray.java:601)
02-13 17:51:31.735 D/Bitmap  (  326):       android.widget.ImageView.<init>(ImageView.java:118)
02-13 17:51:31.735 D/Bitmap  (  326):       android.widget.ImageView.<init>(ImageView.java:108)
02-13 17:51:31.735 D/Bitmap  (  326):       java.lang.reflect.Constructor.constructNative(Native Method)
02-13 17:51:31.735 D/Bitmap  (  326):       java.lang.reflect.Constructor.newInstance(Constructor.java:415)
02-13 17:51:31.735 D/Bitmap  (  326):       android.view.LayoutInflater.createView(LayoutInflater.java:505)
02-13 17:51:31.735 D/Bitmap  (  326):       com.android.internal.policy.impl.PhoneLayoutInflater.onCreateView(PhoneLayoutInflater.java:56)
02-13 17:51:31.735 D/Bitmap  (  326):       android.view.LayoutInflater.createViewFromTag(LayoutInflater.java:568)
02-13 17:51:31.735 D/Bitmap  (  326):       android.view.LayoutInflater.rInflate(LayoutInflater.java:623)
02-13 17:51:31.735 D/Bitmap  (  326):       android.view.LayoutInflater.inflate(LayoutInflater.java:408)
02-13 17:51:31.735 D/Bitmap  (  326):       android.view.LayoutInflater.inflate(LayoutInflater.java:320)
02-13 17:51:31.735 D/Bitmap  (  326):       android.view.LayoutInflater.inflate(LayoutInflater.java:276)
02-13 17:51:31.735 D/Bitmap  (  326):       android.view.View.inflate(View.java:8807)
02-13 17:51:31.735 D/Bitmap  (  326):       com.android.systemui.statusbar.policy.StatusBarPolicy.showLowBatteryWarning(StatusBarPolicy.java:901)
02-13 17:51:31.735 D/Bitmap  (  326):       com.android.systemui.statusbar.policy.StatusBarPolicy.onBatteryLow(StatusBarPolicy.java:865)
02-13 17:51:31.735 D/Bitmap  (  326):       com.android.systemui.statusbar.policy.StatusBarPolicy.access$400(StatusBarPolicy.java:95)
02-13 17:51:31.735 D/Bitmap  (  326):       com.android.systemui.statusbar.policy.StatusBarPolicy$1.onReceive(StatusBarPolicy.java:607)
02-13 17:51:31.735 D/Bitmap  (  326):       android.app.LoadedApk$ReceiverDispatcher$Args.run(LoadedApk.java:709)
02-13 17:51:31.735 D/Bitmap  (  326):       android.os.Handler.handleCallback(Handler.java:587)
02-13 17:51:31.735 D/Bitmap  (  326):       android.os.Handler.dispatchMessage(Handler.java:92)
02-13 17:51:31.735 D/Bitmap  (  326):       android.os.Looper.loop(Looper.java:130)
02-13 17:51:31.735 D/Bitmap  (  326):       android.app.ActivityThread.main(ActivityThread.java:3704)
02-13 17:51:31.735 D/Bitmap  (  326):       java.lang.reflect.Method.invokeNative(Native Method)
02-13 17:51:31.735 D/Bitmap  (  326):       java.lang.reflect.Method.invoke(Method.java:507)
02-13 17:51:31.735 D/Bitmap  (  326):       com.android.internal.os.ZygoteInit$MethodAndArgsCaller.run(ZygoteInit.java:875)
02-13 17:51:31.735 D/Bitmap  (  326):       com.android.internal.os.ZygoteInit.main(ZygoteInit.java:633)
02-13 17:51:31.735 D/Bitmap  (  326):       dalvik.system.NativeStart.main(Native Method)
02-13 17:51:31.735 D/Bitmap  (  326): _
