02-13 17:33:41.080 D/DATA    (  344): [DSST(0)]  mDataConnectionState = 0
02-13 17:33:41.080 D/Mms     (  811): currentRoamingStatus:1
02-13 17:33:41.691 E/MediaPlayer(  845): getCurrentPosition sec = 840813
02-13 17:33:41.691 E/MediaPlayer(  845): getDuration_l mDuration = 1296300
02-13 17:33:42.692 E/MediaPlayer(  845): getCurrentPosition sec = 841773
02-13 17:33:42.692 E/MediaPlayer(  845): getDuration_l mDuration = 1296300
02-13 17:33:43.693 E/MediaPlayer(  845): getCurrentPosition sec = 842871
02-13 17:33:43.693 E/MediaPlayer(  845): getDuration_l mDuration = 1296300
02-13 17:33:44.704 E/MediaPlayer(  845): getCurrentPosition sec = 843832
02-13 17:33:44.704 E/MediaPlayer(  845): getDuration_l mDuration = 1296300
02-13 17:33:45.705 E/MediaPlayer(  845): getCurrentPosition sec = 844792
02-13 17:33:45.705 E/MediaPlayer(  845): getDuration_l mDuration = 1296300
02-13 17:33:46.105 E/rmt_storage(  154): [MyTag]open: fd=-1
02-13 17:33:46.105 E/rmt_storage(  154): block rmt_storage client thread
02-13 17:33:46.185 D/DATA    (  344): [DSST(0)] pollstate() : reason = data network state changed
02-13 17:33:46.245 D/MobileDataStateTracker(  256): [hipri]  MobileDataStateReceiver onReceive(): Entry.
02-13 17:33:46.245 D/MobileDataStateTracker(  256): [hipri]  intent.getAction()= android.intent.action.SERVICE_STATE
02-13 17:33:46.245 D/MobileDataStateTracker(  256): [hipri]  mEnabled = false
02-13 17:33:46.245 D/MobileDataStateTracker(  256): [dun]  MobileDataStateReceiver onReceive(): Entry.
02-13 17:33:46.245 D/MobileDataStateTracker(  256): [dun]  intent.getAction()= android.intent.action.SERVICE_STATE
02-13 17:33:46.245 D/MobileDataStateTracker(  256): [dun]  mEnabled = false
02-13 17:33:46.245 D/MobileDataStateTracker(  256): [supl]  MobileDataStateReceiver onReceive(): Entry.
02-13 17:33:46.245 D/MobileDataStateTracker(  256): [supl]  intent.getAction()= android.intent.action.SERVICE_STATE
02-13 17:33:46.245 D/MobileDataStateTracker(  256): [supl]  mEnabled = false
02-13 17:33:46.245 D/MobileDataStateTracker(  256): [mms]  MobileDataStateReceiver onReceive(): Entry.
02-13 17:33:46.245 D/MobileDataStateTracker(  256): [mms]  intent.getAction()= android.intent.action.SERVICE_STATE
02-13 17:33:46.245 D/MobileDataStateTracker(  256): [mms]  mEnabled = false
02-13 17:33:46.255 D/MobileDataStateTracker(  256): [default]  MobileDataStateReceiver onReceive(): Entry.
02-13 17:33:46.255 D/MobileDataStateTracker(  256): [default]  intent.getAction()= android.intent.action.SERVICE_STATE
02-13 17:33:46.255 D/MobileDataStateTracker(  256): [default]  mEnabled = true
02-13 17:33:46.265 D/DATA    (  344): [DSST(0)]  registrationState = 1  radioTechnology = 8 reasonForDenial = 0
02-13 17:33:46.265 D/DATA    (  344): [DSST(0)]  set mNewDataConnectionState = 0
02-13 17:33:46.265 D/DATA    (  344): [DSST(0)]  mNewDataConnectionState : 0  mDataConnectionState : 0
02-13 17:33:46.265 D/DATA    (  344): [DSST(0)] Poll ServiceState done: oldSS=[0 home null null null  EvDo rev. A CSS not supported -1 -1RoamInd: -1RoamStatus(sprint): -1DefRoamInd: -1EmergOnly: false] newSS=[0 home null null null  EvDo rev. A CSS not supported -1 -1RoamInd: -1RoamStatus(sprint): -1DefRoamInd: -1EmergOnly: false]
02-13 17:33:46.265 D/DATA    (  344): [DSST(0)]  mDataConnectionState = 0
02-13 17:33:46.265 D/CallManager(  344):  handleMessage (EVENT_SERVICE_STATE_CHANGED)
02-13 17:33:46.265 E/BT HS/HF(  344): SERVICE_STATE_CHANGED called
02-13 17:33:46.265 E/BT HS/HF(  344): updateServiceState called, sendUpdate:false  ServiceState:0 home Sprint  310099  EvDo rev. A CSS not supported 41 4139RoamInd: 1RoamStatus(sprint): 1DefRoamInd: 160EmergOnly: false
02-13 17:33:46.265 E/BT HS/HF(  344): service:1 mService:1
02-13 17:33:46.265 D/Mms     (  811): currentRoamingStatus:1
02-13 17:33:46.706 E/MediaPlayer(  845): getCurrentPosition sec = 845753
02-13 17:33:46.706 E/MediaPlayer(  845): getDuration_l mDuration = 1296300
02-13 17:33:47.717 E/MediaPlayer(  845): getCurrentPosition sec = 846851
02-13 17:33:47.717 E/MediaPlayer(  845): getDuration_l mDuration = 1296300
02-13 17:33:48.728 E/MediaPlayer(  845): getCurrentPosition sec = 847811
02-13 17:33:48.728 E/MediaPlayer(  845): getDuration_l mDuration = 1296300
02-13 17:33:48.808 I/wpa_supplicant(  399): State: INACTIVE -> SCANNING
02-13 17:33:48.808 I/wpa_supplicant(  399): CTRL-EVENT-STATE-CHANGE id=-1 state=2 BSSID=00:00:00:00:00:00
02-13 17:33:48.808 D/NetworkStateTracker(  256): setDetailed state, old =IDLE and new state=SCANNING
02-13 17:33:49.729 E/MediaPlayer(  845): getCurrentPosition sec = 848772
02-13 17:33:49.729 E/MediaPlayer(  845): getDuration_l mDuration = 1296300
02-13 17:33:49.779 I/dun_service(  124): process rmnet event
02-13 17:33:49.779 I/dun_service(  124): Post event 4
02-13 17:33:49.779 I/dun_service(  124): received event: DUN_EVENT_RMNET_UP 
02-13 17:33:49.779 I/dun_service(  124): received event(DUN_EVENT_RMNET_UP) in state(DUN_STATE_USB_UNPLUG)
02-13 17:33:49.779 I/dun_service(  124): Ignoring the event DUN_EVENT_RMNET_UP in USB_UNPLUG_STATE
02-13 17:33:49.779 I/dun_service(  124): Moved to state(DUN_STATE_USB_UNPLUG)
02-13 17:33:49.779 I/wpa_supplicant(  399): State: SCANNING -> INACTIVE
02-13 17:33:49.779 I/wpa_supplicant(  399): CTRL-EVENT-STATE-CHANGE id=-1 state=1 BSSID=00:00:00:00:00:00
02-13 17:33:49.779 D/WifiStateTracker(  256): setNotificationVisible() visible=false mNotificationShown=false force=false return.
02-13 17:33:49.789 D/NetworkStateTracker(  256): setDetailed state, old =SCANNING and new state=IDLE
02-13 17:33:50.730 E/MediaPlayer(  845): getCurrentPosition sec = 849870
02-13 17:33:50.730 E/MediaPlayer(  845): getDuration_l mDuration = 1296300
02-13 17:33:51.300 D/DATA    (  344): [DSST(0)] pollstate() : reason = data network state changed
02-13 17:33:51.310 D/DATA    (  344): [DSST(0)] pollstate() : reason = data network state changed
02-13 17:33:51.370 D/MobileDataStateTracker(  256): [hipri]  MobileDataStateReceiver onReceive(): Entry.
02-13 17:33:51.370 D/MobileDataStateTracker(  256): [hipri]  intent.getAction()= android.intent.action.SERVICE_STATE
02-13 17:33:51.370 D/MobileDataStateTracker(  256): [hipri]  mEnabled = false
02-13 17:33:51.370 D/MobileDataStateTracker(  256): [dun]  MobileDataStateReceiver onReceive(): Entry.
02-13 17:33:51.370 D/MobileDataStateTracker(  256): [dun]  intent.getAction()= android.intent.action.SERVICE_STATE
02-13 17:33:51.370 D/MobileDataStateTracker(  256): [dun]  mEnabled = false
02-13 17:33:51.380 D/MobileDataStateTracker(  256): [supl]  MobileDataStateReceiver onReceive(): Entry.
02-13 17:33:51.380 D/MobileDataStateTracker(  256): [supl]  intent.getAction()= android.intent.action.SERVICE_STATE
02-13 17:33:51.380 D/MobileDataStateTracker(  256): [supl]  mEnabled = false
02-13 17:33:51.380 D/MobileDataStateTracker(  256): [mms]  MobileDataStateReceiver onReceive(): Entry.
02-13 17:33:51.380 D/MobileDataStateTracker(  256): [mms]  intent.getAction()= android.intent.action.SERVICE_STATE
02-13 17:33:51.380 D/MobileDataStateTracker(  256): [mms]  mEnabled = false
02-13 17:33:51.380 D/MobileDataStateTracker(  256): [default]  MobileDataStateReceiver onReceive(): Entry.
02-13 17:33:51.380 D/MobileDataStateTracker(  256): [default]  intent.getAction()= android.intent.action.SERVICE_STATE
02-13 17:33:51.380 D/MobileDataStateTracker(  256): [default]  mEnabled = true
02-13 17:33:51.380 D/CallManager(  344):  handleMessage (EVENT_SERVICE_STATE_CHANGED)
02-13 17:33:51.380 E/BT HS/HF(  344): SERVICE_STATE_CHANGED called
02-13 17:33:51.380 E/BT HS/HF(  344): updateServiceState called, sendUpdate:false  ServiceState:0 home Sprint  310099  EvDo rev. A CSS not supported 41 4139RoamInd: 1RoamStatus(sprint): 1DefRoamInd: 160EmergOnly: false
02-13 17:33:51.380 E/BT HS/HF(  344): service:1 mService:1
02-13 17:33:51.390 D/DATA    (  344): [DSST(0)]  registrationState = 1  radioTechnology = 8 reasonForDenial = 0
02-13 17:33:51.390 D/DATA    (  344): [DSST(0)]  set mNewDataConnectionState = 0
02-13 17:33:51.390 D/DATA    (  344): [DSST(0)]  mNewDataConnectionState : 0  mDataConnectionState : 0
02-13 17:33:51.390 D/DATA    (  344): [DSST(0)] Poll ServiceState done: oldSS=[0 home null null null  EvDo rev. A CSS not supported -1 -1RoamInd: -1RoamStatus(sprint): -1DefRoamInd: -1EmergOnly: false] newSS=[0 home null null null  EvDo rev. A CSS not supported -1 -1RoamInd: -1RoamStatus(sprint): -1DefRoamInd: -1EmergOnly: false]
02-13 17:33:51.390 D/DATA    (  344): [DSST(0)]  mDataConnectionState = 0
02-13 17:33:51.410 D/Mms     (  811): currentRoamingStatus:1
02-13 17:33:51.741 E/MediaPlayer(  845): getCurrentPosition sec = 850830
02-13 17:33:51.741 E/MediaPlayer(  845): getDuration_l mDuration = 1296300
02-13 17:33:52.732 E/MediaPlayer(  845): getCurrentPosition sec = 851791
02-13 17:33:52.732 E/MediaPlayer(  845): getDuration_l mDuration = 1296300
02-13 17:33:53.743 E/MediaPlayer(  845): getCurrentPosition sec = 852889
02-13 17:33:53.743 E/MediaPlayer(  845): getDuration_l mDuration = 1296300
02-13 17:33:54.754 E/MediaPlayer(  845): getCurrentPosition sec = 853850
02-13 17:33:54.754 E/MediaPlayer(  845): getDuration_l mDuration = 1296300
02-13 17:33:55.755 E/MediaPlayer(  845): getCurrentPosition sec = 854810
02-13 17:33:55.755 E/MediaPlayer(  845): getDuration_l mDuration = 1296300
02-13 17:33:56.385 D/DATA    (  344): [DSST(0)] pollstate() : reason = data network state changed
02-13 17:33:56.415 D/MobileDataStateTracker(  256): [hipri]  MobileDataStateReceiver onReceive(): Entry.
02-13 17:33:56.415 D/MobileDataStateTracker(  256): [hipri]  intent.getAction()= android.intent.action.SERVICE_STATE
02-13 17:33:56.415 D/MobileDataStateTracker(  256): [hipri]  mEnabled = false
02-13 17:33:56.415 D/MobileDataStateTracker(  256): [dun]  MobileDataStateReceiver onReceive(): Entry.
02-13 17:33:56.415 D/MobileDataStateTracker(  256): [dun]  intent.getAction()= android.intent.action.SERVICE_STATE
02-13 17:33:56.415 D/MobileDataStateTracker(  256): [dun]  mEnabled = false
02-13 17:33:56.425 D/MobileDataStateTracker(  256): [supl]  MobileDataStateReceiver onReceive(): Entry.
02-13 17:33:56.425 D/MobileDataStateTracker(  256): [supl]  intent.getAction()= android.intent.action.SERVICE_STATE
02-13 17:33:56.425 D/MobileDataStateTracker(  256): [supl]  mEnabled = false
02-13 17:33:56.425 D/MobileDataStateTracker(  256): [mms]  MobileDataStateReceiver onReceive(): Entry.
02-13 17:33:56.425 D/MobileDataStateTracker(  256): [mms]  intent.getAction()= android.intent.action.SERVICE_STATE
02-13 17:33:56.425 D/MobileDataStateTracker(  256): [mms]  mEnabled = false
02-13 17:33:56.425 D/MobileDataStateTracker(  256): [default]  MobileDataStateReceiver onReceive(): Entry.
02-13 17:33:56.425 D/MobileDataStateTracker(  256): [default]  intent.getAction()= android.intent.action.SERVICE_STATE
02-13 17:33:56.425 D/MobileDataStateTracker(  256): [default]  mEnabled = true
02-13 17:33:56.445 D/CallManager(  344):  handleMessage (EVENT_SERVICE_STATE_CHANGED)
02-13 17:33:56.445 E/BT HS/HF(  344): SERVICE_STATE_CHANGED called
02-13 17:33:56.445 E/BT HS/HF(  344): updateServiceState called, sendUpdate:false  ServiceState:0 home Sprint  310099  EvDo rev. A CSS not supported 41 4139RoamInd: 1RoamStatus(sprint): 1DefRoamInd: 160EmergOnly: false
02-13 17:33:56.445 E/BT HS/HF(  344): service:1 mService:1
02-13 17:33:56.445 D/DATA    (  344): [DSST(0)]  registrationState = 1  radioTechnology = 8 reasonForDenial = 0
02-13 17:33:56.445 D/DATA    (  344): [DSST(0)]  set mNewDataConnectionState = 0
02-13 17:33:56.445 D/DATA    (  344): [DSST(0)]  mNewDataConnectionState : 0  mDataConnectionState : 0
02-13 17:33:56.445 D/DATA    (  344): [DSST(0)] Poll ServiceState done: oldSS=[0 home null null null  EvDo rev. A CSS not supported -1 -1RoamInd: -1RoamStatus(sprint): -1DefRoamInd: -1EmergOnly: false] newSS=[0 home null null null  EvDo rev. A CSS not supported -1 -1RoamInd: -1RoamStatus(sprint): -1DefRoamInd: -1EmergOnly: false]
02-13 17:33:56.445 D/DATA    (  344): [DSST(0)]  mDataConnectionState = 0
02-13 17:33:56.445 D/Mms     (  811): currentRoamingStatus:1
02-13 17:33:56.765 E/MediaPlayer(  845): getCurrentPosition sec = 855908
02-13 17:33:56.765 E/MediaPlayer(  845): getDuration_l mDuration = 1296300
02-13 17:33:57.756 D/DATA    (  344): [DSST(0)] pollstate() : reason = data network state changed
02-13 17:33:57.776 E/MediaPlayer(  845): getCurrentPosition sec = 856868
02-13 17:33:57.776 E/MediaPlayer(  845): getDuration_l mDuration = 1296300
02-13 17:33:57.786 D/MobileDataStateTracker(  256): [hipri]  MobileDataStateReceiver onReceive(): Entry.
02-13 17:33:57.786 D/MobileDataStateTracker(  256): [hipri]  intent.getAction()= android.intent.action.SERVICE_STATE
02-13 17:33:57.786 D/MobileDataStateTracker(  256): [hipri]  mEnabled = false
02-13 17:33:57.786 D/MobileDataStateTracker(  256): [dun]  MobileDataStateReceiver onReceive(): Entry.
02-13 17:33:57.786 D/MobileDataStateTracker(  256): [dun]  intent.getAction()= android.intent.action.SERVICE_STATE
02-13 17:33:57.786 D/MobileDataStateTracker(  256): [dun]  mEnabled = false
02-13 17:33:57.786 D/MobileDataStateTracker(  256): [supl]  MobileDataStateReceiver onReceive(): Entry.
02-13 17:33:57.786 D/MobileDataStateTracker(  256): [supl]  intent.getAction()= android.intent.action.SERVICE_STATE
02-13 17:33:57.786 D/MobileDataStateTracker(  256): [supl]  mEnabled = false
02-13 17:33:57.786 D/MobileDataStateTracker(  256): [mms]  MobileDataStateReceiver onReceive(): Entry.
02-13 17:33:57.786 D/MobileDataStateTracker(  256): [mms]  intent.getAction()= android.intent.action.SERVICE_STATE
02-13 17:33:57.786 D/MobileDataStateTracker(  256): [mms]  mEnabled = false
02-13 17:33:57.796 D/MobileDataStateTracker(  256): [default]  MobileDataStateReceiver onReceive(): Entry.
02-13 17:33:57.796 D/MobileDataStateTracker(  256): [default]  intent.getAction()= android.intent.action.SERVICE_STATE
02-13 17:33:57.796 D/MobileDataStateTracker(  256): [default]  mEnabled = true
02-13 17:33:57.796 D/CallManager(  344):  handleMessage (EVENT_SERVICE_STATE_CHANGED)
02-13 17:33:57.796 E/BT HS/HF(  344): SERVICE_STATE_CHANGED called
02-13 17:33:57.796 E/BT HS/HF(  344): updateServiceState called, sendUpdate:false  ServiceState:0 home Sprint  310099  EvDo rev. A CSS not supported 41 4139RoamInd: 1RoamStatus(sprint): 1DefRoamInd: 160EmergOnly: false
02-13 17:33:57.796 E/BT HS/HF(  344): service:1 mService:1
02-13 17:33:57.807 D/DATA    (  344): [DSST(0)]  registrationState = 1  radioTechnology = 8 reasonForDenial = 0
02-13 17:33:57.807 D/DATA    (  344): [DSST(0)]  set mNewDataConnectionState = 0
02-13 17:33:57.807 D/DATA    (  344): [DSST(0)]  mNewDataConnectionState : 0  mDataConnectionState : 0
02-13 17:33:57.807 D/DATA    (  344): [DSST(0)] Poll ServiceState done: oldSS=[0 home null null null  EvDo rev. A CSS not supported -1 -1RoamInd: -1RoamStatus(sprint): -1DefRoamInd: -1EmergOnly: false] newSS=[0 home null null null  EvDo rev. A CSS not supported -1 -1RoamInd: -1RoamStatus(sprint): -1DefRoamInd: -1EmergOnly: false]
02-13 17:33:57.807 D/DATA    (  344): [DSST(0)]  mDataConnectionState = 0
02-13 17:33:57.837 D/Mms     (  811): currentRoamingStatus:1
02-13 17:33:58.777 E/MediaPlayer(  845): getCurrentPosition sec = 857829
02-13 17:33:58.777 E/MediaPlayer(  845): getDuration_l mDuration = 1296300
02-13 17:33:59.788 E/MediaPlayer(  845): getCurrentPosition sec = 858926
02-13 17:33:59.788 E/MediaPlayer(  845): getDuration_l mDuration = 1296300
02-13 17:34:00.019 D/KeyguardUpdateMonitor(  256): received broadcast android.intent.action.TIME_TICK
02-13 17:34:00.019 D/KeyguardUpdateMonitor(  256): handleTimeUpdate
02-13 17:34:00.789 E/MediaPlayer(  845): getCurrentPosition sec = 859887
02-13 17:34:00.789 E/MediaPlayer(  845): getDuration_l mDuration = 1296300
02-13 17:34:01.500 D/DATA    (  344): [DSST(0)] pollstate() : reason = data network state changed
02-13 17:34:01.540 D/DATA    (  344): [DSST(0)] pollstate() : reason = data network state changed
02-13 17:34:01.630 D/MobileDataStateTracker(  256): [hipri]  MobileDataStateReceiver onReceive(): Entry.
02-13 17:34:01.630 D/MobileDataStateTracker(  256): [hipri]  intent.getAction()= android.intent.action.SERVICE_STATE
02-13 17:34:01.630 D/MobileDataStateTracker(  256): [hipri]  mEnabled = false
02-13 17:34:01.630 D/MobileDataStateTracker(  256): [dun]  MobileDataStateReceiver onReceive(): Entry.
02-13 17:34:01.630 D/MobileDataStateTracker(  256): [dun]  intent.getAction()= android.intent.action.SERVICE_STATE
02-13 17:34:01.630 D/MobileDataStateTracker(  256): [dun]  mEnabled = false
02-13 17:34:01.640 D/MobileDataStateTracker(  256): [supl]  MobileDataStateReceiver onReceive(): Entry.
02-13 17:34:01.640 D/MobileDataStateTracker(  256): [supl]  intent.getAction()= android.intent.action.SERVICE_STATE
02-13 17:34:01.640 D/MobileDataStateTracker(  256): [supl]  mEnabled = false
02-13 17:34:01.640 D/DATA    (  344): [DSST(0)]  registrationState = 1  radioTechnology = 8 reasonForDenial = 0
02-13 17:34:01.640 D/DATA    (  344): [DSST(0)]  set mNewDataConnectionState = 0
02-13 17:34:01.640 D/DATA    (  344): [DSST(0)]  mNewDataConnectionState : 0  mDataConnectionState : 0
02-13 17:34:01.640 D/DATA    (  344): [DSST(0)] Poll ServiceState done: oldSS=[0 home null null null  EvDo rev. A CSS not supported -1 -1RoamInd: -1RoamStatus(sprint): -1DefRoamInd: -1EmergOnly: false] newSS=[0 home null null null  EvDo rev. A CSS not supported -1 -1RoamInd: -1RoamStatus(sprint): -1DefRoamInd: -1EmergOnly: false]
02-13 17:34:01.640 D/DATA    (  344): [DSST(0)]  mDataConnectionState = 0
02-13 17:34:01.640 D/CallManager(  344):  handleMessage (EVENT_SERVICE_STATE_CHANGED)
02-13 17:34:01.640 E/BT HS/HF(  344): SERVICE_STATE_CHANGED called
02-13 17:34:01.640 E/BT HS/HF(  344): updateServiceState called, sendUpdate:false  ServiceState:0 home Sprint  310099  EvDo rev. A CSS not supported 41 4139RoamInd: 1RoamStatus(sprint): 1DefRoamInd: 160EmergOnly: false
02-13 17:34:01.640 E/BT HS/HF(  344): service:1 mService:1
02-13 17:34:01.660 D/MobileDataStateTracker(  256): [mms]  MobileDataStateReceiver onReceive(): Entry.
02-13 17:34:01.660 D/MobileDataStateTracker(  256): [mms]  intent.getAction()= android.intent.action.SERVICE_STATE
02-13 17:34:01.660 D/MobileDataStateTracker(  256): [mms]  mEnabled = false
02-13 17:34:01.660 D/MobileDataStateTracker(  256): [default]  MobileDataStateReceiver onReceive(): Entry.
02-13 17:34:01.660 D/MobileDataStateTracker(  256): [default]  intent.getAction()= android.intent.action.SERVICE_STATE
02-13 17:34:01.660 D/MobileDataStateTracker(  256): [default]  mEnabled = true
02-13 17:34:01.670 D/Mms     (  811): currentRoamingStatus:1
02-13 17:34:01.800 E/MediaPlayer(  845): getCurrentPosition sec = 860848
02-13 17:34:01.800 E/MediaPlayer(  845): getDuration_l mDuration = 1296300
02-13 17:34:02.801 E/MediaPlayer(  845): getCurrentPosition sec = 861945
02-13 17:34:02.801 E/MediaPlayer(  845): getDuration_l mDuration = 1296300
02-13 17:34:03.812 E/MediaPlayer(  845): getCurrentPosition sec = 862906
02-13 17:34:03.812 E/MediaPlayer(  845): getDuration_l mDuration = 1296300
02-13 17:34:04.793 I/wpa_supplicant(  399): State: INACTIVE -> SCANNING
02-13 17:34:04.793 I/wpa_supplicant(  399): CTRL-EVENT-STATE-CHANGE id=-1 state=2 BSSID=00:00:00:00:00:00
02-13 17:34:04.803 D/NetworkStateTracker(  256): setDetailed state, old =IDLE and new state=SCANNING
02-13 17:34:04.813 E/MediaPlayer(  845): getCurrentPosition sec = 863867
02-13 17:34:04.813 E/MediaPlayer(  845): getDuration_l mDuration = 1296300
02-13 17:34:05.784 I/dun_service(  124): process rmnet event
02-13 17:34:05.784 I/dun_service(  124): Post event 4
02-13 17:34:05.784 I/dun_service(  124): received event: DUN_EVENT_RMNET_UP 
02-13 17:34:05.784 I/dun_service(  124): received event(DUN_EVENT_RMNET_UP) in state(DUN_STATE_USB_UNPLUG)
02-13 17:34:05.784 I/dun_service(  124): Ignoring the event DUN_EVENT_RMNET_UP in USB_UNPLUG_STATE
02-13 17:34:05.784 I/dun_service(  124): Moved to state(DUN_STATE_USB_UNPLUG)
02-13 17:34:05.794 I/wpa_supplicant(  399): State: SCANNING -> INACTIVE
02-13 17:34:05.794 I/wpa_supplicant(  399): CTRL-EVENT-STATE-CHANGE id=-1 state=1 BSSID=00:00:00:00:00:00
02-13 17:34:05.794 D/WifiStateTracker(  256): setNotificationVisible() visible=false mNotificationShown=false force=false return.
02-13 17:34:05.794 D/NetworkStateTracker(  256): setDetailed state, old =SCANNING and new state=IDLE
02-13 17:34:05.814 E/MediaPlayer(  845): getCurrentPosition sec = 864965
02-13 17:34:05.814 E/MediaPlayer(  845): getDuration_l mDuration = 1296300
02-13 17:34:06.645 D/DATA    (  344): [DSST(0)] pollstate() : reason = data network state changed
02-13 17:34:06.725 D/MobileDataStateTracker(  256): [hipri]  MobileDataStateReceiver onReceive(): Entry.
02-13 17:34:06.725 D/MobileDataStateTracker(  256): [hipri]  intent.getAction()= android.intent.action.SERVICE_STATE
02-13 17:34:06.725 D/MobileDataStateTracker(  256): [hipri]  mEnabled = false
02-13 17:34:06.725 D/MobileDataStateTracker(  256): [dun]  MobileDataStateReceiver onReceive(): Entry.
02-13 17:34:06.725 D/MobileDataStateTracker(  256): [dun]  intent.getAction()= android.intent.action.SERVICE_STATE
02-13 17:34:06.725 D/MobileDataStateTracker(  256): [dun]  mEnabled = false
02-13 17:34:06.725 D/MobileDataStateTracker(  256): [supl]  MobileDataStateReceiver onReceive(): Entry.
02-13 17:34:06.725 D/MobileDataStateTracker(  256): [supl]  intent.getAction()= android.intent.action.SERVICE_STATE
02-13 17:34:06.725 D/MobileDataStateTracker(  256): [supl]  mEnabled = false
02-13 17:34:06.725 D/MobileDataStateTracker(  256): [mms]  MobileDataStateReceiver onReceive(): Entry.
02-13 17:34:06.725 D/MobileDataStateTracker(  256): [mms]  intent.getAction()= android.intent.action.SERVICE_STATE
02-13 17:34:06.725 D/MobileDataStateTracker(  256): [mms]  mEnabled = false
02-13 17:34:06.735 D/MobileDataStateTracker(  256): [default]  MobileDataStateReceiver onReceive(): Entry.
02-13 17:34:06.735 D/MobileDataStateTracker(  256): [default]  intent.getAction()= android.intent.action.SERVICE_STATE
02-13 17:34:06.735 D/MobileDataStateTracker(  256): [default]  mEnabled = true
02-13 17:34:06.735 D/CallManager(  344):  handleMessage (EVENT_SERVICE_STATE_CHANGED)
02-13 17:34:06.735 E/BT HS/HF(  344): SERVICE_STATE_CHANGED called
02-13 17:34:06.735 E/BT HS/HF(  344): updateServiceState called, sendUpdate:false  ServiceState:0 home Sprint  310099  EvDo rev. A CSS not supported 41 4139RoamInd: 1RoamStatus(sprint): 1DefRoamInd: 160EmergOnly: false
02-13 17:34:06.735 E/BT HS/HF(  344): service:1 mService:1
02-13 17:34:06.735 D/DATA    (  344): [DSST(0)]  registrationState = 1  radioTechnology = 8 reasonForDenial = 0
02-13 17:34:06.735 D/DATA    (  344): [DSST(0)]  set mNewDataConnectionState = 0
02-13 17:34:06.735 D/DATA    (  344): [DSST(0)]  mNewDataConnectionState : 0  mDataConnectionState : 0
02-13 17:34:06.745 D/DATA    (  344): [DSST(0)] Poll ServiceState done: oldSS=[0 home null null null  EvDo rev. A CSS not supported -1 -1RoamInd: -1RoamStatus(sprint): -1DefRoamInd: -1EmergOnly: false] newSS=[0 home null null null  EvDo rev. A CSS not supported -1 -1RoamInd: -1RoamStatus(sprint): -1DefRoamInd: -1EmergOnly: false]
02-13 17:34:06.745 D/DATA    (  344): [DSST(0)]  mDataConnectionState = 0
02-13 17:34:06.775 D/Mms     (  811): currentRoamingStatus:1
02-13 17:34:06.835 E/MediaPlayer(  845): getCurrentPosition sec = 865925
02-13 17:34:06.835 E/MediaPlayer(  845): getDuration_l mDuration = 1296300
02-13 17:34:07.836 E/MediaPlayer(  845): getCurrentPosition sec = 866886
02-13 17:34:07.836 E/MediaPlayer(  845): getDuration_l mDuration = 1296300
02-13 17:34:08.837 E/MediaPlayer(  845): getCurrentPosition sec = 867984
02-13 17:34:08.837 E/MediaPlayer(  845): getDuration_l mDuration = 1296300
02-13 17:34:09.848 E/MediaPlayer(  845): getCurrentPosition sec = 868944
02-13 17:34:09.848 E/MediaPlayer(  845): getDuration_l mDuration = 1296300
02-13 17:34:09.918 E/OMX-VDEC-720P(  116): 
02-13 17:34:09.918 E/OMX-VDEC-720P(  116):  Rxd i/p EOS, Notify Driver that EOS has been reached
02-13 17:34:10.449 E/OMX-VDEC-720P(  116): 
02-13 17:34:10.449 E/OMX-VDEC-720P(  116):  Output EOS has been reached
02-13 17:34:10.449 E/OMX-VDEC-720P(  116): 
02-13 17:34:10.449 E/OMX-VDEC-720P(  116):  Rxd OMX_COMPONENT_GENERATE_EOS_DONE
02-13 17:34:10.859 E/MediaPlayer(  845): getCurrentPosition sec = 869905
02-13 17:34:10.859 E/MediaPlayer(  845): getDuration_l mDuration = 1296300
02-13 17:34:11.740 D/DATA    (  344): [DSST(0)] pollstate() : reason = data network state changed
02-13 17:34:11.760 D/MobileDataStateTracker(  256): [hipri]  MobileDataStateReceiver onReceive(): Entry.
02-13 17:34:11.760 D/MobileDataStateTracker(  256): [hipri]  intent.getAction()= android.intent.action.SERVICE_STATE
02-13 17:34:11.760 D/MobileDataStateTracker(  256): [hipri]  mEnabled = false
02-13 17:34:11.770 D/MobileDataStateTracker(  256): [dun]  MobileDataStateReceiver onReceive(): Entry.
02-13 17:34:11.770 D/MobileDataStateTracker(  256): [dun]  intent.getAction()= android.intent.action.SERVICE_STATE
02-13 17:34:11.770 D/MobileDataStateTracker(  256): [dun]  mEnabled = false
02-13 17:34:11.770 D/MobileDataStateTracker(  256): [supl]  MobileDataStateReceiver onReceive(): Entry.
02-13 17:34:11.770 D/MobileDataStateTracker(  256): [supl]  intent.getAction()= android.intent.action.SERVICE_STATE
02-13 17:34:11.770 D/MobileDataStateTracker(  256): [supl]  mEnabled = false
02-13 17:34:11.780 D/MobileDataStateTracker(  256): [mms]  MobileDataStateReceiver onReceive(): Entry.
02-13 17:34:11.780 D/MobileDataStateTracker(  256): [mms]  intent.getAction()= android.intent.action.SERVICE_STATE
02-13 17:34:11.780 D/MobileDataStateTracker(  256): [mms]  mEnabled = false
02-13 17:34:11.780 D/MobileDataStateTracker(  256): [default]  MobileDataStateReceiver onReceive(): Entry.
02-13 17:34:11.780 D/MobileDataStateTracker(  256): [default]  intent.getAction()= android.intent.action.SERVICE_STATE
02-13 17:34:11.780 D/MobileDataStateTracker(  256): [default]  mEnabled = true
02-13 17:34:11.780 D/CallManager(  344):  handleMessage (EVENT_SERVICE_STATE_CHANGED)
02-13 17:34:11.790 E/BT HS/HF(  344): SERVICE_STATE_CHANGED called
02-13 17:34:11.790 E/BT HS/HF(  344): updateServiceState called, sendUpdate:false  ServiceState:0 home Sprint  310099  EvDo rev. A CSS not supported 41 4139RoamInd: 1RoamStatus(sprint): 1DefRoamInd: 160EmergOnly: false
02-13 17:34:11.790 E/BT HS/HF(  344): service:1 mService:1
02-13 17:34:11.790 D/DATA    (  344): [DSST(0)]  registrationState = 1  radioTechnology = 8 reasonForDenial = 0
02-13 17:34:11.790 D/DATA    (  344): [DSST(0)]  set mNewDataConnectionState = 0
02-13 17:34:11.790 D/DATA    (  344): [DSST(0)]  mNewDataConnectionState : 0  mDataConnectionState : 0
02-13 17:34:11.790 D/DATA    (  344): [DSST(0)] Poll ServiceState done: oldSS=[0 home null null null  EvDo rev. A CSS not supported -1 -1RoamInd: -1RoamStatus(sprint): -1DefRoamInd: -1EmergOnly: false] newSS=[0 home null null null  EvDo rev. A CSS not supported -1 -1RoamInd: -1RoamStatus(sprint): -1DefRoamInd: -1EmergOnly: false]
02-13 17:34:11.790 D/DATA    (  344): [DSST(0)]  mDataConnectionState = 0
02-13 17:34:11.800 D/Mms     (  811): currentRoamingStatus:1
02-13 17:34:11.870 E/MediaPlayer(  845): getCurrentPosition sec = 871003
02-13 17:34:11.870 E/MediaPlayer(  845): getDuration_l mDuration = 1296300
02-13 17:34:12.871 E/MediaPlayer(  845): getCurrentPosition sec = 871963
02-13 17:34:12.871 E/MediaPlayer(  845): getDuration_l mDuration = 1296300
02-13 17:34:13.322 W/AwesomePlayer(  116): Got video EOS!
02-13 17:34:13.322 D/AudioTrack(  116): stop 0x262f0
02-13 17:34:13.322 D/AudioFlinger(  116): stop(4098), calling thread 116
02-13 17:34:13.322 E/MediaPlayer(  845): error (1, -1004)
02-13 17:34:13.322 E/MediaPlayer(  845): Error (1,-1004)
02-13 17:34:13.322 W/YouTube (  845): MediaPlayer error during playback [what=1, extra=-1004]
02-13 17:34:13.332 W/YouTube (  845): Retrying MediaPlayer error [retry=1, max=3]
02-13 17:34:13.332 D/AudioTrack(  116): stop 0x262f0
02-13 17:34:13.332 D/AudioTrack(  116): stop 0x262f0
02-13 17:34:13.332 W/TimedEventQueue(  116): Event 71235 was not found in the queue, already cancelled?
02-13 17:34:13.342 E/MediaPlayer(  845): chenjun:acquire wakelock for mediaserver restarting
02-13 17:34:13.342 E/OMX-VDEC-720P(  116): 
02-13 17:34:13.342 E/OMX-VDEC-720P(  116):  send_command_proxy(): Current State 3, Expected State 2
02-13 17:34:13.342 E/OMX-VDEC-720P(  116): 
02-13 17:34:13.342 E/OMX-VDEC-720P(  116):  send_command_proxy(): OMX_CommandStateSet issued
02-13 17:34:13.342 E/OMX-VDEC-720P(  116): 
02-13 17:34:13.342 E/OMX-VDEC-720P(  116):  Current State 3, Expected State 2
02-13 17:34:13.352 E/OMX-VDEC-720P(  116): 
02-13 17:34:13.352 E/OMX-VDEC-720P(  116):  Driver flush i/p Port complete
02-13 17:34:13.352 E/OMX-VDEC-720P(  116): 
02-13 17:34:13.352 E/OMX-VDEC-720P(  116):  OMX flush i/p Port complete PenBuf(0)
02-13 17:34:13.352 E/OMX-VDEC-720P(  116): 
02-13 17:34:13.352 E/OMX-VDEC-720P(  116):  Driver flush o/p Port complete
02-13 17:34:13.352 E/OMX-VDEC-720P(  116): 
02-13 17:34:13.352 E/OMX-VDEC-720P(  116):  OMX flush o/p Port complete PenBuf(0)
02-13 17:34:13.352 E/OMX-VDEC-720P(  116): 
02-13 17:34:13.352 E/OMX-VDEC-720P(  116):  Rxd OMX_COMPONENT_GENERATE_STOP_DONE
02-13 17:34:13.352 E/OMX-VDEC-720P(  116): 
02-13 17:34:13.352 E/OMX-VDEC-720P(  116):  send_command_proxy(): Current State 2, Expected State 1
02-13 17:34:13.352 E/OMX-VDEC-720P(  116): 
02-13 17:34:13.352 E/OMX-VDEC-720P(  116):  send_command_proxy(): OMX_CommandStateSet issued
02-13 17:34:13.352 E/OMX-VDEC-720P(  116): 
02-13 17:34:13.352 E/OMX-VDEC-720P(  116):  Current State 2, Expected State 1
02-13 17:34:13.352 E/OMX-VDEC-720P(  116): 
02-13 17:34:13.352 E/OMX-VDEC-720P(  116):  ALL input buffers are freed/released
02-13 17:34:13.362 E/OMX-VDEC-720P(  116): 
02-13 17:34:13.362 E/OMX-VDEC-720P(  116):  ALL output buffers are freed/released
02-13 17:34:13.362 E/OMX-VDEC-720P(  116): 
02-13 17:34:13.362 E/OMX-VDEC-720P(  116):  OMX_CommandStateSet complete, m_state = 1
02-13 17:34:13.372 D/AudioFlinger(  116): remove track (4098) and delete from mixer
02-13 17:34:13.382 E/OMX-VDEC-720P(  116): 
02-13 17:34:13.382 E/OMX-VDEC-720P(  116):  Playback Ended - PASSED
02-13 17:34:13.382 E/OMX-VDEC-720P(  116): 
02-13 17:34:13.382 E/OMX-VDEC-720P(  116):  ALL output buffers are freed/released
02-13 17:34:13.382 E/OMX-VDEC-720P(  116): 
02-13 17:34:13.382 E/OMX-VDEC-720P(  116):  Error in ioctl read next msg
02-13 17:34:13.382 E/OMX-VDEC-720P(  116): omx_vdec: Async thread stop
02-13 17:34:13.382 E/OMX-VDEC-720P(  116): 
02-13 17:34:13.382 E/OMX-VDEC-720P(  116):  Close the driver instance
02-13 17:34:13.412 E/OMX-VDEC-720P(  116): 
02-13 17:34:13.412 E/OMX-VDEC-720P(  116):  omx_vdec::component_deinit() complete
02-13 17:34:13.412 E/OMX-VDEC-720P(  116): In OMX vdec Destructor
02-13 17:34:13.412 E/OMX-VDEC-720P(  116): omx_vdec: message thread stop
02-13 17:34:13.412 E/OMX-VDEC-720P(  116): Waiting on OMX Msg Thread exit
02-13 17:34:13.412 E/OMX-VDEC-720P(  116): Waiting on OMX Async Thread exit
02-13 17:34:13.412 E/OMX-VDEC-720P(  116): Exit OMX vdec Destructor
02-13 17:34:13.412 D/MediaPlayer(  845): DRM scheme =http
02-13 17:34:13.412 D/MediaPlayer(  845): DRM uri.toString() =http://redirector.c.youtube.com/videoplayback?id=ddcd67df7d33d1a1&itag=18&source=youtube&uaopt=no-save&el=videos&devKey=ATdpM7DMA4JyVrf7elHDrdsO88HsQjpE1a8d1GxQnGDm&app=youtube_gdata&ip=0.0.0.0&ipbits=0&expire=1331767157&sparams=id,itag,source,uaopt,ip,ipbits,expire&signature=E779D2FDABA9F143F3A6049618E586F1394080D8.B7425D80F0E7CD0A7A57D91E441AAF0B2A2683FB&key=yta1
02-13 17:34:13.412 E/wlg     (  845): MediaPlayer.setDataSource()  http_proxyhost = pd.vog.sprintpcs.com
02-13 17:34:13.412 E/wlg     (  845): GetNetworkType()  networkType = CDMA - EvDo rev. A
02-13 17:34:13.412 E/wlg     (  845): GetProxyHeader()  mNAI = ztetestaccount221@sprintpcs.com
02-13 17:34:13.412 E/wlg     (  845): GetProxyHeader()  proxyHeader = enRldGVzdGFjY291bnQyMjFAc3ByaW50cGNzLmNvbTpwY3M=
02-13 17:34:13.412 E/wlg     (  845): SaveProxyToFile() //data/oma/proxy.txt save ok!
02-13 17:34:13.412 D/MediaPlayer(  845): Couldn't open file on client side, trying server side
02-13 17:34:13.412 E/wlg     (  845): MediaPlayer.setDataSource  keep the screen stay bright
02-13 17:34:13.412 D/MediaPlayer(  845): setDataSource(http://redirector.c.youtube.com/videoplayback?id=ddcd67df7d33d1a1&itag=18&source=youtube&uaopt=no-save&el=videos&devKey=ATdpM7DMA4JyVrf7elHDrdsO88HsQjpE1a8d1GxQnGDm&app=youtube_gdata&ip=0.0.0.0&ipbits=0&expire=1331767157&sparams=id,itag,source,uaopt,ip,ipbits,expire&signature=E779D2FDABA9F143F3A6049618E586F1394080D8.B7425D80F0E7CD0A7A57D91E441AAF0B2A2683FB&key=yta1)
02-13 17:34:13.412 D/MediaPlayerService(  116): Create new client(19) from pid 845, url=http://redirector.c.youtube.com/videoplayback?id=ddcd67df7d33d1a1&itag=18&source=youtube&uaopt=no-save&el=videos&devKey=ATdpM7DMA4JyVrf7elHDrdsO88HsQjpE1a8d1GxQnGDm&app=youtube_gdata&ip=0.0.0.0&ipbits=0&expire=1331767157&sparams=id,itag,source,uaopt,ip,ipbits,expire&signature=E779D2FDABA9F143F3A6049618E586F1394080D8.B7425D80F0E7CD0A7A57D91E441AAF0B2A2683FB&key=yta1, connId=19, audioSessionId=26
02-13 17:34:13.412 E/MediaPlayerService(  116): setDataSource(http://redirector.c.youtube.com/videoplayback?id=ddcd67df7d33d1a1&itag=18&source=youtube&uaopt=no-save&el=videos&devKey=ATdpM7DMA4JyVrf7elHDrdsO88HsQjpE1a8d1GxQnGDm&app=youtube_gdata&ip=0.0.0.0&ipbits=0&expire=1331767157&sparams=id,itag,source,uaopt,ip,ipbits,expire&signature=E779D2FDABA9F143F3A6049618E586F1394080D8.B7425D80F0E7CD0A7A57D91E441AAF0B2A2683FB&key=yta1)
02-13 17:34:13.412 D/MediaPlayerService(  116): get player type from url: http://redirector.c.youtube.com/videoplayback?id=ddcd67df7d33d1a1&itag=18&source=youtube&uaopt=no-save&el=videos&devKey=ATdpM7DMA4JyVrf7elHDrdsO88HsQjpE1a8d1GxQnGDm&app=youtube_gdata&ip=0.0.0.0&ipbits=0&expire=1331767157&sparams=id,itag,source,uaopt,ip,ipbits,expire&signature=E779D2FDABA9F143F3A6049618E586F1394080D8.B7425D80F0E7CD0A7A57D91E441AAF0B2A2683FB&key=yta1
02-13 17:34:13.412 D/MediaPlayerService(  116): drm EAS_Shutdown url: http://redirector.c.youtube.com/videoplayback?id=ddcd67df7d33d1a1&itag=18&source=youtube&uaopt=no-save&el=videos&devKey=ATdpM7DMA4JyVrf7elHDrdsO88HsQjpE1a8d1GxQnGDm&app=youtube_gdata&ip=0.0.0.0&ipbits=0&expire=1331767157&sparams=id,itag,source,uaopt,ip,ipbits,expire&signature=E779D2FDABA9F143F3A6049618E586F1394080D8.B7425D80F0E7CD0A7A57D91E441AAF0B2A2683FB&key=yta1
02-13 17:34:13.412 D/MediaPlayerService(  116): extension = .sp-midi
02-13 17:34:13.412 D/MediaPlayerService(  116): extension = .spmid
02-13 17:34:13.412 D/MediaPlayerService(  116): extension = .mid
02-13 17:34:13.412 D/MediaPlayerService(  116): extension = .midi
02-13 17:34:13.412 D/MediaPlayerService(  116): extension = .smf
02-13 17:34:13.412 D/MediaPlayerService(  116): extension = .xmf
02-13 17:34:13.412 D/MediaPlayerService(  116): extension = .imy
02-13 17:34:13.412 D/MediaPlayerService(  116): extension = .imelody
02-13 17:34:13.412 D/MediaPlayerService(  116): extension = .rtttl
02-13 17:34:13.412 D/MediaPlayerService(  116): extension = .rtx
02-13 17:34:13.412 D/MediaPlayerService(  116): extension = .ota
02-13 17:34:13.412 D/MediaPlayerService(  116): extension = .ogg
02-13 17:34:13.412 D/MediaPlayerService(  116): extension = .oga
02-13 17:34:13.412 D/MediaPlayerService(  116): extension = .amr
02-13 17:34:13.412 D/MediaPlayerService(  116): extension = .wma
02-13 17:34:13.412 D/MediaPlayerService(  116): extension = .wmv
02-13 17:34:13.412 D/MediaPlayerService(  116): extension = .asf
02-13 17:34:13.412 D/MediaPlayerService(  116): extension = .3g2
02-13 17:34:13.412 D/MediaPlayerService(  116): extension = .aac
02-13 17:34:13.412 D/MediaPlayerService(  116): LsOmaDrmAPI_OpenFromFile result is 196622
02-13 17:34:13.412 D/MediaPlayerService(  116): get Default Player Type from url: http://redirector.c.youtube.com/videoplayback?id=ddcd67df7d33d1a1&itag=18&source=youtube&uaopt=no-save&el=videos&devKey=ATdpM7DMA4JyVrf7elHDrdsO88HsQjpE1a8d1GxQnGDm&app=youtube_gdata&ip=0.0.0.0&ipbits=0&expire=1331767157&sparams=id,itag,source,uaopt,ip,ipbits,expire&signature=E779D2FDABA9F143F3A6049618E586F1394080D8.B7425D80F0E7CD0A7A57D91E441AAF0B2A2683FB&key=yta1
02-13 17:34:13.412 E/MediaPlayerService(  116): else player type = 4
02-13 17:34:13.412 E/MediaPlayerService(  116):  create StagefrightPlayer
02-13 17:34:13.422 E/NuHTTPDataSource(  116): wlg  NuHTTPDataSource::GetHTTPProxy()
02-13 17:34:13.422 E/NuHTTPDataSource(  116): tmpStr pd.vog.sprintpcs.com#8085#CDMA - EvDo rev. A#enRldGVzdGFjY291bnQyMjFAc3ByaW50cGNzLmNvbTpwY3M=
02-13 17:34:13.422 E/NuHTTPDataSource(  116): wlg  NuHTTPDataSource::connect()  mUri = http://redirector.c.youtube.com/videoplayback?id=ddcd67df7d33d1a1&itag=18&source=youtube&uaopt=no-save&el=videos&devKey=ATdpM7DMA4JyVrf7elHDrdsO88HsQjpE1a8d1GxQnGDm&app=youtube_gdata&ip=0.0.0.0&ipbits=0&expire=1331767157&sparams=id,itag,source,uaopt,ip,ipbits,expire&signature=E779D2FDABA9F143F3A6049618E586F1394080D8.B7425D80F0E7CD0A7A57D91E441AAF0B2A2683FB&key=yta1
02-13 17:34:13.422 E/NuHTTPDataSource(  116): wlg  NuHTTPDataSource::GetHTTPProxy()
02-13 17:34:13.422 E/NuHTTPDataSource(  116): tmpStr pd.vog.sprintpcs.com#8085#CDMA - EvDo rev. A#enRldGVzdGFjY291bnQyMjFAc3ByaW50cGNzLmNvbTpwY3M=
02-13 17:34:16.325 D/AudioHardwareMSM7X30(  116): AudioStreamOutMSM72xx::standby()
02-13 17:34:16.325 D/AudioHardwareMSM7X30(  116): Deroute pcm out stream
02-13 17:34:16.325 D/AudioHardwareMSM7X30(  116): updateDeviceInfo: E rx_device 2 and tx_device 3
02-13 17:34:16.325 D/AudioHardwareMSM7X30(  116): No active voicecall/playback, disabling cur_rx 2
02-13 17:34:16.325 D/AudioHardwareMSM7X30(  116): value of device and enable is 2 0 ALSA dev id:3
02-13 17:34:16.345 D/AudioHardwareMSM7X30(  116): No active voicecall/recording, disabling cur_tx 3
02-13 17:34:16.345 D/AudioHardwareMSM7X30(  116): value of device and enable is 3 0 ALSA dev id:10
02-13 17:34:16.345 E/AudioHardwareMSM7X30(  116): There is no node in the routing table!
02-13 17:34:16.345 D/AudioHardwareMSM7X30(  116): updateDeviceInfo: X cur_rx 2 cur_tx 3
02-13 17:34:16.875 D/DATA    (  344): [DSST(0)] pollstate() : reason = data network state changed
02-13 17:34:16.935 D/MobileDataStateTracker(  256): [hipri]  MobileDataStateReceiver onReceive(): Entry.
02-13 17:34:16.935 D/MobileDataStateTracker(  256): [hipri]  intent.getAction()= android.intent.action.SERVICE_STATE
02-13 17:34:16.935 D/MobileDataStateTracker(  256): [hipri]  mEnabled = false
02-13 17:34:16.935 D/MobileDataStateTracker(  256): [dun]  MobileDataStateReceiver onReceive(): Entry.
02-13 17:34:16.935 D/MobileDataStateTracker(  256): [dun]  intent.getAction()= android.intent.action.SERVICE_STATE
02-13 17:34:16.935 D/MobileDataStateTracker(  256): [dun]  mEnabled = false
02-13 17:34:16.935 D/MobileDataStateTracker(  256): [supl]  MobileDataStateReceiver onReceive(): Entry.
02-13 17:34:16.935 D/MobileDataStateTracker(  256): [supl]  intent.getAction()= android.intent.action.SERVICE_STATE
02-13 17:34:16.935 D/MobileDataStateTracker(  256): [supl]  mEnabled = false
02-13 17:34:16.935 D/MobileDataStateTracker(  256): [mms]  MobileDataStateReceiver onReceive(): Entry.
02-13 17:34:16.935 D/MobileDataStateTracker(  256): [mms]  intent.getAction()= android.intent.action.SERVICE_STATE
02-13 17:34:16.935 D/MobileDataStateTracker(  256): [mms]  mEnabled = false
02-13 17:34:16.945 D/MobileDataStateTracker(  256): [default]  MobileDataStateReceiver onReceive(): Entry.
02-13 17:34:16.945 D/MobileDataStateTracker(  256): [default]  intent.getAction()= android.intent.action.SERVICE_STATE
02-13 17:34:16.945 D/MobileDataStateTracker(  256): [default]  mEnabled = true
02-13 17:34:16.945 D/CallManager(  344):  handleMessage (EVENT_SERVICE_STATE_CHANGED)
02-13 17:34:16.945 E/BT HS/HF(  344): SERVICE_STATE_CHANGED called
02-13 17:34:16.945 E/BT HS/HF(  344): updateServiceState called, sendUpdate:false  ServiceState:0 home Sprint  310099  EvDo rev. A CSS not supported 41 4139RoamInd: 1RoamStatus(sprint): 1DefRoamInd: 160EmergOnly: false
02-13 17:34:16.945 E/BT HS/HF(  344): service:1 mService:1
02-13 17:34:16.945 D/DATA    (  344): [DSST(0)]  registrationState = 1  radioTechnology = 8 reasonForDenial = 0
02-13 17:34:16.945 D/DATA    (  344): [DSST(0)]  set mNewDataConnectionState = 0
02-13 17:34:16.945 D/DATA    (  344): [DSST(0)]  mNewDataConnectionState : 0  mDataConnectionState : 0
02-13 17:34:16.945 D/DATA    (  344): [DSST(0)] Poll ServiceState done: oldSS=[0 home null null null  EvDo rev. A CSS not supported -1 -1RoamInd: -1RoamStatus(sprint): -1DefRoamInd: -1EmergOnly: false] newSS=[0 home null null null  EvDo rev. A CSS not supported -1 -1RoamInd: -1RoamStatus(sprint): -1DefRoamInd: -1EmergOnly: false]
02-13 17:34:16.945 D/DATA    (  344): [DSST(0)]  mDataConnectionState = 0
02-13 17:34:16.965 D/Mms     (  811): currentRoamingStatus:1
02-13 17:34:17.666 I/DATA    (  344): [DCT(0) ] onDataCallListChanged:
02-13 17:34:17.666 I/DATA    (  344): [DCT(0) ] ---dc state list---
02-13 17:34:17.666 I/DATA    (  344): [DCT(0) ] DataCallState: { cid: 0, active: 2, type: , apn: , address: 174.156.234.163 }
02-13 17:34:17.666 I/DATA    (  344): [DCT(0) ] ---dc list---
02-13 17:34:17.666 I/DATA    (  344): [DCT(0) ] cid = 0, state = DcActiveState, bearerType = IP, ipaddress = 174.156.234.163, gw=174.156.234.161, dns=[68.28.67.132, 68.28.68.132]
02-13 17:34:17.736 E/NuHTTPDataSource(  116): connect proxy 
02-13 17:34:17.736 E/NuHTTPDataSource(  116): wlg  use http proxy!
02-13 17:34:17.796 E/NuHTTPDataSource(  116): wlg  connect absolute URL!
02-13 17:34:18.116 E/NuHTTPDataSource(  116): wlg  NuHTTPDataSource::connect()  mUri = http://o-o.preferred.ord08s01.v6.lscache7.c.youtube.com/videoplayback?id=ddcd67df7d33d1a1&itag=18&source=youtube&uaopt=no-save&el=videos&devKey=ATdpM7DMA4JyVrf7elHDrdsO88HsQjpE1a8d1GxQnGDm&app=youtube_gdata&ip=0.0.0.0&ipbits=0&expire=1331767157&sparams=id,itag,source,uaopt,ip,ipbits,expire&signature=E779D2FDABA9F143F3A6049618E586F1394080D8.B7425D80F0E7CD0A7A57D91E441AAF0B2A2683FB&key=yta1&cms_redirect=yes
02-13 17:34:18.116 E/NuHTTPDataSource(  116): wlg  NuHTTPDataSource::GetHTTPProxy()
02-13 17:34:18.126 E/NuHTTPDataSource(  116): tmpStr pd.vog.sprintpcs.com#8085#CDMA - EvDo rev. A#enRldGVzdGFjY291bnQyMjFAc3ByaW50cGNzLmNvbTpwY3M=
02-13 17:34:18.126 E/NuHTTPDataSource(  116): connect proxy 
02-13 17:34:18.126 E/NuHTTPDataSource(  116): wlg  use http proxy!
02-13 17:34:18.206 E/NuHTTPDataSource(  116): wlg  connect absolute URL!
02-13 17:34:18.747 E/NuHTTPDataSource(  116): wlg  NuHTTPDataSource::connect()  mUri = http://v6.cache3.c.youtube.com/videoplayback?id=ddcd67df7d33d1a1&itag=18&source=youtube&uaopt=no-save&el=videos&devKey=ATdpM7DMA4JyVrf7elHDrdsO88HsQjpE1a8d1GxQnGDm&app=youtube_gdata&ip=0.0.0.0&ipbits=0&expire=1331767157&sparams=id,itag,source,uaopt,ip,ipbits,expire&signature=E779D2FDABA9F143F3A6049618E586F1394080D8.B7425D80F0E7CD0A7A57D91E441AAF0B2A2683FB&key=yta1&cms_redirect=yes&redirect_counter=1
02-13 17:34:18.747 E/NuHTTPDataSource(  116): wlg  NuHTTPDataSource::GetHTTPProxy()
02-13 17:34:18.747 E/NuHTTPDataSource(  116): tmpStr pd.vog.sprintpcs.com#8085#CDMA - EvDo rev. A#enRldGVzdGFjY291bnQyMjFAc3ByaW50cGNzLmNvbTpwY3M=
02-13 17:34:18.747 E/NuHTTPDataSource(  116): connect proxy 
02-13 17:34:18.747 E/NuHTTPDataSource(  116): wlg  use http proxy!
02-13 17:34:18.807 E/NuHTTPDataSource(  116): wlg  connect absolute URL!
02-13 17:34:20.819 I/wpa_supplicant(  399): State: INACTIVE -> SCANNING
02-13 17:34:20.819 I/wpa_supplicant(  399): CTRL-EVENT-STATE-CHANGE id=-1 state=2 BSSID=00:00:00:00:00:00
02-13 17:34:20.819 D/NetworkStateTracker(  256): setDetailed state, old =IDLE and new state=SCANNING
02-13 17:34:21.790 I/dun_service(  124): process rmnet event
02-13 17:34:21.790 I/dun_service(  124): Post event 4
02-13 17:34:21.790 I/dun_service(  124): received event: DUN_EVENT_RMNET_UP 
02-13 17:34:21.790 I/dun_service(  124): received event(DUN_EVENT_RMNET_UP) in state(DUN_STATE_USB_UNPLUG)
02-13 17:34:21.790 I/dun_service(  124): Ignoring the event DUN_EVENT_RMNET_UP in USB_UNPLUG_STATE
02-13 17:34:21.790 I/dun_service(  124): Moved to state(DUN_STATE_USB_UNPLUG)
02-13 17:34:21.790 I/wpa_supplicant(  399): State: SCANNING -> INACTIVE
02-13 17:34:21.790 I/wpa_supplicant(  399): CTRL-EVENT-STATE-CHANGE id=-1 state=1 BSSID=00:00:00:00:00:00
02-13 17:34:21.790 D/WifiStateTracker(  256): setNotificationVisible() visible=false mNotificationShown=false force=false return.
02-13 17:34:21.800 D/NetworkStateTracker(  256): setDetailed state, old =SCANNING and new state=IDLE
02-13 17:34:21.970 D/DATA    (  344): [DSST(0)] pollstate() : reason = data network state changed
02-13 17:34:22.010 D/MobileDataStateTracker(  256): [hipri]  MobileDataStateReceiver onReceive(): Entry.
02-13 17:34:22.010 D/MobileDataStateTracker(  256): [hipri]  intent.getAction()= android.intent.action.SERVICE_STATE
02-13 17:34:22.010 D/MobileDataStateTracker(  256): [hipri]  mEnabled = false
02-13 17:34:22.010 D/MobileDataStateTracker(  256): [dun]  MobileDataStateReceiver onReceive(): Entry.
02-13 17:34:22.010 D/MobileDataStateTracker(  256): [dun]  intent.getAction()= android.intent.action.SERVICE_STATE
02-13 17:34:22.010 D/MobileDataStateTracker(  256): [dun]  mEnabled = false
02-13 17:34:22.020 D/MobileDataStateTracker(  256): [supl]  MobileDataStateReceiver onReceive(): Entry.
02-13 17:34:22.020 D/MobileDataStateTracker(  256): [supl]  intent.getAction()= android.intent.action.SERVICE_STATE
02-13 17:34:22.020 D/MobileDataStateTracker(  256): [supl]  mEnabled = false
02-13 17:34:22.020 D/MobileDataStateTracker(  256): [mms]  MobileDataStateReceiver onReceive(): Entry.
02-13 17:34:22.020 D/MobileDataStateTracker(  256): [mms]  intent.getAction()= android.intent.action.SERVICE_STATE
02-13 17:34:22.020 D/MobileDataStateTracker(  256): [mms]  mEnabled = false
02-13 17:34:22.020 D/MobileDataStateTracker(  256): [default]  MobileDataStateReceiver onReceive(): Entry.
02-13 17:34:22.020 D/MobileDataStateTracker(  256): [default]  intent.getAction()= android.intent.action.SERVICE_STATE
02-13 17:34:22.030 D/MobileDataStateTracker(  256): [default]  mEnabled = true
02-13 17:34:22.060 D/CallManager(  344):  handleMessage (EVENT_SERVICE_STATE_CHANGED)
02-13 17:34:22.060 E/BT HS/HF(  344): SERVICE_STATE_CHANGED called
02-13 17:34:22.060 E/BT HS/HF(  344): updateServiceState called, sendUpdate:false  ServiceState:0 home Sprint  310099  EvDo rev. A CSS not supported 41 4139RoamInd: 1RoamStatus(sprint): 1DefRoamInd: 160EmergOnly: false
02-13 17:34:22.060 E/BT HS/HF(  344): service:1 mService:1
02-13 17:34:22.060 D/DATA    (  344): [DSST(0)]  registrationState = 1  radioTechnology = 8 reasonForDenial = 0
02-13 17:34:22.060 D/DATA    (  344): [DSST(0)]  set mNewDataConnectionState = 0
02-13 17:34:22.060 D/DATA    (  344): [DSST(0)]  mNewDataConnectionState : 0  mDataConnectionState : 0
02-13 17:34:22.060 D/DATA    (  344): [DSST(0)] Poll ServiceState done: oldSS=[0 home null null null  EvDo rev. A CSS not supported -1 -1RoamInd: -1RoamStatus(sprint): -1DefRoamInd: -1EmergOnly: false] newSS=[0 home null null null  EvDo rev. A CSS not supported -1 -1RoamInd: -1RoamStatus(sprint): -1DefRoamInd: -1EmergOnly: false]
02-13 17:34:22.060 D/DATA    (  344): [DSST(0)]  mDataConnectionState = 0
02-13 17:34:22.080 D/Mms     (  811): currentRoamingStatus:1
02-13 17:34:22.090 D/DATA    (  344): [DSST(0)] pollstate() : reason = data network state changed
02-13 17:34:22.130 D/MobileDataStateTracker(  256): [hipri]  MobileDataStateReceiver onReceive(): Entry.
02-13 17:34:22.130 D/MobileDataStateTracker(  256): [hipri]  intent.getAction()= android.intent.action.SERVICE_STATE
02-13 17:34:22.130 D/MobileDataStateTracker(  256): [hipri]  mEnabled = false
02-13 17:34:22.130 D/MobileDataStateTracker(  256): [dun]  MobileDataStateReceiver onReceive(): Entry.
02-13 17:34:22.130 D/MobileDataStateTracker(  256): [dun]  intent.getAction()= android.intent.action.SERVICE_STATE
02-13 17:34:22.130 D/MobileDataStateTracker(  256): [dun]  mEnabled = false
02-13 17:34:22.130 D/MobileDataStateTracker(  256): [supl]  MobileDataStateReceiver onReceive(): Entry.
02-13 17:34:22.130 D/MobileDataStateTracker(  256): [supl]  intent.getAction()= android.intent.action.SERVICE_STATE
02-13 17:34:22.130 D/MobileDataStateTracker(  256): [supl]  mEnabled = false
02-13 17:34:22.130 D/MobileDataStateTracker(  256): [mms]  MobileDataStateReceiver onReceive(): Entry.
02-13 17:34:22.130 D/MobileDataStateTracker(  256): [mms]  intent.getAction()= android.intent.action.SERVICE_STATE
02-13 17:34:22.130 D/MobileDataStateTracker(  256): [mms]  mEnabled = false
02-13 17:34:22.130 D/MobileDataStateTracker(  256): [default]  MobileDataStateReceiver onReceive(): Entry.
02-13 17:34:22.140 D/MobileDataStateTracker(  256): [default]  intent.getAction()= android.intent.action.SERVICE_STATE
02-13 17:34:22.140 D/MobileDataStateTracker(  256): [default]  mEnabled = true
02-13 17:34:22.140 D/CallManager(  344):  handleMessage (EVENT_SERVICE_STATE_CHANGED)
02-13 17:34:22.140 E/BT HS/HF(  344): SERVICE_STATE_CHANGED called
02-13 17:34:22.140 E/BT HS/HF(  344): updateServiceState called, sendUpdate:false  ServiceState:0 home Sprint  310099  EvDo rev. A CSS not supported 41 4139RoamInd: 1RoamStatus(sprint): 1DefRoamInd: 160EmergOnly: false
02-13 17:34:22.140 E/BT HS/HF(  344): service:1 mService:1
02-13 17:34:22.140 D/DATA    (  344): [DSST(0)]  registrationState = 1  radioTechnology = 8 reasonForDenial = 0
02-13 17:34:22.140 D/DATA    (  344): [DSST(0)]  set mNewDataConnectionState = 0
02-13 17:34:22.140 D/DATA    (  344): [DSST(0)]  mNewDataConnectionState : 0  mDataConnectionState : 0
