02-13 17:40:29.879 D/NetworkStateTracker(  256): setDetailed state, old =SCANNING and new state=IDLE
02-13 17:40:30.510 E/MediaPlayer(  845): getCurrentPosition sec = 1192809
02-13 17:40:30.510 E/MediaPlayer(  845): getDuration_l mDuration = 1296300
02-13 17:40:31.521 E/MediaPlayer(  845): getCurrentPosition sec = 1193770
02-13 17:40:31.521 E/MediaPlayer(  845): getDuration_l mDuration = 1296300
02-13 17:40:32.512 E/MediaPlayer(  845): getCurrentPosition sec = 1194867
02-13 17:40:32.512 E/MediaPlayer(  845): getDuration_l mDuration = 1296300
02-13 17:40:33.513 E/MediaPlayer(  845): getCurrentPosition sec = 1195828
02-13 17:40:33.513 E/MediaPlayer(  845): getDuration_l mDuration = 1296300
02-13 17:40:34.524 E/MediaPlayer(  845): getCurrentPosition sec = 1196926
02-13 17:40:34.524 E/MediaPlayer(  845): getDuration_l mDuration = 1296300
02-13 17:40:35.535 E/MediaPlayer(  845): getCurrentPosition sec = 1197887
02-13 17:40:35.535 E/MediaPlayer(  845): getDuration_l mDuration = 1296300
02-13 17:40:36.546 E/MediaPlayer(  845): getCurrentPosition sec = 1198847
02-13 17:40:36.546 E/MediaPlayer(  845): getDuration_l mDuration = 1296300
02-13 17:40:37.557 E/MediaPlayer(  845): getCurrentPosition sec = 1199945
02-13 17:40:37.557 E/MediaPlayer(  845): getDuration_l mDuration = 1296300
02-13 17:40:38.557 E/MediaPlayer(  845): getCurrentPosition sec = 1200906
02-13 17:40:38.557 E/MediaPlayer(  845): getDuration_l mDuration = 1296300
02-13 17:40:39.558 E/MediaPlayer(  845): getCurrentPosition sec = 1201866
02-13 17:40:39.558 E/MediaPlayer(  845): getDuration_l mDuration = 1296300
02-13 17:40:40.569 E/MediaPlayer(  845): getCurrentPosition sec = 1202964
02-13 17:40:40.569 E/MediaPlayer(  845): getDuration_l mDuration = 1296300
02-13 17:40:41.510 E/rmt_storage(  154): [MyTag]open: fd=-1
02-13 17:40:41.510 E/rmt_storage(  154): block rmt_storage client thread
02-13 17:40:41.570 E/MediaPlayer(  845): getCurrentPosition sec = 1203925
02-13 17:40:41.570 E/MediaPlayer(  845): getDuration_l mDuration = 1296300
02-13 17:40:42.571 E/MediaPlayer(  845): getCurrentPosition sec = 1204886
02-13 17:40:42.571 E/MediaPlayer(  845): getDuration_l mDuration = 1296300
02-13 17:40:43.572 E/MediaPlayer(  845): getCurrentPosition sec = 1205983
02-13 17:40:43.572 E/MediaPlayer(  845): getDuration_l mDuration = 1296300
02-13 17:40:44.583 E/MediaPlayer(  845): getCurrentPosition sec = 1206944
02-13 17:40:44.583 E/MediaPlayer(  845): getDuration_l mDuration = 1296300
02-13 17:40:44.894 I/wpa_supplicant(  399): State: INACTIVE -> SCANNING
02-13 17:40:44.894 I/wpa_supplicant(  399): CTRL-EVENT-STATE-CHANGE id=-1 state=2 BSSID=00:00:00:00:00:00
02-13 17:40:44.894 D/NetworkStateTracker(  256): setDetailed state, old =IDLE and new state=SCANNING
02-13 17:40:45.594 E/MediaPlayer(  845): getCurrentPosition sec = 1207905
02-13 17:40:45.594 E/MediaPlayer(  845): getDuration_l mDuration = 1296300
02-13 17:40:45.865 I/wpa_supplicant(  399): State: SCANNING -> INACTIVE
02-13 17:40:45.865 I/wpa_supplicant(  399): CTRL-EVENT-STATE-CHANGE id=-1 state=1 BSSID=00:00:00:00:00:00
02-13 17:40:45.865 I/dun_service(  124): process rmnet event
02-13 17:40:45.865 I/dun_service(  124): Post event 4
02-13 17:40:45.865 I/dun_service(  124): received event: DUN_EVENT_RMNET_UP 
02-13 17:40:45.865 I/dun_service(  124): received event(DUN_EVENT_RMNET_UP) in state(DUN_STATE_USB_UNPLUG)
02-13 17:40:45.865 I/dun_service(  124): Ignoring the event DUN_EVENT_RMNET_UP in USB_UNPLUG_STATE
02-13 17:40:45.865 I/dun_service(  124): Moved to state(DUN_STATE_USB_UNPLUG)
02-13 17:40:45.865 D/NetworkStateTracker(  256): setDetailed state, old =SCANNING and new state=IDLE
02-13 17:40:45.865 D/WifiStateTracker(  256): setNotificationVisible() visible=false mNotificationShown=false force=false return.
02-13 17:40:46.595 E/MediaPlayer(  845): getCurrentPosition sec = 1209003
02-13 17:40:46.595 E/MediaPlayer(  845): getDuration_l mDuration = 1296300
02-13 17:40:47.606 E/MediaPlayer(  845): getCurrentPosition sec = 1209963
02-13 17:40:47.606 E/MediaPlayer(  845): getDuration_l mDuration = 1296300
02-13 17:40:48.617 E/MediaPlayer(  845): getCurrentPosition sec = 1210924
02-13 17:40:48.617 E/MediaPlayer(  845): getDuration_l mDuration = 1296300
02-13 17:40:49.618 E/MediaPlayer(  845): getCurrentPosition sec = 1212022
02-13 17:40:49.618 E/MediaPlayer(  845): getDuration_l mDuration = 1296300
02-13 17:40:50.629 E/MediaPlayer(  845): getCurrentPosition sec = 1212982
02-13 17:40:50.629 E/MediaPlayer(  845): getDuration_l mDuration = 1296300
02-13 17:40:51.630 E/MediaPlayer(  845): getCurrentPosition sec = 1213943
02-13 17:40:51.630 E/MediaPlayer(  845): getDuration_l mDuration = 1296300
02-13 17:40:52.321 I/dun_service(  124): The value returned from dun_getusbmodemstate_fromsys is 2 
02-13 17:40:52.341 D/KeyguardUpdateMonitor(  256): received broadcast android.intent.action.BATTERY_CHANGED
02-13 17:40:52.341 D/KeyguardUpdateMonitor(  256): handleBatteryUpdate
02-13 17:40:52.631 E/MediaPlayer(  845): getCurrentPosition sec = 1215041
02-13 17:40:52.631 E/MediaPlayer(  845): getDuration_l mDuration = 1296300
02-13 17:40:53.642 E/MediaPlayer(  845): getCurrentPosition sec = 1216001
02-13 17:40:53.642 E/MediaPlayer(  845): getDuration_l mDuration = 1296300
02-13 17:40:54.653 E/MediaPlayer(  845): getCurrentPosition sec = 1216962
02-13 17:40:54.653 E/MediaPlayer(  845): getDuration_l mDuration = 1296300
02-13 17:40:55.664 E/MediaPlayer(  845): getCurrentPosition sec = 1218060
02-13 17:40:55.664 E/MediaPlayer(  845): getDuration_l mDuration = 1296300
02-13 17:40:56.665 E/MediaPlayer(  845): getCurrentPosition sec = 1219020
02-13 17:40:56.665 E/MediaPlayer(  845): getDuration_l mDuration = 1296300
02-13 17:40:57.676 E/MediaPlayer(  845): getCurrentPosition sec = 1219980
02-13 17:40:57.676 E/MediaPlayer(  845): getDuration_l mDuration = 1296300
02-13 17:40:58.677 E/MediaPlayer(  845): getCurrentPosition sec = 1221078
02-13 17:40:58.677 E/MediaPlayer(  845): getDuration_l mDuration = 1296300
02-13 17:40:59.688 E/MediaPlayer(  845): getCurrentPosition sec = 1222039
02-13 17:40:59.688 E/MediaPlayer(  845): getDuration_l mDuration = 1296300
02-13 17:41:00.018 D/KeyguardUpdateMonitor(  256): received broadcast android.intent.action.TIME_TICK
02-13 17:41:00.018 D/KeyguardUpdateMonitor(  256): handleTimeUpdate
02-13 17:41:00.689 E/MediaPlayer(  845): getCurrentPosition sec = 1222999
02-13 17:41:00.689 E/MediaPlayer(  845): getDuration_l mDuration = 1296300
02-13 17:41:00.889 I/wpa_supplicant(  399): State: INACTIVE -> SCANNING
02-13 17:41:00.889 I/wpa_supplicant(  399): CTRL-EVENT-STATE-CHANGE id=-1 state=2 BSSID=00:00:00:00:00:00
02-13 17:41:00.889 D/NetworkStateTracker(  256): setDetailed state, old =IDLE and new state=SCANNING
02-13 17:41:01.700 E/MediaPlayer(  845): getCurrentPosition sec = 1223960
02-13 17:41:01.700 E/MediaPlayer(  845): getDuration_l mDuration = 1296300
02-13 17:41:01.870 I/dun_service(  124): process rmnet event
02-13 17:41:01.870 I/dun_service(  124): Post event 4
02-13 17:41:01.870 I/dun_service(  124): received event: DUN_EVENT_RMNET_UP 
02-13 17:41:01.870 I/dun_service(  124): received event(DUN_EVENT_RMNET_UP) in state(DUN_STATE_USB_UNPLUG)
02-13 17:41:01.870 I/dun_service(  124): Ignoring the event DUN_EVENT_RMNET_UP in USB_UNPLUG_STATE
02-13 17:41:01.870 I/dun_service(  124): Moved to state(DUN_STATE_USB_UNPLUG)
02-13 17:41:01.880 I/wpa_supplicant(  399): State: SCANNING -> INACTIVE
02-13 17:41:01.880 I/wpa_supplicant(  399): CTRL-EVENT-STATE-CHANGE id=-1 state=1 BSSID=00:00:00:00:00:00
02-13 17:41:01.880 D/WifiStateTracker(  256): setNotificationVisible() visible=false mNotificationShown=false force=false return.
02-13 17:41:01.880 D/NetworkStateTracker(  256): setDetailed state, old =SCANNING and new state=IDLE
02-13 17:41:02.701 E/MediaPlayer(  845): getCurrentPosition sec = 1225058
02-13 17:41:02.701 E/MediaPlayer(  845): getDuration_l mDuration = 1296300
02-13 17:41:03.702 E/MediaPlayer(  845): getCurrentPosition sec = 1226018
02-13 17:41:03.702 E/MediaPlayer(  845): getDuration_l mDuration = 1296300
02-13 17:41:04.713 E/MediaPlayer(  845): getCurrentPosition sec = 1226979
02-13 17:41:04.713 E/MediaPlayer(  845): getDuration_l mDuration = 1296300
02-13 17:41:05.714 E/MediaPlayer(  845): getCurrentPosition sec = 1228077
02-13 17:41:05.714 E/MediaPlayer(  845): getDuration_l mDuration = 1296300
02-13 17:41:06.725 E/MediaPlayer(  845): getCurrentPosition sec = 1229038
02-13 17:41:06.725 E/MediaPlayer(  845): getDuration_l mDuration = 1296300
02-13 17:41:07.736 E/MediaPlayer(  845): getCurrentPosition sec = 1230135
02-13 17:41:07.736 E/MediaPlayer(  845): getDuration_l mDuration = 1296300
02-13 17:41:08.747 E/MediaPlayer(  845): getCurrentPosition sec = 1231096
02-13 17:41:08.747 E/MediaPlayer(  845): getDuration_l mDuration = 1296300
02-13 17:41:09.748 E/MediaPlayer(  845): getCurrentPosition sec = 1232057
02-13 17:41:09.748 E/MediaPlayer(  845): getDuration_l mDuration = 1296300
02-13 17:41:10.759 E/MediaPlayer(  845): getCurrentPosition sec = 1233154
02-13 17:41:10.759 E/MediaPlayer(  845): getDuration_l mDuration = 1296300
02-13 17:41:11.770 E/MediaPlayer(  845): getCurrentPosition sec = 1234115
02-13 17:41:11.770 E/MediaPlayer(  845): getDuration_l mDuration = 1296300
02-13 17:41:12.761 E/MediaPlayer(  845): getCurrentPosition sec = 1235076
02-13 17:41:12.761 E/MediaPlayer(  845): getDuration_l mDuration = 1296300
02-13 17:41:13.772 E/MediaPlayer(  845): getCurrentPosition sec = 1236174
02-13 17:41:13.772 E/MediaPlayer(  845): getDuration_l mDuration = 1296300
02-13 17:41:14.773 E/MediaPlayer(  845): getCurrentPosition sec = 1237134
02-13 17:41:14.773 E/MediaPlayer(  845): getDuration_l mDuration = 1296300
02-13 17:41:15.784 E/MediaPlayer(  845): getCurrentPosition sec = 1238095
02-13 17:41:15.784 E/MediaPlayer(  845): getDuration_l mDuration = 1296300
02-13 17:41:16.795 E/MediaPlayer(  845): getCurrentPosition sec = 1239193
02-13 17:41:16.795 E/MediaPlayer(  845): getDuration_l mDuration = 1296300
02-13 17:41:16.895 I/wpa_supplicant(  399): State: INACTIVE -> SCANNING
02-13 17:41:16.895 I/wpa_supplicant(  399): CTRL-EVENT-STATE-CHANGE id=-1 state=2 BSSID=00:00:00:00:00:00
02-13 17:41:16.895 D/NetworkStateTracker(  256): setDetailed state, old =IDLE and new state=SCANNING
02-13 17:41:17.796 E/MediaPlayer(  845): getCurrentPosition sec = 1240154
02-13 17:41:17.796 E/MediaPlayer(  845): getDuration_l mDuration = 1296300
02-13 17:41:17.886 I/dun_service(  124): process rmnet event
02-13 17:41:17.886 I/dun_service(  124): Post event 4
02-13 17:41:17.886 I/dun_service(  124): received event: DUN_EVENT_RMNET_UP 
02-13 17:41:17.886 I/dun_service(  124): received event(DUN_EVENT_RMNET_UP) in state(DUN_STATE_USB_UNPLUG)
02-13 17:41:17.886 I/dun_service(  124): Ignoring the event DUN_EVENT_RMNET_UP in USB_UNPLUG_STATE
02-13 17:41:17.886 I/dun_service(  124): Moved to state(DUN_STATE_USB_UNPLUG)
02-13 17:41:17.896 I/wpa_supplicant(  399): State: SCANNING -> INACTIVE
02-13 17:41:17.896 I/wpa_supplicant(  399): CTRL-EVENT-STATE-CHANGE id=-1 state=1 BSSID=00:00:00:00:00:00
02-13 17:41:17.896 D/WifiStateTracker(  256): setNotificationVisible() visible=false mNotificationShown=false force=false return.
02-13 17:41:17.896 D/NetworkStateTracker(  256): setDetailed state, old =SCANNING and new state=IDLE
02-13 17:41:18.807 E/MediaPlayer(  845): getCurrentPosition sec = 1241114
02-13 17:41:18.807 E/MediaPlayer(  845): getDuration_l mDuration = 1296300
02-13 17:41:19.808 E/MediaPlayer(  845): getCurrentPosition sec = 1242212
02-13 17:41:19.808 E/MediaPlayer(  845): getDuration_l mDuration = 1296300
02-13 17:41:20.819 E/MediaPlayer(  845): getCurrentPosition sec = 1243173
02-13 17:41:20.819 E/MediaPlayer(  845): getDuration_l mDuration = 1296300
02-13 17:41:21.830 E/MediaPlayer(  845): getCurrentPosition sec = 1244133
02-13 17:41:21.830 E/MediaPlayer(  845): getDuration_l mDuration = 1296300
02-13 17:41:22.831 E/MediaPlayer(  845): getCurrentPosition sec = 1245231
02-13 17:41:22.831 E/MediaPlayer(  845): getDuration_l mDuration = 1296300
02-13 17:41:23.832 E/MediaPlayer(  845): getCurrentPosition sec = 1246192
02-13 17:41:23.832 E/MediaPlayer(  845): getDuration_l mDuration = 1296300
02-13 17:41:24.843 E/MediaPlayer(  845): getCurrentPosition sec = 1247152
02-13 17:41:24.843 E/MediaPlayer(  845): getDuration_l mDuration = 1296300
02-13 17:41:25.844 E/MediaPlayer(  845): getCurrentPosition sec = 1248250
02-13 17:41:25.844 E/MediaPlayer(  845): getDuration_l mDuration = 1296300
02-13 17:41:26.855 E/MediaPlayer(  845): getCurrentPosition sec = 1249211
02-13 17:41:26.855 E/MediaPlayer(  845): getDuration_l mDuration = 1296300
02-13 17:41:27.856 E/MediaPlayer(  845): getCurrentPosition sec = 1250171
02-13 17:41:27.856 E/MediaPlayer(  845): getDuration_l mDuration = 1296300
02-13 17:41:28.857 E/MediaPlayer(  845): getCurrentPosition sec = 1251269
02-13 17:41:28.867 E/MediaPlayer(  845): getDuration_l mDuration = 1296300
02-13 17:41:29.868 E/MediaPlayer(  845): getCurrentPosition sec = 1252230
02-13 17:41:29.868 E/MediaPlayer(  845): getDuration_l mDuration = 1296300
02-13 17:41:30.879 E/MediaPlayer(  845): getCurrentPosition sec = 1253191
02-13 17:41:30.879 E/MediaPlayer(  845): getDuration_l mDuration = 1296300
02-13 17:41:31.880 E/MediaPlayer(  845): getCurrentPosition sec = 1254289
02-13 17:41:31.880 E/MediaPlayer(  845): getDuration_l mDuration = 1296300
02-13 17:41:32.890 E/MediaPlayer(  845): getCurrentPosition sec = 1255249
02-13 17:41:32.890 E/MediaPlayer(  845): getDuration_l mDuration = 1296300
02-13 17:41:32.921 I/wpa_supplicant(  399): State: INACTIVE -> SCANNING
02-13 17:41:32.921 I/wpa_supplicant(  399): CTRL-EVENT-STATE-CHANGE id=-1 state=2 BSSID=00:00:00:00:00:00
02-13 17:41:32.921 D/NetworkStateTracker(  256): setDetailed state, old =IDLE and new state=SCANNING
02-13 17:41:33.881 E/MediaPlayer(  845): getCurrentPosition sec = 1256210
02-13 17:41:33.881 E/MediaPlayer(  845): getDuration_l mDuration = 1296300
02-13 17:41:33.901 I/dun_service(  124): process rmnet event
02-13 17:41:33.901 I/dun_service(  124): Post event 4
02-13 17:41:33.901 I/dun_service(  124): received event: DUN_EVENT_RMNET_UP 
02-13 17:41:33.901 I/dun_service(  124): received event(DUN_EVENT_RMNET_UP) in state(DUN_STATE_USB_UNPLUG)
02-13 17:41:33.901 I/dun_service(  124): Ignoring the event DUN_EVENT_RMNET_UP in USB_UNPLUG_STATE
02-13 17:41:33.901 I/dun_service(  124): Moved to state(DUN_STATE_USB_UNPLUG)
02-13 17:41:33.901 I/wpa_supplicant(  399): State: SCANNING -> INACTIVE
02-13 17:41:33.901 I/wpa_supplicant(  399): CTRL-EVENT-STATE-CHANGE id=-1 state=1 BSSID=00:00:00:00:00:00
02-13 17:41:33.911 D/WifiStateTracker(  256): setNotificationVisible() visible=false mNotificationShown=false force=false return.
02-13 17:41:33.911 D/NetworkStateTracker(  256): setDetailed state, old =SCANNING and new state=IDLE
02-13 17:41:34.892 E/MediaPlayer(  845): getCurrentPosition sec = 1257308
02-13 17:41:34.892 E/MediaPlayer(  845): getDuration_l mDuration = 1296300
02-13 17:41:35.903 E/MediaPlayer(  845): getCurrentPosition sec = 1258268
02-13 17:41:35.903 E/MediaPlayer(  845): getDuration_l mDuration = 1296300
02-13 17:41:36.904 E/MediaPlayer(  845): getCurrentPosition sec = 1259229
02-13 17:41:36.904 E/MediaPlayer(  845): getDuration_l mDuration = 1296300
02-13 17:41:37.915 E/MediaPlayer(  845): getCurrentPosition sec = 1260327
02-13 17:41:37.915 E/MediaPlayer(  845): getDuration_l mDuration = 1296300
02-13 17:41:38.916 E/MediaPlayer(  845): getCurrentPosition sec = 1261287
02-13 17:41:38.916 E/MediaPlayer(  845): getDuration_l mDuration = 1296300
02-13 17:41:39.917 E/MediaPlayer(  845): getCurrentPosition sec = 1262248
02-13 17:41:39.917 E/MediaPlayer(  845): getDuration_l mDuration = 1296300
02-13 17:41:40.928 E/MediaPlayer(  845): getCurrentPosition sec = 1263346
02-13 17:41:40.928 E/MediaPlayer(  845): getDuration_l mDuration = 1296300
02-13 17:41:41.929 E/MediaPlayer(  845): getCurrentPosition sec = 1264306
02-13 17:41:41.929 E/MediaPlayer(  845): getDuration_l mDuration = 1296300
02-13 17:41:42.940 E/MediaPlayer(  845): getCurrentPosition sec = 1265267
02-13 17:41:42.940 E/MediaPlayer(  845): getDuration_l mDuration = 1296300
02-13 17:41:43.931 E/MediaPlayer(  845): getCurrentPosition sec = 1266228
02-13 17:41:43.931 E/MediaPlayer(  845): getDuration_l mDuration = 1296300
02-13 17:41:44.932 E/MediaPlayer(  845): getCurrentPosition sec = 1267326
02-13 17:41:44.932 E/MediaPlayer(  845): getDuration_l mDuration = 1296300
02-13 17:41:45.953 E/MediaPlayer(  845): getCurrentPosition sec = 1268286
02-13 17:41:45.953 E/MediaPlayer(  845): getDuration_l mDuration = 1296300
02-13 17:41:46.964 E/MediaPlayer(  845): getCurrentPosition sec = 1269247
02-13 17:41:46.964 E/MediaPlayer(  845): getDuration_l mDuration = 1296300
02-13 17:41:47.965 E/MediaPlayer(  845): getCurrentPosition sec = 1270345
02-13 17:41:47.965 E/MediaPlayer(  845): getDuration_l mDuration = 1296300
02-13 17:41:48.926 I/wpa_supplicant(  399): State: INACTIVE -> SCANNING
02-13 17:41:48.926 I/wpa_supplicant(  399): CTRL-EVENT-STATE-CHANGE id=-1 state=2 BSSID=00:00:00:00:00:00
02-13 17:41:48.936 D/NetworkStateTracker(  256): setDetailed state, old =IDLE and new state=SCANNING
02-13 17:41:48.976 E/MediaPlayer(  845): getCurrentPosition sec = 1271306
02-13 17:41:48.976 E/MediaPlayer(  845): getDuration_l mDuration = 1296300
02-13 17:41:49.927 I/dun_service(  124): process rmnet event
02-13 17:41:49.927 I/dun_service(  124): Post event 4
02-13 17:41:49.927 I/dun_service(  124): received event: DUN_EVENT_RMNET_UP 
02-13 17:41:49.927 I/dun_service(  124): received event(DUN_EVENT_RMNET_UP) in state(DUN_STATE_USB_UNPLUG)
02-13 17:41:49.927 I/dun_service(  124): Ignoring the event DUN_EVENT_RMNET_UP in USB_UNPLUG_STATE
02-13 17:41:49.927 I/dun_service(  124): Moved to state(DUN_STATE_USB_UNPLUG)
02-13 17:41:49.927 I/wpa_supplicant(  399): State: SCANNING -> INACTIVE
02-13 17:41:49.927 I/wpa_supplicant(  399): CTRL-EVENT-STATE-CHANGE id=-1 state=1 BSSID=00:00:00:00:00:00
02-13 17:41:49.937 D/WifiStateTracker(  256): setNotificationVisible() visible=false mNotificationShown=false force=false return.
02-13 17:41:49.937 D/NetworkStateTracker(  256): setDetailed state, old =SCANNING and new state=IDLE
02-13 17:41:49.987 E/MediaPlayer(  845): getCurrentPosition sec = 1272266
02-13 17:41:49.987 E/MediaPlayer(  845): getDuration_l mDuration = 1296300
02-13 17:41:50.998 E/MediaPlayer(  845): getCurrentPosition sec = 1273364
02-13 17:41:50.998 E/MediaPlayer(  845): getDuration_l mDuration = 1296300
02-13 17:41:52.009 E/MediaPlayer(  845): getCurrentPosition sec = 1274325
02-13 17:41:52.009 E/MediaPlayer(  845): getDuration_l mDuration = 1296300
02-13 17:41:53.010 E/MediaPlayer(  845): getCurrentPosition sec = 1275285
02-13 17:41:53.010 E/MediaPlayer(  845): getDuration_l mDuration = 1296300
02-13 17:41:54.021 E/MediaPlayer(  845): getCurrentPosition sec = 1276383
02-13 17:41:54.021 E/MediaPlayer(  845): getDuration_l mDuration = 1296300
02-13 17:41:55.032 E/MediaPlayer(  845): getCurrentPosition sec = 1277344
02-13 17:41:55.032 E/MediaPlayer(  845): getDuration_l mDuration = 1296300
02-13 17:41:56.033 E/MediaPlayer(  845): getCurrentPosition sec = 1278442
02-13 17:41:56.033 E/MediaPlayer(  845): getDuration_l mDuration = 1296300
02-13 17:41:57.044 E/MediaPlayer(  845): getCurrentPosition sec = 1279402
02-13 17:41:57.044 E/MediaPlayer(  845): getDuration_l mDuration = 1296300
02-13 17:41:58.045 E/MediaPlayer(  845): getCurrentPosition sec = 1280363
02-13 17:41:58.055 E/MediaPlayer(  845): getDuration_l mDuration = 1296300
02-13 17:41:59.056 E/MediaPlayer(  845): getCurrentPosition sec = 1281461
02-13 17:41:59.056 E/MediaPlayer(  845): getDuration_l mDuration = 1296300
02-13 17:42:00.017 D/KeyguardUpdateMonitor(  256): received broadcast android.intent.action.TIME_TICK
02-13 17:42:00.017 D/KeyguardUpdateMonitor(  256): handleTimeUpdate
02-13 17:42:00.057 E/MediaPlayer(  845): getCurrentPosition sec = 1282421
02-13 17:42:00.057 E/MediaPlayer(  845): getDuration_l mDuration = 1296300
02-13 17:42:01.078 E/MediaPlayer(  845): getCurrentPosition sec = 1283382
02-13 17:42:01.078 E/MediaPlayer(  845): getDuration_l mDuration = 1296300
02-13 17:42:02.079 E/MediaPlayer(  845): getCurrentPosition sec = 1284479
02-13 17:42:02.079 E/MediaPlayer(  845): getDuration_l mDuration = 1296300
02-13 17:42:03.090 E/MediaPlayer(  845): getCurrentPosition sec = 1285440
02-13 17:42:03.090 E/MediaPlayer(  845): getDuration_l mDuration = 1296300
02-13 17:42:04.081 E/MediaPlayer(  845): getCurrentPosition sec = 1286400
02-13 17:42:04.081 E/MediaPlayer(  845): getDuration_l mDuration = 1296300
02-13 17:42:04.942 I/wpa_supplicant(  399): State: INACTIVE -> SCANNING
02-13 17:42:04.942 I/wpa_supplicant(  399): CTRL-EVENT-STATE-CHANGE id=-1 state=2 BSSID=00:00:00:00:00:00
02-13 17:42:04.952 D/NetworkStateTracker(  256): setDetailed state, old =IDLE and new state=SCANNING
02-13 17:42:05.082 E/MediaPlayer(  845): getCurrentPosition sec = 1287361
02-13 17:42:05.082 E/MediaPlayer(  845): getDuration_l mDuration = 1296300
02-13 17:42:05.933 I/dun_service(  124): process rmnet event
02-13 17:42:05.933 I/dun_service(  124): Post event 4
02-13 17:42:05.943 I/dun_service(  124): received event: DUN_EVENT_RMNET_UP 
02-13 17:42:05.943 I/dun_service(  124): received event(DUN_EVENT_RMNET_UP) in state(DUN_STATE_USB_UNPLUG)
02-13 17:42:05.943 I/dun_service(  124): Ignoring the event DUN_EVENT_RMNET_UP in USB_UNPLUG_STATE
02-13 17:42:05.943 I/dun_service(  124): Moved to state(DUN_STATE_USB_UNPLUG)
02-13 17:42:05.943 I/wpa_supplicant(  399): State: SCANNING -> INACTIVE
02-13 17:42:05.943 I/wpa_supplicant(  399): CTRL-EVENT-STATE-CHANGE id=-1 state=1 BSSID=00:00:00:00:00:00
02-13 17:42:05.943 D/NetworkStateTracker(  256): setDetailed state, old =SCANNING and new state=IDLE
02-13 17:42:05.943 D/WifiStateTracker(  256): setNotificationVisible() visible=false mNotificationShown=false force=false return.
02-13 17:42:06.093 E/MediaPlayer(  845): getCurrentPosition sec = 1288459
02-13 17:42:06.093 E/MediaPlayer(  845): getDuration_l mDuration = 1296300
02-13 17:42:07.094 E/MediaPlayer(  845): getCurrentPosition sec = 1289419
02-13 17:42:07.094 E/MediaPlayer(  845): getDuration_l mDuration = 1296300
02-13 17:42:08.095 E/MediaPlayer(  845): getCurrentPosition sec = 1290380
02-13 17:42:08.095 E/MediaPlayer(  845): getDuration_l mDuration = 1296300
02-13 17:42:09.106 E/MediaPlayer(  845): getCurrentPosition sec = 1291478
02-13 17:42:09.106 E/MediaPlayer(  845): getDuration_l mDuration = 1296300
02-13 17:42:10.117 E/MediaPlayer(  845): getCurrentPosition sec = 1292438
02-13 17:42:10.117 E/MediaPlayer(  845): getDuration_l mDuration = 1296300
02-13 17:42:10.437 E/OMX-VDEC-720P(  116): 
02-13 17:42:10.437 E/OMX-VDEC-720P(  116):  Rxd i/p EOS, Notify Driver that EOS has been reached
02-13 17:42:10.988 E/OMX-VDEC-720P(  116): 
02-13 17:42:10.988 E/OMX-VDEC-720P(  116):  Output EOS has been reached
02-13 17:42:10.988 E/OMX-VDEC-720P(  116): 
02-13 17:42:10.988 E/OMX-VDEC-720P(  116):  Rxd OMX_COMPONENT_GENERATE_EOS_DONE
02-13 17:42:11.118 E/MediaPlayer(  845): getCurrentPosition sec = 1293399
02-13 17:42:11.118 E/MediaPlayer(  845): getDuration_l mDuration = 1296300
02-13 17:42:12.129 E/MediaPlayer(  845): getCurrentPosition sec = 1294497
02-13 17:42:12.129 E/MediaPlayer(  845): getDuration_l mDuration = 1296300
02-13 17:42:13.130 E/MediaPlayer(  845): getCurrentPosition sec = 1295457
02-13 17:42:13.130 E/MediaPlayer(  845): getDuration_l mDuration = 1296300
02-13 17:42:13.840 W/AwesomePlayer(  116): Got video EOS!
02-13 17:42:13.880 D/AudioTrack(  116): stop 0x26d58
02-13 17:42:13.890 D/AudioFlinger(  116): stop(4098), calling thread 116
02-13 17:42:13.921 E/OverlayLIB(  256): setPosition failed
02-13 17:42:13.921 E/Overlay (  256): int setPositionHandleState(overlay_control_context_t*, overlay_object*, overlay_rect&, int, int, uint32_t, uint32_t):Failed for channel 0
02-13 17:42:13.941 E/OverlayLIB(  256): setPosition failed
02-13 17:42:13.941 E/Overlay (  256): int setPositionHandleState(overlay_control_context_t*, overlay_object*, overlay_rect&, int, int, uint32_t, uint32_t):Failed for channel 0
02-13 17:42:13.951 D/PhoneApp(  344): updateProximitySensorMode: state = IDLE
02-13 17:42:13.961 D/PhoneApp(  344): updateProximitySensorMode: lock already released.
02-13 17:42:13.981 D/KeyguardViewMediator(  256): setHidden false
02-13 17:42:14.001 D/KeyguardViewMediator(  256): setHidden false
02-13 17:42:14.001 D/KeyguardViewMediator(  256): setHidden false
02-13 17:42:14.001 E/Sensors (  256): [HAL]ready to call enable(Accelerometer,1),AAAAAAAA
02-13 17:42:14.011 D/KeyguardViewMediator(  256): setHidden false
02-13 17:42:14.011 D/KeyguardViewMediator(  256): setHidden false
02-13 17:42:14.011 D/KeyguardViewMediator(  256): setHidden false
02-13 17:42:14.031 D/KeyguardViewMediator(  256): setHidden false
02-13 17:42:14.031 D/KeyguardViewMediator(  256): setHidden false
02-13 17:42:14.041 D/KeyguardViewMediator(  256): setHidden false
02-13 17:42:14.041 D/KeyguardViewMediator(  256): setHidden false
02-13 17:42:14.051 D/KeyguardViewMediator(  256): setHidden false
02-13 17:42:14.051 D/KeyguardViewMediator(  256): setHidden false
02-13 17:42:14.061 D/KeyguardViewMediator(  256): setHidden false
02-13 17:42:14.061 D/KeyguardViewMediator(  256): setHidden false
02-13 17:42:14.071 D/KeyguardViewMediator(  256): setHidden false
02-13 17:42:14.081 D/KeyguardViewMediator(  256): setHidden false
02-13 17:42:14.081 D/KeyguardViewMediator(  256): setHidden false
02-13 17:42:14.081 D/KeyguardViewMediator(  256): setHidden false
02-13 17:42:14.081 D/KeyguardViewMediator(  256): setHidden false
02-13 17:42:14.081 D/KeyguardViewMediator(  256): setHidden false
02-13 17:42:14.141 D/KeyguardViewMediator(  256): setHidden false
02-13 17:42:14.141 D/KeyguardViewMediator(  256): setHidden false
02-13 17:42:14.151 D/KeyguardViewMediator(  256): setHidden false
02-13 17:42:14.151 D/KeyguardViewMediator(  256): setHidden false
02-13 17:42:14.151 D/PowerManagerService(  256): UnPartial  wakeLock  reactivate ,flags=0xa tag=KEEP_SCREEN_ON_FLAG
02-13 17:42:14.151 D/PowerManagerService(  256): releaseWakeLock flags=0xa tag=KEEP_SCREEN_ON_FLAG
02-13 17:42:16.984 D/AudioHardwareMSM7X30(  116): AudioStreamOutMSM72xx::standby()
02-13 17:42:16.984 D/AudioHardwareMSM7X30(  116): Deroute pcm out stream
02-13 17:42:16.984 D/AudioHardwareMSM7X30(  116): updateDeviceInfo: E rx_device 2 and tx_device 3
02-13 17:42:16.984 D/AudioHardwareMSM7X30(  116): No active voicecall/playback, disabling cur_rx 2
02-13 17:42:16.984 D/AudioHardwareMSM7X30(  116): value of device and enable is 2 0 ALSA dev id:3
02-13 17:42:17.004 D/AudioHardwareMSM7X30(  116): No active voicecall/recording, disabling cur_tx 3
02-13 17:42:17.004 D/AudioHardwareMSM7X30(  116): value of device and enable is 3 0 ALSA dev id:10
02-13 17:42:17.004 E/AudioHardwareMSM7X30(  116): There is no node in the routing table!
02-13 17:42:17.004 D/AudioHardwareMSM7X30(  116): updateDeviceInfo: X cur_rx 2 cur_tx 3
02-13 17:42:17.244 E/wlg     (  845): MediaPlayer.start()  mIsStream = true
02-13 17:42:17.244 E/wlg     (  845): MediaPlayer.notifyPlayingStream  The current video is a stream!
02-13 17:42:17.254 D/MediaPlayer(  845): start state 128
02-13 17:42:17.254 D/AudioTrack(  116): start 0x26d58
02-13 17:42:17.254 D/AudioFlinger(  116): start(4098), calling thread 845 session 26
02-13 17:42:17.254 E/MediaPlayer(  845): getCurrentPosition sec = 0
02-13 17:42:17.264 E/MediaPlayer(  845): getDuration_l mDuration = 1296300
02-13 17:42:17.264 D/KeyguardViewMediator(  256): setHidden false
02-13 17:42:17.264 D/AudioTrack(  116): pause
02-13 17:42:17.264 E/OMX-VDEC-720P(  116): 
02-13 17:42:17.264 E/OMX-VDEC-720P(  116):  send_command_proxy(): Current State 3, Expected State -1
02-13 17:42:17.264 E/OMX-VDEC-720P(  116): 
02-13 17:42:17.264 E/OMX-VDEC-720P(  116):  send_command_proxy(): OMX_CommandFlush issuedwith param1: -1
02-13 17:42:17.264 E/OMX-VDEC-720P(  116): 
02-13 17:42:17.264 E/OMX-VDEC-720P(  116):  Driver flush i/p Port complete
02-13 17:42:17.264 E/OMX-VDEC-720P(  116): 
02-13 17:42:17.264 E/OMX-VDEC-720P(  116):  OMX flush i/p Port complete PenBuf(0)
02-13 17:42:17.264 E/OMX-VDEC-720P(  116): 
02-13 17:42:17.264 E/OMX-VDEC-720P(  116):  Driver flush o/p Port complete
02-13 17:42:17.264 E/OMX-VDEC-720P(  116): 
02-13 17:42:17.264 E/OMX-VDEC-720P(  116):  OMX flush o/p Port complete PenBuf(0)
02-13 17:42:17.264 D/PowerManagerService(  256): acquireWakeLock flags=0xa tag=KEEP_SCREEN_ON_FLAG
02-13 17:42:17.334 E/NuHTTPDataSource(  116): wlg  NuHTTPDataSource::GetHTTPProxy()
02-13 17:42:17.334 E/NuHTTPDataSource(  116): tmpStr pd.vog.sprintpcs.com#8085#CDMA - EvDo rev. A#enRldGVzdGFjY291bnQyMjFAc3ByaW50cGNzLmNvbTpwY3M=
02-13 17:42:17.334 E/NuHTTPDataSource(  116): connect proxy 
02-13 17:42:17.334 E/NuHTTPDataSource(  116): wlg  use http proxy!
02-13 17:42:17.844 I/DATA    (  344): [DCT(0) ] onDataCallListChanged:
02-13 17:42:17.844 I/DATA    (  344): [DCT(0) ] ---dc state list---
02-13 17:42:17.844 I/DATA    (  344): [DCT(0) ] DataCallState: { cid: 0, active: 2, type: , apn: , address: 174.156.234.163 }
02-13 17:42:17.844 I/DATA    (  344): [DCT(0) ] ---dc list---
02-13 17:42:17.844 I/DATA    (  344): [DCT(0) ] cid = 0, state = DcActiveState, bearerType = IP, ipaddress = 174.156.234.163, gw=174.156.234.161, dns=[68.28.67.132, 68.28.68.132]
02-13 17:42:18.265 E/MediaPlayer(  845): getCurrentPosition sec = 0
02-13 17:42:18.265 E/MediaPlayer(  845): getDuration_l mDuration = 1296300
02-13 17:42:18.305 E/NuHTTPDataSource(  116): wlg  connect absolute URL!
02-13 17:42:18.855 D/PowerManagerService(  256): UnPartial  wakeLock  reactivate ,flags=0xa tag=KEEP_SCREEN_ON_FLAG
02-13 17:42:18.865 E/lights  (  256):   g_haveAmberLed=0
02-13 17:42:18.875 E/lights  (  256):   red=0
02-13 17:42:18.875 E/lights  (  256):   green=0
02-13 17:42:18.875 E/lights  (  256):   blink=0
02-13 17:42:18.895 D/KeyguardViewMediator(  256): setHidden false
02-13 17:42:18.915 D/KeyguardViewMediator(  256): setHidden false
02-13 17:42:18.935 D/KeyguardViewMediator(  256): setHidden false
02-13 17:42:18.945 D/KeyguardViewMediator(  256): setHidden false
02-13 17:42:18.955 D/KeyguardViewMediator(  256): setHidden false
02-13 17:42:18.965 D/KeyguardViewMediator(  256): setHidden false
02-13 17:42:18.975 D/KeyguardViewMediator(  256): setHidden false
02-13 17:42:18.975 D/KeyguardViewMediator(  256): setHidden false
02-13 17:42:18.995 D/KeyguardViewMediator(  256): setHidden false
02-13 17:42:19.005 D/KeyguardViewMediator(  256): setHidden false
02-13 17:42:19.005 D/KeyguardViewMediator(  256): setHidden false
02-13 17:42:19.036 D/PowerManagerService(  256): UnPartial  wakeLock  reactivate ,flags=0xa tag=KEEP_SCREEN_ON_FLAG
02-13 17:42:19.036 D/KeyguardViewMediator(  256): setHidden false
02-13 17:42:19.036 D/KeyguardViewMediator(  256): setHidden false
02-13 17:42:19.046 D/KeyguardViewMediator(  256): setHidden false
02-13 17:42:19.056 D/KeyguardViewMediator(  256): setHidden false
02-13 17:42:19.086 D/KeyguardViewMediator(  256): setHidden false
02-13 17:42:19.086 D/KeyguardViewMediator(  256): setHidden false
02-13 17:42:19.096 D/KeyguardViewMediator(  256): setHidden false
02-13 17:42:19.106 D/KeyguardViewMediator(  256): setHidden false
02-13 17:42:19.136 D/KeyguardViewMediator(  256): setHidden false
02-13 17:42:19.136 D/KeyguardViewMediator(  256): setHidden false
02-13 17:42:19.146 D/KeyguardViewMediator(  256): setHidden false
02-13 17:42:19.156 D/KeyguardViewMediator(  256): setHidden false
02-13 17:42:19.176 D/KeyguardViewMediator(  256): setHidden false
02-13 17:42:19.186 D/KeyguardViewMediator(  256): setHidden false
02-13 17:42:19.196 D/KeyguardViewMediator(  256): setHidden false
02-13 17:42:19.196 D/KeyguardViewMediator(  256): setHidden false
02-13 17:42:19.226 D/KeyguardViewMediator(  256): setHidden false
02-13 17:42:19.236 D/KeyguardViewMediator(  256): setHidden false
02-13 17:42:19.246 D/KeyguardViewMediator(  256): setHidden false
02-13 17:42:19.246 D/KeyguardViewMediator(  256): setHidden false
02-13 17:42:19.266 E/MediaPlayer(  845): getCurrentPosition sec = 0
02-13 17:42:19.266 E/MediaPlayer(  845): getDuration_l mDuration = 1296300
02-13 17:42:19.276 D/KeyguardViewMediator(  256): setHidden false
02-13 17:42:19.286 D/KeyguardViewMediator(  256): setHidden false
02-13 17:42:19.296 D/KeyguardViewMediator(  256): setHidden false
02-13 17:42:19.296 D/KeyguardViewMediator(  256): setHidden false
02-13 17:42:19.716 D/PowerManagerService(  256): UnPartial  wakeLock  reactivate ,flags=0xa tag=KEEP_SCREEN_ON_FLAG
02-13 17:42:19.756 D/PowerManagerService(  256): UnPartial  wakeLock  reactivate ,flags=0xa tag=KEEP_SCREEN_ON_FLAG
02-13 17:42:19.756 D/KeyguardViewMediator(  256): setHidden false
02-13 17:42:19.766 D/KeyguardViewMediator(  256): setHidden false
02-13 17:42:19.766 D/KeyguardViewMediator(  256): setHidden false
02-13 17:42:19.786 D/KeyguardViewMediator(  256): setHidden false
02-13 17:42:19.786 D/KeyguardViewMediator(  256): setHidden false
02-13 17:42:19.796 D/KeyguardViewMediator(  256): setHidden false
02-13 17:42:19.796 D/KeyguardViewMediator(  256): setHidden false
02-13 17:42:19.806 D/KeyguardViewMediator(  256): setHidden false
02-13 17:42:19.816 D/KeyguardViewMediator(  256): setHidden false
02-13 17:42:19.826 D/KeyguardViewMediator(  256): setHidden false
02-13 17:42:19.826 D/KeyguardViewMediator(  256): setHidden false
02-13 17:42:19.836 D/KeyguardViewMediator(  256): setHidden false
02-13 17:42:19.846 D/KeyguardViewMediator(  256): setHidden false
02-13 17:42:19.856 D/KeyguardViewMediator(  256): setHidden false
02-13 17:42:19.856 D/KeyguardViewMediator(  256): setHidden false
02-13 17:42:19.866 D/KeyguardViewMediator(  256): setHidden false
02-13 17:42:19.876 D/KeyguardViewMediator(  256): setHidden false
02-13 17:42:19.886 D/KeyguardViewMediator(  256): setHidden false
02-13 17:42:19.896 D/KeyguardViewMediator(  256): setHidden false
02-13 17:42:19.906 D/KeyguardViewMediator(  256): setHidden false
02-13 17:42:19.906 D/KeyguardViewMediator(  256): setHidden false
02-13 17:42:19.916 D/KeyguardViewMediator(  256): setHidden false
02-13 17:42:19.926 D/KeyguardViewMediator(  256): setHidden false
02-13 17:42:19.936 I/Mms:app (  811): pengzhe updateDownloadFailedNotification getDownloadFailedMessageCount =0
02-13 17:42:19.936 D/KeyguardViewMediator(  256): setHidden false
02-13 17:42:19.936 D/KeyguardViewMediator(  256): setHidden false
02-13 17:42:19.956 D/KeyguardViewMediator(  256): setHidden false
02-13 17:42:19.956 D/KeyguardViewMediator(  256): setHidden false
02-13 17:42:19.966 D/KeyguardViewMediator(  256): setHidden false
02-13 17:42:19.976 D/KeyguardViewMediator(  256): setHidden false
02-13 17:42:20.267 E/MediaPlayer(  845): getCurrentPosition sec = 0
02-13 17:42:20.267 E/MediaPlayer(  845): getDuration_l mDuration = 1296300
02-13 17:42:20.957 I/wpa_supplicant(  399): State: INACTIVE -> SCANNING
02-13 17:42:20.957 I/wpa_supplicant(  399): CTRL-EVENT-STATE-CHANGE id=-1 state=2 BSSID=00:00:00:00:00:00
02-13 17:42:20.967 D/NetworkStateTracker(  256): setDetailed state, old =IDLE and new state=SCANNING
02-13 17:42:21.268 E/MediaPlayer(  845): getCurrentPosition sec = 0
02-13 17:42:21.268 E/MediaPlayer(  845): getDuration_l mDuration = 1296300
02-13 17:42:21.938 I/dun_service(  124): process rmnet event
02-13 17:42:21.938 I/dun_service(  124): Post event 4
02-13 17:42:21.948 I/dun_service(  124): received event: DUN_EVENT_RMNET_UP 
02-13 17:42:21.948 I/dun_service(  124): received event(DUN_EVENT_RMNET_UP) in state(DUN_STATE_USB_UNPLUG)
02-13 17:42:21.948 I/dun_service(  124): Ignoring the event DUN_EVENT_RMNET_UP in USB_UNPLUG_STATE
02-13 17:42:21.948 I/dun_service(  124): Moved to state(DUN_STATE_USB_UNPLUG)
02-13 17:42:21.948 I/wpa_supplicant(  399): State: SCANNING -> INACTIVE
02-13 17:42:21.948 I/wpa_supplicant(  399): CTRL-EVENT-STATE-CHANGE id=-1 state=1 BSSID=00:00:00:00:00:00
02-13 17:42:21.948 D/NetworkStateTracker(  256): setDetailed state, old =SCANNING and new state=IDLE
02-13 17:42:21.948 D/WifiStateTracker(  256): setNotificationVisible() visible=false mNotificationShown=false force=false return.
02-13 17:42:22.279 E/MediaPlayer(  845): getCurrentPosition sec = 0
02-13 17:42:22.279 E/MediaPlayer(  845): getDuration_l mDuration = 1296300
02-13 17:42:23.280 E/MediaPlayer(  845): getCurrentPosition sec = 0
02-13 17:42:23.280 E/MediaPlayer(  845): getDuration_l mDuration = 1296300
02-13 17:42:23.300 D/DATA    (  344): [DSST(0)] pollstate() : reason = data network state changed
02-13 17:42:23.350 D/MobileDataStateTracker(  256): [hipri]  MobileDataStateReceiver onReceive(): Entry.
02-13 17:42:23.350 D/MobileDataStateTracker(  256): [hipri]  intent.getAction()= android.intent.action.SERVICE_STATE
02-13 17:42:23.350 D/MobileDataStateTracker(  256): [hipri]  mEnabled = false
02-13 17:42:23.350 D/MobileDataStateTracker(  256): [dun]  MobileDataStateReceiver onReceive(): Entry.
02-13 17:42:23.350 D/MobileDataStateTracker(  256): [dun]  intent.getAction()= android.intent.action.SERVICE_STATE
02-13 17:42:23.350 D/MobileDataStateTracker(  256): [dun]  mEnabled = false
02-13 17:42:23.350 D/MobileDataStateTracker(  256): [supl]  MobileDataStateReceiver onReceive(): Entry.
02-13 17:42:23.350 D/MobileDataStateTracker(  256): [supl]  intent.getAction()= android.intent.action.SERVICE_STATE
02-13 17:42:23.350 D/MobileDataStateTracker(  256): [supl]  mEnabled = false
02-13 17:42:23.350 D/MobileDataStateTracker(  256): [mms]  MobileDataStateReceiver onReceive(): Entry.
02-13 17:42:23.350 D/MobileDataStateTracker(  256): [mms]  intent.getAction()= android.intent.action.SERVICE_STATE
02-13 17:42:23.350 D/MobileDataStateTracker(  256): [mms]  mEnabled = false
02-13 17:42:23.360 D/MobileDataStateTracker(  256): [default]  MobileDataStateReceiver onReceive(): Entry.
02-13 17:42:23.360 D/MobileDataStateTracker(  256): [default]  intent.getAction()= android.intent.action.SERVICE_STATE
02-13 17:42:23.360 D/MobileDataStateTracker(  256): [default]  mEnabled = true
02-13 17:42:23.360 D/CallManager(  344):  handleMessage (EVENT_SERVICE_STATE_CHANGED)
02-13 17:42:23.360 E/BT HS/HF(  344): SERVICE_STATE_CHANGED called
02-13 17:42:23.360 E/BT HS/HF(  344): updateServiceState called, sendUpdate:false  ServiceState:0 home Sprint  310099  EvDo rev. A CSS not supported 41 4139RoamInd: 1RoamStatus(sprint): 1DefRoamInd: 160EmergOnly: false
02-13 17:42:23.360 E/BT HS/HF(  344): service:1 mService:1
02-13 17:42:23.360 D/DATA    (  344): [DSST(0)]  registrationState = 1  radioTechnology = 8 reasonForDenial = 0
02-13 17:42:23.360 D/DATA    (  344): [DSST(0)]  set mNewDataConnectionState = 0
02-13 17:42:23.360 D/DATA    (  344): [DSST(0)]  mNewDataConnectionState : 0  mDataConnectionState : 0
02-13 17:42:23.360 D/DATA    (  344): [DSST(0)] Poll ServiceState done: oldSS=[0 home null null null  EvDo rev. A CSS not supported -1 -1RoamInd: -1RoamStatus(sprint): -1DefRoamInd: -1EmergOnly: false] newSS=[0 home null null null  EvDo rev. A CSS not supported -1 -1RoamInd: -1RoamStatus(sprint): -1DefRoamInd: -1EmergOnly: false]
02-13 17:42:23.360 D/DATA    (  344): [DSST(0)]  mDataConnectionState = 0
02-13 17:42:23.380 D/Mms     (  811): currentRoamingStatus:1
02-13 17:42:24.281 E/MediaPlayer(  845): getCurrentPosition sec = 0
02-13 17:42:24.281 E/MediaPlayer(  845): getDuration_l mDuration = 1296300
02-13 17:42:24.731 D/PowerManagerService(  256): UnPartial  wakeLock  reactivate ,flags=0xa tag=KEEP_SCREEN_ON_FLAG
02-13 17:42:24.731 D/MediaPlayer(  845): pause state 16
02-13 17:42:24.731 D/KeyguardViewMediator(  256): setHidden false
02-13 17:42:24.731 D/PowerManagerService(  256): UnPartial  wakeLock  reactivate ,flags=0xa tag=KEEP_SCREEN_ON_FLAG
02-13 17:42:24.731 D/PowerManagerService(  256): releaseWakeLock flags=0xa tag=KEEP_SCREEN_ON_FLAG
02-13 17:42:29.326 D/AudioTrack(  116): start 0x26d58
02-13 17:42:29.326 D/AudioFlinger(  116): start(4098), calling thread 116 session 26
02-13 17:42:29.326 D/AudioTrack(  116): pause
02-13 17:42:29.326 E/MediaPlayer(  845): pause getCurrentPosition sec = 0
02-13 17:42:29.336 D/MediaPlayer(  845): pause state 32
02-13 17:42:29.336 E/MediaPlayer(  845): getCurrentPosition sec = 0
02-13 17:42:29.336 E/MediaPlayer(  845): getDuration_l mDuration = 1296300
02-13 17:42:30.337 E/MediaPlayer(  845): getCurrentPosition sec = 0
02-13 17:42:30.337 E/MediaPlayer(  845): getDuration_l mDuration = 1296300
02-13 17:42:31.007 E/wlg     (  845): MediaPlayer.start()  mIsStream = true
02-13 17:42:31.007 E/wlg     (  845): MediaPlayer.notifyPlayingStream  The current video is a stream!
02-13 17:42:31.007 D/KeyguardViewMediator(  256): setHidden false
02-13 17:42:31.007 D/MediaPlayer(  845): start state 32
02-13 17:42:31.007 D/AudioTrack(  116): start 0x26d58
02-13 17:42:31.007 D/AudioFlinger(  116): start(4098), calling thread 845 session 26
02-13 17:42:31.007 E/MediaPlayer(  845): getCurrentPosition sec = 0
02-13 17:42:31.007 E/MediaPlayer(  845): getDuration_l mDuration = 1296300
02-13 17:42:31.017 D/PowerManagerService(  256): acquireWakeLock flags=0xa tag=KEEP_SCREEN_ON_FLAG
02-13 17:42:31.027 D/AudioHardwareMSM7X30(  116): value of device and enable is 2 1 ALSA dev id:3
02-13 17:42:31.067 D/PowerManagerService(  256): UnPartial  wakeLock  reactivate ,flags=0xa tag=KEEP_SCREEN_ON_FLAG
02-13 17:42:31.107 D/AudioHardwareMSM7X30(  116): msm_route_stream(PCM_PLAY,5,3,1)
02-13 17:42:32.018 E/MediaPlayer(  845): getCurrentPosition sec = 961
02-13 17:42:32.018 E/MediaPlayer(  845): getDuration_l mDuration = 1296300
02-13 17:42:33.019 E/MediaPlayer(  845): getCurrentPosition sec = 2058
02-13 17:42:33.019 E/MediaPlayer(  845): getDuration_l mDuration = 1296300
02-13 17:42:33.570 D/DATA    (  344): [DSST(0)] pollstate() : reason = data network state changed
02-13 17:42:33.640 D/MobileDataStateTracker(  256): [hipri]  MobileDataStateReceiver onReceive(): Entry.
02-13 17:42:33.640 D/MobileDataStateTracker(  256): [hipri]  intent.getAction()= android.intent.action.SERVICE_STATE
02-13 17:42:33.640 D/MobileDataStateTracker(  256): [hipri]  mEnabled = false
02-13 17:42:33.640 D/MobileDataStateTracker(  256): [dun]  MobileDataStateReceiver onReceive(): Entry.
02-13 17:42:33.640 D/MobileDataStateTracker(  256): [dun]  intent.getAction()= android.intent.action.SERVICE_STATE
02-13 17:42:33.640 D/MobileDataStateTracker(  256): [dun]  mEnabled = false
02-13 17:42:33.650 D/MobileDataStateTracker(  256): [supl]  MobileDataStateReceiver onReceive(): Entry.
02-13 17:42:33.650 D/MobileDataStateTracker(  256): [supl]  intent.getAction()= android.intent.action.SERVICE_STATE
02-13 17:42:33.650 D/MobileDataStateTracker(  256): [supl]  mEnabled = false
02-13 17:42:33.650 D/MobileDataStateTracker(  256): [mms]  MobileDataStateReceiver onReceive(): Entry.
02-13 17:42:33.650 D/MobileDataStateTracker(  256): [mms]  intent.getAction()= android.intent.action.SERVICE_STATE
02-13 17:42:33.650 D/MobileDataStateTracker(  256): [mms]  mEnabled = false
02-13 17:42:33.650 D/MobileDataStateTracker(  256): [default]  MobileDataStateReceiver onReceive(): Entry.
02-13 17:42:33.650 D/MobileDataStateTracker(  256): [default]  intent.getAction()= android.intent.action.SERVICE_STATE
02-13 17:42:33.650 D/MobileDataStateTracker(  256): [default]  mEnabled = true
02-13 17:42:33.650 D/CallManager(  344):  handleMessage (EVENT_SERVICE_STATE_CHANGED)
02-13 17:42:33.660 E/BT HS/HF(  344): SERVICE_STATE_CHANGED called
02-13 17:42:33.660 E/BT HS/HF(  344): updateServiceState called, sendUpdate:false  ServiceState:0 home Sprint  310099  EvDo rev. A CSS not supported 41 4139RoamInd: 1RoamStatus(sprint): 1DefRoamInd: 160EmergOnly: false
02-13 17:42:33.660 E/BT HS/HF(  344): service:1 mService:1
02-13 17:42:33.670 D/DATA    (  344): [DSST(0)]  registrationState = 1  radioTechnology = 8 reasonForDenial = 0
02-13 17:42:33.670 D/DATA    (  344): [DSST(0)]  set mNewDataConnectionState = 0
02-13 17:42:33.670 D/DATA    (  344): [DSST(0)]  mNewDataConnectionState : 0  mDataConnectionState : 0
02-13 17:42:33.670 D/DATA    (  344): [DSST(0)] Poll ServiceState done: oldSS=[0 home null null null  EvDo rev. A CSS not supported -1 -1RoamInd: -1RoamStatus(sprint): -1DefRoamInd: -1EmergOnly: false] newSS=[0 home null null null  EvDo rev. A CSS not supported -1 -1RoamInd: -1RoamStatus(sprint): -1DefRoamInd: -1EmergOnly: false]
02-13 17:42:33.670 D/DATA    (  344): [DSST(0)]  mDataConnectionState = 0
02-13 17:42:33.670 D/Mms     (  811): currentRoamingStatus:1
02-13 17:42:33.860 D/PhoneApp(  344): updateProximitySensorMode: state = IDLE
02-13 17:42:33.870 D/PhoneApp(  344): updateProximitySensorMode: lock already released.
02-13 17:42:33.920 D/KeyguardViewMediator(  256): setHidden false
02-13 17:42:33.920 D/KeyguardViewMediator(  256): setHidden false
02-13 17:42:33.950 D/KeyguardViewMediator(  256): setHidden false
02-13 17:42:33.950 D/KeyguardViewMediator(  256): setHidden false
02-13 17:42:33.960 D/KeyguardViewMediator(  256): setHidden false
02-13 17:42:33.970 E/OverlayLIB(  256): setPosition failed
02-13 17:42:33.970 E/Overlay (  256): int setPositionHandleState(overlay_control_context_t*, overlay_object*, overlay_rect&, int, int, uint32_t, uint32_t):Failed for channel 0
02-13 17:42:33.970 D/KeyguardViewMediator(  256): setHidden false
02-13 17:42:33.970 D/KeyguardViewMediator(  256): setHidden false
02-13 17:42:33.980 D/KeyguardViewMediator(  256): setHidden false
02-13 17:42:33.990 E/OverlayLIB(  256): setPosition failed
02-13 17:42:33.990 E/Overlay (  256): int setPositionHandleState(overlay_control_context_t*, overlay_object*, overlay_rect&, int, int, uint32_t, uint32_t):Failed for channel 0
02-13 17:42:33.990 D/KeyguardViewMediator(  256): setHidden false
02-13 17:42:34.000 D/KeyguardViewMediator(  256): setHidden false
02-13 17:42:34.010 E/OverlayLIB(  256): setPosition failed
02-13 17:42:34.010 E/Overlay (  256): int setPositionHandleState(overlay_control_context_t*, overlay_object*, overlay_rect&, int, int, uint32_t, uint32_t):Failed for channel 0
02-13 17:42:34.010 D/KeyguardViewMediator(  256): setHidden false
02-13 17:42:34.010 D/KeyguardViewMediator(  256): setHidden false
02-13 17:42:34.010 D/KeyguardViewMediator(  256): setHidden false
02-13 17:42:34.020 E/OverlayLIB(  256): setPosition failed
02-13 17:42:34.020 E/Overlay (  256): int setPositionHandleState(overlay_control_context_t*, overlay_object*, overlay_rect&, int, int, uint32_t, uint32_t):Failed for channel 0
02-13 17:42:34.030 E/MediaPlayer(  845): getCurrentPosition sec = 3019
02-13 17:42:34.030 E/MediaPlayer(  845): getDuration_l mDuration = 1296300
02-13 17:42:34.030 D/KeyguardViewMediator(  256): setHidden false
02-13 17:42:34.030 D/KeyguardViewMediator(  256): setHidden false
02-13 17:42:34.030 D/KeyguardViewMediator(  256): setHidden false
02-13 17:42:34.040 E/OverlayLIB(  256): setPosition failed
02-13 17:42:34.040 E/Overlay (  256): int setPositionHandleState(overlay_control_context_t*, overlay_object*, overlay_rect&, int, int, uint32_t, uint32_t):Failed for channel 0
02-13 17:42:34.050 D/KeyguardViewMediator(  256): setHidden false
02-13 17:42:34.050 D/KeyguardViewMediator(  256): setHidden false
02-13 17:42:34.070 D/KeyguardViewMediator(  256): setHidden false
02-13 17:42:34.070 D/KeyguardViewMediator(  256): setHidden false
02-13 17:42:34.070 D/KeyguardViewMediator(  256): setHidden false
02-13 17:42:34.080 D/KeyguardViewMediator(  256): setHidden false
02-13 17:42:35.021 E/MediaPlayer(  845): getCurrentPosition sec = 3980
02-13 17:42:35.021 E/MediaPlayer(  845): getDuration_l mDuration = 1296300
02-13 17:42:35.802 D/DATA    (  344): [DSST(0)] pollstate() : reason = data network state changed
02-13 17:42:35.892 D/MobileDataStateTracker(  256): [hipri]  MobileDataStateReceiver onReceive(): Entry.
02-13 17:42:35.892 D/MobileDataStateTracker(  256): [hipri]  intent.getAction()= android.intent.action.SERVICE_STATE
02-13 17:42:35.892 D/MobileDataStateTracker(  256): [hipri]  mEnabled = false
02-13 17:42:35.892 D/MobileDataStateTracker(  256): [dun]  MobileDataStateReceiver onReceive(): Entry.
02-13 17:42:35.892 D/MobileDataStateTracker(  256): [dun]  intent.getAction()= android.intent.action.SERVICE_STATE
02-13 17:42:35.892 D/MobileDataStateTracker(  256): [dun]  mEnabled = false
02-13 17:42:35.892 D/MobileDataStateTracker(  256): [supl]  MobileDataStateReceiver onReceive(): Entry.
02-13 17:42:35.892 D/MobileDataStateTracker(  256): [supl]  intent.getAction()= android.intent.action.SERVICE_STATE
02-13 17:42:35.892 D/MobileDataStateTracker(  256): [supl]  mEnabled = false
02-13 17:42:35.892 D/MobileDataStateTracker(  256): [mms]  MobileDataStateReceiver onReceive(): Entry.
02-13 17:42:35.892 D/MobileDataStateTracker(  256): [mms]  intent.getAction()= android.intent.action.SERVICE_STATE
02-13 17:42:35.892 D/MobileDataStateTracker(  256): [mms]  mEnabled = false
02-13 17:42:35.902 D/MobileDataStateTracker(  256): [default]  MobileDataStateReceiver onReceive(): Entry.
02-13 17:42:35.902 D/MobileDataStateTracker(  256): [default]  intent.getAction()= android.intent.action.SERVICE_STATE
02-13 17:42:35.902 D/MobileDataStateTracker(  256): [default]  mEnabled = true
02-13 17:42:35.902 D/CallManager(  344):  handleMessage (EVENT_SERVICE_STATE_CHANGED)
02-13 17:42:35.902 E/BT HS/HF(  344): SERVICE_STATE_CHANGED called
02-13 17:42:35.902 E/BT HS/HF(  344): updateServiceState called, sendUpdate:false  ServiceState:0 home Sprint  310099  EvDo rev. A CSS not supported 41 4139RoamInd: 1RoamStatus(sprint): 1DefRoamInd: 160EmergOnly: false
02-13 17:42:35.902 E/BT HS/HF(  344): service:1 mService:1
02-13 17:42:35.902 D/DATA    (  344): [DSST(0)]  registrationState = 1  radioTechnology = 8 reasonForDenial = 0
02-13 17:42:35.902 D/DATA    (  344): [DSST(0)]  set mNewDataConnectionState = 0
