02-13 17:37:48.472 E/MediaPlayer(  845): getDuration_l mDuration = 1296300
02-13 17:37:48.822 I/wpa_supplicant(  399): State: INACTIVE -> SCANNING
02-13 17:37:48.822 I/wpa_supplicant(  399): CTRL-EVENT-STATE-CHANGE id=-1 state=2 BSSID=00:00:00:00:00:00
02-13 17:37:48.832 D/NetworkStateTracker(  256): setDetailed state, old =IDLE and new state=SCANNING
02-13 17:37:49.483 E/MediaPlayer(  845): getCurrentPosition sec = 1031837
02-13 17:37:49.483 E/MediaPlayer(  845): getDuration_l mDuration = 1296300
02-13 17:37:49.813 I/dun_service(  124): process rmnet event
02-13 17:37:49.813 I/dun_service(  124): Post event 4
02-13 17:37:49.813 I/dun_service(  124): received event: DUN_EVENT_RMNET_UP 
02-13 17:37:49.813 I/dun_service(  124): received event(DUN_EVENT_RMNET_UP) in state(DUN_STATE_USB_UNPLUG)
02-13 17:37:49.813 I/dun_service(  124): Ignoring the event DUN_EVENT_RMNET_UP in USB_UNPLUG_STATE
02-13 17:37:49.813 I/dun_service(  124): Moved to state(DUN_STATE_USB_UNPLUG)
02-13 17:37:49.813 I/wpa_supplicant(  399): State: SCANNING -> INACTIVE
02-13 17:37:49.813 I/wpa_supplicant(  399): CTRL-EVENT-STATE-CHANGE id=-1 state=1 BSSID=00:00:00:00:00:00
02-13 17:37:49.823 D/WifiStateTracker(  256): setNotificationVisible() visible=false mNotificationShown=false force=false return.
02-13 17:37:49.823 D/NetworkStateTracker(  256): setDetailed state, old =SCANNING and new state=IDLE
02-13 17:37:50.494 E/MediaPlayer(  845): getCurrentPosition sec = 1032798
02-13 17:37:50.494 E/MediaPlayer(  845): getDuration_l mDuration = 1296300
02-13 17:37:51.505 E/MediaPlayer(  845): getCurrentPosition sec = 1033758
02-13 17:37:51.505 E/MediaPlayer(  845): getDuration_l mDuration = 1296300
02-13 17:37:52.505 E/MediaPlayer(  845): getCurrentPosition sec = 1034856
02-13 17:37:52.505 E/MediaPlayer(  845): getDuration_l mDuration = 1296300
02-13 17:37:53.516 E/MediaPlayer(  845): getCurrentPosition sec = 1035817
02-13 17:37:53.516 E/MediaPlayer(  845): getDuration_l mDuration = 1296300
02-13 17:37:54.527 E/MediaPlayer(  845): getCurrentPosition sec = 1036778
02-13 17:37:54.527 E/MediaPlayer(  845): getDuration_l mDuration = 1296300
02-13 17:37:55.158 E/rmt_storage(  154): [MyTag]open: fd=-1
02-13 17:37:55.158 E/rmt_storage(  154): block rmt_storage client thread
02-13 17:37:55.538 E/MediaPlayer(  845): getCurrentPosition sec = 1037876
02-13 17:37:55.538 E/MediaPlayer(  845): getDuration_l mDuration = 1296300
02-13 17:37:56.539 E/MediaPlayer(  845): getCurrentPosition sec = 1038836
02-13 17:37:56.539 E/MediaPlayer(  845): getDuration_l mDuration = 1296300
02-13 17:37:57.550 E/MediaPlayer(  845): getCurrentPosition sec = 1039934
02-13 17:37:57.550 E/MediaPlayer(  845): getDuration_l mDuration = 1296300
02-13 17:37:58.541 E/MediaPlayer(  845): getCurrentPosition sec = 1040895
02-13 17:37:58.541 E/MediaPlayer(  845): getDuration_l mDuration = 1296300
02-13 17:37:59.542 E/MediaPlayer(  845): getCurrentPosition sec = 1041855
02-13 17:37:59.542 E/MediaPlayer(  845): getDuration_l mDuration = 1296300
02-13 17:37:59.993 D/KeyguardUpdateMonitor(  256): received broadcast android.intent.action.TIME_TICK
02-13 17:37:59.993 D/KeyguardUpdateMonitor(  256): handleTimeUpdate
02-13 17:38:00.553 E/MediaPlayer(  845): getCurrentPosition sec = 1042816
02-13 17:38:00.553 E/MediaPlayer(  845): getDuration_l mDuration = 1296300
02-13 17:38:01.564 E/MediaPlayer(  845): getCurrentPosition sec = 1043914
02-13 17:38:01.564 E/MediaPlayer(  845): getDuration_l mDuration = 1296300
02-13 17:38:02.565 E/MediaPlayer(  845): getCurrentPosition sec = 1044874
02-13 17:38:02.565 E/MediaPlayer(  845): getDuration_l mDuration = 1296300
02-13 17:38:03.566 E/MediaPlayer(  845): getCurrentPosition sec = 1045835
02-13 17:38:03.566 E/MediaPlayer(  845): getDuration_l mDuration = 1296300
02-13 17:38:04.577 E/MediaPlayer(  845): getCurrentPosition sec = 1046933
02-13 17:38:04.577 E/MediaPlayer(  845): getDuration_l mDuration = 1296300
02-13 17:38:04.848 I/wpa_supplicant(  399): State: INACTIVE -> SCANNING
02-13 17:38:04.848 I/wpa_supplicant(  399): CTRL-EVENT-STATE-CHANGE id=-1 state=2 BSSID=00:00:00:00:00:00
02-13 17:38:04.848 D/NetworkStateTracker(  256): setDetailed state, old =IDLE and new state=SCANNING
02-13 17:38:05.588 E/MediaPlayer(  845): getCurrentPosition sec = 1047894
02-13 17:38:05.588 E/MediaPlayer(  845): getDuration_l mDuration = 1296300
02-13 17:38:05.818 I/wpa_supplicant(  399): State: SCANNING -> INACTIVE
02-13 17:38:05.818 I/wpa_supplicant(  399): CTRL-EVENT-STATE-CHANGE id=-1 state=1 BSSID=00:00:00:00:00:00
02-13 17:38:05.818 I/dun_service(  124): process rmnet event
02-13 17:38:05.818 I/dun_service(  124): Post event 4
02-13 17:38:05.818 I/dun_service(  124): received event: DUN_EVENT_RMNET_UP 
02-13 17:38:05.818 I/dun_service(  124): received event(DUN_EVENT_RMNET_UP) in state(DUN_STATE_USB_UNPLUG)
02-13 17:38:05.818 I/dun_service(  124): Ignoring the event DUN_EVENT_RMNET_UP in USB_UNPLUG_STATE
02-13 17:38:05.818 I/dun_service(  124): Moved to state(DUN_STATE_USB_UNPLUG)
02-13 17:38:05.818 D/NetworkStateTracker(  256): setDetailed state, old =SCANNING and new state=IDLE
02-13 17:38:05.818 D/WifiStateTracker(  256): setNotificationVisible() visible=false mNotificationShown=false force=false return.
02-13 17:38:06.589 E/MediaPlayer(  845): getCurrentPosition sec = 1048854
02-13 17:38:06.589 E/MediaPlayer(  845): getDuration_l mDuration = 1296300
02-13 17:38:07.340 D/DATA    (  344): [DSST(0)] pollstate() : reason = data network state changed
02-13 17:38:07.400 D/MobileDataStateTracker(  256): [hipri]  MobileDataStateReceiver onReceive(): Entry.
02-13 17:38:07.400 D/MobileDataStateTracker(  256): [hipri]  intent.getAction()= android.intent.action.SERVICE_STATE
02-13 17:38:07.400 D/MobileDataStateTracker(  256): [hipri]  mEnabled = false
02-13 17:38:07.400 D/MobileDataStateTracker(  256): [dun]  MobileDataStateReceiver onReceive(): Entry.
02-13 17:38:07.400 D/MobileDataStateTracker(  256): [dun]  intent.getAction()= android.intent.action.SERVICE_STATE
02-13 17:38:07.400 D/MobileDataStateTracker(  256): [dun]  mEnabled = false
02-13 17:38:07.410 D/MobileDataStateTracker(  256): [supl]  MobileDataStateReceiver onReceive(): Entry.
02-13 17:38:07.410 D/MobileDataStateTracker(  256): [supl]  intent.getAction()= android.intent.action.SERVICE_STATE
02-13 17:38:07.410 D/MobileDataStateTracker(  256): [supl]  mEnabled = false
02-13 17:38:07.410 D/MobileDataStateTracker(  256): [mms]  MobileDataStateReceiver onReceive(): Entry.
02-13 17:38:07.410 D/MobileDataStateTracker(  256): [mms]  intent.getAction()= android.intent.action.SERVICE_STATE
02-13 17:38:07.410 D/MobileDataStateTracker(  256): [mms]  mEnabled = false
02-13 17:38:07.410 D/MobileDataStateTracker(  256): [default]  MobileDataStateReceiver onReceive(): Entry.
02-13 17:38:07.410 D/MobileDataStateTracker(  256): [default]  intent.getAction()= android.intent.action.SERVICE_STATE
02-13 17:38:07.410 D/MobileDataStateTracker(  256): [default]  mEnabled = true
02-13 17:38:07.410 D/CallManager(  344):  handleMessage (EVENT_SERVICE_STATE_CHANGED)
02-13 17:38:07.410 E/BT HS/HF(  344): SERVICE_STATE_CHANGED called
02-13 17:38:07.410 E/BT HS/HF(  344): updateServiceState called, sendUpdate:false  ServiceState:0 home Sprint  310099  EvDo rev. A CSS not supported 41 4139RoamInd: 1RoamStatus(sprint): 1DefRoamInd: 160EmergOnly: false
02-13 17:38:07.410 E/BT HS/HF(  344): service:1 mService:1
02-13 17:38:07.420 D/DATA    (  344): [DSST(0)]  registrationState = 1  radioTechnology = 8 reasonForDenial = 0
02-13 17:38:07.420 D/DATA    (  344): [DSST(0)]  set mNewDataConnectionState = 0
02-13 17:38:07.420 D/DATA    (  344): [DSST(0)]  mNewDataConnectionState : 0  mDataConnectionState : 0
02-13 17:38:07.430 D/DATA    (  344): [DSST(0)] Poll ServiceState done: oldSS=[0 home null null null  EvDo rev. A CSS not supported -1 -1RoamInd: -1RoamStatus(sprint): -1DefRoamInd: -1EmergOnly: false] newSS=[0 home null null null  EvDo rev. A CSS not supported -1 -1RoamInd: -1RoamStatus(sprint): -1DefRoamInd: -1EmergOnly: false]
02-13 17:38:07.430 D/DATA    (  344): [DSST(0)]  mDataConnectionState = 0
02-13 17:38:07.450 D/Mms     (  811): currentRoamingStatus:1
02-13 17:38:07.600 E/MediaPlayer(  845): getCurrentPosition sec = 1049952
02-13 17:38:07.600 E/MediaPlayer(  845): getDuration_l mDuration = 1296300
02-13 17:38:08.601 E/MediaPlayer(  845): getCurrentPosition sec = 1050913
02-13 17:38:08.601 E/MediaPlayer(  845): getDuration_l mDuration = 1296300
02-13 17:38:09.602 E/MediaPlayer(  845): getCurrentPosition sec = 1052010
02-13 17:38:09.602 E/MediaPlayer(  845): getDuration_l mDuration = 1296300
02-13 17:38:10.613 E/MediaPlayer(  845): getCurrentPosition sec = 1052971
02-13 17:38:10.613 E/MediaPlayer(  845): getDuration_l mDuration = 1296300
02-13 17:38:11.624 E/MediaPlayer(  845): getCurrentPosition sec = 1053932
02-13 17:38:11.624 E/MediaPlayer(  845): getDuration_l mDuration = 1296300
02-13 17:38:12.625 E/MediaPlayer(  845): getCurrentPosition sec = 1054893
02-13 17:38:12.625 E/MediaPlayer(  845): getDuration_l mDuration = 1296300
02-13 17:38:13.626 E/MediaPlayer(  845): getCurrentPosition sec = 1055990
02-13 17:38:13.626 E/MediaPlayer(  845): getDuration_l mDuration = 1296300
02-13 17:38:14.637 E/MediaPlayer(  845): getCurrentPosition sec = 1056951
02-13 17:38:14.637 E/MediaPlayer(  845): getDuration_l mDuration = 1296300
02-13 17:38:15.638 E/MediaPlayer(  845): getCurrentPosition sec = 1058049
02-13 17:38:15.638 E/MediaPlayer(  845): getDuration_l mDuration = 1296300
02-13 17:38:16.649 E/MediaPlayer(  845): getCurrentPosition sec = 1059010
02-13 17:38:16.649 E/MediaPlayer(  845): getDuration_l mDuration = 1296300
02-13 17:38:17.660 E/MediaPlayer(  845): getCurrentPosition sec = 1059970
02-13 17:38:17.660 E/MediaPlayer(  845): getDuration_l mDuration = 1296300
02-13 17:38:18.651 E/MediaPlayer(  845): getCurrentPosition sec = 1061068
02-13 17:38:18.651 E/MediaPlayer(  845): getDuration_l mDuration = 1296300
02-13 17:38:19.662 E/MediaPlayer(  845): getCurrentPosition sec = 1062029
02-13 17:38:19.662 E/MediaPlayer(  845): getDuration_l mDuration = 1296300
02-13 17:38:20.673 E/MediaPlayer(  845): getCurrentPosition sec = 1062989
02-13 17:38:20.673 E/MediaPlayer(  845): getDuration_l mDuration = 1296300
02-13 17:38:20.823 I/wpa_supplicant(  399): State: INACTIVE -> SCANNING
02-13 17:38:20.823 I/wpa_supplicant(  399): CTRL-EVENT-STATE-CHANGE id=-1 state=2 BSSID=00:00:00:00:00:00
02-13 17:38:20.823 D/NetworkStateTracker(  256): setDetailed state, old =IDLE and new state=SCANNING
02-13 17:38:21.684 E/MediaPlayer(  845): getCurrentPosition sec = 1064087
02-13 17:38:21.684 E/MediaPlayer(  845): getDuration_l mDuration = 1296300
02-13 17:38:21.794 I/dun_service(  124): process rmnet event
02-13 17:38:21.794 I/dun_service(  124): Post event 4
02-13 17:38:21.804 I/dun_service(  124): received event: DUN_EVENT_RMNET_UP 
02-13 17:38:21.804 I/dun_service(  124): received event(DUN_EVENT_RMNET_UP) in state(DUN_STATE_USB_UNPLUG)
02-13 17:38:21.804 I/dun_service(  124): Ignoring the event DUN_EVENT_RMNET_UP in USB_UNPLUG_STATE
02-13 17:38:21.804 I/dun_service(  124): Moved to state(DUN_STATE_USB_UNPLUG)
02-13 17:38:21.804 I/wpa_supplicant(  399): State: SCANNING -> INACTIVE
02-13 17:38:21.804 I/wpa_supplicant(  399): CTRL-EVENT-STATE-CHANGE id=-1 state=1 BSSID=00:00:00:00:00:00
02-13 17:38:21.814 D/NetworkStateTracker(  256): setDetailed state, old =SCANNING and new state=IDLE
02-13 17:38:21.814 D/WifiStateTracker(  256): setNotificationVisible() visible=false mNotificationShown=false force=false return.
02-13 17:38:22.685 E/MediaPlayer(  845): getCurrentPosition sec = 1065048
02-13 17:38:22.685 E/MediaPlayer(  845): getDuration_l mDuration = 1296300
02-13 17:38:23.686 E/MediaPlayer(  845): getCurrentPosition sec = 1066008
02-13 17:38:23.686 E/MediaPlayer(  845): getDuration_l mDuration = 1296300
02-13 17:38:24.697 E/MediaPlayer(  845): getCurrentPosition sec = 1067106
02-13 17:38:24.697 E/MediaPlayer(  845): getDuration_l mDuration = 1296300
02-13 17:38:25.698 E/MediaPlayer(  845): getCurrentPosition sec = 1068067
02-13 17:38:25.698 E/MediaPlayer(  845): getDuration_l mDuration = 1296300
02-13 17:38:26.709 E/MediaPlayer(  845): getCurrentPosition sec = 1069027
02-13 17:38:26.709 E/MediaPlayer(  845): getDuration_l mDuration = 1296300
02-13 17:38:27.720 E/MediaPlayer(  845): getCurrentPosition sec = 1069988
02-13 17:38:27.720 E/MediaPlayer(  845): getDuration_l mDuration = 1296300
02-13 17:38:27.790 D/DATA    (  344): [DSST(0)] pollstate() : reason = data network state changed
02-13 17:38:27.820 D/MobileDataStateTracker(  256): [hipri]  MobileDataStateReceiver onReceive(): Entry.
02-13 17:38:27.820 D/MobileDataStateTracker(  256): [hipri]  intent.getAction()= android.intent.action.SERVICE_STATE
02-13 17:38:27.820 D/MobileDataStateTracker(  256): [hipri]  mEnabled = false
02-13 17:38:27.820 D/MobileDataStateTracker(  256): [dun]  MobileDataStateReceiver onReceive(): Entry.
02-13 17:38:27.820 D/MobileDataStateTracker(  256): [dun]  intent.getAction()= android.intent.action.SERVICE_STATE
02-13 17:38:27.820 D/MobileDataStateTracker(  256): [dun]  mEnabled = false
02-13 17:38:27.830 D/MobileDataStateTracker(  256): [supl]  MobileDataStateReceiver onReceive(): Entry.
02-13 17:38:27.830 D/MobileDataStateTracker(  256): [supl]  intent.getAction()= android.intent.action.SERVICE_STATE
02-13 17:38:27.830 D/MobileDataStateTracker(  256): [supl]  mEnabled = false
02-13 17:38:27.830 D/MobileDataStateTracker(  256): [mms]  MobileDataStateReceiver onReceive(): Entry.
02-13 17:38:27.830 D/MobileDataStateTracker(  256): [mms]  intent.getAction()= android.intent.action.SERVICE_STATE
02-13 17:38:27.830 D/MobileDataStateTracker(  256): [mms]  mEnabled = false
02-13 17:38:27.830 D/MobileDataStateTracker(  256): [default]  MobileDataStateReceiver onReceive(): Entry.
02-13 17:38:27.830 D/MobileDataStateTracker(  256): [default]  intent.getAction()= android.intent.action.SERVICE_STATE
02-13 17:38:27.830 D/MobileDataStateTracker(  256): [default]  mEnabled = true
02-13 17:38:27.850 D/CallManager(  344):  handleMessage (EVENT_SERVICE_STATE_CHANGED)
02-13 17:38:27.850 E/BT HS/HF(  344): SERVICE_STATE_CHANGED called
02-13 17:38:27.850 E/BT HS/HF(  344): updateServiceState called, sendUpdate:false  ServiceState:0 home Sprint  310099  EvDo rev. A CSS not supported 41 4139RoamInd: 1RoamStatus(sprint): 1DefRoamInd: 160EmergOnly: false
02-13 17:38:27.850 E/BT HS/HF(  344): service:1 mService:1
02-13 17:38:27.860 D/DATA    (  344): [DSST(0)]  registrationState = 1  radioTechnology = 8 reasonForDenial = 0
02-13 17:38:27.860 D/DATA    (  344): [DSST(0)]  set mNewDataConnectionState = 0
02-13 17:38:27.860 D/DATA    (  344): [DSST(0)]  mNewDataConnectionState : 0  mDataConnectionState : 0
02-13 17:38:27.860 D/DATA    (  344): [DSST(0)] Poll ServiceState done: oldSS=[0 home null null null  EvDo rev. A CSS not supported -1 -1RoamInd: -1RoamStatus(sprint): -1DefRoamInd: -1EmergOnly: false] newSS=[0 home null null null  EvDo rev. A CSS not supported -1 -1RoamInd: -1RoamStatus(sprint): -1DefRoamInd: -1EmergOnly: false]
02-13 17:38:27.860 D/DATA    (  344): [DSST(0)]  mDataConnectionState = 0
02-13 17:38:27.860 D/Mms     (  811): currentRoamingStatus:1
02-13 17:38:28.711 E/MediaPlayer(  845): getCurrentPosition sec = 1071085
02-13 17:38:28.711 E/MediaPlayer(  845): getDuration_l mDuration = 1296300
02-13 17:38:29.722 E/MediaPlayer(  845): getCurrentPosition sec = 1072046
02-13 17:38:29.722 E/MediaPlayer(  845): getDuration_l mDuration = 1296300
02-13 17:38:30.723 E/MediaPlayer(  845): getCurrentPosition sec = 1073006
02-13 17:38:30.723 E/MediaPlayer(  845): getDuration_l mDuration = 1296300
02-13 17:38:31.744 E/MediaPlayer(  845): getCurrentPosition sec = 1074104
02-13 17:38:31.744 E/MediaPlayer(  845): getDuration_l mDuration = 1296300
02-13 17:38:32.775 E/MediaPlayer(  845): getCurrentPosition sec = 1075065
02-13 17:38:32.775 E/MediaPlayer(  845): getDuration_l mDuration = 1296300
02-13 17:38:33.776 E/MediaPlayer(  845): getCurrentPosition sec = 1076163
02-13 17:38:33.776 E/MediaPlayer(  845): getDuration_l mDuration = 1296300
02-13 17:38:34.787 E/MediaPlayer(  845): getCurrentPosition sec = 1077123
02-13 17:38:34.787 E/MediaPlayer(  845): getDuration_l mDuration = 1296300
02-13 17:38:35.798 E/MediaPlayer(  845): getCurrentPosition sec = 1078084
02-13 17:38:35.798 E/MediaPlayer(  845): getDuration_l mDuration = 1296300
02-13 17:38:36.799 E/MediaPlayer(  845): getCurrentPosition sec = 1079182
02-13 17:38:36.799 E/MediaPlayer(  845): getDuration_l mDuration = 1296300
02-13 17:38:36.829 I/wpa_supplicant(  399): State: INACTIVE -> SCANNING
02-13 17:38:36.829 I/wpa_supplicant(  399): CTRL-EVENT-STATE-CHANGE id=-1 state=2 BSSID=00:00:00:00:00:00
02-13 17:38:36.839 D/NetworkStateTracker(  256): setDetailed state, old =IDLE and new state=SCANNING
02-13 17:38:37.800 E/MediaPlayer(  845): getCurrentPosition sec = 1080142
02-13 17:38:37.800 E/MediaPlayer(  845): getDuration_l mDuration = 1296300
02-13 17:38:37.830 I/dun_service(  124): process rmnet event
02-13 17:38:37.830 I/dun_service(  124): Post event 4
02-13 17:38:37.830 I/dun_service(  124): received event: DUN_EVENT_RMNET_UP 
02-13 17:38:37.830 I/dun_service(  124): received event(DUN_EVENT_RMNET_UP) in state(DUN_STATE_USB_UNPLUG)
02-13 17:38:37.830 I/dun_service(  124): Ignoring the event DUN_EVENT_RMNET_UP in USB_UNPLUG_STATE
02-13 17:38:37.830 I/dun_service(  124): Moved to state(DUN_STATE_USB_UNPLUG)
02-13 17:38:37.840 I/wpa_supplicant(  399): State: SCANNING -> INACTIVE
02-13 17:38:37.840 I/wpa_supplicant(  399): CTRL-EVENT-STATE-CHANGE id=-1 state=1 BSSID=00:00:00:00:00:00
02-13 17:38:37.840 D/NetworkStateTracker(  256): setDetailed state, old =SCANNING and new state=IDLE
02-13 17:38:37.840 D/WifiStateTracker(  256): setNotificationVisible() visible=false mNotificationShown=false force=false return.
02-13 17:38:38.821 E/MediaPlayer(  845): getCurrentPosition sec = 1081103
02-13 17:38:38.821 E/MediaPlayer(  845): getDuration_l mDuration = 1296300
02-13 17:38:39.812 E/MediaPlayer(  845): getCurrentPosition sec = 1082201
02-13 17:38:39.812 E/MediaPlayer(  845): getDuration_l mDuration = 1296300
02-13 17:38:40.823 E/MediaPlayer(  845): getCurrentPosition sec = 1083161
02-13 17:38:40.823 E/MediaPlayer(  845): getDuration_l mDuration = 1296300
02-13 17:38:41.834 E/MediaPlayer(  845): getCurrentPosition sec = 1084122
02-13 17:38:41.834 E/MediaPlayer(  845): getDuration_l mDuration = 1296300
02-13 17:38:42.835 E/MediaPlayer(  845): getCurrentPosition sec = 1085220
02-13 17:38:42.835 E/MediaPlayer(  845): getDuration_l mDuration = 1296300
02-13 17:38:43.155 D/DATA    (  344): [DSST(0)] pollstate() : reason = data network state changed
02-13 17:38:43.205 D/MobileDataStateTracker(  256): [hipri]  MobileDataStateReceiver onReceive(): Entry.
02-13 17:38:43.205 D/MobileDataStateTracker(  256): [hipri]  intent.getAction()= android.intent.action.SERVICE_STATE
02-13 17:38:43.205 D/MobileDataStateTracker(  256): [hipri]  mEnabled = false
02-13 17:38:43.215 D/MobileDataStateTracker(  256): [dun]  MobileDataStateReceiver onReceive(): Entry.
02-13 17:38:43.215 D/MobileDataStateTracker(  256): [dun]  intent.getAction()= android.intent.action.SERVICE_STATE
02-13 17:38:43.215 D/MobileDataStateTracker(  256): [dun]  mEnabled = false
02-13 17:38:43.225 D/MobileDataStateTracker(  256): [supl]  MobileDataStateReceiver onReceive(): Entry.
02-13 17:38:43.225 D/MobileDataStateTracker(  256): [supl]  intent.getAction()= android.intent.action.SERVICE_STATE
02-13 17:38:43.225 D/MobileDataStateTracker(  256): [supl]  mEnabled = false
02-13 17:38:43.225 D/DATA    (  344): [DSST(0)]  registrationState = 1  radioTechnology = 8 reasonForDenial = 0
02-13 17:38:43.225 D/DATA    (  344): [DSST(0)]  set mNewDataConnectionState = 0
02-13 17:38:43.225 D/DATA    (  344): [DSST(0)]  mNewDataConnectionState : 0  mDataConnectionState : 0
02-13 17:38:43.225 D/DATA    (  344): [DSST(0)] Poll ServiceState done: oldSS=[0 home null null null  EvDo rev. A CSS not supported -1 -1RoamInd: -1RoamStatus(sprint): -1DefRoamInd: -1EmergOnly: false] newSS=[0 home null null null  EvDo rev. A CSS not supported -1 -1RoamInd: -1RoamStatus(sprint): -1DefRoamInd: -1EmergOnly: false]
02-13 17:38:43.225 D/DATA    (  344): [DSST(0)]  mDataConnectionState = 0
02-13 17:38:43.225 D/CallManager(  344):  handleMessage (EVENT_SERVICE_STATE_CHANGED)
02-13 17:38:43.225 E/BT HS/HF(  344): SERVICE_STATE_CHANGED called
02-13 17:38:43.225 E/BT HS/HF(  344): updateServiceState called, sendUpdate:false  ServiceState:0 home Sprint  310099  EvDo rev. A CSS not supported 41 4139RoamInd: 1RoamStatus(sprint): 1DefRoamInd: 160EmergOnly: false
02-13 17:38:43.225 E/BT HS/HF(  344): service:1 mService:1
02-13 17:38:43.235 D/MobileDataStateTracker(  256): [mms]  MobileDataStateReceiver onReceive(): Entry.
02-13 17:38:43.235 D/MobileDataStateTracker(  256): [mms]  intent.getAction()= android.intent.action.SERVICE_STATE
02-13 17:38:43.235 D/MobileDataStateTracker(  256): [mms]  mEnabled = false
02-13 17:38:43.235 D/MobileDataStateTracker(  256): [default]  MobileDataStateReceiver onReceive(): Entry.
02-13 17:38:43.235 D/MobileDataStateTracker(  256): [default]  intent.getAction()= android.intent.action.SERVICE_STATE
02-13 17:38:43.235 D/MobileDataStateTracker(  256): [default]  mEnabled = true
02-13 17:38:43.245 D/Mms     (  811): currentRoamingStatus:1
02-13 17:38:43.836 E/MediaPlayer(  845): getCurrentPosition sec = 1086181
02-13 17:38:43.836 E/MediaPlayer(  845): getDuration_l mDuration = 1296300
02-13 17:38:44.847 E/MediaPlayer(  845): getCurrentPosition sec = 1087141
02-13 17:38:44.847 E/MediaPlayer(  845): getDuration_l mDuration = 1296300
02-13 17:38:45.848 E/MediaPlayer(  845): getCurrentPosition sec = 1088239
02-13 17:38:45.848 E/MediaPlayer(  845): getDuration_l mDuration = 1296300
02-13 17:38:46.859 E/MediaPlayer(  845): getCurrentPosition sec = 1089200
02-13 17:38:46.859 E/MediaPlayer(  845): getDuration_l mDuration = 1296300
02-13 17:38:47.859 E/MediaPlayer(  845): getCurrentPosition sec = 1090161
02-13 17:38:47.859 E/MediaPlayer(  845): getDuration_l mDuration = 1296300
02-13 17:38:48.300 I/DATA    (  344): [DCT(0) ] onDataCallListChanged:
02-13 17:38:48.300 I/DATA    (  344): [DCT(0) ] ---dc state list---
02-13 17:38:48.300 I/DATA    (  344): [DCT(0) ] DataCallState: { cid: 0, active: 1, type: , apn: , address: 174.156.234.163 }
02-13 17:38:48.300 I/DATA    (  344): [DCT(0) ] ---dc list---
02-13 17:38:48.300 I/DATA    (  344): [DCT(0) ] cid = 0, state = DcActiveState, bearerType = IP, ipaddress = 174.156.234.163, gw=174.156.234.161, dns=[68.28.67.132, 68.28.68.132]
02-13 17:38:48.860 E/MediaPlayer(  845): getCurrentPosition sec = 1091258
02-13 17:38:48.860 E/MediaPlayer(  845): getDuration_l mDuration = 1296300
02-13 17:38:49.861 E/MediaPlayer(  845): getCurrentPosition sec = 1092219
02-13 17:38:49.861 E/MediaPlayer(  845): getDuration_l mDuration = 1296300
02-13 17:38:50.862 E/MediaPlayer(  845): getCurrentPosition sec = 1093180
02-13 17:38:50.862 E/MediaPlayer(  845): getDuration_l mDuration = 1296300
02-13 17:38:51.873 E/MediaPlayer(  845): getCurrentPosition sec = 1094277
02-13 17:38:51.873 E/MediaPlayer(  845): getDuration_l mDuration = 1296300
02-13 17:38:52.844 I/wpa_supplicant(  399): State: INACTIVE -> SCANNING
02-13 17:38:52.844 I/wpa_supplicant(  399): CTRL-EVENT-STATE-CHANGE id=-1 state=2 BSSID=00:00:00:00:00:00
02-13 17:38:52.854 D/NetworkStateTracker(  256): setDetailed state, old =IDLE and new state=SCANNING
02-13 17:38:52.874 E/MediaPlayer(  845): getCurrentPosition sec = 1095238
02-13 17:38:52.874 E/MediaPlayer(  845): getDuration_l mDuration = 1296300
02-13 17:38:53.855 I/dun_service(  124): process rmnet event
02-13 17:38:53.855 I/dun_service(  124): Post event 4
02-13 17:38:53.855 I/dun_service(  124): received event: DUN_EVENT_RMNET_UP 
02-13 17:38:53.855 I/dun_service(  124): received event(DUN_EVENT_RMNET_UP) in state(DUN_STATE_USB_UNPLUG)
02-13 17:38:53.855 I/dun_service(  124): Ignoring the event DUN_EVENT_RMNET_UP in USB_UNPLUG_STATE
02-13 17:38:53.855 I/dun_service(  124): Moved to state(DUN_STATE_USB_UNPLUG)
02-13 17:38:53.855 I/wpa_supplicant(  399): State: SCANNING -> INACTIVE
02-13 17:38:53.865 I/wpa_supplicant(  399): CTRL-EVENT-STATE-CHANGE id=-1 state=1 BSSID=00:00:00:00:00:00
02-13 17:38:53.865 D/WifiStateTracker(  256): setNotificationVisible() visible=false mNotificationShown=false force=false return.
02-13 17:38:53.865 D/NetworkStateTracker(  256): setDetailed state, old =SCANNING and new state=IDLE
02-13 17:38:53.895 E/MediaPlayer(  845): getCurrentPosition sec = 1096199
02-13 17:38:53.895 E/MediaPlayer(  845): getDuration_l mDuration = 1296300
02-13 17:38:54.896 E/MediaPlayer(  845): getCurrentPosition sec = 1097297
02-13 17:38:54.896 E/MediaPlayer(  845): getDuration_l mDuration = 1296300
02-13 17:38:55.367 I/DATA    (  344): [DCT(0) ] onDataCallListChanged:
02-13 17:38:55.367 I/DATA    (  344): [DCT(0) ] ---dc state list---
02-13 17:38:55.367 I/DATA    (  344): [DCT(0) ] DataCallState: { cid: 0, active: 2, type: , apn: , address: 174.156.234.163 }
02-13 17:38:55.367 I/DATA    (  344): [DCT(0) ] ---dc list---
02-13 17:38:55.367 I/DATA    (  344): [DCT(0) ] cid = 0, state = DcActiveState, bearerType = IP, ipaddress = 174.156.234.163, gw=174.156.234.161, dns=[68.28.67.132, 68.28.68.132]
02-13 17:38:55.907 E/MediaPlayer(  845): getCurrentPosition sec = 1098257
02-13 17:38:55.907 E/MediaPlayer(  845): getDuration_l mDuration = 1296300
02-13 17:38:56.908 E/MediaPlayer(  845): getCurrentPosition sec = 1099218
02-13 17:38:56.908 E/MediaPlayer(  845): getDuration_l mDuration = 1296300
02-13 17:38:57.919 E/MediaPlayer(  845): getCurrentPosition sec = 1100316
02-13 17:38:57.919 E/MediaPlayer(  845): getDuration_l mDuration = 1296300
02-13 17:38:58.930 E/MediaPlayer(  845): getCurrentPosition sec = 1101276
02-13 17:38:58.930 E/MediaPlayer(  845): getDuration_l mDuration = 1296300
02-13 17:38:59.921 E/MediaPlayer(  845): getCurrentPosition sec = 1102237
02-13 17:38:59.921 E/MediaPlayer(  845): getDuration_l mDuration = 1296300
02-13 17:38:59.991 D/KeyguardUpdateMonitor(  256): received broadcast android.intent.action.TIME_TICK
02-13 17:38:59.991 D/KeyguardUpdateMonitor(  256): handleTimeUpdate
02-13 17:39:00.922 E/MediaPlayer(  845): getCurrentPosition sec = 1103197
02-13 17:39:00.922 E/MediaPlayer(  845): getDuration_l mDuration = 1296300
02-13 17:39:01.933 E/MediaPlayer(  845): getCurrentPosition sec = 1104296
02-13 17:39:01.933 E/MediaPlayer(  845): getDuration_l mDuration = 1296300
02-13 17:39:02.934 E/MediaPlayer(  845): getCurrentPosition sec = 1105256
02-13 17:39:02.934 E/MediaPlayer(  845): getDuration_l mDuration = 1296300
02-13 17:39:03.635 D/DATA    (  344): [DSST(0)] pollstate() : reason = data network state changed
02-13 17:39:03.725 D/MobileDataStateTracker(  256): [hipri]  MobileDataStateReceiver onReceive(): Entry.
02-13 17:39:03.725 D/MobileDataStateTracker(  256): [hipri]  intent.getAction()= android.intent.action.SERVICE_STATE
02-13 17:39:03.725 D/MobileDataStateTracker(  256): [hipri]  mEnabled = false
02-13 17:39:03.725 D/MobileDataStateTracker(  256): [dun]  MobileDataStateReceiver onReceive(): Entry.
02-13 17:39:03.725 D/MobileDataStateTracker(  256): [dun]  intent.getAction()= android.intent.action.SERVICE_STATE
02-13 17:39:03.725 D/MobileDataStateTracker(  256): [dun]  mEnabled = false
02-13 17:39:03.735 D/MobileDataStateTracker(  256): [supl]  MobileDataStateReceiver onReceive(): Entry.
02-13 17:39:03.735 D/MobileDataStateTracker(  256): [supl]  intent.getAction()= android.intent.action.SERVICE_STATE
02-13 17:39:03.735 D/MobileDataStateTracker(  256): [supl]  mEnabled = false
02-13 17:39:03.735 D/MobileDataStateTracker(  256): [mms]  MobileDataStateReceiver onReceive(): Entry.
02-13 17:39:03.735 D/MobileDataStateTracker(  256): [mms]  intent.getAction()= android.intent.action.SERVICE_STATE
02-13 17:39:03.735 D/MobileDataStateTracker(  256): [mms]  mEnabled = false
02-13 17:39:03.735 D/MobileDataStateTracker(  256): [default]  MobileDataStateReceiver onReceive(): Entry.
02-13 17:39:03.735 D/MobileDataStateTracker(  256): [default]  intent.getAction()= android.intent.action.SERVICE_STATE
02-13 17:39:03.735 D/MobileDataStateTracker(  256): [default]  mEnabled = true
02-13 17:39:03.755 D/CallManager(  344):  handleMessage (EVENT_SERVICE_STATE_CHANGED)
02-13 17:39:03.755 E/BT HS/HF(  344): SERVICE_STATE_CHANGED called
02-13 17:39:03.755 E/BT HS/HF(  344): updateServiceState called, sendUpdate:false  ServiceState:0 home Sprint  310099  EvDo rev. A CSS not supported 41 4139RoamInd: 1RoamStatus(sprint): 1DefRoamInd: 160EmergOnly: false
02-13 17:39:03.755 E/BT HS/HF(  344): service:1 mService:1
02-13 17:39:03.755 D/DATA    (  344): [DSST(0)]  registrationState = 1  radioTechnology = 8 reasonForDenial = 0
02-13 17:39:03.755 D/DATA    (  344): [DSST(0)]  set mNewDataConnectionState = 0
02-13 17:39:03.755 D/DATA    (  344): [DSST(0)]  mNewDataConnectionState : 0  mDataConnectionState : 0
02-13 17:39:03.755 D/DATA    (  344): [DSST(0)] Poll ServiceState done: oldSS=[0 home null null null  EvDo rev. A CSS not supported -1 -1RoamInd: -1RoamStatus(sprint): -1DefRoamInd: -1EmergOnly: false] newSS=[0 home null null null  EvDo rev. A CSS not supported -1 -1RoamInd: -1RoamStatus(sprint): -1DefRoamInd: -1EmergOnly: false]
02-13 17:39:03.755 D/DATA    (  344): [DSST(0)]  mDataConnectionState = 0
02-13 17:39:03.755 D/Mms     (  811): currentRoamingStatus:1
02-13 17:39:03.935 E/MediaPlayer(  845): getCurrentPosition sec = 1106217
02-13 17:39:03.935 E/MediaPlayer(  845): getDuration_l mDuration = 1296300
02-13 17:39:04.946 E/MediaPlayer(  845): getCurrentPosition sec = 1107315
02-13 17:39:04.946 E/MediaPlayer(  845): getDuration_l mDuration = 1296300
02-13 17:39:05.947 E/MediaPlayer(  845): getCurrentPosition sec = 1108275
02-13 17:39:05.947 E/MediaPlayer(  845): getDuration_l mDuration = 1296300
02-13 17:39:06.017 I/DATA    (  344): [DCT(0) ] onDataCallListChanged:
02-13 17:39:06.017 I/DATA    (  344): [DCT(0) ] ---dc state list---
02-13 17:39:06.017 I/DATA    (  344): [DCT(0) ] DataCallState: { cid: 0, active: 1, type: , apn: , address: 174.156.234.163 }
02-13 17:39:06.017 I/DATA    (  344): [DCT(0) ] ---dc list---
02-13 17:39:06.017 I/DATA    (  344): [DCT(0) ] cid = 0, state = DcActiveState, bearerType = IP, ipaddress = 174.156.234.163, gw=174.156.234.161, dns=[68.28.67.132, 68.28.68.132]
02-13 17:39:06.958 E/MediaPlayer(  845): getCurrentPosition sec = 1109236
02-13 17:39:06.958 E/MediaPlayer(  845): getDuration_l mDuration = 1296300
02-13 17:39:07.959 E/MediaPlayer(  845): getCurrentPosition sec = 1110334
02-13 17:39:07.959 E/MediaPlayer(  845): getDuration_l mDuration = 1296300
02-13 17:39:08.890 I/wpa_supplicant(  399): State: INACTIVE -> SCANNING
02-13 17:39:08.890 I/wpa_supplicant(  399): CTRL-EVENT-STATE-CHANGE id=-1 state=2 BSSID=00:00:00:00:00:00
02-13 17:39:08.890 D/NetworkStateTracker(  256): setDetailed state, old =IDLE and new state=SCANNING
02-13 17:39:08.970 E/MediaPlayer(  845): getCurrentPosition sec = 1111294
02-13 17:39:08.970 E/MediaPlayer(  845): getDuration_l mDuration = 1296300
02-13 17:39:09.871 I/dun_service(  124): process rmnet event
02-13 17:39:09.871 I/dun_service(  124): Post event 4
02-13 17:39:09.871 I/dun_service(  124): received event: DUN_EVENT_RMNET_UP 
02-13 17:39:09.871 I/dun_service(  124): received event(DUN_EVENT_RMNET_UP) in state(DUN_STATE_USB_UNPLUG)
02-13 17:39:09.871 I/dun_service(  124): Ignoring the event DUN_EVENT_RMNET_UP in USB_UNPLUG_STATE
02-13 17:39:09.871 I/dun_service(  124): Moved to state(DUN_STATE_USB_UNPLUG)
02-13 17:39:09.871 I/wpa_supplicant(  399): State: SCANNING -> INACTIVE
02-13 17:39:09.871 I/wpa_supplicant(  399): CTRL-EVENT-STATE-CHANGE id=-1 state=1 BSSID=00:00:00:00:00:00
02-13 17:39:09.881 D/WifiStateTracker(  256): setNotificationVisible() visible=false mNotificationShown=false force=false return.
02-13 17:39:09.881 D/NetworkStateTracker(  256): setDetailed state, old =SCANNING and new state=IDLE
02-13 17:39:09.971 E/MediaPlayer(  845): getCurrentPosition sec = 1112392
02-13 17:39:09.971 E/MediaPlayer(  845): getDuration_l mDuration = 1296300
02-13 17:39:10.972 E/MediaPlayer(  845): getCurrentPosition sec = 1113353
02-13 17:39:10.972 E/MediaPlayer(  845): getDuration_l mDuration = 1296300
02-13 17:39:11.973 E/MediaPlayer(  845): getCurrentPosition sec = 1114313
02-13 17:39:11.973 E/MediaPlayer(  845): getDuration_l mDuration = 1296300
02-13 17:39:12.984 E/MediaPlayer(  845): getCurrentPosition sec = 1115411
02-13 17:39:12.984 E/MediaPlayer(  845): getDuration_l mDuration = 1296300
02-13 17:39:13.985 E/MediaPlayer(  845): getCurrentPosition sec = 1116372
02-13 17:39:13.985 E/MediaPlayer(  845): getDuration_l mDuration = 1296300
02-13 17:39:14.996 E/MediaPlayer(  845): getCurrentPosition sec = 1117333
02-13 17:39:14.996 E/MediaPlayer(  845): getDuration_l mDuration = 1296300
02-13 17:39:16.007 E/MediaPlayer(  845): getCurrentPosition sec = 1118430
02-13 17:39:16.007 E/MediaPlayer(  845): getDuration_l mDuration = 1296300
02-13 17:39:17.018 E/MediaPlayer(  845): getCurrentPosition sec = 1119391
02-13 17:39:17.018 E/MediaPlayer(  845): getDuration_l mDuration = 1296300
02-13 17:39:18.029 E/MediaPlayer(  845): getCurrentPosition sec = 1120351
02-13 17:39:18.029 E/MediaPlayer(  845): getDuration_l mDuration = 1296300
02-13 17:39:19.040 E/MediaPlayer(  845): getCurrentPosition sec = 1121449
02-13 17:39:19.040 E/MediaPlayer(  845): getDuration_l mDuration = 1296300
02-13 17:39:20.041 E/MediaPlayer(  845): getCurrentPosition sec = 1122409
02-13 17:39:20.041 E/MediaPlayer(  845): getDuration_l mDuration = 1296300
02-13 17:39:21.052 E/MediaPlayer(  845): getCurrentPosition sec = 1123370
02-13 17:39:21.052 E/MediaPlayer(  845): getDuration_l mDuration = 1296300
02-13 17:39:22.053 E/MediaPlayer(  845): getCurrentPosition sec = 1124331
02-13 17:39:22.053 E/MediaPlayer(  845): getDuration_l mDuration = 1296300
02-13 17:39:23.064 E/MediaPlayer(  845): getCurrentPosition sec = 1125428
02-13 17:39:23.064 E/MediaPlayer(  845): getDuration_l mDuration = 1296300
02-13 17:39:24.075 E/MediaPlayer(  845): getCurrentPosition sec = 1126389
02-13 17:39:24.075 E/MediaPlayer(  845): getDuration_l mDuration = 1296300
02-13 17:39:24.896 I/wpa_supplicant(  399): State: INACTIVE -> SCANNING
02-13 17:39:24.896 I/wpa_supplicant(  399): CTRL-EVENT-STATE-CHANGE id=-1 state=2 BSSID=00:00:00:00:00:00
02-13 17:39:24.896 D/NetworkStateTracker(  256): setDetailed state, old =IDLE and new state=SCANNING
02-13 17:39:25.076 E/MediaPlayer(  845): getCurrentPosition sec = 1127350
02-13 17:39:25.076 E/MediaPlayer(  845): getDuration_l mDuration = 1296300
02-13 17:39:25.857 I/wpa_supplicant(  399): State: SCANNING -> INACTIVE
02-13 17:39:25.857 I/wpa_supplicant(  399): CTRL-EVENT-STATE-CHANGE id=-1 state=1 BSSID=00:00:00:00:00:00
02-13 17:39:25.857 I/dun_service(  124): process rmnet event
02-13 17:39:25.857 I/dun_service(  124): Post event 4
02-13 17:39:25.857 I/dun_service(  124): received event: DUN_EVENT_RMNET_UP 
02-13 17:39:25.857 I/dun_service(  124): received event(DUN_EVENT_RMNET_UP) in state(DUN_STATE_USB_UNPLUG)
02-13 17:39:25.857 I/dun_service(  124): Ignoring the event DUN_EVENT_RMNET_UP in USB_UNPLUG_STATE
02-13 17:39:25.857 I/dun_service(  124): Moved to state(DUN_STATE_USB_UNPLUG)
02-13 17:39:25.857 D/NetworkStateTracker(  256): setDetailed state, old =SCANNING and new state=IDLE
02-13 17:39:25.857 D/WifiStateTracker(  256): setNotificationVisible() visible=false mNotificationShown=false force=false return.
02-13 17:39:26.087 E/MediaPlayer(  845): getCurrentPosition sec = 1128448
02-13 17:39:26.087 E/MediaPlayer(  845): getDuration_l mDuration = 1296300
02-13 17:39:27.098 E/MediaPlayer(  845): getCurrentPosition sec = 1129408
02-13 17:39:27.098 E/MediaPlayer(  845): getDuration_l mDuration = 1296300
02-13 17:39:28.099 E/MediaPlayer(  845): getCurrentPosition sec = 1130369
02-13 17:39:28.099 E/MediaPlayer(  845): getDuration_l mDuration = 1296300
02-13 17:39:29.110 E/MediaPlayer(  845): getCurrentPosition sec = 1131467
02-13 17:39:29.110 E/MediaPlayer(  845): getDuration_l mDuration = 1296300
02-13 17:39:30.111 E/MediaPlayer(  845): getCurrentPosition sec = 1132427
02-13 17:39:30.111 E/MediaPlayer(  845): getDuration_l mDuration = 1296300
02-13 17:39:31.112 E/MediaPlayer(  845): getCurrentPosition sec = 1133525
02-13 17:39:31.112 E/MediaPlayer(  845): getDuration_l mDuration = 1296300
02-13 17:39:32.123 E/MediaPlayer(  845): getCurrentPosition sec = 1134486
02-13 17:39:32.123 E/MediaPlayer(  845): getDuration_l mDuration = 1296300
02-13 17:39:33.134 E/MediaPlayer(  845): getCurrentPosition sec = 1135446
02-13 17:39:33.134 E/MediaPlayer(  845): getDuration_l mDuration = 1296300
02-13 17:39:34.145 E/MediaPlayer(  845): getCurrentPosition sec = 1136544
02-13 17:39:34.145 E/MediaPlayer(  845): getDuration_l mDuration = 1296300
02-13 17:39:35.156 E/MediaPlayer(  845): getCurrentPosition sec = 1137505
02-13 17:39:35.156 E/MediaPlayer(  845): getDuration_l mDuration = 1296300
02-13 17:39:36.157 E/MediaPlayer(  845): getCurrentPosition sec = 1138466
02-13 17:39:36.157 E/MediaPlayer(  845): getDuration_l mDuration = 1296300
02-13 17:39:37.168 E/MediaPlayer(  845): getCurrentPosition sec = 1139564
02-13 17:39:37.168 E/MediaPlayer(  845): getDuration_l mDuration = 1296300
02-13 17:39:38.169 E/MediaPlayer(  845): getCurrentPosition sec = 1140524
02-13 17:39:38.169 E/MediaPlayer(  845): getDuration_l mDuration = 1296300
02-13 17:39:39.180 E/MediaPlayer(  845): getCurrentPosition sec = 1141485
02-13 17:39:39.180 E/MediaPlayer(  845): getDuration_l mDuration = 1296300
02-13 17:39:40.181 E/MediaPlayer(  845): getCurrentPosition sec = 1142445
02-13 17:39:40.181 E/MediaPlayer(  845): getDuration_l mDuration = 1296300
02-13 17:39:40.881 I/wpa_supplicant(  399): State: INACTIVE -> SCANNING
02-13 17:39:40.881 I/wpa_supplicant(  399): CTRL-EVENT-STATE-CHANGE id=-1 state=2 BSSID=00:00:00:00:00:00
02-13 17:39:40.881 D/NetworkStateTracker(  256): setDetailed state, old =IDLE and new state=SCANNING
02-13 17:39:41.182 E/MediaPlayer(  845): getCurrentPosition sec = 1143543
02-13 17:39:41.182 E/MediaPlayer(  845): getDuration_l mDuration = 1296300
02-13 17:39:41.852 I/dun_service(  124): process rmnet event
02-13 17:39:41.852 I/dun_service(  124): Post event 4
02-13 17:39:41.852 I/dun_service(  124): received event: DUN_EVENT_RMNET_UP 
02-13 17:39:41.852 I/dun_service(  124): received event(DUN_EVENT_RMNET_UP) in state(DUN_STATE_USB_UNPLUG)
02-13 17:39:41.852 I/dun_service(  124): Ignoring the event DUN_EVENT_RMNET_UP in USB_UNPLUG_STATE
02-13 17:39:41.852 I/dun_service(  124): Moved to state(DUN_STATE_USB_UNPLUG)
02-13 17:39:41.852 I/wpa_supplicant(  399): State: SCANNING -> INACTIVE
02-13 17:39:41.852 I/wpa_supplicant(  399): CTRL-EVENT-STATE-CHANGE id=-1 state=1 BSSID=00:00:00:00:00:00
02-13 17:39:41.862 D/WifiStateTracker(  256): setNotificationVisible() visible=false mNotificationShown=false force=false return.
02-13 17:39:41.862 D/NetworkStateTracker(  256): setDetailed state, old =SCANNING and new state=IDLE
02-13 17:39:42.202 E/MediaPlayer(  845): getCurrentPosition sec = 1144504
02-13 17:39:42.202 E/MediaPlayer(  845): getDuration_l mDuration = 1296300
02-13 17:39:43.203 E/MediaPlayer(  845): getCurrentPosition sec = 1145602
02-13 17:39:43.203 E/MediaPlayer(  845): getDuration_l mDuration = 1296300
02-13 17:39:44.214 E/MediaPlayer(  845): getCurrentPosition sec = 1146562
02-13 17:39:44.214 E/MediaPlayer(  845): getDuration_l mDuration = 1296300
02-13 17:39:45.225 E/MediaPlayer(  845): getCurrentPosition sec = 1147523
02-13 17:39:45.225 E/MediaPlayer(  845): getDuration_l mDuration = 1296300
02-13 17:39:46.226 E/MediaPlayer(  845): getCurrentPosition sec = 1148621
02-13 17:39:46.226 E/MediaPlayer(  845): getDuration_l mDuration = 1296300
02-13 17:39:47.227 E/MediaPlayer(  845): getCurrentPosition sec = 1149581
02-13 17:39:47.227 E/MediaPlayer(  845): getDuration_l mDuration = 1296300
02-13 17:39:48.238 E/MediaPlayer(  845): getCurrentPosition sec = 1150542
02-13 17:39:48.238 E/MediaPlayer(  845): getDuration_l mDuration = 1296300
02-13 17:39:49.249 E/MediaPlayer(  845): getCurrentPosition sec = 1151640
02-13 17:39:49.249 E/MediaPlayer(  845): getDuration_l mDuration = 1296300
02-13 17:39:50.250 E/MediaPlayer(  845): getCurrentPosition sec = 1152600
02-13 17:39:50.250 E/MediaPlayer(  845): getDuration_l mDuration = 1296300
02-13 17:39:51.251 E/MediaPlayer(  845): getCurrentPosition sec = 1153561
02-13 17:39:51.251 E/MediaPlayer(  845): getDuration_l mDuration = 1296300
02-13 17:39:52.252 E/MediaPlayer(  845): getCurrentPosition sec = 1154659
02-13 17:39:52.252 E/MediaPlayer(  845): getDuration_l mDuration = 1296300
02-13 17:39:53.263 E/MediaPlayer(  845): getCurrentPosition sec = 1155620
02-13 17:39:53.263 E/MediaPlayer(  845): getDuration_l mDuration = 1296300
02-13 17:39:54.274 E/MediaPlayer(  845): getCurrentPosition sec = 1156580
02-13 17:39:54.274 E/MediaPlayer(  845): getDuration_l mDuration = 1296300
02-13 17:39:55.285 E/MediaPlayer(  845): getCurrentPosition sec = 1157678
02-13 17:39:55.285 E/MediaPlayer(  845): getDuration_l mDuration = 1296300
02-13 17:39:56.296 E/MediaPlayer(  845): getCurrentPosition sec = 1158639
02-13 17:39:56.296 E/MediaPlayer(  845): getDuration_l mDuration = 1296300
02-13 17:39:56.887 I/wpa_supplicant(  399): State: INACTIVE -> SCANNING
02-13 17:39:56.887 I/wpa_supplicant(  399): CTRL-EVENT-STATE-CHANGE id=-1 state=2 BSSID=00:00:00:00:00:00
02-13 17:39:56.887 D/NetworkStateTracker(  256): setDetailed state, old =IDLE and new state=SCANNING
02-13 17:39:57.297 E/MediaPlayer(  845): getCurrentPosition sec = 1159600
02-13 17:39:57.297 E/MediaPlayer(  845): getDuration_l mDuration = 1296300
02-13 17:39:57.878 I/dun_service(  124): process rmnet event
02-13 17:39:57.878 I/dun_service(  124): Post event 4
02-13 17:39:57.878 I/dun_service(  124): received event: DUN_EVENT_RMNET_UP 
02-13 17:39:57.878 I/dun_service(  124): received event(DUN_EVENT_RMNET_UP) in state(DUN_STATE_USB_UNPLUG)
02-13 17:39:57.878 I/dun_service(  124): Ignoring the event DUN_EVENT_RMNET_UP in USB_UNPLUG_STATE
02-13 17:39:57.878 I/dun_service(  124): Moved to state(DUN_STATE_USB_UNPLUG)
02-13 17:39:57.878 I/wpa_supplicant(  399): State: SCANNING -> INACTIVE
02-13 17:39:57.878 I/wpa_supplicant(  399): CTRL-EVENT-STATE-CHANGE id=-1 state=1 BSSID=00:00:00:00:00:00
02-13 17:39:57.878 D/NetworkStateTracker(  256): setDetailed state, old =SCANNING and new state=IDLE
02-13 17:39:57.878 D/WifiStateTracker(  256): setNotificationVisible() visible=false mNotificationShown=false force=false return.
02-13 17:39:58.298 E/MediaPlayer(  845): getCurrentPosition sec = 1160697
02-13 17:39:58.298 E/MediaPlayer(  845): getDuration_l mDuration = 1296300
02-13 17:39:59.309 E/MediaPlayer(  845): getCurrentPosition sec = 1161658
02-13 17:39:59.309 E/MediaPlayer(  845): getDuration_l mDuration = 1296300
02-13 17:40:00.020 D/KeyguardUpdateMonitor(  256): received broadcast android.intent.action.TIME_TICK
02-13 17:40:00.020 D/KeyguardUpdateMonitor(  256): handleTimeUpdate
02-13 17:40:00.320 E/MediaPlayer(  845): getCurrentPosition sec = 1162619
02-13 17:40:00.320 E/MediaPlayer(  845): getDuration_l mDuration = 1296300
02-13 17:40:01.311 E/MediaPlayer(  845): getCurrentPosition sec = 1163716
02-13 17:40:01.311 E/MediaPlayer(  845): getDuration_l mDuration = 1296300
02-13 17:40:02.322 E/MediaPlayer(  845): getCurrentPosition sec = 1164677
02-13 17:40:02.322 E/MediaPlayer(  845): getDuration_l mDuration = 1296300
02-13 17:40:03.323 E/MediaPlayer(  845): getCurrentPosition sec = 1165638
02-13 17:40:03.323 E/MediaPlayer(  845): getDuration_l mDuration = 1296300
02-13 17:40:04.334 E/MediaPlayer(  845): getCurrentPosition sec = 1166598
02-13 17:40:04.334 E/MediaPlayer(  845): getDuration_l mDuration = 1296300
02-13 17:40:05.345 E/MediaPlayer(  845): getCurrentPosition sec = 1167696
02-13 17:40:05.345 E/MediaPlayer(  845): getDuration_l mDuration = 1296300
02-13 17:40:06.356 E/MediaPlayer(  845): getCurrentPosition sec = 1168657
02-13 17:40:06.356 E/MediaPlayer(  845): getDuration_l mDuration = 1296300
02-13 17:40:07.357 E/MediaPlayer(  845): getCurrentPosition sec = 1169617
02-13 17:40:07.357 E/MediaPlayer(  845): getDuration_l mDuration = 1296300
02-13 17:40:08.368 E/MediaPlayer(  845): getCurrentPosition sec = 1170715
02-13 17:40:08.368 E/MediaPlayer(  845): getDuration_l mDuration = 1296300
02-13 17:40:09.379 E/MediaPlayer(  845): getCurrentPosition sec = 1171675
02-13 17:40:09.379 E/MediaPlayer(  845): getDuration_l mDuration = 1296300
02-13 17:40:10.390 E/MediaPlayer(  845): getCurrentPosition sec = 1172773
02-13 17:40:10.390 E/MediaPlayer(  845): getDuration_l mDuration = 1296300
02-13 17:40:11.381 E/MediaPlayer(  845): getCurrentPosition sec = 1173734
02-13 17:40:11.381 E/MediaPlayer(  845): getDuration_l mDuration = 1296300
02-13 17:40:12.392 E/MediaPlayer(  845): getCurrentPosition sec = 1174694
02-13 17:40:12.392 E/MediaPlayer(  845): getDuration_l mDuration = 1296300
02-13 17:40:12.892 I/wpa_supplicant(  399): State: INACTIVE -> SCANNING
02-13 17:40:12.892 I/wpa_supplicant(  399): CTRL-EVENT-STATE-CHANGE id=-1 state=2 BSSID=00:00:00:00:00:00
02-13 17:40:12.892 D/NetworkStateTracker(  256): setDetailed state, old =IDLE and new state=SCANNING
02-13 17:40:13.393 E/MediaPlayer(  845): getCurrentPosition sec = 1175792
02-13 17:40:13.393 E/MediaPlayer(  845): getDuration_l mDuration = 1296300
02-13 17:40:13.863 I/dun_service(  124): process rmnet event
02-13 17:40:13.863 I/dun_service(  124): Post event 4
02-13 17:40:13.863 I/dun_service(  124): received event: DUN_EVENT_RMNET_UP 
02-13 17:40:13.863 I/dun_service(  124): received event(DUN_EVENT_RMNET_UP) in state(DUN_STATE_USB_UNPLUG)
02-13 17:40:13.863 I/dun_service(  124): Ignoring the event DUN_EVENT_RMNET_UP in USB_UNPLUG_STATE
02-13 17:40:13.863 I/dun_service(  124): Moved to state(DUN_STATE_USB_UNPLUG)
02-13 17:40:13.863 I/wpa_supplicant(  399): State: SCANNING -> INACTIVE
02-13 17:40:13.863 I/wpa_supplicant(  399): CTRL-EVENT-STATE-CHANGE id=-1 state=1 BSSID=00:00:00:00:00:00
02-13 17:40:13.873 D/WifiStateTracker(  256): setNotificationVisible() visible=false mNotificationShown=false force=false return.
02-13 17:40:13.873 D/NetworkStateTracker(  256): setDetailed state, old =SCANNING and new state=IDLE
02-13 17:40:14.404 E/MediaPlayer(  845): getCurrentPosition sec = 1176753
02-13 17:40:14.404 E/MediaPlayer(  845): getDuration_l mDuration = 1296300
02-13 17:40:15.415 E/MediaPlayer(  845): getCurrentPosition sec = 1177713
02-13 17:40:15.415 E/MediaPlayer(  845): getDuration_l mDuration = 1296300
02-13 17:40:16.416 E/MediaPlayer(  845): getCurrentPosition sec = 1178811
02-13 17:40:16.416 E/MediaPlayer(  845): getDuration_l mDuration = 1296300
02-13 17:40:17.427 E/MediaPlayer(  845): getCurrentPosition sec = 1179772
02-13 17:40:17.427 E/MediaPlayer(  845): getDuration_l mDuration = 1296300
02-13 17:40:18.428 E/MediaPlayer(  845): getCurrentPosition sec = 1180732
02-13 17:40:18.428 E/MediaPlayer(  845): getDuration_l mDuration = 1296300
02-13 17:40:19.439 E/MediaPlayer(  845): getCurrentPosition sec = 1181830
02-13 17:40:19.439 E/MediaPlayer(  845): getDuration_l mDuration = 1296300
02-13 17:40:20.450 E/MediaPlayer(  845): getCurrentPosition sec = 1182791
02-13 17:40:20.450 E/MediaPlayer(  845): getDuration_l mDuration = 1296300
02-13 17:40:21.451 E/MediaPlayer(  845): getCurrentPosition sec = 1183751
02-13 17:40:21.451 E/MediaPlayer(  845): getDuration_l mDuration = 1296300
02-13 17:40:22.452 E/MediaPlayer(  845): getCurrentPosition sec = 1184849
02-13 17:40:22.452 E/MediaPlayer(  845): getDuration_l mDuration = 1296300
02-13 17:40:23.463 E/MediaPlayer(  845): getCurrentPosition sec = 1185810
02-13 17:40:23.463 E/MediaPlayer(  845): getDuration_l mDuration = 1296300
02-13 17:40:24.474 E/MediaPlayer(  845): getCurrentPosition sec = 1186771
02-13 17:40:24.474 E/MediaPlayer(  845): getDuration_l mDuration = 1296300
02-13 17:40:25.475 E/MediaPlayer(  845): getCurrentPosition sec = 1187869
02-13 17:40:25.475 E/MediaPlayer(  845): getDuration_l mDuration = 1296300
02-13 17:40:26.486 E/MediaPlayer(  845): getCurrentPosition sec = 1188829
02-13 17:40:26.486 E/MediaPlayer(  845): getDuration_l mDuration = 1296300
02-13 17:40:27.497 E/MediaPlayer(  845): getCurrentPosition sec = 1189790
02-13 17:40:27.497 E/MediaPlayer(  845): getDuration_l mDuration = 1296300
02-13 17:40:28.498 E/MediaPlayer(  845): getCurrentPosition sec = 1190888
02-13 17:40:28.498 E/MediaPlayer(  845): getDuration_l mDuration = 1296300
02-13 17:40:28.888 I/wpa_supplicant(  399): State: INACTIVE -> SCANNING
02-13 17:40:28.888 I/wpa_supplicant(  399): CTRL-EVENT-STATE-CHANGE id=-1 state=2 BSSID=00:00:00:00:00:00
02-13 17:40:28.898 D/NetworkStateTracker(  256): setDetailed state, old =IDLE and new state=SCANNING
02-13 17:40:29.509 E/MediaPlayer(  845): getCurrentPosition sec = 1191848
02-13 17:40:29.509 E/MediaPlayer(  845): getDuration_l mDuration = 1296300
02-13 17:40:29.869 I/dun_service(  124): process rmnet event
02-13 17:40:29.869 I/dun_service(  124): Post event 4
02-13 17:40:29.869 I/dun_service(  124): received event: DUN_EVENT_RMNET_UP 
02-13 17:40:29.869 I/dun_service(  124): received event(DUN_EVENT_RMNET_UP) in state(DUN_STATE_USB_UNPLUG)
02-13 17:40:29.869 I/dun_service(  124): Ignoring the event DUN_EVENT_RMNET_UP in USB_UNPLUG_STATE
02-13 17:40:29.869 I/dun_service(  124): Moved to state(DUN_STATE_USB_UNPLUG)
02-13 17:40:29.879 I/wpa_supplicant(  399): State: SCANNING -> INACTIVE
02-13 17:40:29.879 I/wpa_supplicant(  399): CTRL-EVENT-STATE-CHANGE id=-1 state=1 BSSID=00:00:00:00:00:00
02-13 17:40:29.879 D/WifiStateTracker(  256): setNotificationVisible() visible=false mNotificationShown=false force=false return.
