02-13 17:35:15.442 I/ContactsProvider(  408): query isCallerRegistered= true
02-13 17:35:15.442 I/ContactsProvider(  408): query forOnlyOneContactString= 0
02-13 17:35:15.452 I/ContactsProvider(  408): query: content://com.android.contacts/contacts/223/photo
02-13 17:35:15.452 E/ContactsProvider(  408): 101123 isCallerRegisterNeedSIMProc callerPid:811, acorePid:408
02-13 17:35:15.452 I/ContactsProvider(  408): query isCallerRegistered= true
02-13 17:35:15.452 I/ContactsProvider(  408): query forOnlyOneContactString= 0
02-13 17:35:15.462 E/lights  (  256):   g_haveAmberLed=0
02-13 17:35:15.462 E/lights  (  256):   red=0
02-13 17:35:15.462 E/lights  (  256):   green=0
02-13 17:35:15.462 E/lights  (  256):   blink=0
02-13 17:35:15.472 D/KeyguardViewMediator(  256): setHidden false
02-13 17:35:15.472 D/KeyguardViewMediator(  256): setHidden false
02-13 17:35:15.492 E/lights  (  256):   g_haveAmberLed=0
02-13 17:35:15.492 E/lights  (  256):   red=0
02-13 17:35:15.492 E/lights  (  256):   green=255
02-13 17:35:15.492 E/lights  (  256):   blink=1
02-13 17:35:15.522 D/KeyguardViewMediator(  256): setHidden false
02-13 17:35:15.532 D/KeyguardViewMediator(  256): setHidden false
02-13 17:35:15.733 D/DATA    (  344): [DSST(0)] pollstate() : reason = data network state changed
02-13 17:35:15.803 D/MobileDataStateTracker(  256): [hipri]  MobileDataStateReceiver onReceive(): Entry.
02-13 17:35:15.803 D/MobileDataStateTracker(  256): [hipri]  intent.getAction()= android.intent.action.SERVICE_STATE
02-13 17:35:15.803 D/MobileDataStateTracker(  256): [hipri]  mEnabled = false
02-13 17:35:15.803 D/MobileDataStateTracker(  256): [dun]  MobileDataStateReceiver onReceive(): Entry.
02-13 17:35:15.803 D/MobileDataStateTracker(  256): [dun]  intent.getAction()= android.intent.action.SERVICE_STATE
02-13 17:35:15.803 D/MobileDataStateTracker(  256): [dun]  mEnabled = false
02-13 17:35:15.823 D/CallManager(  344):  handleMessage (EVENT_SERVICE_STATE_CHANGED)
02-13 17:35:15.823 E/BT HS/HF(  344): SERVICE_STATE_CHANGED called
02-13 17:35:15.823 E/BT HS/HF(  344): updateServiceState called, sendUpdate:false  ServiceState:0 home Sprint  310099  EvDo rev. A CSS not supported 41 4139RoamInd: 1RoamStatus(sprint): 1DefRoamInd: 160EmergOnly: false
02-13 17:35:15.823 E/BT HS/HF(  344): service:1 mService:1
02-13 17:35:15.823 D/DATA    (  344): [DSST(0)]  registrationState = 1  radioTechnology = 8 reasonForDenial = 0
02-13 17:35:15.823 D/DATA    (  344): [DSST(0)]  set mNewDataConnectionState = 0
02-13 17:35:15.823 D/MobileDataStateTracker(  256): [supl]  MobileDataStateReceiver onReceive(): Entry.
02-13 17:35:15.823 D/MobileDataStateTracker(  256): [supl]  intent.getAction()= android.intent.action.SERVICE_STATE
02-13 17:35:15.823 D/MobileDataStateTracker(  256): [supl]  mEnabled = false
02-13 17:35:15.823 D/MobileDataStateTracker(  256): [mms]  MobileDataStateReceiver onReceive(): Entry.
02-13 17:35:15.823 D/MobileDataStateTracker(  256): [mms]  intent.getAction()= android.intent.action.SERVICE_STATE
02-13 17:35:15.823 D/MobileDataStateTracker(  256): [mms]  mEnabled = false
02-13 17:35:15.823 D/DATA    (  344): [DSST(0)]  mNewDataConnectionState : 0  mDataConnectionState : 0
02-13 17:35:15.823 D/DATA    (  344): [DSST(0)] Poll ServiceState done: oldSS=[0 home null null null  EvDo rev. A CSS not supported -1 -1RoamInd: -1RoamStatus(sprint): -1DefRoamInd: -1EmergOnly: false] newSS=[0 home null null null  EvDo rev. A CSS not supported -1 -1RoamInd: -1RoamStatus(sprint): -1DefRoamInd: -1EmergOnly: false]
02-13 17:35:15.823 D/DATA    (  344): [DSST(0)]  mDataConnectionState = 0
02-13 17:35:15.833 D/MobileDataStateTracker(  256): [default]  MobileDataStateReceiver onReceive(): Entry.
02-13 17:35:15.833 D/MobileDataStateTracker(  256): [default]  intent.getAction()= android.intent.action.SERVICE_STATE
02-13 17:35:15.833 D/MobileDataStateTracker(  256): [default]  mEnabled = true
02-13 17:35:15.843 D/Mms     (  811): currentRoamingStatus:1
02-13 17:35:15.913 E/MediaPlayer(  845): getCurrentPosition sec = 904488
02-13 17:35:15.913 E/MediaPlayer(  845): getDuration_l mDuration = 1296300
02-13 17:35:16.914 E/MediaPlayer(  845): getCurrentPosition sec = 905448
02-13 17:35:16.914 E/MediaPlayer(  845): getDuration_l mDuration = 1296300
02-13 17:35:17.915 E/MediaPlayer(  845): getCurrentPosition sec = 906409
02-13 17:35:17.915 E/MediaPlayer(  845): getDuration_l mDuration = 1296300
02-13 17:35:18.926 E/MediaPlayer(  845): getCurrentPosition sec = 907370
02-13 17:35:18.926 E/MediaPlayer(  845): getDuration_l mDuration = 1296300
02-13 17:35:19.927 E/MediaPlayer(  845): getCurrentPosition sec = 908468
02-13 17:35:19.927 E/MediaPlayer(  845): getDuration_l mDuration = 1296300
02-13 17:35:20.928 E/MediaPlayer(  845): getCurrentPosition sec = 909428
02-13 17:35:20.928 E/MediaPlayer(  845): getDuration_l mDuration = 1296300
02-13 17:35:21.949 E/MediaPlayer(  845): getCurrentPosition sec = 910526
02-13 17:35:21.949 E/MediaPlayer(  845): getDuration_l mDuration = 1296300
02-13 17:35:22.950 E/MediaPlayer(  845): getCurrentPosition sec = 911487
02-13 17:35:22.950 E/MediaPlayer(  845): getDuration_l mDuration = 1296300
02-13 17:35:23.961 E/MediaPlayer(  845): getCurrentPosition sec = 912447
02-13 17:35:23.961 E/MediaPlayer(  845): getDuration_l mDuration = 1296300
02-13 17:35:24.791 I/wpa_supplicant(  399): State: INACTIVE -> SCANNING
02-13 17:35:24.791 I/wpa_supplicant(  399): CTRL-EVENT-STATE-CHANGE id=-1 state=2 BSSID=00:00:00:00:00:00
02-13 17:35:24.791 D/NetworkStateTracker(  256): setDetailed state, old =IDLE and new state=SCANNING
02-13 17:35:24.962 E/MediaPlayer(  845): getCurrentPosition sec = 913545
02-13 17:35:24.962 E/MediaPlayer(  845): getDuration_l mDuration = 1296300
02-13 17:35:25.762 I/wpa_supplicant(  399): State: SCANNING -> INACTIVE
02-13 17:35:25.762 I/wpa_supplicant(  399): CTRL-EVENT-STATE-CHANGE id=-1 state=1 BSSID=00:00:00:00:00:00
02-13 17:35:25.762 I/dun_service(  124): process rmnet event
02-13 17:35:25.762 I/dun_service(  124): Post event 4
02-13 17:35:25.762 I/dun_service(  124): received event: DUN_EVENT_RMNET_UP 
02-13 17:35:25.762 I/dun_service(  124): received event(DUN_EVENT_RMNET_UP) in state(DUN_STATE_USB_UNPLUG)
02-13 17:35:25.762 I/dun_service(  124): Ignoring the event DUN_EVENT_RMNET_UP in USB_UNPLUG_STATE
02-13 17:35:25.762 I/dun_service(  124): Moved to state(DUN_STATE_USB_UNPLUG)
02-13 17:35:25.762 D/NetworkStateTracker(  256): setDetailed state, old =SCANNING and new state=IDLE
02-13 17:35:25.762 D/WifiStateTracker(  256): setNotificationVisible() visible=false mNotificationShown=false force=false return.
02-13 17:35:28.585 D/AudioHardwareMSM7X30(  116): AudioStreamOutMSM72xx::standby()
02-13 17:35:28.585 D/AudioHardwareMSM7X30(  116): Deroute pcm out stream
02-13 17:35:28.585 D/AudioHardwareMSM7X30(  116): updateDeviceInfo: E rx_device 2 and tx_device 3
02-13 17:35:28.585 D/AudioHardwareMSM7X30(  116): No active voicecall/playback, disabling cur_rx 2
02-13 17:35:28.585 D/AudioHardwareMSM7X30(  116): value of device and enable is 2 0 ALSA dev id:3
02-13 17:35:28.595 D/AudioHardwareMSM7X30(  116): No active voicecall/recording, disabling cur_tx 3
02-13 17:35:28.595 D/AudioHardwareMSM7X30(  116): value of device and enable is 3 0 ALSA dev id:10
02-13 17:35:28.595 E/AudioHardwareMSM7X30(  116): There is no node in the routing table!
02-13 17:35:28.595 D/AudioHardwareMSM7X30(  116): updateDeviceInfo: X cur_rx 2 cur_tx 3
02-13 17:35:40.787 I/wpa_supplicant(  399): State: INACTIVE -> SCANNING
02-13 17:35:40.787 I/wpa_supplicant(  399): CTRL-EVENT-STATE-CHANGE id=-1 state=2 BSSID=00:00:00:00:00:00
02-13 17:35:40.787 D/NetworkStateTracker(  256): setDetailed state, old =IDLE and new state=SCANNING
02-13 17:35:41.758 I/dun_service(  124): process rmnet event
02-13 17:35:41.758 I/dun_service(  124): Post event 4
02-13 17:35:41.758 I/dun_service(  124): received event: DUN_EVENT_RMNET_UP 
02-13 17:35:41.758 I/dun_service(  124): received event(DUN_EVENT_RMNET_UP) in state(DUN_STATE_USB_UNPLUG)
02-13 17:35:41.758 I/dun_service(  124): Ignoring the event DUN_EVENT_RMNET_UP in USB_UNPLUG_STATE
02-13 17:35:41.758 I/dun_service(  124): Moved to state(DUN_STATE_USB_UNPLUG)
02-13 17:35:41.768 I/wpa_supplicant(  399): State: SCANNING -> INACTIVE
02-13 17:35:41.768 I/wpa_supplicant(  399): CTRL-EVENT-STATE-CHANGE id=-1 state=1 BSSID=00:00:00:00:00:00
02-13 17:35:41.768 D/WifiStateTracker(  256): setNotificationVisible() visible=false mNotificationShown=false force=false return.
02-13 17:35:41.768 D/NetworkStateTracker(  256): setDetailed state, old =SCANNING and new state=IDLE
02-13 17:35:51.057 I/DATA    (  344): [DCT(0) ] onDataCallListChanged:
02-13 17:35:51.057 I/DATA    (  344): [DCT(0) ] ---dc state list---
02-13 17:35:51.057 I/DATA    (  344): [DCT(0) ] DataCallState: { cid: 0, active: 2, type: , apn: , address: 174.156.234.163 }
02-13 17:35:51.057 I/DATA    (  344): [DCT(0) ] ---dc list---
02-13 17:35:51.057 I/DATA    (  344): [DCT(0) ] cid = 0, state = DcActiveState, bearerType = IP, ipaddress = 174.156.234.163, gw=174.156.234.161, dns=[68.28.67.132, 68.28.68.132]
02-13 17:35:51.728 W/AudioTrack(  116): obtainBuffer() track 0x26d58 disabled, restarting
02-13 17:35:51.728 D/AudioFlinger(  116): start(4098), calling thread 116 session 26
02-13 17:35:51.738 E/MediaPlayer(  845): getCurrentPosition sec = 914094
02-13 17:35:51.738 E/MediaPlayer(  845): getDuration_l mDuration = 1296300
02-13 17:35:51.778 D/AudioHardwareMSM7X30(  116): value of device and enable is 2 1 ALSA dev id:3
02-13 17:35:51.848 D/AudioHardwareMSM7X30(  116): msm_route_stream(PCM_PLAY,5,3,1)
02-13 17:35:52.328 I/dun_service(  124): The value returned from dun_getusbmodemstate_fromsys is 2 
02-13 17:35:52.348 D/KeyguardUpdateMonitor(  256): received broadcast android.intent.action.BATTERY_CHANGED
02-13 17:35:52.348 D/KeyguardUpdateMonitor(  256): handleBatteryUpdate
02-13 17:35:52.739 E/MediaPlayer(  845): getCurrentPosition sec = 915055
02-13 17:35:52.739 E/MediaPlayer(  845): getDuration_l mDuration = 1296300
02-13 17:35:53.740 E/MediaPlayer(  845): getCurrentPosition sec = 916015
02-13 17:35:53.740 E/MediaPlayer(  845): getDuration_l mDuration = 1296300
02-13 17:35:54.751 E/MediaPlayer(  845): getCurrentPosition sec = 917113
02-13 17:35:54.751 E/MediaPlayer(  845): getDuration_l mDuration = 1296300
02-13 17:35:55.752 E/MediaPlayer(  845): getCurrentPosition sec = 918074
02-13 17:35:55.752 E/MediaPlayer(  845): getDuration_l mDuration = 1296300
02-13 17:35:56.753 E/MediaPlayer(  845): getCurrentPosition sec = 919034
02-13 17:35:56.753 E/MediaPlayer(  845): getDuration_l mDuration = 1296300
02-13 17:35:56.783 I/wpa_supplicant(  399): State: INACTIVE -> SCANNING
02-13 17:35:56.783 I/wpa_supplicant(  399): CTRL-EVENT-STATE-CHANGE id=-1 state=2 BSSID=00:00:00:00:00:00
02-13 17:35:56.783 D/NetworkStateTracker(  256): setDetailed state, old =IDLE and new state=SCANNING
02-13 17:35:57.764 E/MediaPlayer(  845): getCurrentPosition sec = 920132
02-13 17:35:57.764 E/MediaPlayer(  845): getDuration_l mDuration = 1296300
02-13 17:35:57.774 I/dun_service(  124): process rmnet event
02-13 17:35:57.774 I/dun_service(  124): Post event 4
02-13 17:35:57.784 I/dun_service(  124): received event: DUN_EVENT_RMNET_UP 
02-13 17:35:57.784 I/dun_service(  124): received event(DUN_EVENT_RMNET_UP) in state(DUN_STATE_USB_UNPLUG)
02-13 17:35:57.784 I/dun_service(  124): Ignoring the event DUN_EVENT_RMNET_UP in USB_UNPLUG_STATE
02-13 17:35:57.784 I/dun_service(  124): Moved to state(DUN_STATE_USB_UNPLUG)
02-13 17:35:57.794 I/wpa_supplicant(  399): State: SCANNING -> INACTIVE
02-13 17:35:57.794 I/wpa_supplicant(  399): CTRL-EVENT-STATE-CHANGE id=-1 state=1 BSSID=00:00:00:00:00:00
02-13 17:35:57.794 D/WifiStateTracker(  256): setNotificationVisible() visible=false mNotificationShown=false force=false return.
02-13 17:35:57.794 D/NetworkStateTracker(  256): setDetailed state, old =SCANNING and new state=IDLE
02-13 17:35:58.775 E/MediaPlayer(  845): getCurrentPosition sec = 921093
02-13 17:35:58.775 E/MediaPlayer(  845): getDuration_l mDuration = 1296300
02-13 17:35:59.775 E/MediaPlayer(  845): getCurrentPosition sec = 922053
02-13 17:35:59.775 E/MediaPlayer(  845): getDuration_l mDuration = 1296300
02-13 17:35:59.996 D/KeyguardUpdateMonitor(  256): received broadcast android.intent.action.TIME_TICK
02-13 17:35:59.996 D/KeyguardUpdateMonitor(  256): handleTimeUpdate
02-13 17:36:00.786 E/MediaPlayer(  845): getCurrentPosition sec = 923151
02-13 17:36:00.786 E/MediaPlayer(  845): getDuration_l mDuration = 1296300
02-13 17:36:01.807 E/MediaPlayer(  845): getCurrentPosition sec = 924111
02-13 17:36:01.807 E/MediaPlayer(  845): getDuration_l mDuration = 1296300
02-13 17:36:02.818 E/MediaPlayer(  845): getCurrentPosition sec = 925072
02-13 17:36:02.818 E/MediaPlayer(  845): getDuration_l mDuration = 1296300
02-13 17:36:03.649 E/rmt_storage(  154): [MyTag]open: fd=-1
02-13 17:36:03.649 E/rmt_storage(  154): block rmt_storage client thread
02-13 17:36:03.819 E/MediaPlayer(  845): getCurrentPosition sec = 926170
02-13 17:36:03.829 E/MediaPlayer(  845): getDuration_l mDuration = 1296300
02-13 17:36:04.840 E/MediaPlayer(  845): getCurrentPosition sec = 927130
02-13 17:36:04.840 E/MediaPlayer(  845): getDuration_l mDuration = 1296300
02-13 17:36:05.841 E/MediaPlayer(  845): getCurrentPosition sec = 928228
02-13 17:36:05.841 E/MediaPlayer(  845): getDuration_l mDuration = 1296300
02-13 17:36:06.852 E/MediaPlayer(  845): getCurrentPosition sec = 929189
02-13 17:36:06.852 E/MediaPlayer(  845): getDuration_l mDuration = 1296300
02-13 17:36:07.863 E/MediaPlayer(  845): getCurrentPosition sec = 930149
02-13 17:36:07.863 E/MediaPlayer(  845): getDuration_l mDuration = 1296300
02-13 17:36:08.864 E/MediaPlayer(  845): getCurrentPosition sec = 931247
02-13 17:36:08.864 E/MediaPlayer(  845): getDuration_l mDuration = 1296300
02-13 17:36:09.875 E/MediaPlayer(  845): getCurrentPosition sec = 932208
02-13 17:36:09.875 E/MediaPlayer(  845): getDuration_l mDuration = 1296300
02-13 17:36:10.876 E/MediaPlayer(  845): getCurrentPosition sec = 933168
02-13 17:36:10.876 E/MediaPlayer(  845): getDuration_l mDuration = 1296300
02-13 17:36:11.887 E/MediaPlayer(  845): getCurrentPosition sec = 934266
02-13 17:36:11.887 E/MediaPlayer(  845): getDuration_l mDuration = 1296300
02-13 17:36:12.818 I/wpa_supplicant(  399): State: INACTIVE -> SCANNING
02-13 17:36:12.818 I/wpa_supplicant(  399): CTRL-EVENT-STATE-CHANGE id=-1 state=2 BSSID=00:00:00:00:00:00
02-13 17:36:12.818 D/NetworkStateTracker(  256): setDetailed state, old =IDLE and new state=SCANNING
02-13 17:36:12.888 E/MediaPlayer(  845): getCurrentPosition sec = 935227
02-13 17:36:12.888 E/MediaPlayer(  845): getDuration_l mDuration = 1296300
02-13 17:36:13.799 I/dun_service(  124): process rmnet event
02-13 17:36:13.799 I/dun_service(  124): Post event 4
02-13 17:36:13.799 I/dun_service(  124): received event: DUN_EVENT_RMNET_UP 
02-13 17:36:13.799 I/dun_service(  124): received event(DUN_EVENT_RMNET_UP) in state(DUN_STATE_USB_UNPLUG)
02-13 17:36:13.799 I/dun_service(  124): Ignoring the event DUN_EVENT_RMNET_UP in USB_UNPLUG_STATE
02-13 17:36:13.799 I/dun_service(  124): Moved to state(DUN_STATE_USB_UNPLUG)
02-13 17:36:13.809 I/wpa_supplicant(  399): State: SCANNING -> INACTIVE
02-13 17:36:13.809 I/wpa_supplicant(  399): CTRL-EVENT-STATE-CHANGE id=-1 state=1 BSSID=00:00:00:00:00:00
02-13 17:36:13.819 D/WifiStateTracker(  256): setNotificationVisible() visible=false mNotificationShown=false force=false return.
02-13 17:36:13.819 D/NetworkStateTracker(  256): setDetailed state, old =SCANNING and new state=IDLE
02-13 17:36:13.899 E/MediaPlayer(  845): getCurrentPosition sec = 936188
02-13 17:36:13.899 E/MediaPlayer(  845): getDuration_l mDuration = 1296300
02-13 17:36:14.910 E/MediaPlayer(  845): getCurrentPosition sec = 937285
02-13 17:36:14.910 E/MediaPlayer(  845): getDuration_l mDuration = 1296300
02-13 17:36:15.901 E/MediaPlayer(  845): getCurrentPosition sec = 938246
02-13 17:36:15.901 E/MediaPlayer(  845): getDuration_l mDuration = 1296300
02-13 17:36:16.912 E/MediaPlayer(  845): getCurrentPosition sec = 939207
02-13 17:36:16.912 E/MediaPlayer(  845): getDuration_l mDuration = 1296300
02-13 17:36:17.923 E/MediaPlayer(  845): getCurrentPosition sec = 940305
02-13 17:36:17.923 E/MediaPlayer(  845): getDuration_l mDuration = 1296300
02-13 17:36:18.924 E/MediaPlayer(  845): getCurrentPosition sec = 941265
02-13 17:36:18.924 E/MediaPlayer(  845): getDuration_l mDuration = 1296300
02-13 17:36:19.945 E/MediaPlayer(  845): getCurrentPosition sec = 942226
02-13 17:36:19.945 E/MediaPlayer(  845): getDuration_l mDuration = 1296300
02-13 17:36:20.946 E/MediaPlayer(  845): getCurrentPosition sec = 943324
02-13 17:36:20.946 E/MediaPlayer(  845): getDuration_l mDuration = 1296300
02-13 17:36:21.947 E/MediaPlayer(  845): getCurrentPosition sec = 944284
02-13 17:36:21.947 E/MediaPlayer(  845): getDuration_l mDuration = 1296300
02-13 17:36:22.958 E/MediaPlayer(  845): getCurrentPosition sec = 945245
02-13 17:36:22.958 E/MediaPlayer(  845): getDuration_l mDuration = 1296300
02-13 17:36:23.959 E/MediaPlayer(  845): getCurrentPosition sec = 946343
02-13 17:36:23.959 E/MediaPlayer(  845): getDuration_l mDuration = 1296300
02-13 17:36:24.970 E/MediaPlayer(  845): getCurrentPosition sec = 947304
02-13 17:36:24.970 E/MediaPlayer(  845): getDuration_l mDuration = 1296300
02-13 17:36:25.971 E/MediaPlayer(  845): getCurrentPosition sec = 948264
02-13 17:36:25.971 E/MediaPlayer(  845): getDuration_l mDuration = 1296300
02-13 17:36:26.972 E/MediaPlayer(  845): getCurrentPosition sec = 949362
02-13 17:36:26.972 E/MediaPlayer(  845): getDuration_l mDuration = 1296300
02-13 17:36:27.973 E/MediaPlayer(  845): getCurrentPosition sec = 950323
02-13 17:36:27.973 E/MediaPlayer(  845): getDuration_l mDuration = 1296300
02-13 17:36:28.834 I/wpa_supplicant(  399): State: INACTIVE -> SCANNING
02-13 17:36:28.834 I/wpa_supplicant(  399): CTRL-EVENT-STATE-CHANGE id=-1 state=2 BSSID=00:00:00:00:00:00
02-13 17:36:28.834 D/NetworkStateTracker(  256): setDetailed state, old =IDLE and new state=SCANNING
02-13 17:36:28.984 E/MediaPlayer(  845): getCurrentPosition sec = 951283
02-13 17:36:28.984 E/MediaPlayer(  845): getDuration_l mDuration = 1296300
02-13 17:36:29.805 I/dun_service(  124): process rmnet event
02-13 17:36:29.805 I/dun_service(  124): Post event 4
02-13 17:36:29.805 I/dun_service(  124): received event: DUN_EVENT_RMNET_UP 
02-13 17:36:29.805 I/dun_service(  124): received event(DUN_EVENT_RMNET_UP) in state(DUN_STATE_USB_UNPLUG)
02-13 17:36:29.805 I/dun_service(  124): Ignoring the event DUN_EVENT_RMNET_UP in USB_UNPLUG_STATE
02-13 17:36:29.805 I/dun_service(  124): Moved to state(DUN_STATE_USB_UNPLUG)
02-13 17:36:29.805 I/wpa_supplicant(  399): State: SCANNING -> INACTIVE
02-13 17:36:29.805 I/wpa_supplicant(  399): CTRL-EVENT-STATE-CHANGE id=-1 state=1 BSSID=00:00:00:00:00:00
02-13 17:36:29.805 D/NetworkStateTracker(  256): setDetailed state, old =SCANNING and new state=IDLE
02-13 17:36:29.815 D/WifiStateTracker(  256): setNotificationVisible() visible=false mNotificationShown=false force=false return.
02-13 17:36:29.985 E/MediaPlayer(  845): getCurrentPosition sec = 952381
02-13 17:36:29.985 E/MediaPlayer(  845): getDuration_l mDuration = 1296300
02-13 17:36:30.996 E/MediaPlayer(  845): getCurrentPosition sec = 953342
02-13 17:36:30.996 E/MediaPlayer(  845): getDuration_l mDuration = 1296300
02-13 17:36:31.997 E/MediaPlayer(  845): getCurrentPosition sec = 954302
02-13 17:36:31.997 E/MediaPlayer(  845): getDuration_l mDuration = 1296300
02-13 17:36:33.008 E/MediaPlayer(  845): getCurrentPosition sec = 955400
02-13 17:36:33.008 E/MediaPlayer(  845): getDuration_l mDuration = 1296300
02-13 17:36:34.019 E/MediaPlayer(  845): getCurrentPosition sec = 956361
02-13 17:36:34.019 E/MediaPlayer(  845): getDuration_l mDuration = 1296300
02-13 17:36:35.030 E/MediaPlayer(  845): getCurrentPosition sec = 957322
02-13 17:36:35.030 E/MediaPlayer(  845): getDuration_l mDuration = 1296300
02-13 17:36:36.031 E/MediaPlayer(  845): getCurrentPosition sec = 958420
02-13 17:36:36.031 E/MediaPlayer(  845): getDuration_l mDuration = 1296300
02-13 17:36:37.032 E/MediaPlayer(  845): getCurrentPosition sec = 959380
02-13 17:36:37.032 E/MediaPlayer(  845): getDuration_l mDuration = 1296300
02-13 17:36:38.043 E/MediaPlayer(  845): getCurrentPosition sec = 960341
02-13 17:36:38.043 E/MediaPlayer(  845): getDuration_l mDuration = 1296300
02-13 17:36:39.044 E/MediaPlayer(  845): getCurrentPosition sec = 961439
02-13 17:36:39.044 E/MediaPlayer(  845): getDuration_l mDuration = 1296300
02-13 17:36:40.055 E/MediaPlayer(  845): getCurrentPosition sec = 962399
02-13 17:36:40.055 E/MediaPlayer(  845): getDuration_l mDuration = 1296300
02-13 17:36:41.066 E/MediaPlayer(  845): getCurrentPosition sec = 963360
02-13 17:36:41.066 E/MediaPlayer(  845): getDuration_l mDuration = 1296300
02-13 17:36:42.067 E/MediaPlayer(  845): getCurrentPosition sec = 964458
02-13 17:36:42.067 E/MediaPlayer(  845): getDuration_l mDuration = 1296300
02-13 17:36:43.068 E/MediaPlayer(  845): getCurrentPosition sec = 965418
02-13 17:36:43.068 E/MediaPlayer(  845): getDuration_l mDuration = 1296300
02-13 17:36:44.079 E/MediaPlayer(  845): getCurrentPosition sec = 966379
02-13 17:36:44.079 E/MediaPlayer(  845): getDuration_l mDuration = 1296300
02-13 17:36:44.839 I/wpa_supplicant(  399): State: INACTIVE -> SCANNING
02-13 17:36:44.839 I/wpa_supplicant(  399): CTRL-EVENT-STATE-CHANGE id=-1 state=2 BSSID=00:00:00:00:00:00
02-13 17:36:44.839 D/NetworkStateTracker(  256): setDetailed state, old =IDLE and new state=SCANNING
02-13 17:36:45.090 E/MediaPlayer(  845): getCurrentPosition sec = 967477
02-13 17:36:45.090 E/MediaPlayer(  845): getDuration_l mDuration = 1296300
02-13 17:36:45.830 I/dun_service(  124): process rmnet event
02-13 17:36:45.830 I/dun_service(  124): Post event 4
02-13 17:36:45.830 I/dun_service(  124): received event: DUN_EVENT_RMNET_UP 
02-13 17:36:45.830 I/dun_service(  124): received event(DUN_EVENT_RMNET_UP) in state(DUN_STATE_USB_UNPLUG)
02-13 17:36:45.830 I/dun_service(  124): Ignoring the event DUN_EVENT_RMNET_UP in USB_UNPLUG_STATE
02-13 17:36:45.830 I/dun_service(  124): Moved to state(DUN_STATE_USB_UNPLUG)
02-13 17:36:45.830 I/wpa_supplicant(  399): State: SCANNING -> INACTIVE
02-13 17:36:45.830 I/wpa_supplicant(  399): CTRL-EVENT-STATE-CHANGE id=-1 state=1 BSSID=00:00:00:00:00:00
02-13 17:36:45.840 D/WifiStateTracker(  256): setNotificationVisible() visible=false mNotificationShown=false force=false return.
02-13 17:36:45.840 D/NetworkStateTracker(  256): setDetailed state, old =SCANNING and new state=IDLE
02-13 17:36:46.101 E/MediaPlayer(  845): getCurrentPosition sec = 968437
02-13 17:36:46.101 E/MediaPlayer(  845): getDuration_l mDuration = 1296300
02-13 17:36:47.092 E/MediaPlayer(  845): getCurrentPosition sec = 969398
02-13 17:36:47.092 E/MediaPlayer(  845): getDuration_l mDuration = 1296300
02-13 17:36:48.103 E/MediaPlayer(  845): getCurrentPosition sec = 970496
02-13 17:36:48.103 E/MediaPlayer(  845): getDuration_l mDuration = 1296300
02-13 17:36:49.104 E/MediaPlayer(  845): getCurrentPosition sec = 971456
02-13 17:36:49.104 E/MediaPlayer(  845): getDuration_l mDuration = 1296300
02-13 17:36:50.135 E/MediaPlayer(  845): getCurrentPosition sec = 972416
02-13 17:36:50.135 E/MediaPlayer(  845): getDuration_l mDuration = 1296300
02-13 17:36:51.146 E/MediaPlayer(  845): getCurrentPosition sec = 973514
02-13 17:36:51.146 E/MediaPlayer(  845): getDuration_l mDuration = 1296300
02-13 17:36:52.147 E/MediaPlayer(  845): getCurrentPosition sec = 974475
02-13 17:36:52.147 E/MediaPlayer(  845): getDuration_l mDuration = 1296300
02-13 17:36:52.327 I/dun_service(  124): The value returned from dun_getusbmodemstate_fromsys is 2 
02-13 17:36:52.357 D/KeyguardUpdateMonitor(  256): received broadcast android.intent.action.BATTERY_CHANGED
02-13 17:36:52.357 D/KeyguardUpdateMonitor(  256): handleBatteryUpdate
02-13 17:36:53.168 E/MediaPlayer(  845): getCurrentPosition sec = 975573
02-13 17:36:53.168 E/MediaPlayer(  845): getDuration_l mDuration = 1296300
02-13 17:36:54.169 E/MediaPlayer(  845): getCurrentPosition sec = 976533
02-13 17:36:54.169 E/MediaPlayer(  845): getDuration_l mDuration = 1296300
02-13 17:36:55.180 E/MediaPlayer(  845): getCurrentPosition sec = 977494
02-13 17:36:55.180 E/MediaPlayer(  845): getDuration_l mDuration = 1296300
02-13 17:36:56.181 E/MediaPlayer(  845): getCurrentPosition sec = 978455
02-13 17:36:56.181 E/MediaPlayer(  845): getDuration_l mDuration = 1296300
02-13 17:36:57.182 E/MediaPlayer(  845): getCurrentPosition sec = 979552
02-13 17:36:57.182 E/MediaPlayer(  845): getDuration_l mDuration = 1296300
02-13 17:36:58.192 E/MediaPlayer(  845): getCurrentPosition sec = 980513
02-13 17:36:58.192 E/MediaPlayer(  845): getDuration_l mDuration = 1296300
02-13 17:36:59.203 E/MediaPlayer(  845): getCurrentPosition sec = 981611
02-13 17:36:59.203 E/MediaPlayer(  845): getDuration_l mDuration = 1296300
02-13 17:37:00.074 D/KeyguardUpdateMonitor(  256): received broadcast android.intent.action.TIME_TICK
02-13 17:37:00.084 D/KeyguardUpdateMonitor(  256): handleTimeUpdate
02-13 17:37:00.204 E/MediaPlayer(  845): getCurrentPosition sec = 982571
02-13 17:37:00.204 E/MediaPlayer(  845): getDuration_l mDuration = 1296300
02-13 17:37:00.735 D/DATA    (  344): [DSST(0)] pollstate() : reason = data network state changed
02-13 17:37:00.825 D/MobileDataStateTracker(  256): [hipri]  MobileDataStateReceiver onReceive(): Entry.
02-13 17:37:00.825 D/MobileDataStateTracker(  256): [hipri]  intent.getAction()= android.intent.action.SERVICE_STATE
02-13 17:37:00.825 D/MobileDataStateTracker(  256): [hipri]  mEnabled = false
02-13 17:37:00.825 D/MobileDataStateTracker(  256): [dun]  MobileDataStateReceiver onReceive(): Entry.
02-13 17:37:00.825 D/MobileDataStateTracker(  256): [dun]  intent.getAction()= android.intent.action.SERVICE_STATE
02-13 17:37:00.825 D/MobileDataStateTracker(  256): [dun]  mEnabled = false
02-13 17:37:00.825 D/MobileDataStateTracker(  256): [supl]  MobileDataStateReceiver onReceive(): Entry.
02-13 17:37:00.825 D/MobileDataStateTracker(  256): [supl]  intent.getAction()= android.intent.action.SERVICE_STATE
02-13 17:37:00.825 D/MobileDataStateTracker(  256): [supl]  mEnabled = false
02-13 17:37:00.825 D/MobileDataStateTracker(  256): [mms]  MobileDataStateReceiver onReceive(): Entry.
02-13 17:37:00.825 D/MobileDataStateTracker(  256): [mms]  intent.getAction()= android.intent.action.SERVICE_STATE
02-13 17:37:00.825 D/MobileDataStateTracker(  256): [mms]  mEnabled = false
02-13 17:37:00.835 D/MobileDataStateTracker(  256): [default]  MobileDataStateReceiver onReceive(): Entry.
02-13 17:37:00.835 D/MobileDataStateTracker(  256): [default]  intent.getAction()= android.intent.action.SERVICE_STATE
02-13 17:37:00.835 D/MobileDataStateTracker(  256): [default]  mEnabled = true
02-13 17:37:00.835 D/DATA    (  344): [DSST(0)]  registrationState = 1  radioTechnology = 8 reasonForDenial = 0
02-13 17:37:00.835 D/DATA    (  344): [DSST(0)]  set mNewDataConnectionState = 0
02-13 17:37:00.835 D/DATA    (  344): [DSST(0)]  mNewDataConnectionState : 0  mDataConnectionState : 0
02-13 17:37:00.835 D/DATA    (  344): [DSST(0)] Poll ServiceState done: oldSS=[0 home null null null  EvDo rev. A CSS not supported -1 -1RoamInd: -1RoamStatus(sprint): -1DefRoamInd: -1EmergOnly: false] newSS=[0 home null null null  EvDo rev. A CSS not supported -1 -1RoamInd: -1RoamStatus(sprint): -1DefRoamInd: -1EmergOnly: false]
02-13 17:37:00.835 D/DATA    (  344): [DSST(0)]  mDataConnectionState = 0
02-13 17:37:00.855 I/wpa_supplicant(  399): State: INACTIVE -> SCANNING
02-13 17:37:00.855 I/wpa_supplicant(  399): CTRL-EVENT-STATE-CHANGE id=-1 state=2 BSSID=00:00:00:00:00:00
02-13 17:37:00.855 D/NetworkStateTracker(  256): setDetailed state, old =IDLE and new state=SCANNING
02-13 17:37:00.855 D/CallManager(  344):  handleMessage (EVENT_SERVICE_STATE_CHANGED)
02-13 17:37:00.855 E/BT HS/HF(  344): SERVICE_STATE_CHANGED called
02-13 17:37:00.855 E/BT HS/HF(  344): updateServiceState called, sendUpdate:false  ServiceState:0 home Sprint  310099  EvDo rev. A CSS not supported 41 4139RoamInd: 1RoamStatus(sprint): 1DefRoamInd: 160EmergOnly: false
02-13 17:37:00.855 E/BT HS/HF(  344): service:1 mService:1
02-13 17:37:00.875 D/Mms     (  811): currentRoamingStatus:1
02-13 17:37:01.205 E/MediaPlayer(  845): getCurrentPosition sec = 983532
02-13 17:37:01.205 E/MediaPlayer(  845): getDuration_l mDuration = 1296300
02-13 17:37:01.816 I/dun_service(  124): process rmnet event
02-13 17:37:01.816 I/dun_service(  124): Post event 4
02-13 17:37:01.826 I/dun_service(  124): received event: DUN_EVENT_RMNET_UP 
02-13 17:37:01.826 I/dun_service(  124): received event(DUN_EVENT_RMNET_UP) in state(DUN_STATE_USB_UNPLUG)
02-13 17:37:01.826 I/dun_service(  124): Ignoring the event DUN_EVENT_RMNET_UP in USB_UNPLUG_STATE
02-13 17:37:01.826 I/dun_service(  124): Moved to state(DUN_STATE_USB_UNPLUG)
02-13 17:37:01.826 I/wpa_supplicant(  399): State: SCANNING -> INACTIVE
02-13 17:37:01.826 I/wpa_supplicant(  399): CTRL-EVENT-STATE-CHANGE id=-1 state=1 BSSID=00:00:00:00:00:00
02-13 17:37:01.826 D/NetworkStateTracker(  256): setDetailed state, old =SCANNING and new state=IDLE
02-13 17:37:01.836 D/WifiStateTracker(  256): setNotificationVisible() visible=false mNotificationShown=false force=false return.
02-13 17:37:02.206 E/MediaPlayer(  845): getCurrentPosition sec = 984493
02-13 17:37:02.206 E/MediaPlayer(  845): getDuration_l mDuration = 1296300
02-13 17:37:03.207 E/MediaPlayer(  845): getCurrentPosition sec = 985591
02-13 17:37:03.207 E/MediaPlayer(  845): getDuration_l mDuration = 1296300
02-13 17:37:04.218 E/MediaPlayer(  845): getCurrentPosition sec = 986551
02-13 17:37:04.218 E/MediaPlayer(  845): getDuration_l mDuration = 1296300
02-13 17:37:05.229 E/MediaPlayer(  845): getCurrentPosition sec = 987512
02-13 17:37:05.229 E/MediaPlayer(  845): getDuration_l mDuration = 1296300
02-13 17:37:06.230 E/MediaPlayer(  845): getCurrentPosition sec = 988610
02-13 17:37:06.230 E/MediaPlayer(  845): getDuration_l mDuration = 1296300
02-13 17:37:07.221 E/MediaPlayer(  845): getCurrentPosition sec = 989571
02-13 17:37:07.221 E/MediaPlayer(  845): getDuration_l mDuration = 1296300
02-13 17:37:08.232 E/MediaPlayer(  845): getCurrentPosition sec = 990531
02-13 17:37:08.232 E/MediaPlayer(  845): getDuration_l mDuration = 1296300
02-13 17:37:09.233 E/MediaPlayer(  845): getCurrentPosition sec = 991629
02-13 17:37:09.233 E/MediaPlayer(  845): getDuration_l mDuration = 1296300
02-13 17:37:10.244 E/MediaPlayer(  845): getCurrentPosition sec = 992590
02-13 17:37:10.244 E/MediaPlayer(  845): getDuration_l mDuration = 1296300
02-13 17:37:10.965 D/DATA    (  344): [DSST(0)] pollstate() : reason = data network state changed
02-13 17:37:11.025 D/DATA    (  344): [DSST(0)] pollstate() : reason = data network state changed
02-13 17:37:11.055 D/MobileDataStateTracker(  256): [hipri]  MobileDataStateReceiver onReceive(): Entry.
02-13 17:37:11.055 D/MobileDataStateTracker(  256): [hipri]  intent.getAction()= android.intent.action.SERVICE_STATE
02-13 17:37:11.055 D/MobileDataStateTracker(  256): [hipri]  mEnabled = false
02-13 17:37:11.065 D/MobileDataStateTracker(  256): [dun]  MobileDataStateReceiver onReceive(): Entry.
02-13 17:37:11.065 D/MobileDataStateTracker(  256): [dun]  intent.getAction()= android.intent.action.SERVICE_STATE
02-13 17:37:11.065 D/MobileDataStateTracker(  256): [dun]  mEnabled = false
02-13 17:37:11.085 D/CallManager(  344):  handleMessage (EVENT_SERVICE_STATE_CHANGED)
02-13 17:37:11.085 E/BT HS/HF(  344): SERVICE_STATE_CHANGED called
02-13 17:37:11.085 E/BT HS/HF(  344): updateServiceState called, sendUpdate:false  ServiceState:0 home Sprint  310099  EvDo rev. A CSS not supported 41 4139RoamInd: 1RoamStatus(sprint): 1DefRoamInd: 160EmergOnly: false
02-13 17:37:11.085 E/BT HS/HF(  344): service:1 mService:1
02-13 17:37:11.085 D/MobileDataStateTracker(  256): [supl]  MobileDataStateReceiver onReceive(): Entry.
02-13 17:37:11.085 D/MobileDataStateTracker(  256): [supl]  intent.getAction()= android.intent.action.SERVICE_STATE
02-13 17:37:11.085 D/MobileDataStateTracker(  256): [supl]  mEnabled = false
02-13 17:37:11.085 D/DATA    (  344): [DSST(0)]  registrationState = 1  radioTechnology = 8 reasonForDenial = 0
02-13 17:37:11.085 D/DATA    (  344): [DSST(0)]  set mNewDataConnectionState = 0
02-13 17:37:11.085 D/DATA    (  344): [DSST(0)]  mNewDataConnectionState : 0  mDataConnectionState : 0
02-13 17:37:11.085 D/DATA    (  344): [DSST(0)] Poll ServiceState done: oldSS=[0 home null null null  EvDo rev. A CSS not supported -1 -1RoamInd: -1RoamStatus(sprint): -1DefRoamInd: -1EmergOnly: false] newSS=[0 home null null null  EvDo rev. A CSS not supported -1 -1RoamInd: -1RoamStatus(sprint): -1DefRoamInd: -1EmergOnly: false]
02-13 17:37:11.085 D/DATA    (  344): [DSST(0)]  mDataConnectionState = 0
02-13 17:37:11.085 D/MobileDataStateTracker(  256): [mms]  MobileDataStateReceiver onReceive(): Entry.
02-13 17:37:11.085 D/MobileDataStateTracker(  256): [mms]  intent.getAction()= android.intent.action.SERVICE_STATE
02-13 17:37:11.085 D/MobileDataStateTracker(  256): [mms]  mEnabled = false
02-13 17:37:11.085 D/MobileDataStateTracker(  256): [default]  MobileDataStateReceiver onReceive(): Entry.
02-13 17:37:11.085 D/MobileDataStateTracker(  256): [default]  intent.getAction()= android.intent.action.SERVICE_STATE
02-13 17:37:11.085 D/MobileDataStateTracker(  256): [default]  mEnabled = true
02-13 17:37:11.105 D/Mms     (  811): currentRoamingStatus:1
02-13 17:37:11.255 E/MediaPlayer(  845): getCurrentPosition sec = 993550
02-13 17:37:11.265 E/MediaPlayer(  845): getDuration_l mDuration = 1296300
02-13 17:37:12.266 E/MediaPlayer(  845): getCurrentPosition sec = 994648
02-13 17:37:12.266 E/MediaPlayer(  845): getDuration_l mDuration = 1296300
02-13 17:37:13.267 E/MediaPlayer(  845): getCurrentPosition sec = 995609
02-13 17:37:13.267 E/MediaPlayer(  845): getDuration_l mDuration = 1296300
02-13 17:37:14.288 E/MediaPlayer(  845): getCurrentPosition sec = 996569
02-13 17:37:14.288 E/MediaPlayer(  845): getDuration_l mDuration = 1296300
02-13 17:37:15.289 E/MediaPlayer(  845): getCurrentPosition sec = 997667
02-13 17:37:15.289 E/MediaPlayer(  845): getDuration_l mDuration = 1296300
02-13 17:37:16.300 E/MediaPlayer(  845): getCurrentPosition sec = 998628
02-13 17:37:16.300 E/MediaPlayer(  845): getDuration_l mDuration = 1296300
02-13 17:37:16.841 I/wpa_supplicant(  399): State: INACTIVE -> SCANNING
02-13 17:37:16.841 I/wpa_supplicant(  399): CTRL-EVENT-STATE-CHANGE id=-1 state=2 BSSID=00:00:00:00:00:00
02-13 17:37:16.841 D/NetworkStateTracker(  256): setDetailed state, old =IDLE and new state=SCANNING
02-13 17:37:17.291 E/MediaPlayer(  845): getCurrentPosition sec = 999588
02-13 17:37:17.291 E/MediaPlayer(  845): getDuration_l mDuration = 1296300
02-13 17:37:17.802 I/wpa_supplicant(  399): State: SCANNING -> INACTIVE
02-13 17:37:17.812 I/wpa_supplicant(  399): CTRL-EVENT-STATE-CHANGE id=-1 state=1 BSSID=00:00:00:00:00:00
02-13 17:37:17.812 I/dun_service(  124): process rmnet event
02-13 17:37:17.812 I/dun_service(  124): Post event 4
02-13 17:37:17.812 I/dun_service(  124): received event: DUN_EVENT_RMNET_UP 
02-13 17:37:17.812 I/dun_service(  124): received event(DUN_EVENT_RMNET_UP) in state(DUN_STATE_USB_UNPLUG)
02-13 17:37:17.812 I/dun_service(  124): Ignoring the event DUN_EVENT_RMNET_UP in USB_UNPLUG_STATE
02-13 17:37:17.812 I/dun_service(  124): Moved to state(DUN_STATE_USB_UNPLUG)
02-13 17:37:17.812 D/WifiStateTracker(  256): setNotificationVisible() visible=false mNotificationShown=false force=false return.
02-13 17:37:17.812 D/NetworkStateTracker(  256): setDetailed state, old =SCANNING and new state=IDLE
02-13 17:37:18.292 E/MediaPlayer(  845): getCurrentPosition sec = 1000686
02-13 17:37:18.292 E/MediaPlayer(  845): getDuration_l mDuration = 1296300
02-13 17:37:19.303 E/MediaPlayer(  845): getCurrentPosition sec = 1001647
02-13 17:37:19.303 E/MediaPlayer(  845): getDuration_l mDuration = 1296300
02-13 17:37:20.314 E/MediaPlayer(  845): getCurrentPosition sec = 1002607
02-13 17:37:20.314 E/MediaPlayer(  845): getDuration_l mDuration = 1296300
02-13 17:37:21.225 D/DATA    (  344): [DSST(0)] pollstate() : reason = data network state changed
02-13 17:37:21.295 D/MobileDataStateTracker(  256): [hipri]  MobileDataStateReceiver onReceive(): Entry.
02-13 17:37:21.295 D/MobileDataStateTracker(  256): [hipri]  intent.getAction()= android.intent.action.SERVICE_STATE
02-13 17:37:21.295 D/MobileDataStateTracker(  256): [hipri]  mEnabled = false
02-13 17:37:21.295 D/MobileDataStateTracker(  256): [dun]  MobileDataStateReceiver onReceive(): Entry.
02-13 17:37:21.295 D/MobileDataStateTracker(  256): [dun]  intent.getAction()= android.intent.action.SERVICE_STATE
02-13 17:37:21.295 D/MobileDataStateTracker(  256): [dun]  mEnabled = false
02-13 17:37:21.295 D/MobileDataStateTracker(  256): [supl]  MobileDataStateReceiver onReceive(): Entry.
02-13 17:37:21.295 D/MobileDataStateTracker(  256): [supl]  intent.getAction()= android.intent.action.SERVICE_STATE
02-13 17:37:21.295 D/MobileDataStateTracker(  256): [supl]  mEnabled = false
02-13 17:37:21.295 D/MobileDataStateTracker(  256): [mms]  MobileDataStateReceiver onReceive(): Entry.
02-13 17:37:21.295 D/MobileDataStateTracker(  256): [mms]  intent.getAction()= android.intent.action.SERVICE_STATE
02-13 17:37:21.295 D/MobileDataStateTracker(  256): [mms]  mEnabled = false
02-13 17:37:21.305 D/MobileDataStateTracker(  256): [default]  MobileDataStateReceiver onReceive(): Entry.
02-13 17:37:21.305 D/MobileDataStateTracker(  256): [default]  intent.getAction()= android.intent.action.SERVICE_STATE
02-13 17:37:21.305 D/MobileDataStateTracker(  256): [default]  mEnabled = true
02-13 17:37:21.305 D/CallManager(  344):  handleMessage (EVENT_SERVICE_STATE_CHANGED)
02-13 17:37:21.305 E/BT HS/HF(  344): SERVICE_STATE_CHANGED called
02-13 17:37:21.305 E/BT HS/HF(  344): updateServiceState called, sendUpdate:false  ServiceState:0 home Sprint  310099  EvDo rev. A CSS not supported 41 4139RoamInd: 1RoamStatus(sprint): 1DefRoamInd: 160EmergOnly: false
02-13 17:37:21.305 E/BT HS/HF(  344): service:1 mService:1
02-13 17:37:21.305 D/DATA    (  344): [DSST(0)]  registrationState = 1  radioTechnology = 8 reasonForDenial = 0
02-13 17:37:21.305 D/DATA    (  344): [DSST(0)]  set mNewDataConnectionState = 0
02-13 17:37:21.305 D/DATA    (  344): [DSST(0)]  mNewDataConnectionState : 0  mDataConnectionState : 0
02-13 17:37:21.305 D/DATA    (  344): [DSST(0)] Poll ServiceState done: oldSS=[0 home null null null  EvDo rev. A CSS not supported -1 -1RoamInd: -1RoamStatus(sprint): -1DefRoamInd: -1EmergOnly: false] newSS=[0 home null null null  EvDo rev. A CSS not supported -1 -1RoamInd: -1RoamStatus(sprint): -1DefRoamInd: -1EmergOnly: false]
02-13 17:37:21.305 D/DATA    (  344): [DSST(0)]  mDataConnectionState = 0
02-13 17:37:21.315 E/MediaPlayer(  845): getCurrentPosition sec = 1003705
02-13 17:37:21.315 E/MediaPlayer(  845): getDuration_l mDuration = 1296300
02-13 17:37:21.335 D/Mms     (  811): currentRoamingStatus:1
02-13 17:37:22.316 E/MediaPlayer(  845): getCurrentPosition sec = 1004666
02-13 17:37:22.316 E/MediaPlayer(  845): getDuration_l mDuration = 1296300
02-13 17:37:23.327 E/MediaPlayer(  845): getCurrentPosition sec = 1005627
02-13 17:37:23.327 E/MediaPlayer(  845): getDuration_l mDuration = 1296300
02-13 17:37:24.328 E/MediaPlayer(  845): getCurrentPosition sec = 1006725
02-13 17:37:24.328 E/MediaPlayer(  845): getDuration_l mDuration = 1296300
02-13 17:37:25.339 E/MediaPlayer(  845): getCurrentPosition sec = 1007685
02-13 17:37:25.339 E/MediaPlayer(  845): getDuration_l mDuration = 1296300
02-13 17:37:26.340 D/DATA    (  344): [DSST(0)] pollstate() : reason = data network state changed
02-13 17:37:26.340 E/MediaPlayer(  845): getCurrentPosition sec = 1008646
02-13 17:37:26.340 E/MediaPlayer(  845): getDuration_l mDuration = 1296300
02-13 17:37:26.390 D/MobileDataStateTracker(  256): [hipri]  MobileDataStateReceiver onReceive(): Entry.
02-13 17:37:26.390 D/MobileDataStateTracker(  256): [hipri]  intent.getAction()= android.intent.action.SERVICE_STATE
02-13 17:37:26.390 D/MobileDataStateTracker(  256): [hipri]  mEnabled = false
02-13 17:37:26.430 D/MobileDataStateTracker(  256): [dun]  MobileDataStateReceiver onReceive(): Entry.
02-13 17:37:26.430 D/MobileDataStateTracker(  256): [dun]  intent.getAction()= android.intent.action.SERVICE_STATE
02-13 17:37:26.430 D/MobileDataStateTracker(  256): [dun]  mEnabled = false
02-13 17:37:26.430 D/DATA    (  344): [DSST(0)]  registrationState = 1  radioTechnology = 8 reasonForDenial = 0
02-13 17:37:26.430 D/DATA    (  344): [DSST(0)]  set mNewDataConnectionState = 0
02-13 17:37:26.430 D/DATA    (  344): [DSST(0)]  mNewDataConnectionState : 0  mDataConnectionState : 0
02-13 17:37:26.430 D/DATA    (  344): [DSST(0)] Poll ServiceState done: oldSS=[0 home null null null  EvDo rev. A CSS not supported -1 -1RoamInd: -1RoamStatus(sprint): -1DefRoamInd: -1EmergOnly: false] newSS=[0 home null null null  EvDo rev. A CSS not supported -1 -1RoamInd: -1RoamStatus(sprint): -1DefRoamInd: -1EmergOnly: false]
02-13 17:37:26.430 D/DATA    (  344): [DSST(0)]  mDataConnectionState = 0
02-13 17:37:26.430 D/CallManager(  344):  handleMessage (EVENT_SERVICE_STATE_CHANGED)
02-13 17:37:26.430 E/BT HS/HF(  344): SERVICE_STATE_CHANGED called
02-13 17:37:26.430 D/MobileDataStateTracker(  256): [supl]  MobileDataStateReceiver onReceive(): Entry.
02-13 17:37:26.430 D/MobileDataStateTracker(  256): [supl]  intent.getAction()= android.intent.action.SERVICE_STATE
02-13 17:37:26.430 D/MobileDataStateTracker(  256): [supl]  mEnabled = false
02-13 17:37:26.440 D/MobileDataStateTracker(  256): [mms]  MobileDataStateReceiver onReceive(): Entry.
02-13 17:37:26.440 D/MobileDataStateTracker(  256): [mms]  intent.getAction()= android.intent.action.SERVICE_STATE
02-13 17:37:26.440 D/MobileDataStateTracker(  256): [mms]  mEnabled = false
02-13 17:37:26.440 D/MobileDataStateTracker(  256): [default]  MobileDataStateReceiver onReceive(): Entry.
02-13 17:37:26.440 D/MobileDataStateTracker(  256): [default]  intent.getAction()= android.intent.action.SERVICE_STATE
02-13 17:37:26.440 D/MobileDataStateTracker(  256): [default]  mEnabled = true
02-13 17:37:26.440 E/BT HS/HF(  344): updateServiceState called, sendUpdate:false  ServiceState:0 home Sprint  310099  EvDo rev. A CSS not supported 41 4139RoamInd: 1RoamStatus(sprint): 1DefRoamInd: 160EmergOnly: false
02-13 17:37:26.440 E/BT HS/HF(  344): service:1 mService:1
02-13 17:37:26.450 D/Mms     (  811): currentRoamingStatus:1
02-13 17:37:27.331 E/MediaPlayer(  845): getCurrentPosition sec = 1009744
02-13 17:37:27.331 E/MediaPlayer(  845): getDuration_l mDuration = 1296300
02-13 17:37:28.342 E/MediaPlayer(  845): getCurrentPosition sec = 1010704
02-13 17:37:28.342 E/MediaPlayer(  845): getDuration_l mDuration = 1296300
02-13 17:37:29.343 E/MediaPlayer(  845): getCurrentPosition sec = 1011665
02-13 17:37:29.343 E/MediaPlayer(  845): getDuration_l mDuration = 1296300
02-13 17:37:30.354 E/MediaPlayer(  845): getCurrentPosition sec = 1012763
02-13 17:37:30.354 E/MediaPlayer(  845): getDuration_l mDuration = 1296300
02-13 17:37:31.365 E/MediaPlayer(  845): getCurrentPosition sec = 1013723
02-13 17:37:31.365 E/MediaPlayer(  845): getDuration_l mDuration = 1296300
02-13 17:37:32.366 E/MediaPlayer(  845): getCurrentPosition sec = 1014684
02-13 17:37:32.366 E/MediaPlayer(  845): getDuration_l mDuration = 1296300
02-13 17:37:32.836 I/wpa_supplicant(  399): State: INACTIVE -> SCANNING
02-13 17:37:32.836 I/wpa_supplicant(  399): CTRL-EVENT-STATE-CHANGE id=-1 state=2 BSSID=00:00:00:00:00:00
02-13 17:37:32.836 D/NetworkStateTracker(  256): setDetailed state, old =IDLE and new state=SCANNING
02-13 17:37:33.377 E/MediaPlayer(  845): getCurrentPosition sec = 1015782
02-13 17:37:33.377 E/MediaPlayer(  845): getDuration_l mDuration = 1296300
02-13 17:37:33.807 I/dun_service(  124): process rmnet event
02-13 17:37:33.807 I/dun_service(  124): Post event 4
02-13 17:37:33.807 I/dun_service(  124): received event: DUN_EVENT_RMNET_UP 
02-13 17:37:33.807 I/dun_service(  124): received event(DUN_EVENT_RMNET_UP) in state(DUN_STATE_USB_UNPLUG)
02-13 17:37:33.807 I/dun_service(  124): Ignoring the event DUN_EVENT_RMNET_UP in USB_UNPLUG_STATE
02-13 17:37:33.807 I/dun_service(  124): Moved to state(DUN_STATE_USB_UNPLUG)
02-13 17:37:33.807 I/wpa_supplicant(  399): State: SCANNING -> INACTIVE
02-13 17:37:33.807 I/wpa_supplicant(  399): CTRL-EVENT-STATE-CHANGE id=-1 state=1 BSSID=00:00:00:00:00:00
02-13 17:37:33.817 D/NetworkStateTracker(  256): setDetailed state, old =SCANNING and new state=IDLE
02-13 17:37:33.817 D/WifiStateTracker(  256): setNotificationVisible() visible=false mNotificationShown=false force=false return.
02-13 17:37:34.388 E/MediaPlayer(  845): getCurrentPosition sec = 1016743
02-13 17:37:34.388 E/MediaPlayer(  845): getDuration_l mDuration = 1296300
02-13 17:37:35.399 E/MediaPlayer(  845): getCurrentPosition sec = 1017703
02-13 17:37:35.399 E/MediaPlayer(  845): getDuration_l mDuration = 1296300
02-13 17:37:36.400 E/MediaPlayer(  845): getCurrentPosition sec = 1018801
02-13 17:37:36.400 E/MediaPlayer(  845): getDuration_l mDuration = 1296300
02-13 17:37:37.401 E/MediaPlayer(  845): getCurrentPosition sec = 1019762
02-13 17:37:37.401 E/MediaPlayer(  845): getDuration_l mDuration = 1296300
02-13 17:37:38.412 E/MediaPlayer(  845): getCurrentPosition sec = 1020722
02-13 17:37:38.412 E/MediaPlayer(  845): getDuration_l mDuration = 1296300
02-13 17:37:39.413 E/MediaPlayer(  845): getCurrentPosition sec = 1021819
02-13 17:37:39.413 E/MediaPlayer(  845): getDuration_l mDuration = 1296300
02-13 17:37:40.424 E/MediaPlayer(  845): getCurrentPosition sec = 1022780
02-13 17:37:40.424 E/MediaPlayer(  845): getDuration_l mDuration = 1296300
02-13 17:37:41.425 E/MediaPlayer(  845): getCurrentPosition sec = 1023741
02-13 17:37:41.425 E/MediaPlayer(  845): getDuration_l mDuration = 1296300
02-13 17:37:42.436 E/MediaPlayer(  845): getCurrentPosition sec = 1024701
02-13 17:37:42.436 E/MediaPlayer(  845): getDuration_l mDuration = 1296300
02-13 17:37:43.457 E/MediaPlayer(  845): getCurrentPosition sec = 1025799
02-13 17:37:43.457 E/MediaPlayer(  845): getDuration_l mDuration = 1296300
02-13 17:37:44.458 E/MediaPlayer(  845): getCurrentPosition sec = 1026760
02-13 17:37:44.458 E/MediaPlayer(  845): getDuration_l mDuration = 1296300
02-13 17:37:45.469 E/MediaPlayer(  845): getCurrentPosition sec = 1027858
02-13 17:37:45.469 E/MediaPlayer(  845): getDuration_l mDuration = 1296300
02-13 17:37:45.729 D/DATA    (  344): [DSST(0)] pollstate() : reason = data network state changed
02-13 17:37:45.789 D/MobileDataStateTracker(  256): [hipri]  MobileDataStateReceiver onReceive(): Entry.
02-13 17:37:45.789 D/MobileDataStateTracker(  256): [hipri]  intent.getAction()= android.intent.action.SERVICE_STATE
02-13 17:37:45.789 D/MobileDataStateTracker(  256): [hipri]  mEnabled = false
02-13 17:37:45.799 D/MobileDataStateTracker(  256): [dun]  MobileDataStateReceiver onReceive(): Entry.
02-13 17:37:45.799 D/MobileDataStateTracker(  256): [dun]  intent.getAction()= android.intent.action.SERVICE_STATE
02-13 17:37:45.799 D/MobileDataStateTracker(  256): [dun]  mEnabled = false
02-13 17:37:45.799 D/MobileDataStateTracker(  256): [supl]  MobileDataStateReceiver onReceive(): Entry.
02-13 17:37:45.799 D/MobileDataStateTracker(  256): [supl]  intent.getAction()= android.intent.action.SERVICE_STATE
02-13 17:37:45.799 D/MobileDataStateTracker(  256): [supl]  mEnabled = false
02-13 17:37:45.799 D/MobileDataStateTracker(  256): [mms]  MobileDataStateReceiver onReceive(): Entry.
02-13 17:37:45.799 D/MobileDataStateTracker(  256): [mms]  intent.getAction()= android.intent.action.SERVICE_STATE
02-13 17:37:45.799 D/MobileDataStateTracker(  256): [mms]  mEnabled = false
02-13 17:37:45.799 D/MobileDataStateTracker(  256): [default]  MobileDataStateReceiver onReceive(): Entry.
02-13 17:37:45.799 D/MobileDataStateTracker(  256): [default]  intent.getAction()= android.intent.action.SERVICE_STATE
02-13 17:37:45.799 D/MobileDataStateTracker(  256): [default]  mEnabled = true
02-13 17:37:45.809 D/CallManager(  344):  handleMessage (EVENT_SERVICE_STATE_CHANGED)
02-13 17:37:45.809 E/BT HS/HF(  344): SERVICE_STATE_CHANGED called
02-13 17:37:45.809 E/BT HS/HF(  344): updateServiceState called, sendUpdate:false  ServiceState:0 home Sprint  310099  EvDo rev. A CSS not supported 41 4139RoamInd: 1RoamStatus(sprint): 1DefRoamInd: 160EmergOnly: false
02-13 17:37:45.809 E/BT HS/HF(  344): service:1 mService:1
02-13 17:37:45.819 D/DATA    (  344): [DSST(0)]  registrationState = 1  radioTechnology = 8 reasonForDenial = 0
02-13 17:37:45.819 D/DATA    (  344): [DSST(0)]  set mNewDataConnectionState = 0
02-13 17:37:45.819 D/DATA    (  344): [DSST(0)]  mNewDataConnectionState : 0  mDataConnectionState : 0
02-13 17:37:45.819 D/DATA    (  344): [DSST(0)] Poll ServiceState done: oldSS=[0 home null null null  EvDo rev. A CSS not supported -1 -1RoamInd: -1RoamStatus(sprint): -1DefRoamInd: -1EmergOnly: false] newSS=[0 home null null null  EvDo rev. A CSS not supported -1 -1RoamInd: -1RoamStatus(sprint): -1DefRoamInd: -1EmergOnly: false]
02-13 17:37:45.819 D/DATA    (  344): [DSST(0)]  mDataConnectionState = 0
02-13 17:37:45.829 D/Mms     (  811): currentRoamingStatus:1
02-13 17:37:46.470 E/MediaPlayer(  845): getCurrentPosition sec = 1028818
02-13 17:37:46.470 E/MediaPlayer(  845): getDuration_l mDuration = 1296300
02-13 17:37:47.481 E/MediaPlayer(  845): getCurrentPosition sec = 1029779
02-13 17:37:47.481 E/MediaPlayer(  845): getDuration_l mDuration = 1296300
02-13 17:37:48.472 E/MediaPlayer(  845): getCurrentPosition sec = 1030877
