02-13 17:51:17.231 D/MobileDataStateTracker(  256): [default]  intent.getAction()= android.intent.action.ANY_DATA_STATE
02-13 17:51:17.231 D/MobileDataStateTracker(  256): [default]  mEnabled = true
02-13 17:51:17.231 D/MobileDataStateTracker(  256): [default]  apnTypeList = default
02-13 17:51:17.231 D/MobileDataStateTracker(  256): [default]  unavailable = false
02-13 17:51:17.231 D/MobileDataStateTracker(  256): [default] CALL updateMobileInfoFromIntent
02-13 17:51:17.231 I/MobileDataStateTracker(  256): [default] dc state change intent received for default/INET6 with state  DISCONNECTED. enabled=true state change reason = radioTurnedOff
02-13 17:51:17.231 I/MobileDataStateTracker(  256): [default] old state = DISCONNECTED
02-13 17:51:17.231 I/MobileDataStateTracker(  256): [default] no change,  just return
02-13 17:51:17.231 D/MobileDataStateTracker(  256): [default] No need to update detailed state
02-13 17:51:17.241 D/Tethering(  256): MasterInitialState.processMessage what=3
02-13 17:51:17.241 I/TelephonyRegistry(  256): notifyDataConnection: state=0 isDataConnectivityPossible=true reason=radioTurnedOff interfaceName=null networkType=6 apnType=supl apn=null
02-13 17:51:17.241 I/TelephonyRegistry(  256): +++broadcastDataConnectionStateChanged
02-13 17:51:17.241 I/TelephonyRegistry(  256): +++sendStickyBroadcast
02-13 17:51:17.241 I/DATA    (  344): [SERVICE_TYPE_HIPRI] Service is inactive on INET
02-13 17:51:17.241 I/DATA    (  344): [SERVICE_TYPE_HIPRI] set newState =  IDLEoldState =  CONNECTED
02-13 17:51:17.241 D/Phone   (  344): [PhoneNotifier] [DefaultPhoneNotifier] : hipri, INET, DISCONNECTED
02-13 17:51:17.251 I/TelephonyRegistry(  256): notifyDataConnection: state=0 isDataConnectivityPossible=true reason=radioTurnedOff interfaceName=null networkType=6 apnType=hipri apn=null
02-13 17:51:17.251 I/TelephonyRegistry(  256): +++broadcastDataConnectionStateChanged
02-13 17:51:17.251 I/TelephonyRegistry(  256): +++sendStickyBroadcast
02-13 17:51:17.261 D/Phone   (  344): [PhoneNotifier] [DefaultPhoneNotifier] : hipri, INET6, DISCONNECTED
02-13 17:51:17.261 I/TelephonyRegistry(  256): notifyDataConnection: state=0 isDataConnectivityPossible=true reason=radioTurnedOff interfaceName=null networkType=6 apnType=hipri apn=null
02-13 17:51:17.261 I/TelephonyRegistry(  256): +++broadcastDataConnectionStateChanged
02-13 17:51:17.261 I/TelephonyRegistry(  256): +++sendStickyBroadcast
02-13 17:51:17.271 D/MobileDataStateTracker(  256): [hipri]  MobileDataStateReceiver onReceive(): Entry.
02-13 17:51:17.271 D/MobileDataStateTracker(  256): [hipri]  intent.getAction()= android.intent.action.ANY_DATA_STATE
02-13 17:51:17.271 D/MobileDataStateTracker(  256): [hipri]  mEnabled = false
02-13 17:51:17.271 D/MobileDataStateTracker(  256): [hipri]  apnTypeList = mms
02-13 17:51:17.271 D/MobileDataStateTracker(  256): [hipri]  unavailable = false
02-13 17:51:17.281 D/MobileDataStateTracker(  256): [hipri] Do not process intents if disabled.
02-13 17:51:17.281 D/MobileDataStateTracker(  256): [dun]  MobileDataStateReceiver onReceive(): Entry.
02-13 17:51:17.281 D/MobileDataStateTracker(  256): [dun]  intent.getAction()= android.intent.action.ANY_DATA_STATE
02-13 17:51:17.281 D/MobileDataStateTracker(  256): [dun]  mEnabled = false
02-13 17:51:17.281 D/PhoneApp(  344): mReceiver: ACTION_ANY_DATA_CONNECTION_STATE_CHANGED
02-13 17:51:17.281 D/PhoneApp(  344): - state: CONNECTED
02-13 17:51:17.281 D/PhoneApp(  344): - reason: radioTurnedOff
02-13 17:51:17.281 D/PhoneApp(  344): mReceiver: ACTION_ANY_DATA_CONNECTION_STATE_CHANGED
02-13 17:51:17.281 D/PhoneApp(  344): - state: CONNECTED
02-13 17:51:17.281 D/PhoneApp(  344): - reason: radioTurnedOff
02-13 17:51:17.281 D/PhoneApp(  344): mReceiver: ACTION_ANY_DATA_CONNECTION_STATE_CHANGED
02-13 17:51:17.281 D/PhoneApp(  344): - state: CONNECTED
02-13 17:51:17.281 D/PhoneApp(  344): - reason: radioTurnedOff
02-13 17:51:17.281 D/PhoneApp(  344): mReceiver: ACTION_ANY_DATA_CONNECTION_STATE_CHANGED
02-13 17:51:17.281 D/PhoneApp(  344): - state: CONNECTED
02-13 17:51:17.281 D/PhoneApp(  344): - reason: radioTurnedOff
02-13 17:51:17.281 D/PhoneApp(  344): mReceiver: ACTION_ANY_DATA_CONNECTION_STATE_CHANGED
02-13 17:51:17.281 D/PhoneApp(  344): - state: CONNECTED
02-13 17:51:17.281 D/PhoneApp(  344): - reason: radioTurnedOff
02-13 17:51:17.281 D/PhoneApp(  344): mReceiver: ACTION_ANY_DATA_CONNECTION_STATE_CHANGED
02-13 17:51:17.281 D/PhoneApp(  344): - state: CONNECTED
02-13 17:51:17.281 D/PhoneApp(  344): - reason: radioTurnedOff
02-13 17:51:17.281 D/PhoneApp(  344): mReceiver: ACTION_ANY_DATA_CONNECTION_STATE_CHANGED
02-13 17:51:17.281 D/PhoneApp(  344): - state: DISCONNECTED
02-13 17:51:17.281 D/PhoneApp(  344): - reason: radioTurnedOff
02-13 17:51:17.281 D/PhoneApp(  344): mReceiver: ACTION_ANY_DATA_CONNECTION_STATE_CHANGED
02-13 17:51:17.281 D/PhoneApp(  344): - state: DISCONNECTED
02-13 17:51:17.281 D/PhoneApp(  344): - reason: radioTurnedOff
02-13 17:51:17.301 I/DATA    (  344): [DCT(0) ] onUpdateDataConnections: reason=radioTurnedOff
02-13 17:51:17.301 I/DATA    (  344): [DCT(0) ] ---dc list---
02-13 17:51:17.301 I/DATA    (  344): [DCT(0) ] ---ds list---
02-13 17:51:17.301 I/DATA    (  344): [DCT(0) ] ds= SERVICE_TYPE_DEFAULT, enabled = true, active = v4:IDLE v6:IDLE
02-13 17:51:17.301 I/DATA    (  344): [DCT(0) ] ds= SERVICE_TYPE_MMS, enabled = false, active = v4:IDLE v6:IDLE
02-13 17:51:17.301 I/DATA    (  344): [DCT(0) ] ds= SERVICE_TYPE_SUPL, enabled = false, active = v4:IDLE v6:IDLE
02-13 17:51:17.301 I/DATA    (  344): [DCT(0) ] ds= SERVICE_TYPE_DUN, enabled = false, active = v4:IDLE v6:IDLE
02-13 17:51:17.301 I/DATA    (  344): [DCT(0) ] ds= SERVICE_TYPE_HIPRI, enabled = false, active = v4:IDLE v6:IDLE
02-13 17:51:17.301 I/DATA    (  344): [DCT(0) ] ***** NOT Ready for data :
02-13 17:51:17.301 I/DATA    (  344): [DCT(0) ]    getDesiredPowerState() = false
02-13 17:51:17.301 I/DATA    (  344): [DCT(0) ]    mCm.getRadioState() = RADIO_ON
02-13 17:51:17.301 I/DATA    (  344): [DCT(0) ]    [DataRadioTech = RADIO_TECH_EVDO_A, data network state = 0, mMasterDataEnabled = true, is Roaming = false, dataOnRoamingEnable = false, isPsRestricted = false, desiredPowerState  = false, mSIMRecords = , cdmaSubSource = 1/310120, mRuimRecords = , checks = true/true]
02-13 17:51:17.301 D/PhoneApp(  344): old phone type:2, New Phone type:2
02-13 17:51:17.301 D/NotificationMgr(  344): hideDataDisconnectedRoaming()...
02-13 17:51:17.311 I/GTalkService(  378): [GTalkConnection.25] connectionClosed: connId=605, error=NO NETWORK
02-13 17:51:17.321 D/GpsLocationProvider(  256): updateNetworkState unavailable info: NetworkInfo: type: mobile[CDMA - EvDo rev. A], state: DISCONNECTED/DISCONNECTED, reason: radioTurnedOff, extra: (none), roaming: false, failover: false, isAvailable: true, isIpv4Connected: false, isIpv6Connected: false, ipv4Name: null, ipv6Name: null
02-13 17:51:17.321 D/ADDRESS_CACHE_MONITOR(  608): network (mobile) is disconnected
02-13 17:51:17.321 D/PhoneApp(  344): old phone type:2, New Phone type:2
02-13 17:51:17.321 D/NotificationMgr(  344): hideDataDisconnectedRoaming()...
02-13 17:51:17.321 D/MobileDataStateTracker(  256): [dun]  apnTypeList = mms
02-13 17:51:17.321 D/MobileDataStateTracker(  256): [dun]  unavailable = false
02-13 17:51:17.321 D/MobileDataStateTracker(  256): [dun] Do not process intents if disabled.
02-13 17:51:17.321 D/MobileDataStateTracker(  256): [supl]  MobileDataStateReceiver onReceive(): Entry.
02-13 17:51:17.321 D/MobileDataStateTracker(  256): [supl]  intent.getAction()= android.intent.action.ANY_DATA_STATE
02-13 17:51:17.321 D/MobileDataStateTracker(  256): [supl]  mEnabled = false
02-13 17:51:17.321 D/PhoneApp(  344): old phone type:2, New Phone type:2
02-13 17:51:17.321 D/NotificationMgr(  344): hideDataDisconnectedRoaming()...
02-13 17:51:17.331 D/PhoneApp(  344): old phone type:2, New Phone type:2
02-13 17:51:17.331 D/NotificationMgr(  344): hideDataDisconnectedRoaming()...
02-13 17:51:17.331 D/PhoneApp(  344): old phone type:2, New Phone type:2
02-13 17:51:17.331 D/NotificationMgr(  344): hideDataDisconnectedRoaming()...
02-13 17:51:17.331 D/PhoneApp(  344): old phone type:2, New Phone type:2
02-13 17:51:17.331 D/NotificationMgr(  344): hideDataDisconnectedRoaming()...
02-13 17:51:17.331 D/PhoneApp(  344): old phone type:2, New Phone type:2
02-13 17:51:17.331 D/NotificationMgr(  344): hideDataDisconnectedRoaming()...
02-13 17:51:17.331 D/PhoneApp(  344): old phone type:2, New Phone type:2
02-13 17:51:17.331 D/NotificationMgr(  344): hideDataDisconnectedRoaming()...
02-13 17:51:17.331 D/MobileDataStateTracker(  256): [supl]  apnTypeList = mms
02-13 17:51:17.331 D/MobileDataStateTracker(  256): [supl]  unavailable = false
02-13 17:51:17.331 D/MobileDataStateTracker(  256): [supl] Do not process intents if disabled.
02-13 17:51:17.331 D/MobileDataStateTracker(  256): [mms]  MobileDataStateReceiver onReceive(): Entry.
02-13 17:51:17.331 D/MobileDataStateTracker(  256): [mms]  intent.getAction()= android.intent.action.ANY_DATA_STATE
02-13 17:51:17.331 D/MobileDataStateTracker(  256): [mms]  mEnabled = false
02-13 17:51:17.331 D/MobileDataStateTracker(  256): [mms]  apnTypeList = mms
02-13 17:51:17.331 D/MobileDataStateTracker(  256): [mms]  unavailable = false
02-13 17:51:17.331 D/MobileDataStateTracker(  256): [mms] Do not process intents if disabled.
02-13 17:51:17.331 D/MobileDataStateTracker(  256): [default]  MobileDataStateReceiver onReceive(): Entry.
02-13 17:51:17.331 D/MobileDataStateTracker(  256): [default]  intent.getAction()= android.intent.action.ANY_DATA_STATE
02-13 17:51:17.331 D/MobileDataStateTracker(  256): [default]  mEnabled = true
02-13 17:51:17.331 D/MobileDataStateTracker(  256): [default]  apnTypeList = mms
02-13 17:51:17.331 D/MobileDataStateTracker(  256): [default]  unavailable = false
02-13 17:51:17.331 D/MobileDataStateTracker(  256): [default] not what we are looking for.
02-13 17:51:17.331 D/MobileDataStateTracker(  256): [hipri]  MobileDataStateReceiver onReceive(): Entry.
02-13 17:51:17.331 D/MobileDataStateTracker(  256): [hipri]  intent.getAction()= android.intent.action.ANY_DATA_STATE
02-13 17:51:17.331 D/MobileDataStateTracker(  256): [hipri]  mEnabled = false
02-13 17:51:17.331 D/MobileDataStateTracker(  256): [hipri]  apnTypeList = mms
02-13 17:51:17.331 D/MobileDataStateTracker(  256): [hipri]  unavailable = false
02-13 17:51:17.331 D/MobileDataStateTracker(  256): [hipri] Do not process intents if disabled.
02-13 17:51:17.331 D/MobileDataStateTracker(  256): [dun]  MobileDataStateReceiver onReceive(): Entry.
02-13 17:51:17.331 D/MobileDataStateTracker(  256): [dun]  intent.getAction()= android.intent.action.ANY_DATA_STATE
02-13 17:51:17.331 D/MobileDataStateTracker(  256): [dun]  mEnabled = false
02-13 17:51:17.331 D/MobileDataStateTracker(  256): [dun]  apnTypeList = mms
02-13 17:51:17.331 D/MobileDataStateTracker(  256): [dun]  unavailable = false
02-13 17:51:17.331 D/MobileDataStateTracker(  256): [dun] Do not process intents if disabled.
02-13 17:51:17.331 D/MobileDataStateTracker(  256): [supl]  MobileDataStateReceiver onReceive(): Entry.
02-13 17:51:17.331 D/MobileDataStateTracker(  256): [supl]  intent.getAction()= android.intent.action.ANY_DATA_STATE
02-13 17:51:17.331 D/MobileDataStateTracker(  256): [supl]  mEnabled = false
02-13 17:51:17.331 D/MobileDataStateTracker(  256): [supl]  apnTypeList = mms
02-13 17:51:17.331 D/MobileDataStateTracker(  256): [supl]  unavailable = false
02-13 17:51:17.331 D/MobileDataStateTracker(  256): [supl] Do not process intents if disabled.
02-13 17:51:17.331 D/MobileDataStateTracker(  256): [mms]  MobileDataStateReceiver onReceive(): Entry.
02-13 17:51:17.331 D/MobileDataStateTracker(  256): [mms]  intent.getAction()= android.intent.action.ANY_DATA_STATE
02-13 17:51:17.331 D/MobileDataStateTracker(  256): [mms]  mEnabled = false
02-13 17:51:17.351 D/MobileDataStateTracker(  256): [mms]  apnTypeList = mms
02-13 17:51:17.351 D/MobileDataStateTracker(  256): [mms]  unavailable = false
02-13 17:51:17.351 D/MobileDataStateTracker(  256): [mms] Do not process intents if disabled.
02-13 17:51:17.351 D/MobileDataStateTracker(  256): [default]  MobileDataStateReceiver onReceive(): Entry.
02-13 17:51:17.351 D/MobileDataStateTracker(  256): [default]  intent.getAction()= android.intent.action.ANY_DATA_STATE
02-13 17:51:17.351 D/MobileDataStateTracker(  256): [default]  mEnabled = true
02-13 17:51:17.351 D/MobileDataStateTracker(  256): [default]  apnTypeList = mms
02-13 17:51:17.351 D/MobileDataStateTracker(  256): [default]  unavailable = false
02-13 17:51:17.351 D/MobileDataStateTracker(  256): [default] not what we are looking for.
02-13 17:51:17.351 D/MobileDataStateTracker(  256): [hipri]  MobileDataStateReceiver onReceive(): Entry.
02-13 17:51:17.351 D/MobileDataStateTracker(  256): [hipri]  intent.getAction()= android.intent.action.ANY_DATA_STATE
02-13 17:51:17.351 D/MobileDataStateTracker(  256): [hipri]  mEnabled = false
02-13 17:51:17.351 D/MobileDataStateTracker(  256): [hipri]  apnTypeList = supl
02-13 17:51:17.351 D/MobileDataStateTracker(  256): [hipri]  unavailable = false
02-13 17:51:17.351 D/MobileDataStateTracker(  256): [hipri] Do not process intents if disabled.
02-13 17:51:17.351 D/MobileDataStateTracker(  256): [dun]  MobileDataStateReceiver onReceive(): Entry.
02-13 17:51:17.351 D/MobileDataStateTracker(  256): [dun]  intent.getAction()= android.intent.action.ANY_DATA_STATE
02-13 17:51:17.351 D/MobileDataStateTracker(  256): [dun]  mEnabled = false
02-13 17:51:17.351 D/MobileDataStateTracker(  256): [dun]  apnTypeList = supl
02-13 17:51:17.351 D/MobileDataStateTracker(  256): [dun]  unavailable = false
02-13 17:51:17.351 D/MobileDataStateTracker(  256): [dun] Do not process intents if disabled.
02-13 17:51:17.351 D/MobileDataStateTracker(  256): [supl]  MobileDataStateReceiver onReceive(): Entry.
02-13 17:51:17.351 D/MobileDataStateTracker(  256): [supl]  intent.getAction()= android.intent.action.ANY_DATA_STATE
02-13 17:51:17.351 D/MobileDataStateTracker(  256): [supl]  mEnabled = false
02-13 17:51:17.351 D/MobileDataStateTracker(  256): [supl]  apnTypeList = supl
02-13 17:51:17.351 D/MobileDataStateTracker(  256): [supl]  unavailable = false
02-13 17:51:17.351 D/MobileDataStateTracker(  256): [supl] Do not process intents if disabled.
02-13 17:51:17.351 D/MobileDataStateTracker(  256): [mms]  MobileDataStateReceiver onReceive(): Entry.
02-13 17:51:17.351 D/MobileDataStateTracker(  256): [mms]  intent.getAction()= android.intent.action.ANY_DATA_STATE
02-13 17:51:17.351 D/MobileDataStateTracker(  256): [mms]  mEnabled = false
02-13 17:51:17.351 D/MobileDataStateTracker(  256): [mms]  apnTypeList = supl
02-13 17:51:17.351 D/MobileDataStateTracker(  256): [mms]  unavailable = false
02-13 17:51:17.351 D/MobileDataStateTracker(  256): [mms] Do not process intents if disabled.
02-13 17:51:17.351 D/MobileDataStateTracker(  256): [default]  MobileDataStateReceiver onReceive(): Entry.
02-13 17:51:17.351 D/MobileDataStateTracker(  256): [default]  intent.getAction()= android.intent.action.ANY_DATA_STATE
02-13 17:51:17.351 D/MobileDataStateTracker(  256): [default]  mEnabled = true
02-13 17:51:17.361 D/MobileDataStateTracker(  256): [default]  apnTypeList = supl
02-13 17:51:17.361 D/MobileDataStateTracker(  256): [default]  unavailable = false
02-13 17:51:17.361 D/MobileDataStateTracker(  256): [default] not what we are looking for.
02-13 17:51:17.361 D/MobileDataStateTracker(  256): [hipri]  MobileDataStateReceiver onReceive(): Entry.
02-13 17:51:17.361 D/MobileDataStateTracker(  256): [hipri]  intent.getAction()= android.intent.action.ANY_DATA_STATE
02-13 17:51:17.361 D/MobileDataStateTracker(  256): [hipri]  mEnabled = false
02-13 17:51:17.361 D/MobileDataStateTracker(  256): [hipri]  apnTypeList = supl
02-13 17:51:17.361 D/MobileDataStateTracker(  256): [hipri]  unavailable = false
02-13 17:51:17.361 D/MobileDataStateTracker(  256): [hipri] Do not process intents if disabled.
02-13 17:51:17.361 D/MobileDataStateTracker(  256): [dun]  MobileDataStateReceiver onReceive(): Entry.
02-13 17:51:17.361 D/MobileDataStateTracker(  256): [dun]  intent.getAction()= android.intent.action.ANY_DATA_STATE
02-13 17:51:17.361 D/MobileDataStateTracker(  256): [dun]  mEnabled = false
02-13 17:51:17.361 D/MobileDataStateTracker(  256): [dun]  apnTypeList = supl
02-13 17:51:17.361 D/MobileDataStateTracker(  256): [dun]  unavailable = false
02-13 17:51:17.361 D/MobileDataStateTracker(  256): [dun] Do not process intents if disabled.
02-13 17:51:17.361 D/MobileDataStateTracker(  256): [supl]  MobileDataStateReceiver onReceive(): Entry.
02-13 17:51:17.361 D/MobileDataStateTracker(  256): [supl]  intent.getAction()= android.intent.action.ANY_DATA_STATE
02-13 17:51:17.361 D/MobileDataStateTracker(  256): [supl]  mEnabled = false
02-13 17:51:17.361 D/MobileDataStateTracker(  256): [supl]  apnTypeList = supl
02-13 17:51:17.361 D/MobileDataStateTracker(  256): [supl]  unavailable = false
02-13 17:51:17.361 D/MobileDataStateTracker(  256): [supl] Do not process intents if disabled.
02-13 17:51:17.361 D/MobileDataStateTracker(  256): [mms]  MobileDataStateReceiver onReceive(): Entry.
02-13 17:51:17.361 D/MobileDataStateTracker(  256): [mms]  intent.getAction()= android.intent.action.ANY_DATA_STATE
02-13 17:51:17.361 D/MobileDataStateTracker(  256): [mms]  mEnabled = false
02-13 17:51:17.361 D/MobileDataStateTracker(  256): [mms]  apnTypeList = supl
02-13 17:51:17.361 D/MobileDataStateTracker(  256): [mms]  unavailable = false
02-13 17:51:17.361 D/MobileDataStateTracker(  256): [mms] Do not process intents if disabled.
02-13 17:51:17.361 D/MobileDataStateTracker(  256): [default]  MobileDataStateReceiver onReceive(): Entry.
02-13 17:51:17.361 D/MobileDataStateTracker(  256): [default]  intent.getAction()= android.intent.action.ANY_DATA_STATE
02-13 17:51:17.361 D/MobileDataStateTracker(  256): [default]  mEnabled = true
02-13 17:51:17.361 D/MobileDataStateTracker(  256): [default]  apnTypeList = supl
02-13 17:51:17.361 D/MobileDataStateTracker(  256): [default]  unavailable = false
02-13 17:51:17.361 D/MobileDataStateTracker(  256): [default] not what we are looking for.
02-13 17:51:17.361 D/MobileDataStateTracker(  256): [hipri]  MobileDataStateReceiver onReceive(): Entry.
02-13 17:51:17.361 D/MobileDataStateTracker(  256): [hipri]  intent.getAction()= android.intent.action.ANY_DATA_STATE
02-13 17:51:17.361 D/MobileDataStateTracker(  256): [hipri]  mEnabled = false
02-13 17:51:17.371 D/MobileDataStateTracker(  256): [hipri]  apnTypeList = hipri
02-13 17:51:17.371 D/MobileDataStateTracker(  256): [hipri]  unavailable = false
02-13 17:51:17.371 D/MobileDataStateTracker(  256): [hipri] Do not process intents if disabled.
02-13 17:51:17.371 D/MobileDataStateTracker(  256): [dun]  MobileDataStateReceiver onReceive(): Entry.
02-13 17:51:17.371 D/MobileDataStateTracker(  256): [dun]  intent.getAction()= android.intent.action.ANY_DATA_STATE
02-13 17:51:17.371 D/MobileDataStateTracker(  256): [dun]  mEnabled = false
02-13 17:51:17.371 D/MobileDataStateTracker(  256): [dun]  apnTypeList = hipri
02-13 17:51:17.371 D/MobileDataStateTracker(  256): [dun]  unavailable = false
02-13 17:51:17.371 D/MobileDataStateTracker(  256): [dun] Do not process intents if disabled.
02-13 17:51:17.371 D/MobileDataStateTracker(  256): [supl]  MobileDataStateReceiver onReceive(): Entry.
02-13 17:51:17.371 D/MobileDataStateTracker(  256): [supl]  intent.getAction()= android.intent.action.ANY_DATA_STATE
02-13 17:51:17.371 D/MobileDataStateTracker(  256): [supl]  mEnabled = false
02-13 17:51:17.371 D/MobileDataStateTracker(  256): [supl]  apnTypeList = hipri
02-13 17:51:17.371 D/MobileDataStateTracker(  256): [supl]  unavailable = false
02-13 17:51:17.371 D/MobileDataStateTracker(  256): [supl] Do not process intents if disabled.
02-13 17:51:17.371 D/MobileDataStateTracker(  256): [mms]  MobileDataStateReceiver onReceive(): Entry.
02-13 17:51:17.371 D/MobileDataStateTracker(  256): [mms]  intent.getAction()= android.intent.action.ANY_DATA_STATE
02-13 17:51:17.371 D/MobileDataStateTracker(  256): [mms]  mEnabled = false
02-13 17:51:17.371 D/MobileDataStateTracker(  256): [mms]  apnTypeList = hipri
02-13 17:51:17.371 D/MobileDataStateTracker(  256): [mms]  unavailable = false
02-13 17:51:17.371 D/MobileDataStateTracker(  256): [mms] Do not process intents if disabled.
02-13 17:51:17.371 D/MobileDataStateTracker(  256): [default]  MobileDataStateReceiver onReceive(): Entry.
02-13 17:51:17.371 D/MobileDataStateTracker(  256): [default]  intent.getAction()= android.intent.action.ANY_DATA_STATE
02-13 17:51:17.371 D/MobileDataStateTracker(  256): [default]  mEnabled = true
02-13 17:51:17.371 D/MobileDataStateTracker(  256): [default]  apnTypeList = hipri
02-13 17:51:17.371 D/MobileDataStateTracker(  256): [default]  unavailable = false
02-13 17:51:17.371 D/MobileDataStateTracker(  256): [default] not what we are looking for.
02-13 17:51:17.371 D/MobileDataStateTracker(  256): [hipri]  MobileDataStateReceiver onReceive(): Entry.
02-13 17:51:17.371 D/MobileDataStateTracker(  256): [hipri]  intent.getAction()= android.intent.action.ANY_DATA_STATE
02-13 17:51:17.371 D/MobileDataStateTracker(  256): [hipri]  mEnabled = false
02-13 17:51:17.371 D/MobileDataStateTracker(  256): [hipri]  apnTypeList = hipri
02-13 17:51:17.371 D/MobileDataStateTracker(  256): [hipri]  unavailable = false
02-13 17:51:17.371 D/MobileDataStateTracker(  256): [hipri] Do not process intents if disabled.
02-13 17:51:17.371 D/MobileDataStateTracker(  256): [dun]  MobileDataStateReceiver onReceive(): Entry.
02-13 17:51:17.371 D/MobileDataStateTracker(  256): [dun]  intent.getAction()= android.intent.action.ANY_DATA_STATE
02-13 17:51:17.371 D/MobileDataStateTracker(  256): [dun]  mEnabled = false
02-13 17:51:17.381 D/MobileDataStateTracker(  256): [dun]  apnTypeList = hipri
02-13 17:51:17.381 D/MobileDataStateTracker(  256): [dun]  unavailable = false
02-13 17:51:17.381 D/MobileDataStateTracker(  256): [dun] Do not process intents if disabled.
02-13 17:51:17.381 D/MobileDataStateTracker(  256): [supl]  MobileDataStateReceiver onReceive(): Entry.
02-13 17:51:17.381 D/MobileDataStateTracker(  256): [supl]  intent.getAction()= android.intent.action.ANY_DATA_STATE
02-13 17:51:17.381 D/MobileDataStateTracker(  256): [supl]  mEnabled = false
02-13 17:51:17.381 D/MobileDataStateTracker(  256): [supl]  apnTypeList = hipri
02-13 17:51:17.381 D/MobileDataStateTracker(  256): [supl]  unavailable = false
02-13 17:51:17.381 D/MobileDataStateTracker(  256): [supl] Do not process intents if disabled.
02-13 17:51:17.381 D/MobileDataStateTracker(  256): [mms]  MobileDataStateReceiver onReceive(): Entry.
02-13 17:51:17.381 D/MobileDataStateTracker(  256): [mms]  intent.getAction()= android.intent.action.ANY_DATA_STATE
02-13 17:51:17.381 D/MobileDataStateTracker(  256): [mms]  mEnabled = false
02-13 17:51:17.381 D/MobileDataStateTracker(  256): [mms]  apnTypeList = hipri
02-13 17:51:17.381 D/MobileDataStateTracker(  256): [mms]  unavailable = false
02-13 17:51:17.381 D/MobileDataStateTracker(  256): [mms] Do not process intents if disabled.
02-13 17:51:17.381 D/MobileDataStateTracker(  256): [default]  MobileDataStateReceiver onReceive(): Entry.
02-13 17:51:17.381 D/MobileDataStateTracker(  256): [default]  intent.getAction()= android.intent.action.ANY_DATA_STATE
02-13 17:51:17.381 D/MobileDataStateTracker(  256): [default]  mEnabled = true
02-13 17:51:17.411 D/MobileDataStateTracker(  256): [default]  apnTypeList = hipri
02-13 17:51:17.411 D/MobileDataStateTracker(  256): [default]  unavailable = false
02-13 17:51:17.411 D/MobileDataStateTracker(  256): [default] not what we are looking for.
02-13 17:51:17.441 I/ActivityThread( 4457): Pub com.google.android.apps.uploader: com.google.android.apps.uploader.UploadsContentProvider
02-13 17:51:17.441 I/ActivityThread( 4457): Pub com.google.photos.provider.Album: com.google.android.apps.uploader.clients.picasa.AlbumProvider
02-13 17:51:17.441 D/MediaUploader( 4457): UploaderApplication.onCreate
02-13 17:51:17.461 D/MediaUploader( 4457): nonWifiLimit=20971520, default=20971520
02-13 17:51:17.461 I/MediaUploader( 4457): No need to wake up
02-13 17:51:17.491 D/PicasaSyncManager(  682): active network: null
02-13 17:51:17.491 D/PicasaSyncManager(  682): background data: true
02-13 17:51:17.531 D/GpsLocationProvider(  256): getAGpsConnectionInfo connType - 3
02-13 17:51:17.541 D/AlarmManager(  256): +++Alarm set:type=2 com.google.android.gsf  Trigger after:19827ms
02-13 17:51:17.551 I/GTalkService(  378): [GTalkConnection.25] (WORKER THREAD) update account status
02-13 17:51:17.591 I/ContactsProvider(  408): updateInTransaction: content://com.android.contacts/status_updates
02-13 17:51:17.671 I/GTalkService(  378): [GTalkConnection.25] (WORKER THREAD) update account status - done, took 118 ms
02-13 17:51:18.051 D/DATA    (  344): [DSST(0)] pollstate() : reason = radio state changed
02-13 17:51:18.091 D/DATA    (  344): [DSST(0)] Poll ServiceState done: oldSS=[0 home null null null  EvDo rev. A CSS not supported -1 -1RoamInd: -1RoamStatus(sprint): -1DefRoamInd: -1EmergOnly: false] newSS=[3 home null null null  Unknown CSS not supported -1 -1RoamInd: -1RoamStatus(sprint): -1DefRoamInd: -1EmergOnly: false]
02-13 17:51:18.091 D/DATA    (  344): [DSST(0)]  mDataConnectionState = 0
02-13 17:51:18.131 D/MobileDataStateTracker(  256): [hipri]  MobileDataStateReceiver onReceive(): Entry.
02-13 17:51:18.141 D/MobileDataStateTracker(  256): [hipri]  intent.getAction()= android.intent.action.SERVICE_STATE
02-13 17:51:18.141 D/MobileDataStateTracker(  256): [hipri]  mEnabled = false
02-13 17:51:18.161 E/DATA    (  344): Wrong network type: 0
02-13 17:51:18.161 D/CallManager(  344):  handleMessage (EVENT_SERVICE_STATE_CHANGED)
02-13 17:51:18.161 E/BT HS/HF(  344): SERVICE_STATE_CHANGED called
02-13 17:51:18.161 E/BT HS/HF(  344): updateServiceState called, sendUpdate:false  ServiceState:0 home Sprint  310099  1xRTT CSS not supported 41 4139RoamInd: 1RoamStatus(sprint): 1DefRoamInd: 160EmergOnly: false
02-13 17:51:18.161 E/BT HS/HF(  344): service:1 mService:1
02-13 17:51:18.161 D/MobileDataStateTracker(  256): [hipri] subType changed, oldSubtype = 6new subtype = 0
02-13 17:51:18.182 D/Mms     (  811): currentRoamingStatus:-1
02-13 17:51:18.202 D/MobileDataStateTracker(  256): [dun]  MobileDataStateReceiver onReceive(): Entry.
02-13 17:51:18.202 D/MobileDataStateTracker(  256): [dun]  intent.getAction()= android.intent.action.SERVICE_STATE
02-13 17:51:18.202 D/MobileDataStateTracker(  256): [dun]  mEnabled = false
02-13 17:51:18.222 D/MobileDataStateTracker(  256): [dun] subType changed, oldSubtype = 6new subtype = 0
02-13 17:51:18.242 D/MobileDataStateTracker(  256): [supl]  MobileDataStateReceiver onReceive(): Entry.
02-13 17:51:18.242 D/MobileDataStateTracker(  256): [supl]  intent.getAction()= android.intent.action.SERVICE_STATE
02-13 17:51:18.242 D/MobileDataStateTracker(  256): [supl]  mEnabled = false
02-13 17:51:18.242 D/CAT     (  344): CatService: Sending Radio Status: RADIO_OFF
02-13 17:51:18.242 D/DATA    (  344): [DCT(0) ] onRadioOn : register for roaming on/off
02-13 17:51:18.242 D/MobileDataStateTracker(  256): [supl] subType changed, oldSubtype = 6new subtype = 0
02-13 17:51:18.252 D/MobileDataStateTracker(  256): [mms]  MobileDataStateReceiver onReceive(): Entry.
02-13 17:51:18.252 D/MobileDataStateTracker(  256): [mms]  intent.getAction()= android.intent.action.SERVICE_STATE
02-13 17:51:18.252 D/MobileDataStateTracker(  256): [mms]  mEnabled = false
02-13 17:51:18.252 D/MobileDataStateTracker(  256): [mms] subType changed, oldSubtype = 6new subtype = 0
02-13 17:51:18.252 D/MobileDataStateTracker(  256): [default]  MobileDataStateReceiver onReceive(): Entry.
02-13 17:51:18.252 D/MobileDataStateTracker(  256): [default]  intent.getAction()= android.intent.action.SERVICE_STATE
02-13 17:51:18.252 D/MobileDataStateTracker(  256): [default]  mEnabled = true
02-13 17:51:18.262 D/MobileDataStateTracker(  256): [default] subType changed, oldSubtype = 6new subtype = 0
02-13 17:51:18.262 D/KeyguardUpdateMonitor(  256): received broadcast android.provider.Telephony.SPN_STRINGS_UPDATED
02-13 17:51:18.262 D/KeyguardUpdateMonitor(  256): Received SPN update on sub :0
02-13 17:51:18.262 D/KeyguardUpdateMonitor(  256): handleCarrierInfoUpdate: plmn = (No service), spn = null, subscription = 0
02-13 17:51:18.262 D/MobileDataStateTracker(  256): [hipri]  MobileDataStateReceiver onReceive(): Entry.
02-13 17:51:18.262 D/MobileDataStateTracker(  256): [hipri]  intent.getAction()= android.intent.action.SERVICE_STATE
02-13 17:51:18.262 D/MobileDataStateTracker(  256): [hipri]  mEnabled = false
02-13 17:51:18.262 D/MobileDataStateTracker(  256): [dun]  MobileDataStateReceiver onReceive(): Entry.
02-13 17:51:18.262 D/Phone   (  344): [PhoneNotifier] [DefaultPhoneNotifier] : default, INET, DISCONNECTED
02-13 17:51:18.262 I/TelephonyRegistry(  256): notifyDataConnection: state=0 isDataConnectivityPossible=false reason=radioTechnologyChanged interfaceName=null networkType=0 apnType=default apn=null
02-13 17:51:18.262 I/TelephonyRegistry(  256): +++broadcastDataConnectionStateChanged
02-13 17:51:18.262 I/TelephonyRegistry(  256): +++sendStickyBroadcast
02-13 17:51:18.272 D/MobileDataStateTracker(  256): [dun]  intent.getAction()= android.intent.action.SERVICE_STATE
02-13 17:51:18.272 D/MobileDataStateTracker(  256): [dun]  mEnabled = false
02-13 17:51:18.282 D/Phone   (  344): [PhoneNotifier] [DefaultPhoneNotifier] : default, INET6, DISCONNECTED
02-13 17:51:18.282 D/MobileDataStateTracker(  256): [supl]  MobileDataStateReceiver onReceive(): Entry.
02-13 17:51:18.282 D/MobileDataStateTracker(  256): [supl]  intent.getAction()= android.intent.action.SERVICE_STATE
02-13 17:51:18.282 D/MobileDataStateTracker(  256): [supl]  mEnabled = false
02-13 17:51:18.282 D/MobileDataStateTracker(  256): [mms]  MobileDataStateReceiver onReceive(): Entry.
02-13 17:51:18.282 D/MobileDataStateTracker(  256): [mms]  intent.getAction()= android.intent.action.SERVICE_STATE
02-13 17:51:18.282 D/MobileDataStateTracker(  256): [mms]  mEnabled = false
02-13 17:51:18.282 D/MobileDataStateTracker(  256): [default]  MobileDataStateReceiver onReceive(): Entry.
02-13 17:51:18.282 D/MobileDataStateTracker(  256): [default]  intent.getAction()= android.intent.action.SERVICE_STATE
02-13 17:51:18.282 D/MobileDataStateTracker(  256): [default]  mEnabled = true
02-13 17:51:18.282 I/TelephonyRegistry(  256): notifyDataConnection: state=0 isDataConnectivityPossible=false reason=radioTechnologyChanged interfaceName=null networkType=0 apnType=default apn=null
02-13 17:51:18.282 I/TelephonyRegistry(  256): +++broadcastDataConnectionStateChanged
02-13 17:51:18.282 I/TelephonyRegistry(  256): +++sendStickyBroadcast
02-13 17:51:18.292 D/Phone   (  344): [PhoneNotifier] [DefaultPhoneNotifier] : mms, INET, DISCONNECTED
02-13 17:51:18.302 D/MobileDataStateTracker(  256): [hipri]  MobileDataStateReceiver onReceive(): Entry.
02-13 17:51:18.302 D/MobileDataStateTracker(  256): [hipri]  intent.getAction()= android.intent.action.ANY_DATA_STATE
02-13 17:51:18.302 D/MobileDataStateTracker(  256): [hipri]  mEnabled = false
02-13 17:51:18.302 I/TelephonyRegistry(  256): notifyDataConnection: state=0 isDataConnectivityPossible=false reason=radioTechnologyChanged interfaceName=null networkType=0 apnType=mms apn=null
02-13 17:51:18.302 I/TelephonyRegistry(  256): +++broadcastDataConnectionStateChanged
02-13 17:51:18.302 I/TelephonyRegistry(  256): +++sendStickyBroadcast
02-13 17:51:18.312 D/Phone   (  344): [PhoneNotifier] [DefaultPhoneNotifier] : mms, INET6, DISCONNECTED
02-13 17:51:18.312 I/TelephonyRegistry(  256): notifyDataConnection: state=0 isDataConnectivityPossible=false reason=radioTechnologyChanged interfaceName=null networkType=0 apnType=mms apn=null
02-13 17:51:18.312 I/TelephonyRegistry(  256): +++broadcastDataConnectionStateChanged
02-13 17:51:18.312 I/TelephonyRegistry(  256): +++sendStickyBroadcast
02-13 17:51:18.322 D/Mms     (  811): currentRoamingStatus:-1
02-13 17:51:18.322 D/MobileDataStateTracker(  256): [hipri]  apnTypeList = default
02-13 17:51:18.322 D/MobileDataStateTracker(  256): [hipri]  unavailable = true
02-13 17:51:18.322 D/MobileDataStateTracker(  256): [hipri] Do not process intents if disabled.
02-13 17:51:18.322 D/MobileDataStateTracker(  256): [dun]  MobileDataStateReceiver onReceive(): Entry.
02-13 17:51:18.322 D/MobileDataStateTracker(  256): [dun]  intent.getAction()= android.intent.action.ANY_DATA_STATE
02-13 17:51:18.322 D/MobileDataStateTracker(  256): [dun]  mEnabled = false
02-13 17:51:18.322 D/MobileDataStateTracker(  256): [dun]  apnTypeList = default
02-13 17:51:18.322 D/MobileDataStateTracker(  256): [dun]  unavailable = true
02-13 17:51:18.322 D/MobileDataStateTracker(  256): [dun] Do not process intents if disabled.
02-13 17:51:18.322 D/MobileDataStateTracker(  256): [supl]  MobileDataStateReceiver onReceive(): Entry.
02-13 17:51:18.322 D/MobileDataStateTracker(  256): [supl]  intent.getAction()= android.intent.action.ANY_DATA_STATE
02-13 17:51:18.322 D/MobileDataStateTracker(  256): [supl]  mEnabled = false
02-13 17:51:18.332 D/Phone   (  344): [PhoneNotifier] [DefaultPhoneNotifier] : supl, INET, DISCONNECTED
02-13 17:51:18.332 I/TelephonyRegistry(  256): notifyDataConnection: state=0 isDataConnectivityPossible=false reason=radioTechnologyChanged interfaceName=null networkType=0 apnType=supl apn=null
02-13 17:51:18.332 I/TelephonyRegistry(  256): +++broadcastDataConnectionStateChanged
02-13 17:51:18.332 I/TelephonyRegistry(  256): +++sendStickyBroadcast
02-13 17:51:18.342 D/Phone   (  344): [PhoneNotifier] [DefaultPhoneNotifier] : supl, INET6, DISCONNECTED
02-13 17:51:18.342 I/TelephonyRegistry(  256): notifyDataConnection: state=0 isDataConnectivityPossible=false reason=radioTechnologyChanged interfaceName=null networkType=0 apnType=supl apn=null
02-13 17:51:18.342 I/TelephonyRegistry(  256): +++broadcastDataConnectionStateChanged
02-13 17:51:18.342 I/TelephonyRegistry(  256): +++sendStickyBroadcast
02-13 17:51:18.342 D/MobileDataStateTracker(  256): [supl]  apnTypeList = default
02-13 17:51:18.342 D/MobileDataStateTracker(  256): [supl]  unavailable = true
02-13 17:51:18.342 D/MobileDataStateTracker(  256): [supl] Do not process intents if disabled.
02-13 17:51:18.342 D/MobileDataStateTracker(  256): [mms]  MobileDataStateReceiver onReceive(): Entry.
02-13 17:51:18.342 D/MobileDataStateTracker(  256): [mms]  intent.getAction()= android.intent.action.ANY_DATA_STATE
02-13 17:51:18.342 D/MobileDataStateTracker(  256): [mms]  mEnabled = false
02-13 17:51:18.352 D/MobileDataStateTracker(  256): [mms]  apnTypeList = default
02-13 17:51:18.352 D/MobileDataStateTracker(  256): [mms]  unavailable = true
02-13 17:51:18.352 D/MobileDataStateTracker(  256): [mms] Do not process intents if disabled.
02-13 17:51:18.352 D/MobileDataStateTracker(  256): [default]  MobileDataStateReceiver onReceive(): Entry.
02-13 17:51:18.352 D/MobileDataStateTracker(  256): [default]  intent.getAction()= android.intent.action.ANY_DATA_STATE
02-13 17:51:18.352 D/MobileDataStateTracker(  256): [default]  mEnabled = true
02-13 17:51:18.352 D/Phone   (  344): [PhoneNotifier] [DefaultPhoneNotifier] : dun, INET, DISCONNECTED
02-13 17:51:18.352 I/TelephonyRegistry(  256): notifyDataConnection: state=0 isDataConnectivityPossible=false reason=radioTechnologyChanged interfaceName=null networkType=0 apnType=dun apn=null
02-13 17:51:18.352 I/TelephonyRegistry(  256): +++broadcastDataConnectionStateChanged
02-13 17:51:18.352 I/TelephonyRegistry(  256): +++sendStickyBroadcast
02-13 17:51:18.362 D/MobileDataStateTracker(  256): [default]  apnTypeList = default
02-13 17:51:18.362 D/MobileDataStateTracker(  256): [default]  unavailable = true
02-13 17:51:18.362 D/MobileDataStateTracker(  256): [default] CALL updateMobileInfoFromIntent
02-13 17:51:18.362 I/MobileDataStateTracker(  256): [default] dc state change intent received for default/INET with state  DISCONNECTED. enabled=true state change reason = radioTechnologyChanged
02-13 17:51:18.362 I/MobileDataStateTracker(  256): [default] old state = DISCONNECTED
02-13 17:51:18.362 I/MobileDataStateTracker(  256): [default] no change,  just return
02-13 17:51:18.362 D/MobileDataStateTracker(  256): [default] No need to update detailed state
02-13 17:51:18.362 D/MobileDataStateTracker(  256): [hipri]  MobileDataStateReceiver onReceive(): Entry.
02-13 17:51:18.362 D/MobileDataStateTracker(  256): [hipri]  intent.getAction()= android.intent.action.ANY_DATA_STATE
02-13 17:51:18.362 D/MobileDataStateTracker(  256): [hipri]  mEnabled = false
02-13 17:51:18.372 D/Phone   (  344): [PhoneNotifier] [DefaultPhoneNotifier] : dun, INET6, DISCONNECTED
02-13 17:51:18.372 I/TelephonyRegistry(  256): notifyDataConnection: state=0 isDataConnectivityPossible=false reason=radioTechnologyChanged interfaceName=null networkType=0 apnType=dun apn=null
02-13 17:51:18.372 I/TelephonyRegistry(  256): +++broadcastDataConnectionStateChanged
02-13 17:51:18.372 I/TelephonyRegistry(  256): +++sendStickyBroadcast
02-13 17:51:18.372 D/MobileDataStateTracker(  256): [hipri]  apnTypeList = default
02-13 17:51:18.372 D/MobileDataStateTracker(  256): [hipri]  unavailable = true
02-13 17:51:18.372 D/MobileDataStateTracker(  256): [hipri] Do not process intents if disabled.
02-13 17:51:18.372 D/MobileDataStateTracker(  256): [dun]  MobileDataStateReceiver onReceive(): Entry.
02-13 17:51:18.372 D/MobileDataStateTracker(  256): [dun]  intent.getAction()= android.intent.action.ANY_DATA_STATE
02-13 17:51:18.372 D/MobileDataStateTracker(  256): [dun]  mEnabled = false
02-13 17:51:18.372 D/MobileDataStateTracker(  256): [dun]  apnTypeList = default
02-13 17:51:18.372 D/MobileDataStateTracker(  256): [dun]  unavailable = true
02-13 17:51:18.382 D/MobileDataStateTracker(  256): [dun] Do not process intents if disabled.
02-13 17:51:18.382 D/MobileDataStateTracker(  256): [supl]  MobileDataStateReceiver onReceive(): Entry.
02-13 17:51:18.382 D/MobileDataStateTracker(  256): [supl]  intent.getAction()= android.intent.action.ANY_DATA_STATE
02-13 17:51:18.382 D/MobileDataStateTracker(  256): [supl]  mEnabled = false
02-13 17:51:18.382 D/MobileDataStateTracker(  256): [supl]  apnTypeList = default
02-13 17:51:18.382 D/MobileDataStateTracker(  256): [supl]  unavailable = true
02-13 17:51:18.382 D/MobileDataStateTracker(  256): [supl] Do not process intents if disabled.
02-13 17:51:18.382 D/MobileDataStateTracker(  256): [mms]  MobileDataStateReceiver onReceive(): Entry.
02-13 17:51:18.382 D/MobileDataStateTracker(  256): [mms]  intent.getAction()= android.intent.action.ANY_DATA_STATE
02-13 17:51:18.382 D/MobileDataStateTracker(  256): [mms]  mEnabled = false
02-13 17:51:18.382 D/Phone   (  344): [PhoneNotifier] [DefaultPhoneNotifier] : hipri, INET, DISCONNECTED
02-13 17:51:18.382 I/TelephonyRegistry(  256): notifyDataConnection: state=0 isDataConnectivityPossible=false reason=radioTechnologyChanged interfaceName=null networkType=0 apnType=hipri apn=null
02-13 17:51:18.382 I/TelephonyRegistry(  256): +++broadcastDataConnectionStateChanged
02-13 17:51:18.382 I/TelephonyRegistry(  256): +++sendStickyBroadcast
02-13 17:51:18.392 D/Phone   (  344): [PhoneNotifier] [DefaultPhoneNotifier] : hipri, INET6, DISCONNECTED
02-13 17:51:18.392 I/TelephonyRegistry(  256): notifyDataConnection: state=0 isDataConnectivityPossible=false reason=radioTechnologyChanged interfaceName=null networkType=0 apnType=hipri apn=null
02-13 17:51:18.392 I/TelephonyRegistry(  256): +++broadcastDataConnectionStateChanged
02-13 17:51:18.402 I/TelephonyRegistry(  256): +++sendStickyBroadcast
02-13 17:51:18.402 D/MobileDataStateTracker(  256): [mms]  apnTypeList = default
02-13 17:51:18.402 D/MobileDataStateTracker(  256): [mms]  unavailable = true
02-13 17:51:18.402 D/MobileDataStateTracker(  256): [mms] Do not process intents if disabled.
02-13 17:51:18.402 D/MobileDataStateTracker(  256): [default]  MobileDataStateReceiver onReceive(): Entry.
02-13 17:51:18.402 D/MobileDataStateTracker(  256): [default]  intent.getAction()= android.intent.action.ANY_DATA_STATE
02-13 17:51:18.402 D/MobileDataStateTracker(  256): [default]  mEnabled = true
02-13 17:51:18.402 D/MobileDataStateTracker(  256): [default]  apnTypeList = default
02-13 17:51:18.402 D/MobileDataStateTracker(  256): [default]  unavailable = true
02-13 17:51:18.402 D/MobileDataStateTracker(  256): [default] CALL updateMobileInfoFromIntent
02-13 17:51:18.402 I/MobileDataStateTracker(  256): [default] dc state change intent received for default/INET6 with state  DISCONNECTED. enabled=true state change reason = radioTechnologyChanged
02-13 17:51:18.402 I/MobileDataStateTracker(  256): [default] old state = DISCONNECTED
02-13 17:51:18.402 I/MobileDataStateTracker(  256): [default] no change,  just return
02-13 17:51:18.402 D/MobileDataStateTracker(  256): [default] No need to update detailed state
02-13 17:51:18.402 D/MobileDataStateTracker(  256): [hipri]  MobileDataStateReceiver onReceive(): Entry.
02-13 17:51:18.402 D/MobileDataStateTracker(  256): [hipri]  intent.getAction()= android.intent.action.ANY_DATA_STATE
02-13 17:51:18.402 D/MobileDataStateTracker(  256): [hipri]  mEnabled = false
02-13 17:51:18.412 D/DATA    (  344): [DCT(0) ] Resetting all profiles and service states!
02-13 17:51:18.412 D/CallManager(  344):  handleMessage (EVENT_SERVICE_STATE_CHANGED)
02-13 17:51:18.412 E/BT HS/HF(  344): SERVICE_STATE_CHANGED called
02-13 17:51:18.412 E/BT HS/HF(  344): updateServiceState called, sendUpdate:false  ServiceState:3 home null null null  Unknown CSS not supported -1 -1RoamInd: -1RoamStatus(sprint): -1DefRoamInd: -1EmergOnly: false
02-13 17:51:18.412 E/BT HS/HF(  344): service:0 mService:1
02-13 17:51:18.412 D/MobileDataStateTracker(  256): [hipri]  apnTypeList = mms
02-13 17:51:18.412 D/MobileDataStateTracker(  256): [hipri]  unavailable = true
02-13 17:51:18.412 D/MobileDataStateTracker(  256): [hipri] Do not process intents if disabled.
02-13 17:51:18.412 D/MobileDataStateTracker(  256): [dun]  MobileDataStateReceiver onReceive(): Entry.
02-13 17:51:18.412 D/MobileDataStateTracker(  256): [dun]  intent.getAction()= android.intent.action.ANY_DATA_STATE
02-13 17:51:18.412 D/MobileDataStateTracker(  256): [dun]  mEnabled = false
02-13 17:51:18.412 D/MobileDataStateTracker(  256): [dun]  apnTypeList = mms
02-13 17:51:18.412 D/MobileDataStateTracker(  256): [dun]  unavailable = true
02-13 17:51:18.412 D/MobileDataStateTracker(  256): [dun] Do not process intents if disabled.
02-13 17:51:18.412 D/MobileDataStateTracker(  256): [supl]  MobileDataStateReceiver onReceive(): Entry.
02-13 17:51:18.412 D/MobileDataStateTracker(  256): [supl]  intent.getAction()= android.intent.action.ANY_DATA_STATE
02-13 17:51:18.412 D/MobileDataStateTracker(  256): [supl]  mEnabled = false
02-13 17:51:18.422 D/MobileDataStateTracker(  256): [supl]  apnTypeList = mms
02-13 17:51:18.422 D/MobileDataStateTracker(  256): [supl]  unavailable = true
02-13 17:51:18.422 D/MobileDataStateTracker(  256): [supl] Do not process intents if disabled.
02-13 17:51:18.422 D/MobileDataStateTracker(  256): [mms]  MobileDataStateReceiver onReceive(): Entry.
02-13 17:51:18.422 D/MobileDataStateTracker(  256): [mms]  intent.getAction()= android.intent.action.ANY_DATA_STATE
02-13 17:51:18.422 D/MobileDataStateTracker(  256): [mms]  mEnabled = false
02-13 17:51:18.422 D/MobileDataStateTracker(  256): [mms]  apnTypeList = mms
02-13 17:51:18.422 D/MobileDataStateTracker(  256): [mms]  unavailable = true
02-13 17:51:18.422 D/MobileDataStateTracker(  256): [mms] Do not process intents if disabled.
02-13 17:51:18.422 D/MobileDataStateTracker(  256): [default]  MobileDataStateReceiver onReceive(): Entry.
02-13 17:51:18.422 D/MobileDataStateTracker(  256): [default]  intent.getAction()= android.intent.action.ANY_DATA_STATE
02-13 17:51:18.422 D/MobileDataStateTracker(  256): [default]  mEnabled = true
02-13 17:51:18.422 D/PhoneApp(  344): mReceiver: ACTION_ANY_DATA_CONNECTION_STATE_CHANGED
02-13 17:51:18.422 D/PhoneApp(  344): - state: DISCONNECTED
02-13 17:51:18.422 D/PhoneApp(  344): - reason: radioTechnologyChanged
02-13 17:51:18.422 D/PhoneApp(  344): mReceiver: ACTION_ANY_DATA_CONNECTION_STATE_CHANGED
02-13 17:51:18.422 D/PhoneApp(  344): - state: DISCONNECTED
02-13 17:51:18.422 D/PhoneApp(  344): - reason: radioTechnologyChanged
02-13 17:51:18.422 D/PhoneApp(  344): mReceiver: ACTION_ANY_DATA_CONNECTION_STATE_CHANGED
02-13 17:51:18.422 D/PhoneApp(  344): - state: DISCONNECTED
02-13 17:51:18.422 D/PhoneApp(  344): - reason: radioTechnologyChanged
02-13 17:51:18.422 D/PhoneApp(  344): mReceiver: ACTION_ANY_DATA_CONNECTION_STATE_CHANGED
02-13 17:51:18.422 D/PhoneApp(  344): - state: DISCONNECTED
02-13 17:51:18.422 D/PhoneApp(  344): - reason: radioTechnologyChanged
02-13 17:51:18.422 D/PhoneApp(  344): mReceiver: ACTION_ANY_DATA_CONNECTION_STATE_CHANGED
02-13 17:51:18.422 D/PhoneApp(  344): - state: DISCONNECTED
02-13 17:51:18.422 D/PhoneApp(  344): - reason: radioTechnologyChanged
02-13 17:51:18.422 D/PhoneApp(  344): mReceiver: ACTION_ANY_DATA_CONNECTION_STATE_CHANGED
02-13 17:51:18.422 D/PhoneApp(  344): - state: DISCONNECTED
02-13 17:51:18.422 D/PhoneApp(  344): - reason: radioTechnologyChanged
02-13 17:51:18.422 D/PhoneApp(  344): mReceiver: ACTION_ANY_DATA_CONNECTION_STATE_CHANGED
02-13 17:51:18.422 D/PhoneApp(  344): - state: DISCONNECTED
02-13 17:51:18.422 D/PhoneApp(  344): - reason: radioTechnologyChanged
02-13 17:51:18.422 D/PhoneApp(  344): mReceiver: ACTION_ANY_DATA_CONNECTION_STATE_CHANGED
02-13 17:51:18.422 D/PhoneApp(  344): - state: DISCONNECTED
02-13 17:51:18.422 D/PhoneApp(  344): - reason: radioTechnologyChanged
02-13 17:51:18.432 D/MobileDataStateTracker(  256): [default]  apnTypeList = mms
02-13 17:51:18.432 D/MobileDataStateTracker(  256): [default]  unavailable = true
02-13 17:51:18.432 D/MobileDataStateTracker(  256): [default] not what we are looking for.
02-13 17:51:18.432 D/MobileDataStateTracker(  256): [hipri]  MobileDataStateReceiver onReceive(): Entry.
02-13 17:51:18.432 D/MobileDataStateTracker(  256): [hipri]  intent.getAction()= android.intent.action.ANY_DATA_STATE
02-13 17:51:18.432 D/MobileDataStateTracker(  256): [hipri]  mEnabled = false
02-13 17:51:18.432 D/MobileDataStateTracker(  256): [hipri]  apnTypeList = mms
02-13 17:51:18.432 D/MobileDataStateTracker(  256): [hipri]  unavailable = true
02-13 17:51:18.432 D/MobileDataStateTracker(  256): [hipri] Do not process intents if disabled.
02-13 17:51:18.432 D/MobileDataStateTracker(  256): [dun]  MobileDataStateReceiver onReceive(): Entry.
02-13 17:51:18.432 D/MobileDataStateTracker(  256): [dun]  intent.getAction()= android.intent.action.ANY_DATA_STATE
02-13 17:51:18.432 D/MobileDataStateTracker(  256): [dun]  mEnabled = false
02-13 17:51:18.432 D/MobileDataStateTracker(  256): [dun]  apnTypeList = mms
02-13 17:51:18.432 D/MobileDataStateTracker(  256): [dun]  unavailable = true
02-13 17:51:18.432 D/MobileDataStateTracker(  256): [dun] Do not process intents if disabled.
02-13 17:51:18.432 D/MobileDataStateTracker(  256): [supl]  MobileDataStateReceiver onReceive(): Entry.
02-13 17:51:18.432 D/MobileDataStateTracker(  256): [supl]  intent.getAction()= android.intent.action.ANY_DATA_STATE
02-13 17:51:18.432 D/MobileDataStateTracker(  256): [supl]  mEnabled = false
02-13 17:51:18.432 D/MobileDataStateTracker(  256): [supl]  apnTypeList = mms
02-13 17:51:18.432 D/MobileDataStateTracker(  256): [supl]  unavailable = true
02-13 17:51:18.432 D/MobileDataStateTracker(  256): [supl] Do not process intents if disabled.
02-13 17:51:18.432 D/MobileDataStateTracker(  256): [mms]  MobileDataStateReceiver onReceive(): Entry.
02-13 17:51:18.432 D/MobileDataStateTracker(  256): [mms]  intent.getAction()= android.intent.action.ANY_DATA_STATE
02-13 17:51:18.432 D/MobileDataStateTracker(  256): [mms]  mEnabled = false
02-13 17:51:18.432 D/MobileDataStateTracker(  256): [mms]  apnTypeList = mms
02-13 17:51:18.432 D/MobileDataStateTracker(  256): [mms]  unavailable = true
02-13 17:51:18.432 D/MobileDataStateTracker(  256): [mms] Do not process intents if disabled.
02-13 17:51:18.432 D/MobileDataStateTracker(  256): [default]  MobileDataStateReceiver onReceive(): Entry.
02-13 17:51:18.432 D/MobileDataStateTracker(  256): [default]  intent.getAction()= android.intent.action.ANY_DATA_STATE
02-13 17:51:18.432 D/MobileDataStateTracker(  256): [default]  mEnabled = true
02-13 17:51:18.442 D/MobileDataStateTracker(  256): [default]  apnTypeList = mms
02-13 17:51:18.442 D/MobileDataStateTracker(  256): [default]  unavailable = true
02-13 17:51:18.442 D/MobileDataStateTracker(  256): [default] not what we are looking for.
02-13 17:51:18.442 D/MobileDataStateTracker(  256): [hipri]  MobileDataStateReceiver onReceive(): Entry.
02-13 17:51:18.442 D/MobileDataStateTracker(  256): [hipri]  intent.getAction()= android.intent.action.ANY_DATA_STATE
02-13 17:51:18.442 D/MobileDataStateTracker(  256): [hipri]  mEnabled = false
02-13 17:51:18.442 D/PhoneApp(  344): mReceiver: ACTION_ANY_DATA_CONNECTION_STATE_CHANGED
02-13 17:51:18.442 D/PhoneApp(  344): - state: DISCONNECTED
02-13 17:51:18.442 D/PhoneApp(  344): - reason: radioTechnologyChanged
02-13 17:51:18.442 D/PhoneApp(  344): mReceiver: ACTION_ANY_DATA_CONNECTION_STATE_CHANGED
02-13 17:51:18.442 D/PhoneApp(  344): - state: DISCONNECTED
02-13 17:51:18.442 D/PhoneApp(  344): - reason: radioTechnologyChanged
02-13 17:51:18.442 I/DATA    (  344): [DCT(0) ] onUpdateDataConnections: reason=radioTechnologyChanged
02-13 17:51:18.442 I/DATA    (  344): [DCT(0) ] ---dc list---
02-13 17:51:18.442 I/DATA    (  344): [DCT(0) ] ---ds list---
02-13 17:51:18.442 I/DATA    (  344): [DCT(0) ] ds= SERVICE_TYPE_DEFAULT, enabled = true, active = v4:IDLE v6:IDLE
