02-13 17:34:22.140 D/DATA    (  344): [DSST(0)] Poll ServiceState done: oldSS=[0 home null null null  EvDo rev. A CSS not supported -1 -1RoamInd: -1RoamStatus(sprint): -1DefRoamInd: -1EmergOnly: false] newSS=[0 home null null null  EvDo rev. A CSS not supported -1 -1RoamInd: -1RoamStatus(sprint): -1DefRoamInd: -1EmergOnly: false]
02-13 17:34:22.140 D/DATA    (  344): [DSST(0)]  mDataConnectionState = 0
02-13 17:34:22.150 D/Mms     (  811): currentRoamingStatus:1
02-13 17:34:27.075 D/DATA    (  344): [DSST(0)] pollstate() : reason = data network state changed
02-13 17:34:27.145 D/MobileDataStateTracker(  256): [hipri]  MobileDataStateReceiver onReceive(): Entry.
02-13 17:34:27.145 D/MobileDataStateTracker(  256): [hipri]  intent.getAction()= android.intent.action.SERVICE_STATE
02-13 17:34:27.145 D/MobileDataStateTracker(  256): [hipri]  mEnabled = false
02-13 17:34:27.155 D/MobileDataStateTracker(  256): [dun]  MobileDataStateReceiver onReceive(): Entry.
02-13 17:34:27.155 D/MobileDataStateTracker(  256): [dun]  intent.getAction()= android.intent.action.SERVICE_STATE
02-13 17:34:27.155 D/MobileDataStateTracker(  256): [dun]  mEnabled = false
02-13 17:34:27.155 D/MobileDataStateTracker(  256): [supl]  MobileDataStateReceiver onReceive(): Entry.
02-13 17:34:27.155 D/MobileDataStateTracker(  256): [supl]  intent.getAction()= android.intent.action.SERVICE_STATE
02-13 17:34:27.155 D/MobileDataStateTracker(  256): [supl]  mEnabled = false
02-13 17:34:27.155 D/MobileDataStateTracker(  256): [mms]  MobileDataStateReceiver onReceive(): Entry.
02-13 17:34:27.155 D/MobileDataStateTracker(  256): [mms]  intent.getAction()= android.intent.action.SERVICE_STATE
02-13 17:34:27.155 D/MobileDataStateTracker(  256): [mms]  mEnabled = false
02-13 17:34:27.155 D/MobileDataStateTracker(  256): [default]  MobileDataStateReceiver onReceive(): Entry.
02-13 17:34:27.155 D/MobileDataStateTracker(  256): [default]  intent.getAction()= android.intent.action.SERVICE_STATE
02-13 17:34:27.155 D/MobileDataStateTracker(  256): [default]  mEnabled = true
02-13 17:34:27.165 D/CallManager(  344):  handleMessage (EVENT_SERVICE_STATE_CHANGED)
02-13 17:34:27.165 E/BT HS/HF(  344): SERVICE_STATE_CHANGED called
02-13 17:34:27.165 E/BT HS/HF(  344): updateServiceState called, sendUpdate:false  ServiceState:0 home Sprint  310099  EvDo rev. A CSS not supported 41 4139RoamInd: 1RoamStatus(sprint): 1DefRoamInd: 160EmergOnly: false
02-13 17:34:27.165 E/BT HS/HF(  344): service:1 mService:1
02-13 17:34:27.165 D/DATA    (  344): [DSST(0)]  registrationState = 1  radioTechnology = 8 reasonForDenial = 0
02-13 17:34:27.165 D/DATA    (  344): [DSST(0)]  set mNewDataConnectionState = 0
02-13 17:34:27.165 D/DATA    (  344): [DSST(0)]  mNewDataConnectionState : 0  mDataConnectionState : 0
02-13 17:34:27.165 D/DATA    (  344): [DSST(0)] Poll ServiceState done: oldSS=[0 home null null null  EvDo rev. A CSS not supported -1 -1RoamInd: -1RoamStatus(sprint): -1DefRoamInd: -1EmergOnly: false] newSS=[0 home null null null  EvDo rev. A CSS not supported -1 -1RoamInd: -1RoamStatus(sprint): -1DefRoamInd: -1EmergOnly: false]
02-13 17:34:27.165 D/DATA    (  344): [DSST(0)]  mDataConnectionState = 0
02-13 17:34:27.175 D/Mms     (  811): currentRoamingStatus:1
02-13 17:34:31.609 E/OMX-VDEC-720P(  116): In OMX vdec Constructor
02-13 17:34:31.609 E/OMX-VDEC-720P(  116): vidc.dec.debug.ts value is 0
02-13 17:34:31.609 E/OMX-VDEC-720P(  116): vidc.dec.debug.concealedmb value is 0
02-13 17:34:31.609 E/OMX-VDEC-720P(  116): vidc.dec.debug.ts value is 0
02-13 17:34:31.609 E/OMX-VDEC-720P(  116): vidc.dec.debug.extradata value is 0
02-13 17:34:31.609 E/OMX-VDEC-720P(  116): 
02-13 17:34:31.609 E/OMX-VDEC-720P(  116):  omx_vdec::component_init(): Start of New Playback
02-13 17:34:31.710 E/OMX-VDEC-720P(  116): 
02-13 17:34:31.710 E/OMX-VDEC-720P(  116):  omx_vdec::component_init(): Open returned fd 24
02-13 17:34:31.710 E/OMX-VDEC-720P(  116): 
02-13 17:34:31.710 E/OMX-VDEC-720P(  116):  omx_vdec::component_init() success
02-13 17:34:31.710 E/OMX-VDEC-720P(  116): enable_extradata: actual[0] requested[10000] enable[1]
02-13 17:34:31.710 E/OMX-VDEC-720P(  116): Frame info extra data enabled!
02-13 17:34:31.710 E/OMX-VDEC-720P(  116): Frame info extra data enabled!
02-13 17:34:31.710 E/OMX-VDEC-720P(  116): omx_vdec: Async thread start
02-13 17:34:31.710 E/OMX-VDEC-720P(  116): omx_vdec: message thread start
02-13 17:34:31.710 E/OMX-VDEC-720P(  116): 
02-13 17:34:31.710 E/OMX-VDEC-720P(  116):  send_command_proxy(): Current State 1, Expected State 2
02-13 17:34:31.710 E/OMX-VDEC-720P(  116): 
02-13 17:34:31.710 E/OMX-VDEC-720P(  116):  send_command_proxy(): OMX_CommandStateSet issued
02-13 17:34:31.710 E/OMX-VDEC-720P(  116): 
02-13 17:34:31.710 E/OMX-VDEC-720P(  116):  Current State 1, Expected State 2
02-13 17:34:31.710 E/OMX-VDEC-720P(  116): 
02-13 17:34:31.710 E/OMX-VDEC-720P(  116):  Allocate i/p buffer Header: Cnt(4) Sz(691200)
02-13 17:34:31.710 E/OMX-VDEC-720P(  116): Allocate done for all i/p buffers
02-13 17:34:31.710 E/OMX-VDEC-720P(  116): 
02-13 17:34:31.710 E/OMX-VDEC-720P(  116):  Allocate o/p buffer case - Header List allocation
02-13 17:34:31.720 E/OMX-VDEC-720P(  116): Allocate done for all i/p buffers
02-13 17:34:31.720 E/OMX-VDEC-720P(  116): Allocate done for all i/p buffers
02-13 17:34:31.720 E/OMX-VDEC-720P(  116): Allocate done for all i/p buffers
02-13 17:34:31.720 E/OMX-VDEC-720P(  116): Allocate done for all i/p buffers
02-13 17:34:31.720 E/OMX-VDEC-720P(  116): Allocate done for all i/p buffers
02-13 17:34:31.720 E/OMX-VDEC-720P(  116): Allocate done for all i/p buffers
02-13 17:34:31.720 E/OMX-VDEC-720P(  116): Allocate done for all i/p buffers
02-13 17:34:31.720 E/OMX-VDEC-720P(  116): Allocate done for all i/p buffers
02-13 17:34:31.720 E/OMX-VDEC-720P(  116): Allocate done for all i/p buffers
02-13 17:34:31.720 E/OMX-VDEC-720P(  116): Allocate done for all i/p buffers
02-13 17:34:31.720 E/OMX-VDEC-720P(  116): Allocate done for all i/p buffers
02-13 17:34:31.720 E/OMX-VDEC-720P(  116): Allocate done for all i/p buffers
02-13 17:34:31.720 E/OMX-VDEC-720P(  116): Allocate done for all i/p buffers
02-13 17:34:31.720 E/OMX-VDEC-720P(  116): Allocate done for all i/p buffers
02-13 17:34:31.720 E/OMX-VDEC-720P(  116): Allocate done for all i/p buffers
02-13 17:34:31.720 E/OMX-VDEC-720P(  116): Allocate done for all i/p buffers
02-13 17:34:31.720 E/OMX-VDEC-720P(  116): Allocate done for all i/p buffers
02-13 17:34:31.720 E/OMX-VDEC-720P(  116): Allocate done for all i/p buffers
02-13 17:34:31.720 E/OMX-VDEC-720P(  116): Allocate done for all i/p buffers
02-13 17:34:31.720 E/OMX-VDEC-720P(  116): Allocate done for all i/p buffers
02-13 17:34:31.720 E/OMX-VDEC-720P(  116): Allocate done for all i/p buffers
02-13 17:34:31.720 E/OMX-VDEC-720P(  116): Allocate done for all i/p buffers
02-13 17:34:31.720 E/OMX-VDEC-720P(  116): Allocate done for all i/p buffers
02-13 17:34:31.720 E/OMX-VDEC-720P(  116): Allocate done for all o/p buffers
02-13 17:34:31.720 E/OMX-VDEC-720P(  116): 
02-13 17:34:31.720 E/OMX-VDEC-720P(  116):  OMX_CommandStateSet complete, m_state = 2
02-13 17:34:31.720 E/OMX-VDEC-720P(  116): 
02-13 17:34:31.720 E/OMX-VDEC-720P(  116):  send_command_proxy(): Current State 2, Expected State 3
02-13 17:34:31.720 E/OMX-VDEC-720P(  116): 
02-13 17:34:31.720 E/OMX-VDEC-720P(  116):  send_command_proxy(): OMX_CommandStateSet issued
02-13 17:34:31.720 E/OMX-VDEC-720P(  116): 
02-13 17:34:31.720 E/OMX-VDEC-720P(  116):  Current State 2, Expected State 3
02-13 17:34:31.730 E/OMX-VDEC-720P(  116): 
02-13 17:34:31.730 E/OMX-VDEC-720P(  116):  Rxd OMX_COMPONENT_GENERATE_START_DONE
02-13 17:34:32.280 D/DATA    (  344): [DSST(0)] pollstate() : reason = data network state changed
02-13 17:34:32.340 D/MobileDataStateTracker(  256): [hipri]  MobileDataStateReceiver onReceive(): Entry.
02-13 17:34:32.340 D/MobileDataStateTracker(  256): [hipri]  intent.getAction()= android.intent.action.SERVICE_STATE
02-13 17:34:32.340 D/MobileDataStateTracker(  256): [hipri]  mEnabled = false
02-13 17:34:32.340 D/MobileDataStateTracker(  256): [dun]  MobileDataStateReceiver onReceive(): Entry.
02-13 17:34:32.340 D/MobileDataStateTracker(  256): [dun]  intent.getAction()= android.intent.action.SERVICE_STATE
02-13 17:34:32.340 D/MobileDataStateTracker(  256): [dun]  mEnabled = false
02-13 17:34:32.340 D/MobileDataStateTracker(  256): [supl]  MobileDataStateReceiver onReceive(): Entry.
02-13 17:34:32.340 D/MobileDataStateTracker(  256): [supl]  intent.getAction()= android.intent.action.SERVICE_STATE
02-13 17:34:32.340 D/MobileDataStateTracker(  256): [supl]  mEnabled = false
02-13 17:34:32.340 D/MobileDataStateTracker(  256): [mms]  MobileDataStateReceiver onReceive(): Entry.
02-13 17:34:32.340 D/MobileDataStateTracker(  256): [mms]  intent.getAction()= android.intent.action.SERVICE_STATE
02-13 17:34:32.340 D/MobileDataStateTracker(  256): [mms]  mEnabled = false
02-13 17:34:32.350 D/MobileDataStateTracker(  256): [default]  MobileDataStateReceiver onReceive(): Entry.
02-13 17:34:32.350 D/MobileDataStateTracker(  256): [default]  intent.getAction()= android.intent.action.SERVICE_STATE
02-13 17:34:32.350 D/MobileDataStateTracker(  256): [default]  mEnabled = true
02-13 17:34:32.350 D/CallManager(  344):  handleMessage (EVENT_SERVICE_STATE_CHANGED)
02-13 17:34:32.350 E/BT HS/HF(  344): SERVICE_STATE_CHANGED called
02-13 17:34:32.350 E/BT HS/HF(  344): updateServiceState called, sendUpdate:false  ServiceState:0 home Sprint  310099  EvDo rev. A CSS not supported 41 4139RoamInd: 1RoamStatus(sprint): 1DefRoamInd: 160EmergOnly: false
02-13 17:34:32.350 E/BT HS/HF(  344): service:1 mService:1
02-13 17:34:32.360 D/DATA    (  344): [DSST(0)]  registrationState = 1  radioTechnology = 8 reasonForDenial = 0
02-13 17:34:32.360 D/DATA    (  344): [DSST(0)]  set mNewDataConnectionState = 0
02-13 17:34:32.360 D/DATA    (  344): [DSST(0)]  mNewDataConnectionState : 0  mDataConnectionState : 0
02-13 17:34:32.370 D/DATA    (  344): [DSST(0)] Poll ServiceState done: oldSS=[0 home null null null  EvDo rev. A CSS not supported -1 -1RoamInd: -1RoamStatus(sprint): -1DefRoamInd: -1EmergOnly: false] newSS=[0 home null null null  EvDo rev. A CSS not supported -1 -1RoamInd: -1RoamStatus(sprint): -1DefRoamInd: -1EmergOnly: false]
02-13 17:34:32.370 D/DATA    (  344): [DSST(0)]  mDataConnectionState = 0
02-13 17:34:32.400 D/Mms     (  811): currentRoamingStatus:1
02-13 17:34:36.805 I/wpa_supplicant(  399): State: INACTIVE -> SCANNING
02-13 17:34:36.805 I/wpa_supplicant(  399): CTRL-EVENT-STATE-CHANGE id=-1 state=2 BSSID=00:00:00:00:00:00
02-13 17:34:36.805 D/NetworkStateTracker(  256): setDetailed state, old =IDLE and new state=SCANNING
02-13 17:34:37.335 D/DATA    (  344): [DSST(0)] pollstate() : reason = data network state changed
02-13 17:34:37.365 D/MobileDataStateTracker(  256): [hipri]  MobileDataStateReceiver onReceive(): Entry.
02-13 17:34:37.365 D/MobileDataStateTracker(  256): [hipri]  intent.getAction()= android.intent.action.SERVICE_STATE
02-13 17:34:37.365 D/MobileDataStateTracker(  256): [hipri]  mEnabled = false
02-13 17:34:37.375 D/MobileDataStateTracker(  256): [dun]  MobileDataStateReceiver onReceive(): Entry.
02-13 17:34:37.375 D/MobileDataStateTracker(  256): [dun]  intent.getAction()= android.intent.action.SERVICE_STATE
02-13 17:34:37.375 D/MobileDataStateTracker(  256): [dun]  mEnabled = false
02-13 17:34:37.375 D/MobileDataStateTracker(  256): [supl]  MobileDataStateReceiver onReceive(): Entry.
02-13 17:34:37.375 D/MobileDataStateTracker(  256): [supl]  intent.getAction()= android.intent.action.SERVICE_STATE
02-13 17:34:37.375 D/MobileDataStateTracker(  256): [supl]  mEnabled = false
02-13 17:34:37.375 D/MobileDataStateTracker(  256): [mms]  MobileDataStateReceiver onReceive(): Entry.
02-13 17:34:37.375 D/MobileDataStateTracker(  256): [mms]  intent.getAction()= android.intent.action.SERVICE_STATE
02-13 17:34:37.375 D/MobileDataStateTracker(  256): [mms]  mEnabled = false
02-13 17:34:37.375 D/MobileDataStateTracker(  256): [default]  MobileDataStateReceiver onReceive(): Entry.
02-13 17:34:37.375 D/MobileDataStateTracker(  256): [default]  intent.getAction()= android.intent.action.SERVICE_STATE
02-13 17:34:37.375 D/MobileDataStateTracker(  256): [default]  mEnabled = true
02-13 17:34:37.385 D/CallManager(  344):  handleMessage (EVENT_SERVICE_STATE_CHANGED)
02-13 17:34:37.385 E/BT HS/HF(  344): SERVICE_STATE_CHANGED called
02-13 17:34:37.385 E/BT HS/HF(  344): updateServiceState called, sendUpdate:false  ServiceState:0 home Sprint  310099  EvDo rev. A CSS not supported 41 4139RoamInd: 1RoamStatus(sprint): 1DefRoamInd: 160EmergOnly: false
02-13 17:34:37.385 E/BT HS/HF(  344): service:1 mService:1
02-13 17:34:37.385 D/DATA    (  344): [DSST(0)]  registrationState = 1  radioTechnology = 8 reasonForDenial = 0
02-13 17:34:37.385 D/DATA    (  344): [DSST(0)]  set mNewDataConnectionState = 0
02-13 17:34:37.385 D/DATA    (  344): [DSST(0)]  mNewDataConnectionState : 0  mDataConnectionState : 0
02-13 17:34:37.385 D/DATA    (  344): [DSST(0)] Poll ServiceState done: oldSS=[0 home null null null  EvDo rev. A CSS not supported -1 -1RoamInd: -1RoamStatus(sprint): -1DefRoamInd: -1EmergOnly: false] newSS=[0 home null null null  EvDo rev. A CSS not supported -1 -1RoamInd: -1RoamStatus(sprint): -1DefRoamInd: -1EmergOnly: false]
02-13 17:34:37.385 D/DATA    (  344): [DSST(0)]  mDataConnectionState = 0
02-13 17:34:37.405 D/Mms     (  811): currentRoamingStatus:1
02-13 17:34:37.645 D/DATA    (  344): [DSST(0)] pollstate() : reason = data network state changed
02-13 17:34:37.695 D/MobileDataStateTracker(  256): [hipri]  MobileDataStateReceiver onReceive(): Entry.
02-13 17:34:37.695 D/MobileDataStateTracker(  256): [hipri]  intent.getAction()= android.intent.action.SERVICE_STATE
02-13 17:34:37.695 D/MobileDataStateTracker(  256): [hipri]  mEnabled = false
02-13 17:34:37.695 D/MobileDataStateTracker(  256): [dun]  MobileDataStateReceiver onReceive(): Entry.
02-13 17:34:37.695 D/MobileDataStateTracker(  256): [dun]  intent.getAction()= android.intent.action.SERVICE_STATE
02-13 17:34:37.695 D/MobileDataStateTracker(  256): [dun]  mEnabled = false
02-13 17:34:37.695 D/MobileDataStateTracker(  256): [supl]  MobileDataStateReceiver onReceive(): Entry.
02-13 17:34:37.695 D/MobileDataStateTracker(  256): [supl]  intent.getAction()= android.intent.action.SERVICE_STATE
02-13 17:34:37.695 D/MobileDataStateTracker(  256): [supl]  mEnabled = false
02-13 17:34:37.705 D/MobileDataStateTracker(  256): [mms]  MobileDataStateReceiver onReceive(): Entry.
02-13 17:34:37.705 D/MobileDataStateTracker(  256): [mms]  intent.getAction()= android.intent.action.SERVICE_STATE
02-13 17:34:37.705 D/MobileDataStateTracker(  256): [mms]  mEnabled = false
02-13 17:34:37.705 D/MobileDataStateTracker(  256): [default]  MobileDataStateReceiver onReceive(): Entry.
02-13 17:34:37.705 D/MobileDataStateTracker(  256): [default]  intent.getAction()= android.intent.action.SERVICE_STATE
02-13 17:34:37.705 D/MobileDataStateTracker(  256): [default]  mEnabled = true
02-13 17:34:37.705 D/CallManager(  344):  handleMessage (EVENT_SERVICE_STATE_CHANGED)
02-13 17:34:37.705 E/BT HS/HF(  344): SERVICE_STATE_CHANGED called
02-13 17:34:37.705 E/BT HS/HF(  344): updateServiceState called, sendUpdate:false  ServiceState:0 home Sprint  310099  EvDo rev. A CSS not supported 41 4139RoamInd: 1RoamStatus(sprint): 1DefRoamInd: 160EmergOnly: false
02-13 17:34:37.705 E/BT HS/HF(  344): service:1 mService:1
02-13 17:34:37.705 D/DATA    (  344): [DSST(0)]  registrationState = 1  radioTechnology = 8 reasonForDenial = 0
02-13 17:34:37.705 D/DATA    (  344): [DSST(0)]  set mNewDataConnectionState = 0
02-13 17:34:37.705 D/DATA    (  344): [DSST(0)]  mNewDataConnectionState : 0  mDataConnectionState : 0
02-13 17:34:37.715 D/DATA    (  344): [DSST(0)] Poll ServiceState done: oldSS=[0 home null null null  EvDo rev. A CSS not supported -1 -1RoamInd: -1RoamStatus(sprint): -1DefRoamInd: -1EmergOnly: false] newSS=[0 home null null null  EvDo rev. A CSS not supported -1 -1RoamInd: -1RoamStatus(sprint): -1DefRoamInd: -1EmergOnly: false]
02-13 17:34:37.715 D/DATA    (  344): [DSST(0)]  mDataConnectionState = 0
02-13 17:34:37.725 D/Mms     (  811): currentRoamingStatus:1
02-13 17:34:37.725 D/MediaPlayer(  845): seekTo 871963 state 8
02-13 17:34:37.725 E/MediaPlayer(  845): getDuration_l mDuration = 1296300
02-13 17:34:37.725 E/wlg     (  845): MediaPlayer.start()  mIsStream = true
02-13 17:34:37.725 E/wlg     (  845): MediaPlayer.notifyPlayingStream  The current video is a stream!
02-13 17:34:37.725 D/MediaPlayer(  845): start state 8
02-13 17:34:37.725 E/AwesomePlayer(  116): AudioPlayer created, Non-LPA mode mime audio/mp4a-latm duration 1296300000
02-13 17:34:37.725 D/AudioTrack(  116): Request AudioFlinger to create track
02-13 17:34:37.725 D/AudioFlinger(  116): createTrack() lSessionId: 26
02-13 17:34:37.725 D/AudioFlinger(  116): Track constructor name 4098, calling thread 845
02-13 17:34:37.725 D/AudioTrack(  116): start 0x26d58
02-13 17:34:37.725 D/AudioFlinger(  116): start(4098), calling thread 845 session 26
02-13 17:34:37.735 E/MediaPlayer(  845): getCurrentPosition sec = 871963
02-13 17:34:37.735 E/MediaPlayer(  845): getDuration_l mDuration = 1296300
02-13 17:34:37.735 D/AudioTrack(  116): pause
02-13 17:34:37.755 D/AudioHardwareMSM7X30(  116): value of device and enable is 2 1 ALSA dev id:3
02-13 17:34:37.765 I/wpa_supplicant(  399): State: SCANNING -> INACTIVE
02-13 17:34:37.765 I/wpa_supplicant(  399): CTRL-EVENT-STATE-CHANGE id=-1 state=1 BSSID=00:00:00:00:00:00
02-13 17:34:37.765 I/dun_service(  124): process rmnet event
02-13 17:34:37.765 I/dun_service(  124): Post event 4
02-13 17:34:37.765 I/dun_service(  124): received event: DUN_EVENT_RMNET_UP 
02-13 17:34:37.765 I/dun_service(  124): received event(DUN_EVENT_RMNET_UP) in state(DUN_STATE_USB_UNPLUG)
02-13 17:34:37.765 I/dun_service(  124): Ignoring the event DUN_EVENT_RMNET_UP in USB_UNPLUG_STATE
02-13 17:34:37.765 I/dun_service(  124): Moved to state(DUN_STATE_USB_UNPLUG)
02-13 17:34:37.765 D/NetworkStateTracker(  256): setDetailed state, old =SCANNING and new state=IDLE
02-13 17:34:37.765 D/WifiStateTracker(  256): setNotificationVisible() visible=false mNotificationShown=false force=false return.
02-13 17:34:37.826 D/AudioHardwareMSM7X30(  116): msm_route_stream(PCM_PLAY,5,3,1)
02-13 17:34:38.736 E/MediaPlayer(  845): getCurrentPosition sec = 871963
02-13 17:34:38.736 E/MediaPlayer(  845): getDuration_l mDuration = 1296300
02-13 17:34:38.776 E/NuHTTPDataSource(  116): wlg  NuHTTPDataSource::GetHTTPProxy()
02-13 17:34:38.776 E/NuHTTPDataSource(  116): tmpStr pd.vog.sprintpcs.com#8085#CDMA - EvDo rev. A#enRldGVzdGFjY291bnQyMjFAc3ByaW50cGNzLmNvbTpwY3M=
02-13 17:34:38.786 E/NuHTTPDataSource(  116): connect proxy 
02-13 17:34:38.786 E/NuHTTPDataSource(  116): wlg  use http proxy!
02-13 17:34:38.977 E/NuHTTPDataSource(  116): wlg  connect absolute URL!
02-13 17:34:39.737 E/MediaPlayer(  845): getCurrentPosition sec = 871963
02-13 17:34:39.737 E/MediaPlayer(  845): getDuration_l mDuration = 1296300
02-13 17:34:40.748 E/MediaPlayer(  845): getCurrentPosition sec = 871963
02-13 17:34:40.748 E/MediaPlayer(  845): getDuration_l mDuration = 1296300
02-13 17:34:40.748 D/AudioHardwareMSM7X30(  116): AudioStreamOutMSM72xx::standby()
02-13 17:34:40.748 D/AudioHardwareMSM7X30(  116): Deroute pcm out stream
02-13 17:34:40.748 D/AudioHardwareMSM7X30(  116): updateDeviceInfo: E rx_device 2 and tx_device 3
02-13 17:34:40.748 D/AudioHardwareMSM7X30(  116): No active voicecall/playback, disabling cur_rx 2
02-13 17:34:40.748 D/AudioHardwareMSM7X30(  116): value of device and enable is 2 0 ALSA dev id:3
02-13 17:34:40.758 D/AudioHardwareMSM7X30(  116): No active voicecall/recording, disabling cur_tx 3
02-13 17:34:40.758 D/AudioHardwareMSM7X30(  116): value of device and enable is 3 0 ALSA dev id:10
02-13 17:34:40.758 E/AudioHardwareMSM7X30(  116): There is no node in the routing table!
02-13 17:34:40.758 D/AudioHardwareMSM7X30(  116): updateDeviceInfo: X cur_rx 2 cur_tx 3
02-13 17:34:41.749 E/MediaPlayer(  845): getCurrentPosition sec = 871963
02-13 17:34:41.749 E/MediaPlayer(  845): getDuration_l mDuration = 1296300
02-13 17:34:42.380 D/AudioTrack(  116): start 0x26d58
02-13 17:34:42.380 D/AudioFlinger(  116): start(4098), calling thread 116 session 26
02-13 17:34:42.380 W/Overlay (  256): createOverlay: creating overlay with format3D: 0x0, curState: 1
02-13 17:34:42.450 D/AudioHardwareMSM7X30(  116): value of device and enable is 2 1 ALSA dev id:3
02-13 17:34:42.480 D/DATA    (  344): [DSST(0)] pollstate() : reason = data network state changed
02-13 17:34:42.530 D/MobileDataStateTracker(  256): [hipri]  MobileDataStateReceiver onReceive(): Entry.
02-13 17:34:42.530 D/MobileDataStateTracker(  256): [hipri]  intent.getAction()= android.intent.action.SERVICE_STATE
02-13 17:34:42.530 D/MobileDataStateTracker(  256): [hipri]  mEnabled = false
02-13 17:34:42.530 D/MobileDataStateTracker(  256): [dun]  MobileDataStateReceiver onReceive(): Entry.
02-13 17:34:42.530 D/MobileDataStateTracker(  256): [dun]  intent.getAction()= android.intent.action.SERVICE_STATE
02-13 17:34:42.530 D/MobileDataStateTracker(  256): [dun]  mEnabled = false
02-13 17:34:42.530 D/AudioHardwareMSM7X30(  116): msm_route_stream(PCM_PLAY,5,3,1)
02-13 17:34:42.530 W/AudioFlinger(  116): write blocked for 86 msecs, 38 delayed writes, thread 0x1b7f0
02-13 17:34:42.530 D/MobileDataStateTracker(  256): [supl]  MobileDataStateReceiver onReceive(): Entry.
02-13 17:34:42.530 D/MobileDataStateTracker(  256): [supl]  intent.getAction()= android.intent.action.SERVICE_STATE
02-13 17:34:42.530 D/MobileDataStateTracker(  256): [supl]  mEnabled = false
02-13 17:34:42.540 D/MobileDataStateTracker(  256): [mms]  MobileDataStateReceiver onReceive(): Entry.
02-13 17:34:42.540 D/MobileDataStateTracker(  256): [mms]  intent.getAction()= android.intent.action.SERVICE_STATE
02-13 17:34:42.540 D/MobileDataStateTracker(  256): [mms]  mEnabled = false
02-13 17:34:42.570 D/MobileDataStateTracker(  256): [default]  MobileDataStateReceiver onReceive(): Entry.
02-13 17:34:42.570 D/MobileDataStateTracker(  256): [default]  intent.getAction()= android.intent.action.SERVICE_STATE
02-13 17:34:42.570 D/MobileDataStateTracker(  256): [default]  mEnabled = true
02-13 17:34:42.570 D/CallManager(  344):  handleMessage (EVENT_SERVICE_STATE_CHANGED)
02-13 17:34:42.570 E/BT HS/HF(  344): SERVICE_STATE_CHANGED called
02-13 17:34:42.570 E/BT HS/HF(  344): updateServiceState called, sendUpdate:false  ServiceState:0 home Sprint  310099  EvDo rev. A CSS not supported 41 4139RoamInd: 1RoamStatus(sprint): 1DefRoamInd: 160EmergOnly: false
02-13 17:34:42.570 E/BT HS/HF(  344): service:1 mService:1
02-13 17:34:42.570 D/DATA    (  344): [DSST(0)]  registrationState = 1  radioTechnology = 8 reasonForDenial = 0
02-13 17:34:42.570 D/DATA    (  344): [DSST(0)]  set mNewDataConnectionState = 0
02-13 17:34:42.570 D/DATA    (  344): [DSST(0)]  mNewDataConnectionState : 0  mDataConnectionState : 0
02-13 17:34:42.570 D/DATA    (  344): [DSST(0)] Poll ServiceState done: oldSS=[0 home null null null  EvDo rev. A CSS not supported -1 -1RoamInd: -1RoamStatus(sprint): -1DefRoamInd: -1EmergOnly: false] newSS=[0 home null null null  EvDo rev. A CSS not supported -1 -1RoamInd: -1RoamStatus(sprint): -1DefRoamInd: -1EmergOnly: false]
02-13 17:34:42.570 D/DATA    (  344): [DSST(0)]  mDataConnectionState = 0
02-13 17:34:42.580 D/Mms     (  811): currentRoamingStatus:1
02-13 17:34:42.750 E/MediaPlayer(  845): getCurrentPosition sec = 871140
02-13 17:34:42.750 E/MediaPlayer(  845): getDuration_l mDuration = 1296300
02-13 17:34:43.751 E/MediaPlayer(  845): getCurrentPosition sec = 872238
02-13 17:34:43.751 E/MediaPlayer(  845): getDuration_l mDuration = 1296300
02-13 17:34:44.752 E/MediaPlayer(  845): getCurrentPosition sec = 873336
02-13 17:34:44.752 E/MediaPlayer(  845): getDuration_l mDuration = 1296300
02-13 17:34:45.763 E/MediaPlayer(  845): getCurrentPosition sec = 874297
02-13 17:34:45.763 E/MediaPlayer(  845): getDuration_l mDuration = 1296300
02-13 17:34:46.764 E/MediaPlayer(  845): getCurrentPosition sec = 875257
02-13 17:34:46.764 E/MediaPlayer(  845): getDuration_l mDuration = 1296300
02-13 17:34:47.595 D/DATA    (  344): [DSST(0)] pollstate() : reason = data network state changed
02-13 17:34:47.635 D/MobileDataStateTracker(  256): [hipri]  MobileDataStateReceiver onReceive(): Entry.
02-13 17:34:47.635 D/MobileDataStateTracker(  256): [hipri]  intent.getAction()= android.intent.action.SERVICE_STATE
02-13 17:34:47.635 D/MobileDataStateTracker(  256): [hipri]  mEnabled = false
02-13 17:34:47.635 D/MobileDataStateTracker(  256): [dun]  MobileDataStateReceiver onReceive(): Entry.
02-13 17:34:47.635 D/MobileDataStateTracker(  256): [dun]  intent.getAction()= android.intent.action.SERVICE_STATE
02-13 17:34:47.635 D/MobileDataStateTracker(  256): [dun]  mEnabled = false
02-13 17:34:47.645 D/MobileDataStateTracker(  256): [supl]  MobileDataStateReceiver onReceive(): Entry.
02-13 17:34:47.645 D/MobileDataStateTracker(  256): [supl]  intent.getAction()= android.intent.action.SERVICE_STATE
02-13 17:34:47.645 D/MobileDataStateTracker(  256): [supl]  mEnabled = false
02-13 17:34:47.645 D/MobileDataStateTracker(  256): [mms]  MobileDataStateReceiver onReceive(): Entry.
02-13 17:34:47.645 D/MobileDataStateTracker(  256): [mms]  intent.getAction()= android.intent.action.SERVICE_STATE
02-13 17:34:47.645 D/MobileDataStateTracker(  256): [mms]  mEnabled = false
02-13 17:34:47.655 D/MobileDataStateTracker(  256): [default]  MobileDataStateReceiver onReceive(): Entry.
02-13 17:34:47.655 D/MobileDataStateTracker(  256): [default]  intent.getAction()= android.intent.action.SERVICE_STATE
02-13 17:34:47.655 D/MobileDataStateTracker(  256): [default]  mEnabled = true
02-13 17:34:47.655 D/DATA    (  344): [DSST(0)]  registrationState = 1  radioTechnology = 8 reasonForDenial = 0
02-13 17:34:47.655 D/DATA    (  344): [DSST(0)]  set mNewDataConnectionState = 0
02-13 17:34:47.655 D/DATA    (  344): [DSST(0)]  mNewDataConnectionState : 0  mDataConnectionState : 0
02-13 17:34:47.655 D/DATA    (  344): [DSST(0)] Poll ServiceState done: oldSS=[0 home null null null  EvDo rev. A CSS not supported -1 -1RoamInd: -1RoamStatus(sprint): -1DefRoamInd: -1EmergOnly: false] newSS=[0 home null null null  EvDo rev. A CSS not supported -1 -1RoamInd: -1RoamStatus(sprint): -1DefRoamInd: -1EmergOnly: false]
02-13 17:34:47.665 D/DATA    (  344): [DSST(0)]  mDataConnectionState = 0
02-13 17:34:47.665 D/CallManager(  344):  handleMessage (EVENT_SERVICE_STATE_CHANGED)
02-13 17:34:47.665 E/BT HS/HF(  344): SERVICE_STATE_CHANGED called
02-13 17:34:47.665 E/BT HS/HF(  344): updateServiceState called, sendUpdate:false  ServiceState:0 home Sprint  310099  EvDo rev. A CSS not supported 41 4139RoamInd: 1RoamStatus(sprint): 1DefRoamInd: 160EmergOnly: false
02-13 17:34:47.665 E/BT HS/HF(  344): service:1 mService:1
02-13 17:34:47.685 D/Mms     (  811): currentRoamingStatus:1
02-13 17:34:47.765 E/MediaPlayer(  845): getCurrentPosition sec = 876355
02-13 17:34:47.765 E/MediaPlayer(  845): getDuration_l mDuration = 1296300
02-13 17:34:48.766 E/MediaPlayer(  845): getCurrentPosition sec = 877316
02-13 17:34:48.766 E/MediaPlayer(  845): getDuration_l mDuration = 1296300
02-13 17:34:49.777 E/MediaPlayer(  845): getCurrentPosition sec = 878276
02-13 17:34:49.777 E/MediaPlayer(  845): getDuration_l mDuration = 1296300
02-13 17:34:50.788 E/MediaPlayer(  845): getCurrentPosition sec = 879237
02-13 17:34:50.788 E/MediaPlayer(  845): getDuration_l mDuration = 1296300
02-13 17:34:51.799 E/MediaPlayer(  845): getCurrentPosition sec = 880335
02-13 17:34:51.799 E/MediaPlayer(  845): getDuration_l mDuration = 1296300
02-13 17:34:52.740 D/DATA    (  344): [DSST(0)] pollstate() : reason = data network state changed
02-13 17:34:52.780 D/MobileDataStateTracker(  256): [hipri]  MobileDataStateReceiver onReceive(): Entry.
02-13 17:34:52.780 D/MobileDataStateTracker(  256): [hipri]  intent.getAction()= android.intent.action.SERVICE_STATE
02-13 17:34:52.780 D/MobileDataStateTracker(  256): [hipri]  mEnabled = false
02-13 17:34:52.790 I/wpa_supplicant(  399): State: INACTIVE -> SCANNING
02-13 17:34:52.790 I/wpa_supplicant(  399): CTRL-EVENT-STATE-CHANGE id=-1 state=2 BSSID=00:00:00:00:00:00
02-13 17:34:52.790 D/NetworkStateTracker(  256): setDetailed state, old =IDLE and new state=SCANNING
02-13 17:34:52.790 D/MobileDataStateTracker(  256): [dun]  MobileDataStateReceiver onReceive(): Entry.
02-13 17:34:52.790 D/MobileDataStateTracker(  256): [dun]  intent.getAction()= android.intent.action.SERVICE_STATE
02-13 17:34:52.790 D/MobileDataStateTracker(  256): [dun]  mEnabled = false
02-13 17:34:52.790 D/MobileDataStateTracker(  256): [supl]  MobileDataStateReceiver onReceive(): Entry.
02-13 17:34:52.790 D/MobileDataStateTracker(  256): [supl]  intent.getAction()= android.intent.action.SERVICE_STATE
02-13 17:34:52.790 D/MobileDataStateTracker(  256): [supl]  mEnabled = false
02-13 17:34:52.790 D/MobileDataStateTracker(  256): [mms]  MobileDataStateReceiver onReceive(): Entry.
02-13 17:34:52.790 D/MobileDataStateTracker(  256): [mms]  intent.getAction()= android.intent.action.SERVICE_STATE
02-13 17:34:52.800 D/MobileDataStateTracker(  256): [mms]  mEnabled = false
02-13 17:34:52.800 D/MobileDataStateTracker(  256): [default]  MobileDataStateReceiver onReceive(): Entry.
02-13 17:34:52.800 D/MobileDataStateTracker(  256): [default]  intent.getAction()= android.intent.action.SERVICE_STATE
02-13 17:34:52.800 D/MobileDataStateTracker(  256): [default]  mEnabled = true
02-13 17:34:52.800 D/CallManager(  344):  handleMessage (EVENT_SERVICE_STATE_CHANGED)
02-13 17:34:52.810 E/BT HS/HF(  344): SERVICE_STATE_CHANGED called
02-13 17:34:52.810 E/BT HS/HF(  344): updateServiceState called, sendUpdate:false  ServiceState:0 home Sprint  310099  EvDo rev. A CSS not supported 41 4139RoamInd: 1RoamStatus(sprint): 1DefRoamInd: 160EmergOnly: false
02-13 17:34:52.810 E/BT HS/HF(  344): service:1 mService:1
02-13 17:34:52.810 D/DATA    (  344): [DSST(0)]  registrationState = 1  radioTechnology = 8 reasonForDenial = 0
02-13 17:34:52.810 D/DATA    (  344): [DSST(0)]  set mNewDataConnectionState = 0
02-13 17:34:52.810 E/MediaPlayer(  845): getCurrentPosition sec = 881295
02-13 17:34:52.810 E/MediaPlayer(  845): getDuration_l mDuration = 1296300
02-13 17:34:52.810 D/DATA    (  344): [DSST(0)]  mNewDataConnectionState : 0  mDataConnectionState : 0
02-13 17:34:52.820 D/DATA    (  344): [DSST(0)] Poll ServiceState done: oldSS=[0 home null null null  EvDo rev. A CSS not supported -1 -1RoamInd: -1RoamStatus(sprint): -1DefRoamInd: -1EmergOnly: false] newSS=[0 home null null null  EvDo rev. A CSS not supported -1 -1RoamInd: -1RoamStatus(sprint): -1DefRoamInd: -1EmergOnly: false]
02-13 17:34:52.820 D/DATA    (  344): [DSST(0)]  mDataConnectionState = 0
02-13 17:34:52.850 D/Mms     (  811): currentRoamingStatus:1
02-13 17:34:53.751 I/dun_service(  124): process rmnet event
02-13 17:34:53.751 I/dun_service(  124): Post event 4
02-13 17:34:53.751 I/dun_service(  124): received event: DUN_EVENT_RMNET_UP 
02-13 17:34:53.751 I/dun_service(  124): received event(DUN_EVENT_RMNET_UP) in state(DUN_STATE_USB_UNPLUG)
02-13 17:34:53.751 I/dun_service(  124): Ignoring the event DUN_EVENT_RMNET_UP in USB_UNPLUG_STATE
02-13 17:34:53.751 I/dun_service(  124): Moved to state(DUN_STATE_USB_UNPLUG)
02-13 17:34:53.751 I/wpa_supplicant(  399): State: SCANNING -> INACTIVE
02-13 17:34:53.751 I/wpa_supplicant(  399): CTRL-EVENT-STATE-CHANGE id=-1 state=1 BSSID=00:00:00:00:00:00
02-13 17:34:53.761 D/WifiStateTracker(  256): setNotificationVisible() visible=false mNotificationShown=false force=false return.
02-13 17:34:53.761 D/NetworkStateTracker(  256): setDetailed state, old =SCANNING and new state=IDLE
02-13 17:34:53.801 E/MediaPlayer(  845): getCurrentPosition sec = 882393
02-13 17:34:53.801 E/MediaPlayer(  845): getDuration_l mDuration = 1296300
02-13 17:34:54.812 E/MediaPlayer(  845): getCurrentPosition sec = 883354
02-13 17:34:54.812 E/MediaPlayer(  845): getDuration_l mDuration = 1296300
02-13 17:34:55.813 E/MediaPlayer(  845): getCurrentPosition sec = 884314
02-13 17:34:55.813 E/MediaPlayer(  845): getDuration_l mDuration = 1296300
02-13 17:34:56.814 E/MediaPlayer(  845): getCurrentPosition sec = 885275
02-13 17:34:56.814 E/MediaPlayer(  845): getDuration_l mDuration = 1296300
02-13 17:34:57.825 E/MediaPlayer(  845): getCurrentPosition sec = 886373
02-13 17:34:57.825 E/MediaPlayer(  845): getDuration_l mDuration = 1296300
02-13 17:34:57.835 D/DATA    (  344): [DSST(0)] pollstate() : reason = data network state changed
02-13 17:34:57.875 D/MobileDataStateTracker(  256): [hipri]  MobileDataStateReceiver onReceive(): Entry.
02-13 17:34:57.875 D/MobileDataStateTracker(  256): [hipri]  intent.getAction()= android.intent.action.SERVICE_STATE
02-13 17:34:57.875 D/MobileDataStateTracker(  256): [hipri]  mEnabled = false
02-13 17:34:57.875 D/MobileDataStateTracker(  256): [dun]  MobileDataStateReceiver onReceive(): Entry.
02-13 17:34:57.875 D/MobileDataStateTracker(  256): [dun]  intent.getAction()= android.intent.action.SERVICE_STATE
02-13 17:34:57.875 D/MobileDataStateTracker(  256): [dun]  mEnabled = false
02-13 17:34:57.875 D/MobileDataStateTracker(  256): [supl]  MobileDataStateReceiver onReceive(): Entry.
02-13 17:34:57.875 D/MobileDataStateTracker(  256): [supl]  intent.getAction()= android.intent.action.SERVICE_STATE
02-13 17:34:57.875 D/MobileDataStateTracker(  256): [supl]  mEnabled = false
02-13 17:34:57.885 D/MobileDataStateTracker(  256): [mms]  MobileDataStateReceiver onReceive(): Entry.
02-13 17:34:57.885 D/MobileDataStateTracker(  256): [mms]  intent.getAction()= android.intent.action.SERVICE_STATE
02-13 17:34:57.885 D/MobileDataStateTracker(  256): [mms]  mEnabled = false
02-13 17:34:57.885 D/MobileDataStateTracker(  256): [default]  MobileDataStateReceiver onReceive(): Entry.
02-13 17:34:57.885 D/MobileDataStateTracker(  256): [default]  intent.getAction()= android.intent.action.SERVICE_STATE
02-13 17:34:57.885 D/MobileDataStateTracker(  256): [default]  mEnabled = true
02-13 17:34:57.895 D/CallManager(  344):  handleMessage (EVENT_SERVICE_STATE_CHANGED)
02-13 17:34:57.895 E/BT HS/HF(  344): SERVICE_STATE_CHANGED called
02-13 17:34:57.895 E/BT HS/HF(  344): updateServiceState called, sendUpdate:false  ServiceState:0 home Sprint  310099  EvDo rev. A CSS not supported 41 4139RoamInd: 1RoamStatus(sprint): 1DefRoamInd: 160EmergOnly: false
02-13 17:34:57.895 E/BT HS/HF(  344): service:1 mService:1
02-13 17:34:57.895 D/DATA    (  344): [DSST(0)]  registrationState = 1  radioTechnology = 8 reasonForDenial = 0
02-13 17:34:57.895 D/DATA    (  344): [DSST(0)]  set mNewDataConnectionState = 0
02-13 17:34:57.895 D/DATA    (  344): [DSST(0)]  mNewDataConnectionState : 0  mDataConnectionState : 0
02-13 17:34:57.895 D/DATA    (  344): [DSST(0)] Poll ServiceState done: oldSS=[0 home null null null  EvDo rev. A CSS not supported -1 -1RoamInd: -1RoamStatus(sprint): -1DefRoamInd: -1EmergOnly: false] newSS=[0 home null null null  EvDo rev. A CSS not supported -1 -1RoamInd: -1RoamStatus(sprint): -1DefRoamInd: -1EmergOnly: false]
02-13 17:34:57.895 D/DATA    (  344): [DSST(0)]  mDataConnectionState = 0
02-13 17:34:57.915 D/Mms     (  811): currentRoamingStatus:1
02-13 17:34:58.826 E/MediaPlayer(  845): getCurrentPosition sec = 887333
02-13 17:34:58.826 E/MediaPlayer(  845): getDuration_l mDuration = 1296300
02-13 17:34:59.827 E/MediaPlayer(  845): getCurrentPosition sec = 888294
02-13 17:34:59.827 E/MediaPlayer(  845): getDuration_l mDuration = 1296300
02-13 17:35:00.017 D/KeyguardUpdateMonitor(  256): received broadcast android.intent.action.TIME_TICK
02-13 17:35:00.017 D/KeyguardUpdateMonitor(  256): handleTimeUpdate
02-13 17:35:00.828 E/MediaPlayer(  845): getCurrentPosition sec = 889392
02-13 17:35:00.828 E/MediaPlayer(  845): getDuration_l mDuration = 1296300
02-13 17:35:01.839 E/MediaPlayer(  845): getCurrentPosition sec = 890353
02-13 17:35:01.839 E/MediaPlayer(  845): getDuration_l mDuration = 1296300
02-13 17:35:02.850 E/MediaPlayer(  845): getCurrentPosition sec = 891313
02-13 17:35:02.850 E/MediaPlayer(  845): getDuration_l mDuration = 1296300
02-13 17:35:03.851 E/MediaPlayer(  845): getCurrentPosition sec = 892411
02-13 17:35:03.851 E/MediaPlayer(  845): getDuration_l mDuration = 1296300
02-13 17:35:04.852 E/MediaPlayer(  845): getCurrentPosition sec = 893372
02-13 17:35:04.852 E/MediaPlayer(  845): getDuration_l mDuration = 1296300
02-13 17:35:05.853 E/MediaPlayer(  845): getCurrentPosition sec = 894333
02-13 17:35:05.853 E/MediaPlayer(  845): getDuration_l mDuration = 1296300
02-13 17:35:06.864 E/MediaPlayer(  845): getCurrentPosition sec = 895430
02-13 17:35:06.864 E/MediaPlayer(  845): getDuration_l mDuration = 1296300
02-13 17:35:07.865 E/MediaPlayer(  845): getCurrentPosition sec = 896391
02-13 17:35:07.865 E/MediaPlayer(  845): getDuration_l mDuration = 1296300
02-13 17:35:08.095 D/DATA    (  344): [DSST(0)] pollstate() : reason = data network state changed
02-13 17:35:08.165 D/MobileDataStateTracker(  256): [hipri]  MobileDataStateReceiver onReceive(): Entry.
02-13 17:35:08.165 D/MobileDataStateTracker(  256): [hipri]  intent.getAction()= android.intent.action.SERVICE_STATE
02-13 17:35:08.165 D/MobileDataStateTracker(  256): [hipri]  mEnabled = false
02-13 17:35:08.165 D/MobileDataStateTracker(  256): [dun]  MobileDataStateReceiver onReceive(): Entry.
02-13 17:35:08.165 D/MobileDataStateTracker(  256): [dun]  intent.getAction()= android.intent.action.SERVICE_STATE
02-13 17:35:08.165 D/MobileDataStateTracker(  256): [dun]  mEnabled = false
02-13 17:35:08.165 D/MobileDataStateTracker(  256): [supl]  MobileDataStateReceiver onReceive(): Entry.
02-13 17:35:08.165 D/MobileDataStateTracker(  256): [supl]  intent.getAction()= android.intent.action.SERVICE_STATE
02-13 17:35:08.165 D/MobileDataStateTracker(  256): [supl]  mEnabled = false
02-13 17:35:08.165 D/MobileDataStateTracker(  256): [mms]  MobileDataStateReceiver onReceive(): Entry.
02-13 17:35:08.165 D/MobileDataStateTracker(  256): [mms]  intent.getAction()= android.intent.action.SERVICE_STATE
02-13 17:35:08.165 D/MobileDataStateTracker(  256): [mms]  mEnabled = false
02-13 17:35:08.165 D/MobileDataStateTracker(  256): [default]  MobileDataStateReceiver onReceive(): Entry.
02-13 17:35:08.165 D/MobileDataStateTracker(  256): [default]  intent.getAction()= android.intent.action.SERVICE_STATE
02-13 17:35:08.165 D/MobileDataStateTracker(  256): [default]  mEnabled = true
02-13 17:35:08.175 D/CallManager(  344):  handleMessage (EVENT_SERVICE_STATE_CHANGED)
02-13 17:35:08.175 E/BT HS/HF(  344): SERVICE_STATE_CHANGED called
02-13 17:35:08.175 E/BT HS/HF(  344): updateServiceState called, sendUpdate:false  ServiceState:0 home Sprint  310099  EvDo rev. A CSS not supported 41 4139RoamInd: 1RoamStatus(sprint): 1DefRoamInd: 160EmergOnly: false
02-13 17:35:08.175 E/BT HS/HF(  344): service:1 mService:1
02-13 17:35:08.185 D/DATA    (  344): [DSST(0)]  registrationState = 1  radioTechnology = 8 reasonForDenial = 0
02-13 17:35:08.185 D/DATA    (  344): [DSST(0)]  set mNewDataConnectionState = 0
02-13 17:35:08.185 D/DATA    (  344): [DSST(0)]  mNewDataConnectionState : 0  mDataConnectionState : 0
02-13 17:35:08.185 D/DATA    (  344): [DSST(0)] Poll ServiceState done: oldSS=[0 home null null null  EvDo rev. A CSS not supported -1 -1RoamInd: -1RoamStatus(sprint): -1DefRoamInd: -1EmergOnly: false] newSS=[0 home null null null  EvDo rev. A CSS not supported -1 -1RoamInd: -1RoamStatus(sprint): -1DefRoamInd: -1EmergOnly: false]
02-13 17:35:08.185 D/DATA    (  344): [DSST(0)]  mDataConnectionState = 0
02-13 17:35:08.205 D/Mms     (  811): currentRoamingStatus:1
02-13 17:35:08.776 I/wpa_supplicant(  399): State: INACTIVE -> SCANNING
02-13 17:35:08.776 I/wpa_supplicant(  399): CTRL-EVENT-STATE-CHANGE id=-1 state=2 BSSID=00:00:00:00:00:00
02-13 17:35:08.786 D/NetworkStateTracker(  256): setDetailed state, old =IDLE and new state=SCANNING
02-13 17:35:08.866 E/MediaPlayer(  845): getCurrentPosition sec = 897352
02-13 17:35:08.866 E/MediaPlayer(  845): getDuration_l mDuration = 1296300
02-13 17:35:08.896 D/DATA    (  344): [DSST(0)] pollstate() : reason = data network state changed
02-13 17:35:08.936 D/MobileDataStateTracker(  256): [hipri]  MobileDataStateReceiver onReceive(): Entry.
02-13 17:35:08.936 D/MobileDataStateTracker(  256): [hipri]  intent.getAction()= android.intent.action.SERVICE_STATE
02-13 17:35:08.936 D/MobileDataStateTracker(  256): [hipri]  mEnabled = false
02-13 17:35:08.936 D/MobileDataStateTracker(  256): [dun]  MobileDataStateReceiver onReceive(): Entry.
02-13 17:35:08.936 D/MobileDataStateTracker(  256): [dun]  intent.getAction()= android.intent.action.SERVICE_STATE
02-13 17:35:08.936 D/MobileDataStateTracker(  256): [dun]  mEnabled = false
02-13 17:35:08.936 D/MobileDataStateTracker(  256): [supl]  MobileDataStateReceiver onReceive(): Entry.
02-13 17:35:08.936 D/MobileDataStateTracker(  256): [supl]  intent.getAction()= android.intent.action.SERVICE_STATE
02-13 17:35:08.936 D/MobileDataStateTracker(  256): [supl]  mEnabled = false
02-13 17:35:08.946 D/MobileDataStateTracker(  256): [mms]  MobileDataStateReceiver onReceive(): Entry.
02-13 17:35:08.946 D/MobileDataStateTracker(  256): [mms]  intent.getAction()= android.intent.action.SERVICE_STATE
02-13 17:35:08.946 D/MobileDataStateTracker(  256): [mms]  mEnabled = false
02-13 17:35:08.946 D/MobileDataStateTracker(  256): [default]  MobileDataStateReceiver onReceive(): Entry.
02-13 17:35:08.946 D/MobileDataStateTracker(  256): [default]  intent.getAction()= android.intent.action.SERVICE_STATE
02-13 17:35:08.946 D/MobileDataStateTracker(  256): [default]  mEnabled = true
02-13 17:35:08.946 D/DATA    (  344): [DSST(0)]  registrationState = 1  radioTechnology = 8 reasonForDenial = 0
02-13 17:35:08.946 D/DATA    (  344): [DSST(0)]  set mNewDataConnectionState = 0
02-13 17:35:08.946 D/DATA    (  344): [DSST(0)]  mNewDataConnectionState : 0  mDataConnectionState : 0
02-13 17:35:08.946 D/DATA    (  344): [DSST(0)] Poll ServiceState done: oldSS=[0 home null null null  EvDo rev. A CSS not supported -1 -1RoamInd: -1RoamStatus(sprint): -1DefRoamInd: -1EmergOnly: false] newSS=[0 home null null null  EvDo rev. A CSS not supported -1 -1RoamInd: -1RoamStatus(sprint): -1DefRoamInd: -1EmergOnly: false]
02-13 17:35:08.956 D/DATA    (  344): [DSST(0)]  mDataConnectionState = 0
02-13 17:35:08.956 D/CallManager(  344):  handleMessage (EVENT_SERVICE_STATE_CHANGED)
02-13 17:35:08.956 E/BT HS/HF(  344): SERVICE_STATE_CHANGED called
02-13 17:35:08.956 E/BT HS/HF(  344): updateServiceState called, sendUpdate:false  ServiceState:0 home Sprint  310099  EvDo rev. A CSS not supported 41 4139RoamInd: 1RoamStatus(sprint): 1DefRoamInd: 160EmergOnly: false
02-13 17:35:08.956 E/BT HS/HF(  344): service:1 mService:1
02-13 17:35:08.966 D/Mms     (  811): currentRoamingStatus:1
02-13 17:35:09.016 I/DATA    (  344): [DCT(0) ] onDataCallListChanged:
02-13 17:35:09.016 I/DATA    (  344): [DCT(0) ] ---dc state list---
02-13 17:35:09.016 I/DATA    (  344): [DCT(0) ] DataCallState: { cid: 0, active: 1, type: , apn: , address: 174.156.234.163 }
02-13 17:35:09.016 I/DATA    (  344): [DCT(0) ] ---dc list---
02-13 17:35:09.016 I/DATA    (  344): [DCT(0) ] cid = 0, state = DcActiveState, bearerType = IP, ipaddress = 174.156.234.163, gw=174.156.234.161, dns=[68.28.67.132, 68.28.68.132]
02-13 17:35:09.767 I/dun_service(  124): process rmnet event
02-13 17:35:09.767 I/dun_service(  124): Post event 4
02-13 17:35:09.767 I/dun_service(  124): received event: DUN_EVENT_RMNET_UP 
02-13 17:35:09.767 I/dun_service(  124): received event(DUN_EVENT_RMNET_UP) in state(DUN_STATE_USB_UNPLUG)
02-13 17:35:09.767 I/dun_service(  124): Ignoring the event DUN_EVENT_RMNET_UP in USB_UNPLUG_STATE
02-13 17:35:09.767 I/dun_service(  124): Moved to state(DUN_STATE_USB_UNPLUG)
02-13 17:35:09.767 I/wpa_supplicant(  399): State: SCANNING -> INACTIVE
02-13 17:35:09.767 I/wpa_supplicant(  399): CTRL-EVENT-STATE-CHANGE id=-1 state=1 BSSID=00:00:00:00:00:00
02-13 17:35:09.777 D/WifiStateTracker(  256): setNotificationVisible() visible=false mNotificationShown=false force=false return.
02-13 17:35:09.777 D/NetworkStateTracker(  256): setDetailed state, old =SCANNING and new state=IDLE
02-13 17:35:09.877 E/MediaPlayer(  845): getCurrentPosition sec = 898449
02-13 17:35:09.877 E/MediaPlayer(  845): getDuration_l mDuration = 1296300
02-13 17:35:10.888 E/MediaPlayer(  845): getCurrentPosition sec = 899410
02-13 17:35:10.888 E/MediaPlayer(  845): getDuration_l mDuration = 1296300
02-13 17:35:11.889 E/MediaPlayer(  845): getCurrentPosition sec = 900371
02-13 17:35:11.889 E/MediaPlayer(  845): getDuration_l mDuration = 1296300
02-13 17:35:12.900 E/MediaPlayer(  845): getCurrentPosition sec = 901469
02-13 17:35:12.900 E/MediaPlayer(  845): getDuration_l mDuration = 1296300
02-13 17:35:13.200 D/DATA    (  344): [DSST(0)] pollstate() : reason = data network state changed
02-13 17:35:13.270 D/MobileDataStateTracker(  256): [hipri]  MobileDataStateReceiver onReceive(): Entry.
02-13 17:35:13.270 D/MobileDataStateTracker(  256): [hipri]  intent.getAction()= android.intent.action.SERVICE_STATE
02-13 17:35:13.270 D/MobileDataStateTracker(  256): [hipri]  mEnabled = false
02-13 17:35:13.280 D/MobileDataStateTracker(  256): [dun]  MobileDataStateReceiver onReceive(): Entry.
02-13 17:35:13.280 D/MobileDataStateTracker(  256): [dun]  intent.getAction()= android.intent.action.SERVICE_STATE
02-13 17:35:13.280 D/MobileDataStateTracker(  256): [dun]  mEnabled = false
02-13 17:35:13.290 D/MobileDataStateTracker(  256): [supl]  MobileDataStateReceiver onReceive(): Entry.
02-13 17:35:13.290 D/MobileDataStateTracker(  256): [supl]  intent.getAction()= android.intent.action.SERVICE_STATE
02-13 17:35:13.290 D/MobileDataStateTracker(  256): [supl]  mEnabled = false
02-13 17:35:13.290 D/MobileDataStateTracker(  256): [mms]  MobileDataStateReceiver onReceive(): Entry.
02-13 17:35:13.290 D/MobileDataStateTracker(  256): [mms]  intent.getAction()= android.intent.action.SERVICE_STATE
02-13 17:35:13.290 D/MobileDataStateTracker(  256): [mms]  mEnabled = false
02-13 17:35:13.300 D/MobileDataStateTracker(  256): [default]  MobileDataStateReceiver onReceive(): Entry.
02-13 17:35:13.300 D/DATA    (  344): [DSST(0)]  registrationState = 1  radioTechnology = 8 reasonForDenial = 0
02-13 17:35:13.300 D/DATA    (  344): [DSST(0)]  set mNewDataConnectionState = 0
02-13 17:35:13.300 D/DATA    (  344): [DSST(0)]  mNewDataConnectionState : 0  mDataConnectionState : 0
02-13 17:35:13.300 D/DATA    (  344): [DSST(0)] Poll ServiceState done: oldSS=[0 home null null null  EvDo rev. A CSS not supported -1 -1RoamInd: -1RoamStatus(sprint): -1DefRoamInd: -1EmergOnly: false] newSS=[0 home null null null  EvDo rev. A CSS not supported -1 -1RoamInd: -1RoamStatus(sprint): -1DefRoamInd: -1EmergOnly: false]
02-13 17:35:13.300 D/MobileDataStateTracker(  256): [default]  intent.getAction()= android.intent.action.SERVICE_STATE
02-13 17:35:13.300 D/MobileDataStateTracker(  256): [default]  mEnabled = true
02-13 17:35:13.310 D/DATA    (  344): [DSST(0)]  mDataConnectionState = 0
02-13 17:35:13.310 D/CallManager(  344):  handleMessage (EVENT_SERVICE_STATE_CHANGED)
02-13 17:35:13.310 E/BT HS/HF(  344): SERVICE_STATE_CHANGED called
02-13 17:35:13.310 E/BT HS/HF(  344): updateServiceState called, sendUpdate:false  ServiceState:0 home Sprint  310099  EvDo rev. A CSS not supported 41 4139RoamInd: 1RoamStatus(sprint): 1DefRoamInd: 160EmergOnly: false
02-13 17:35:13.310 E/BT HS/HF(  344): service:1 mService:1
02-13 17:35:13.320 D/Mms     (  811): currentRoamingStatus:1
02-13 17:35:13.891 E/MediaPlayer(  845): getCurrentPosition sec = 902429
02-13 17:35:13.891 E/MediaPlayer(  845): getDuration_l mDuration = 1296300
02-13 17:35:14.892 E/MediaPlayer(  845): getCurrentPosition sec = 903390
02-13 17:35:14.892 E/MediaPlayer(  845): getDuration_l mDuration = 1296300
02-13 17:35:15.282 I/V3Client(  662): notf'n?
02-13 17:35:15.312 I/V3Client(  662): !control 0
02-13 17:35:15.332 E/HQB     (  811): onReceiveWithPrivilege  action received android.provider.Telephony.SMS_RECEIVED
02-13 17:35:15.352 D/SmsReceiverService(  811): isSelfRegSMS-teleService = 4098
02-13 17:35:15.352 D/SmsReceiverService(  811): first =0
02-13 17:35:15.352 D/SmsReceiverService(  811): possibleIndex =null
02-13 17:35:15.352 D/SmsReceiverService(  811): processed indexString =null
02-13 17:35:15.352 D/SmsReceiverService(  811): first =0
02-13 17:35:15.352 D/SmsReceiverService(  811): possibleIndex =null
02-13 17:35:15.352 D/SmsReceiverService(  811): processed indexString =null
02-13 17:35:15.352 D/MmsSmsProvider(  344): getThreadId:enter cursor.toAddressIds.size=1
02-13 17:35:15.352 D/MmsSmsProvider(  344): getThreadId:enter cursor.getCount()=1
02-13 17:35:15.362 D/MmsSmsProvider(  344): getThreadId:enter cursorAddr.getCount()=1needNewThread=false
02-13 17:35:15.362 I/ContactsProvider(  408): query: content://contacts/phones/filter/9137446943
02-13 17:35:15.362 E/ContactsProvider(  408): 101123 isCallerRegisterNeedSIMProc callerPid:344, acorePid:408
02-13 17:35:15.372 I/ContactsProvider(  408): query isCallerRegistered= true
02-13 17:35:15.372 I/ContactsProvider(  408): query forOnlyOneContactString= 0
02-13 17:35:15.422 D/Mms:app (  811): in getIconResourceId cmasNo =0
02-13 17:35:15.422 D/Mms:app (  811): in getIconResourceId cmasNo = 0, cancel(notificationId)
02-13 17:35:15.432 I/Mms     (  811): parseMmsAddress number=9137446943, length=10
02-13 17:35:15.442 I/ContactsProvider(  408): query: content://com.android.contacts/data
02-13 17:35:15.442 E/ContactsProvider(  408): 101123 isCallerRegisterNeedSIMProc callerPid:811, acorePid:408
