02-13 17:42:35.902 D/DATA    (  344): [DSST(0)]  mNewDataConnectionState : 0  mDataConnectionState : 0
02-13 17:42:35.902 D/DATA    (  344): [DSST(0)] Poll ServiceState done: oldSS=[0 home null null null  EvDo rev. A CSS not supported -1 -1RoamInd: -1RoamStatus(sprint): -1DefRoamInd: -1EmergOnly: false] newSS=[0 home null null null  EvDo rev. A CSS not supported -1 -1RoamInd: -1RoamStatus(sprint): -1DefRoamInd: -1EmergOnly: false]
02-13 17:42:35.902 D/DATA    (  344): [DSST(0)]  mDataConnectionState = 0
02-13 17:42:35.942 D/Mms     (  811): currentRoamingStatus:1
02-13 17:42:36.042 E/MediaPlayer(  845): getCurrentPosition sec = 5078
02-13 17:42:36.042 E/MediaPlayer(  845): getDuration_l mDuration = 1296300
02-13 17:42:36.963 I/wpa_supplicant(  399): State: INACTIVE -> SCANNING
02-13 17:42:36.963 I/wpa_supplicant(  399): CTRL-EVENT-STATE-CHANGE id=-1 state=2 BSSID=00:00:00:00:00:00
02-13 17:42:36.963 D/NetworkStateTracker(  256): setDetailed state, old =IDLE and new state=SCANNING
02-13 17:42:37.043 E/MediaPlayer(  845): getCurrentPosition sec = 6038
02-13 17:42:37.043 E/MediaPlayer(  845): getDuration_l mDuration = 1296300
02-13 17:42:37.934 I/dun_service(  124): process rmnet event
02-13 17:42:37.934 I/dun_service(  124): Post event 4
02-13 17:42:37.934 I/dun_service(  124): received event: DUN_EVENT_RMNET_UP 
02-13 17:42:37.934 I/dun_service(  124): received event(DUN_EVENT_RMNET_UP) in state(DUN_STATE_USB_UNPLUG)
02-13 17:42:37.934 I/dun_service(  124): Ignoring the event DUN_EVENT_RMNET_UP in USB_UNPLUG_STATE
02-13 17:42:37.934 I/dun_service(  124): Moved to state(DUN_STATE_USB_UNPLUG)
02-13 17:42:37.944 I/wpa_supplicant(  399): State: SCANNING -> INACTIVE
02-13 17:42:37.944 I/wpa_supplicant(  399): CTRL-EVENT-STATE-CHANGE id=-1 state=1 BSSID=00:00:00:00:00:00
02-13 17:42:37.944 D/WifiStateTracker(  256): setNotificationVisible() visible=false mNotificationShown=false force=false return.
02-13 17:42:37.954 D/NetworkStateTracker(  256): setDetailed state, old =SCANNING and new state=IDLE
02-13 17:42:38.054 E/MediaPlayer(  845): getCurrentPosition sec = 6999
02-13 17:42:38.054 E/MediaPlayer(  845): getDuration_l mDuration = 1296300
02-13 17:42:38.665 D/DATA    (  344): [DSST(0)] pollstate() : reason = data network state changed
02-13 17:42:38.745 D/MobileDataStateTracker(  256): [hipri]  MobileDataStateReceiver onReceive(): Entry.
02-13 17:42:38.745 D/MobileDataStateTracker(  256): [hipri]  intent.getAction()= android.intent.action.SERVICE_STATE
02-13 17:42:38.745 D/MobileDataStateTracker(  256): [hipri]  mEnabled = false
02-13 17:42:38.745 D/MobileDataStateTracker(  256): [dun]  MobileDataStateReceiver onReceive(): Entry.
02-13 17:42:38.745 D/MobileDataStateTracker(  256): [dun]  intent.getAction()= android.intent.action.SERVICE_STATE
02-13 17:42:38.745 D/MobileDataStateTracker(  256): [dun]  mEnabled = false
02-13 17:42:38.745 D/MobileDataStateTracker(  256): [supl]  MobileDataStateReceiver onReceive(): Entry.
02-13 17:42:38.745 D/MobileDataStateTracker(  256): [supl]  intent.getAction()= android.intent.action.SERVICE_STATE
02-13 17:42:38.745 D/MobileDataStateTracker(  256): [supl]  mEnabled = false
02-13 17:42:38.745 D/MobileDataStateTracker(  256): [mms]  MobileDataStateReceiver onReceive(): Entry.
02-13 17:42:38.755 D/MobileDataStateTracker(  256): [mms]  intent.getAction()= android.intent.action.SERVICE_STATE
02-13 17:42:38.755 D/MobileDataStateTracker(  256): [mms]  mEnabled = false
02-13 17:42:38.755 D/MobileDataStateTracker(  256): [default]  MobileDataStateReceiver onReceive(): Entry.
02-13 17:42:38.755 D/MobileDataStateTracker(  256): [default]  intent.getAction()= android.intent.action.SERVICE_STATE
02-13 17:42:38.755 D/MobileDataStateTracker(  256): [default]  mEnabled = true
02-13 17:42:38.755 D/DATA    (  344): [DSST(0)]  registrationState = 1  radioTechnology = 8 reasonForDenial = 0
02-13 17:42:38.755 D/DATA    (  344): [DSST(0)]  set mNewDataConnectionState = 0
02-13 17:42:38.755 D/DATA    (  344): [DSST(0)]  mNewDataConnectionState : 0  mDataConnectionState : 0
02-13 17:42:38.755 D/DATA    (  344): [DSST(0)] Poll ServiceState done: oldSS=[0 home null null null  EvDo rev. A CSS not supported -1 -1RoamInd: -1RoamStatus(sprint): -1DefRoamInd: -1EmergOnly: false] newSS=[0 home null null null  EvDo rev. A CSS not supported -1 -1RoamInd: -1RoamStatus(sprint): -1DefRoamInd: -1EmergOnly: false]
02-13 17:42:38.765 D/DATA    (  344): [DSST(0)]  mDataConnectionState = 0
02-13 17:42:38.765 D/CallManager(  344):  handleMessage (EVENT_SERVICE_STATE_CHANGED)
02-13 17:42:38.765 E/BT HS/HF(  344): SERVICE_STATE_CHANGED called
02-13 17:42:38.765 E/BT HS/HF(  344): updateServiceState called, sendUpdate:false  ServiceState:0 home Sprint  310099  EvDo rev. A CSS not supported 41 4139RoamInd: 1RoamStatus(sprint): 1DefRoamInd: 160EmergOnly: false
02-13 17:42:38.765 E/BT HS/HF(  344): service:1 mService:1
02-13 17:42:38.775 D/Mms     (  811): currentRoamingStatus:1
02-13 17:42:39.055 E/MediaPlayer(  845): getCurrentPosition sec = 8097
02-13 17:42:39.055 E/MediaPlayer(  845): getDuration_l mDuration = 1296300
02-13 17:42:40.066 E/MediaPlayer(  845): getCurrentPosition sec = 9057
02-13 17:42:40.066 E/MediaPlayer(  845): getDuration_l mDuration = 1296300
02-13 17:42:41.077 E/MediaPlayer(  845): getCurrentPosition sec = 10018
02-13 17:42:41.077 E/MediaPlayer(  845): getDuration_l mDuration = 1296300
02-13 17:42:42.078 E/MediaPlayer(  845): getCurrentPosition sec = 11116
02-13 17:42:42.078 E/MediaPlayer(  845): getDuration_l mDuration = 1296300
02-13 17:42:43.089 E/MediaPlayer(  845): getCurrentPosition sec = 12076
02-13 17:42:43.089 E/MediaPlayer(  845): getDuration_l mDuration = 1296300
02-13 17:42:43.780 D/DATA    (  344): [DSST(0)] pollstate() : reason = data network state changed
02-13 17:42:43.850 D/MobileDataStateTracker(  256): [hipri]  MobileDataStateReceiver onReceive(): Entry.
02-13 17:42:43.850 D/MobileDataStateTracker(  256): [hipri]  intent.getAction()= android.intent.action.SERVICE_STATE
02-13 17:42:43.850 D/MobileDataStateTracker(  256): [hipri]  mEnabled = false
02-13 17:42:43.850 D/MobileDataStateTracker(  256): [dun]  MobileDataStateReceiver onReceive(): Entry.
02-13 17:42:43.850 D/MobileDataStateTracker(  256): [dun]  intent.getAction()= android.intent.action.SERVICE_STATE
02-13 17:42:43.850 D/MobileDataStateTracker(  256): [dun]  mEnabled = false
02-13 17:42:43.850 D/MobileDataStateTracker(  256): [supl]  MobileDataStateReceiver onReceive(): Entry.
02-13 17:42:43.850 D/MobileDataStateTracker(  256): [supl]  intent.getAction()= android.intent.action.SERVICE_STATE
02-13 17:42:43.850 D/MobileDataStateTracker(  256): [supl]  mEnabled = false
02-13 17:42:43.870 D/DATA    (  344): [DSST(0)]  registrationState = 1  radioTechnology = 8 reasonForDenial = 0
02-13 17:42:43.870 D/DATA    (  344): [DSST(0)]  set mNewDataConnectionState = 0
02-13 17:42:43.870 D/DATA    (  344): [DSST(0)]  mNewDataConnectionState : 0  mDataConnectionState : 0
02-13 17:42:43.870 D/DATA    (  344): [DSST(0)] Poll ServiceState done: oldSS=[0 home null null null  EvDo rev. A CSS not supported -1 -1RoamInd: -1RoamStatus(sprint): -1DefRoamInd: -1EmergOnly: false] newSS=[0 home null null null  EvDo rev. A CSS not supported -1 -1RoamInd: -1RoamStatus(sprint): -1DefRoamInd: -1EmergOnly: false]
02-13 17:42:43.870 D/DATA    (  344): [DSST(0)]  mDataConnectionState = 0
02-13 17:42:43.870 D/CallManager(  344):  handleMessage (EVENT_SERVICE_STATE_CHANGED)
02-13 17:42:43.870 E/BT HS/HF(  344): SERVICE_STATE_CHANGED called
02-13 17:42:43.870 E/BT HS/HF(  344): updateServiceState called, sendUpdate:false  ServiceState:0 home Sprint  310099  EvDo rev. A CSS not supported 41 4139RoamInd: 1RoamStatus(sprint): 1DefRoamInd: 160EmergOnly: false
02-13 17:42:43.870 D/MobileDataStateTracker(  256): [mms]  MobileDataStateReceiver onReceive(): Entry.
02-13 17:42:43.870 D/MobileDataStateTracker(  256): [mms]  intent.getAction()= android.intent.action.SERVICE_STATE
02-13 17:42:43.870 D/MobileDataStateTracker(  256): [mms]  mEnabled = false
02-13 17:42:43.870 E/BT HS/HF(  344): service:1 mService:1
02-13 17:42:43.870 D/MobileDataStateTracker(  256): [default]  MobileDataStateReceiver onReceive(): Entry.
02-13 17:42:43.870 D/MobileDataStateTracker(  256): [default]  intent.getAction()= android.intent.action.SERVICE_STATE
02-13 17:42:43.870 D/MobileDataStateTracker(  256): [default]  mEnabled = true
02-13 17:42:43.880 D/Mms     (  811): currentRoamingStatus:1
02-13 17:42:44.100 E/MediaPlayer(  845): getCurrentPosition sec = 13037
02-13 17:42:44.100 E/MediaPlayer(  845): getDuration_l mDuration = 1296300
02-13 17:42:45.101 E/MediaPlayer(  845): getCurrentPosition sec = 14135
02-13 17:42:45.101 E/MediaPlayer(  845): getDuration_l mDuration = 1296300
02-13 17:42:46.092 E/MediaPlayer(  845): getCurrentPosition sec = 15095
02-13 17:42:46.092 E/MediaPlayer(  845): getDuration_l mDuration = 1296300
02-13 17:42:47.103 E/MediaPlayer(  845): getCurrentPosition sec = 16056
02-13 17:42:47.103 E/MediaPlayer(  845): getDuration_l mDuration = 1296300
02-13 17:42:48.104 E/MediaPlayer(  845): getCurrentPosition sec = 17154
02-13 17:42:48.104 E/MediaPlayer(  845): getDuration_l mDuration = 1296300
02-13 17:42:49.115 E/MediaPlayer(  845): getCurrentPosition sec = 18115
02-13 17:42:49.115 E/MediaPlayer(  845): getDuration_l mDuration = 1296300
02-13 17:42:50.116 E/MediaPlayer(  845): getCurrentPosition sec = 19075
02-13 17:42:50.116 E/MediaPlayer(  845): getDuration_l mDuration = 1296300
02-13 17:42:51.117 E/MediaPlayer(  845): getCurrentPosition sec = 20173
02-13 17:42:51.117 E/MediaPlayer(  845): getDuration_l mDuration = 1296300
02-13 17:42:52.128 E/MediaPlayer(  845): getCurrentPosition sec = 21134
02-13 17:42:52.128 E/MediaPlayer(  845): getDuration_l mDuration = 1296300
02-13 17:42:52.328 I/dun_service(  124): The value returned from dun_getusbmodemstate_fromsys is 2 
02-13 17:42:52.378 D/KeyguardUpdateMonitor(  256): received broadcast android.intent.action.BATTERY_CHANGED
02-13 17:42:52.378 D/KeyguardUpdateMonitor(  256): handleBatteryUpdate
02-13 17:42:52.969 I/wpa_supplicant(  399): State: INACTIVE -> SCANNING
02-13 17:42:52.979 I/wpa_supplicant(  399): CTRL-EVENT-STATE-CHANGE id=-1 state=2 BSSID=00:00:00:00:00:00
02-13 17:42:52.979 D/NetworkStateTracker(  256): setDetailed state, old =IDLE and new state=SCANNING
02-13 17:42:53.139 E/MediaPlayer(  845): getCurrentPosition sec = 22094
02-13 17:42:53.139 E/MediaPlayer(  845): getDuration_l mDuration = 1296300
02-13 17:42:53.950 I/dun_service(  124): process rmnet event
02-13 17:42:53.950 I/dun_service(  124): Post event 4
02-13 17:42:53.950 I/dun_service(  124): received event: DUN_EVENT_RMNET_UP 
02-13 17:42:53.950 I/dun_service(  124): received event(DUN_EVENT_RMNET_UP) in state(DUN_STATE_USB_UNPLUG)
02-13 17:42:53.950 I/dun_service(  124): Ignoring the event DUN_EVENT_RMNET_UP in USB_UNPLUG_STATE
02-13 17:42:53.950 I/dun_service(  124): Moved to state(DUN_STATE_USB_UNPLUG)
02-13 17:42:53.950 I/wpa_supplicant(  399): State: SCANNING -> INACTIVE
02-13 17:42:53.950 I/wpa_supplicant(  399): CTRL-EVENT-STATE-CHANGE id=-1 state=1 BSSID=00:00:00:00:00:00
02-13 17:42:53.960 D/WifiStateTracker(  256): setNotificationVisible() visible=false mNotificationShown=false force=false return.
02-13 17:42:53.960 D/NetworkStateTracker(  256): setDetailed state, old =SCANNING and new state=IDLE
02-13 17:42:54.140 E/MediaPlayer(  845): getCurrentPosition sec = 23192
02-13 17:42:54.140 E/MediaPlayer(  845): getDuration_l mDuration = 1296300
02-13 17:42:55.141 E/MediaPlayer(  845): getCurrentPosition sec = 24153
02-13 17:42:55.141 E/MediaPlayer(  845): getDuration_l mDuration = 1296300
02-13 17:42:56.142 E/MediaPlayer(  845): getCurrentPosition sec = 25114
02-13 17:42:56.142 E/MediaPlayer(  845): getDuration_l mDuration = 1296300
02-13 17:42:57.153 E/MediaPlayer(  845): getCurrentPosition sec = 26211
02-13 17:42:57.153 E/MediaPlayer(  845): getDuration_l mDuration = 1296300
02-13 17:42:58.164 E/MediaPlayer(  845): getCurrentPosition sec = 27172
02-13 17:42:58.164 E/MediaPlayer(  845): getDuration_l mDuration = 1296300
02-13 17:42:59.165 E/MediaPlayer(  845): getCurrentPosition sec = 28133
02-13 17:42:59.165 E/MediaPlayer(  845): getDuration_l mDuration = 1296300
02-13 17:43:00.025 D/KeyguardUpdateMonitor(  256): received broadcast android.intent.action.TIME_TICK
02-13 17:43:00.025 D/KeyguardUpdateMonitor(  256): handleTimeUpdate
02-13 17:43:00.176 E/MediaPlayer(  845): getCurrentPosition sec = 29093
02-13 17:43:00.176 E/MediaPlayer(  845): getDuration_l mDuration = 1296300
02-13 17:43:01.187 E/MediaPlayer(  845): getCurrentPosition sec = 30191
02-13 17:43:01.187 E/MediaPlayer(  845): getDuration_l mDuration = 1296300
02-13 17:43:02.188 E/MediaPlayer(  845): getCurrentPosition sec = 31152
02-13 17:43:02.188 E/MediaPlayer(  845): getDuration_l mDuration = 1296300
02-13 17:43:03.199 E/MediaPlayer(  845): getCurrentPosition sec = 32250
02-13 17:43:03.199 E/MediaPlayer(  845): getDuration_l mDuration = 1296300
02-13 17:43:04.200 E/MediaPlayer(  845): getCurrentPosition sec = 33209
02-13 17:43:04.200 E/MediaPlayer(  845): getDuration_l mDuration = 1296300
02-13 17:43:05.211 E/MediaPlayer(  845): getCurrentPosition sec = 34170
02-13 17:43:05.211 E/MediaPlayer(  845): getDuration_l mDuration = 1296300
02-13 17:43:06.202 E/MediaPlayer(  845): getCurrentPosition sec = 35268
02-13 17:43:06.202 E/MediaPlayer(  845): getDuration_l mDuration = 1296300
02-13 17:43:07.213 E/MediaPlayer(  845): getCurrentPosition sec = 36229
02-13 17:43:07.213 E/MediaPlayer(  845): getDuration_l mDuration = 1296300
02-13 17:43:08.213 E/MediaPlayer(  845): getCurrentPosition sec = 37189
02-13 17:43:08.213 E/MediaPlayer(  845): getDuration_l mDuration = 1296300
02-13 17:43:08.974 I/wpa_supplicant(  399): State: INACTIVE -> SCANNING
02-13 17:43:08.974 I/wpa_supplicant(  399): CTRL-EVENT-STATE-CHANGE id=-1 state=2 BSSID=00:00:00:00:00:00
02-13 17:43:08.974 D/NetworkStateTracker(  256): setDetailed state, old =IDLE and new state=SCANNING
02-13 17:43:09.224 E/MediaPlayer(  845): getCurrentPosition sec = 38287
02-13 17:43:09.224 E/MediaPlayer(  845): getDuration_l mDuration = 1296300
02-13 17:43:09.955 I/wpa_supplicant(  399): State: SCANNING -> INACTIVE
02-13 17:43:09.955 I/wpa_supplicant(  399): CTRL-EVENT-STATE-CHANGE id=-1 state=1 BSSID=00:00:00:00:00:00
02-13 17:43:09.955 I/dun_service(  124): process rmnet event
02-13 17:43:09.955 I/dun_service(  124): Post event 4
02-13 17:43:09.955 I/dun_service(  124): received event: DUN_EVENT_RMNET_UP 
02-13 17:43:09.955 I/dun_service(  124): received event(DUN_EVENT_RMNET_UP) in state(DUN_STATE_USB_UNPLUG)
02-13 17:43:09.955 I/dun_service(  124): Ignoring the event DUN_EVENT_RMNET_UP in USB_UNPLUG_STATE
02-13 17:43:09.955 I/dun_service(  124): Moved to state(DUN_STATE_USB_UNPLUG)
02-13 17:43:09.965 D/NetworkStateTracker(  256): setDetailed state, old =SCANNING and new state=IDLE
02-13 17:43:09.965 D/WifiStateTracker(  256): setNotificationVisible() visible=false mNotificationShown=false force=false return.
02-13 17:43:10.235 E/MediaPlayer(  845): getCurrentPosition sec = 39248
02-13 17:43:10.235 E/MediaPlayer(  845): getDuration_l mDuration = 1296300
02-13 17:43:11.236 E/MediaPlayer(  845): getCurrentPosition sec = 40208
02-13 17:43:11.236 E/MediaPlayer(  845): getDuration_l mDuration = 1296300
02-13 17:43:12.247 E/MediaPlayer(  845): getCurrentPosition sec = 41306
02-13 17:43:12.247 E/MediaPlayer(  845): getDuration_l mDuration = 1296300
02-13 17:43:13.248 E/MediaPlayer(  845): getCurrentPosition sec = 42267
02-13 17:43:13.248 E/MediaPlayer(  845): getDuration_l mDuration = 1296300
02-13 17:43:14.249 E/MediaPlayer(  845): getCurrentPosition sec = 43227
02-13 17:43:14.249 E/MediaPlayer(  845): getDuration_l mDuration = 1296300
02-13 17:43:15.260 E/MediaPlayer(  845): getCurrentPosition sec = 44188
02-13 17:43:15.260 E/MediaPlayer(  845): getDuration_l mDuration = 1296300
02-13 17:43:16.251 E/MediaPlayer(  845): getCurrentPosition sec = 45286
02-13 17:43:16.251 E/MediaPlayer(  845): getDuration_l mDuration = 1296300
02-13 17:43:17.262 E/MediaPlayer(  845): getCurrentPosition sec = 46246
02-13 17:43:17.262 E/MediaPlayer(  845): getDuration_l mDuration = 1296300
02-13 17:43:18.273 E/MediaPlayer(  845): getCurrentPosition sec = 47344
02-13 17:43:18.273 E/MediaPlayer(  845): getDuration_l mDuration = 1296300
02-13 17:43:19.274 E/MediaPlayer(  845): getCurrentPosition sec = 48305
02-13 17:43:19.274 E/MediaPlayer(  845): getDuration_l mDuration = 1296300
02-13 17:43:20.285 E/MediaPlayer(  845): getCurrentPosition sec = 49265
02-13 17:43:20.285 E/MediaPlayer(  845): getDuration_l mDuration = 1296300
02-13 17:43:21.296 E/MediaPlayer(  845): getCurrentPosition sec = 50364
02-13 17:43:21.296 E/MediaPlayer(  845): getDuration_l mDuration = 1296300
02-13 17:43:22.297 E/MediaPlayer(  845): getCurrentPosition sec = 51324
02-13 17:43:22.297 E/MediaPlayer(  845): getDuration_l mDuration = 1296300
02-13 17:43:23.308 E/MediaPlayer(  845): getCurrentPosition sec = 52285
02-13 17:43:23.308 E/MediaPlayer(  845): getDuration_l mDuration = 1296300
02-13 17:43:24.309 E/MediaPlayer(  845): getCurrentPosition sec = 53383
02-13 17:43:24.309 E/MediaPlayer(  845): getDuration_l mDuration = 1296300
02-13 17:43:24.980 I/wpa_supplicant(  399): State: INACTIVE -> SCANNING
02-13 17:43:24.980 I/wpa_supplicant(  399): CTRL-EVENT-STATE-CHANGE id=-1 state=2 BSSID=00:00:00:00:00:00
02-13 17:43:24.980 D/NetworkStateTracker(  256): setDetailed state, old =IDLE and new state=SCANNING
02-13 17:43:25.320 E/MediaPlayer(  845): getCurrentPosition sec = 54343
02-13 17:43:25.320 E/MediaPlayer(  845): getDuration_l mDuration = 1296300
02-13 17:43:25.951 I/dun_service(  124): process rmnet event
02-13 17:43:25.951 I/dun_service(  124): Post event 4
02-13 17:43:25.951 I/dun_service(  124): received event: DUN_EVENT_RMNET_UP 
02-13 17:43:25.951 I/dun_service(  124): received event(DUN_EVENT_RMNET_UP) in state(DUN_STATE_USB_UNPLUG)
02-13 17:43:25.951 I/dun_service(  124): Ignoring the event DUN_EVENT_RMNET_UP in USB_UNPLUG_STATE
02-13 17:43:25.951 I/dun_service(  124): Moved to state(DUN_STATE_USB_UNPLUG)
02-13 17:43:25.951 I/wpa_supplicant(  399): State: SCANNING -> INACTIVE
02-13 17:43:25.951 I/wpa_supplicant(  399): CTRL-EVENT-STATE-CHANGE id=-1 state=1 BSSID=00:00:00:00:00:00
02-13 17:43:25.961 D/WifiStateTracker(  256): setNotificationVisible() visible=false mNotificationShown=false force=false return.
02-13 17:43:25.961 D/NetworkStateTracker(  256): setDetailed state, old =SCANNING and new state=IDLE
02-13 17:43:26.321 E/MediaPlayer(  845): getCurrentPosition sec = 55304
02-13 17:43:26.321 E/MediaPlayer(  845): getDuration_l mDuration = 1296300
02-13 17:43:27.322 E/MediaPlayer(  845): getCurrentPosition sec = 56402
02-13 17:43:27.322 E/MediaPlayer(  845): getDuration_l mDuration = 1296300
02-13 17:43:28.333 E/MediaPlayer(  845): getCurrentPosition sec = 57362
02-13 17:43:28.333 E/MediaPlayer(  845): getDuration_l mDuration = 1296300
02-13 17:43:29.334 E/MediaPlayer(  845): getCurrentPosition sec = 58323
02-13 17:43:29.334 E/MediaPlayer(  845): getDuration_l mDuration = 1296300
02-13 17:43:30.345 E/MediaPlayer(  845): getCurrentPosition sec = 59421
02-13 17:43:30.345 E/MediaPlayer(  845): getDuration_l mDuration = 1296300
02-13 17:43:31.356 E/MediaPlayer(  845): getCurrentPosition sec = 60381
02-13 17:43:31.356 E/MediaPlayer(  845): getDuration_l mDuration = 1296300
02-13 17:43:32.357 E/MediaPlayer(  845): getCurrentPosition sec = 61342
02-13 17:43:32.367 E/MediaPlayer(  845): getDuration_l mDuration = 1296300
02-13 17:43:33.368 E/MediaPlayer(  845): getCurrentPosition sec = 62303
02-13 17:43:33.368 E/MediaPlayer(  845): getDuration_l mDuration = 1296300
02-13 17:43:34.379 E/MediaPlayer(  845): getCurrentPosition sec = 63401
02-13 17:43:34.379 E/MediaPlayer(  845): getDuration_l mDuration = 1296300
02-13 17:43:35.390 E/MediaPlayer(  845): getCurrentPosition sec = 64361
02-13 17:43:35.390 E/MediaPlayer(  845): getDuration_l mDuration = 1296300
02-13 17:43:36.391 E/MediaPlayer(  845): getCurrentPosition sec = 65322
02-13 17:43:36.391 E/MediaPlayer(  845): getDuration_l mDuration = 1296300
02-13 17:43:37.392 E/MediaPlayer(  845): getCurrentPosition sec = 66420
02-13 17:43:37.392 E/MediaPlayer(  845): getDuration_l mDuration = 1296300
02-13 17:43:38.403 E/MediaPlayer(  845): getCurrentPosition sec = 67381
02-13 17:43:38.403 E/MediaPlayer(  845): getDuration_l mDuration = 1296300
02-13 17:43:39.414 E/MediaPlayer(  845): getCurrentPosition sec = 68341
02-13 17:43:39.414 E/MediaPlayer(  845): getDuration_l mDuration = 1296300
02-13 17:43:40.415 E/MediaPlayer(  845): getCurrentPosition sec = 69439
02-13 17:43:40.415 E/MediaPlayer(  845): getDuration_l mDuration = 1296300
02-13 17:43:40.975 I/wpa_supplicant(  399): State: INACTIVE -> SCANNING
02-13 17:43:40.975 I/wpa_supplicant(  399): CTRL-EVENT-STATE-CHANGE id=-1 state=2 BSSID=00:00:00:00:00:00
02-13 17:43:40.985 D/NetworkStateTracker(  256): setDetailed state, old =IDLE and new state=SCANNING
02-13 17:43:41.426 E/MediaPlayer(  845): getCurrentPosition sec = 70400
02-13 17:43:41.426 E/MediaPlayer(  845): getDuration_l mDuration = 1296300
02-13 17:43:41.946 I/dun_service(  124): process rmnet event
02-13 17:43:41.946 I/dun_service(  124): Post event 4
02-13 17:43:41.946 I/dun_service(  124): received event: DUN_EVENT_RMNET_UP 
02-13 17:43:41.946 I/dun_service(  124): received event(DUN_EVENT_RMNET_UP) in state(DUN_STATE_USB_UNPLUG)
02-13 17:43:41.946 I/dun_service(  124): Ignoring the event DUN_EVENT_RMNET_UP in USB_UNPLUG_STATE
02-13 17:43:41.946 I/dun_service(  124): Moved to state(DUN_STATE_USB_UNPLUG)
02-13 17:43:41.956 I/wpa_supplicant(  399): State: SCANNING -> INACTIVE
02-13 17:43:41.956 I/wpa_supplicant(  399): CTRL-EVENT-STATE-CHANGE id=-1 state=1 BSSID=00:00:00:00:00:00
02-13 17:43:41.966 D/NetworkStateTracker(  256): setDetailed state, old =SCANNING and new state=IDLE
02-13 17:43:41.966 D/WifiStateTracker(  256): setNotificationVisible() visible=false mNotificationShown=false force=false return.
02-13 17:43:42.437 E/MediaPlayer(  845): getCurrentPosition sec = 71360
02-13 17:43:42.437 E/MediaPlayer(  845): getDuration_l mDuration = 1296300
02-13 17:43:43.448 E/MediaPlayer(  845): getCurrentPosition sec = 72458
02-13 17:43:43.448 E/MediaPlayer(  845): getDuration_l mDuration = 1296300
02-13 17:43:44.449 E/MediaPlayer(  845): getCurrentPosition sec = 73419
02-13 17:43:44.449 E/MediaPlayer(  845): getDuration_l mDuration = 1296300
02-13 17:43:44.589 E/rmt_storage(  154): [MyTag]open: fd=-1
02-13 17:43:44.589 E/rmt_storage(  154): block rmt_storage client thread
02-13 17:43:45.460 E/MediaPlayer(  845): getCurrentPosition sec = 74517
02-13 17:43:45.460 E/MediaPlayer(  845): getDuration_l mDuration = 1296300
02-13 17:43:46.461 E/MediaPlayer(  845): getCurrentPosition sec = 75477
02-13 17:43:46.461 E/MediaPlayer(  845): getDuration_l mDuration = 1296300
02-13 17:43:47.452 E/MediaPlayer(  845): getCurrentPosition sec = 76438
02-13 17:43:47.452 E/MediaPlayer(  845): getDuration_l mDuration = 1296300
02-13 17:43:48.463 E/MediaPlayer(  845): getCurrentPosition sec = 77398
02-13 17:43:48.463 E/MediaPlayer(  845): getDuration_l mDuration = 1296300
02-13 17:43:49.464 E/MediaPlayer(  845): getCurrentPosition sec = 78496
02-13 17:43:49.464 E/MediaPlayer(  845): getDuration_l mDuration = 1296300
02-13 17:43:50.475 E/MediaPlayer(  845): getCurrentPosition sec = 79457
02-13 17:43:50.475 E/MediaPlayer(  845): getDuration_l mDuration = 1296300
02-13 17:43:51.486 E/MediaPlayer(  845): getCurrentPosition sec = 80417
02-13 17:43:51.486 E/MediaPlayer(  845): getDuration_l mDuration = 1296300
02-13 17:43:52.327 I/dun_service(  124): The value returned from dun_getusbmodemstate_fromsys is 2 
02-13 17:43:52.337 D/KeyguardUpdateMonitor(  256): received broadcast android.intent.action.BATTERY_CHANGED
02-13 17:43:52.337 D/KeyguardUpdateMonitor(  256): handleBatteryUpdate
02-13 17:43:52.487 E/MediaPlayer(  845): getCurrentPosition sec = 81515
02-13 17:43:52.487 E/MediaPlayer(  845): getDuration_l mDuration = 1296300
02-13 17:43:53.498 E/MediaPlayer(  845): getCurrentPosition sec = 82475
02-13 17:43:53.498 E/MediaPlayer(  845): getDuration_l mDuration = 1296300
02-13 17:43:54.509 E/MediaPlayer(  845): getCurrentPosition sec = 83436
02-13 17:43:54.509 E/MediaPlayer(  845): getDuration_l mDuration = 1296300
02-13 17:43:55.520 E/MediaPlayer(  845): getCurrentPosition sec = 84534
02-13 17:43:55.520 E/MediaPlayer(  845): getDuration_l mDuration = 1296300
02-13 17:43:56.531 E/MediaPlayer(  845): getCurrentPosition sec = 85494
02-13 17:43:56.531 E/MediaPlayer(  845): getDuration_l mDuration = 1296300
02-13 17:43:56.971 I/wpa_supplicant(  399): State: INACTIVE -> SCANNING
02-13 17:43:56.971 I/wpa_supplicant(  399): CTRL-EVENT-STATE-CHANGE id=-1 state=2 BSSID=00:00:00:00:00:00
02-13 17:43:56.981 D/NetworkStateTracker(  256): setDetailed state, old =IDLE and new state=SCANNING
02-13 17:43:57.532 E/MediaPlayer(  845): getCurrentPosition sec = 86592
02-13 17:43:57.532 E/MediaPlayer(  845): getDuration_l mDuration = 1296300
02-13 17:43:57.952 I/wpa_supplicant(  399): State: SCANNING -> INACTIVE
02-13 17:43:57.952 I/wpa_supplicant(  399): CTRL-EVENT-STATE-CHANGE id=-1 state=1 BSSID=00:00:00:00:00:00
02-13 17:43:57.952 I/dun_service(  124): process rmnet event
02-13 17:43:57.952 I/dun_service(  124): Post event 4
02-13 17:43:57.952 I/dun_service(  124): received event: DUN_EVENT_RMNET_UP 
02-13 17:43:57.952 I/dun_service(  124): received event(DUN_EVENT_RMNET_UP) in state(DUN_STATE_USB_UNPLUG)
02-13 17:43:57.952 I/dun_service(  124): Ignoring the event DUN_EVENT_RMNET_UP in USB_UNPLUG_STATE
02-13 17:43:57.952 I/dun_service(  124): Moved to state(DUN_STATE_USB_UNPLUG)
02-13 17:43:57.952 D/NetworkStateTracker(  256): setDetailed state, old =SCANNING and new state=IDLE
02-13 17:43:57.952 D/WifiStateTracker(  256): setNotificationVisible() visible=false mNotificationShown=false force=false return.
02-13 17:43:58.533 E/MediaPlayer(  845): getCurrentPosition sec = 87553
02-13 17:43:58.533 E/MediaPlayer(  845): getDuration_l mDuration = 1296300
02-13 17:43:59.534 E/MediaPlayer(  845): getCurrentPosition sec = 88513
02-13 17:43:59.534 E/MediaPlayer(  845): getDuration_l mDuration = 1296300
02-13 17:44:00.024 D/KeyguardUpdateMonitor(  256): received broadcast android.intent.action.TIME_TICK
02-13 17:44:00.024 D/KeyguardUpdateMonitor(  256): handleTimeUpdate
02-13 17:44:00.535 E/MediaPlayer(  845): getCurrentPosition sec = 89474
02-13 17:44:00.545 E/MediaPlayer(  845): getDuration_l mDuration = 1296300
02-13 17:44:01.556 E/MediaPlayer(  845): getCurrentPosition sec = 90572
02-13 17:44:01.556 E/MediaPlayer(  845): getDuration_l mDuration = 1296300
02-13 17:44:02.567 E/MediaPlayer(  845): getCurrentPosition sec = 91532
02-13 17:44:02.567 E/MediaPlayer(  845): getDuration_l mDuration = 1296300
02-13 17:44:03.567 E/MediaPlayer(  845): getCurrentPosition sec = 92630
02-13 17:44:03.567 E/MediaPlayer(  845): getDuration_l mDuration = 1296300
02-13 17:44:04.578 E/MediaPlayer(  845): getCurrentPosition sec = 93591
02-13 17:44:04.578 E/MediaPlayer(  845): getDuration_l mDuration = 1296300
02-13 17:44:05.579 E/MediaPlayer(  845): getCurrentPosition sec = 94552
02-13 17:44:05.579 E/MediaPlayer(  845): getDuration_l mDuration = 1296300
02-13 17:44:05.710 D/DATA    (  344): [DSST(0)] pollstate() : reason = data network state changed
02-13 17:44:05.780 D/MobileDataStateTracker(  256): [hipri]  MobileDataStateReceiver onReceive(): Entry.
02-13 17:44:05.780 D/MobileDataStateTracker(  256): [hipri]  intent.getAction()= android.intent.action.SERVICE_STATE
02-13 17:44:05.780 D/MobileDataStateTracker(  256): [hipri]  mEnabled = false
02-13 17:44:05.800 D/MobileDataStateTracker(  256): [dun]  MobileDataStateReceiver onReceive(): Entry.
02-13 17:44:05.800 D/MobileDataStateTracker(  256): [dun]  intent.getAction()= android.intent.action.SERVICE_STATE
02-13 17:44:05.800 D/MobileDataStateTracker(  256): [dun]  mEnabled = false
02-13 17:44:05.800 D/CallManager(  344):  handleMessage (EVENT_SERVICE_STATE_CHANGED)
02-13 17:44:05.800 E/BT HS/HF(  344): SERVICE_STATE_CHANGED called
02-13 17:44:05.800 E/BT HS/HF(  344): updateServiceState called, sendUpdate:false  ServiceState:0 home Sprint  310099  EvDo rev. A CSS not supported 41 4139RoamInd: 1RoamStatus(sprint): 1DefRoamInd: 160EmergOnly: false
02-13 17:44:05.800 E/BT HS/HF(  344): service:1 mService:1
02-13 17:44:05.800 D/MobileDataStateTracker(  256): [supl]  MobileDataStateReceiver onReceive(): Entry.
02-13 17:44:05.800 D/MobileDataStateTracker(  256): [supl]  intent.getAction()= android.intent.action.SERVICE_STATE
02-13 17:44:05.800 D/MobileDataStateTracker(  256): [supl]  mEnabled = false
02-13 17:44:05.800 D/DATA    (  344): [DSST(0)]  registrationState = 1  radioTechnology = 8 reasonForDenial = 0
02-13 17:44:05.800 D/DATA    (  344): [DSST(0)]  set mNewDataConnectionState = 0
02-13 17:44:05.800 D/DATA    (  344): [DSST(0)]  mNewDataConnectionState : 0  mDataConnectionState : 0
02-13 17:44:05.800 D/DATA    (  344): [DSST(0)] Poll ServiceState done: oldSS=[0 home null null null  EvDo rev. A CSS not supported -1 -1RoamInd: -1RoamStatus(sprint): -1DefRoamInd: -1EmergOnly: false] newSS=[0 home null null null  EvDo rev. A CSS not supported -1 -1RoamInd: -1RoamStatus(sprint): -1DefRoamInd: -1EmergOnly: false]
02-13 17:44:05.800 D/DATA    (  344): [DSST(0)]  mDataConnectionState = 0
02-13 17:44:05.810 D/MobileDataStateTracker(  256): [mms]  MobileDataStateReceiver onReceive(): Entry.
02-13 17:44:05.810 D/MobileDataStateTracker(  256): [mms]  intent.getAction()= android.intent.action.SERVICE_STATE
02-13 17:44:05.810 D/MobileDataStateTracker(  256): [mms]  mEnabled = false
02-13 17:44:05.810 D/MobileDataStateTracker(  256): [default]  MobileDataStateReceiver onReceive(): Entry.
02-13 17:44:05.810 D/MobileDataStateTracker(  256): [default]  intent.getAction()= android.intent.action.SERVICE_STATE
02-13 17:44:05.810 D/MobileDataStateTracker(  256): [default]  mEnabled = true
02-13 17:44:05.810 D/Mms     (  811): currentRoamingStatus:1
02-13 17:44:06.590 E/MediaPlayer(  845): getCurrentPosition sec = 95512
02-13 17:44:06.590 E/MediaPlayer(  845): getDuration_l mDuration = 1296300
02-13 17:44:07.581 E/MediaPlayer(  845): getCurrentPosition sec = 96610
02-13 17:44:07.581 E/MediaPlayer(  845): getDuration_l mDuration = 1296300
02-13 17:44:08.582 E/MediaPlayer(  845): getCurrentPosition sec = 97571
02-13 17:44:08.582 E/MediaPlayer(  845): getDuration_l mDuration = 1296300
02-13 17:44:09.593 E/MediaPlayer(  845): getCurrentPosition sec = 98531
02-13 17:44:09.593 E/MediaPlayer(  845): getDuration_l mDuration = 1296300
02-13 17:44:10.594 E/MediaPlayer(  845): getCurrentPosition sec = 99629
02-13 17:44:10.594 E/MediaPlayer(  845): getDuration_l mDuration = 1296300
02-13 17:44:11.605 E/MediaPlayer(  845): getCurrentPosition sec = 100590
02-13 17:44:11.605 E/MediaPlayer(  845): getDuration_l mDuration = 1296300
02-13 17:44:12.606 E/MediaPlayer(  845): getCurrentPosition sec = 101551
02-13 17:44:12.606 E/MediaPlayer(  845): getDuration_l mDuration = 1296300
02-13 17:44:12.977 I/wpa_supplicant(  399): State: INACTIVE -> SCANNING
02-13 17:44:12.977 I/wpa_supplicant(  399): CTRL-EVENT-STATE-CHANGE id=-1 state=2 BSSID=00:00:00:00:00:00
02-13 17:44:12.977 D/NetworkStateTracker(  256): setDetailed state, old =IDLE and new state=SCANNING
02-13 17:44:13.617 E/MediaPlayer(  845): getCurrentPosition sec = 102648
02-13 17:44:13.617 E/MediaPlayer(  845): getDuration_l mDuration = 1296300
02-13 17:44:13.968 I/dun_service(  124): process rmnet event
02-13 17:44:13.968 I/dun_service(  124): Post event 4
02-13 17:44:13.968 I/dun_service(  124): received event: DUN_EVENT_RMNET_UP 
02-13 17:44:13.968 I/dun_service(  124): received event(DUN_EVENT_RMNET_UP) in state(DUN_STATE_USB_UNPLUG)
02-13 17:44:13.968 I/dun_service(  124): Ignoring the event DUN_EVENT_RMNET_UP in USB_UNPLUG_STATE
02-13 17:44:13.968 I/dun_service(  124): Moved to state(DUN_STATE_USB_UNPLUG)
02-13 17:44:13.968 I/wpa_supplicant(  399): State: SCANNING -> INACTIVE
02-13 17:44:13.968 I/wpa_supplicant(  399): CTRL-EVENT-STATE-CHANGE id=-1 state=1 BSSID=00:00:00:00:00:00
02-13 17:44:13.978 D/WifiStateTracker(  256): setNotificationVisible() visible=false mNotificationShown=false force=false return.
02-13 17:44:13.978 D/NetworkStateTracker(  256): setDetailed state, old =SCANNING and new state=IDLE
02-13 17:44:14.628 E/MediaPlayer(  845): getCurrentPosition sec = 103609
02-13 17:44:14.628 E/MediaPlayer(  845): getDuration_l mDuration = 1296300
02-13 17:44:15.629 E/MediaPlayer(  845): getCurrentPosition sec = 104570
02-13 17:44:15.629 E/MediaPlayer(  845): getDuration_l mDuration = 1296300
02-13 17:44:15.950 D/DATA    (  344): [DSST(0)] pollstate() : reason = data network state changed
02-13 17:44:16.010 D/MobileDataStateTracker(  256): [hipri]  MobileDataStateReceiver onReceive(): Entry.
02-13 17:44:16.010 D/MobileDataStateTracker(  256): [hipri]  intent.getAction()= android.intent.action.SERVICE_STATE
02-13 17:44:16.010 D/MobileDataStateTracker(  256): [hipri]  mEnabled = false
02-13 17:44:16.060 D/MobileDataStateTracker(  256): [dun]  MobileDataStateReceiver onReceive(): Entry.
02-13 17:44:16.060 D/MobileDataStateTracker(  256): [dun]  intent.getAction()= android.intent.action.SERVICE_STATE
02-13 17:44:16.060 D/MobileDataStateTracker(  256): [dun]  mEnabled = false
02-13 17:44:16.060 D/DATA    (  344): [DSST(0)]  registrationState = 1  radioTechnology = 8 reasonForDenial = 0
02-13 17:44:16.060 D/DATA    (  344): [DSST(0)]  set mNewDataConnectionState = 0
02-13 17:44:16.060 D/DATA    (  344): [DSST(0)]  mNewDataConnectionState : 0  mDataConnectionState : 0
02-13 17:44:16.060 D/DATA    (  344): [DSST(0)] Poll ServiceState done: oldSS=[0 home null null null  EvDo rev. A CSS not supported -1 -1RoamInd: -1RoamStatus(sprint): -1DefRoamInd: -1EmergOnly: false] newSS=[0 home null null null  EvDo rev. A CSS not supported -1 -1RoamInd: -1RoamStatus(sprint): -1DefRoamInd: -1EmergOnly: false]
02-13 17:44:16.060 D/DATA    (  344): [DSST(0)]  mDataConnectionState = 0
02-13 17:44:16.060 D/CallManager(  344):  handleMessage (EVENT_SERVICE_STATE_CHANGED)
02-13 17:44:16.060 E/BT HS/HF(  344): SERVICE_STATE_CHANGED called
02-13 17:44:16.060 E/BT HS/HF(  344): updateServiceState called, sendUpdate:false  ServiceState:0 home Sprint  310099  EvDo rev. A CSS not supported 41 4139RoamInd: 1RoamStatus(sprint): 1DefRoamInd: 160EmergOnly: false
02-13 17:44:16.060 E/BT HS/HF(  344): service:1 mService:1
02-13 17:44:16.070 D/MobileDataStateTracker(  256): [supl]  MobileDataStateReceiver onReceive(): Entry.
02-13 17:44:16.070 D/MobileDataStateTracker(  256): [supl]  intent.getAction()= android.intent.action.SERVICE_STATE
02-13 17:44:16.070 D/MobileDataStateTracker(  256): [supl]  mEnabled = false
02-13 17:44:16.070 D/MobileDataStateTracker(  256): [mms]  MobileDataStateReceiver onReceive(): Entry.
02-13 17:44:16.070 D/MobileDataStateTracker(  256): [mms]  intent.getAction()= android.intent.action.SERVICE_STATE
02-13 17:44:16.070 D/MobileDataStateTracker(  256): [mms]  mEnabled = false
02-13 17:44:16.070 D/MobileDataStateTracker(  256): [default]  MobileDataStateReceiver onReceive(): Entry.
02-13 17:44:16.070 D/MobileDataStateTracker(  256): [default]  intent.getAction()= android.intent.action.SERVICE_STATE
02-13 17:44:16.070 D/MobileDataStateTracker(  256): [default]  mEnabled = true
02-13 17:44:16.100 D/Mms     (  811): currentRoamingStatus:1
02-13 17:44:16.640 E/MediaPlayer(  845): getCurrentPosition sec = 105668
02-13 17:44:16.640 E/MediaPlayer(  845): getDuration_l mDuration = 1296300
02-13 17:44:17.641 E/MediaPlayer(  845): getCurrentPosition sec = 106628
02-13 17:44:17.641 E/MediaPlayer(  845): getDuration_l mDuration = 1296300
02-13 17:44:18.642 E/MediaPlayer(  845): getCurrentPosition sec = 107589
02-13 17:44:18.642 E/MediaPlayer(  845): getDuration_l mDuration = 1296300
02-13 17:44:19.343 D/DATA    (  344): [DSST(0)] pollstate() : reason = data network state changed
02-13 17:44:19.403 D/MobileDataStateTracker(  256): [hipri]  MobileDataStateReceiver onReceive(): Entry.
02-13 17:44:19.403 D/MobileDataStateTracker(  256): [hipri]  intent.getAction()= android.intent.action.SERVICE_STATE
02-13 17:44:19.403 D/MobileDataStateTracker(  256): [hipri]  mEnabled = false
02-13 17:44:19.403 D/MobileDataStateTracker(  256): [dun]  MobileDataStateReceiver onReceive(): Entry.
02-13 17:44:19.403 D/MobileDataStateTracker(  256): [dun]  intent.getAction()= android.intent.action.SERVICE_STATE
02-13 17:44:19.403 D/MobileDataStateTracker(  256): [dun]  mEnabled = false
02-13 17:44:19.423 D/MobileDataStateTracker(  256): [supl]  MobileDataStateReceiver onReceive(): Entry.
02-13 17:44:19.423 D/MobileDataStateTracker(  256): [supl]  intent.getAction()= android.intent.action.SERVICE_STATE
02-13 17:44:19.423 D/MobileDataStateTracker(  256): [supl]  mEnabled = false
02-13 17:44:19.423 D/CallManager(  344):  handleMessage (EVENT_SERVICE_STATE_CHANGED)
02-13 17:44:19.423 E/BT HS/HF(  344): SERVICE_STATE_CHANGED called
02-13 17:44:19.433 E/BT HS/HF(  344): updateServiceState called, sendUpdate:false  ServiceState:0 home Sprint  310099  EvDo rev. A CSS not supported 41 4139RoamInd: 1RoamStatus(sprint): 1DefRoamInd: 160EmergOnly: false
02-13 17:44:19.433 E/BT HS/HF(  344): service:1 mService:1
02-13 17:44:19.433 D/DATA    (  344): [DSST(0)]  registrationState = 1  radioTechnology = 8 reasonForDenial = 0
02-13 17:44:19.433 D/DATA    (  344): [DSST(0)]  set mNewDataConnectionState = 0
02-13 17:44:19.433 D/DATA    (  344): [DSST(0)]  mNewDataConnectionState : 0  mDataConnectionState : 0
02-13 17:44:19.433 D/DATA    (  344): [DSST(0)] Poll ServiceState done: oldSS=[0 home null null null  EvDo rev. A CSS not supported -1 -1RoamInd: -1RoamStatus(sprint): -1DefRoamInd: -1EmergOnly: false] newSS=[0 home null null null  EvDo rev. A CSS not supported -1 -1RoamInd: -1RoamStatus(sprint): -1DefRoamInd: -1EmergOnly: false]
02-13 17:44:19.433 D/DATA    (  344): [DSST(0)]  mDataConnectionState = 0
02-13 17:44:19.433 D/MobileDataStateTracker(  256): [mms]  MobileDataStateReceiver onReceive(): Entry.
02-13 17:44:19.433 D/MobileDataStateTracker(  256): [mms]  intent.getAction()= android.intent.action.SERVICE_STATE
02-13 17:44:19.433 D/MobileDataStateTracker(  256): [mms]  mEnabled = false
02-13 17:44:19.443 D/MobileDataStateTracker(  256): [default]  MobileDataStateReceiver onReceive(): Entry.
02-13 17:44:19.443 D/MobileDataStateTracker(  256): [default]  intent.getAction()= android.intent.action.SERVICE_STATE
02-13 17:44:19.443 D/MobileDataStateTracker(  256): [default]  mEnabled = true
02-13 17:44:19.443 D/Mms     (  811): currentRoamingStatus:1
02-13 17:44:19.653 E/MediaPlayer(  845): getCurrentPosition sec = 108687
02-13 17:44:19.653 E/MediaPlayer(  845): getDuration_l mDuration = 1296300
02-13 17:44:20.664 E/MediaPlayer(  845): getCurrentPosition sec = 109647
02-13 17:44:20.664 E/MediaPlayer(  845): getDuration_l mDuration = 1296300
02-13 17:44:21.675 E/MediaPlayer(  845): getCurrentPosition sec = 110745
02-13 17:44:21.675 E/MediaPlayer(  845): getDuration_l mDuration = 1296300
02-13 17:44:22.686 E/MediaPlayer(  845): getCurrentPosition sec = 111706
02-13 17:44:22.686 E/MediaPlayer(  845): getDuration_l mDuration = 1296300
02-13 17:44:23.687 E/MediaPlayer(  845): getCurrentPosition sec = 112666
02-13 17:44:23.687 E/MediaPlayer(  845): getDuration_l mDuration = 1296300
02-13 17:44:24.698 E/MediaPlayer(  845): getCurrentPosition sec = 113764
02-13 17:44:24.698 E/MediaPlayer(  845): getDuration_l mDuration = 1296300
02-13 17:44:25.699 E/MediaPlayer(  845): getCurrentPosition sec = 114725
02-13 17:44:25.699 E/MediaPlayer(  845): getDuration_l mDuration = 1296300
02-13 17:44:26.710 E/MediaPlayer(  845): getCurrentPosition sec = 115686
02-13 17:44:26.710 E/MediaPlayer(  845): getDuration_l mDuration = 1296300
02-13 17:44:27.711 E/MediaPlayer(  845): getCurrentPosition sec = 116784
02-13 17:44:27.711 E/MediaPlayer(  845): getDuration_l mDuration = 1296300
02-13 17:44:28.712 E/MediaPlayer(  845): getCurrentPosition sec = 117744
02-13 17:44:28.712 E/MediaPlayer(  845): getDuration_l mDuration = 1296300
02-13 17:44:28.982 I/wpa_supplicant(  399): State: INACTIVE -> SCANNING
02-13 17:44:28.982 I/wpa_supplicant(  399): CTRL-EVENT-STATE-CHANGE id=-1 state=2 BSSID=00:00:00:00:00:00
02-13 17:44:28.982 D/NetworkStateTracker(  256): setDetailed state, old =IDLE and new state=SCANNING
02-13 17:44:29.723 E/MediaPlayer(  845): getCurrentPosition sec = 118705
02-13 17:44:29.723 E/MediaPlayer(  845): getDuration_l mDuration = 1296300
02-13 17:44:29.983 I/dun_service(  124): process rmnet event
02-13 17:44:29.983 I/dun_service(  124): Post event 4
02-13 17:44:29.983 I/dun_service(  124): received event: DUN_EVENT_RMNET_UP 
02-13 17:44:29.983 I/dun_service(  124): received event(DUN_EVENT_RMNET_UP) in state(DUN_STATE_USB_UNPLUG)
02-13 17:44:29.983 I/dun_service(  124): Ignoring the event DUN_EVENT_RMNET_UP in USB_UNPLUG_STATE
02-13 17:44:29.983 I/dun_service(  124): Moved to state(DUN_STATE_USB_UNPLUG)
02-13 17:44:29.983 I/wpa_supplicant(  399): State: SCANNING -> INACTIVE
02-13 17:44:29.983 I/wpa_supplicant(  399): CTRL-EVENT-STATE-CHANGE id=-1 state=1 BSSID=00:00:00:00:00:00
02-13 17:44:29.993 D/WifiStateTracker(  256): setNotificationVisible() visible=false mNotificationShown=false force=false return.
02-13 17:44:29.993 D/NetworkStateTracker(  256): setDetailed state, old =SCANNING and new state=IDLE
02-13 17:44:30.724 E/MediaPlayer(  845): getCurrentPosition sec = 119803
02-13 17:44:30.724 E/MediaPlayer(  845): getDuration_l mDuration = 1296300
02-13 17:44:31.735 E/MediaPlayer(  845): getCurrentPosition sec = 120763
02-13 17:44:31.735 E/MediaPlayer(  845): getDuration_l mDuration = 1296300
02-13 17:44:32.746 E/MediaPlayer(  845): getCurrentPosition sec = 121724
02-13 17:44:32.746 E/MediaPlayer(  845): getDuration_l mDuration = 1296300
02-13 17:44:33.747 E/MediaPlayer(  845): getCurrentPosition sec = 122822
02-13 17:44:33.747 E/MediaPlayer(  845): getDuration_l mDuration = 1296300
02-13 17:44:34.758 E/MediaPlayer(  845): getCurrentPosition sec = 123782
02-13 17:44:34.758 E/MediaPlayer(  845): getDuration_l mDuration = 1296300
02-13 17:44:35.759 E/MediaPlayer(  845): getCurrentPosition sec = 124743
02-13 17:44:35.759 E/MediaPlayer(  845): getDuration_l mDuration = 1296300
02-13 17:44:36.770 E/MediaPlayer(  845): getCurrentPosition sec = 125841
02-13 17:44:36.770 E/MediaPlayer(  845): getDuration_l mDuration = 1296300
02-13 17:44:37.761 E/MediaPlayer(  845): getCurrentPosition sec = 126801
02-13 17:44:37.761 E/MediaPlayer(  845): getDuration_l mDuration = 1296300
02-13 17:44:38.762 E/MediaPlayer(  845): getCurrentPosition sec = 127762
02-13 17:44:38.762 E/MediaPlayer(  845): getDuration_l mDuration = 1296300
02-13 17:44:39.773 E/MediaPlayer(  845): getCurrentPosition sec = 128860
02-13 17:44:39.773 E/MediaPlayer(  845): getDuration_l mDuration = 1296300
02-13 17:44:40.784 E/MediaPlayer(  845): getCurrentPosition sec = 129820
02-13 17:44:40.784 E/MediaPlayer(  845): getDuration_l mDuration = 1296300
02-13 17:44:41.795 E/MediaPlayer(  845): getCurrentPosition sec = 130781
02-13 17:44:41.795 E/MediaPlayer(  845): getDuration_l mDuration = 1296300
02-13 17:44:42.806 E/MediaPlayer(  845): getCurrentPosition sec = 131878
02-13 17:44:42.806 E/MediaPlayer(  845): getDuration_l mDuration = 1296300
02-13 17:44:43.817 E/MediaPlayer(  845): getCurrentPosition sec = 132839
02-13 17:44:43.817 E/MediaPlayer(  845): getDuration_l mDuration = 1296300
02-13 17:44:44.818 E/MediaPlayer(  845): getCurrentPosition sec = 133799
02-13 17:44:44.818 E/MediaPlayer(  845): getDuration_l mDuration = 1296300
02-13 17:44:45.018 I/wpa_supplicant(  399): State: INACTIVE -> SCANNING
02-13 17:44:45.018 I/wpa_supplicant(  399): CTRL-EVENT-STATE-CHANGE id=-1 state=2 BSSID=00:00:00:00:00:00
02-13 17:44:45.018 D/NetworkStateTracker(  256): setDetailed state, old =IDLE and new state=SCANNING
02-13 17:44:45.819 E/MediaPlayer(  845): getCurrentPosition sec = 134760
02-13 17:44:45.819 E/MediaPlayer(  845): getDuration_l mDuration = 1296300
02-13 17:44:45.999 I/dun_service(  124): process rmnet event
02-13 17:44:45.999 I/dun_service(  124): Post event 4
02-13 17:44:45.999 I/dun_service(  124): received event: DUN_EVENT_RMNET_UP 
02-13 17:44:45.999 I/dun_service(  124): received event(DUN_EVENT_RMNET_UP) in state(DUN_STATE_USB_UNPLUG)
02-13 17:44:45.999 I/dun_service(  124): Ignoring the event DUN_EVENT_RMNET_UP in USB_UNPLUG_STATE
02-13 17:44:45.999 I/dun_service(  124): Moved to state(DUN_STATE_USB_UNPLUG)
02-13 17:44:45.999 I/wpa_supplicant(  399): State: SCANNING -> INACTIVE
02-13 17:44:45.999 I/wpa_supplicant(  399): CTRL-EVENT-STATE-CHANGE id=-1 state=1 BSSID=00:00:00:00:00:00
02-13 17:44:46.009 D/NetworkStateTracker(  256): setDetailed state, old =SCANNING and new state=IDLE
02-13 17:44:46.009 D/WifiStateTracker(  256): setNotificationVisible() visible=false mNotificationShown=false force=false return.
02-13 17:44:46.830 E/MediaPlayer(  845): getCurrentPosition sec = 135858
02-13 17:44:46.830 E/MediaPlayer(  845): getDuration_l mDuration = 1296300
02-13 17:44:47.841 E/MediaPlayer(  845): getCurrentPosition sec = 136819
02-13 17:44:47.841 E/MediaPlayer(  845): getDuration_l mDuration = 1296300
02-13 17:44:48.832 E/MediaPlayer(  845): getCurrentPosition sec = 137779
02-13 17:44:48.832 E/MediaPlayer(  845): getDuration_l mDuration = 1296300
02-13 17:44:49.843 E/MediaPlayer(  845): getCurrentPosition sec = 138877
02-13 17:44:49.843 E/MediaPlayer(  845): getDuration_l mDuration = 1296300
02-13 17:44:50.844 E/MediaPlayer(  845): getCurrentPosition sec = 139838
02-13 17:44:50.844 E/MediaPlayer(  845): getDuration_l mDuration = 1296300
02-13 17:44:51.775 D/DATA    (  344): [DSST(0)] pollstate() : reason = data network state changed
02-13 17:44:51.855 E/MediaPlayer(  845): getCurrentPosition sec = 140798
02-13 17:44:51.855 E/MediaPlayer(  845): getDuration_l mDuration = 1296300
02-13 17:44:51.865 D/MobileDataStateTracker(  256): [hipri]  MobileDataStateReceiver onReceive(): Entry.
02-13 17:44:51.865 D/MobileDataStateTracker(  256): [hipri]  intent.getAction()= android.intent.action.SERVICE_STATE
02-13 17:44:51.865 D/MobileDataStateTracker(  256): [hipri]  mEnabled = false
02-13 17:44:51.865 D/MobileDataStateTracker(  256): [dun]  MobileDataStateReceiver onReceive(): Entry.
02-13 17:44:51.865 D/MobileDataStateTracker(  256): [dun]  intent.getAction()= android.intent.action.SERVICE_STATE
02-13 17:44:51.865 D/MobileDataStateTracker(  256): [dun]  mEnabled = false
02-13 17:44:51.865 D/MobileDataStateTracker(  256): [supl]  MobileDataStateReceiver onReceive(): Entry.
02-13 17:44:51.865 D/MobileDataStateTracker(  256): [supl]  intent.getAction()= android.intent.action.SERVICE_STATE
02-13 17:44:51.865 D/MobileDataStateTracker(  256): [supl]  mEnabled = false
02-13 17:44:51.865 D/MobileDataStateTracker(  256): [mms]  MobileDataStateReceiver onReceive(): Entry.
02-13 17:44:51.865 D/MobileDataStateTracker(  256): [mms]  intent.getAction()= android.intent.action.SERVICE_STATE
02-13 17:44:51.865 D/MobileDataStateTracker(  256): [mms]  mEnabled = false
02-13 17:44:51.875 D/MobileDataStateTracker(  256): [default]  MobileDataStateReceiver onReceive(): Entry.
02-13 17:44:51.875 D/MobileDataStateTracker(  256): [default]  intent.getAction()= android.intent.action.SERVICE_STATE
02-13 17:44:51.875 D/MobileDataStateTracker(  256): [default]  mEnabled = true
02-13 17:44:51.875 D/CallManager(  344):  handleMessage (EVENT_SERVICE_STATE_CHANGED)
02-13 17:44:51.875 E/BT HS/HF(  344): SERVICE_STATE_CHANGED called
02-13 17:44:51.875 E/BT HS/HF(  344): updateServiceState called, sendUpdate:false  ServiceState:0 home Sprint  310099  EvDo rev. A CSS not supported 41 4139RoamInd: 1RoamStatus(sprint): 1DefRoamInd: 160EmergOnly: false
02-13 17:44:51.875 E/BT HS/HF(  344): service:1 mService:1
02-13 17:44:51.885 D/DATA    (  344): [DSST(0)]  registrationState = 1  radioTechnology = 8 reasonForDenial = 0
02-13 17:44:51.885 D/DATA    (  344): [DSST(0)]  set mNewDataConnectionState = 0
02-13 17:44:51.885 D/DATA    (  344): [DSST(0)]  mNewDataConnectionState : 0  mDataConnectionState : 0
02-13 17:44:51.885 D/DATA    (  344): [DSST(0)] Poll ServiceState done: oldSS=[0 home null null null  EvDo rev. A CSS not supported -1 -1RoamInd: -1RoamStatus(sprint): -1DefRoamInd: -1EmergOnly: false] newSS=[0 home null null null  EvDo rev. A CSS not supported -1 -1RoamInd: -1RoamStatus(sprint): -1DefRoamInd: -1EmergOnly: false]
02-13 17:44:51.885 D/DATA    (  344): [DSST(0)]  mDataConnectionState = 0
02-13 17:44:51.905 D/Mms     (  811): currentRoamingStatus:1
02-13 17:44:52.325 I/dun_service(  124): The value returned from dun_getusbmodemstate_fromsys is 2 
02-13 17:44:52.325 D/KeyguardUpdateMonitor(  256): received broadcast android.intent.action.BATTERY_CHANGED
02-13 17:44:52.325 D/KeyguardUpdateMonitor(  256): handleBatteryUpdate
02-13 17:44:52.856 E/MediaPlayer(  845): getCurrentPosition sec = 141896
02-13 17:44:52.856 E/MediaPlayer(  845): getDuration_l mDuration = 1296300
02-13 17:44:53.867 E/MediaPlayer(  845): getCurrentPosition sec = 142857
02-13 17:44:53.867 E/MediaPlayer(  845): getDuration_l mDuration = 1296300
02-13 17:44:54.878 E/MediaPlayer(  845): getCurrentPosition sec = 143817
02-13 17:44:54.878 E/MediaPlayer(  845): getDuration_l mDuration = 1296300
02-13 17:44:55.879 E/MediaPlayer(  845): getCurrentPosition sec = 144915
02-13 17:44:55.879 E/MediaPlayer(  845): getDuration_l mDuration = 1296300
02-13 17:44:56.890 E/MediaPlayer(  845): getCurrentPosition sec = 145876
02-13 17:44:56.890 E/MediaPlayer(  845): getDuration_l mDuration = 1296300
02-13 17:44:57.890 E/MediaPlayer(  845): getCurrentPosition sec = 146836
02-13 17:44:57.890 E/MediaPlayer(  845): getDuration_l mDuration = 1296300
