02-13 17:47:22.792 E/MediaPlayer(  845): getDuration_l mDuration = 1296300
02-13 17:47:23.813 E/MediaPlayer(  845): getCurrentPosition sec = 292851
02-13 17:47:23.813 E/MediaPlayer(  845): getDuration_l mDuration = 1296300
02-13 17:47:24.814 E/MediaPlayer(  845): getCurrentPosition sec = 293811
02-13 17:47:24.814 E/MediaPlayer(  845): getDuration_l mDuration = 1296300
02-13 17:47:24.974 I/wpa_supplicant(  399): State: INACTIVE -> SCANNING
02-13 17:47:24.974 I/wpa_supplicant(  399): CTRL-EVENT-STATE-CHANGE id=-1 state=2 BSSID=00:00:00:00:00:00
02-13 17:47:24.984 D/NetworkStateTracker(  256): setDetailed state, old =IDLE and new state=SCANNING
02-13 17:47:25.825 E/MediaPlayer(  845): getCurrentPosition sec = 294909
02-13 17:47:25.825 E/MediaPlayer(  845): getDuration_l mDuration = 1296300
02-13 17:47:25.965 I/dun_service(  124): process rmnet event
02-13 17:47:25.965 I/dun_service(  124): Post event 4
02-13 17:47:25.965 I/dun_service(  124): received event: DUN_EVENT_RMNET_UP 
02-13 17:47:25.965 I/dun_service(  124): received event(DUN_EVENT_RMNET_UP) in state(DUN_STATE_USB_UNPLUG)
02-13 17:47:25.965 I/dun_service(  124): Ignoring the event DUN_EVENT_RMNET_UP in USB_UNPLUG_STATE
02-13 17:47:25.965 I/dun_service(  124): Moved to state(DUN_STATE_USB_UNPLUG)
02-13 17:47:25.965 I/wpa_supplicant(  399): State: SCANNING -> INACTIVE
02-13 17:47:25.965 I/wpa_supplicant(  399): CTRL-EVENT-STATE-CHANGE id=-1 state=1 BSSID=00:00:00:00:00:00
02-13 17:47:25.975 D/NetworkStateTracker(  256): setDetailed state, old =SCANNING and new state=IDLE
02-13 17:47:25.975 D/WifiStateTracker(  256): setNotificationVisible() visible=false mNotificationShown=false force=false return.
02-13 17:47:26.836 E/MediaPlayer(  845): getCurrentPosition sec = 295870
02-13 17:47:26.836 E/MediaPlayer(  845): getDuration_l mDuration = 1296300
02-13 17:47:27.837 E/MediaPlayer(  845): getCurrentPosition sec = 296830
02-13 17:47:27.837 E/MediaPlayer(  845): getDuration_l mDuration = 1296300
02-13 17:47:28.848 E/MediaPlayer(  845): getCurrentPosition sec = 297928
02-13 17:47:28.848 E/MediaPlayer(  845): getDuration_l mDuration = 1296300
02-13 17:47:29.859 E/MediaPlayer(  845): getCurrentPosition sec = 298888
02-13 17:47:29.859 E/MediaPlayer(  845): getDuration_l mDuration = 1296300
02-13 17:47:30.860 E/MediaPlayer(  845): getCurrentPosition sec = 299849
02-13 17:47:30.860 E/MediaPlayer(  845): getDuration_l mDuration = 1296300
02-13 17:47:31.851 E/MediaPlayer(  845): getCurrentPosition sec = 300947
02-13 17:47:31.851 E/MediaPlayer(  845): getDuration_l mDuration = 1296300
02-13 17:47:32.862 E/MediaPlayer(  845): getCurrentPosition sec = 301907
02-13 17:47:32.862 E/MediaPlayer(  845): getDuration_l mDuration = 1296300
02-13 17:47:33.863 E/MediaPlayer(  845): getCurrentPosition sec = 302868
02-13 17:47:33.863 E/MediaPlayer(  845): getDuration_l mDuration = 1296300
02-13 17:47:34.864 E/MediaPlayer(  845): getCurrentPosition sec = 303828
02-13 17:47:34.864 E/MediaPlayer(  845): getDuration_l mDuration = 1296300
02-13 17:47:35.875 E/MediaPlayer(  845): getCurrentPosition sec = 304926
02-13 17:47:35.875 E/MediaPlayer(  845): getDuration_l mDuration = 1296300
02-13 17:47:36.876 E/MediaPlayer(  845): getCurrentPosition sec = 305887
02-13 17:47:36.876 E/MediaPlayer(  845): getDuration_l mDuration = 1296300
02-13 17:47:37.887 E/MediaPlayer(  845): getCurrentPosition sec = 306848
02-13 17:47:37.887 E/MediaPlayer(  845): getDuration_l mDuration = 1296300
02-13 17:47:38.888 E/MediaPlayer(  845): getCurrentPosition sec = 307945
02-13 17:47:38.888 E/MediaPlayer(  845): getDuration_l mDuration = 1296300
02-13 17:47:39.889 E/MediaPlayer(  845): getCurrentPosition sec = 308906
02-13 17:47:39.889 E/MediaPlayer(  845): getDuration_l mDuration = 1296300
02-13 17:47:40.900 E/MediaPlayer(  845): getCurrentPosition sec = 309867
02-13 17:47:40.900 E/MediaPlayer(  845): getDuration_l mDuration = 1296300
02-13 17:47:41.000 I/wpa_supplicant(  399): State: INACTIVE -> SCANNING
02-13 17:47:41.000 I/wpa_supplicant(  399): CTRL-EVENT-STATE-CHANGE id=-1 state=2 BSSID=00:00:00:00:00:00
02-13 17:47:41.000 D/NetworkStateTracker(  256): setDetailed state, old =IDLE and new state=SCANNING
02-13 17:47:41.911 E/MediaPlayer(  845): getCurrentPosition sec = 310964
02-13 17:47:41.911 E/MediaPlayer(  845): getDuration_l mDuration = 1296300
02-13 17:47:41.971 I/wpa_supplicant(  399): State: SCANNING -> INACTIVE
02-13 17:47:41.971 I/wpa_supplicant(  399): CTRL-EVENT-STATE-CHANGE id=-1 state=1 BSSID=00:00:00:00:00:00
02-13 17:47:41.971 I/dun_service(  124): process rmnet event
02-13 17:47:41.971 I/dun_service(  124): Post event 4
02-13 17:47:41.971 I/dun_service(  124): received event: DUN_EVENT_RMNET_UP 
02-13 17:47:41.971 I/dun_service(  124): received event(DUN_EVENT_RMNET_UP) in state(DUN_STATE_USB_UNPLUG)
02-13 17:47:41.971 I/dun_service(  124): Ignoring the event DUN_EVENT_RMNET_UP in USB_UNPLUG_STATE
02-13 17:47:41.971 I/dun_service(  124): Moved to state(DUN_STATE_USB_UNPLUG)
02-13 17:47:41.971 D/NetworkStateTracker(  256): setDetailed state, old =SCANNING and new state=IDLE
02-13 17:47:41.971 D/WifiStateTracker(  256): setNotificationVisible() visible=false mNotificationShown=false force=false return.
02-13 17:47:42.901 E/MediaPlayer(  845): getCurrentPosition sec = 311925
02-13 17:47:42.901 E/MediaPlayer(  845): getDuration_l mDuration = 1296300
02-13 17:47:43.902 E/MediaPlayer(  845): getCurrentPosition sec = 312886
02-13 17:47:43.902 E/MediaPlayer(  845): getDuration_l mDuration = 1296300
02-13 17:47:44.913 E/MediaPlayer(  845): getCurrentPosition sec = 313984
02-13 17:47:44.913 E/MediaPlayer(  845): getDuration_l mDuration = 1296300
02-13 17:47:45.914 E/MediaPlayer(  845): getCurrentPosition sec = 314944
02-13 17:47:45.914 E/MediaPlayer(  845): getDuration_l mDuration = 1296300
02-13 17:47:46.915 E/MediaPlayer(  845): getCurrentPosition sec = 315905
02-13 17:47:46.915 E/MediaPlayer(  845): getDuration_l mDuration = 1296300
02-13 17:47:47.926 E/MediaPlayer(  845): getCurrentPosition sec = 317003
02-13 17:47:47.926 E/MediaPlayer(  845): getDuration_l mDuration = 1296300
02-13 17:47:48.927 E/MediaPlayer(  845): getCurrentPosition sec = 317964
02-13 17:47:48.927 E/MediaPlayer(  845): getDuration_l mDuration = 1296300
02-13 17:47:49.938 E/MediaPlayer(  845): getCurrentPosition sec = 318924
02-13 17:47:49.938 E/MediaPlayer(  845): getDuration_l mDuration = 1296300
02-13 17:47:50.939 E/MediaPlayer(  845): getCurrentPosition sec = 320022
02-13 17:47:50.939 E/MediaPlayer(  845): getDuration_l mDuration = 1296300
02-13 17:47:51.950 E/MediaPlayer(  845): getCurrentPosition sec = 320983
02-13 17:47:51.950 E/MediaPlayer(  845): getDuration_l mDuration = 1296300
02-13 17:47:52.951 E/MediaPlayer(  845): getCurrentPosition sec = 321943
02-13 17:47:52.951 E/MediaPlayer(  845): getDuration_l mDuration = 1296300
02-13 17:47:53.962 E/MediaPlayer(  845): getCurrentPosition sec = 323041
02-13 17:47:53.962 E/MediaPlayer(  845): getDuration_l mDuration = 1296300
02-13 17:47:54.963 E/MediaPlayer(  845): getCurrentPosition sec = 324002
02-13 17:47:54.963 E/MediaPlayer(  845): getDuration_l mDuration = 1296300
02-13 17:47:55.964 E/MediaPlayer(  845): getCurrentPosition sec = 324962
02-13 17:47:55.964 E/MediaPlayer(  845): getDuration_l mDuration = 1296300
02-13 17:47:56.975 I/wpa_supplicant(  399): State: INACTIVE -> SCANNING
02-13 17:47:56.975 I/wpa_supplicant(  399): CTRL-EVENT-STATE-CHANGE id=-1 state=2 BSSID=00:00:00:00:00:00
02-13 17:47:56.995 E/MediaPlayer(  845): getCurrentPosition sec = 325923
02-13 17:47:56.995 E/MediaPlayer(  845): getDuration_l mDuration = 1296300
02-13 17:47:56.995 D/NetworkStateTracker(  256): setDetailed state, old =IDLE and new state=SCANNING
02-13 17:47:57.976 I/dun_service(  124): process rmnet event
02-13 17:47:57.976 I/dun_service(  124): Post event 4
02-13 17:47:57.976 I/dun_service(  124): received event: DUN_EVENT_RMNET_UP 
02-13 17:47:57.976 I/dun_service(  124): received event(DUN_EVENT_RMNET_UP) in state(DUN_STATE_USB_UNPLUG)
02-13 17:47:57.976 I/dun_service(  124): Ignoring the event DUN_EVENT_RMNET_UP in USB_UNPLUG_STATE
02-13 17:47:57.976 I/dun_service(  124): Moved to state(DUN_STATE_USB_UNPLUG)
02-13 17:47:57.976 I/wpa_supplicant(  399): State: SCANNING -> INACTIVE
02-13 17:47:57.976 I/wpa_supplicant(  399): CTRL-EVENT-STATE-CHANGE id=-1 state=1 BSSID=00:00:00:00:00:00
02-13 17:47:57.976 D/WifiStateTracker(  256): setNotificationVisible() visible=false mNotificationShown=false force=false return.
02-13 17:47:57.986 D/NetworkStateTracker(  256): setDetailed state, old =SCANNING and new state=IDLE
02-13 17:47:57.996 E/MediaPlayer(  845): getCurrentPosition sec = 327021
02-13 17:47:57.996 E/MediaPlayer(  845): getDuration_l mDuration = 1296300
02-13 17:47:58.997 E/MediaPlayer(  845): getCurrentPosition sec = 327981
02-13 17:47:58.997 E/MediaPlayer(  845): getDuration_l mDuration = 1296300
02-13 17:48:00.008 E/MediaPlayer(  845): getCurrentPosition sec = 329079
02-13 17:48:00.008 E/MediaPlayer(  845): getDuration_l mDuration = 1296300
02-13 17:48:00.028 D/KeyguardUpdateMonitor(  256): received broadcast android.intent.action.TIME_TICK
02-13 17:48:00.028 D/KeyguardUpdateMonitor(  256): handleTimeUpdate
02-13 17:48:01.019 E/MediaPlayer(  845): getCurrentPosition sec = 330040
02-13 17:48:01.019 E/MediaPlayer(  845): getDuration_l mDuration = 1296300
02-13 17:48:02.020 E/MediaPlayer(  845): getCurrentPosition sec = 331001
02-13 17:48:02.020 E/MediaPlayer(  845): getDuration_l mDuration = 1296300
02-13 17:48:03.021 E/MediaPlayer(  845): getCurrentPosition sec = 332099
02-13 17:48:03.021 E/MediaPlayer(  845): getDuration_l mDuration = 1296300
02-13 17:48:04.032 E/MediaPlayer(  845): getCurrentPosition sec = 333059
02-13 17:48:04.032 E/MediaPlayer(  845): getDuration_l mDuration = 1296300
02-13 17:48:05.033 E/MediaPlayer(  845): getCurrentPosition sec = 334020
02-13 17:48:05.033 E/MediaPlayer(  845): getDuration_l mDuration = 1296300
02-13 17:48:06.044 E/MediaPlayer(  845): getCurrentPosition sec = 335118
02-13 17:48:06.044 E/MediaPlayer(  845): getDuration_l mDuration = 1296300
02-13 17:48:07.055 E/MediaPlayer(  845): getCurrentPosition sec = 336078
02-13 17:48:07.055 E/MediaPlayer(  845): getDuration_l mDuration = 1296300
02-13 17:48:08.066 E/MediaPlayer(  845): getCurrentPosition sec = 337039
02-13 17:48:08.066 E/MediaPlayer(  845): getDuration_l mDuration = 1296300
02-13 17:48:09.067 E/MediaPlayer(  845): getCurrentPosition sec = 338137
02-13 17:48:09.067 E/MediaPlayer(  845): getDuration_l mDuration = 1296300
02-13 17:48:10.078 E/MediaPlayer(  845): getCurrentPosition sec = 339097
02-13 17:48:10.078 E/MediaPlayer(  845): getDuration_l mDuration = 1296300
02-13 17:48:11.079 E/MediaPlayer(  845): getCurrentPosition sec = 340058
02-13 17:48:11.079 E/MediaPlayer(  845): getDuration_l mDuration = 1296300
02-13 17:48:12.080 E/MediaPlayer(  845): getCurrentPosition sec = 341156
02-13 17:48:12.080 E/MediaPlayer(  845): getDuration_l mDuration = 1296300
02-13 17:48:12.991 I/wpa_supplicant(  399): State: INACTIVE -> SCANNING
02-13 17:48:12.991 I/wpa_supplicant(  399): CTRL-EVENT-STATE-CHANGE id=-1 state=2 BSSID=00:00:00:00:00:00
02-13 17:48:12.991 D/NetworkStateTracker(  256): setDetailed state, old =IDLE and new state=SCANNING
02-13 17:48:13.091 E/MediaPlayer(  845): getCurrentPosition sec = 342116
02-13 17:48:13.091 E/MediaPlayer(  845): getDuration_l mDuration = 1296300
02-13 17:48:13.962 I/dun_service(  124): process rmnet event
02-13 17:48:13.962 I/dun_service(  124): Post event 4
02-13 17:48:13.962 I/dun_service(  124): received event: DUN_EVENT_RMNET_UP 
02-13 17:48:13.972 I/dun_service(  124): received event(DUN_EVENT_RMNET_UP) in state(DUN_STATE_USB_UNPLUG)
02-13 17:48:13.972 I/dun_service(  124): Ignoring the event DUN_EVENT_RMNET_UP in USB_UNPLUG_STATE
02-13 17:48:13.972 I/dun_service(  124): Moved to state(DUN_STATE_USB_UNPLUG)
02-13 17:48:13.972 I/wpa_supplicant(  399): State: SCANNING -> INACTIVE
02-13 17:48:13.972 I/wpa_supplicant(  399): CTRL-EVENT-STATE-CHANGE id=-1 state=1 BSSID=00:00:00:00:00:00
02-13 17:48:13.972 D/NetworkStateTracker(  256): setDetailed state, old =SCANNING and new state=IDLE
02-13 17:48:13.972 D/WifiStateTracker(  256): setNotificationVisible() visible=false mNotificationShown=false force=false return.
02-13 17:48:14.092 E/MediaPlayer(  845): getCurrentPosition sec = 343077
02-13 17:48:14.092 E/MediaPlayer(  845): getDuration_l mDuration = 1296300
02-13 17:48:15.093 E/MediaPlayer(  845): getCurrentPosition sec = 344175
02-13 17:48:15.093 E/MediaPlayer(  845): getDuration_l mDuration = 1296300
02-13 17:48:16.094 E/MediaPlayer(  845): getCurrentPosition sec = 345136
02-13 17:48:16.094 E/MediaPlayer(  845): getDuration_l mDuration = 1296300
02-13 17:48:17.105 E/MediaPlayer(  845): getCurrentPosition sec = 346095
02-13 17:48:17.105 E/MediaPlayer(  845): getDuration_l mDuration = 1296300
02-13 17:48:18.116 E/MediaPlayer(  845): getCurrentPosition sec = 347056
02-13 17:48:18.116 E/MediaPlayer(  845): getDuration_l mDuration = 1296300
02-13 17:48:19.127 E/MediaPlayer(  845): getCurrentPosition sec = 348154
02-13 17:48:19.127 E/MediaPlayer(  845): getDuration_l mDuration = 1296300
02-13 17:48:20.128 E/MediaPlayer(  845): getCurrentPosition sec = 349115
02-13 17:48:20.128 E/MediaPlayer(  845): getDuration_l mDuration = 1296300
02-13 17:48:21.139 E/MediaPlayer(  845): getCurrentPosition sec = 350075
02-13 17:48:21.139 E/MediaPlayer(  845): getDuration_l mDuration = 1296300
02-13 17:48:22.140 E/MediaPlayer(  845): getCurrentPosition sec = 351173
02-13 17:48:22.140 E/MediaPlayer(  845): getDuration_l mDuration = 1296300
02-13 17:48:23.151 E/MediaPlayer(  845): getCurrentPosition sec = 352134
02-13 17:48:23.151 E/MediaPlayer(  845): getDuration_l mDuration = 1296300
02-13 17:48:24.162 E/MediaPlayer(  845): getCurrentPosition sec = 353094
02-13 17:48:24.162 E/MediaPlayer(  845): getDuration_l mDuration = 1296300
02-13 17:48:25.163 E/MediaPlayer(  845): getCurrentPosition sec = 354192
02-13 17:48:25.163 E/MediaPlayer(  845): getDuration_l mDuration = 1296300
02-13 17:48:26.174 E/MediaPlayer(  845): getCurrentPosition sec = 355153
02-13 17:48:26.174 E/MediaPlayer(  845): getDuration_l mDuration = 1296300
02-13 17:48:27.185 E/MediaPlayer(  845): getCurrentPosition sec = 356113
02-13 17:48:27.185 E/MediaPlayer(  845): getDuration_l mDuration = 1296300
02-13 17:48:28.196 E/MediaPlayer(  845): getCurrentPosition sec = 357211
02-13 17:48:28.196 E/MediaPlayer(  845): getDuration_l mDuration = 1296300
02-13 17:48:28.996 I/wpa_supplicant(  399): State: INACTIVE -> SCANNING
02-13 17:48:28.996 I/wpa_supplicant(  399): CTRL-EVENT-STATE-CHANGE id=-1 state=2 BSSID=00:00:00:00:00:00
02-13 17:48:28.996 D/NetworkStateTracker(  256): setDetailed state, old =IDLE and new state=SCANNING
02-13 17:48:29.197 E/MediaPlayer(  845): getCurrentPosition sec = 358172
02-13 17:48:29.197 E/MediaPlayer(  845): getDuration_l mDuration = 1296300
02-13 17:48:29.967 I/wpa_supplicant(  399): State: SCANNING -> INACTIVE
02-13 17:48:29.967 I/wpa_supplicant(  399): CTRL-EVENT-STATE-CHANGE id=-1 state=1 BSSID=00:00:00:00:00:00
02-13 17:48:29.967 I/dun_service(  124): process rmnet event
02-13 17:48:29.967 I/dun_service(  124): Post event 4
02-13 17:48:29.977 I/dun_service(  124): received event: DUN_EVENT_RMNET_UP 
02-13 17:48:29.977 I/dun_service(  124): received event(DUN_EVENT_RMNET_UP) in state(DUN_STATE_USB_UNPLUG)
02-13 17:48:29.977 I/dun_service(  124): Ignoring the event DUN_EVENT_RMNET_UP in USB_UNPLUG_STATE
02-13 17:48:29.977 I/dun_service(  124): Moved to state(DUN_STATE_USB_UNPLUG)
02-13 17:48:29.977 D/NetworkStateTracker(  256): setDetailed state, old =SCANNING and new state=IDLE
02-13 17:48:29.977 D/WifiStateTracker(  256): setNotificationVisible() visible=false mNotificationShown=false force=false return.
02-13 17:48:30.208 E/MediaPlayer(  845): getCurrentPosition sec = 359270
02-13 17:48:30.208 E/MediaPlayer(  845): getDuration_l mDuration = 1296300
02-13 17:48:31.219 E/MediaPlayer(  845): getCurrentPosition sec = 360230
02-13 17:48:31.219 E/MediaPlayer(  845): getDuration_l mDuration = 1296300
02-13 17:48:32.220 E/MediaPlayer(  845): getCurrentPosition sec = 361191
02-13 17:48:32.220 E/MediaPlayer(  845): getDuration_l mDuration = 1296300
02-13 17:48:32.330 I/dun_service(  124): The value returned from dun_getusbmodemstate_fromsys is 2 
02-13 17:48:32.350 D/KeyguardUpdateMonitor(  256): received broadcast android.intent.action.BATTERY_CHANGED
02-13 17:48:32.350 D/KeyguardUpdateMonitor(  256): handleBatteryUpdate
02-13 17:48:33.231 E/MediaPlayer(  845): getCurrentPosition sec = 362289
02-13 17:48:33.231 E/MediaPlayer(  845): getDuration_l mDuration = 1296300
02-13 17:48:34.232 E/MediaPlayer(  845): getCurrentPosition sec = 363250
02-13 17:48:34.232 E/MediaPlayer(  845): getDuration_l mDuration = 1296300
02-13 17:48:35.233 E/MediaPlayer(  845): getCurrentPosition sec = 364210
02-13 17:48:35.233 E/MediaPlayer(  845): getDuration_l mDuration = 1296300
02-13 17:48:36.244 E/MediaPlayer(  845): getCurrentPosition sec = 365171
02-13 17:48:36.244 E/MediaPlayer(  845): getDuration_l mDuration = 1296300
02-13 17:48:37.244 E/MediaPlayer(  845): getCurrentPosition sec = 366269
02-13 17:48:37.244 E/MediaPlayer(  845): getDuration_l mDuration = 1296300
02-13 17:48:38.255 E/MediaPlayer(  845): getCurrentPosition sec = 367229
02-13 17:48:38.255 E/MediaPlayer(  845): getDuration_l mDuration = 1296300
02-13 17:48:39.266 E/MediaPlayer(  845): getCurrentPosition sec = 368190
02-13 17:48:39.266 E/MediaPlayer(  845): getDuration_l mDuration = 1296300
02-13 17:48:40.277 E/MediaPlayer(  845): getCurrentPosition sec = 369288
02-13 17:48:40.277 E/MediaPlayer(  845): getDuration_l mDuration = 1296300
02-13 17:48:41.278 E/MediaPlayer(  845): getCurrentPosition sec = 370248
02-13 17:48:41.288 E/MediaPlayer(  845): getDuration_l mDuration = 1296300
02-13 17:48:42.289 E/MediaPlayer(  845): getCurrentPosition sec = 371346
02-13 17:48:42.289 E/MediaPlayer(  845): getDuration_l mDuration = 1296300
02-13 17:48:43.300 E/MediaPlayer(  845): getCurrentPosition sec = 372307
02-13 17:48:43.300 E/MediaPlayer(  845): getDuration_l mDuration = 1296300
02-13 17:48:44.291 E/MediaPlayer(  845): getCurrentPosition sec = 373267
02-13 17:48:44.291 E/MediaPlayer(  845): getDuration_l mDuration = 1296300
02-13 17:48:44.982 I/wpa_supplicant(  399): State: INACTIVE -> SCANNING
02-13 17:48:44.982 I/wpa_supplicant(  399): CTRL-EVENT-STATE-CHANGE id=-1 state=2 BSSID=00:00:00:00:00:00
02-13 17:48:44.982 D/NetworkStateTracker(  256): setDetailed state, old =IDLE and new state=SCANNING
02-13 17:48:45.302 E/MediaPlayer(  845): getCurrentPosition sec = 374365
02-13 17:48:45.302 E/MediaPlayer(  845): getDuration_l mDuration = 1296300
02-13 17:48:45.963 I/dun_service(  124): process rmnet event
02-13 17:48:45.963 I/dun_service(  124): Post event 4
02-13 17:48:45.963 I/dun_service(  124): received event: DUN_EVENT_RMNET_UP 
02-13 17:48:45.963 I/dun_service(  124): received event(DUN_EVENT_RMNET_UP) in state(DUN_STATE_USB_UNPLUG)
02-13 17:48:45.963 I/dun_service(  124): Ignoring the event DUN_EVENT_RMNET_UP in USB_UNPLUG_STATE
02-13 17:48:45.963 I/dun_service(  124): Moved to state(DUN_STATE_USB_UNPLUG)
02-13 17:48:45.973 I/wpa_supplicant(  399): State: SCANNING -> INACTIVE
02-13 17:48:45.973 I/wpa_supplicant(  399): CTRL-EVENT-STATE-CHANGE id=-1 state=1 BSSID=00:00:00:00:00:00
02-13 17:48:45.973 D/NetworkStateTracker(  256): setDetailed state, old =SCANNING and new state=IDLE
02-13 17:48:45.973 D/WifiStateTracker(  256): setNotificationVisible() visible=false mNotificationShown=false force=false return.
02-13 17:48:46.303 E/MediaPlayer(  845): getCurrentPosition sec = 375326
02-13 17:48:46.303 E/MediaPlayer(  845): getDuration_l mDuration = 1296300
02-13 17:48:47.314 E/MediaPlayer(  845): getCurrentPosition sec = 376287
02-13 17:48:47.314 E/MediaPlayer(  845): getDuration_l mDuration = 1296300
02-13 17:48:48.325 E/MediaPlayer(  845): getCurrentPosition sec = 377384
02-13 17:48:48.325 E/MediaPlayer(  845): getDuration_l mDuration = 1296300
02-13 17:48:49.336 E/MediaPlayer(  845): getCurrentPosition sec = 378345
02-13 17:48:49.336 E/MediaPlayer(  845): getDuration_l mDuration = 1296300
02-13 17:48:50.337 E/MediaPlayer(  845): getCurrentPosition sec = 379306
02-13 17:48:50.337 E/MediaPlayer(  845): getDuration_l mDuration = 1296300
02-13 17:48:51.348 E/MediaPlayer(  845): getCurrentPosition sec = 380404
02-13 17:48:51.348 E/MediaPlayer(  845): getDuration_l mDuration = 1296300
02-13 17:48:52.359 E/MediaPlayer(  845): getCurrentPosition sec = 381364
02-13 17:48:52.359 E/MediaPlayer(  845): getDuration_l mDuration = 1296300
02-13 17:48:53.360 E/MediaPlayer(  845): getCurrentPosition sec = 382325
02-13 17:48:53.360 E/MediaPlayer(  845): getDuration_l mDuration = 1296300
02-13 17:48:54.361 E/MediaPlayer(  845): getCurrentPosition sec = 383423
02-13 17:48:54.361 E/MediaPlayer(  845): getDuration_l mDuration = 1296300
02-13 17:48:55.372 E/MediaPlayer(  845): getCurrentPosition sec = 384383
02-13 17:48:55.372 E/MediaPlayer(  845): getDuration_l mDuration = 1296300
02-13 17:48:56.373 E/MediaPlayer(  845): getCurrentPosition sec = 385344
02-13 17:48:56.373 E/MediaPlayer(  845): getDuration_l mDuration = 1296300
02-13 17:48:57.384 E/MediaPlayer(  845): getCurrentPosition sec = 386442
02-13 17:48:57.384 E/MediaPlayer(  845): getDuration_l mDuration = 1296300
02-13 17:48:58.395 E/MediaPlayer(  845): getCurrentPosition sec = 387403
02-13 17:48:58.395 E/MediaPlayer(  845): getDuration_l mDuration = 1296300
02-13 17:48:59.396 E/MediaPlayer(  845): getCurrentPosition sec = 388363
02-13 17:48:59.396 E/MediaPlayer(  845): getDuration_l mDuration = 1296300
02-13 17:48:59.997 D/KeyguardUpdateMonitor(  256): received broadcast android.intent.action.TIME_TICK
02-13 17:48:59.997 D/KeyguardUpdateMonitor(  256): handleTimeUpdate
02-13 17:49:00.407 E/MediaPlayer(  845): getCurrentPosition sec = 389461
02-13 17:49:00.407 E/MediaPlayer(  845): getDuration_l mDuration = 1296300
02-13 17:49:00.988 I/wpa_supplicant(  399): State: INACTIVE -> SCANNING
02-13 17:49:00.988 I/wpa_supplicant(  399): CTRL-EVENT-STATE-CHANGE id=-1 state=2 BSSID=00:00:00:00:00:00
02-13 17:49:00.998 D/NetworkStateTracker(  256): setDetailed state, old =IDLE and new state=SCANNING
02-13 17:49:01.408 E/MediaPlayer(  845): getCurrentPosition sec = 390422
02-13 17:49:01.408 E/MediaPlayer(  845): getDuration_l mDuration = 1296300
02-13 17:49:01.979 I/dun_service(  124): process rmnet event
02-13 17:49:01.979 I/dun_service(  124): Post event 4
02-13 17:49:01.979 I/dun_service(  124): received event: DUN_EVENT_RMNET_UP 
02-13 17:49:01.979 I/dun_service(  124): received event(DUN_EVENT_RMNET_UP) in state(DUN_STATE_USB_UNPLUG)
02-13 17:49:01.979 I/dun_service(  124): Ignoring the event DUN_EVENT_RMNET_UP in USB_UNPLUG_STATE
02-13 17:49:01.989 I/dun_service(  124): Moved to state(DUN_STATE_USB_UNPLUG)
02-13 17:49:01.989 I/wpa_supplicant(  399): State: SCANNING -> INACTIVE
02-13 17:49:01.989 I/wpa_supplicant(  399): CTRL-EVENT-STATE-CHANGE id=-1 state=1 BSSID=00:00:00:00:00:00
02-13 17:49:01.989 D/NetworkStateTracker(  256): setDetailed state, old =SCANNING and new state=IDLE
02-13 17:49:02.009 D/WifiStateTracker(  256): setNotificationVisible() visible=false mNotificationShown=false force=false return.
02-13 17:49:02.409 E/MediaPlayer(  845): getCurrentPosition sec = 391382
02-13 17:49:02.409 E/MediaPlayer(  845): getDuration_l mDuration = 1296300
02-13 17:49:03.420 E/MediaPlayer(  845): getCurrentPosition sec = 392480
02-13 17:49:03.420 E/MediaPlayer(  845): getDuration_l mDuration = 1296300
02-13 17:49:04.411 E/MediaPlayer(  845): getCurrentPosition sec = 393441
02-13 17:49:04.411 E/MediaPlayer(  845): getDuration_l mDuration = 1296300
02-13 17:49:05.422 E/MediaPlayer(  845): getCurrentPosition sec = 394401
02-13 17:49:05.422 E/MediaPlayer(  845): getDuration_l mDuration = 1296300
02-13 17:49:06.433 E/MediaPlayer(  845): getCurrentPosition sec = 395498
02-13 17:49:06.433 E/MediaPlayer(  845): getDuration_l mDuration = 1296300
02-13 17:49:07.434 E/MediaPlayer(  845): getCurrentPosition sec = 396459
02-13 17:49:07.434 E/MediaPlayer(  845): getDuration_l mDuration = 1296300
02-13 17:49:08.445 E/MediaPlayer(  845): getCurrentPosition sec = 397420
02-13 17:49:08.445 E/MediaPlayer(  845): getDuration_l mDuration = 1296300
02-13 17:49:09.466 E/MediaPlayer(  845): getCurrentPosition sec = 398518
02-13 17:49:09.466 E/MediaPlayer(  845): getDuration_l mDuration = 1296300
02-13 17:49:10.477 E/MediaPlayer(  845): getCurrentPosition sec = 399478
02-13 17:49:10.477 E/MediaPlayer(  845): getDuration_l mDuration = 1296300
02-13 17:49:11.478 E/MediaPlayer(  845): getCurrentPosition sec = 400439
02-13 17:49:11.478 E/MediaPlayer(  845): getDuration_l mDuration = 1296300
02-13 17:49:12.479 E/MediaPlayer(  845): getCurrentPosition sec = 401537
02-13 17:49:12.479 E/MediaPlayer(  845): getDuration_l mDuration = 1296300
02-13 17:49:12.939 D/DATA    (  344): [DSST(0)] pollstate() : reason = data network state changed
02-13 17:49:12.989 D/MobileDataStateTracker(  256): [hipri]  MobileDataStateReceiver onReceive(): Entry.
02-13 17:49:12.989 D/MobileDataStateTracker(  256): [hipri]  intent.getAction()= android.intent.action.SERVICE_STATE
02-13 17:49:12.989 D/MobileDataStateTracker(  256): [hipri]  mEnabled = false
02-13 17:49:12.999 D/MobileDataStateTracker(  256): [dun]  MobileDataStateReceiver onReceive(): Entry.
02-13 17:49:12.999 D/MobileDataStateTracker(  256): [dun]  intent.getAction()= android.intent.action.SERVICE_STATE
02-13 17:49:12.999 D/MobileDataStateTracker(  256): [dun]  mEnabled = false
02-13 17:49:12.999 D/MobileDataStateTracker(  256): [supl]  MobileDataStateReceiver onReceive(): Entry.
02-13 17:49:12.999 D/MobileDataStateTracker(  256): [supl]  intent.getAction()= android.intent.action.SERVICE_STATE
02-13 17:49:12.999 D/MobileDataStateTracker(  256): [supl]  mEnabled = false
02-13 17:49:13.009 D/DATA    (  344): [DSST(0)]  registrationState = 1  radioTechnology = 8 reasonForDenial = 0
02-13 17:49:13.009 D/DATA    (  344): [DSST(0)]  set mNewDataConnectionState = 0
02-13 17:49:13.009 D/DATA    (  344): [DSST(0)]  mNewDataConnectionState : 0  mDataConnectionState : 0
02-13 17:49:13.009 D/DATA    (  344): [DSST(0)] Poll ServiceState done: oldSS=[0 home null null null  EvDo rev. A CSS not supported -1 -1RoamInd: -1RoamStatus(sprint): -1DefRoamInd: -1EmergOnly: false] newSS=[0 home null null null  EvDo rev. A CSS not supported -1 -1RoamInd: -1RoamStatus(sprint): -1DefRoamInd: -1EmergOnly: false]
02-13 17:49:13.009 D/DATA    (  344): [DSST(0)]  mDataConnectionState = 0
02-13 17:49:13.009 D/CallManager(  344):  handleMessage (EVENT_SERVICE_STATE_CHANGED)
02-13 17:49:13.009 E/BT HS/HF(  344): SERVICE_STATE_CHANGED called
02-13 17:49:13.009 E/BT HS/HF(  344): updateServiceState called, sendUpdate:false  ServiceState:0 home Sprint  310099  EvDo rev. A CSS not supported 41 4139RoamInd: 1RoamStatus(sprint): 1DefRoamInd: 160EmergOnly: false
02-13 17:49:13.009 E/BT HS/HF(  344): service:1 mService:1
02-13 17:49:13.019 D/MobileDataStateTracker(  256): [mms]  MobileDataStateReceiver onReceive(): Entry.
02-13 17:49:13.019 D/MobileDataStateTracker(  256): [mms]  intent.getAction()= android.intent.action.SERVICE_STATE
02-13 17:49:13.019 D/MobileDataStateTracker(  256): [mms]  mEnabled = false
02-13 17:49:13.019 D/MobileDataStateTracker(  256): [default]  MobileDataStateReceiver onReceive(): Entry.
02-13 17:49:13.019 D/MobileDataStateTracker(  256): [default]  intent.getAction()= android.intent.action.SERVICE_STATE
02-13 17:49:13.019 D/MobileDataStateTracker(  256): [default]  mEnabled = true
02-13 17:49:13.019 D/Mms     (  811): currentRoamingStatus:1
02-13 17:49:13.490 E/MediaPlayer(  845): getCurrentPosition sec = 402497
02-13 17:49:13.490 E/MediaPlayer(  845): getDuration_l mDuration = 1296300
02-13 17:49:14.481 E/MediaPlayer(  845): getCurrentPosition sec = 403458
02-13 17:49:14.481 E/MediaPlayer(  845): getDuration_l mDuration = 1296300
02-13 17:49:15.492 E/MediaPlayer(  845): getCurrentPosition sec = 404556
02-13 17:49:15.492 E/MediaPlayer(  845): getDuration_l mDuration = 1296300
02-13 17:49:16.503 E/MediaPlayer(  845): getCurrentPosition sec = 405516
02-13 17:49:16.503 E/MediaPlayer(  845): getDuration_l mDuration = 1296300
02-13 17:49:17.003 I/wpa_supplicant(  399): State: INACTIVE -> SCANNING
02-13 17:49:17.003 I/wpa_supplicant(  399): CTRL-EVENT-STATE-CHANGE id=-1 state=2 BSSID=00:00:00:00:00:00
02-13 17:49:17.003 D/NetworkStateTracker(  256): setDetailed state, old =IDLE and new state=SCANNING
02-13 17:49:17.514 E/MediaPlayer(  845): getCurrentPosition sec = 406477
02-13 17:49:17.514 E/MediaPlayer(  845): getDuration_l mDuration = 1296300
02-13 17:49:17.994 I/wpa_supplicant(  399): State: SCANNING -> INACTIVE
02-13 17:49:17.994 I/wpa_supplicant(  399): CTRL-EVENT-STATE-CHANGE id=-1 state=1 BSSID=00:00:00:00:00:00
02-13 17:49:17.994 I/dun_service(  124): process rmnet event
02-13 17:49:17.994 I/dun_service(  124): Post event 4
02-13 17:49:17.994 I/dun_service(  124): received event: DUN_EVENT_RMNET_UP 
02-13 17:49:17.994 I/dun_service(  124): received event(DUN_EVENT_RMNET_UP) in state(DUN_STATE_USB_UNPLUG)
02-13 17:49:17.994 I/dun_service(  124): Ignoring the event DUN_EVENT_RMNET_UP in USB_UNPLUG_STATE
02-13 17:49:17.994 I/dun_service(  124): Moved to state(DUN_STATE_USB_UNPLUG)
02-13 17:49:17.994 D/NetworkStateTracker(  256): setDetailed state, old =SCANNING and new state=IDLE
02-13 17:49:17.994 D/WifiStateTracker(  256): setNotificationVisible() visible=false mNotificationShown=false force=false return.
02-13 17:49:18.525 E/MediaPlayer(  845): getCurrentPosition sec = 407575
02-13 17:49:18.525 E/MediaPlayer(  845): getDuration_l mDuration = 1296300
02-13 17:49:19.536 E/MediaPlayer(  845): getCurrentPosition sec = 408535
02-13 17:49:19.536 E/MediaPlayer(  845): getDuration_l mDuration = 1296300
02-13 17:49:20.537 E/MediaPlayer(  845): getCurrentPosition sec = 409496
02-13 17:49:20.547 E/MediaPlayer(  845): getDuration_l mDuration = 1296300
02-13 17:49:21.558 E/MediaPlayer(  845): getCurrentPosition sec = 410594
02-13 17:49:21.558 E/MediaPlayer(  845): getDuration_l mDuration = 1296300
02-13 17:49:22.559 E/MediaPlayer(  845): getCurrentPosition sec = 411554
02-13 17:49:22.559 E/MediaPlayer(  845): getDuration_l mDuration = 1296300
02-13 17:49:23.169 D/DATA    (  344): [DSST(0)] pollstate() : reason = data network state changed
02-13 17:49:23.219 D/MobileDataStateTracker(  256): [hipri]  MobileDataStateReceiver onReceive(): Entry.
02-13 17:49:23.219 D/MobileDataStateTracker(  256): [hipri]  intent.getAction()= android.intent.action.SERVICE_STATE
02-13 17:49:23.219 D/MobileDataStateTracker(  256): [hipri]  mEnabled = false
02-13 17:49:23.229 D/MobileDataStateTracker(  256): [dun]  MobileDataStateReceiver onReceive(): Entry.
02-13 17:49:23.229 D/MobileDataStateTracker(  256): [dun]  intent.getAction()= android.intent.action.SERVICE_STATE
02-13 17:49:23.229 D/MobileDataStateTracker(  256): [dun]  mEnabled = false
02-13 17:49:23.249 D/MobileDataStateTracker(  256): [supl]  MobileDataStateReceiver onReceive(): Entry.
02-13 17:49:23.249 D/MobileDataStateTracker(  256): [supl]  intent.getAction()= android.intent.action.SERVICE_STATE
02-13 17:49:23.249 D/MobileDataStateTracker(  256): [supl]  mEnabled = false
02-13 17:49:23.249 D/CallManager(  344):  handleMessage (EVENT_SERVICE_STATE_CHANGED)
02-13 17:49:23.249 E/BT HS/HF(  344): SERVICE_STATE_CHANGED called
02-13 17:49:23.249 E/BT HS/HF(  344): updateServiceState called, sendUpdate:false  ServiceState:0 home Sprint  310099  EvDo rev. A CSS not supported 41 4139RoamInd: 1RoamStatus(sprint): 1DefRoamInd: 160EmergOnly: false
02-13 17:49:23.249 E/BT HS/HF(  344): service:1 mService:1
02-13 17:49:23.249 D/MobileDataStateTracker(  256): [mms]  MobileDataStateReceiver onReceive(): Entry.
02-13 17:49:23.249 D/MobileDataStateTracker(  256): [mms]  intent.getAction()= android.intent.action.SERVICE_STATE
02-13 17:49:23.249 D/MobileDataStateTracker(  256): [mms]  mEnabled = false
02-13 17:49:23.249 D/DATA    (  344): [DSST(0)]  registrationState = 1  radioTechnology = 8 reasonForDenial = 0
02-13 17:49:23.249 D/DATA    (  344): [DSST(0)]  set mNewDataConnectionState = 0
02-13 17:49:23.249 D/DATA    (  344): [DSST(0)]  mNewDataConnectionState : 0  mDataConnectionState : 0
02-13 17:49:23.259 D/MobileDataStateTracker(  256): [default]  MobileDataStateReceiver onReceive(): Entry.
02-13 17:49:23.259 D/MobileDataStateTracker(  256): [default]  intent.getAction()= android.intent.action.SERVICE_STATE
02-13 17:49:23.259 D/MobileDataStateTracker(  256): [default]  mEnabled = true
02-13 17:49:23.259 D/DATA    (  344): [DSST(0)] Poll ServiceState done: oldSS=[0 home null null null  EvDo rev. A CSS not supported -1 -1RoamInd: -1RoamStatus(sprint): -1DefRoamInd: -1EmergOnly: false] newSS=[0 home null null null  EvDo rev. A CSS not supported -1 -1RoamInd: -1RoamStatus(sprint): -1DefRoamInd: -1EmergOnly: false]
02-13 17:49:23.259 D/DATA    (  344): [DSST(0)]  mDataConnectionState = 0
02-13 17:49:23.259 D/Mms     (  811): currentRoamingStatus:1
02-13 17:49:23.570 E/MediaPlayer(  845): getCurrentPosition sec = 412515
02-13 17:49:23.570 E/MediaPlayer(  845): getDuration_l mDuration = 1296300
02-13 17:49:24.581 E/MediaPlayer(  845): getCurrentPosition sec = 413613
02-13 17:49:24.581 E/MediaPlayer(  845): getDuration_l mDuration = 1296300
02-13 17:49:25.572 E/MediaPlayer(  845): getCurrentPosition sec = 414574
02-13 17:49:25.572 E/MediaPlayer(  845): getDuration_l mDuration = 1296300
02-13 17:49:26.583 E/MediaPlayer(  845): getCurrentPosition sec = 415672
02-13 17:49:26.583 E/MediaPlayer(  845): getDuration_l mDuration = 1296300
02-13 17:49:27.594 E/MediaPlayer(  845): getCurrentPosition sec = 416632
02-13 17:49:27.594 E/MediaPlayer(  845): getDuration_l mDuration = 1296300
02-13 17:49:28.595 E/MediaPlayer(  845): getCurrentPosition sec = 417593
02-13 17:49:28.595 E/MediaPlayer(  845): getDuration_l mDuration = 1296300
02-13 17:49:29.606 E/MediaPlayer(  845): getCurrentPosition sec = 418554
02-13 17:49:29.606 E/MediaPlayer(  845): getDuration_l mDuration = 1296300
02-13 17:49:30.617 E/MediaPlayer(  845): getCurrentPosition sec = 419651
02-13 17:49:30.617 E/MediaPlayer(  845): getDuration_l mDuration = 1296300
02-13 17:49:31.618 E/MediaPlayer(  845): getCurrentPosition sec = 420612
02-13 17:49:31.618 E/MediaPlayer(  845): getDuration_l mDuration = 1296300
02-13 17:49:32.629 E/MediaPlayer(  845): getCurrentPosition sec = 421573
02-13 17:49:32.629 E/MediaPlayer(  845): getDuration_l mDuration = 1296300
02-13 17:49:33.009 I/wpa_supplicant(  399): State: INACTIVE -> SCANNING
02-13 17:49:33.009 I/wpa_supplicant(  399): CTRL-EVENT-STATE-CHANGE id=-1 state=2 BSSID=00:00:00:00:00:00
02-13 17:49:33.019 D/NetworkStateTracker(  256): setDetailed state, old =IDLE and new state=SCANNING
02-13 17:49:33.640 E/MediaPlayer(  845): getCurrentPosition sec = 422670
02-13 17:49:33.640 E/MediaPlayer(  845): getDuration_l mDuration = 1296300
02-13 17:49:34.000 I/dun_service(  124): process rmnet event
02-13 17:49:34.000 I/dun_service(  124): Post event 4
02-13 17:49:34.000 I/dun_service(  124): received event: DUN_EVENT_RMNET_UP 
02-13 17:49:34.000 I/dun_service(  124): received event(DUN_EVENT_RMNET_UP) in state(DUN_STATE_USB_UNPLUG)
02-13 17:49:34.000 I/dun_service(  124): Ignoring the event DUN_EVENT_RMNET_UP in USB_UNPLUG_STATE
02-13 17:49:34.000 I/dun_service(  124): Moved to state(DUN_STATE_USB_UNPLUG)
02-13 17:49:34.000 I/wpa_supplicant(  399): State: SCANNING -> INACTIVE
02-13 17:49:34.000 I/wpa_supplicant(  399): CTRL-EVENT-STATE-CHANGE id=-1 state=1 BSSID=00:00:00:00:00:00
02-13 17:49:34.010 D/WifiStateTracker(  256): setNotificationVisible() visible=false mNotificationShown=false force=false return.
02-13 17:49:34.010 D/NetworkStateTracker(  256): setDetailed state, old =SCANNING and new state=IDLE
02-13 17:49:34.640 E/MediaPlayer(  845): getCurrentPosition sec = 423631
02-13 17:49:34.640 E/MediaPlayer(  845): getDuration_l mDuration = 1296300
02-13 17:49:35.641 E/MediaPlayer(  845): getCurrentPosition sec = 424592
02-13 17:49:35.641 E/MediaPlayer(  845): getDuration_l mDuration = 1296300
02-13 17:49:36.652 E/MediaPlayer(  845): getCurrentPosition sec = 425690
02-13 17:49:36.652 E/MediaPlayer(  845): getDuration_l mDuration = 1296300
02-13 17:49:37.653 E/MediaPlayer(  845): getCurrentPosition sec = 426650
02-13 17:49:37.653 E/MediaPlayer(  845): getDuration_l mDuration = 1296300
02-13 17:49:38.664 E/MediaPlayer(  845): getCurrentPosition sec = 427748
02-13 17:49:38.664 E/MediaPlayer(  845): getDuration_l mDuration = 1296300
02-13 17:49:39.675 E/MediaPlayer(  845): getCurrentPosition sec = 428709
02-13 17:49:39.675 E/MediaPlayer(  845): getDuration_l mDuration = 1296300
02-13 17:49:40.686 E/MediaPlayer(  845): getCurrentPosition sec = 429670
02-13 17:49:40.686 E/MediaPlayer(  845): getDuration_l mDuration = 1296300
02-13 17:49:41.687 E/MediaPlayer(  845): getCurrentPosition sec = 430767
02-13 17:49:41.687 E/MediaPlayer(  845): getDuration_l mDuration = 1296300
02-13 17:49:42.328 I/dun_service(  124): The value returned from dun_getusbmodemstate_fromsys is 2 
02-13 17:49:42.328 D/KeyguardUpdateMonitor(  256): received broadcast android.intent.action.BATTERY_CHANGED
02-13 17:49:42.328 D/KeyguardUpdateMonitor(  256): handleBatteryUpdate
02-13 17:49:42.338 D/PhoneApp(  344): mReceiver: ACTION_BATTERY_LOW
02-13 17:49:42.338 D/CallNotifier(  344): handleMessage() Msg Type: 22
02-13 17:49:42.338 D/PhoneApp(  344): old phone type:2, New Phone type:2
02-13 17:49:42.338 D/CallNotifier(  344): onBatteryLow()...
02-13 17:49:42.418 E/wlg     (  326): MediaPlayer.IsSdpFile  path = /system/media/audio/ui/LowBattery.ogg
02-13 17:49:42.418 E/wlg     (  326): MediaPlayer.IsSdpFile  path = /system/media/audio/ui/LowBattery.ogg
02-13 17:49:42.418 D/MediaPlayer(  326): DRM scheme =file
02-13 17:49:42.418 D/MediaPlayer(  326): DRM uri.toString() =file:///system/media/audio/ui/LowBattery.ogg
02-13 17:49:42.418 D/MediaPlayer(  326): setDataSource(/system/media/audio/ui/LowBattery.ogg)
02-13 17:49:42.418 D/MediaPlayerService(  116): Create new client(20) from pid 326, url=/system/media/audio/ui/LowBattery.ogg, connId=20, audioSessionId=27
02-13 17:49:42.418 E/MediaPlayerService(  116): setDataSource(/system/media/audio/ui/LowBattery.ogg)
02-13 17:49:42.418 D/MediaPlayerService(  116): get player type from url: /system/media/audio/ui/LowBattery.ogg
02-13 17:49:42.418 D/MediaPlayerService(  116): drm EAS_Shutdown url: /system/media/audio/ui/LowBattery.ogg
02-13 17:49:42.428 D/MediaPlayerService(  116): extension = .sp-midi
02-13 17:49:42.428 D/MediaPlayerService(  116): extension = .spmid
02-13 17:49:42.428 D/MediaPlayerService(  116): extension = .mid
02-13 17:49:42.428 D/MediaPlayerService(  116): extension = .midi
02-13 17:49:42.428 D/MediaPlayerService(  116): extension = .smf
02-13 17:49:42.428 D/MediaPlayerService(  116): extension = .xmf
02-13 17:49:42.428 D/MediaPlayerService(  116): extension = .imy
02-13 17:49:42.428 D/MediaPlayerService(  116): extension = .imelody
02-13 17:49:42.428 D/MediaPlayerService(  116): extension = .rtttl
02-13 17:49:42.428 D/MediaPlayerService(  116): extension = .rtx
02-13 17:49:42.428 D/MediaPlayerService(  116): extension = .ota
02-13 17:49:42.428 D/MediaPlayerService(  116): extension = .ogg
02-13 17:49:42.428 E/MediaPlayerService(  116): else player type = 3
02-13 17:49:42.428 E/MediaPlayerService(  116):  create VorbisPlayer
02-13 17:49:42.428 E/wlg     (  326): MediaPlayer.IsSdpFile  path = /system/media/audio/ui/LowBattery.ogg
02-13 17:49:42.428 E/wlg     (  326): MediaPlayer.IsSdpFile  path = /system/media/audio/ui/LowBattery.ogg
02-13 17:49:42.428 D/MediaPlayer(  326): DRM scheme =file
02-13 17:49:42.428 D/MediaPlayer(  326): DRM uri.toString() =file:///system/media/audio/ui/LowBattery.ogg
02-13 17:49:42.428 D/MediaPlayer(  326): setDataSource(/system/media/audio/ui/LowBattery.ogg)
02-13 17:49:42.428 D/MediaPlayerService(  116): Create new client(21) from pid 326, url=/system/media/audio/ui/LowBattery.ogg, connId=21, audioSessionId=28
02-13 17:49:42.428 E/MediaPlayerService(  116): setDataSource(/system/media/audio/ui/LowBattery.ogg)
02-13 17:49:42.428 D/MediaPlayerService(  116): get player type from url: /system/media/audio/ui/LowBattery.ogg
02-13 17:49:42.428 D/MediaPlayerService(  116): drm EAS_Shutdown url: /system/media/audio/ui/LowBattery.ogg
02-13 17:49:42.428 D/MediaPlayerService(  116): extension = .sp-midi
02-13 17:49:42.428 D/MediaPlayerService(  116): extension = .spmid
02-13 17:49:42.428 D/MediaPlayerService(  116): extension = .mid
02-13 17:49:42.428 D/MediaPlayerService(  116): extension = .midi
02-13 17:49:42.428 D/MediaPlayerService(  116): extension = .smf
02-13 17:49:42.428 D/MediaPlayerService(  116): extension = .xmf
02-13 17:49:42.428 D/MediaPlayerService(  116): extension = .imy
02-13 17:49:42.428 D/MediaPlayerService(  116): extension = .imelody
02-13 17:49:42.428 D/MediaPlayerService(  116): extension = .rtttl
02-13 17:49:42.428 D/MediaPlayerService(  116): extension = .rtx
02-13 17:49:42.428 D/MediaPlayerService(  116): extension = .ota
02-13 17:49:42.428 D/MediaPlayerService(  116): extension = .ogg
02-13 17:49:42.428 E/MediaPlayerService(  116): else player type = 3
02-13 17:49:42.428 E/MediaPlayerService(  116):  create VorbisPlayer
02-13 17:49:42.448 D/KeyguardViewMediator(  256): setHidden false
02-13 17:49:42.498 D/KeyguardViewMediator(  256): setHidden false
02-13 17:49:42.498 E/Overlay (  116): Overlay Control Channel is not fully setup yet
02-13 17:49:42.508 D/KeyguardViewMediator(  256): setHidden false
02-13 17:49:42.528 D/KeyguardViewMediator(  256): setHidden false
02-13 17:49:42.538 D/KeyguardViewMediator(  256): setHidden false
02-13 17:49:42.558 D/KeyguardViewMediator(  256): setHidden false
02-13 17:49:42.578 D/KeyguardViewMediator(  256): setHidden false
02-13 17:49:42.588 D/KeyguardViewMediator(  256): setHidden false
02-13 17:49:42.608 D/KeyguardViewMediator(  256): setHidden false
02-13 17:49:42.628 D/KeyguardViewMediator(  256): setHidden false
02-13 17:49:42.638 D/KeyguardViewMediator(  256): setHidden false
02-13 17:49:42.658 D/KeyguardViewMediator(  256): setHidden false
02-13 17:49:42.678 D/KeyguardViewMediator(  256): setHidden false
02-13 17:49:42.698 D/KeyguardViewMediator(  256): setHidden false
02-13 17:49:42.698 E/MediaPlayer(  845): getCurrentPosition sec = 431728
02-13 17:49:42.698 E/MediaPlayer(  845): getDuration_l mDuration = 1296300
02-13 17:49:42.718 D/KeyguardViewMediator(  256): setHidden false
02-13 17:49:42.728 D/KeyguardViewMediator(  256): setHidden false
02-13 17:49:42.748 D/KeyguardViewMediator(  256): setHidden false
02-13 17:49:42.768 D/KeyguardViewMediator(  256): setHidden false
02-13 17:49:42.778 D/KeyguardViewMediator(  256): setHidden false
02-13 17:49:42.798 D/KeyguardViewMediator(  256): setHidden false
02-13 17:49:42.808 D/KeyguardViewMediator(  256): setHidden false
02-13 17:49:42.828 D/KeyguardViewMediator(  256): setHidden false
02-13 17:49:42.848 D/KeyguardViewMediator(  256): setHidden false
02-13 17:49:42.859 D/KeyguardViewMediator(  256): setHidden false
02-13 17:49:42.879 D/KeyguardViewMediator(  256): setHidden false
02-13 17:49:42.899 D/KeyguardViewMediator(  256): setHidden false
02-13 17:49:42.909 D/KeyguardViewMediator(  256): setHidden false
02-13 17:49:42.929 D/KeyguardViewMediator(  256): setHidden false
02-13 17:49:42.949 D/KeyguardViewMediator(  256): setHidden false
02-13 17:49:42.959 D/KeyguardViewMediator(  256): setHidden false
02-13 17:49:42.979 D/KeyguardViewMediator(  256): setHidden false
02-13 17:49:42.999 D/KeyguardViewMediator(  256): setHidden false
02-13 17:49:43.009 D/KeyguardViewMediator(  256): setHidden false
02-13 17:49:43.029 D/KeyguardViewMediator(  256): setHidden false
02-13 17:49:43.039 D/KeyguardViewMediator(  256): setHidden false
02-13 17:49:43.059 D/KeyguardViewMediator(  256): setHidden false
02-13 17:49:43.079 D/KeyguardViewMediator(  256): setHidden false
02-13 17:49:43.099 D/KeyguardViewMediator(  256): setHidden false
02-13 17:49:43.109 D/KeyguardViewMediator(  256): setHidden false
02-13 17:49:43.129 D/KeyguardViewMediator(  256): setHidden false
02-13 17:49:43.149 D/KeyguardViewMediator(  256): setHidden false
02-13 17:49:43.169 D/KeyguardViewMediator(  256): setHidden false
02-13 17:49:43.179 E/Overlay (  116): Overlay Control Channel is not fully setup yet
02-13 17:49:43.189 D/KeyguardViewMediator(  256): setHidden false
02-13 17:49:43.199 D/KeyguardViewMediator(  256): setHidden false
02-13 17:49:43.219 D/KeyguardViewMediator(  256): setHidden false
02-13 17:49:43.239 D/KeyguardViewMediator(  256): setHidden false
02-13 17:49:43.249 D/KeyguardViewMediator(  256): setHidden false
02-13 17:49:43.269 D/KeyguardViewMediator(  256): setHidden false
02-13 17:49:43.289 D/KeyguardViewMediator(  256): setHidden false
02-13 17:49:43.309 D/KeyguardViewMediator(  256): setHidden false
02-13 17:49:43.319 E/Overlay (  116): Overlay Control Channel is not fully setup yet
02-13 17:49:43.329 D/KeyguardViewMediator(  256): setHidden false
02-13 17:49:43.339 D/KeyguardViewMediator(  256): setHidden false
02-13 17:49:43.359 D/KeyguardViewMediator(  256): setHidden false
02-13 17:49:43.379 D/KeyguardViewMediator(  256): setHidden false
02-13 17:49:43.399 D/KeyguardViewMediator(  256): setHidden false
02-13 17:49:43.699 E/MediaPlayer(  845): getCurrentPosition sec = 432689
02-13 17:49:43.699 E/MediaPlayer(  845): getDuration_l mDuration = 1296300
02-13 17:49:44.710 E/MediaPlayer(  845): getCurrentPosition sec = 433649
02-13 17:49:44.710 E/MediaPlayer(  845): getDuration_l mDuration = 1296300
02-13 17:49:45.711 E/MediaPlayer(  845): getCurrentPosition sec = 434747
02-13 17:49:45.711 E/MediaPlayer(  845): getDuration_l mDuration = 1296300
02-13 17:49:45.751 D/PowerManagerService(  256): UnPartial  wakeLock  reactivate ,flags=0xa tag=KEEP_SCREEN_ON_FLAG
02-13 17:49:45.771 D/PowerManagerService(  256): UnPartial  wakeLock  reactivate ,flags=0xa tag=KEEP_SCREEN_ON_FLAG
02-13 17:49:45.791 D/KeyguardViewMediator(  256): setHidden false
02-13 17:49:45.811 D/KeyguardViewMediator(  256): setHidden false
02-13 17:49:45.821 D/KeyguardViewMediator(  256): setHidden false
02-13 17:49:45.841 D/KeyguardViewMediator(  256): setHidden false
02-13 17:49:45.851 D/KeyguardViewMediator(  256): setHidden false
02-13 17:49:45.871 D/KeyguardViewMediator(  256): setHidden false
02-13 17:49:45.891 D/KeyguardViewMediator(  256): setHidden false
02-13 17:49:45.901 D/KeyguardViewMediator(  256): setHidden false
02-13 17:49:45.921 D/KeyguardViewMediator(  256): setHidden false
02-13 17:49:45.942 D/KeyguardViewMediator(  256): setHidden false
02-13 17:49:45.952 D/KeyguardViewMediator(  256): setHidden false
02-13 17:49:45.972 D/KeyguardViewMediator(  256): setHidden false
02-13 17:49:45.972 D/KeyguardViewMediator(  256): setHidden false
02-13 17:49:46.722 E/MediaPlayer(  845): getCurrentPosition sec = 435708
02-13 17:49:46.722 E/MediaPlayer(  845): getDuration_l mDuration = 1296300
02-13 17:49:47.723 E/MediaPlayer(  845): getCurrentPosition sec = 436668
02-13 17:49:47.723 E/MediaPlayer(  845): getDuration_l mDuration = 1296300
02-13 17:49:48.734 E/MediaPlayer(  845): getCurrentPosition sec = 437766
02-13 17:49:48.734 E/MediaPlayer(  845): getDuration_l mDuration = 1296300
02-13 17:49:49.025 I/wpa_supplicant(  399): State: INACTIVE -> SCANNING
02-13 17:49:49.025 I/wpa_supplicant(  399): CTRL-EVENT-STATE-CHANGE id=-1 state=2 BSSID=00:00:00:00:00:00
02-13 17:49:49.025 D/NetworkStateTracker(  256): setDetailed state, old =IDLE and new state=SCANNING
02-13 17:49:49.735 E/MediaPlayer(  845): getCurrentPosition sec = 438727
02-13 17:49:49.735 E/MediaPlayer(  845): getDuration_l mDuration = 1296300
02-13 17:49:49.985 I/dun_service(  124): process rmnet event
02-13 17:49:49.985 I/dun_service(  124): Post event 4
02-13 17:49:49.995 I/dun_service(  124): received event: DUN_EVENT_RMNET_UP 
02-13 17:49:49.995 I/dun_service(  124): received event(DUN_EVENT_RMNET_UP) in state(DUN_STATE_USB_UNPLUG)
02-13 17:49:49.995 I/dun_service(  124): Ignoring the event DUN_EVENT_RMNET_UP in USB_UNPLUG_STATE
02-13 17:49:49.995 I/dun_service(  124): Moved to state(DUN_STATE_USB_UNPLUG)
02-13 17:49:49.995 I/wpa_supplicant(  399): State: SCANNING -> INACTIVE
02-13 17:49:49.995 I/wpa_supplicant(  399): CTRL-EVENT-STATE-CHANGE id=-1 state=1 BSSID=00:00:00:00:00:00
02-13 17:49:49.995 D/WifiStateTracker(  256): setNotificationVisible() visible=false mNotificationShown=false force=false return.
02-13 17:49:50.005 D/NetworkStateTracker(  256): setDetailed state, old =SCANNING and new state=IDLE
02-13 17:49:50.746 E/MediaPlayer(  845): getCurrentPosition sec = 439687
02-13 17:49:50.746 E/MediaPlayer(  845): getDuration_l mDuration = 1296300
02-13 17:49:51.747 E/MediaPlayer(  845): getCurrentPosition sec = 440785
02-13 17:49:51.747 E/MediaPlayer(  845): getDuration_l mDuration = 1296300
02-13 17:49:52.338 I/dun_service(  124): The value returned from dun_getusbmodemstate_fromsys is 2 
02-13 17:49:52.348 D/KeyguardUpdateMonitor(  256): received broadcast android.intent.action.BATTERY_CHANGED
02-13 17:49:52.348 D/KeyguardUpdateMonitor(  256): handleBatteryUpdate
02-13 17:49:52.758 E/MediaPlayer(  845): getCurrentPosition sec = 441746
02-13 17:49:52.758 E/MediaPlayer(  845): getDuration_l mDuration = 1296300
02-13 17:49:53.769 E/MediaPlayer(  845): getCurrentPosition sec = 442844
02-13 17:49:53.769 E/MediaPlayer(  845): getDuration_l mDuration = 1296300
02-13 17:49:54.780 E/MediaPlayer(  845): getCurrentPosition sec = 443804
02-13 17:49:54.780 E/MediaPlayer(  845): getDuration_l mDuration = 1296300
02-13 17:49:55.771 E/MediaPlayer(  845): getCurrentPosition sec = 444764
02-13 17:49:55.771 E/MediaPlayer(  845): getDuration_l mDuration = 1296300
