02-13 17:44:58.891 E/MediaPlayer(  845): getCurrentPosition sec = 147934
02-13 17:44:58.891 E/MediaPlayer(  845): getDuration_l mDuration = 1296300
02-13 17:44:59.902 E/MediaPlayer(  845): getCurrentPosition sec = 148895
02-13 17:44:59.902 E/MediaPlayer(  845): getDuration_l mDuration = 1296300
02-13 17:44:59.993 D/KeyguardUpdateMonitor(  256): received broadcast android.intent.action.TIME_TICK
02-13 17:44:59.993 D/KeyguardUpdateMonitor(  256): handleTimeUpdate
02-13 17:45:00.863 D/DATA    (  344): [DSST(0)] pollstate() : reason = data network state changed
02-13 17:45:00.913 E/MediaPlayer(  845): getCurrentPosition sec = 149856
02-13 17:45:00.913 E/MediaPlayer(  845): getDuration_l mDuration = 1296300
02-13 17:45:00.943 D/MobileDataStateTracker(  256): [hipri]  MobileDataStateReceiver onReceive(): Entry.
02-13 17:45:00.943 D/MobileDataStateTracker(  256): [hipri]  intent.getAction()= android.intent.action.SERVICE_STATE
02-13 17:45:00.943 D/MobileDataStateTracker(  256): [hipri]  mEnabled = false
02-13 17:45:00.943 D/MobileDataStateTracker(  256): [dun]  MobileDataStateReceiver onReceive(): Entry.
02-13 17:45:00.943 D/MobileDataStateTracker(  256): [dun]  intent.getAction()= android.intent.action.SERVICE_STATE
02-13 17:45:00.943 D/MobileDataStateTracker(  256): [dun]  mEnabled = false
02-13 17:45:00.943 D/MobileDataStateTracker(  256): [supl]  MobileDataStateReceiver onReceive(): Entry.
02-13 17:45:00.943 D/MobileDataStateTracker(  256): [supl]  intent.getAction()= android.intent.action.SERVICE_STATE
02-13 17:45:00.943 D/MobileDataStateTracker(  256): [supl]  mEnabled = false
02-13 17:45:00.953 D/MobileDataStateTracker(  256): [mms]  MobileDataStateReceiver onReceive(): Entry.
02-13 17:45:00.953 D/MobileDataStateTracker(  256): [mms]  intent.getAction()= android.intent.action.SERVICE_STATE
02-13 17:45:00.953 D/MobileDataStateTracker(  256): [mms]  mEnabled = false
02-13 17:45:00.953 D/MobileDataStateTracker(  256): [default]  MobileDataStateReceiver onReceive(): Entry.
02-13 17:45:00.953 D/MobileDataStateTracker(  256): [default]  intent.getAction()= android.intent.action.SERVICE_STATE
02-13 17:45:00.953 D/MobileDataStateTracker(  256): [default]  mEnabled = true
02-13 17:45:00.953 D/DATA    (  344): [DSST(0)]  registrationState = 1  radioTechnology = 8 reasonForDenial = 0
02-13 17:45:00.953 D/DATA    (  344): [DSST(0)]  set mNewDataConnectionState = 0
02-13 17:45:00.963 D/DATA    (  344): [DSST(0)]  mNewDataConnectionState : 0  mDataConnectionState : 0
02-13 17:45:00.963 D/DATA    (  344): [DSST(0)] Poll ServiceState done: oldSS=[0 home null null null  EvDo rev. A CSS not supported -1 -1RoamInd: -1RoamStatus(sprint): -1DefRoamInd: -1EmergOnly: false] newSS=[0 home null null null  EvDo rev. A CSS not supported -1 -1RoamInd: -1RoamStatus(sprint): -1DefRoamInd: -1EmergOnly: false]
02-13 17:45:00.963 D/DATA    (  344): [DSST(0)]  mDataConnectionState = 0
02-13 17:45:00.963 D/CallManager(  344):  handleMessage (EVENT_SERVICE_STATE_CHANGED)
02-13 17:45:00.963 E/BT HS/HF(  344): SERVICE_STATE_CHANGED called
02-13 17:45:00.963 E/BT HS/HF(  344): updateServiceState called, sendUpdate:false  ServiceState:0 home Sprint  310099  EvDo rev. A CSS not supported 41 4139RoamInd: 1RoamStatus(sprint): 1DefRoamInd: 160EmergOnly: false
02-13 17:45:00.963 E/BT HS/HF(  344): service:1 mService:1
02-13 17:45:00.984 D/Mms     (  811): currentRoamingStatus:1
02-13 17:45:01.024 I/wpa_supplicant(  399): State: INACTIVE -> SCANNING
02-13 17:45:01.024 I/wpa_supplicant(  399): CTRL-EVENT-STATE-CHANGE id=-1 state=2 BSSID=00:00:00:00:00:00
02-13 17:45:01.024 D/NetworkStateTracker(  256): setDetailed state, old =IDLE and new state=SCANNING
02-13 17:45:01.914 E/MediaPlayer(  845): getCurrentPosition sec = 150954
02-13 17:45:01.914 E/MediaPlayer(  845): getDuration_l mDuration = 1296300
02-13 17:45:02.005 I/dun_service(  124): process rmnet event
02-13 17:45:02.005 I/dun_service(  124): Post event 4
02-13 17:45:02.005 I/dun_service(  124): received event: DUN_EVENT_RMNET_UP 
02-13 17:45:02.005 I/dun_service(  124): received event(DUN_EVENT_RMNET_UP) in state(DUN_STATE_USB_UNPLUG)
02-13 17:45:02.005 I/dun_service(  124): Ignoring the event DUN_EVENT_RMNET_UP in USB_UNPLUG_STATE
02-13 17:45:02.005 I/dun_service(  124): Moved to state(DUN_STATE_USB_UNPLUG)
02-13 17:45:02.005 I/wpa_supplicant(  399): State: SCANNING -> INACTIVE
02-13 17:45:02.005 I/wpa_supplicant(  399): CTRL-EVENT-STATE-CHANGE id=-1 state=1 BSSID=00:00:00:00:00:00
02-13 17:45:02.015 D/WifiStateTracker(  256): setNotificationVisible() visible=false mNotificationShown=false force=false return.
02-13 17:45:02.015 D/NetworkStateTracker(  256): setDetailed state, old =SCANNING and new state=IDLE
02-13 17:45:02.915 E/MediaPlayer(  845): getCurrentPosition sec = 151914
02-13 17:45:02.915 E/MediaPlayer(  845): getDuration_l mDuration = 1296300
02-13 17:45:03.926 E/MediaPlayer(  845): getCurrentPosition sec = 152875
02-13 17:45:03.926 E/MediaPlayer(  845): getDuration_l mDuration = 1296300
02-13 17:45:04.937 E/MediaPlayer(  845): getCurrentPosition sec = 153973
02-13 17:45:04.937 E/MediaPlayer(  845): getDuration_l mDuration = 1296300
02-13 17:45:05.938 E/MediaPlayer(  845): getCurrentPosition sec = 154933
02-13 17:45:05.938 E/MediaPlayer(  845): getDuration_l mDuration = 1296300
02-13 17:45:06.949 E/MediaPlayer(  845): getCurrentPosition sec = 155894
02-13 17:45:06.949 E/MediaPlayer(  845): getDuration_l mDuration = 1296300
02-13 17:45:07.950 E/MediaPlayer(  845): getCurrentPosition sec = 156992
02-13 17:45:07.950 E/MediaPlayer(  845): getDuration_l mDuration = 1296300
02-13 17:45:08.951 E/MediaPlayer(  845): getCurrentPosition sec = 157952
02-13 17:45:08.951 E/MediaPlayer(  845): getDuration_l mDuration = 1296300
02-13 17:45:09.962 E/MediaPlayer(  845): getCurrentPosition sec = 158913
02-13 17:45:09.962 E/MediaPlayer(  845): getDuration_l mDuration = 1296300
02-13 17:45:10.963 E/MediaPlayer(  845): getCurrentPosition sec = 160011
02-13 17:45:10.963 E/MediaPlayer(  845): getDuration_l mDuration = 1296300
02-13 17:45:11.974 E/MediaPlayer(  845): getCurrentPosition sec = 160971
02-13 17:45:11.974 E/MediaPlayer(  845): getDuration_l mDuration = 1296300
02-13 17:45:12.285 D/DATA    (  344): [DSST(0)] pollstate() : reason = data network state changed
02-13 17:45:12.295 D/MobileDataStateTracker(  256): [hipri]  MobileDataStateReceiver onReceive(): Entry.
02-13 17:45:12.295 D/MobileDataStateTracker(  256): [hipri]  intent.getAction()= android.intent.action.SERVICE_STATE
02-13 17:45:12.295 D/MobileDataStateTracker(  256): [hipri]  mEnabled = false
02-13 17:45:12.305 D/MobileDataStateTracker(  256): [dun]  MobileDataStateReceiver onReceive(): Entry.
02-13 17:45:12.305 D/MobileDataStateTracker(  256): [dun]  intent.getAction()= android.intent.action.SERVICE_STATE
02-13 17:45:12.305 D/MobileDataStateTracker(  256): [dun]  mEnabled = false
02-13 17:45:12.305 D/MobileDataStateTracker(  256): [supl]  MobileDataStateReceiver onReceive(): Entry.
02-13 17:45:12.305 D/MobileDataStateTracker(  256): [supl]  intent.getAction()= android.intent.action.SERVICE_STATE
02-13 17:45:12.305 D/MobileDataStateTracker(  256): [supl]  mEnabled = false
02-13 17:45:12.305 D/MobileDataStateTracker(  256): [mms]  MobileDataStateReceiver onReceive(): Entry.
02-13 17:45:12.305 D/MobileDataStateTracker(  256): [mms]  intent.getAction()= android.intent.action.SERVICE_STATE
02-13 17:45:12.305 D/MobileDataStateTracker(  256): [mms]  mEnabled = false
02-13 17:45:12.305 D/MobileDataStateTracker(  256): [default]  MobileDataStateReceiver onReceive(): Entry.
02-13 17:45:12.305 D/MobileDataStateTracker(  256): [default]  intent.getAction()= android.intent.action.SERVICE_STATE
02-13 17:45:12.305 D/MobileDataStateTracker(  256): [default]  mEnabled = true
02-13 17:45:12.315 D/CallManager(  344):  handleMessage (EVENT_SERVICE_STATE_CHANGED)
02-13 17:45:12.315 E/BT HS/HF(  344): SERVICE_STATE_CHANGED called
02-13 17:45:12.315 E/BT HS/HF(  344): updateServiceState called, sendUpdate:false  ServiceState:0 home Sprint  310099  EvDo rev. A CSS not supported 41 4139RoamInd: 1RoamStatus(sprint): 1DefRoamInd: 160EmergOnly: false
02-13 17:45:12.315 E/BT HS/HF(  344): service:1 mService:1
02-13 17:45:12.315 D/DATA    (  344): [DSST(0)]  registrationState = 1  radioTechnology = 8 reasonForDenial = 0
02-13 17:45:12.315 D/DATA    (  344): [DSST(0)]  set mNewDataConnectionState = 0
02-13 17:45:12.315 D/DATA    (  344): [DSST(0)]  mNewDataConnectionState : 0  mDataConnectionState : 0
02-13 17:45:12.315 D/DATA    (  344): [DSST(0)] Poll ServiceState done: oldSS=[0 home null null null  EvDo rev. A CSS not supported -1 -1RoamInd: -1RoamStatus(sprint): -1DefRoamInd: -1EmergOnly: false] newSS=[0 home null null null  EvDo rev. A CSS not supported -1 -1RoamInd: -1RoamStatus(sprint): -1DefRoamInd: -1EmergOnly: false]
02-13 17:45:12.315 D/DATA    (  344): [DSST(0)]  mDataConnectionState = 0
02-13 17:45:12.335 D/Mms     (  811): currentRoamingStatus:1
02-13 17:45:12.985 E/MediaPlayer(  845): getCurrentPosition sec = 161932
02-13 17:45:12.985 E/MediaPlayer(  845): getDuration_l mDuration = 1296300
02-13 17:45:13.996 E/MediaPlayer(  845): getCurrentPosition sec = 163030
02-13 17:45:13.996 E/MediaPlayer(  845): getDuration_l mDuration = 1296300
02-13 17:45:14.997 E/MediaPlayer(  845): getCurrentPosition sec = 163991
02-13 17:45:15.007 E/MediaPlayer(  845): getDuration_l mDuration = 1296300
02-13 17:45:16.008 E/MediaPlayer(  845): getCurrentPosition sec = 164951
02-13 17:45:16.008 E/MediaPlayer(  845): getDuration_l mDuration = 1296300
02-13 17:45:17.019 E/MediaPlayer(  845): getCurrentPosition sec = 166049
02-13 17:45:17.019 E/MediaPlayer(  845): getDuration_l mDuration = 1296300
02-13 17:45:17.039 I/wpa_supplicant(  399): State: INACTIVE -> SCANNING
02-13 17:45:17.039 I/wpa_supplicant(  399): CTRL-EVENT-STATE-CHANGE id=-1 state=2 BSSID=00:00:00:00:00:00
02-13 17:45:17.049 D/NetworkStateTracker(  256): setDetailed state, old =IDLE and new state=SCANNING
02-13 17:45:18.010 I/dun_service(  124): process rmnet event
02-13 17:45:18.010 I/dun_service(  124): Post event 4
02-13 17:45:18.020 I/dun_service(  124): received event: DUN_EVENT_RMNET_UP 
02-13 17:45:18.020 I/dun_service(  124): received event(DUN_EVENT_RMNET_UP) in state(DUN_STATE_USB_UNPLUG)
02-13 17:45:18.020 I/dun_service(  124): Ignoring the event DUN_EVENT_RMNET_UP in USB_UNPLUG_STATE
02-13 17:45:18.020 I/dun_service(  124): Moved to state(DUN_STATE_USB_UNPLUG)
02-13 17:45:18.020 I/wpa_supplicant(  399): State: SCANNING -> INACTIVE
02-13 17:45:18.020 I/wpa_supplicant(  399): CTRL-EVENT-STATE-CHANGE id=-1 state=1 BSSID=00:00:00:00:00:00
02-13 17:45:18.020 E/MediaPlayer(  845): getCurrentPosition sec = 167010
02-13 17:45:18.020 E/MediaPlayer(  845): getDuration_l mDuration = 1296300
02-13 17:45:18.030 D/NetworkStateTracker(  256): setDetailed state, old =SCANNING and new state=IDLE
02-13 17:45:18.030 D/WifiStateTracker(  256): setNotificationVisible() visible=false mNotificationShown=false force=false return.
02-13 17:45:19.021 E/MediaPlayer(  845): getCurrentPosition sec = 167971
02-13 17:45:19.021 E/MediaPlayer(  845): getDuration_l mDuration = 1296300
02-13 17:45:20.022 E/MediaPlayer(  845): getCurrentPosition sec = 169068
02-13 17:45:20.022 E/MediaPlayer(  845): getDuration_l mDuration = 1296300
02-13 17:45:21.043 E/MediaPlayer(  845): getCurrentPosition sec = 170029
02-13 17:45:21.043 E/MediaPlayer(  845): getDuration_l mDuration = 1296300
02-13 17:45:22.044 E/MediaPlayer(  845): getCurrentPosition sec = 170990
02-13 17:45:22.044 E/MediaPlayer(  845): getDuration_l mDuration = 1296300
02-13 17:45:23.055 E/MediaPlayer(  845): getCurrentPosition sec = 172087
02-13 17:45:23.055 E/MediaPlayer(  845): getDuration_l mDuration = 1296300
02-13 17:45:24.066 E/MediaPlayer(  845): getCurrentPosition sec = 173048
02-13 17:45:24.066 E/MediaPlayer(  845): getDuration_l mDuration = 1296300
02-13 17:45:25.067 E/MediaPlayer(  845): getCurrentPosition sec = 174009
02-13 17:45:25.067 E/MediaPlayer(  845): getDuration_l mDuration = 1296300
02-13 17:45:26.078 E/MediaPlayer(  845): getCurrentPosition sec = 175107
02-13 17:45:26.078 E/MediaPlayer(  845): getDuration_l mDuration = 1296300
02-13 17:45:27.079 E/MediaPlayer(  845): getCurrentPosition sec = 176067
02-13 17:45:27.079 E/MediaPlayer(  845): getDuration_l mDuration = 1296300
02-13 17:45:28.100 E/MediaPlayer(  845): getCurrentPosition sec = 177028
02-13 17:45:28.100 E/MediaPlayer(  845): getDuration_l mDuration = 1296300
02-13 17:45:29.091 E/MediaPlayer(  845): getCurrentPosition sec = 178126
02-13 17:45:29.091 E/MediaPlayer(  845): getDuration_l mDuration = 1296300
02-13 17:45:30.092 E/MediaPlayer(  845): getCurrentPosition sec = 179086
02-13 17:45:30.092 E/MediaPlayer(  845): getDuration_l mDuration = 1296300
02-13 17:45:31.113 E/MediaPlayer(  845): getCurrentPosition sec = 180047
02-13 17:45:31.113 E/MediaPlayer(  845): getDuration_l mDuration = 1296300
02-13 17:45:32.114 E/MediaPlayer(  845): getCurrentPosition sec = 181145
02-13 17:45:32.114 E/MediaPlayer(  845): getDuration_l mDuration = 1296300
02-13 17:45:32.744 D/DATA    (  344): [DSST(0)] pollstate() : reason = data network state changed
02-13 17:45:32.805 D/MobileDataStateTracker(  256): [hipri]  MobileDataStateReceiver onReceive(): Entry.
02-13 17:45:32.805 D/MobileDataStateTracker(  256): [hipri]  intent.getAction()= android.intent.action.SERVICE_STATE
02-13 17:45:32.805 D/MobileDataStateTracker(  256): [hipri]  mEnabled = false
02-13 17:45:32.805 D/MobileDataStateTracker(  256): [dun]  MobileDataStateReceiver onReceive(): Entry.
02-13 17:45:32.805 D/MobileDataStateTracker(  256): [dun]  intent.getAction()= android.intent.action.SERVICE_STATE
02-13 17:45:32.805 D/MobileDataStateTracker(  256): [dun]  mEnabled = false
02-13 17:45:32.815 D/DATA    (  344): [DSST(0)]  registrationState = 1  radioTechnology = 8 reasonForDenial = 0
02-13 17:45:32.815 D/DATA    (  344): [DSST(0)]  set mNewDataConnectionState = 0
02-13 17:45:32.815 D/DATA    (  344): [DSST(0)]  mNewDataConnectionState : 0  mDataConnectionState : 0
02-13 17:45:32.825 D/MobileDataStateTracker(  256): [supl]  MobileDataStateReceiver onReceive(): Entry.
02-13 17:45:32.825 D/MobileDataStateTracker(  256): [supl]  intent.getAction()= android.intent.action.SERVICE_STATE
02-13 17:45:32.825 D/MobileDataStateTracker(  256): [supl]  mEnabled = false
02-13 17:45:32.825 D/DATA    (  344): [DSST(0)] Poll ServiceState done: oldSS=[0 home null null null  EvDo rev. A CSS not supported -1 -1RoamInd: -1RoamStatus(sprint): -1DefRoamInd: -1EmergOnly: false] newSS=[0 home null null null  EvDo rev. A CSS not supported -1 -1RoamInd: -1RoamStatus(sprint): -1DefRoamInd: -1EmergOnly: false]
02-13 17:45:32.825 D/DATA    (  344): [DSST(0)]  mDataConnectionState = 0
02-13 17:45:32.825 D/CallManager(  344):  handleMessage (EVENT_SERVICE_STATE_CHANGED)
02-13 17:45:32.825 E/BT HS/HF(  344): SERVICE_STATE_CHANGED called
02-13 17:45:32.825 E/BT HS/HF(  344): updateServiceState called, sendUpdate:false  ServiceState:0 home Sprint  310099  EvDo rev. A CSS not supported 41 4139RoamInd: 1RoamStatus(sprint): 1DefRoamInd: 160EmergOnly: false
02-13 17:45:32.825 E/BT HS/HF(  344): service:1 mService:1
02-13 17:45:32.825 D/MobileDataStateTracker(  256): [mms]  MobileDataStateReceiver onReceive(): Entry.
02-13 17:45:32.825 D/MobileDataStateTracker(  256): [mms]  intent.getAction()= android.intent.action.SERVICE_STATE
02-13 17:45:32.825 D/MobileDataStateTracker(  256): [mms]  mEnabled = false
02-13 17:45:32.825 D/MobileDataStateTracker(  256): [default]  MobileDataStateReceiver onReceive(): Entry.
02-13 17:45:32.825 D/MobileDataStateTracker(  256): [default]  intent.getAction()= android.intent.action.SERVICE_STATE
02-13 17:45:32.825 D/MobileDataStateTracker(  256): [default]  mEnabled = true
02-13 17:45:32.835 D/Mms     (  811): currentRoamingStatus:1
02-13 17:45:33.035 I/wpa_supplicant(  399): State: INACTIVE -> SCANNING
02-13 17:45:33.035 I/wpa_supplicant(  399): CTRL-EVENT-STATE-CHANGE id=-1 state=2 BSSID=00:00:00:00:00:00
02-13 17:45:33.035 D/NetworkStateTracker(  256): setDetailed state, old =IDLE and new state=SCANNING
02-13 17:45:33.125 E/MediaPlayer(  845): getCurrentPosition sec = 182106
02-13 17:45:33.125 E/MediaPlayer(  845): getDuration_l mDuration = 1296300
02-13 17:45:34.006 I/wpa_supplicant(  399): State: SCANNING -> INACTIVE
02-13 17:45:34.006 I/wpa_supplicant(  399): CTRL-EVENT-STATE-CHANGE id=-1 state=1 BSSID=00:00:00:00:00:00
02-13 17:45:34.006 I/dun_service(  124): process rmnet event
02-13 17:45:34.006 I/dun_service(  124): Post event 4
02-13 17:45:34.006 I/dun_service(  124): received event: DUN_EVENT_RMNET_UP 
02-13 17:45:34.006 I/dun_service(  124): received event(DUN_EVENT_RMNET_UP) in state(DUN_STATE_USB_UNPLUG)
02-13 17:45:34.006 I/dun_service(  124): Ignoring the event DUN_EVENT_RMNET_UP in USB_UNPLUG_STATE
02-13 17:45:34.006 I/dun_service(  124): Moved to state(DUN_STATE_USB_UNPLUG)
02-13 17:45:34.006 D/NetworkStateTracker(  256): setDetailed state, old =SCANNING and new state=IDLE
02-13 17:45:34.006 D/WifiStateTracker(  256): setNotificationVisible() visible=false mNotificationShown=false force=false return.
02-13 17:45:34.126 E/MediaPlayer(  845): getCurrentPosition sec = 183066
02-13 17:45:34.126 E/MediaPlayer(  845): getDuration_l mDuration = 1296300
02-13 17:45:35.137 E/MediaPlayer(  845): getCurrentPosition sec = 184164
02-13 17:45:35.137 E/MediaPlayer(  845): getDuration_l mDuration = 1296300
02-13 17:45:36.138 E/MediaPlayer(  845): getCurrentPosition sec = 185125
02-13 17:45:36.138 E/MediaPlayer(  845): getDuration_l mDuration = 1296300
02-13 17:45:37.159 E/MediaPlayer(  845): getCurrentPosition sec = 186223
02-13 17:45:37.159 E/MediaPlayer(  845): getDuration_l mDuration = 1296300
02-13 17:45:38.160 E/MediaPlayer(  845): getCurrentPosition sec = 187183
02-13 17:45:38.160 E/MediaPlayer(  845): getDuration_l mDuration = 1296300
02-13 17:45:39.161 E/MediaPlayer(  845): getCurrentPosition sec = 188144
02-13 17:45:39.161 E/MediaPlayer(  845): getDuration_l mDuration = 1296300
02-13 17:45:40.172 E/MediaPlayer(  845): getCurrentPosition sec = 189242
02-13 17:45:40.172 E/MediaPlayer(  845): getDuration_l mDuration = 1296300
02-13 17:45:41.173 E/MediaPlayer(  845): getCurrentPosition sec = 190202
02-13 17:45:41.173 E/MediaPlayer(  845): getDuration_l mDuration = 1296300
02-13 17:45:42.184 E/MediaPlayer(  845): getCurrentPosition sec = 191163
02-13 17:45:42.184 E/MediaPlayer(  845): getDuration_l mDuration = 1296300
02-13 17:45:43.185 E/MediaPlayer(  845): getCurrentPosition sec = 192261
02-13 17:45:43.185 E/MediaPlayer(  845): getDuration_l mDuration = 1296300
02-13 17:45:44.196 E/MediaPlayer(  845): getCurrentPosition sec = 193221
02-13 17:45:44.196 E/MediaPlayer(  845): getDuration_l mDuration = 1296300
02-13 17:45:45.197 E/MediaPlayer(  845): getCurrentPosition sec = 194182
02-13 17:45:45.197 E/MediaPlayer(  845): getDuration_l mDuration = 1296300
02-13 17:45:46.198 E/MediaPlayer(  845): getCurrentPosition sec = 195143
02-13 17:45:46.198 E/MediaPlayer(  845): getDuration_l mDuration = 1296300
02-13 17:45:47.209 E/MediaPlayer(  845): getCurrentPosition sec = 196240
02-13 17:45:47.209 E/MediaPlayer(  845): getDuration_l mDuration = 1296300
02-13 17:45:48.099 D/DATA    (  344): [DSST(0)] pollstate() : reason = data network state changed
02-13 17:45:48.160 D/MobileDataStateTracker(  256): [hipri]  MobileDataStateReceiver onReceive(): Entry.
02-13 17:45:48.160 D/MobileDataStateTracker(  256): [hipri]  intent.getAction()= android.intent.action.SERVICE_STATE
02-13 17:45:48.160 D/MobileDataStateTracker(  256): [hipri]  mEnabled = false
02-13 17:45:48.170 D/MobileDataStateTracker(  256): [dun]  MobileDataStateReceiver onReceive(): Entry.
02-13 17:45:48.170 D/MobileDataStateTracker(  256): [dun]  intent.getAction()= android.intent.action.SERVICE_STATE
02-13 17:45:48.170 D/MobileDataStateTracker(  256): [dun]  mEnabled = false
02-13 17:45:48.170 D/MobileDataStateTracker(  256): [supl]  MobileDataStateReceiver onReceive(): Entry.
02-13 17:45:48.170 D/MobileDataStateTracker(  256): [supl]  intent.getAction()= android.intent.action.SERVICE_STATE
02-13 17:45:48.170 D/MobileDataStateTracker(  256): [supl]  mEnabled = false
02-13 17:45:48.170 D/MobileDataStateTracker(  256): [mms]  MobileDataStateReceiver onReceive(): Entry.
02-13 17:45:48.170 D/MobileDataStateTracker(  256): [mms]  intent.getAction()= android.intent.action.SERVICE_STATE
02-13 17:45:48.170 D/MobileDataStateTracker(  256): [mms]  mEnabled = false
02-13 17:45:48.170 D/MobileDataStateTracker(  256): [default]  MobileDataStateReceiver onReceive(): Entry.
02-13 17:45:48.170 D/MobileDataStateTracker(  256): [default]  intent.getAction()= android.intent.action.SERVICE_STATE
02-13 17:45:48.170 D/MobileDataStateTracker(  256): [default]  mEnabled = true
02-13 17:45:48.180 D/CallManager(  344):  handleMessage (EVENT_SERVICE_STATE_CHANGED)
02-13 17:45:48.180 E/BT HS/HF(  344): SERVICE_STATE_CHANGED called
02-13 17:45:48.180 E/BT HS/HF(  344): updateServiceState called, sendUpdate:false  ServiceState:0 home Sprint  310099  EvDo rev. A CSS not supported 41 4139RoamInd: 1RoamStatus(sprint): 1DefRoamInd: 160EmergOnly: false
02-13 17:45:48.180 E/BT HS/HF(  344): service:1 mService:1
02-13 17:45:48.180 D/DATA    (  344): [DSST(0)]  registrationState = 1  radioTechnology = 8 reasonForDenial = 0
02-13 17:45:48.180 D/DATA    (  344): [DSST(0)]  set mNewDataConnectionState = 0
02-13 17:45:48.180 D/DATA    (  344): [DSST(0)]  mNewDataConnectionState : 0  mDataConnectionState : 0
02-13 17:45:48.180 D/DATA    (  344): [DSST(0)] Poll ServiceState done: oldSS=[0 home null null null  EvDo rev. A CSS not supported -1 -1RoamInd: -1RoamStatus(sprint): -1DefRoamInd: -1EmergOnly: false] newSS=[0 home null null null  EvDo rev. A CSS not supported -1 -1RoamInd: -1RoamStatus(sprint): -1DefRoamInd: -1EmergOnly: false]
02-13 17:45:48.180 D/DATA    (  344): [DSST(0)]  mDataConnectionState = 0
02-13 17:45:48.200 D/Mms     (  811): currentRoamingStatus:1
02-13 17:45:48.210 E/MediaPlayer(  845): getCurrentPosition sec = 197201
02-13 17:45:48.210 E/MediaPlayer(  845): getDuration_l mDuration = 1296300
02-13 17:45:49.020 I/wpa_supplicant(  399): State: INACTIVE -> SCANNING
02-13 17:45:49.020 I/wpa_supplicant(  399): CTRL-EVENT-STATE-CHANGE id=-1 state=2 BSSID=00:00:00:00:00:00
02-13 17:45:49.030 D/NetworkStateTracker(  256): setDetailed state, old =IDLE and new state=SCANNING
02-13 17:45:49.211 E/MediaPlayer(  845): getCurrentPosition sec = 198161
02-13 17:45:49.211 E/MediaPlayer(  845): getDuration_l mDuration = 1296300
02-13 17:45:49.981 I/wpa_supplicant(  399): State: SCANNING -> INACTIVE
02-13 17:45:49.981 I/wpa_supplicant(  399): CTRL-EVENT-STATE-CHANGE id=-1 state=1 BSSID=00:00:00:00:00:00
02-13 17:45:49.981 I/dun_service(  124): process rmnet event
02-13 17:45:49.981 I/dun_service(  124): Post event 4
02-13 17:45:49.981 I/dun_service(  124): received event: DUN_EVENT_RMNET_UP 
02-13 17:45:49.981 I/dun_service(  124): received event(DUN_EVENT_RMNET_UP) in state(DUN_STATE_USB_UNPLUG)
02-13 17:45:49.981 I/dun_service(  124): Ignoring the event DUN_EVENT_RMNET_UP in USB_UNPLUG_STATE
02-13 17:45:49.981 I/dun_service(  124): Moved to state(DUN_STATE_USB_UNPLUG)
02-13 17:45:49.981 D/NetworkStateTracker(  256): setDetailed state, old =SCANNING and new state=IDLE
02-13 17:45:49.981 D/WifiStateTracker(  256): setNotificationVisible() visible=false mNotificationShown=false force=false return.
02-13 17:45:50.212 E/MediaPlayer(  845): getCurrentPosition sec = 199259
02-13 17:45:50.212 E/MediaPlayer(  845): getDuration_l mDuration = 1296300
02-13 17:45:51.213 E/MediaPlayer(  845): getCurrentPosition sec = 200219
02-13 17:45:51.213 E/MediaPlayer(  845): getDuration_l mDuration = 1296300
02-13 17:45:52.223 E/MediaPlayer(  845): getCurrentPosition sec = 201180
02-13 17:45:52.223 E/MediaPlayer(  845): getDuration_l mDuration = 1296300
02-13 17:45:53.234 E/MediaPlayer(  845): getCurrentPosition sec = 202278
02-13 17:45:53.234 E/MediaPlayer(  845): getDuration_l mDuration = 1296300
02-13 17:45:54.245 E/MediaPlayer(  845): getCurrentPosition sec = 203238
02-13 17:45:54.245 E/MediaPlayer(  845): getDuration_l mDuration = 1296300
02-13 17:45:55.246 E/MediaPlayer(  845): getCurrentPosition sec = 204199
02-13 17:45:55.246 E/MediaPlayer(  845): getDuration_l mDuration = 1296300
02-13 17:45:56.257 E/MediaPlayer(  845): getCurrentPosition sec = 205297
02-13 17:45:56.257 E/MediaPlayer(  845): getDuration_l mDuration = 1296300
02-13 17:45:57.258 E/MediaPlayer(  845): getCurrentPosition sec = 206258
02-13 17:45:57.258 E/MediaPlayer(  845): getDuration_l mDuration = 1296300
02-13 17:45:58.269 E/MediaPlayer(  845): getCurrentPosition sec = 207218
02-13 17:45:58.269 E/MediaPlayer(  845): getDuration_l mDuration = 1296300
02-13 17:45:59.280 E/MediaPlayer(  845): getCurrentPosition sec = 208316
02-13 17:45:59.280 E/MediaPlayer(  845): getDuration_l mDuration = 1296300
02-13 17:46:00.011 D/KeyguardUpdateMonitor(  256): received broadcast android.intent.action.TIME_TICK
02-13 17:46:00.021 D/KeyguardUpdateMonitor(  256): handleTimeUpdate
02-13 17:46:00.271 E/MediaPlayer(  845): getCurrentPosition sec = 209277
02-13 17:46:00.271 E/MediaPlayer(  845): getDuration_l mDuration = 1296300
02-13 17:46:01.282 E/MediaPlayer(  845): getCurrentPosition sec = 210237
02-13 17:46:01.282 E/MediaPlayer(  845): getDuration_l mDuration = 1296300
02-13 17:46:02.293 E/MediaPlayer(  845): getCurrentPosition sec = 211335
02-13 17:46:02.293 E/MediaPlayer(  845): getDuration_l mDuration = 1296300
02-13 17:46:03.294 E/MediaPlayer(  845): getCurrentPosition sec = 212296
02-13 17:46:03.294 E/MediaPlayer(  845): getDuration_l mDuration = 1296300
02-13 17:46:04.305 E/MediaPlayer(  845): getCurrentPosition sec = 213256
02-13 17:46:04.305 E/MediaPlayer(  845): getDuration_l mDuration = 1296300
02-13 17:46:05.006 I/wpa_supplicant(  399): State: INACTIVE -> SCANNING
02-13 17:46:05.006 I/wpa_supplicant(  399): CTRL-EVENT-STATE-CHANGE id=-1 state=2 BSSID=00:00:00:00:00:00
02-13 17:46:05.006 D/NetworkStateTracker(  256): setDetailed state, old =IDLE and new state=SCANNING
02-13 17:46:05.316 E/MediaPlayer(  845): getCurrentPosition sec = 214354
02-13 17:46:05.316 E/MediaPlayer(  845): getDuration_l mDuration = 1296300
02-13 17:46:05.987 I/dun_service(  124): process rmnet event
02-13 17:46:05.987 I/dun_service(  124): Post event 4
02-13 17:46:05.987 I/dun_service(  124): received event: DUN_EVENT_RMNET_UP 
02-13 17:46:05.987 I/dun_service(  124): received event(DUN_EVENT_RMNET_UP) in state(DUN_STATE_USB_UNPLUG)
02-13 17:46:05.987 I/dun_service(  124): Ignoring the event DUN_EVENT_RMNET_UP in USB_UNPLUG_STATE
02-13 17:46:05.987 I/dun_service(  124): Moved to state(DUN_STATE_USB_UNPLUG)
02-13 17:46:05.987 I/wpa_supplicant(  399): State: SCANNING -> INACTIVE
02-13 17:46:05.987 I/wpa_supplicant(  399): CTRL-EVENT-STATE-CHANGE id=-1 state=1 BSSID=00:00:00:00:00:00
02-13 17:46:05.997 D/WifiStateTracker(  256): setNotificationVisible() visible=false mNotificationShown=false force=false return.
02-13 17:46:05.997 D/NetworkStateTracker(  256): setDetailed state, old =SCANNING and new state=IDLE
02-13 17:46:06.317 E/MediaPlayer(  845): getCurrentPosition sec = 215315
02-13 17:46:06.317 E/MediaPlayer(  845): getDuration_l mDuration = 1296300
02-13 17:46:07.328 E/MediaPlayer(  845): getCurrentPosition sec = 216276
02-13 17:46:07.328 E/MediaPlayer(  845): getDuration_l mDuration = 1296300
02-13 17:46:08.329 E/MediaPlayer(  845): getCurrentPosition sec = 217374
02-13 17:46:08.329 E/MediaPlayer(  845): getDuration_l mDuration = 1296300
02-13 17:46:09.340 E/MediaPlayer(  845): getCurrentPosition sec = 218334
02-13 17:46:09.340 E/MediaPlayer(  845): getDuration_l mDuration = 1296300
02-13 17:46:10.331 E/MediaPlayer(  845): getCurrentPosition sec = 219295
02-13 17:46:10.331 E/MediaPlayer(  845): getDuration_l mDuration = 1296300
02-13 17:46:11.342 E/MediaPlayer(  845): getCurrentPosition sec = 220393
02-13 17:46:11.342 E/MediaPlayer(  845): getDuration_l mDuration = 1296300
02-13 17:46:12.323 I/dun_service(  124): The value returned from dun_getusbmodemstate_fromsys is 2 
02-13 17:46:12.343 D/KeyguardUpdateMonitor(  256): received broadcast android.intent.action.BATTERY_CHANGED
02-13 17:46:12.343 E/lights  (  256):   g_haveAmberLed=0
02-13 17:46:12.343 D/KeyguardUpdateMonitor(  256): handleBatteryUpdate
02-13 17:46:12.353 E/MediaPlayer(  845): getCurrentPosition sec = 221353
02-13 17:46:12.353 E/MediaPlayer(  845): getDuration_l mDuration = 1296300
02-13 17:46:12.363 E/lights  (  256):   red=255
02-13 17:46:12.363 E/lights  (  256):   green=0
02-13 17:46:12.363 E/lights  (  256):   blink=0
02-13 17:46:13.354 E/MediaPlayer(  845): getCurrentPosition sec = 222314
02-13 17:46:13.354 E/MediaPlayer(  845): getDuration_l mDuration = 1296300
02-13 17:46:14.365 E/MediaPlayer(  845): getCurrentPosition sec = 223412
02-13 17:46:14.365 E/MediaPlayer(  845): getDuration_l mDuration = 1296300
02-13 17:46:15.366 E/MediaPlayer(  845): getCurrentPosition sec = 224372
02-13 17:46:15.366 E/MediaPlayer(  845): getDuration_l mDuration = 1296300
02-13 17:46:16.367 E/MediaPlayer(  845): getCurrentPosition sec = 225333
02-13 17:46:16.367 E/MediaPlayer(  845): getDuration_l mDuration = 1296300
02-13 17:46:17.378 E/MediaPlayer(  845): getCurrentPosition sec = 226431
02-13 17:46:17.378 E/MediaPlayer(  845): getDuration_l mDuration = 1296300
02-13 17:46:18.379 E/MediaPlayer(  845): getCurrentPosition sec = 227391
02-13 17:46:18.379 E/MediaPlayer(  845): getDuration_l mDuration = 1296300
02-13 17:46:19.390 E/MediaPlayer(  845): getCurrentPosition sec = 228352
02-13 17:46:19.390 E/MediaPlayer(  845): getDuration_l mDuration = 1296300
02-13 17:46:20.381 E/MediaPlayer(  845): getCurrentPosition sec = 229450
02-13 17:46:20.381 E/MediaPlayer(  845): getDuration_l mDuration = 1296300
02-13 17:46:21.002 I/wpa_supplicant(  399): State: INACTIVE -> SCANNING
02-13 17:46:21.002 I/wpa_supplicant(  399): CTRL-EVENT-STATE-CHANGE id=-1 state=2 BSSID=00:00:00:00:00:00
02-13 17:46:21.002 D/NetworkStateTracker(  256): setDetailed state, old =IDLE and new state=SCANNING
02-13 17:46:21.382 E/MediaPlayer(  845): getCurrentPosition sec = 230410
02-13 17:46:21.382 E/MediaPlayer(  845): getDuration_l mDuration = 1296300
02-13 17:46:21.963 I/dun_service(  124): process rmnet event
02-13 17:46:21.973 I/dun_service(  124): Post event 4
02-13 17:46:21.973 I/dun_service(  124): received event: DUN_EVENT_RMNET_UP 
02-13 17:46:21.973 I/dun_service(  124): received event(DUN_EVENT_RMNET_UP) in state(DUN_STATE_USB_UNPLUG)
02-13 17:46:21.973 I/dun_service(  124): Ignoring the event DUN_EVENT_RMNET_UP in USB_UNPLUG_STATE
02-13 17:46:21.973 I/dun_service(  124): Moved to state(DUN_STATE_USB_UNPLUG)
02-13 17:46:21.973 I/wpa_supplicant(  399): State: SCANNING -> INACTIVE
02-13 17:46:21.973 I/wpa_supplicant(  399): CTRL-EVENT-STATE-CHANGE id=-1 state=1 BSSID=00:00:00:00:00:00
02-13 17:46:21.973 D/NetworkStateTracker(  256): setDetailed state, old =SCANNING and new state=IDLE
02-13 17:46:21.983 D/WifiStateTracker(  256): setNotificationVisible() visible=false mNotificationShown=false force=false return.
02-13 17:46:22.403 E/MediaPlayer(  845): getCurrentPosition sec = 231371
02-13 17:46:22.403 E/MediaPlayer(  845): getDuration_l mDuration = 1296300
02-13 17:46:23.404 E/MediaPlayer(  845): getCurrentPosition sec = 232469
02-13 17:46:23.404 E/MediaPlayer(  845): getDuration_l mDuration = 1296300
02-13 17:46:24.415 E/MediaPlayer(  845): getCurrentPosition sec = 233430
02-13 17:46:24.415 E/MediaPlayer(  845): getDuration_l mDuration = 1296300
02-13 17:46:25.416 E/MediaPlayer(  845): getCurrentPosition sec = 234390
02-13 17:46:25.416 E/MediaPlayer(  845): getDuration_l mDuration = 1296300
02-13 17:46:26.427 E/MediaPlayer(  845): getCurrentPosition sec = 235488
02-13 17:46:26.427 E/MediaPlayer(  845): getDuration_l mDuration = 1296300
02-13 17:46:27.438 E/MediaPlayer(  845): getCurrentPosition sec = 236449
02-13 17:46:27.438 E/MediaPlayer(  845): getDuration_l mDuration = 1296300
02-13 17:46:28.439 E/MediaPlayer(  845): getCurrentPosition sec = 237410
02-13 17:46:28.439 E/MediaPlayer(  845): getDuration_l mDuration = 1296300
02-13 17:46:29.450 E/MediaPlayer(  845): getCurrentPosition sec = 238507
02-13 17:46:29.450 E/MediaPlayer(  845): getDuration_l mDuration = 1296300
02-13 17:46:30.451 E/MediaPlayer(  845): getCurrentPosition sec = 239468
02-13 17:46:30.451 E/MediaPlayer(  845): getDuration_l mDuration = 1296300
02-13 17:46:31.462 E/MediaPlayer(  845): getCurrentPosition sec = 240429
02-13 17:46:31.462 E/MediaPlayer(  845): getDuration_l mDuration = 1296300
02-13 17:46:32.463 E/MediaPlayer(  845): getCurrentPosition sec = 241526
02-13 17:46:32.463 E/MediaPlayer(  845): getDuration_l mDuration = 1296300
02-13 17:46:33.464 E/MediaPlayer(  845): getCurrentPosition sec = 242487
02-13 17:46:33.464 E/MediaPlayer(  845): getDuration_l mDuration = 1296300
02-13 17:46:34.204 D/DATA    (  344): [DSST(0)] pollstate() : reason = data network state changed
02-13 17:46:34.265 D/MobileDataStateTracker(  256): [hipri]  MobileDataStateReceiver onReceive(): Entry.
02-13 17:46:34.265 D/MobileDataStateTracker(  256): [hipri]  intent.getAction()= android.intent.action.SERVICE_STATE
02-13 17:46:34.265 D/MobileDataStateTracker(  256): [hipri]  mEnabled = false
02-13 17:46:34.265 D/MobileDataStateTracker(  256): [dun]  MobileDataStateReceiver onReceive(): Entry.
02-13 17:46:34.265 D/MobileDataStateTracker(  256): [dun]  intent.getAction()= android.intent.action.SERVICE_STATE
02-13 17:46:34.265 D/MobileDataStateTracker(  256): [dun]  mEnabled = false
02-13 17:46:34.265 D/MobileDataStateTracker(  256): [supl]  MobileDataStateReceiver onReceive(): Entry.
02-13 17:46:34.265 D/MobileDataStateTracker(  256): [supl]  intent.getAction()= android.intent.action.SERVICE_STATE
02-13 17:46:34.265 D/MobileDataStateTracker(  256): [supl]  mEnabled = false
02-13 17:46:34.265 D/MobileDataStateTracker(  256): [mms]  MobileDataStateReceiver onReceive(): Entry.
02-13 17:46:34.265 D/MobileDataStateTracker(  256): [mms]  intent.getAction()= android.intent.action.SERVICE_STATE
02-13 17:46:34.265 D/MobileDataStateTracker(  256): [mms]  mEnabled = false
02-13 17:46:34.265 D/MobileDataStateTracker(  256): [default]  MobileDataStateReceiver onReceive(): Entry.
02-13 17:46:34.265 D/MobileDataStateTracker(  256): [default]  intent.getAction()= android.intent.action.SERVICE_STATE
02-13 17:46:34.265 D/MobileDataStateTracker(  256): [default]  mEnabled = true
02-13 17:46:34.275 D/DATA    (  344): [DSST(0)]  registrationState = 1  radioTechnology = 8 reasonForDenial = 0
02-13 17:46:34.275 D/DATA    (  344): [DSST(0)]  set mNewDataConnectionState = 0
02-13 17:46:34.275 D/DATA    (  344): [DSST(0)]  mNewDataConnectionState : 0  mDataConnectionState : 0
02-13 17:46:34.275 D/DATA    (  344): [DSST(0)] Poll ServiceState done: oldSS=[0 home null null null  EvDo rev. A CSS not supported -1 -1RoamInd: -1RoamStatus(sprint): -1DefRoamInd: -1EmergOnly: false] newSS=[0 home null null null  EvDo rev. A CSS not supported -1 -1RoamInd: -1RoamStatus(sprint): -1DefRoamInd: -1EmergOnly: false]
02-13 17:46:34.275 D/DATA    (  344): [DSST(0)]  mDataConnectionState = 0
02-13 17:46:34.275 D/CallManager(  344):  handleMessage (EVENT_SERVICE_STATE_CHANGED)
02-13 17:46:34.275 E/BT HS/HF(  344): SERVICE_STATE_CHANGED called
02-13 17:46:34.275 E/BT HS/HF(  344): updateServiceState called, sendUpdate:false  ServiceState:0 home Sprint  310099  EvDo rev. A CSS not supported 41 4139RoamInd: 1RoamStatus(sprint): 1DefRoamInd: 160EmergOnly: false
02-13 17:46:34.275 E/BT HS/HF(  344): service:1 mService:1
02-13 17:46:34.305 D/Mms     (  811): currentRoamingStatus:1
02-13 17:46:34.475 E/MediaPlayer(  845): getCurrentPosition sec = 243448
02-13 17:46:34.475 E/MediaPlayer(  845): getDuration_l mDuration = 1296300
02-13 17:46:35.486 E/MediaPlayer(  845): getCurrentPosition sec = 244546
02-13 17:46:35.486 E/MediaPlayer(  845): getDuration_l mDuration = 1296300
02-13 17:46:36.497 E/MediaPlayer(  845): getCurrentPosition sec = 245506
02-13 17:46:36.497 E/MediaPlayer(  845): getDuration_l mDuration = 1296300
02-13 17:46:36.997 I/wpa_supplicant(  399): State: INACTIVE -> SCANNING
02-13 17:46:36.997 I/wpa_supplicant(  399): CTRL-EVENT-STATE-CHANGE id=-1 state=2 BSSID=00:00:00:00:00:00
02-13 17:46:36.997 D/NetworkStateTracker(  256): setDetailed state, old =IDLE and new state=SCANNING
02-13 17:46:37.508 E/MediaPlayer(  845): getCurrentPosition sec = 246467
02-13 17:46:37.508 E/MediaPlayer(  845): getDuration_l mDuration = 1296300
02-13 17:46:37.978 I/wpa_supplicant(  399): State: SCANNING -> INACTIVE
02-13 17:46:37.978 I/wpa_supplicant(  399): CTRL-EVENT-STATE-CHANGE id=-1 state=1 BSSID=00:00:00:00:00:00
02-13 17:46:37.978 I/dun_service(  124): process rmnet event
02-13 17:46:37.978 I/dun_service(  124): Post event 4
02-13 17:46:37.978 I/dun_service(  124): received event: DUN_EVENT_RMNET_UP 
02-13 17:46:37.978 I/dun_service(  124): received event(DUN_EVENT_RMNET_UP) in state(DUN_STATE_USB_UNPLUG)
02-13 17:46:37.978 I/dun_service(  124): Ignoring the event DUN_EVENT_RMNET_UP in USB_UNPLUG_STATE
02-13 17:46:37.978 I/dun_service(  124): Moved to state(DUN_STATE_USB_UNPLUG)
02-13 17:46:37.978 D/NetworkStateTracker(  256): setDetailed state, old =SCANNING and new state=IDLE
02-13 17:46:37.978 D/WifiStateTracker(  256): setNotificationVisible() visible=false mNotificationShown=false force=false return.
02-13 17:46:38.529 E/MediaPlayer(  845): getCurrentPosition sec = 247564
02-13 17:46:38.529 E/MediaPlayer(  845): getDuration_l mDuration = 1296300
02-13 17:46:39.279 D/DATA    (  344): [DSST(0)] pollstate() : reason = data network state changed
02-13 17:46:39.319 D/MobileDataStateTracker(  256): [hipri]  MobileDataStateReceiver onReceive(): Entry.
02-13 17:46:39.319 D/MobileDataStateTracker(  256): [hipri]  intent.getAction()= android.intent.action.SERVICE_STATE
02-13 17:46:39.319 D/MobileDataStateTracker(  256): [hipri]  mEnabled = false
02-13 17:46:39.319 D/MobileDataStateTracker(  256): [dun]  MobileDataStateReceiver onReceive(): Entry.
02-13 17:46:39.319 D/MobileDataStateTracker(  256): [dun]  intent.getAction()= android.intent.action.SERVICE_STATE
02-13 17:46:39.319 D/MobileDataStateTracker(  256): [dun]  mEnabled = false
02-13 17:46:39.329 D/CallManager(  344):  handleMessage (EVENT_SERVICE_STATE_CHANGED)
02-13 17:46:39.329 E/BT HS/HF(  344): SERVICE_STATE_CHANGED called
02-13 17:46:39.349 E/BT HS/HF(  344): updateServiceState called, sendUpdate:false  ServiceState:0 home Sprint  310099  EvDo rev. A CSS not supported 41 4139RoamInd: 1RoamStatus(sprint): 1DefRoamInd: 160EmergOnly: false
02-13 17:46:39.349 E/BT HS/HF(  344): service:1 mService:1
02-13 17:46:39.349 D/MobileDataStateTracker(  256): [supl]  MobileDataStateReceiver onReceive(): Entry.
02-13 17:46:39.349 D/MobileDataStateTracker(  256): [supl]  intent.getAction()= android.intent.action.SERVICE_STATE
02-13 17:46:39.349 D/MobileDataStateTracker(  256): [supl]  mEnabled = false
02-13 17:46:39.349 D/DATA    (  344): [DSST(0)]  registrationState = 1  radioTechnology = 8 reasonForDenial = 0
02-13 17:46:39.349 D/DATA    (  344): [DSST(0)]  set mNewDataConnectionState = 0
02-13 17:46:39.349 D/DATA    (  344): [DSST(0)]  mNewDataConnectionState : 0  mDataConnectionState : 0
02-13 17:46:39.349 D/DATA    (  344): [DSST(0)] Poll ServiceState done: oldSS=[0 home null null null  EvDo rev. A CSS not supported -1 -1RoamInd: -1RoamStatus(sprint): -1DefRoamInd: -1EmergOnly: false] newSS=[0 home null null null  EvDo rev. A CSS not supported -1 -1RoamInd: -1RoamStatus(sprint): -1DefRoamInd: -1EmergOnly: false]
02-13 17:46:39.349 D/DATA    (  344): [DSST(0)]  mDataConnectionState = 0
02-13 17:46:39.359 D/MobileDataStateTracker(  256): [mms]  MobileDataStateReceiver onReceive(): Entry.
02-13 17:46:39.359 D/MobileDataStateTracker(  256): [mms]  intent.getAction()= android.intent.action.SERVICE_STATE
02-13 17:46:39.359 D/MobileDataStateTracker(  256): [mms]  mEnabled = false
02-13 17:46:39.359 D/MobileDataStateTracker(  256): [default]  MobileDataStateReceiver onReceive(): Entry.
02-13 17:46:39.359 D/MobileDataStateTracker(  256): [default]  intent.getAction()= android.intent.action.SERVICE_STATE
02-13 17:46:39.359 D/MobileDataStateTracker(  256): [default]  mEnabled = true
02-13 17:46:39.369 D/Mms     (  811): currentRoamingStatus:1
02-13 17:46:39.530 E/MediaPlayer(  845): getCurrentPosition sec = 248525
02-13 17:46:39.530 E/MediaPlayer(  845): getDuration_l mDuration = 1296300
02-13 17:46:40.531 E/MediaPlayer(  845): getCurrentPosition sec = 249485
02-13 17:46:40.531 E/MediaPlayer(  845): getDuration_l mDuration = 1296300
02-13 17:46:41.532 E/MediaPlayer(  845): getCurrentPosition sec = 250583
02-13 17:46:41.532 E/MediaPlayer(  845): getDuration_l mDuration = 1296300
02-13 17:46:42.533 E/MediaPlayer(  845): getCurrentPosition sec = 251544
02-13 17:46:42.533 E/MediaPlayer(  845): getDuration_l mDuration = 1296300
02-13 17:46:43.544 E/MediaPlayer(  845): getCurrentPosition sec = 252504
02-13 17:46:43.544 E/MediaPlayer(  845): getDuration_l mDuration = 1296300
02-13 17:46:44.555 E/MediaPlayer(  845): getCurrentPosition sec = 253602
02-13 17:46:44.555 E/MediaPlayer(  845): getDuration_l mDuration = 1296300
02-13 17:46:45.556 E/MediaPlayer(  845): getCurrentPosition sec = 254563
02-13 17:46:45.556 E/MediaPlayer(  845): getDuration_l mDuration = 1296300
02-13 17:46:46.557 E/MediaPlayer(  845): getCurrentPosition sec = 255523
02-13 17:46:46.557 E/MediaPlayer(  845): getDuration_l mDuration = 1296300
02-13 17:46:47.577 E/MediaPlayer(  845): getCurrentPosition sec = 256621
02-13 17:46:47.577 E/MediaPlayer(  845): getDuration_l mDuration = 1296300
02-13 17:46:48.578 E/MediaPlayer(  845): getCurrentPosition sec = 257582
02-13 17:46:48.578 E/MediaPlayer(  845): getDuration_l mDuration = 1296300
02-13 17:46:49.589 E/MediaPlayer(  845): getCurrentPosition sec = 258542
02-13 17:46:49.589 E/MediaPlayer(  845): getDuration_l mDuration = 1296300
02-13 17:46:50.590 E/MediaPlayer(  845): getCurrentPosition sec = 259640
02-13 17:46:50.590 E/MediaPlayer(  845): getDuration_l mDuration = 1296300
02-13 17:46:51.591 E/MediaPlayer(  845): getCurrentPosition sec = 260601
02-13 17:46:51.591 E/MediaPlayer(  845): getDuration_l mDuration = 1296300
02-13 17:46:52.362 I/dun_service(  124): The value returned from dun_getusbmodemstate_fromsys is 2 
02-13 17:46:52.362 D/KeyguardUpdateMonitor(  256): received broadcast android.intent.action.BATTERY_CHANGED
02-13 17:46:52.362 D/KeyguardUpdateMonitor(  256): handleBatteryUpdate
02-13 17:46:52.602 E/MediaPlayer(  845): getCurrentPosition sec = 261561
02-13 17:46:52.602 E/MediaPlayer(  845): getDuration_l mDuration = 1296300
02-13 17:46:52.983 I/wpa_supplicant(  399): State: INACTIVE -> SCANNING
02-13 17:46:52.983 I/wpa_supplicant(  399): CTRL-EVENT-STATE-CHANGE id=-1 state=2 BSSID=00:00:00:00:00:00
02-13 17:46:52.983 D/NetworkStateTracker(  256): setDetailed state, old =IDLE and new state=SCANNING
02-13 17:46:53.603 E/MediaPlayer(  845): getCurrentPosition sec = 262659
02-13 17:46:53.603 E/MediaPlayer(  845): getDuration_l mDuration = 1296300
02-13 17:46:53.954 I/dun_service(  124): process rmnet event
02-13 17:46:53.954 I/dun_service(  124): Post event 4
02-13 17:46:53.964 I/dun_service(  124): received event: DUN_EVENT_RMNET_UP 
02-13 17:46:53.964 I/dun_service(  124): received event(DUN_EVENT_RMNET_UP) in state(DUN_STATE_USB_UNPLUG)
02-13 17:46:53.964 I/dun_service(  124): Ignoring the event DUN_EVENT_RMNET_UP in USB_UNPLUG_STATE
02-13 17:46:53.964 I/dun_service(  124): Moved to state(DUN_STATE_USB_UNPLUG)
02-13 17:46:53.964 I/wpa_supplicant(  399): State: SCANNING -> INACTIVE
02-13 17:46:53.964 I/wpa_supplicant(  399): CTRL-EVENT-STATE-CHANGE id=-1 state=1 BSSID=00:00:00:00:00:00
02-13 17:46:53.964 D/NetworkStateTracker(  256): setDetailed state, old =SCANNING and new state=IDLE
02-13 17:46:53.964 D/WifiStateTracker(  256): setNotificationVisible() visible=false mNotificationShown=false force=false return.
02-13 17:46:54.614 E/MediaPlayer(  845): getCurrentPosition sec = 263620
02-13 17:46:54.614 E/MediaPlayer(  845): getDuration_l mDuration = 1296300
02-13 17:46:55.615 E/MediaPlayer(  845): getCurrentPosition sec = 264581
02-13 17:46:55.615 E/MediaPlayer(  845): getDuration_l mDuration = 1296300
02-13 17:46:56.626 E/MediaPlayer(  845): getCurrentPosition sec = 265679
02-13 17:46:56.626 E/MediaPlayer(  845): getDuration_l mDuration = 1296300
02-13 17:46:57.637 E/MediaPlayer(  845): getCurrentPosition sec = 266639
02-13 17:46:57.637 E/MediaPlayer(  845): getDuration_l mDuration = 1296300
02-13 17:46:58.648 E/MediaPlayer(  845): getCurrentPosition sec = 267600
02-13 17:46:58.648 E/MediaPlayer(  845): getDuration_l mDuration = 1296300
02-13 17:46:59.649 E/MediaPlayer(  845): getCurrentPosition sec = 268698
02-13 17:46:59.649 E/MediaPlayer(  845): getDuration_l mDuration = 1296300
02-13 17:47:00.020 D/KeyguardUpdateMonitor(  256): received broadcast android.intent.action.TIME_TICK
02-13 17:47:00.020 D/KeyguardUpdateMonitor(  256): handleTimeUpdate
02-13 17:47:00.660 E/MediaPlayer(  845): getCurrentPosition sec = 269658
02-13 17:47:00.660 E/MediaPlayer(  845): getDuration_l mDuration = 1296300
02-13 17:47:01.661 E/MediaPlayer(  845): getCurrentPosition sec = 270619
02-13 17:47:01.661 E/MediaPlayer(  845): getDuration_l mDuration = 1296300
02-13 17:47:02.672 E/MediaPlayer(  845): getCurrentPosition sec = 271717
02-13 17:47:02.672 E/MediaPlayer(  845): getDuration_l mDuration = 1296300
02-13 17:47:03.673 E/MediaPlayer(  845): getCurrentPosition sec = 272677
02-13 17:47:03.673 E/MediaPlayer(  845): getDuration_l mDuration = 1296300
02-13 17:47:04.684 E/MediaPlayer(  845): getCurrentPosition sec = 273638
02-13 17:47:04.684 E/MediaPlayer(  845): getDuration_l mDuration = 1296300
02-13 17:47:05.685 E/MediaPlayer(  845): getCurrentPosition sec = 274736
02-13 17:47:05.695 E/MediaPlayer(  845): getDuration_l mDuration = 1296300
02-13 17:47:06.696 E/MediaPlayer(  845): getCurrentPosition sec = 275697
02-13 17:47:06.696 E/MediaPlayer(  845): getDuration_l mDuration = 1296300
02-13 17:47:07.707 E/MediaPlayer(  845): getCurrentPosition sec = 276657
02-13 17:47:07.707 E/MediaPlayer(  845): getDuration_l mDuration = 1296300
02-13 17:47:08.708 E/MediaPlayer(  845): getCurrentPosition sec = 277755
02-13 17:47:08.708 E/MediaPlayer(  845): getDuration_l mDuration = 1296300
02-13 17:47:08.988 I/wpa_supplicant(  399): State: INACTIVE -> SCANNING
02-13 17:47:08.988 I/wpa_supplicant(  399): CTRL-EVENT-STATE-CHANGE id=-1 state=2 BSSID=00:00:00:00:00:00
02-13 17:47:08.988 D/NetworkStateTracker(  256): setDetailed state, old =IDLE and new state=SCANNING
02-13 17:47:09.719 E/MediaPlayer(  845): getCurrentPosition sec = 278716
02-13 17:47:09.719 E/MediaPlayer(  845): getDuration_l mDuration = 1296300
02-13 17:47:09.959 I/dun_service(  124): process rmnet event
02-13 17:47:09.959 I/dun_service(  124): Post event 4
02-13 17:47:09.959 I/dun_service(  124): received event: DUN_EVENT_RMNET_UP 
02-13 17:47:09.959 I/dun_service(  124): received event(DUN_EVENT_RMNET_UP) in state(DUN_STATE_USB_UNPLUG)
02-13 17:47:09.959 I/dun_service(  124): Ignoring the event DUN_EVENT_RMNET_UP in USB_UNPLUG_STATE
02-13 17:47:09.959 I/dun_service(  124): Moved to state(DUN_STATE_USB_UNPLUG)
02-13 17:47:09.959 I/wpa_supplicant(  399): State: SCANNING -> INACTIVE
02-13 17:47:09.959 I/wpa_supplicant(  399): CTRL-EVENT-STATE-CHANGE id=-1 state=1 BSSID=00:00:00:00:00:00
02-13 17:47:09.969 D/WifiStateTracker(  256): setNotificationVisible() visible=false mNotificationShown=false force=false return.
02-13 17:47:09.969 D/NetworkStateTracker(  256): setDetailed state, old =SCANNING and new state=IDLE
02-13 17:47:10.730 E/MediaPlayer(  845): getCurrentPosition sec = 279676
02-13 17:47:10.730 E/MediaPlayer(  845): getDuration_l mDuration = 1296300
02-13 17:47:11.721 E/MediaPlayer(  845): getCurrentPosition sec = 280774
02-13 17:47:11.721 E/MediaPlayer(  845): getDuration_l mDuration = 1296300
02-13 17:47:12.722 E/MediaPlayer(  845): getCurrentPosition sec = 281735
02-13 17:47:12.722 E/MediaPlayer(  845): getDuration_l mDuration = 1296300
02-13 17:47:13.733 E/MediaPlayer(  845): getCurrentPosition sec = 282696
02-13 17:47:13.733 E/MediaPlayer(  845): getDuration_l mDuration = 1296300
02-13 17:47:14.744 E/MediaPlayer(  845): getCurrentPosition sec = 283793
02-13 17:47:14.744 E/MediaPlayer(  845): getDuration_l mDuration = 1296300
02-13 17:47:15.755 E/MediaPlayer(  845): getCurrentPosition sec = 284754
02-13 17:47:15.755 E/MediaPlayer(  845): getDuration_l mDuration = 1296300
02-13 17:47:16.756 E/MediaPlayer(  845): getCurrentPosition sec = 285715
02-13 17:47:16.756 E/MediaPlayer(  845): getDuration_l mDuration = 1296300
02-13 17:47:17.767 E/MediaPlayer(  845): getCurrentPosition sec = 286813
02-13 17:47:17.767 E/MediaPlayer(  845): getDuration_l mDuration = 1296300
02-13 17:47:18.778 E/MediaPlayer(  845): getCurrentPosition sec = 287773
02-13 17:47:18.778 E/MediaPlayer(  845): getDuration_l mDuration = 1296300
02-13 17:47:19.779 E/MediaPlayer(  845): getCurrentPosition sec = 288734
02-13 17:47:19.779 E/MediaPlayer(  845): getDuration_l mDuration = 1296300
02-13 17:47:20.790 E/MediaPlayer(  845): getCurrentPosition sec = 289832
02-13 17:47:20.790 E/MediaPlayer(  845): getDuration_l mDuration = 1296300
02-13 17:47:21.781 E/MediaPlayer(  845): getCurrentPosition sec = 290792
02-13 17:47:21.781 E/MediaPlayer(  845): getDuration_l mDuration = 1296300
02-13 17:47:22.321 I/dun_service(  124): The value returned from dun_getusbmodemstate_fromsys is 2 
02-13 17:47:22.341 D/KeyguardUpdateMonitor(  256): received broadcast android.intent.action.BATTERY_CHANGED
02-13 17:47:22.341 D/KeyguardUpdateMonitor(  256): handleBatteryUpdate
02-13 17:47:22.792 E/MediaPlayer(  845): getCurrentPosition sec = 291753
