02-13 16:37:42.921 I/binder_sample(  339): [android.view.IWindowSession,4,12,com.android.inputmethod.latin,2]
02-13 16:37:48.096 I/wifi_supplicant_state_changed(  256): 2
02-13 16:37:49.077 I/wifi_supplicant_state_changed(  256): 1
02-13 16:37:54.322 I/force_gc(  662): bg
02-13 16:37:54.402 I/dvm_gc_info(  662): [8517260637557281843,-9150322441144256458,-4004679697885726675,7358131]
02-13 16:37:57.505 I/force_gc(  256): Binder
02-13 16:37:57.575 I/dvm_gc_info(  256): [8320808730291898139,-8910219130739648402,-3964710251192813523,8755273]
02-13 16:37:57.585 I/binder_sample(  339): [android.view.IWindowSession,1,78,com.android.inputmethod.latin,15]
02-13 16:37:59.447 I/dvm_gc_madvise_info(  662): [450560,135168]
02-13 16:38:02.600 I/dvm_gc_madvise_info(  256): [700416,135168]
02-13 16:38:02.860 I/binder_sample(  811): [com.android.internal.view.IInputContextCallback,3,5,com.android.mms,1]
02-13 16:38:04.081 I/wifi_supplicant_state_changed(  256): 2
02-13 16:38:05.042 I/wifi_supplicant_state_changed(  256): 1
02-13 16:38:09.987 I/force_gc(  408): bg
02-13 16:38:10.067 I/dvm_gc_info(  408): [7017575181485143283,-9061095354613675979,-4005242647839147987,7358131]
02-13 16:38:15.102 I/dvm_gc_madvise_info(  408): [225280,135168]
02-13 16:38:20.067 I/wifi_supplicant_state_changed(  256): 2
02-13 16:38:21.018 I/wifi_supplicant_state_changed(  256): 1
02-13 16:38:22.119 I/dvm_gc_info(  811): [7218827569569785521,-8914445929506936776,-3999613148304934867,8095616]
02-13 16:38:22.249 I/binder_sample(  339): [android.view.IWindowSession,4,24,com.android.inputmethod.latin,4]
02-13 16:38:25.582 I/binder_sample(  811): [com.android.internal.view.IInputContextCallback,3,8,com.android.mms,1]
02-13 16:38:27.134 I/dvm_gc_madvise_info(  811): [376832,135168]
02-13 16:38:32.329 I/binder_sample(  811): [com.android.internal.view.IInputMethodSession,3,6,com.android.mms,1]
02-13 16:38:34.020 I/binder_sample(  811): [com.android.internal.view.IInputContextCallback,3,6,com.android.mms,1]
02-13 16:38:36.042 I/wifi_supplicant_state_changed(  256): 2
02-13 16:38:37.003 I/wifi_supplicant_state_changed(  256): 1
02-13 16:38:43.470 I/binder_sample(  339): [android.view.IWindowSession,4,10,com.android.inputmethod.latin,2]
02-13 16:38:44.841 I/binder_sample(  339): [android.view.IWindowSession,4,9,com.android.inputmethod.latin,1]
02-13 16:38:46.402 I/dvm_gc_info(  339): [7809651225003108033,-8913320304528287689,-3997361348491249619,8538096]
02-13 16:38:48.504 I/binder_sample(  339): [android.view.IWindowSession,4,14,com.android.inputmethod.latin,2]
02-13 16:38:49.786 I/binder_sample(  344): [com.android.internal.telephony.ITelephonyRegistry,8,6,com.android.phone,1]
02-13 16:38:51.147 I/binder_sample(  339): [android.view.IWindowSession,4,12,com.android.inputmethod.latin,2]
02-13 16:38:51.417 I/dvm_gc_madvise_info(  339): [184320,135168]
02-13 16:38:52.018 I/wifi_supplicant_state_changed(  256): 2
02-13 16:38:52.989 I/wifi_supplicant_state_changed(  256): 1
02-13 16:38:54.550 I/force_gc(  256): Binder
02-13 16:38:54.671 I/dvm_gc_info(  256): [8320808730292111133,-8912470930553333650,-3965273201146234835,8755271]
02-13 16:38:55.071 I/binder_sample(  811): [com.android.internal.view.IInputMethodSession,3,18,com.android.mms,3]
02-13 16:38:55.101 I/dvm_gc_info(  811): [7218827569569785497,-8919512479087728584,-3999613148304934867,8095616]
02-13 16:38:55.812 I/binder_sample(  339): [android.view.IWindowSession,3,5,com.android.inputmethod.latin,1]
02-13 16:38:58.744 I/binder_sample(  811): [com.android.internal.view.IInputContextCallback,3,8,com.android.mms,1]
02-13 16:38:59.715 I/dvm_gc_madvise_info(  256): [700416,135168]
02-13 16:39:00.126 I/dvm_gc_madvise_info(  811): [421888,135168]
02-13 16:39:08.014 I/wifi_supplicant_state_changed(  256): 2
02-13 16:39:08.974 I/wifi_supplicant_state_changed(  256): 1
02-13 16:39:23.989 I/wifi_supplicant_state_changed(  256): 2
02-13 16:39:24.950 I/wifi_supplicant_state_changed(  256): 1
02-13 16:39:29.795 I/binder_sample(  811): [com.android.internal.view.IInputContextCallback,1,5,com.android.mms,1]
02-13 16:39:32.437 I/dvm_gc_info(  811): [7218827569569789579,-8920919853971281863,-3999331673328224211,8095616]
02-13 16:39:35.160 I/binder_sample(  339): [android.view.IWindowSession,4,15,com.android.inputmethod.latin,3]
02-13 16:39:37.462 I/dvm_gc_madvise_info(  811): [430080,135168]
02-13 16:39:39.975 I/wifi_supplicant_state_changed(  256): 2
02-13 16:39:40.926 I/wifi_supplicant_state_changed(  256): 1
02-13 16:39:43.548 I/binder_sample(  344): [com.android.internal.telephony.ITelephonyRegistry,8,5,com.android.phone,1]
02-13 16:39:46.441 I/dvm_gc_info(  811): [7218827569569801886,-8917542154250753991,-3999331673328224211,8095616]
02-13 16:39:48.393 I/force_gc(  256): Binder
02-13 16:39:48.473 I/dvm_gc_info(  256): [8320808730291959567,-8913315355483465618,-3965273201146234835,8755271]
02-13 16:39:51.476 I/dvm_gc_madvise_info(  811): [409600,135168]
02-13 16:39:53.508 I/dvm_gc_madvise_info(  256): [712704,135168]
02-13 16:39:54.599 I/dvm_gc_info(  339): [7809651225003120316,-8913320304545060809,-3998487248398092243,8538050]
02-13 16:39:55.940 I/wifi_supplicant_state_changed(  256): 2
02-13 16:39:56.901 I/wifi_supplicant_state_changed(  256): 1
02-13 16:39:59.644 I/dvm_gc_madvise_info(  339): [184320,135168]
02-13 16:40:05.510 I/notification_cancel(  256): [com.android.phone,111,0]
02-13 16:40:05.770 I/dvm_gc_info(  811): [7218827569569744543,-8917823629227464647,-3999331673328224211,8095616]
02-13 16:40:08.923 I/am_create_service(  256): [1083418448,com.android.mms/.transaction.SmsReceiverService,act=com.android.mms.transaction.SEND_MESSAGE,811]
02-13 16:40:08.953 I/content_update_sample(  811): [content://sms/conversations/1,delete,type=3,57,,12]
02-13 16:40:09.253 I/dvm_gc_info(  344): [8099846449757484653,-8970741405986027463,-4003835272955594707,7358131]
02-13 16:40:09.263 I/am_destroy_service(  256): [1083418448,com.android.mms/.transaction.SmsReceiverService,811]
02-13 16:40:10.835 I/dvm_gc_madvise_info(  811): [405504,135168]
02-13 16:40:11.916 I/wifi_supplicant_state_changed(  256): 2
02-13 16:40:12.036 I/am_create_service(  256): [1083577224,com.android.mms/.transaction.SmsReceiverService,act=com.android.mms.transaction.MESSAGE_SENT dat=content://sms/25,811]
02-13 16:40:12.156 I/notification_cancel(  256): [com.android.mms,789,0]
02-13 16:40:12.156 I/am_destroy_service(  256): [1083577224,com.android.mms/.transaction.SmsReceiverService,811]
02-13 16:40:12.897 I/wifi_supplicant_state_changed(  256): 1
02-13 16:40:14.288 I/dvm_gc_madvise_info(  344): [188416,135168]
02-13 16:40:15.680 I/am_create_service(  256): [1083869824,com.android.mms/.transaction.SmsReceiverService,act=com.android.mms.transaction.MESSAGE_SENT dat=content://sms/25,811]
02-13 16:40:15.840 I/notification_cancel(  256): [com.android.mms,789,0]
02-13 16:40:15.840 I/am_destroy_service(  256): [1083869824,com.android.mms/.transaction.SmsReceiverService,811]
02-13 16:40:19.774 I/notification_cancel(  256): [com.android.phone,111,0]
02-13 16:40:19.834 I/notification_cancel(  256): [com.android.mms,999,0]
02-13 16:40:19.864 I/notification_cancel(  256): [com.android.mms,789,0]
02-13 16:40:19.874 I/notification_cancel(  256): [com.android.mms,531,0]
02-13 16:40:19.884 I/notification_cancel(  256): [com.android.mms,123,0]
02-13 16:40:19.964 I/binder_sample(  339): [android.view.IWindowSession,6,6,com.android.inputmethod.latin,1]
02-13 16:40:20.044 I/dvm_gc_info(  339): [7809651225003365956,-8970178249840641994,-3998487248398092243,8538148]
02-13 16:40:21.145 I/notification_cancel(  256): [com.android.mms,999,0]
02-13 16:40:21.155 I/notification_cancel(  256): [com.android.mms,789,0]
02-13 16:40:21.165 I/notification_cancel(  256): [com.android.mms,531,0]
02-13 16:40:21.175 I/notification_cancel(  256): [com.android.mms,123,0]
02-13 16:40:21.715 I/notification_cancel(  256): [com.android.phone,111,0]
02-13 16:40:21.765 I/dvm_gc_info(  344): [8099846449757439607,-8966800756328867784,-4004116747932305363,7358131]
02-13 16:40:23.577 I/binder_sample(  339): [android.view.IWindowSession,8,11,com.android.inputmethod.latin,2]
02-13 16:40:24.348 I/binder_sample(  811): [com.android.internal.view.IInputContextCallback,3,7,com.android.mms,1]
02-13 16:40:25.069 I/dvm_gc_madvise_info(  339): [327680,135168]
02-13 16:40:26.820 I/dvm_gc_madvise_info(  344): [180224,135168]
02-13 16:40:27.911 I/wifi_supplicant_state_changed(  256): 2
02-13 16:40:28.762 I/notification_cancel(  256): [com.android.phone,111,0]
02-13 16:40:28.882 I/wifi_supplicant_state_changed(  256): 1
02-13 16:40:31.615 I/binder_sample(  344): [com.android.internal.telephony.ITelephonyRegistry,6,31,com.android.phone,6]
02-13 16:40:31.625 I/notification_cancel(  256): [com.android.phone,111,0]
02-13 16:40:31.675 I/dvm_gc_info(  811): [7218827569569748617,-8923171653784938438,-3998768723374802899,8095618]
02-13 16:40:32.826 I/db_sample(  344): [/data/data/com.android.providers.telephony/databases/mmssms.db,DELETE FROM sms WHERE (thread_id=1) AND (type=3),0,,1]
02-13 16:40:32.856 I/am_create_service(  256): [1083575160,com.android.mms/.transaction.SmsReceiverService,act=com.android.mms.transaction.SEND_MESSAGE,811]
02-13 16:40:32.866 I/force_gc(  256): Binder
02-13 16:40:32.956 I/dvm_gc_info(  256): [8320808730291980013,-8913596830460184466,-3965273201146234835,8755271]
02-13 16:40:32.966 I/binder_sample(  339): [com.android.internal.view.IInputMethodManager,2,55,com.android.inputmethod.latin,11]
02-13 16:40:32.986 I/content_query_sample(  811): [content://mms-sms/conversations/1,transport_type/_id/thread_id/address/body/date/read/type/status/locked/error_code/dest_port/service_date/expiry/sub/sub_cs/date/read/m_type/msg_box/d_rpt/rr/err_type/locked/m_size/recipient_cc_ids/recipient_bcc_ids/pri,,,134,,27]
02-13 16:40:33.197 I/am_destroy_service(  256): [1083575160,com.android.mms/.transaction.SmsReceiverService,811]
02-13 16:40:36.290 I/am_create_service(  256): [1084450552,com.android.mms/.transaction.SmsReceiverService,act=com.android.mms.transaction.MESSAGE_SENT dat=content://sms/26,811]
02-13 16:40:36.420 I/notification_cancel(  256): [com.android.mms,789,0]
02-13 16:40:36.420 I/am_destroy_service(  256): [1084450552,com.android.mms/.transaction.SmsReceiverService,811]
02-13 16:40:36.730 I/dvm_gc_madvise_info(  811): [385024,135168]
02-13 16:40:38.021 I/dvm_gc_madvise_info(  256): [729088,135168]
02-13 16:40:43.897 I/wifi_supplicant_state_changed(  256): 2
02-13 16:40:44.117 I/notification_cancel(  256): [com.android.phone,111,0]
02-13 16:40:44.167 I/dvm_gc_info(  344): [8099846449757439581,-9002548078354331591,-4003835272955594707,7358131]
02-13 16:40:44.868 I/wifi_supplicant_state_changed(  256): 1
02-13 16:40:46.690 I/notification_cancel(  256): [com.android.phone,111,0]
02-13 16:40:48.672 I/notification_cancel(  256): [com.android.mms,999,0]
02-13 16:40:48.682 I/notification_cancel(  256): [com.android.mms,789,0]
02-13 16:40:48.702 I/notification_cancel(  256): [com.android.mms,531,0]
02-13 16:40:48.712 I/notification_cancel(  256): [com.android.mms,123,0]
02-13 16:40:48.902 I/dvm_gc_info(  339): [7809651225003394624,-8982000198862489546,-3998487248398092243,8538148]
02-13 16:40:49.232 I/dvm_gc_madvise_info(  344): [184320,135168]
02-13 16:40:49.993 I/notification_cancel(  256): [com.android.mms,999,0]
02-13 16:40:50.003 I/binder_sample(  811): [com.android.internal.view.IInputMethodSession,3,21,com.android.mms,4]
02-13 16:40:50.013 I/notification_cancel(  256): [com.android.mms,789,0]
02-13 16:40:50.053 I/notification_cancel(  256): [com.android.mms,531,0]
02-13 16:40:50.053 I/notification_cancel(  256): [com.android.mms,123,0]
02-13 16:40:53.947 I/dvm_gc_madvise_info(  339): [458752,135168]
02-13 16:40:59.893 I/wifi_supplicant_state_changed(  256): 2
02-13 16:41:00.854 I/wifi_supplicant_state_changed(  256): 1
02-13 16:41:04.817 I/am_create_service(  256): [1083134928,com.android.mms/.transaction.SmsReceiverService,act=com.android.mms.transaction.SEND_MESSAGE,811]
02-13 16:41:05.068 I/am_destroy_service(  256): [1083134928,com.android.mms/.transaction.SmsReceiverService,811]
02-13 16:41:07.420 I/am_create_service(  256): [1084506472,com.android.mms/.transaction.SmsReceiverService,act=com.android.mms.transaction.MESSAGE_SENT dat=content://sms/27,811]
02-13 16:41:07.640 I/content_update_sample(  811): [content://sms/27,update,,190,,39]
02-13 16:41:07.640 I/binder_sample(  811): [android.content.IBulkCursor,1,15,com.android.mms,3]
02-13 16:41:07.700 I/dvm_gc_info(  344): [8099846449757521528,-8977496736707606471,-4003835272955594707,7358131]
02-13 16:41:07.790 I/dvm_gc_info(  811): [7218827569569789599,-8920919853971244998,-3998768723374802899,8095616]
02-13 16:41:07.810 I/notification_cancel(  256): [com.android.mms,789,0]
02-13 16:41:07.810 I/am_destroy_service(  256): [1084506472,com.android.mms/.transaction.SmsReceiverService,811]
02-13 16:41:08.781 I/notification_cancel(  256): [com.android.phone,111,0]
02-13 16:41:11.014 I/notification_cancel(  256): [com.android.phone,111,0]
02-13 16:41:12.745 I/dvm_gc_madvise_info(  344): [245760,135168]
02-13 16:41:12.845 I/dvm_gc_madvise_info(  811): [323584,135168]
02-13 16:41:13.276 I/notification_cancel(  256): [com.android.phone,111,0]
02-13 16:41:15.508 I/notification_cancel(  256): [com.android.phone,111,0]
02-13 16:41:15.878 I/wifi_supplicant_state_changed(  256): 2
02-13 16:41:16.829 I/wifi_supplicant_state_changed(  256): 1
02-13 16:41:17.430 I/notification_cancel(  256): [com.android.phone,111,0]
02-13 16:41:19.972 I/notification_cancel(  256): [com.android.phone,111,0]
02-13 16:41:22.635 I/notification_cancel(  256): [com.android.phone,111,0]
02-13 16:41:30.873 I/power_sleep_requested(  256): 0
02-13 16:41:31.103 I/power_screen_state(  256): [0,2,0,0]
02-13 16:41:31.113 I/power_screen_broadcast_send(  256): 1
02-13 16:41:31.113 I/screen_toggled(  256): 0
02-13 16:41:31.153 I/am_pause_activity(  256): [1082642904,com.android.mms/.ui.ComposeMessageActivity]
02-13 16:41:31.163 I/am_on_paused_called(  811): com.android.mms.ui.ComposeMessageActivity
02-13 16:41:31.223 I/power_screen_broadcast_done(  256): [0,111,1]
02-13 16:41:31.283 I/am_create_service(  256): [1084187040,com.google.android.gsf/.loginservice.GoogleLoginService,act=android.accounts.AccountAuthenticator,378]
02-13 16:41:31.323 I/am_destroy_service(  256): [1084187040,com.google.android.gsf/.loginservice.GoogleLoginService,378]
02-13 16:42:41.510 I/wifi_supplicant_state_changed(  256): 2
02-13 16:42:42.510 I/wifi_supplicant_state_changed(  256): 1
02-13 16:43:31.500 I/wifi_supplicant_state_changed(  256): 8
02-13 16:43:32.570 I/wifi_driver_state_changed(  256): 1
02-13 16:44:30.510 I/am_create_service(  256): [1083104968,com.android.mms/.transaction.SmsReceiverService,act=android.provider.Telephony.SMS_RECEIVED,811]
02-13 16:44:30.520 I/binder_sample(  662): [android.app.IActivityManager,16,20,com.locationlabs.v3client,4]
02-13 16:44:30.650 I/dvm_gc_info(  344): [8099846449757484640,-8969615437359708103,-4003835272955594707,7358131]
02-13 16:44:30.750 I/notification_cancel(  256): [com.android.mms,999,0]
02-13 16:44:30.790 I/notification_cancel(  256): [com.android.mms,123,0]
02-13 16:44:30.790 I/notification_enqueue(  256): [com.android.mms,123,Notification(vibrate=default,sound=content://settings/system/notification_sound,defaults=0x6,flags=0x1)]
02-13 16:44:30.850 I/am_destroy_service(  256): [1083104968,com.android.mms/.transaction.SmsReceiverService,811]
02-13 16:44:35.564 I/force_gc(  662): bg
02-13 16:44:35.594 I/dvm_gc_info(  662): [8517260637557085243,-9138219017145698250,-4004679697885726675,7358131]
02-13 16:45:41.540 I/dvm_gc_madvise_info(  344): [241664,135168]
02-13 16:45:55.340 I/dvm_gc_madvise_info(  662): [450560,135168]
02-13 16:46:20.100 I/power_screen_state(  256): [1,3,0,0]
02-13 16:46:20.100 I/power_screen_broadcast_send(  256): 1
02-13 16:46:20.100 I/screen_toggled(  256): 1
02-13 16:46:20.110 I/am_resume_activity(  256): [1082642904,10,com.android.mms/.ui.ComposeMessageActivity]
02-13 16:46:20.110 I/am_on_resume_called(  811): com.android.mms.ui.ComposeMessageActivity
02-13 16:46:20.170 I/power_screen_broadcast_done(  256): [1,65,1]
02-13 16:46:20.210 I/notification_cancel(  256): [com.android.phone,111,0]
02-13 16:46:21.481 I/screen_toggled(  256): 2
02-13 16:46:21.631 I/notification_cancel(  256): [com.android.mms,999,0]
02-13 16:46:21.631 I/content_query_sample(  811): [content://mms-sms/conversations/1,transport_type/_id/thread_id/address/body/date/read/type/status/locked/error_code/dest_port/service_date/expiry/sub/sub_cs/date/read/m_type/msg_box/d_rpt/rr/err_type/locked/m_size/recipient_cc_ids/recipient_bcc_ids/pri,,,45,,10]
02-13 16:46:21.661 I/notification_cancel(  256): [com.android.mms,789,0]
02-13 16:46:21.681 I/notification_cancel(  256): [com.android.mms,531,0]
02-13 16:46:21.701 I/notification_cancel(  256): [com.android.mms,123,0]
02-13 16:46:21.721 I/wifi_driver_state_changed(  256): 0
02-13 16:46:21.731 I/wifi_supplicant_state_changed(  256): 1
02-13 16:46:21.751 I/c2dm    (  378): [-4,NULL,15,-1]
02-13 16:46:21.771 I/dvm_gc_info(  326): [8320808730291672675,-8963704737793869771,-4002709373048752083,7898924]
02-13 16:46:22.652 I/wifi_supplicant_state_changed(  256): 1
02-13 16:46:24.454 I/notification_cancel(  256): [com.android.phone,111,0]
02-13 16:46:24.514 I/dvm_gc_info(  344): [8099846449757480567,-8956667588431038408,-4004116747932305363,7358131]
02-13 16:46:26.806 I/dvm_gc_madvise_info(  326): [286720,135168]
02-13 16:46:29.559 I/dvm_gc_madvise_info(  344): [282624,135168]
02-13 16:46:33.773 I/notification_cancel(  256): [com.android.mms,999,0]
02-13 16:46:33.783 I/force_gc(  256): Binder
02-13 16:46:33.853 I/dvm_gc_info(  256): [8320808730291898158,-8905434056118781841,-3963865826262681555,8755275]
02-13 16:46:33.893 I/notification_cancel(  256): [com.android.mms,789,0]
02-13 16:46:33.893 I/notification_cancel(  256): [com.android.mms,123,0]
02-13 16:46:33.913 I/notification_cancel(  256): [com.android.mms,531,0]
02-13 16:46:34.043 I/dvm_gc_info(  339): [7809651225003292212,-9005362621929478090,-3998487248398092243,8538148]
02-13 16:46:37.667 I/wifi_supplicant_state_changed(  256): 2
02-13 16:46:38.628 I/wifi_supplicant_state_changed(  256): 1
02-13 16:46:38.878 I/dvm_gc_madvise_info(  256): [659456,135168]
02-13 16:46:39.058 I/dvm_gc_madvise_info(  339): [565248,135168]
02-13 16:46:42.151 I/force_gc(  408): bg
02-13 16:46:42.221 I/dvm_gc_info(  408): [7017575181485110497,-9062221254520518603,-4005242647839147987,7358131]
02-13 16:46:47.266 I/dvm_gc_madvise_info(  408): [225280,135168]
02-13 16:46:48.177 I/am_create_service(  256): [1084978392,com.android.mms/.transaction.SmsReceiverService,act=com.android.mms.transaction.SEND_MESSAGE,811]
02-13 16:46:48.247 I/content_query_sample(  811): [content://mms-sms/conversations/1,transport_type/_id/thread_id/address/body/date/read/type/status/locked/error_code/dest_port/service_date/expiry/sub/sub_cs/date/read/m_type/msg_box/d_rpt/rr/err_type/locked/m_size/recipient_cc_ids/recipient_bcc_ids/pri,,,31,,7]
02-13 16:46:48.417 I/am_destroy_service(  256): [1084978392,com.android.mms/.transaction.SmsReceiverService,811]
02-13 16:46:50.659 I/am_create_service(  256): [1084219952,com.android.mms/.transaction.SmsReceiverService,act=com.android.mms.transaction.MESSAGE_SENT dat=content://sms/29,811]
02-13 16:46:50.819 I/dvm_gc_info(  344): [8099846449757480531,-9019436508237498311,-4003835272955594707,7358131]
02-13 16:46:50.859 I/dvm_gc_info(  811): [7218827569569830574,-8918386579180849094,-3998768723374802899,8095616]
02-13 16:46:50.910 I/notification_cancel(  256): [com.android.mms,789,0]
02-13 16:46:50.910 I/am_destroy_service(  256): [1084219952,com.android.mms/.transaction.SmsReceiverService,811]
02-13 16:46:53.642 I/wifi_supplicant_state_changed(  256): 2
02-13 16:46:54.613 I/wifi_supplicant_state_changed(  256): 1
02-13 16:46:55.104 I/binder_sample(  344): [com.android.internal.telephony.ITelephonyRegistry,8,34,com.android.phone,6]
02-13 16:46:55.864 I/dvm_gc_madvise_info(  344): [278528,135168]
02-13 16:46:55.904 I/dvm_gc_madvise_info(  811): [278528,135168]
02-13 16:47:09.638 I/wifi_supplicant_state_changed(  256): 2
02-13 16:47:10.599 I/wifi_supplicant_state_changed(  256): 1
02-13 16:47:21.990 I/binder_sample(  344): [com.android.internal.telephony.ITelephonyRegistry,8,38,com.android.phone,7]
02-13 16:47:24.242 I/binder_sample(  344): [com.android.internal.telephony.ITelephonyRegistry,8,49,com.android.phone,9]
02-13 16:47:25.623 I/wifi_supplicant_state_changed(  256): 2
02-13 16:47:26.594 I/wifi_supplicant_state_changed(  256): 1
02-13 16:47:30.939 I/binder_sample(  344): [com.android.internal.telephony.ITelephonyRegistry,8,15,com.android.phone,3]
02-13 16:47:37.675 I/binder_sample(  344): [com.android.internal.telephony.ITelephonyRegistry,8,27,com.android.phone,5]
02-13 16:47:38.236 I/am_create_service(  256): [1083682744,com.android.mms/.transaction.SmsReceiverService,act=android.provider.Telephony.SMS_RECEIVED,811]
02-13 16:47:38.416 I/notification_cancel(  256): [com.android.mms,999,0]
02-13 16:47:38.456 I/notification_cancel(  256): [com.android.mms,123,0]
02-13 16:47:38.456 I/notification_enqueue(  256): [com.android.mms,123,Notification(vibrate=default,sound=content://settings/system/notification_sound,defaults=0x6,flags=0x1)]
02-13 16:47:38.516 I/am_destroy_service(  256): [1083682744,com.android.mms/.transaction.SmsReceiverService,811]
02-13 16:47:41.609 I/wifi_supplicant_state_changed(  256): 2
02-13 16:47:42.580 I/wifi_supplicant_state_changed(  256): 1
02-13 16:47:57.605 I/wifi_supplicant_state_changed(  256): 2
02-13 16:47:58.586 I/wifi_supplicant_state_changed(  256): 1
02-13 16:48:09.686 I/notification_cancel(  256): [com.android.mms,789,0]
02-13 16:48:09.706 I/notification_cancel(  256): [com.android.mms,531,0]
02-13 16:48:09.706 I/notification_cancel(  256): [com.android.mms,999,0]
02-13 16:48:09.736 I/notification_cancel(  256): [com.android.mms,123,0]
02-13 16:48:09.897 I/notification_cancel(  256): [com.android.mms,999,0]
02-13 16:48:09.917 I/notification_cancel(  256): [com.android.mms,789,0]
02-13 16:48:09.927 I/notification_cancel(  256): [com.android.mms,531,0]
02-13 16:48:09.937 I/notification_cancel(  256): [com.android.mms,123,0]
02-13 16:48:10.067 I/dvm_gc_info(  344): [8099846449757509196,-9015495858546747334,-4003553797978884051,7358131]
02-13 16:48:11.028 I/notification_cancel(  256): [com.android.mms,999,0]
02-13 16:48:11.038 I/notification_cancel(  256): [com.android.mms,789,0]
02-13 16:48:11.048 I/notification_cancel(  256): [com.android.mms,531,0]
02-13 16:48:11.058 I/db_sample(  344): [/data/data/com.android.providers.telephony/databases/mmssms.db,SELECT thread_id, date, address, subject, body, dest_port FROM s,1,,1]
02-13 16:48:11.058 I/notification_cancel(  256): [com.android.mms,123,0]
02-13 16:48:11.318 I/dvm_gc_info(  339): [7809651225003345486,-8959200725748926410,-3998487248398092243,8538148]
02-13 16:48:13.600 I/wifi_supplicant_state_changed(  256): 2
02-13 16:48:14.581 I/wifi_supplicant_state_changed(  256): 1
02-13 16:48:15.112 I/dvm_gc_madvise_info(  344): [274432,135168]
02-13 16:48:16.363 I/dvm_gc_madvise_info(  339): [593920,135168]
02-13 16:48:22.229 I/force_gc(  256): Binder
02-13 16:48:22.309 I/dvm_gc_info(  256): [8320808730291902197,-8913033880489977746,-3965273201146234835,8755271]
02-13 16:48:27.374 I/dvm_gc_madvise_info(  256): [667648,135168]
02-13 16:48:29.606 I/wifi_supplicant_state_changed(  256): 2
02-13 16:48:29.696 I/force_gc(  662): bg
02-13 16:48:29.776 I/dvm_gc_info(  662): [8517260637557261368,-9144411466633332682,-4004679697885726675,7358131]
02-13 16:48:30.577 I/wifi_supplicant_state_changed(  256): 1
02-13 16:48:33.019 I/binder_sample(  339): [android.view.IWindowSession,4,22,com.android.inputmethod.latin,4]
02-13 16:48:33.119 I/binder_sample(  339): [com.android.internal.view.IInputContext,6,11,com.android.inputmethod.latin,2]
02-13 16:48:34.781 I/dvm_gc_madvise_info(  662): [450560,135168]
02-13 16:48:39.235 I/dvm_gc_info(  811): [7218827569569801898,-8917542154250725318,-3999050198351513555,8095616]
02-13 16:48:44.020 I/binder_sample(  339): [android.view.IWindowSession,4,27,com.android.inputmethod.latin,5]
02-13 16:48:44.250 I/dvm_gc_madvise_info(  811): [282624,135168]
02-13 16:48:45.581 I/wifi_supplicant_state_changed(  256): 2
02-13 16:48:46.542 I/wifi_supplicant_state_changed(  256): 1
02-13 16:48:52.618 I/binder_sample(  339): [android.view.IWindowSession,4,16,com.android.inputmethod.latin,3]
02-13 16:48:55.441 I/binder_sample(  339): [android.view.IWindowSession,8,5,com.android.inputmethod.latin,1]
02-13 16:49:00.166 I/binder_sample(  339): [android.view.IWindowSession,3,6,com.android.inputmethod.latin,1]
02-13 16:49:01.087 I/binder_sample(  811): [com.android.internal.view.IInputContextCallback,3,8,com.android.mms,1]
02-13 16:49:01.557 I/wifi_supplicant_state_changed(  256): 2
02-13 16:49:01.947 I/force_gc(  256): Binder
02-13 16:49:02.017 I/dvm_gc_info(  256): [8320808730291894033,-8913878305420101522,-3965273201146234835,8755271]
02-13 16:49:02.518 I/wifi_supplicant_state_changed(  256): 1
02-13 16:49:07.052 I/dvm_gc_madvise_info(  256): [671744,135168]
02-13 16:49:10.996 I/dvm_gc_info(  339): [7809651225003103917,-8915853579318683593,-3997642823467960275,8538090]
02-13 16:49:14.660 I/dvm_gc_info(  811): [7218827569569797807,-8916134779367196615,-3999331673328224211,8095616]
02-13 16:49:15.991 I/dvm_gc_madvise_info(  339): [221184,135168]
02-13 16:49:17.543 I/wifi_supplicant_state_changed(  256): 2
02-13 16:49:18.524 I/wifi_supplicant_state_changed(  256): 1
02-13 16:49:19.675 I/dvm_gc_madvise_info(  811): [327680,135168]
02-13 16:49:31.646 I/binder_sample(  811): [android.view.IWindowSession,8,10,com.android.mms,2]
02-13 16:49:33.548 I/wifi_supplicant_state_changed(  256): 2
02-13 16:49:34.509 I/wifi_supplicant_state_changed(  256): 1
02-13 16:49:39.044 I/notification_cancel(  256): [com.android.phone,111,0]
02-13 16:49:39.474 I/notification_cancel(  256): [com.android.phone,111,0]
02-13 16:49:41.416 I/menu_opened(  811): 1
02-13 16:49:49.534 I/wifi_supplicant_state_changed(  256): 2
02-13 16:49:49.854 I/binder_sample(  326): [com.android.internal.statusbar.IStatusBarService,4,7,com.android.systemui,1]
02-13 16:49:50.505 I/wifi_supplicant_state_changed(  256): 1
02-13 16:49:51.275 I/content_update_sample(  378): [content://com.google.android.providers.talk/s2dids,insert,,52,,11]
02-13 16:49:51.316 I/c2dm    (  378): [3,0:1329173379228947%e7a71353bf887faa,13,15]
02-13 16:49:51.346 I/am_create_service(  256): [1083708344,com.google.android.gsf/.subscribedfeeds.SubscribedFeedsIntentService,act=com.google.android.c2dm.intent.RECEIVE cat=[com.google.android.gsf.subscribedfeeds],378]
02-13 16:49:51.366 I/tickle  (  378): gmail-ls
02-13 16:49:51.376 I/am_destroy_service(  256): [1083708344,com.google.android.gsf/.subscribedfeeds.SubscribedFeedsIntentService,378]
02-13 16:49:51.396 I/sync    (  256): [gmail-ls,0,0,-1565529355]
02-13 16:49:51.396 I/am_create_service(  256): [1083200536,com.google.android.gm/.provider.MailSyncAdapterService,act=android.content.SyncAdapter,608]
02-13 16:49:51.506 I/db_sample(  608): [/data/data/com.google.android.gm/databases/XX@YY,COMMIT;INSERT OR REPLACE  INTO sync_settings(value, name) VALUES,96,,20]
02-13 16:49:51.556 I/c2dm    (  378): [3,0:1329173379829621%e7a71353bf887faa,14,-1]
02-13 16:49:51.576 I/am_create_service(  256): [1084008624,com.google.android.gsf/.subscribedfeeds.SubscribedFeedsIntentService,act=com.google.android.c2dm.intent.RECEIVE cat=[com.google.android.gsf.subscribedfeeds],378]
02-13 16:49:51.586 I/tickle  (  378): gmail-ls
02-13 16:49:51.586 I/am_destroy_service(  256): [1084008624,com.google.android.gsf/.subscribedfeeds.SubscribedFeedsIntentService,378]
02-13 16:49:52.817 I/google_http_request(  608): [1278,200,Android-GmailProvider/171,1]
02-13 16:49:53.227 I/db_sample(  608): [/data/data/com.google.android.gm/databases/XX@YY,COMMIT;SELECT _id, canonicalName, name, numConversations, numUnr,97,,20]
02-13 16:49:53.398 I/db_sample(  608): [/data/data/com.google.android.gm/databases/XX@YY,COMMIT;INSERT OR REPLACE  INTO sync_settings(value, name) VALUES,18,,4]
02-13 16:49:53.598 I/dvm_gc_info(  608): [7594245893399008882,-8923171791223814083,-4001020523188488147,7358197]
02-13 16:49:54.088 I/google_http_request(  608): [458,200,Android-GmailProvider/171,1]
02-13 16:49:54.158 I/db_sample(  608): [/data/data/com.google.android.gm/databases/XX@YY,BEGIN EXCLUSIVE;,1,,1]
02-13 16:49:54.228 I/[206002](  608): [ME.messageMessageIdQuery,2,12,1]
02-13 16:49:54.308 I/[206002](  608): [MS.handleConversation,68,131,1]
02-13 16:49:54.358 I/dvm_gc_info(  608): [7594245893398902224,-9038013581721757635,-4001020523188488147,7358197]
02-13 16:49:54.399 I/am_create_service(  256): [1083654880,com.google.android.gm/.MailIntentService,act=android.intent.action.PROVIDER_CHANGED dat=content://gmail-ls/unread/^i,608]
02-13 16:49:54.409 I/notification_enqueue(  256): [com.google.android.gm,-1565531841,Notification(vibrate=null,sound=content://settings/system/notification_sound,defaults=0x4,flags=0x1)]
02-13 16:49:54.429 I/am_destroy_service(  256): [1083654880,com.google.android.gm/.MailIntentService,608]
02-13 16:49:54.499 I/am_create_service(  256): [1083547144,com.google.android.gm/.MailIntentService,act=android.intent.action.PROVIDER_CHANGED dat=content://gmail-ls/unread/^iim,608]
02-13 16:49:54.509 I/am_destroy_service(  256): [1083547144,com.google.android.gm/.MailIntentService,608]
02-13 16:49:54.519 I/sync_details(  608): [Gmail,2257,4612,M1L2C1S2]
02-13 16:49:54.529 I/sync    (  256): [gmail-ls,1,0,-1565529355]
02-13 16:49:54.529 I/am_destroy_service(  256): [1083200536,com.google.android.gm/.provider.MailSyncAdapterService,608]
02-13 16:49:54.529 I/notification_cancel(  256): [android,447577556,0]
02-13 16:49:54.539 I/sync    (  256): [gmail-ls,0,0,-1565529355]
02-13 16:49:54.539 I/am_create_service(  256): [1082827104,com.google.android.gm/.provider.MailSyncAdapterService,act=android.content.SyncAdapter,608]
02-13 16:49:54.899 I/google_http_request(  608): [292,200,Android-GmailProvider/171,1]
02-13 16:49:55.099 I/dvm_gc_info(  608): [7594245893398963748,-9030976707303987139,-4001020523188488147,7358197]
02-13 16:49:55.119 I/sync_details(  608): [Gmail,646,436,S1]
02-13 16:49:55.119 I/sync    (  256): [gmail-ls,1,0,-1565529355]
02-13 16:49:55.119 I/am_destroy_service(  256): [1082827104,com.google.android.gm/.provider.MailSyncAdapterService,608]
02-13 16:49:55.129 I/notification_cancel(  256): [android,447577556,0]
02-13 16:49:56.681 I/dvm_gc_info(  326): [8320808730291664499,-8940060839750186956,-4002990848025462739,7898925]
02-13 16:49:58.022 I/am_create_service(  256): [1084613072,com.google.android.gm/.MailIntentService,act=com.google.android.gm.intent.CLEAR_ALL_NEW_MAIL_NOTIFICATIONS,608]
02-13 16:49:58.052 I/am_destroy_service(  256): [1084613072,com.google.android.gm/.MailIntentService,608]
02-13 16:49:58.212 I/binder_sample(  326): [android.view.IWindowSession,4,5,com.android.systemui,1]
02-13 16:49:59.944 I/dvm_gc_info(  339): [7809651225003361864,-8958356300802017226,-3997642823467960275,8538148]
02-13 16:50:00.134 I/dvm_gc_madvise_info(  608): [245760,135168]
02-13 16:50:01.726 I/dvm_gc_madvise_info(  326): [278528,135168]
02-13 16:50:04.619 I/notification_cancel(  256): [com.android.phone,111,0]
02-13 16:50:04.949 I/dvm_gc_madvise_info(  339): [417792,135168]
02-13 16:50:05.509 I/wifi_supplicant_state_changed(  256): 2
02-13 16:50:06.460 I/wifi_supplicant_state_changed(  256): 1
02-13 16:50:09.754 I/notification_cancel(  256): [com.android.phone,111,0]
02-13 16:50:14.758 I/force_gc(  608): bg
02-13 16:50:14.788 I/dvm_gc_info(  608): [7594245893398857086,-9047020780976502723,-4001020523188488147,7358197]
02-13 16:50:19.813 I/dvm_gc_madvise_info(  608): [270336,135168]
02-13 16:50:21.485 I/wifi_supplicant_state_changed(  256): 2
02-13 16:50:22.446 I/wifi_supplicant_state_changed(  256): 1
02-13 16:50:37.461 I/wifi_supplicant_state_changed(  256): 2
02-13 16:50:38.411 I/wifi_supplicant_state_changed(  256): 1
02-13 16:50:39.152 I/binder_sample(  339): [android.view.IWindowSession,1,8,com.android.inputmethod.latin,1]
02-13 16:50:39.823 I/dvm_gc_info(  811): [7218827569569793694,-8918949529134303175,-3999331673328224211,8095617]
02-13 16:50:44.878 I/dvm_gc_madvise_info(  811): [327680,135168]
02-13 16:50:49.402 I/binder_sample(  339): [android.view.IWindowSession,11,5,com.android.inputmethod.latin,1]
02-13 16:50:52.265 I/am_create_service(  256): [1084225464,com.google.android.gsf/.checkin.EventLogService,,378]
02-13 16:50:52.275 I/aggregation(  378): 1329173452279
02-13 16:50:52.325 I/am_destroy_service(  256): [1084225464,com.google.android.gsf/.checkin.EventLogService,378]
02-13 16:50:53.436 I/wifi_supplicant_state_changed(  256): 2
02-13 16:50:54.397 I/wifi_supplicant_state_changed(  256): 1
02-13 16:50:54.527 I/binder_sample(  339): [android.view.IWindowSession,4,19,com.android.inputmethod.latin,3]
02-13 16:50:54.637 I/binder_sample(  339): [android.view.IWindowSession,3,5,com.android.inputmethod.latin,1]
02-13 16:50:55.939 I/force_gc(  256): Binder
02-13 16:50:56.029 I/dvm_gc_info(  256): [8320808730291976030,-8904589631188633489,-3964991726169524179,8755271]
02-13 16:50:56.169 I/binder_sample(  339): [android.view.IWindowSession,4,21,com.android.inputmethod.latin,4]
02-13 16:50:56.219 I/binder_sample(  339): [android.view.IWindowSession,11,10,com.android.inputmethod.latin,2]
02-13 16:51:01.104 I/dvm_gc_madvise_info(  256): [499712,135168]
02-13 16:51:09.412 I/wifi_supplicant_state_changed(  256): 2
02-13 16:51:10.373 I/wifi_supplicant_state_changed(  256): 1
02-13 16:51:21.704 I/binder_sample(  344): [com.android.internal.telephony.ITelephonyRegistry,8,15,com.android.phone,3]
02-13 16:51:25.387 I/wifi_supplicant_state_changed(  256): 2
02-13 16:51:26.348 I/wifi_supplicant_state_changed(  256): 1
02-13 16:51:41.373 I/wifi_supplicant_state_changed(  256): 2
02-13 16:51:42.344 I/wifi_supplicant_state_changed(  256): 1
02-13 16:51:46.948 I/am_create_service(  256): [1083436320,com.android.mms/.transaction.SmsReceiverService,act=com.android.mms.transaction.SEND_MESSAGE,811]
02-13 16:51:47.078 I/dvm_gc_info(  339): [7809651225003423370,-8920357178946070474,-3997642823467960275,8538148]
02-13 16:51:47.098 I/dvm_gc_info(  344): [8099846449757484667,-8944564164432459719,-4003835272955594707,7358131]
02-13 16:51:47.369 I/am_destroy_service(  256): [1083436320,com.android.mms/.transaction.SmsReceiverService,811]
02-13 16:51:48.019 I/dvm_gc_info(  811): [7218827569569801880,-8920919853971269575,-3999050198351513555,8095616]
02-13 16:51:49.871 I/am_create_service(  256): [1084432248,com.android.mms/.transaction.SmsReceiverService,act=com.android.mms.transaction.MESSAGE_SENT dat=content://sms/31,811]
02-13 16:51:49.901 I/content_update_sample(  811): [content://sms/31,update,,25,,6]
02-13 16:51:49.991 I/content_query_sample(  811): [content://sms/queued,_id/thread_id/address/body/status,,date ASC,54,,11]
02-13 16:51:50.001 I/notification_cancel(  256): [com.android.mms,789,0]
02-13 16:51:50.001 I/am_destroy_service(  256): [1084432248,com.android.mms/.transaction.SmsReceiverService,811]
02-13 16:51:50.181 I/notification_cancel(  256): [com.android.phone,111,0]
02-13 16:51:52.093 I/dvm_gc_madvise_info(  339): [405504,135168]
02-13 16:51:52.123 I/dvm_gc_madvise_info(  344): [253952,135168]
02-13 16:51:53.104 I/dvm_gc_madvise_info(  811): [344064,135168]
02-13 16:51:57.358 I/wifi_supplicant_state_changed(  256): 2
02-13 16:51:58.329 I/wifi_supplicant_state_changed(  256): 1
02-13 16:51:59.370 I/power_sleep_requested(  256): 0
02-13 16:51:59.601 I/power_screen_state(  256): [0,2,0,0]
02-13 16:51:59.611 I/power_screen_broadcast_send(  256): 1
02-13 16:51:59.611 I/screen_toggled(  256): 0
02-13 16:51:59.641 I/am_pause_activity(  256): [1082642904,com.android.mms/.ui.ComposeMessageActivity]
02-13 16:51:59.691 I/am_on_paused_called(  811): com.android.mms.ui.ComposeMessageActivity
02-13 16:51:59.761 I/notification_cancel(  256): [com.android.phone,111,0]
02-13 16:51:59.811 I/power_screen_broadcast_done(  256): [0,201,1]
02-13 16:51:59.841 I/am_create_service(  256): [1082652720,com.google.android.gsf/.loginservice.GoogleLoginService,act=android.accounts.AccountAuthenticator,378]
02-13 16:51:59.901 I/am_destroy_service(  256): [1082652720,com.google.android.gsf/.loginservice.GoogleLoginService,378]
02-13 16:52:36.510 I/am_create_service(  256): [1083413872,com.android.mms/.transaction.SmsReceiverService,act=android.provider.Telephony.SMS_RECEIVED,811]
02-13 16:52:36.710 I/dvm_gc_info(  344): [8099846449757484656,-8974400511963813832,-4004116747932305363,7358131]
02-13 16:52:36.740 I/notification_cancel(  256): [com.android.mms,999,0]
02-13 16:52:36.780 I/notification_cancel(  256): [com.android.mms,123,0]
02-13 16:52:36.780 I/notification_enqueue(  256): [com.android.mms,123,Notification(vibrate=default,sound=content://settings/system/notification_sound,defaults=0x6,flags=0x1)]
02-13 16:52:36.840 I/am_destroy_service(  256): [1083413872,com.android.mms/.transaction.SmsReceiverService,811]
02-13 16:52:41.564 I/force_gc(  408): bg
02-13 16:52:41.594 I/dvm_gc_info(  408): [7017575181484930448,-9048428980661692363,-4004961172862437331,7358131]
02-13 16:52:44.500 I/dvm_gc_madvise_info(  344): [270336,135168]
02-13 16:52:44.510 I/power_screen_state(  256): [1,3,0,0]
02-13 16:52:44.510 I/power_screen_broadcast_send(  256): 1
02-13 16:52:44.510 I/screen_toggled(  256): 1
02-13 16:52:44.510 I/am_resume_activity(  256): [1082642904,10,com.android.mms/.ui.ComposeMessageActivity]
02-13 16:52:44.520 I/am_on_resume_called(  811): com.android.mms.ui.ComposeMessageActivity
02-13 16:52:44.630 I/notification_cancel(  256): [com.android.phone,111,0]
02-13 16:52:44.630 I/power_screen_broadcast_done(  256): [1,118,1]
02-13 16:52:45.940 I/screen_toggled(  256): 2
02-13 16:52:46.020 I/c2dm    (  378): [-4,NULL,16,14]
02-13 16:52:46.121 I/notification_cancel(  256): [com.android.phone,111,0]
02-13 16:52:46.131 I/content_query_sample(  811): [content://sms,seen,address LIKE '%Alert%' AND read=0,date DESC,67,,14]
02-13 16:52:46.131 I/notification_cancel(  256): [com.android.mms,999,0]
02-13 16:52:46.151 I/notification_cancel(  256): [com.android.mms,789,0]
02-13 16:52:46.161 I/db_sample(  344): [/data/data/com.android.providers.telephony/databases/mmssms.db,SELECT * FROM pdu WHERE (msg_box=1) AND (m_type=130 AND st=135) ,1,,1]
02-13 16:52:46.181 I/notification_cancel(  256): [com.android.mms,531,0]
02-13 16:52:46.201 I/notification_cancel(  256): [com.android.mms,123,0]
02-13 16:52:46.751 I/c2dm    (  378): [3,0:1329173547784694%e7a71353bf887faa,15,-1]
02-13 16:52:46.781 I/am_create_service(  256): [1084972704,com.google.android.gsf/.subscribedfeeds.SubscribedFeedsIntentService,act=com.google.android.c2dm.intent.RECEIVE cat=[com.google.android.gsf.subscribedfeeds],378]
02-13 16:52:46.801 I/tickle  (  378): gmail-ls
02-13 16:52:46.801 I/am_destroy_service(  256): [1084972704,com.google.android.gsf/.subscribedfeeds.SubscribedFeedsIntentService,378]
02-13 16:52:46.821 I/sync    (  256): [gmail-ls,0,0,-1565529355]
02-13 16:52:46.821 I/am_create_service(  256): [1083272152,com.google.android.gm/.provider.MailSyncAdapterService,act=android.content.SyncAdapter,608]
02-13 16:52:47.322 I/google_http_request(  608): [449,200,Android-GmailProvider/171,1]
02-13 16:52:47.982 I/dvm_gc_info(  608): [7594245893398955592,-8925423591037495235,-4001020523188488147,7358197]
02-13 16:52:48.022 I/am_create_service(  256): [1084563328,com.google.android.gm/.MailIntentService,act=android.intent.action.PROVIDER_CHANGED dat=content://gmail-ls/unread/^i,608]
02-13 16:52:48.673 I/notification_cancel(  256): [com.android.phone,111,0]
02-13 16:52:48.923 I/db_sample(  608): [/data/data/com.google.android.gm/databases/XX@YY,INSERT OR REPLACE  INTO engine_settings(value, name) VALUES(?, ?,894,,100]
02-13 16:52:48.923 I/[206002](  608): [ME.conversationQuery,3,889,1]
02-13 16:52:48.923 I/content_query_sample(  608): [content://gmail-ls/conversations/decidel@gmail.com,_id/subject/snippet/fromAddress/date/personalLevel/labelIds/numMessages/maxMessageId/hasAttachments/hasMessagesWithErrors/forceAllUnread,label:^i,,891,,100]
02-13 16:52:48.933 I/notification_enqueue(  256): [com.google.android.gm,-1565531841,Notification(vibrate=null,sound=content://settings/system/notification_sound,defaults=0x4,flags=0x1)]
02-13 16:52:48.933 I/am_destroy_service(  256): [1084563328,com.google.android.gm/.MailIntentService,608]
02-13 16:52:48.953 I/am_create_service(  256): [1084407376,com.google.android.gm/.MailIntentService,act=android.intent.action.PROVIDER_CHANGED dat=content://gmail-ls/unread/^iim,608]
02-13 16:52:48.983 I/am_destroy_service(  256): [1084407376,com.google.android.gm/.MailIntentService,608]
02-13 16:52:49.003 I/sync_details(  608): [Gmail,646,569,L1S1]
02-13 16:52:49.003 I/sync    (  256): [gmail-ls,1,0,-1565529355]
02-13 16:52:49.003 I/am_destroy_service(  256): [1083272152,com.google.android.gm/.provider.MailSyncAdapterService,608]
02-13 16:52:49.013 I/notification_cancel(  256): [android,447577556,0]
02-13 16:52:49.274 I/dvm_gc_madvise_info(  408): [225280,135168]
02-13 16:52:51.516 I/wifi_supplicant_state_changed(  256): 2
02-13 16:52:52.497 I/wifi_supplicant_state_changed(  256): 1
02-13 16:52:53.027 I/dvm_gc_madvise_info(  608): [270336,135168]
02-13 16:52:59.173 I/binder_sample(  344): [com.android.internal.telephony.ITelephonyRegistry,8,15,com.android.phone,3]
02-13 16:53:00.725 I/battery_level(  256): [11,3687,280]
02-13 16:53:05.760 I/force_gc(  662): bg
02-13 16:53:05.830 I/dvm_gc_info(  662): [8517260637557281856,-9132589517611485130,-4004679697885726675,7358131]
02-13 16:53:07.501 I/wifi_supplicant_state_changed(  256): 2
02-13 16:53:08.482 I/wifi_supplicant_state_changed(  256): 1
02-13 16:53:09.193 I/notification_cancel(  256): [com.android.phone,111,0]
02-13 16:53:10.875 I/dvm_gc_madvise_info(  662): [450560,135168]
02-13 16:53:14.178 I/force_gc(  608): bg
02-13 16:53:14.208 I/dvm_gc_info(  608): [7594245893398857199,-9036887681814915011,-4001020523188488147,7358197]
02-13 16:53:19.243 I/dvm_gc_madvise_info(  608): [294912,135168]
02-13 16:53:23.507 I/wifi_supplicant_state_changed(  256): 2
02-13 16:53:24.478 I/wifi_supplicant_state_changed(  256): 1
02-13 16:53:24.568 I/notification_cancel(  256): [com.android.phone,111,0]
02-13 16:53:24.768 I/notification_cancel(  256): [com.android.mms,999,0]
02-13 16:53:24.788 I/content_query_sample(  811): [content://mms-sms/undelivered,thread_id,read=0,,18,,4]
02-13 16:53:24.788 I/notification_cancel(  256): [com.android.mms,789,0]
02-13 16:53:24.798 I/notification_cancel(  256): [com.android.mms,531,0]
02-13 16:53:24.808 I/force_gc(  256): Binder
02-13 16:53:24.868 I/dvm_gc_info(  344): [8099846449757509216,-8979467061544593352,-4004116747932305363,7358131]
02-13 16:53:24.908 I/dvm_gc_info(  256): [8320808730292012867,-8904589631171721104,-3963584351285970899,8755276]
02-13 16:53:24.918 I/content_query_sample(  811): [content://mms,thread_id/date/_id/sub/sub_cs,(msg_box=1 AND seen=0 AND (m_type=130 OR m_type=160 OR m_type=161 OR m_type=132)),date desc,150,,31]
02-13 16:53:24.928 I/notification_cancel(  256): [com.android.mms,123,0]
02-13 16:53:29.653 I/notification_cancel(  256): [com.android.phone,111,0]
02-13 16:53:29.933 I/dvm_gc_madvise_info(  344): [290816,135168]
02-13 16:53:29.953 I/dvm_gc_madvise_info(  256): [507904,135168]
02-13 16:53:32.055 I/binder_sample(  339): [android.view.IWindowSession,4,15,com.android.inputmethod.latin,3]
02-13 16:53:32.656 I/binder_sample(  811): [com.android.internal.view.IInputContextCallback,3,10,com.android.mms,2]
02-13 16:53:32.866 I/dvm_gc_info(  326): [8320808730291701352,-8956949338352822220,-4002990848025462739,7898925]
02-13 16:53:34.017 I/binder_sample(  339): [android.view.IWindowSession,4,7,com.android.inputmethod.latin,1]
02-13 16:53:35.639 I/binder_sample(  811): [com.android.internal.view.IInputContextCallback,3,5,com.android.mms,1]
02-13 16:53:37.901 I/dvm_gc_madvise_info(  326): [294912,135168]
02-13 16:53:39.503 I/wifi_supplicant_state_changed(  256): 2
02-13 16:53:40.473 I/wifi_supplicant_state_changed(  256): 1
02-13 16:53:50.483 I/notification_cancel(  256): [com.android.phone,111,0]
02-13 16:53:54.697 I/binder_sample(  339): [android.view.IWindowSession,4,22,com.android.inputmethod.latin,4]
02-13 16:53:55.118 I/dvm_gc_info(  339): [7809651225003198042,-8925423728526862282,-3997642823467960275,8538148]
02-13 16:53:55.388 I/binder_sample(  811): [com.android.internal.view.IInputContextCallback,3,13,com.android.mms,2]
02-13 16:53:55.478 I/wifi_supplicant_state_changed(  256): 2
02-13 16:53:56.449 I/wifi_supplicant_state_changed(  256): 1
02-13 16:53:58.401 I/binder_sample(  811): [com.android.internal.view.IInputContextCallback,1,5,com.android.mms,1]
02-13 16:54:00.133 I/dvm_gc_madvise_info(  339): [438272,135168]
02-13 16:54:01.174 I/dvm_gc_info(  811): [7218827569569801881,-8920075429041125318,-3999050198351513555,8095616]
02-13 16:54:01.924 I/binder_sample(  339): [android.view.IWindowSession,4,12,com.android.inputmethod.latin,2]
02-13 16:54:06.199 I/dvm_gc_madvise_info(  811): [344064,135168]
02-13 16:54:11.474 I/wifi_supplicant_state_changed(  256): 2
02-13 16:54:12.445 I/wifi_supplicant_state_changed(  256): 1
02-13 16:54:13.105 I/binder_sample(  344): [com.android.internal.telephony.ITelephonyRegistry,8,16,com.android.phone,3]
02-13 16:54:15.338 I/binder_sample(  344): [com.android.internal.telephony.ITelephonyRegistry,8,15,com.android.phone,3]
02-13 16:54:27.459 I/wifi_supplicant_state_changed(  256): 2
02-13 16:54:28.140 I/am_create_service(  256): [1083852064,com.android.mms/.transaction.SmsReceiverService,act=android.provider.Telephony.SMS_RECEIVED,811]
02-13 16:54:28.280 I/force_gc(  256): Binder
02-13 16:54:28.350 I/dvm_gc_info(  256): [8320808730291889967,-8910782080676272017,-3964991726169524179,8755271]
02-13 16:54:28.390 I/notification_cancel(  256): [com.android.mms,999,0]
02-13 16:54:28.420 I/wifi_supplicant_state_changed(  256): 1
02-13 16:54:28.440 I/notification_cancel(  256): [com.android.mms,123,0]
02-13 16:54:28.440 I/notification_enqueue(  256): [com.android.mms,123,Notification(vibrate=default,sound=content://settings/system/notification_sound,defaults=0x6,flags=0x1)]
02-13 16:54:28.490 I/am_destroy_service(  256): [1083852064,com.android.mms/.transaction.SmsReceiverService,811]
02-13 16:54:28.610 I/notification_cancel(  256): [com.android.phone,111,0]
02-13 16:54:29.702 I/notification_cancel(  256): [com.android.phone,111,0]
02-13 16:54:31.723 I/content_update_sample(  811): [content://mms-sms/conversations/1,update,(read=0 OR seen=0),21,,5]
02-13 16:54:31.733 I/notification_cancel(  256): [com.android.mms,999,0]
02-13 16:54:31.764 I/notification_cancel(  256): [com.android.mms,789,0]
02-13 16:54:31.784 I/notification_cancel(  256): [com.android.mms,531,0]
02-13 16:54:31.824 I/notification_cancel(  256): [com.android.mms,123,0]
02-13 16:54:31.894 I/dvm_gc_info(  344): [8099846449757517416,-8979185586567866311,-4003835272955594707,7358131]
02-13 16:54:33.195 I/notification_cancel(  256): [com.android.mms,999,0]
02-13 16:54:33.205 I/notification_cancel(  256): [com.android.mms,789,0]
02-13 16:54:33.225 I/notification_cancel(  256): [com.android.mms,123,0]
02-13 16:54:33.235 I/notification_cancel(  256): [com.android.mms,531,0]
02-13 16:54:33.395 I/dvm_gc_madvise_info(  256): [524288,135168]
02-13 16:54:33.645 I/notification_cancel(  256): [com.android.phone,111,0]
02-13 16:54:36.929 I/dvm_gc_madvise_info(  344): [262144,135168]
02-13 16:54:41.303 I/notification_cancel(  256): [com.android.phone,111,0]
02-13 16:54:42.854 I/am_create_service(  256): [1085090232,com.google.android.gm/.MailIntentService,act=com.google.android.gm.intent.CLEAR_ALL_NEW_MAIL_NOTIFICATIONS,608]
02-13 16:54:42.894 I/am_destroy_service(  256): [1085090232,com.google.android.gm/.MailIntentService,608]
02-13 16:54:43.445 I/wifi_supplicant_state_changed(  256): 2
02-13 16:54:43.945 I/notification_cancel(  256): [com.android.phone,111,0]
02-13 16:54:44.436 I/wifi_supplicant_state_changed(  256): 1
02-13 16:54:49.261 I/binder_sample(  339): [android.view.IWindowSession,4,23,com.android.inputmethod.latin,4]
02-13 16:54:58.430 I/force_gc(  408): bg
02-13 16:54:58.500 I/dvm_gc_info(  408): [7017575181485110523,-9060532404660254667,-4005242647839147987,7358131]
02-13 16:54:59.451 I/wifi_supplicant_state_changed(  256): 2
02-13 16:55:00.421 I/wifi_supplicant_state_changed(  256): 1
02-13 16:55:03.545 I/dvm_gc_madvise_info(  408): [225280,135168]
02-13 16:55:07.388 I/force_gc(  662): bg
02-13 16:55:07.418 I/dvm_gc_info(  662): [8517260637557105716,-9148915066260703178,-4004679697885726675,7358131]
02-13 16:55:12.403 I/force_gc(  608): bg
02-13 16:55:12.443 I/dvm_gc_madvise_info(  662): [450560,135168]
02-13 16:55:12.473 I/dvm_gc_info(  608): [7594245893399000243,-9087834652599547843,-4001020523188488147,7358197]
02-13 16:55:13.754 I/dvm_gc_info(  811): [7218827569569810087,-8916979204297312199,-3999050198351513555,8095616]
02-13 16:55:15.446 I/wifi_supplicant_state_changed(  256): 2
02-13 16:55:16.437 I/wifi_supplicant_state_changed(  256): 1
02-13 16:55:17.208 I/binder_sample(  811): [com.android.internal.view.IInputMethodManager,5,13,com.android.mms,2]
02-13 16:55:17.278 I/am_create_service(  256): [1081792384,com.android.mms/.transaction.SmsReceiverService,act=com.android.mms.transaction.SEND_MESSAGE,811]
02-13 16:55:17.418 I/dvm_gc_info(  339): [7809651225003173499,-8921764553829611465,-3997642823467960275,8542244]
02-13 16:55:17.548 I/dvm_gc_madvise_info(  608): [294912,135168]
02-13 16:55:17.558 I/am_destroy_service(  256): [1081792384,com.android.mms/.transaction.SmsReceiverService,811]
