02-13 16:55:18.809 I/dvm_gc_madvise_info(  811): [348160,135168]
02-13 16:55:19.430 I/am_create_service(  256): [1082799896,com.android.mms/.transaction.SmsReceiverService,act=android.provider.Telephony.SMS_RECEIVED,811]
02-13 16:55:19.490 I/dvm_gc_info(  344): [8099846449757480553,-8974963461917218760,-4004116747932305363,7358131]
02-13 16:55:19.921 I/notification_cancel(  256): [com.android.phone,111,0]
02-13 16:55:20.341 I/db_sample(  344): [/data/data/com.android.providers.telephony/databases/mmssms.db,INSERT INTO words(table_to_use, _id, index_text, source_id) VALU,821,,100]
02-13 16:55:20.421 I/content_update_sample(  811): [content://sms/inbox,insert,,939,,100]
02-13 16:55:20.481 I/content_query_sample(  811): [content://sms/conversations/1,_id/thread_id/address/body/date/read/type/status, (locked=0 AND type!=3) ,date DESC,67,,14]
02-13 16:55:20.511 I/notification_cancel(  256): [com.android.mms,999,0]
02-13 16:55:20.551 I/notification_cancel(  256): [com.android.mms,123,0]
02-13 16:55:20.551 I/notification_enqueue(  256): [com.android.mms,123,Notification(vibrate=default,sound=content://settings/system/notification_sound,defaults=0x6,flags=0x1)]
02-13 16:55:20.601 I/am_destroy_service(  256): [1082799896,com.android.mms/.transaction.SmsReceiverService,811]
02-13 16:55:22.443 I/dvm_gc_madvise_info(  339): [417792,135168]
02-13 16:55:24.535 I/dvm_gc_madvise_info(  344): [270336,135168]
02-13 16:55:28.229 I/notification_cancel(  256): [com.android.phone,111,0]
02-13 16:55:31.452 I/wifi_supplicant_state_changed(  256): 2
02-13 16:55:32.443 I/wifi_supplicant_state_changed(  256): 1
02-13 16:55:36.537 I/content_update_sample(  811): [content://mms-sms/conversations/1,update,(read=0 OR seen=0),32,,7]
02-13 16:55:36.547 I/notification_cancel(  256): [com.android.mms,999,0]
02-13 16:55:36.567 I/notification_cancel(  256): [com.android.mms,789,0]
02-13 16:55:36.577 I/notification_cancel(  256): [com.android.mms,531,0]
02-13 16:55:36.587 I/notification_cancel(  256): [com.android.mms,123,0]
02-13 16:55:36.987 I/dvm_gc_info(  811): [7218827569569871479,-8924579028668491718,-3999050198351513555,8095668]
02-13 16:55:38.138 I/notification_cancel(  256): [com.android.mms,999,0]
02-13 16:55:38.148 I/notification_cancel(  256): [com.android.mms,789,0]
02-13 16:55:38.168 I/force_gc(  256): Binder
02-13 16:55:38.248 I/dvm_gc_info(  256): [8320808730291922641,-8914441255373526929,-3964991726169524179,8755271]
02-13 16:55:38.268 I/notification_cancel(  256): [com.android.mms,123,0]
02-13 16:55:38.278 I/notification_cancel(  256): [com.android.mms,531,0]
02-13 16:55:42.042 I/dvm_gc_madvise_info(  811): [372736,135168]
02-13 16:55:42.883 I/am_create_service(  256): [1085085360,com.android.mms/.transaction.SmsReceiverService,act=com.android.mms.transaction.MESSAGE_SENT dat=content://sms/34,811]
02-13 16:55:43.013 I/dvm_gc_info(  344): [8099846449757488743,-8981718861358270407,-4003835272955594707,7358131]
02-13 16:55:43.123 I/notification_cancel(  256): [com.android.mms,789,0]
02-13 16:55:43.123 I/am_destroy_service(  256): [1085085360,com.android.mms/.transaction.SmsReceiverService,811]
02-13 16:55:43.273 I/dvm_gc_madvise_info(  256): [565248,135168]
02-13 16:55:44.194 I/notification_cancel(  256): [com.android.mms,999,0]
02-13 16:55:44.204 I/notification_cancel(  256): [com.android.mms,789,0]
02-13 16:55:44.224 I/notification_cancel(  256): [com.android.mms,531,0]
02-13 16:55:44.234 I/notification_cancel(  256): [com.android.mms,123,0]
02-13 16:55:47.287 I/dvm_gc_info(  811): [7218827569569793670,-8923171653768153029,-3997924298444670931,8525722]
02-13 16:55:47.447 I/wifi_supplicant_state_changed(  256): 2
02-13 16:55:48.028 I/dvm_gc_madvise_info(  344): [270336,135168]
02-13 16:55:48.408 I/wifi_supplicant_state_changed(  256): 1
02-13 16:55:52.342 I/dvm_gc_madvise_info(  811): [344064,135168]
02-13 16:55:53.053 I/notification_cancel(  256): [com.android.phone,111,0]
02-13 16:55:58.128 I/notification_cancel(  256): [com.android.phone,111,0]
02-13 16:56:03.433 I/wifi_supplicant_state_changed(  256): 2
02-13 16:56:04.414 I/wifi_supplicant_state_changed(  256): 1
02-13 16:56:18.648 I/notification_cancel(  256): [com.android.phone,111,0]
02-13 16:56:19.429 I/wifi_supplicant_state_changed(  256): 2
02-13 16:56:20.410 I/wifi_supplicant_state_changed(  256): 1
02-13 16:56:23.693 I/notification_cancel(  256): [com.android.phone,111,0]
02-13 16:56:35.434 I/wifi_supplicant_state_changed(  256): 2
02-13 16:56:36.415 I/wifi_supplicant_state_changed(  256): 1
02-13 16:56:44.263 I/notification_cancel(  256): [com.android.phone,111,0]
02-13 16:56:47.426 I/dvm_gc_info(  811): [7218827569569789614,-8920075428990781380,-3996235448584406995,8374225]
02-13 16:56:51.430 I/wifi_supplicant_state_changed(  256): 2
02-13 16:56:52.411 I/wifi_supplicant_state_changed(  256): 1
02-13 16:56:52.481 I/dvm_gc_madvise_info(  811): [237568,135168]
02-13 16:57:07.435 I/wifi_supplicant_state_changed(  256): 2
02-13 16:57:08.406 I/wifi_supplicant_state_changed(  256): 1
02-13 16:57:09.828 I/notification_cancel(  256): [com.android.phone,111,0]
02-13 16:57:14.963 I/notification_cancel(  256): [com.android.phone,111,0]
02-13 16:57:23.421 I/wifi_supplicant_state_changed(  256): 2
02-13 16:57:24.392 I/wifi_supplicant_state_changed(  256): 1
02-13 16:57:35.483 I/notification_cancel(  256): [com.android.phone,111,0]
02-13 16:57:35.513 I/dvm_gc_info(  344): [8099846449757480567,-8942312364618794952,-4004116747932305363,7358131]
02-13 16:57:36.684 I/dvm_gc_info(  339): [7809651225003325007,-8949067626570557386,-3997642823467960275,8546342]
02-13 16:57:39.417 I/wifi_supplicant_state_changed(  256): 2
02-13 16:57:40.388 I/wifi_supplicant_state_changed(  256): 1
02-13 16:57:40.518 I/dvm_gc_madvise_info(  344): [303104,135168]
02-13 16:57:40.548 I/notification_cancel(  256): [com.android.phone,111,0]
02-13 16:57:41.699 I/dvm_gc_madvise_info(  339): [446464,135168]
02-13 16:57:48.175 I/binder_sample(  344): [com.android.internal.telephony.ITelephonyRegistry,8,6,com.android.phone,1]
02-13 16:57:48.866 I/binder_sample(  811): [com.android.internal.view.IInputContextCallback,3,12,com.android.mms,2]
02-13 16:57:53.640 I/am_create_service(  256): [1083486672,com.android.mms/.transaction.SmsReceiverService,act=com.android.mms.transaction.SEND_MESSAGE,811]
02-13 16:57:53.841 I/dvm_gc_info(  811): [7218827569569789665,-8914445723298129860,-3996798398537828307,8374208]
02-13 16:57:53.891 I/content_update_sample(  811): [content://sms/36,update,,26,,6]
02-13 16:57:53.961 I/am_destroy_service(  256): [1083486672,com.android.mms/.transaction.SmsReceiverService,811]
02-13 16:57:54.141 I/notification_cancel(  256): [com.android.phone,111,0]
02-13 16:57:55.412 I/wifi_supplicant_state_changed(  256): 2
02-13 16:57:56.363 I/am_create_service(  256): [1084063776,com.android.mms/.transaction.SmsReceiverService,act=com.android.mms.transaction.MESSAGE_SENT dat=content://sms/36,811]
02-13 16:57:56.403 I/wifi_supplicant_state_changed(  256): 1
02-13 16:57:56.523 I/notification_cancel(  256): [com.android.mms,789,0]
02-13 16:57:56.523 I/am_destroy_service(  256): [1084063776,com.android.mms/.transaction.SmsReceiverService,811]
02-13 16:57:56.603 I/notification_cancel(  256): [com.android.phone,111,0]
02-13 16:57:56.643 I/dvm_gc_info(  344): [8099846449757480551,-8987348360892508104,-4004116747932305363,7358131]
02-13 16:57:58.906 I/dvm_gc_madvise_info(  811): [192512,135168]
02-13 16:57:59.776 I/notification_cancel(  256): [com.android.phone,111,0]
02-13 16:57:59.817 I/dvm_gc_info(  326): [8320808730291672683,-8956386388399400908,-4002990848025462739,7898925]
02-13 16:58:00.527 I/power_sleep_requested(  256): 0
02-13 16:58:00.747 I/power_screen_state(  256): [0,2,0,0]
02-13 16:58:00.767 I/power_screen_broadcast_send(  256): 1
02-13 16:58:00.767 I/screen_toggled(  256): 0
02-13 16:58:00.797 I/am_pause_activity(  256): [1082642904,com.android.mms/.ui.ComposeMessageActivity]
02-13 16:58:00.848 I/am_on_paused_called(  811): com.android.mms.ui.ComposeMessageActivity
02-13 16:58:00.878 I/power_screen_broadcast_done(  256): [0,117,1]
02-13 16:58:00.928 I/am_create_service(  256): [1084993464,com.google.android.gsf/.loginservice.GoogleLoginService,act=android.accounts.AccountAuthenticator,378]
02-13 16:58:00.978 I/am_destroy_service(  256): [1084993464,com.google.android.gsf/.loginservice.GoogleLoginService,378]
02-13 16:59:21.500 I/battery_level(  256): [11,3694,270]
02-13 16:59:21.540 I/dvm_gc_madvise_info(  344): [315392,135168]
02-13 16:59:21.690 I/am_create_service(  256): [1084855576,com.google.android.apps.maps/com.google.googlenav.prefetch.android.PrefetcherService,,764]
02-13 16:59:39.500 I/power_screen_state(  256): [1,3,0,0]
02-13 16:59:39.500 I/power_screen_broadcast_send(  256): 1
02-13 16:59:39.500 I/screen_toggled(  256): 1
02-13 16:59:39.510 I/am_resume_activity(  256): [1082642904,10,com.android.mms/.ui.ComposeMessageActivity]
02-13 16:59:39.520 I/am_on_resume_called(  811): com.android.mms.ui.ComposeMessageActivity
02-13 16:59:39.580 I/power_screen_broadcast_done(  256): [1,80,1]
02-13 16:59:39.620 I/notification_cancel(  256): [com.android.phone,111,0]
02-13 16:59:40.230 I/dvm_gc_madvise_info(  326): [286720,135168]
02-13 16:59:43.703 I/screen_toggled(  256): 2
02-13 16:59:43.793 I/c2dm    (  378): [-4,NULL,17,15]
02-13 16:59:43.803 I/notification_cancel(  256): [com.android.mms,999,0]
02-13 16:59:43.853 I/notification_cancel(  256): [com.android.mms,123,0]
02-13 16:59:43.853 I/notification_cancel(  256): [com.android.mms,789,0]
02-13 16:59:43.863 I/force_gc(  256): Binder
02-13 16:59:43.943 I/dvm_gc_info(  256): [8320808730291918733,-8900367506504284047,-3963302876309260243,8755276]
02-13 16:59:43.973 I/notification_cancel(  256): [com.android.mms,531,0]
02-13 16:59:43.973 I/content_query_sample(  811): [content://sms,thread_id/date/address/subject/body/dest_port,(type = 2 AND status = 0),date,114,,23]
02-13 16:59:45.885 I/am_pause_activity(  256): [1082642904,com.android.mms/.ui.ComposeMessageActivity]
02-13 16:59:45.885 I/am_task_to_front(  256): 2
02-13 16:59:45.885 I/am_new_intent(  256): [1081272496,2,com.android.launcher/com.android.launcher2.Launcher,android.intent.action.MAIN,NULL,NULL,274726912]
02-13 16:59:45.885 I/am_on_paused_called(  811): com.android.mms.ui.ComposeMessageActivity
02-13 16:59:45.905 I/am_resume_activity(  256): [1081158264,2,com.android.launcher/com.android.launcher2.Launcher]
02-13 16:59:45.905 I/am_on_resume_called(  364): com.android.launcher2.Launcher
02-13 16:59:45.925 I/notification_cancel(  256): [com.android.mms,999,0]
02-13 16:59:45.975 I/notification_cancel(  256): [com.android.mms,789,0]
02-13 16:59:45.995 I/notification_cancel(  256): [com.android.mms,531,0]
02-13 16:59:46.015 I/notification_cancel(  256): [com.android.mms,123,0]
02-13 16:59:46.025 I/content_query_sample(  811): [content://sms,thread_id/date/address/subject/body/dest_port,(type = 2 AND status = 0),date,6,,2]
02-13 16:59:46.806 I/wifi_supplicant_state_changed(  256): 2
02-13 16:59:47.246 I/am_destroy_service(  256): [1084855576,com.google.android.apps.maps/com.google.googlenav.prefetch.android.PrefetcherService,764]
02-13 16:59:47.777 I/wifi_supplicant_state_changed(  256): 1
02-13 16:59:48.978 I/dvm_gc_madvise_info(  256): [299008,135168]
02-13 16:59:49.148 I/am_pause_activity(  256): [1081158264,com.android.launcher/com.android.launcher2.Launcher]
02-13 16:59:49.148 I/am_task_to_front(  256): 7
02-13 16:59:49.148 I/am_finish_activity(  256): [1081918552,7,com.google.android.youtube/.app.froyo.phone.WatchActivity,reset]
02-13 16:59:49.148 I/am_destroy_activity(  256): [1081918552,7,com.google.android.youtube/.app.froyo.phone.WatchActivity]
02-13 16:59:49.148 I/am_finish_activity(  256): [1083670656,7,com.google.android.youtube/.app.froyo.phone.ResultsActivity,reset]
02-13 16:59:49.148 I/am_destroy_activity(  256): [1083670656,7,com.google.android.youtube/.app.froyo.phone.ResultsActivity]
02-13 16:59:49.148 I/am_finish_activity(  256): [1081898328,7,com.google.android.youtube/.app.froyo.phone.WatchActivity,reset]
02-13 16:59:49.148 I/am_destroy_activity(  256): [1081898328,7,com.google.android.youtube/.app.froyo.phone.WatchActivity]
02-13 16:59:49.148 I/am_finish_activity(  256): [1081748872,7,com.google.android.youtube/.app.froyo.phone.MyChannelActivity,reset]
02-13 16:59:49.148 I/am_destroy_activity(  256): [1081748872,7,com.google.android.youtube/.app.froyo.phone.MyChannelActivity]
02-13 16:59:49.168 I/am_on_paused_called(  364): com.android.launcher2.Launcher
02-13 16:59:49.198 I/am_resume_activity(  256): [1083112368,7,com.google.android.youtube/.app.froyo.phone.HomeActivity]
02-13 16:59:49.248 I/am_on_resume_called(  845): com.google.android.youtube.app.froyo.phone.HomeActivity
02-13 16:59:52.381 I/dvm_gc_info(  845): [8750341744043857907,-8896424726090590069,-3955421576961361875,8742989]
02-13 16:59:54.614 I/force_gc(  811): bg
02-13 16:59:54.694 I/dvm_gc_info(  811): [7218827569570055797,-8925704722366572486,-3998487248398092243,8374154]
02-13 16:59:57.456 I/dvm_gc_madvise_info(  845): [200704,135168]
02-13 16:59:58.718 I/am_create_activity(  256): [1082758832,7,com.google.android.youtube/.app.froyo.phone.WatchActivity,NULL,NULL,NULL,0]
02-13 16:59:58.728 I/am_pause_activity(  256): [1083112368,com.google.android.youtube/.app.froyo.phone.HomeActivity]
02-13 16:59:58.758 I/am_on_paused_called(  845): com.google.android.youtube.app.froyo.phone.HomeActivity
02-13 16:59:58.758 I/am_restart_activity(  256): [1082758832,7,com.google.android.youtube/.app.froyo.phone.WatchActivity]
02-13 16:59:58.808 I/db_sample(  845): [/data/data/com.google.android.youtube/databases/google_analytics.db,COMMIT;SELECT event_id FROM events ORDER BY event_id DESC,62,,13]
02-13 16:59:58.958 I/am_on_resume_called(  845): com.google.android.youtube.app.froyo.phone.WatchActivity
02-13 16:59:59.208 I/activity_launch_time(  256): [1082758832,com.google.android.youtube/.app.froyo.phone.WatchActivity,445,445]
02-13 16:59:59.759 I/dvm_gc_madvise_info(  811): [299008,135168]
02-13 17:00:00.489 I/configuration_changed(  256): 128
02-13 17:00:01.510 I/am_create_service(  256): [1084640512,com.android.mms/.transaction.SmsReceiverService,act=android.provider.Telephony.SMS_RECEIVED,811]
02-13 17:00:01.530 I/am_destroy_service(  256): [1084640512,com.android.mms/.transaction.SmsReceiverService,811]
02-13 17:00:02.171 I/am_create_service(  256): [1084634944,com.android.mms/.transaction.SmsReceiverService,act=android.provider.Telephony.SMS_RECEIVED,811]
02-13 17:00:02.271 I/notification_cancel(  256): [com.android.mms,999,0]
02-13 17:00:02.311 I/notification_cancel(  256): [com.android.mms,123,0]
02-13 17:00:02.311 I/notification_enqueue(  256): [com.android.mms,123,Notification(vibrate=default,sound=content://settings/system/notification_sound,defaults=0x6,flags=0x1)]
02-13 17:00:02.361 I/am_destroy_service(  256): [1084634944,com.android.mms/.transaction.SmsReceiverService,811]
02-13 17:00:02.742 I/dvm_gc_info(  256): [8320808730291906180,-8922322554721437585,-3964428776216102867,8755274]
02-13 17:00:02.742 I/notification_cancel(  256): [com.android.phone,111,0]
02-13 17:00:02.792 I/wifi_supplicant_state_changed(  256): 2
02-13 17:00:02.822 I/dvm_gc_info(  344): [8099846449757484627,-8992696385449990087,-4004116747932305363,7358131]
02-13 17:00:03.773 I/wifi_supplicant_state_changed(  256): 1
02-13 17:00:04.143 I/configuration_changed(  256): 128
02-13 17:00:04.313 I/notification_cancel(  256): [com.android.phone,111,0]
02-13 17:00:04.373 I/dvm_gc_info(  339): [7809651225003841102,-8954697126104782794,-3997642823467960275,8546342]
02-13 17:00:06.515 I/dvm_gc_info(  256): [8320808730292061568,-9039979095003285394,-3965273201146234835,8755271]
02-13 17:00:07.877 I/dvm_gc_madvise_info(  344): [323584,135168]
02-13 17:00:09.428 I/dvm_gc_madvise_info(  339): [512000,135168]
02-13 17:00:10.249 I/am_create_service(  256): [1083709200,com.google.android.gsf/.loginservice.GoogleLoginService,act=android.accounts.AccountAuthenticator,378]
02-13 17:00:10.930 I/dvm_gc_info(  845): [8750341744043821095,-8892202532720535419,-3958236326728468435,8693834]
02-13 17:00:11.490 I/dvm_gc_info(  378): [7449358886915651179,-8947378914182772678,-4003553797978884051,7358131]
02-13 17:00:11.540 I/dvm_gc_madvise_info(  256): [413696,135168]
02-13 17:00:13.452 I/dvm_gc_info(  845): [8750341744044377912,-8913876105927219065,-3957954851751757779,8693832]
02-13 17:00:15.014 I/dvm_gc_info(  845): [8750341744044090978,-8985933699965155193,-3957954851751757779,8693834]
02-13 17:00:15.554 I/configuration_changed(  256): 128
02-13 17:00:15.714 I/binder_sample(  326): [android.view.IWindowSession,4,31,com.android.systemui,6]
02-13 17:00:15.924 I/google_http_request(  378): [5618,200,GoogleLoginService/1.0,1]
02-13 17:00:15.944 I/notification_cancel(  256): [android,2,0]
02-13 17:00:16.015 I/gls_authenticate(  378): [0,Manage your +1's]
02-13 17:00:16.025 I/notification_cancel(  256): [android,2,0]
02-13 17:00:16.105 I/notification_cancel(  256): [android,2,0]
02-13 17:00:16.115 I/am_destroy_service(  256): [1083709200,com.google.android.gsf/.loginservice.GoogleLoginService,378]
02-13 17:00:16.505 I/dvm_gc_madvise_info(  378): [188416,135168]
02-13 17:00:17.076 I/notification_cancel(  256): [com.android.phone,111,0]
02-13 17:00:17.926 I/dvm_gc_info(  256): [8320808730292221237,-9048986294258018194,-3964991726169524179,8755271]
02-13 17:00:18.787 I/wifi_supplicant_state_changed(  256): 2
02-13 17:00:19.758 I/wifi_supplicant_state_changed(  256): 1
02-13 17:00:19.858 I/dvm_gc_info(  845): [8750341744044107403,-8924290680065525625,-3957110426821625811,8767564]
02-13 17:00:19.918 I/dvm_gc_info(  845): [8750341744043991304,-9220965168046049144,-3956547476868204499,8767564]
02-13 17:00:19.978 I/dvm_gc_info(  845): [8750341744043988109,-9066435405831907192,-3956828951844915155,8767564]
02-13 17:00:20.038 I/dvm_gc_info(  845): [8750341744043983395,-9219557655689996151,-3956547476868204499,8767564]
02-13 17:00:20.879 I/binder_sample(  344): [com.android.internal.telephony.ITelephonyRegistry,8,15,com.android.phone,3]
02-13 17:00:21.360 I/db_sample(  845): [/data/data/com.google.android.youtube/databases/google_analytics.db,DELETE FROM events WHERE event_id=59,631,,100]
02-13 17:00:22.981 I/dvm_gc_madvise_info(  256): [413696,135168]
02-13 17:00:24.783 I/notification_cancel(  256): [com.android.phone,111,0]
02-13 17:00:25.103 I/dvm_gc_madvise_info(  845): [487424,135168]
02-13 17:00:28.487 I/notification_cancel(  256): [com.android.phone,111,0]
02-13 17:00:34.783 I/wifi_supplicant_state_changed(  256): 2
02-13 17:00:34.863 I/force_gc(  364): bg
02-13 17:00:34.963 I/notification_cancel(  256): [com.android.phone,111,0]
02-13 17:00:35.003 I/dvm_gc_info(  364): [7809652345805534614,-9040829224892573645,-3992857748863879123,8603695]
02-13 17:00:35.774 I/wifi_supplicant_state_changed(  256): 1
02-13 17:00:40.068 I/binder_sample(  344): [com.android.internal.telephony.ITelephonyRegistry,6,27,com.android.phone,5]
02-13 17:00:40.068 I/notification_cancel(  256): [com.android.phone,111,0]
02-13 17:00:40.098 I/dvm_gc_madvise_info(  364): [274432,135168]
02-13 17:00:45.283 I/notification_cancel(  256): [com.android.phone,111,0]
02-13 17:00:49.617 I/dvm_gc_info(  845): [8750341744044279365,-9039413670595176313,-3957110426821625811,8767564]
02-13 17:00:49.827 I/binder_sample(  344): [android.os.INetStatService,2,17,com.android.phone,3]
02-13 17:00:50.298 I/notification_cancel(  256): [com.android.phone,111,0]
02-13 17:00:50.778 I/wifi_supplicant_state_changed(  256): 2
02-13 17:00:51.539 I/db_sample(  845): [/data/data/com.google.android.youtube/databases/google_analytics.db,DELETE FROM events WHERE event_id=60,1714,,100]
02-13 17:00:51.759 I/wifi_supplicant_state_changed(  256): 1
02-13 17:00:54.672 I/dvm_gc_madvise_info(  845): [495616,135168]
02-13 17:01:00.168 I/battery_level(  256): [11,3689,290]
02-13 17:01:06.774 I/wifi_supplicant_state_changed(  256): 2
02-13 17:01:07.755 I/wifi_supplicant_state_changed(  256): 1
02-13 17:01:12.940 I/force_gc(  764): bg
02-13 17:01:13.040 I/dvm_gc_info(  764): [3345437233800135751,-9110634469360891844,-4002990848025462739,7358131]
02-13 17:01:14.672 I/binder_sample(  344): [com.android.internal.telephony.ITelephonyRegistry,8,43,com.android.phone,8]
02-13 17:01:18.095 I/dvm_gc_madvise_info(  764): [294912,135168]
02-13 17:01:21.899 I/force_gc(  408): bg
02-13 17:01:21.979 I/dvm_gc_info(  408): [7017575181485155873,-9035199656756291531,-4004961172862437331,7358131]
02-13 17:01:22.770 I/wifi_supplicant_state_changed(  256): 2
02-13 17:01:23.751 I/wifi_supplicant_state_changed(  256): 1
02-13 17:01:27.044 I/dvm_gc_madvise_info(  408): [225280,135168]
02-13 17:01:30.627 I/notification_cancel(  256): [com.android.phone,111,0]
02-13 17:01:31.258 I/notification_cancel(  256): [com.android.phone,111,0]
02-13 17:01:31.308 I/dvm_gc_info(  344): [8099846449757443712,-8925423866016176073,-4004398222909016019,7358131]
02-13 17:01:32.489 I/notification_cancel(  256): [com.android.phone,111,0]
02-13 17:01:36.383 I/dvm_gc_madvise_info(  344): [323584,135168]
02-13 17:01:36.473 I/notification_cancel(  256): [com.android.phone,111,0]
02-13 17:01:38.775 I/wifi_supplicant_state_changed(  256): 2
02-13 17:01:39.746 I/wifi_supplicant_state_changed(  256): 1
02-13 17:01:41.508 I/binder_sample(  344): [com.android.internal.telephony.ITelephonyRegistry,8,7,com.android.phone,1]
02-13 17:01:54.751 I/wifi_supplicant_state_changed(  256): 2
02-13 17:01:55.502 I/force_gc(  662): bg
02-13 17:01:55.602 I/dvm_gc_info(  662): [8517260637557363877,-9064754048224217034,-4004679697885726675,7358131]
02-13 17:01:55.732 I/wifi_supplicant_state_changed(  256): 1
02-13 17:02:00.647 I/dvm_gc_madvise_info(  662): [450560,135168]
02-13 17:02:07.093 I/notification_cancel(  256): [com.android.phone,111,0]
02-13 17:02:10.676 I/binder_sample(  344): [com.android.internal.telephony.ITelephonyRegistry,8,30,com.android.phone,6]
02-13 17:02:10.756 I/wifi_supplicant_state_changed(  256): 2
02-13 17:02:11.717 I/wifi_supplicant_state_changed(  256): 1
02-13 17:02:12.058 I/notification_cancel(  256): [com.android.phone,111,0]
02-13 17:02:17.423 I/notification_cancel(  256): [com.android.phone,111,0]
02-13 17:02:22.578 I/binder_sample(  344): [com.android.internal.telephony.ITelephonyRegistry,6,19,com.android.phone,3]
02-13 17:02:22.588 I/notification_cancel(  256): [com.android.phone,111,0]
02-13 17:02:24.180 I/dvm_gc_info(  326): [8320808730291660396,-8958075238259668940,-4002709373048752083,7898930]
02-13 17:02:26.742 I/wifi_supplicant_state_changed(  256): 2
02-13 17:02:27.733 I/wifi_supplicant_state_changed(  256): 1
02-13 17:02:29.234 I/dvm_gc_madvise_info(  326): [286720,135168]
02-13 17:02:41.176 I/binder_sample(  344): [android.os.INetStatService,1,5,com.android.phone,1]
02-13 17:02:42.187 I/binder_sample(  344): [android.os.INetStatService,2,7,com.android.phone,1]
02-13 17:02:42.748 I/wifi_supplicant_state_changed(  256): 2
02-13 17:02:43.709 I/wifi_supplicant_state_changed(  256): 1
02-13 17:02:44.269 I/binder_sample(  344): [android.os.INetStatService,2,52,com.android.phone,10]
02-13 17:02:50.365 I/binder_sample(  344): [android.os.INetStatService,2,8,com.android.phone,1]
02-13 17:02:58.733 I/wifi_supplicant_state_changed(  256): 2
02-13 17:02:59.704 I/wifi_supplicant_state_changed(  256): 1
02-13 17:03:13.718 I/notification_cancel(  256): [com.android.phone,111,0]
02-13 17:03:14.208 I/notification_cancel(  256): [com.android.phone,111,0]
02-13 17:03:14.719 I/wifi_supplicant_state_changed(  256): 2
02-13 17:03:15.700 I/wifi_supplicant_state_changed(  256): 1
02-13 17:03:20.174 I/battery_level(  256): [10,3654,290]
02-13 17:03:30.724 I/wifi_supplicant_state_changed(  256): 2
02-13 17:03:31.715 I/wifi_supplicant_state_changed(  256): 1
02-13 17:03:46.720 I/wifi_supplicant_state_changed(  256): 2
02-13 17:03:47.711 I/wifi_supplicant_state_changed(  256): 1
02-13 17:04:00.173 I/battery_level(  256): [10,3655,300]
02-13 17:04:02.736 I/wifi_supplicant_state_changed(  256): 2
02-13 17:04:03.717 I/wifi_supplicant_state_changed(  256): 1
02-13 17:04:10.103 I/notification_cancel(  256): [com.android.phone,111,0]
02-13 17:04:18.731 I/wifi_supplicant_state_changed(  256): 2
02-13 17:04:19.712 I/wifi_supplicant_state_changed(  256): 1
02-13 17:04:34.737 I/wifi_supplicant_state_changed(  256): 2
02-13 17:04:35.698 I/wifi_supplicant_state_changed(  256): 1
02-13 17:04:36.288 I/binder_sample(  326): [com.android.internal.statusbar.IStatusBarService,4,10,com.android.systemui,2]
02-13 17:04:50.182 I/battery_level(  256): [9,3644,300]
02-13 17:04:50.723 I/wifi_supplicant_state_changed(  256): 2
02-13 17:04:51.703 I/wifi_supplicant_state_changed(  256): 1
02-13 17:05:06.718 I/wifi_supplicant_state_changed(  256): 2
02-13 17:05:07.699 I/wifi_supplicant_state_changed(  256): 1
02-13 17:05:22.724 I/wifi_supplicant_state_changed(  256): 2
02-13 17:05:23.695 I/wifi_supplicant_state_changed(  256): 1
02-13 17:05:38.709 I/wifi_supplicant_state_changed(  256): 2
02-13 17:05:39.690 I/wifi_supplicant_state_changed(  256): 1
02-13 17:05:44.375 I/am_create_service(  256): [1084444944,com.android.mms/.transaction.SmsReceiverService,act=android.provider.Telephony.SMS_RECEIVED,811]
02-13 17:05:44.435 I/db_sample(  344): [/data/data/com.android.providers.telephony/databases/mmssms.db,SELECT thread_id, date, address, subject, body, dest_port FROM s,1,,1]
02-13 17:05:44.495 I/dvm_gc_info(  344): [8099846449757521501,-8962860037918689225,-4004398222909016019,7358131]
02-13 17:05:44.505 I/notification_cancel(  256): [com.android.mms,999,0]
02-13 17:05:44.545 I/notification_cancel(  256): [com.android.mms,123,0]
02-13 17:05:44.565 I/notification_enqueue(  256): [com.android.mms,123,Notification(vibrate=default,sound=content://settings/system/notification_sound,defaults=0x6,flags=0x1)]
02-13 17:05:44.625 I/am_destroy_service(  256): [1084444944,com.android.mms/.transaction.SmsReceiverService,811]
02-13 17:05:49.560 I/dvm_gc_madvise_info(  344): [348160,135168]
02-13 17:05:50.110 I/binder_sample(  344): [android.os.INetStatService,2,9,com.android.phone,1]
02-13 17:05:54.705 I/wifi_supplicant_state_changed(  256): 2
02-13 17:05:55.686 I/wifi_supplicant_state_changed(  256): 1
02-13 17:06:00.170 I/battery_level(  256): [9,3639,310]
02-13 17:06:05.195 I/force_gc(  811): bg
02-13 17:06:05.275 I/dvm_gc_info(  811): [7218827569570035271,-8979184967941613511,-3999050198351513555,8374154]
02-13 17:06:10.340 I/dvm_gc_madvise_info(  811): [405504,135168]
02-13 17:06:10.701 I/wifi_supplicant_state_changed(  256): 2
02-13 17:06:11.692 I/wifi_supplicant_state_changed(  256): 1
02-13 17:06:26.716 I/wifi_supplicant_state_changed(  256): 2
02-13 17:06:27.677 I/wifi_supplicant_state_changed(  256): 1
02-13 17:06:41.400 I/notification_cancel(  256): [com.android.phone,111,0]
02-13 17:06:41.410 I/dvm_gc_info(  326): [8320808730291627622,-8964549162690455499,-4001301998165198803,7898987]
02-13 17:06:42.702 I/wifi_supplicant_state_changed(  256): 2
02-13 17:06:43.673 I/wifi_supplicant_state_changed(  256): 1
02-13 17:06:46.425 I/dvm_gc_madvise_info(  326): [286720,135168]
02-13 17:06:48.988 I/force_gc(  408): bg
02-13 17:06:49.078 I/dvm_gc_info(  408): [7017575181485192445,-9060250929683544011,-4005242647839147987,7358131]
02-13 17:06:54.133 I/dvm_gc_madvise_info(  408): [225280,135168]
02-13 17:06:58.687 I/wifi_supplicant_state_changed(  256): 2
02-13 17:06:59.658 I/wifi_supplicant_state_changed(  256): 1
02-13 17:07:06.895 I/force_gc( 3056): bg
02-13 17:07:06.995 I/dvm_gc_info( 3056): [3347973793972090166,-9062784754347296722,-4006931497699411923,7358131]
02-13 17:07:12.040 I/dvm_gc_madvise_info( 3056): [282624,135168]
02-13 17:07:14.683 I/wifi_supplicant_state_changed(  256): 2
02-13 17:07:15.674 I/wifi_supplicant_state_changed(  256): 1
02-13 17:07:19.478 I/notification_cancel(  256): [com.android.phone,111,0]
02-13 17:07:29.307 I/force_gc(  662): bg
02-13 17:07:29.417 I/dvm_gc_info(  662): [8517260637557421128,-9118515768775952330,-4004679697885726675,7358131]
02-13 17:07:29.688 I/notification_cancel(  256): [com.android.phone,111,0]
02-13 17:07:30.679 I/wifi_supplicant_state_changed(  256): 2
02-13 17:07:31.680 I/wifi_supplicant_state_changed(  256): 1
02-13 17:07:34.452 I/dvm_gc_madvise_info(  662): [450560,135168]
02-13 17:07:34.843 I/binder_sample(  344): [com.android.internal.telephony.ITelephonyRegistry,6,48,com.android.phone,9]
02-13 17:07:34.843 I/notification_cancel(  256): [com.android.phone,111,0]
02-13 17:07:46.704 I/wifi_supplicant_state_changed(  256): 2
02-13 17:07:47.685 I/wifi_supplicant_state_changed(  256): 1
02-13 17:07:54.682 I/configuration_changed(  256): 128
02-13 17:07:54.912 I/dvm_gc_info(  339): [7809651225003451946,-9022532595492059083,-3997642823467960275,8292327]
02-13 17:07:57.044 I/dvm_gc_info(  256): [8320808730292017023,-8897834231713888143,-3964428776216102867,8755271]
02-13 17:07:59.957 I/dvm_gc_madvise_info(  339): [552960,135168]
02-13 17:08:00.167 I/battery_level(  256): [9,3643,300]
02-13 17:08:02.109 I/dvm_gc_madvise_info(  256): [356352,135168]
02-13 17:08:02.700 I/wifi_supplicant_state_changed(  256): 2
02-13 17:08:03.681 I/wifi_supplicant_state_changed(  256): 1
02-13 17:08:05.513 I/notification_cancel(  256): [com.android.phone,111,0]
02-13 17:08:18.705 I/wifi_supplicant_state_changed(  256): 2
02-13 17:08:19.676 I/wifi_supplicant_state_changed(  256): 1
02-13 17:08:29.366 I/dvm_gc_info(  845): [8750341744044140115,-8980022450509227897,-3957110426821625811,8767564]
02-13 17:08:31.238 I/notification_cancel(  256): [com.android.phone,111,0]
02-13 17:08:34.421 I/dvm_gc_madvise_info(  845): [495616,135168]
02-13 17:08:34.701 I/wifi_supplicant_state_changed(  256): 2
02-13 17:08:35.672 I/wifi_supplicant_state_changed(  256): 1
02-13 17:08:40.487 I/dvm_gc_info(  344): [8099846449757529699,-8977215261730928585,-4004398222909016019,7358131]
02-13 17:08:41.378 I/notification_cancel(  256): [com.android.phone,111,0]
02-13 17:08:45.522 I/dvm_gc_madvise_info(  344): [352256,135168]
02-13 17:08:47.203 I/configuration_changed(  256): 128
02-13 17:08:47.233 I/binder_sample(  845): [android.view.IWindowSession,4,28,com.google.android.youtube,5]
02-13 17:08:47.343 I/binder_sample(  339): [android.view.IWindowSession,4,20,com.android.inputmethod.latin,4]
02-13 17:08:49.435 I/dvm_gc_info(  256): [8320808730291955289,-8925700254458750866,-3965273201146234835,8755271]
02-13 17:08:50.697 I/wifi_supplicant_state_changed(  256): 2
02-13 17:08:51.668 I/wifi_supplicant_state_changed(  256): 1
02-13 17:08:51.678 I/binder_sample(  344): [com.android.internal.telephony.ITelephonyRegistry,8,48,com.android.phone,9]
02-13 17:08:54.540 I/dvm_gc_madvise_info(  256): [405504,135168]
02-13 17:08:55.531 I/dvm_gc_info(  845): [8750341744044033665,-8986496374973630333,-3962739926355838931,8697916]
02-13 17:09:00.626 I/dvm_gc_madvise_info(  845): [495616,135168]
02-13 17:09:06.692 I/wifi_supplicant_state_changed(  256): 2
02-13 17:09:07.663 I/wifi_supplicant_state_changed(  256): 1
02-13 17:09:22.668 I/wifi_supplicant_state_changed(  256): 2
02-13 17:09:23.639 I/wifi_supplicant_state_changed(  256): 1
02-13 17:09:38.673 I/wifi_supplicant_state_changed(  256): 2
02-13 17:09:39.664 I/wifi_supplicant_state_changed(  256): 1
02-13 17:09:45.060 I/am_create_service(  256): [1084808472,com.android.mms/.transaction.SmsReceiverService,act=android.provider.Telephony.SMS_RECEIVED,811]
02-13 17:09:45.140 I/db_sample(  344): [/data/data/com.android.providers.telephony/databases/mmssms.db,SELECT thread_id, date, address, subject, body, dest_port FROM s,0,,1]
02-13 17:09:45.140 I/notification_cancel(  256): [com.android.mms,999,0]
02-13 17:09:45.180 I/notification_cancel(  256): [com.android.mms,123,0]
02-13 17:09:45.200 I/notification_enqueue(  256): [com.android.mms,123,Notification(vibrate=default,sound=content://settings/system/notification_sound,defaults=0x6,flags=0x1)]
02-13 17:09:45.260 I/am_destroy_service(  256): [1084808472,com.android.mms/.transaction.SmsReceiverService,811]
02-13 17:09:46.591 I/notification_cancel(  256): [com.android.phone,111,0]
02-13 17:09:48.833 I/notification_cancel(  256): [com.android.phone,111,0]
02-13 17:09:54.669 I/wifi_supplicant_state_changed(  256): 2
02-13 17:09:55.650 I/wifi_supplicant_state_changed(  256): 1
02-13 17:10:05.610 I/binder_sample(  344): [com.android.internal.telephony.ITelephonyRegistry,8,45,com.android.phone,9]
02-13 17:10:10.665 I/wifi_supplicant_state_changed(  256): 2
02-13 17:10:11.646 I/wifi_supplicant_state_changed(  256): 1
02-13 17:10:15.079 I/force_gc(  811): bg
02-13 17:10:15.179 I/dvm_gc_info(  811): [7218827569570149789,-9038013238074148807,-3999050198351513555,8374154]
02-13 17:10:20.264 I/dvm_gc_madvise_info(  811): [487424,135168]
02-13 17:10:26.650 I/wifi_supplicant_state_changed(  256): 2
02-13 17:10:27.631 I/wifi_supplicant_state_changed(  256): 1
02-13 17:10:41.975 I/force_gc(  408): bg
02-13 17:10:42.085 I/dvm_gc_info(  408): [7017575181485249851,-9053214055265777611,-4005242647839147987,7358131]
02-13 17:10:42.656 I/wifi_supplicant_state_changed(  256): 2
02-13 17:10:43.647 I/wifi_supplicant_state_changed(  256): 1
02-13 17:10:46.980 I/force_gc(  662): bg
02-13 17:10:47.060 I/dvm_gc_info(  662): [8517260637557314625,-9125834118170429386,-4004679697885726675,7358131]
02-13 17:10:47.090 I/dvm_gc_madvise_info(  408): [225280,135168]
02-13 17:10:52.125 I/dvm_gc_madvise_info(  662): [450560,135168]
02-13 17:10:58.661 I/wifi_supplicant_state_changed(  256): 2
02-13 17:10:59.632 I/wifi_supplicant_state_changed(  256): 1
02-13 17:11:14.647 I/wifi_supplicant_state_changed(  256): 2
02-13 17:11:15.618 I/wifi_supplicant_state_changed(  256): 1
02-13 17:11:30.643 I/wifi_supplicant_state_changed(  256): 2
02-13 17:11:31.624 I/wifi_supplicant_state_changed(  256): 1
02-13 17:11:46.628 I/wifi_supplicant_state_changed(  256): 2
02-13 17:11:47.619 I/wifi_supplicant_state_changed(  256): 1
02-13 17:12:02.644 I/wifi_supplicant_state_changed(  256): 2
02-13 17:12:03.625 I/wifi_supplicant_state_changed(  256): 1
02-13 17:12:18.629 I/wifi_supplicant_state_changed(  256): 2
02-13 17:12:19.610 I/wifi_supplicant_state_changed(  256): 1
02-13 17:12:26.727 I/binder_sample(  344): [com.android.internal.telephony.ITelephonyRegistry,8,28,com.android.phone,5]
02-13 17:12:34.635 I/wifi_supplicant_state_changed(  256): 2
02-13 17:12:35.616 I/wifi_supplicant_state_changed(  256): 1
02-13 17:12:50.631 I/wifi_supplicant_state_changed(  256): 2
02-13 17:12:51.592 I/wifi_supplicant_state_changed(  256): 1
02-13 17:13:06.616 I/wifi_supplicant_state_changed(  256): 2
02-13 17:13:07.577 I/wifi_supplicant_state_changed(  256): 1
02-13 17:13:22.602 I/wifi_supplicant_state_changed(  256): 2
02-13 17:13:23.593 I/wifi_supplicant_state_changed(  256): 1
02-13 17:13:38.608 I/wifi_supplicant_state_changed(  256): 2
02-13 17:13:39.608 I/wifi_supplicant_state_changed(  256): 1
02-13 17:13:54.633 I/wifi_supplicant_state_changed(  256): 2
02-13 17:13:55.594 I/wifi_supplicant_state_changed(  256): 1
02-13 17:14:10.609 I/wifi_supplicant_state_changed(  256): 2
02-13 17:14:11.600 I/wifi_supplicant_state_changed(  256): 1
02-13 17:14:26.614 I/wifi_supplicant_state_changed(  256): 2
02-13 17:14:27.595 I/wifi_supplicant_state_changed(  256): 1
02-13 17:14:42.600 I/wifi_supplicant_state_changed(  256): 2
02-13 17:14:43.591 I/wifi_supplicant_state_changed(  256): 1
02-13 17:14:58.616 I/wifi_supplicant_state_changed(  256): 2
02-13 17:14:59.597 I/wifi_supplicant_state_changed(  256): 1
02-13 17:15:00.067 I/binder_sample(  326): [android.app.IActivityManager,16,7,com.android.systemui,1]
02-13 17:15:14.601 I/wifi_supplicant_state_changed(  256): 2
02-13 17:15:15.582 I/wifi_supplicant_state_changed(  256): 1
02-13 17:15:30.597 I/wifi_supplicant_state_changed(  256): 2
02-13 17:15:31.568 I/wifi_supplicant_state_changed(  256): 1
02-13 17:15:46.582 I/wifi_supplicant_state_changed(  256): 2
02-13 17:15:47.573 I/wifi_supplicant_state_changed(  256): 1
02-13 17:16:02.578 I/wifi_supplicant_state_changed(  256): 2
02-13 17:16:03.569 I/wifi_supplicant_state_changed(  256): 1
02-13 17:16:03.799 I/am_create_service(  256): [1082994432,com.android.mms/.transaction.SmsReceiverService,act=android.provider.Telephony.SMS_RECEIVED,811]
02-13 17:16:03.999 I/notification_cancel(  256): [com.android.mms,999,0]
02-13 17:16:04.049 I/notification_cancel(  256): [com.android.mms,123,0]
02-13 17:16:04.059 I/notification_enqueue(  256): [com.android.mms,123,Notification(vibrate=default,sound=content://settings/system/notification_sound,defaults=0x6,flags=0x1)]
02-13 17:16:04.099 I/am_destroy_service(  256): [1082994432,com.android.mms/.transaction.SmsReceiverService,811]
02-13 17:16:08.854 I/force_gc(  811): bg
02-13 17:16:08.954 I/dvm_gc_info(  811): [7218827569570129125,-9059405336304158663,-3999050198351513555,8374154]
02-13 17:16:14.019 I/dvm_gc_madvise_info(  811): [499712,135168]
02-13 17:16:17.613 I/dvm_gc_info(  344): [8099846449757582940,-8973837562010392520,-4004398222909016019,7358131]
02-13 17:16:18.594 I/wifi_supplicant_state_changed(  256): 2
02-13 17:16:19.585 I/wifi_supplicant_state_changed(  256): 1
02-13 17:16:19.765 I/dvm_gc_info(  326): [8320808730291725971,-8925142597248268236,-4002709373048752083,7898934]
02-13 17:16:22.658 I/dvm_gc_madvise_info(  344): [356352,135168]
02-13 17:16:22.818 I/configuration_changed(  256): 128
02-13 17:16:22.938 I/binder_sample(  845): [android.view.IWindowSession,4,24,com.google.android.youtube,4]
02-13 17:16:22.948 I/binder_sample(  326): [android.view.IWindowSession,8,29,com.android.systemui,5]
02-13 17:16:24.810 I/dvm_gc_madvise_info(  326): [307200,135168]
02-13 17:16:25.180 I/dvm_gc_info(  256): [8320808730292106982,-8911626505589630864,-3964710251192813523,8755271]
02-13 17:16:27.913 I/force_gc(  408): bg
02-13 17:16:27.963 I/dvm_gc_info(  408): [7017575181485053181,-9058562079823280075,-4005242647839147987,7358131]
02-13 17:16:30.255 I/dvm_gc_madvise_info(  256): [405504,135168]
02-13 17:16:32.998 I/dvm_gc_madvise_info(  408): [225280,135168]
02-13 17:16:34.599 I/wifi_supplicant_state_changed(  256): 2
02-13 17:16:35.590 I/wifi_supplicant_state_changed(  256): 1
02-13 17:16:50.615 I/wifi_supplicant_state_changed(  256): 2
02-13 17:16:51.596 I/wifi_supplicant_state_changed(  256): 1
02-13 17:16:52.967 I/db_sample(  845): [/data/data/com.google.android.youtube/databases/google_analytics.db,SELECT * FROM events ORDER BY event_id LIMIT 1000,2,com.google.android.youtube,1]
02-13 17:16:53.748 I/dvm_gc_info(  845): [8750341744044152405,-8974392950975072125,-3962458451379128275,8697916]
02-13 17:16:58.823 I/dvm_gc_madvise_info(  845): [495616,135168]
02-13 17:17:06.610 I/wifi_supplicant_state_changed(  256): 2
02-13 17:17:07.591 I/wifi_supplicant_state_changed(  256): 1
02-13 17:17:09.533 I/force_gc(  662): bg
02-13 17:17:09.613 I/dvm_gc_info(  662): [8517260637557294146,-9124989693240297418,-4004679697885726675,7358131]
02-13 17:17:14.648 I/dvm_gc_madvise_info(  662): [450560,135168]
02-13 17:17:22.616 I/wifi_supplicant_state_changed(  256): 2
02-13 17:17:23.587 I/wifi_supplicant_state_changed(  256): 1
02-13 17:17:38.602 I/wifi_supplicant_state_changed(  256): 2
02-13 17:17:39.583 I/wifi_supplicant_state_changed(  256): 1
02-13 17:17:54.607 I/wifi_supplicant_state_changed(  256): 2
02-13 17:17:55.578 I/wifi_supplicant_state_changed(  256): 1
02-13 17:18:10.593 I/wifi_supplicant_state_changed(  256): 2
02-13 17:18:11.584 I/wifi_supplicant_state_changed(  256): 1
02-13 17:18:23.105 I/power_screen_state(  256): [0,3,0,0]
02-13 17:18:23.125 I/power_screen_broadcast_send(  256): 1
02-13 17:18:23.125 I/screen_toggled(  256): 0
02-13 17:18:23.145 I/am_pause_activity(  256): [1082758832,com.google.android.youtube/.app.froyo.phone.WatchActivity]
02-13 17:18:23.235 I/am_on_paused_called(  845): com.google.android.youtube.app.froyo.phone.WatchActivity
02-13 17:18:23.245 I/power_screen_broadcast_done(  256): [0,120,1]
02-13 17:18:28.270 I/am_create_service(  256): [1082772136,com.google.android.gsf/.loginservice.GoogleLoginService,act=android.accounts.AccountAuthenticator,378]
02-13 17:18:28.340 I/am_destroy_service(  256): [1082772136,com.google.android.gsf/.loginservice.GoogleLoginService,378]
02-13 17:19:08.510 I/power_screen_state(  256): [1,3,0,0]
02-13 17:19:08.510 I/power_screen_broadcast_send(  256): 1
02-13 17:19:08.510 I/screen_toggled(  256): 1
02-13 17:19:08.520 I/am_resume_activity(  256): [1082758832,7,com.google.android.youtube/.app.froyo.phone.WatchActivity]
02-13 17:19:08.540 I/am_on_resume_called(  845): com.google.android.youtube.app.froyo.phone.WatchActivity
02-13 17:19:08.590 I/power_screen_broadcast_done(  256): [1,86,1]
02-13 17:19:08.630 I/notification_cancel(  256): [com.android.phone,111,0]
02-13 17:19:09.300 I/wifi_supplicant_state_changed(  256): 2
02-13 17:19:10.020 I/screen_toggled(  256): 2
02-13 17:19:10.070 I/c2dm    (  378): [-4,NULL,18,-1]
02-13 17:19:10.261 I/wifi_supplicant_state_changed(  256): 1
02-13 17:19:12.903 I/menu_opened(  845): 0
02-13 17:19:13.564 I/menu_item_selected(  845): [0,My Channel]
02-13 17:19:13.564 I/am_create_activity(  256): [1083926784,7,com.google.android.youtube/.app.froyo.phone.MyChannelActivity,NULL,NULL,NULL,67108864]
02-13 17:19:13.564 I/am_pause_activity(  256): [1082758832,com.google.android.youtube/.app.froyo.phone.WatchActivity]
02-13 17:19:13.574 I/am_on_paused_called(  845): com.google.android.youtube.app.froyo.phone.WatchActivity
02-13 17:19:13.584 I/am_restart_activity(  256): [1083926784,7,com.google.android.youtube/.app.froyo.phone.MyChannelActivity]
02-13 17:19:13.704 I/am_on_resume_called(  845): com.google.android.youtube.app.froyo.phone.MyChannelActivity
02-13 17:19:13.944 I/activity_launch_time(  256): [1083926784,com.google.android.youtube/.app.froyo.phone.MyChannelActivity,360,360]
02-13 17:19:15.265 I/dvm_gc_info(  845): [8750341744043833248,-8904305681774024567,-3959080751658600403,8697923]
02-13 17:19:15.636 I/am_create_service(  256): [1082752400,com.google.android.youtube/.core.transfer.UploadService,,845]
02-13 17:19:17.187 I/am_create_activity(  256): [1083238216,7,com.google.android.youtube/.app.froyo.phone.WatchActivity,NULL,NULL,NULL,0]
02-13 17:19:17.197 I/am_pause_activity(  256): [1083926784,com.google.android.youtube/.app.froyo.phone.MyChannelActivity]
02-13 17:19:17.217 I/am_on_paused_called(  845): com.google.android.youtube.app.froyo.phone.MyChannelActivity
02-13 17:19:17.227 I/am_restart_activity(  256): [1083238216,7,com.google.android.youtube/.app.froyo.phone.WatchActivity]
02-13 17:19:17.368 I/dvm_gc_info(  845): [8750341744044058535,-8905150106704148342,-3959080751658600403,8697931]
02-13 17:19:17.478 I/am_on_resume_called(  845): com.google.android.youtube.app.froyo.phone.WatchActivity
02-13 17:19:17.718 I/activity_launch_time(  256): [1083238216,com.google.android.youtube/.app.froyo.phone.WatchActivity,495,495]
02-13 17:19:17.718 I/am_destroy_service(  256): [1082752400,com.google.android.youtube/.core.transfer.UploadService,845]
02-13 17:19:17.988 I/configuration_changed(  256): 128
02-13 17:19:18.228 I/dvm_gc_info(  339): [7809651225003472417,-9034917494467323851,-3997642823467960275,8275939]
02-13 17:19:18.599 I/dvm_gc_info(  845): [8750341744043784060,-8902898306856822639,-3952606827194255315,8775762]
02-13 17:19:20.310 I/dvm_gc_info(  256): [8320808730291975891,-8916130105200220047,-3961332551472285651,8755282]
02-13 17:19:23.273 I/dvm_gc_madvise_info(  339): [565248,135168]
02-13 17:19:23.664 I/dvm_gc_madvise_info(  845): [565248,135168]
02-13 17:19:25.285 I/wifi_supplicant_state_changed(  256): 2
02-13 17:19:25.365 I/dvm_gc_madvise_info(  256): [446464,135168]
02-13 17:19:26.276 I/wifi_supplicant_state_changed(  256): 1
02-13 17:19:41.281 I/wifi_supplicant_state_changed(  256): 2
02-13 17:19:42.262 I/wifi_supplicant_state_changed(  256): 1
02-13 17:19:57.276 I/wifi_supplicant_state_changed(  256): 2
02-13 17:19:58.257 I/wifi_supplicant_state_changed(  256): 1
02-13 17:19:59.148 I/binder_sample(  344): [android.os.INetStatService,1,20,com.android.phone,4]
02-13 17:20:00.910 I/battery_level(  256): [9,3679,310]
02-13 17:20:13.282 I/wifi_supplicant_state_changed(  256): 2
02-13 17:20:14.263 I/wifi_supplicant_state_changed(  256): 1
02-13 17:20:29.278 I/wifi_supplicant_state_changed(  256): 2
02-13 17:20:30.269 I/wifi_supplicant_state_changed(  256): 1
02-13 17:20:45.293 I/wifi_supplicant_state_changed(  256): 2
02-13 17:20:46.284 I/wifi_supplicant_state_changed(  256): 1
02-13 17:20:46.665 I/c2dm    (  378): [-7,NULL,19,-1]
02-13 17:20:46.785 I/c2dm    (  378): [8,NULL,16,-1]
02-13 17:20:52.360 I/am_create_service(  256): [1084808472,com.google.android.gsf/.checkin.EventLogService,,378]
02-13 17:20:52.380 I/aggregation(  378): 1329175252388
02-13 17:20:52.420 I/am_destroy_service(  256): [1084808472,com.google.android.gsf/.checkin.EventLogService,378]
02-13 17:21:01.299 I/wifi_supplicant_state_changed(  256): 2
02-13 17:21:02.290 I/wifi_supplicant_state_changed(  256): 1
02-13 17:21:02.910 I/battery_level(  256): [9,3656,320]
02-13 17:21:17.315 I/wifi_supplicant_state_changed(  256): 2
02-13 17:21:18.326 I/wifi_supplicant_state_changed(  256): 1
02-13 17:21:33.350 I/wifi_supplicant_state_changed(  256): 2
02-13 17:21:34.351 I/wifi_supplicant_state_changed(  256): 1
02-13 17:21:49.376 I/wifi_supplicant_state_changed(  256): 2
02-13 17:21:50.347 I/wifi_supplicant_state_changed(  256): 1
02-13 17:21:56.713 I/am_create_service(  256): [1083753040,com.android.mms/.transaction.SmsReceiverService,act=android.provider.Telephony.SMS_RECEIVED,811]
02-13 17:21:56.823 I/content_update_sample(  811): [content://sms/inbox,insert,,86,,18]
02-13 17:21:56.923 I/notification_cancel(  256): [com.android.mms,999,0]
02-13 17:21:56.963 I/notification_cancel(  256): [com.android.mms,123,0]
02-13 17:21:56.973 I/notification_enqueue(  256): [com.android.mms,123,Notification(vibrate=default,sound=content://settings/system/notification_sound,defaults=0x6,flags=0x1)]
02-13 17:21:57.033 I/am_destroy_service(  256): [1083753040,com.android.mms/.transaction.SmsReceiverService,811]
02-13 17:21:58.775 I/notification_cancel(  256): [com.android.phone,111,0]
02-13 17:22:04.791 I/wifi_supplicant_state_changed(  256): 2
02-13 17:22:05.762 I/wifi_supplicant_state_changed(  256): 1
02-13 17:22:12.048 I/force_gc(  811): bg
02-13 17:22:12.128 I/dvm_gc_info(  811): [7218827569570051326,-9056872061513762759,-3999050198351513555,8374154]
02-13 17:22:17.143 I/dvm_gc_madvise_info(  811): [499712,135168]
02-13 17:22:18.734 I/force_gc(  408): bg
02-13 17:22:18.835 I/dvm_gc_info(  408): [7017575181485221131,-9057717654893148107,-4005242647839147987,7358131]
02-13 17:22:20.776 I/wifi_supplicant_state_changed(  256): 2
02-13 17:22:21.767 I/wifi_supplicant_state_changed(  256): 1
02-13 17:22:23.749 I/force_gc(  662): bg
02-13 17:22:23.839 I/dvm_gc_info(  662): [8517260637557331005,-9135122792401881034,-4004679697885726675,7358131]
02-13 17:22:23.849 I/dvm_gc_madvise_info(  408): [225280,135168]
02-13 17:22:28.864 I/dvm_gc_madvise_info(  662): [450560,135168]
02-13 17:22:36.772 I/wifi_supplicant_state_changed(  256): 2
02-13 17:22:37.763 I/wifi_supplicant_state_changed(  256): 1
02-13 17:22:40.656 I/binder_sample(  326): [com.android.internal.statusbar.IStatusBarService,5,17,com.android.systemui,3]
02-13 17:22:42.338 I/battery_level(  256): [8,3613,320]
02-13 17:22:52.788 I/wifi_supplicant_state_changed(  256): 2
02-13 17:22:53.759 I/wifi_supplicant_state_changed(  256): 1
02-13 17:23:08.773 I/wifi_supplicant_state_changed(  256): 2
02-13 17:23:09.754 I/wifi_supplicant_state_changed(  256): 1
02-13 17:23:24.779 I/wifi_supplicant_state_changed(  256): 2
02-13 17:23:25.760 I/wifi_supplicant_state_changed(  256): 1
02-13 17:23:40.775 I/wifi_supplicant_state_changed(  256): 2
02-13 17:23:41.786 I/wifi_supplicant_state_changed(  256): 1
02-13 17:23:52.326 I/battery_level(  256): [7,3599,320]
02-13 17:23:56.810 I/wifi_supplicant_state_changed(  256): 2
02-13 17:23:57.781 I/wifi_supplicant_state_changed(  256): 1
02-13 17:24:03.607 I/dvm_gc_info(  326): [8320808730291766886,-8964830568964458443,-4002427898072041427,7898933]
02-13 17:24:08.622 I/dvm_gc_madvise_info(  326): [315392,135168]
02-13 17:24:12.816 I/wifi_supplicant_state_changed(  256): 2
02-13 17:24:13.797 I/wifi_supplicant_state_changed(  256): 1
02-13 17:24:25.498 I/binder_sample(  344): [android.os.INetStatService,1,5,com.android.phone,1]
02-13 17:24:28.801 I/wifi_supplicant_state_changed(  256): 2
02-13 17:24:29.802 I/wifi_supplicant_state_changed(  256): 1
02-13 17:24:34.577 I/binder_sample(  344): [android.os.INetStatService,1,10,com.android.phone,2]
02-13 17:24:44.817 I/wifi_supplicant_state_changed(  256): 2
02-13 17:24:45.788 I/wifi_supplicant_state_changed(  256): 1
02-13 17:25:00.803 I/wifi_supplicant_state_changed(  256): 2
02-13 17:25:01.794 I/wifi_supplicant_state_changed(  256): 1
02-13 17:25:14.036 I/binder_sample(  344): [android.os.INetStatService,1,10,com.android.phone,2]
02-13 17:25:16.057 I/binder_sample(  344): [android.os.INetStatService,1,6,com.android.phone,1]
02-13 17:25:16.818 I/wifi_supplicant_state_changed(  256): 2
02-13 17:25:17.799 I/wifi_supplicant_state_changed(  256): 1
02-13 17:25:32.804 I/wifi_supplicant_state_changed(  256): 2
02-13 17:25:33.785 I/wifi_supplicant_state_changed(  256): 1
02-13 17:25:48.799 I/wifi_supplicant_state_changed(  256): 2
02-13 17:25:49.790 I/wifi_supplicant_state_changed(  256): 1
02-13 17:26:02.303 I/binder_sample(  344): [com.android.internal.telephony.ITelephonyRegistry,8,66,com.android.phone,13]
02-13 17:26:02.323 I/battery_level(  256): [7,3599,330]
02-13 17:26:04.805 I/wifi_supplicant_state_changed(  256): 2
02-13 17:26:05.796 I/wifi_supplicant_state_changed(  256): 1
02-13 17:26:15.706 I/binder_sample(  344): [android.os.INetStatService,2,5,com.android.phone,1]
02-13 17:26:20.821 I/wifi_supplicant_state_changed(  256): 2
