02-13 17:26:21.802 I/wifi_supplicant_state_changed(  256): 1
02-13 17:26:22.452 I/binder_sample(  344): [com.android.internal.telephony.ITelephonyRegistry,8,34,com.android.phone,6]
02-13 17:26:36.826 I/wifi_supplicant_state_changed(  256): 2
02-13 17:26:37.807 I/wifi_supplicant_state_changed(  256): 1
02-13 17:26:52.822 I/wifi_supplicant_state_changed(  256): 2
02-13 17:26:53.803 I/wifi_supplicant_state_changed(  256): 1
02-13 17:26:58.297 I/binder_sample(  344): [com.android.internal.telephony.ITelephonyRegistry,8,40,com.android.phone,8]
02-13 17:27:07.256 I/binder_sample(  326): [com.android.internal.statusbar.IStatusBarService,4,10,com.android.systemui,2]
02-13 17:27:08.817 I/wifi_supplicant_state_changed(  256): 2
02-13 17:27:09.798 I/wifi_supplicant_state_changed(  256): 1
02-13 17:27:24.803 I/wifi_supplicant_state_changed(  256): 2
02-13 17:27:25.784 I/wifi_supplicant_state_changed(  256): 1
02-13 17:27:38.637 I/dvm_gc_info(  344): [8099846449757517412,-8968208062476183497,-4004398222909016019,7358131]
02-13 17:27:40.809 I/wifi_supplicant_state_changed(  256): 2
02-13 17:27:41.790 I/wifi_supplicant_state_changed(  256): 1
02-13 17:27:43.692 I/dvm_gc_madvise_info(  344): [352256,135168]
02-13 17:27:56.804 I/wifi_supplicant_state_changed(  256): 2
02-13 17:27:57.775 I/wifi_supplicant_state_changed(  256): 1
02-13 17:28:05.513 I/binder_sample(  344): [com.android.internal.telephony.ITelephonyRegistry,8,44,com.android.phone,8]
02-13 17:28:07.745 I/binder_sample(  326): [com.android.internal.statusbar.IStatusBarService,4,22,com.android.systemui,4]
02-13 17:28:12.800 I/wifi_supplicant_state_changed(  256): 2
02-13 17:28:13.771 I/wifi_supplicant_state_changed(  256): 1
02-13 17:28:28.786 I/wifi_supplicant_state_changed(  256): 2
02-13 17:28:29.786 I/wifi_supplicant_state_changed(  256): 1
02-13 17:28:34.031 I/notification_cancel(  256): [com.android.phone,111,0]
02-13 17:28:35.282 I/binder_sample(  344): [android.os.INetStatService,1,5,com.android.phone,1]
02-13 17:28:44.801 I/wifi_supplicant_state_changed(  256): 2
02-13 17:28:45.812 I/wifi_supplicant_state_changed(  256): 1
02-13 17:28:54.791 I/binder_sample(  344): [com.android.internal.telephony.ITelephonyRegistry,8,43,com.android.phone,8]
02-13 17:28:57.023 I/binder_sample(  344): [com.android.internal.telephony.ITelephonyRegistry,8,39,com.android.phone,7]
02-13 17:29:00.837 I/wifi_supplicant_state_changed(  256): 2
02-13 17:29:01.608 I/am_create_service(  256): [1084536760,com.android.mms/.transaction.SmsReceiverService,act=android.provider.Telephony.SMS_RECEIVED,811]
02-13 17:29:01.678 I/db_sample(  344): [/data/data/com.android.providers.telephony/databases/mmssms.db,SELECT thread_id, date, _id, sub, sub_cs FROM pdu WHERE ((msg_bo,1,,1]
02-13 17:29:01.698 I/notification_cancel(  256): [com.android.mms,999,0]
02-13 17:29:01.738 I/content_query_sample(  811): [content://com.android.contacts/contacts/223/photo,data15,,,7,,2]
02-13 17:29:01.738 I/notification_cancel(  256): [com.android.mms,123,0]
02-13 17:29:01.758 I/notification_enqueue(  256): [com.android.mms,123,Notification(vibrate=default,sound=content://settings/system/notification_sound,defaults=0x6,flags=0x1)]
02-13 17:29:01.798 I/wifi_supplicant_state_changed(  256): 1
02-13 17:29:01.818 I/am_destroy_service(  256): [1084536760,com.android.mms/.transaction.SmsReceiverService,811]
02-13 17:29:02.578 I/notification_cancel(  256): [com.android.phone,111,0]
02-13 17:29:02.588 I/binder_sample(  811): [,2,26,com.android.mms,5]
02-13 17:29:03.369 I/notification_cancel(  256): [com.android.phone,111,0]
02-13 17:29:12.328 I/notification_cancel(  256): [com.android.phone,111,0]
02-13 17:29:16.822 I/wifi_supplicant_state_changed(  256): 2
02-13 17:29:17.803 I/wifi_supplicant_state_changed(  256): 1
02-13 17:29:21.157 I/am_create_service(  256): [1084688944,com.google.android.apps.maps/com.google.googlenav.prefetch.android.PrefetcherService,,764]
02-13 17:29:30.225 I/notification_cancel(  256): [com.android.phone,111,0]
02-13 17:29:31.226 I/am_destroy_service(  256): [1084688944,com.google.android.apps.maps/com.google.googlenav.prefetch.android.PrefetcherService,764]
02-13 17:29:32.818 I/wifi_supplicant_state_changed(  256): 2
02-13 17:29:33.799 I/wifi_supplicant_state_changed(  256): 1
02-13 17:29:35.611 I/force_gc(  764): bg
02-13 17:29:35.701 I/dvm_gc_info(  764): [3345437233800156229,-9110915944337602500,-4002990848025462739,7358131]
02-13 17:29:40.546 I/notification_cancel(  256): [com.android.phone,111,0]
02-13 17:29:40.766 I/dvm_gc_madvise_info(  764): [294912,135168]
02-13 17:29:46.812 I/force_gc(  811): bg
02-13 17:29:46.902 I/dvm_gc_info(  811): [7218827569570121005,-9051242561979549639,-3999050198351513555,8374154]
02-13 17:29:48.804 I/wifi_supplicant_state_changed(  256): 2
02-13 17:29:49.795 I/wifi_supplicant_state_changed(  256): 1
02-13 17:29:50.796 I/notification_cancel(  256): [com.android.phone,111,0]
02-13 17:29:51.997 I/dvm_gc_madvise_info(  811): [507904,135168]
02-13 17:30:00.055 I/binder_sample(  326): [android.app.IActivityManager,16,13,com.android.systemui,2]
02-13 17:30:04.819 I/wifi_supplicant_state_changed(  256): 2
02-13 17:30:05.830 I/wifi_supplicant_state_changed(  256): 1
02-13 17:30:07.011 I/force_gc(  408): bg
02-13 17:30:07.121 I/dvm_gc_info(  408): [7017575181485208793,-9062784204473939915,-4005242647839147987,7358131]
02-13 17:30:12.176 I/dvm_gc_madvise_info(  408): [225280,135168]
02-13 17:30:20.845 I/wifi_supplicant_state_changed(  256): 2
02-13 17:30:21.826 I/wifi_supplicant_state_changed(  256): 1
02-13 17:30:26.530 I/binder_sample(  344): [com.android.internal.telephony.ITelephonyRegistry,8,17,com.android.phone,3]
02-13 17:30:26.570 I/notification_cancel(  256): [com.android.phone,111,0]
02-13 17:30:31.655 I/notification_cancel(  256): [com.android.phone,111,0]
02-13 17:30:34.688 I/binder_sample(  344): [com.android.internal.telephony.ITelephonyRegistry,13,9,com.android.phone,1]
02-13 17:30:36.760 I/dvm_gc_info(  344): [8099846449757443684,-8948223339129731017,-4004398222909016019,7358131]
02-13 17:30:36.800 I/notification_cancel(  256): [com.android.phone,111,0]
02-13 17:30:36.840 I/wifi_supplicant_state_changed(  256): 2
02-13 17:30:37.821 I/wifi_supplicant_state_changed(  256): 1
02-13 17:30:37.881 I/dvm_gc_info(  326): [8320808730291623541,-8950193870175516620,-4002990848025462739,7898926]
02-13 17:30:41.785 I/dvm_gc_madvise_info(  344): [364544,135168]
02-13 17:30:42.326 I/binder_sample(  344): [com.android.internal.telephony.ITelephonyRegistry,8,52,com.android.phone,10]
02-13 17:30:42.906 I/dvm_gc_madvise_info(  326): [311296,135168]
02-13 17:30:52.346 I/battery_level(  256): [7,3576,340]
02-13 17:30:52.846 I/wifi_supplicant_state_changed(  256): 2
02-13 17:30:53.827 I/wifi_supplicant_state_changed(  256): 1
02-13 17:30:56.850 I/c2dm    (  378): [3,0:1329175856977790%e7a71353bf887faa,17,-1]
02-13 17:30:56.860 I/am_create_service(  256): [1085420216,com.google.android.gsf/.subscribedfeeds.SubscribedFeedsIntentService,act=com.google.android.c2dm.intent.RECEIVE cat=[com.google.android.gsf.subscribedfeeds],378]
02-13 17:30:56.890 I/tickle  (  378): gmail-ls
02-13 17:30:56.900 I/am_destroy_service(  256): [1085420216,com.google.android.gsf/.subscribedfeeds.SubscribedFeedsIntentService,378]
02-13 17:30:56.950 I/sync    (  256): [gmail-ls,0,0,-1565529355]
02-13 17:30:56.960 I/am_create_service(  256): [1085438656,com.google.android.gm/.provider.MailSyncAdapterService,act=android.content.SyncAdapter,608]
02-13 17:30:58.341 I/google_http_request(  608): [1328,200,Android-GmailProvider/171,1]
02-13 17:30:58.902 I/dvm_gc_info(  608): [7594245893399008897,-8920919991393343427,-4000739048211777491,7358197]
02-13 17:30:59.002 I/dvm_gc_info(  256): [8320808730291652556,-8889671113758336909,-3962176976402417619,8755278]
02-13 17:30:59.012 I/content_query_sample(  608): [content://subscribedfeeds/feeds,,authority=? AND feed=? AND _sync_account=? AND _sync_account_type=?,,76,,16]
02-13 17:30:59.032 I/am_create_service(  256): [1085415264,com.google.android.gm/.MailIntentService,act=android.intent.action.PROVIDER_CHANGED dat=content://gmail-ls/unread/^i,608]
02-13 17:30:59.042 I/notification_cancel(  256): [com.google.android.gm,-1565531841,0]
02-13 17:30:59.042 I/am_destroy_service(  256): [1085415264,com.google.android.gm/.MailIntentService,608]
02-13 17:30:59.072 I/am_create_service(  256): [1085040840,com.google.android.gm/.MailIntentService,act=android.intent.action.PROVIDER_CHANGED dat=content://gmail-ls/unread/^iim,608]
02-13 17:30:59.082 I/am_destroy_service(  256): [1085040840,com.google.android.gm/.MailIntentService,608]
02-13 17:30:59.092 I/sync_details(  608): [Gmail,1585,2971,L1S1]
02-13 17:30:59.102 I/sync    (  256): [gmail-ls,1,0,-1565529355]
02-13 17:30:59.102 I/am_destroy_service(  256): [1085438656,com.google.android.gm/.provider.MailSyncAdapterService,608]
02-13 17:30:59.102 I/notification_cancel(  256): [android,447577556,0]
02-13 17:31:02.495 I/binder_sample(  344): [com.android.internal.telephony.ITelephonyRegistry,8,56,com.android.phone,11]
02-13 17:31:03.977 I/dvm_gc_madvise_info(  608): [221184,135168]
02-13 17:31:04.037 I/dvm_gc_madvise_info(  256): [335872,135168]
02-13 17:31:08.832 I/wifi_supplicant_state_changed(  256): 2
02-13 17:31:09.733 I/force_gc(  608): bg
02-13 17:31:09.793 I/wifi_supplicant_state_changed(  256): 1
02-13 17:31:09.813 I/dvm_gc_info(  608): [7594245893399078226,-9042235706355636163,-4001020523188488147,7358197]
02-13 17:31:14.858 I/dvm_gc_madvise_info(  608): [245760,135168]
02-13 17:31:17.730 I/notification_cancel(  256): [com.android.phone,111,0]
02-13 17:31:23.116 I/force_gc(  662): bg
02-13 17:31:23.226 I/dvm_gc_info(  662): [8517260637557417049,-9090931221058308042,-4004679697885726675,7358131]
02-13 17:31:24.827 I/wifi_supplicant_state_changed(  256): 2
02-13 17:31:25.808 I/wifi_supplicant_state_changed(  256): 1
02-13 17:31:28.331 I/dvm_gc_madvise_info(  662): [450560,135168]
02-13 17:31:40.823 I/wifi_supplicant_state_changed(  256): 2
02-13 17:31:41.804 I/wifi_supplicant_state_changed(  256): 1
02-13 17:31:48.450 I/binder_sample(  344): [com.android.internal.telephony.ITelephonyRegistry,8,30,com.android.phone,6]
02-13 17:31:48.510 I/notification_cancel(  256): [com.android.phone,111,0]
02-13 17:31:53.525 I/notification_cancel(  256): [com.android.phone,111,0]
02-13 17:31:56.828 I/wifi_supplicant_state_changed(  256): 2
02-13 17:31:57.799 I/wifi_supplicant_state_changed(  256): 1
02-13 17:31:58.670 I/notification_cancel(  256): [com.android.phone,111,0]
02-13 17:32:12.324 I/battery_level(  256): [6,3573,340]
02-13 17:32:12.814 I/wifi_supplicant_state_changed(  256): 2
02-13 17:32:13.805 I/wifi_supplicant_state_changed(  256): 1
02-13 17:32:14.075 I/notification_cancel(  256): [com.android.phone,111,0]
02-13 17:32:19.190 I/notification_cancel(  256): [com.android.phone,111,0]
02-13 17:32:28.820 I/wifi_supplicant_state_changed(  256): 2
02-13 17:32:29.821 I/wifi_supplicant_state_changed(  256): 1
02-13 17:32:34.575 I/notification_cancel(  256): [com.android.phone,111,0]
02-13 17:32:39.690 I/notification_cancel(  256): [com.android.phone,111,0]
02-13 17:32:43.294 I/binder_sample(  344): [com.android.internal.telephony.ITelephonyRegistry,8,46,com.android.phone,9]
02-13 17:32:44.745 I/notification_cancel(  256): [com.android.phone,111,0]
02-13 17:32:44.825 I/wifi_supplicant_state_changed(  256): 2
02-13 17:32:45.816 I/wifi_supplicant_state_changed(  256): 1
02-13 17:32:49.980 I/notification_cancel(  256): [com.android.phone,111,0]
02-13 17:32:50.030 I/dvm_gc_info(  344): [8099846449757439596,-8948786289083164617,-4004398222909016019,7358131]
02-13 17:32:52.333 I/battery_level(  256): [6,3575,330]
02-13 17:32:54.995 I/notification_cancel(  256): [com.android.phone,111,0]
02-13 17:32:55.035 I/dvm_gc_madvise_info(  344): [376832,135168]
02-13 17:33:00.130 I/notification_cancel(  256): [com.android.phone,111,0]
02-13 17:33:00.821 I/wifi_supplicant_state_changed(  256): 2
02-13 17:33:01.261 I/notification_cancel(  256): [com.android.phone,111,0]
02-13 17:33:01.792 I/wifi_supplicant_state_changed(  256): 1
02-13 17:33:05.295 I/notification_cancel(  256): [com.android.phone,111,0]
02-13 17:33:10.330 I/notification_cancel(  256): [com.android.phone,111,0]
02-13 17:33:15.475 I/notification_cancel(  256): [com.android.phone,111,0]
02-13 17:33:16.817 I/wifi_supplicant_state_changed(  256): 2
02-13 17:33:16.977 I/notification_cancel(  256): [com.android.phone,111,0]
02-13 17:33:17.807 I/wifi_supplicant_state_changed(  256): 1
02-13 17:33:20.610 I/binder_sample(  344): [com.android.internal.telephony.ITelephonyRegistry,8,18,com.android.phone,3]
02-13 17:33:20.660 I/notification_cancel(  256): [com.android.phone,111,0]
02-13 17:33:25.715 I/binder_sample(  344): [com.android.internal.telephony.ITelephonyRegistry,6,28,com.android.phone,5]
02-13 17:33:25.725 I/notification_cancel(  256): [com.android.phone,111,0]
02-13 17:33:30.840 I/notification_cancel(  256): [com.android.phone,111,0]
02-13 17:33:30.940 I/dvm_gc_info(  344): [8099846449757505124,-8967082162569357257,-4004398222909016019,7358131]
02-13 17:33:32.822 I/wifi_supplicant_state_changed(  256): 2
02-13 17:33:33.793 I/wifi_supplicant_state_changed(  256): 1
02-13 17:33:35.995 I/dvm_gc_madvise_info(  344): [372736,135168]
02-13 17:33:36.025 I/notification_cancel(  256): [com.android.phone,111,0]
02-13 17:33:41.080 I/notification_cancel(  256): [com.android.phone,111,0]
02-13 17:33:46.265 I/notification_cancel(  256): [com.android.phone,111,0]
02-13 17:33:48.808 I/wifi_supplicant_state_changed(  256): 2
02-13 17:33:49.789 I/wifi_supplicant_state_changed(  256): 1
02-13 17:33:51.380 I/notification_cancel(  256): [com.android.phone,111,0]
02-13 17:33:52.772 I/binder_sample(  344): [com.android.internal.telephony.ITelephonyRegistry,8,74,com.android.phone,14]
02-13 17:33:56.425 I/binder_sample(  344): [com.android.internal.telephony.ITelephonyRegistry,6,22,com.android.phone,4]
02-13 17:33:56.445 I/notification_cancel(  256): [com.android.phone,111,0]
02-13 17:33:57.796 I/notification_cancel(  256): [com.android.phone,111,0]
02-13 17:33:59.478 I/binder_sample(  344): [com.android.internal.telephony.ITelephonyRegistry,8,45,com.android.phone,9]
02-13 17:34:01.660 I/notification_cancel(  256): [com.android.phone,111,0]
02-13 17:34:04.793 I/wifi_supplicant_state_changed(  256): 2
02-13 17:34:05.794 I/wifi_supplicant_state_changed(  256): 1
02-13 17:34:06.735 I/notification_cancel(  256): [com.android.phone,111,0]
02-13 17:34:11.790 I/notification_cancel(  256): [com.android.phone,111,0]
02-13 17:34:16.945 I/notification_cancel(  256): [com.android.phone,111,0]
02-13 17:34:20.819 I/wifi_supplicant_state_changed(  256): 2
02-13 17:34:21.800 I/wifi_supplicant_state_changed(  256): 1
02-13 17:34:22.060 I/notification_cancel(  256): [com.android.phone,111,0]
02-13 17:34:22.080 I/dvm_gc_info(  344): [8099846449757439590,-8960045288151590857,-4004398222909016019,7358131]
02-13 17:34:22.140 I/notification_cancel(  256): [com.android.phone,111,0]
02-13 17:34:27.105 I/dvm_gc_madvise_info(  344): [360448,135168]
02-13 17:34:27.165 I/notification_cancel(  256): [com.android.phone,111,0]
02-13 17:34:32.350 I/notification_cancel(  256): [com.android.phone,111,0]
02-13 17:34:32.400 I/dvm_gc_info(  326): [8320808730291619436,-8960889919290525644,-4002990848025462739,7898925]
02-13 17:34:36.805 I/wifi_supplicant_state_changed(  256): 2
02-13 17:34:37.385 I/notification_cancel(  256): [com.android.phone,111,0]
02-13 17:34:37.405 I/dvm_gc_madvise_info(  326): [331776,135168]
02-13 17:34:37.705 I/notification_cancel(  256): [com.android.phone,111,0]
02-13 17:34:37.765 I/wifi_supplicant_state_changed(  256): 1
02-13 17:34:42.570 I/notification_cancel(  256): [com.android.phone,111,0]
02-13 17:34:47.665 I/notification_cancel(  256): [com.android.phone,111,0]
02-13 17:34:52.790 I/wifi_supplicant_state_changed(  256): 2
02-13 17:34:52.810 I/notification_cancel(  256): [com.android.phone,111,0]
02-13 17:34:53.761 I/wifi_supplicant_state_changed(  256): 1
02-13 17:34:57.895 I/notification_cancel(  256): [com.android.phone,111,0]
02-13 17:34:58.135 I/binder_sample(  344): [android.os.INetStatService,2,9,com.android.phone,1]
02-13 17:35:08.175 I/notification_cancel(  256): [com.android.phone,111,0]
02-13 17:35:08.786 I/wifi_supplicant_state_changed(  256): 2
02-13 17:35:08.956 I/notification_cancel(  256): [com.android.phone,111,0]
02-13 17:35:09.066 I/dvm_gc_info(  344): [8099846449757492836,-8960326763128301513,-4004398222909016019,7358131]
02-13 17:35:09.777 I/wifi_supplicant_state_changed(  256): 1
02-13 17:35:13.310 I/notification_cancel(  256): [com.android.phone,111,0]
02-13 17:35:14.131 I/dvm_gc_madvise_info(  344): [368640,135168]
02-13 17:35:15.342 I/am_create_service(  256): [1083907736,com.android.mms/.transaction.SmsReceiverService,act=android.provider.Telephony.SMS_RECEIVED,811]
02-13 17:35:15.422 I/notification_cancel(  256): [com.android.mms,999,0]
02-13 17:35:15.462 I/notification_cancel(  256): [com.android.mms,123,0]
02-13 17:35:15.482 I/notification_enqueue(  256): [com.android.mms,123,Notification(vibrate=default,sound=content://settings/system/notification_sound,defaults=0x6,flags=0x1)]
02-13 17:35:15.542 I/am_destroy_service(  256): [1083907736,com.android.mms/.transaction.SmsReceiverService,811]
02-13 17:35:15.823 I/notification_cancel(  256): [com.android.phone,111,0]
02-13 17:35:24.791 I/wifi_supplicant_state_changed(  256): 2
02-13 17:35:25.062 I/force_gc(  811): bg
02-13 17:35:25.162 I/dvm_gc_info(  811): [7218827569570129460,-8995791991567550407,-3999050198351513555,8374154]
02-13 17:35:25.762 I/wifi_supplicant_state_changed(  256): 1
02-13 17:35:30.227 I/dvm_gc_madvise_info(  811): [507904,135168]
02-13 17:35:31.828 I/force_gc(  408): bg
02-13 17:35:31.908 I/dvm_gc_info(  408): [7017575181485126880,-9062221254520518603,-4005242647839147987,7358131]
02-13 17:35:36.833 I/force_gc(  662): bg
02-13 17:35:36.913 I/dvm_gc_madvise_info(  408): [225280,135168]
02-13 17:35:36.933 I/dvm_gc_info(  662): [8517260637557384259,-9125271168217008074,-4004679697885726675,7358131]
02-13 17:35:40.787 I/wifi_supplicant_state_changed(  256): 2
02-13 17:35:41.768 I/wifi_supplicant_state_changed(  256): 1
02-13 17:35:41.978 I/dvm_gc_madvise_info(  662): [450560,135168]
02-13 17:35:52.338 I/battery_level(  256): [6,3613,320]
02-13 17:35:56.783 I/wifi_supplicant_state_changed(  256): 2
02-13 17:35:57.794 I/wifi_supplicant_state_changed(  256): 1
02-13 17:36:12.818 I/wifi_supplicant_state_changed(  256): 2
02-13 17:36:13.819 I/wifi_supplicant_state_changed(  256): 1
02-13 17:36:28.834 I/wifi_supplicant_state_changed(  256): 2
02-13 17:36:29.805 I/wifi_supplicant_state_changed(  256): 1
02-13 17:36:44.839 I/wifi_supplicant_state_changed(  256): 2
02-13 17:36:45.840 I/wifi_supplicant_state_changed(  256): 1
02-13 17:36:52.337 I/battery_level(  256): [6,3611,330]
02-13 17:37:00.184 I/dvm_gc_info(  256): [8320808730291787765,-8885448851685500814,-3962176976402417619,8755278]
02-13 17:37:00.855 I/wifi_supplicant_state_changed(  256): 2
02-13 17:37:00.855 I/notification_cancel(  256): [com.android.phone,111,0]
02-13 17:37:01.826 I/wifi_supplicant_state_changed(  256): 1
02-13 17:37:05.269 I/dvm_gc_madvise_info(  256): [290816,135168]
02-13 17:37:11.085 I/notification_cancel(  256): [com.android.phone,111,0]
02-13 17:37:11.095 I/binder_sample(  811): [,2,30,com.android.mms,6]
02-13 17:37:16.841 I/wifi_supplicant_state_changed(  256): 2
02-13 17:37:17.812 I/wifi_supplicant_state_changed(  256): 1
02-13 17:37:21.305 I/notification_cancel(  256): [com.android.phone,111,0]
02-13 17:37:26.440 I/notification_cancel(  256): [com.android.phone,111,0]
02-13 17:37:32.836 I/wifi_supplicant_state_changed(  256): 2
02-13 17:37:33.817 I/wifi_supplicant_state_changed(  256): 1
02-13 17:37:36.760 I/binder_sample(  344): [com.android.internal.telephony.ITelephonyRegistry,8,43,com.android.phone,8]
02-13 17:37:45.809 I/notification_cancel(  256): [com.android.phone,111,0]
02-13 17:37:48.832 I/wifi_supplicant_state_changed(  256): 2
02-13 17:37:49.823 I/wifi_supplicant_state_changed(  256): 1
02-13 17:38:04.848 I/wifi_supplicant_state_changed(  256): 2
02-13 17:38:05.818 I/wifi_supplicant_state_changed(  256): 1
02-13 17:38:07.410 I/notification_cancel(  256): [com.android.phone,111,0]
02-13 17:38:07.480 I/dvm_gc_info(  344): [8099846449757480542,-8969052487406323657,-4004398222909016019,7358131]
02-13 17:38:12.535 I/dvm_gc_madvise_info(  344): [368640,135168]
02-13 17:38:20.823 I/wifi_supplicant_state_changed(  256): 2
02-13 17:38:21.814 I/wifi_supplicant_state_changed(  256): 1
02-13 17:38:23.836 I/dvm_gc_info(  326): [8320808730291689063,-8969615643568551884,-4002990848025462739,7898925]
02-13 17:38:27.850 I/notification_cancel(  256): [com.android.phone,111,0]
02-13 17:38:28.901 I/dvm_gc_madvise_info(  326): [331776,135168]
02-13 17:38:36.839 I/wifi_supplicant_state_changed(  256): 2
02-13 17:38:37.840 I/wifi_supplicant_state_changed(  256): 1
02-13 17:38:43.235 I/notification_cancel(  256): [com.android.phone,111,0]
02-13 17:38:48.450 I/binder_sample(  344): [com.android.internal.telephony.ITelephonyRegistry,8,49,com.android.phone,9]
02-13 17:38:52.854 I/wifi_supplicant_state_changed(  256): 2
02-13 17:38:53.865 I/wifi_supplicant_state_changed(  256): 1
02-13 17:39:03.755 I/notification_cancel(  256): [com.android.phone,111,0]
02-13 17:39:08.890 I/wifi_supplicant_state_changed(  256): 2
02-13 17:39:09.881 I/wifi_supplicant_state_changed(  256): 1
02-13 17:39:19.811 I/binder_sample(  344): [com.android.internal.telephony.ITelephonyRegistry,8,32,com.android.phone,6]
02-13 17:39:24.896 I/wifi_supplicant_state_changed(  256): 2
02-13 17:39:25.857 I/wifi_supplicant_state_changed(  256): 1
02-13 17:39:37.758 I/binder_sample(  344): [com.android.internal.telephony.ITelephonyRegistry,8,49,com.android.phone,9]
02-13 17:39:40.881 I/wifi_supplicant_state_changed(  256): 2
02-13 17:39:41.862 I/wifi_supplicant_state_changed(  256): 1
02-13 17:39:56.887 I/wifi_supplicant_state_changed(  256): 2
02-13 17:39:57.878 I/wifi_supplicant_state_changed(  256): 1
02-13 17:40:12.892 I/wifi_supplicant_state_changed(  256): 2
02-13 17:40:13.873 I/wifi_supplicant_state_changed(  256): 1
02-13 17:40:28.888 I/wifi_supplicant_state_changed(  256): 2
02-13 17:40:29.879 I/wifi_supplicant_state_changed(  256): 1
02-13 17:40:44.894 I/wifi_supplicant_state_changed(  256): 2
02-13 17:40:45.865 I/wifi_supplicant_state_changed(  256): 1
02-13 17:40:52.331 I/battery_level(  256): [6,3592,320]
02-13 17:41:00.889 I/wifi_supplicant_state_changed(  256): 2
02-13 17:41:01.880 I/wifi_supplicant_state_changed(  256): 1
02-13 17:41:16.895 I/wifi_supplicant_state_changed(  256): 2
02-13 17:41:17.896 I/wifi_supplicant_state_changed(  256): 1
02-13 17:41:29.737 I/binder_sample(  344): [com.android.internal.telephony.ITelephonyRegistry,8,16,com.android.phone,3]
02-13 17:41:32.921 I/wifi_supplicant_state_changed(  256): 2
02-13 17:41:33.911 I/wifi_supplicant_state_changed(  256): 1
02-13 17:41:48.936 I/wifi_supplicant_state_changed(  256): 2
02-13 17:41:49.937 I/wifi_supplicant_state_changed(  256): 1
02-13 17:42:04.952 I/wifi_supplicant_state_changed(  256): 2
02-13 17:42:05.943 I/wifi_supplicant_state_changed(  256): 1
02-13 17:42:13.931 I/configuration_changed(  256): 128
02-13 17:42:16.293 I/dvm_gc_info(  256): [8320808730292152058,-8909374224705910671,-3962458451379128275,8755278]
02-13 17:42:16.773 I/binder_sample(  344): [com.android.internal.telephony.ITelephonyRegistry,8,16,com.android.phone,3]
02-13 17:42:17.284 I/db_sample(  845): [/data/data/com.google.android.youtube/databases/google_analytics.db,COMMIT;SELECT event_id FROM events ORDER BY event_id DESC,46,,10]
02-13 17:42:19.916 I/notification_cancel(  256): [com.android.mms,789,0]
02-13 17:42:19.966 I/notification_cancel(  256): [com.android.mms,531,0]
02-13 17:42:19.966 I/notification_cancel(  256): [com.android.mms,999,0]
02-13 17:42:19.986 I/notification_cancel(  256): [com.android.mms,123,0]
02-13 17:42:20.967 I/wifi_supplicant_state_changed(  256): 2
02-13 17:42:21.368 I/dvm_gc_madvise_info(  256): [393216,135168]
02-13 17:42:21.948 I/wifi_supplicant_state_changed(  256): 1
02-13 17:42:23.360 I/notification_cancel(  256): [com.android.phone,111,0]
02-13 17:42:31.017 I/binder_sample(  344): [android.os.INetStatService,2,19,com.android.phone,3]
02-13 17:42:33.620 I/binder_sample(  344): [com.android.internal.telephony.ITelephonyRegistry,8,23,com.android.phone,4]
02-13 17:42:33.650 I/binder_sample(  344): [com.android.internal.telephony.ITelephonyRegistry,6,20,com.android.phone,4]
02-13 17:42:33.670 I/notification_cancel(  256): [com.android.phone,111,0]
02-13 17:42:33.850 I/configuration_changed(  256): 128
02-13 17:42:35.912 I/notification_cancel(  256): [com.android.phone,111,0]
02-13 17:42:35.942 I/dvm_gc_info(  344): [8099846449757480550,-8967645112522770377,-4004398222909016019,7358131]
02-13 17:42:36.162 I/dvm_gc_info(  256): [8320808730291930703,-8950188096329115536,-3963021401332549587,8755278]
02-13 17:42:36.963 I/wifi_supplicant_state_changed(  256): 2
02-13 17:42:37.954 I/wifi_supplicant_state_changed(  256): 1
02-13 17:42:38.765 I/notification_cancel(  256): [com.android.phone,111,0]
02-13 17:42:41.007 I/dvm_gc_madvise_info(  344): [360448,135168]
02-13 17:42:41.247 I/dvm_gc_madvise_info(  256): [593920,135168]
02-13 17:42:43.870 I/notification_cancel(  256): [com.android.phone,111,0]
02-13 17:42:44.300 I/dvm_gc_info(  845): [8750341744044218270,-8895861295000106865,-3952606827194255315,8775764]
02-13 17:42:49.375 I/dvm_gc_madvise_info(  845): [610304,135168]
02-13 17:42:52.368 I/battery_level(  256): [6,3620,310]
02-13 17:42:52.979 I/wifi_supplicant_state_changed(  256): 2
02-13 17:42:53.960 I/wifi_supplicant_state_changed(  256): 1
02-13 17:43:08.974 I/wifi_supplicant_state_changed(  256): 2
02-13 17:43:09.965 I/wifi_supplicant_state_changed(  256): 1
02-13 17:43:24.980 I/wifi_supplicant_state_changed(  256): 2
02-13 17:43:25.961 I/wifi_supplicant_state_changed(  256): 1
02-13 17:43:40.985 I/wifi_supplicant_state_changed(  256): 2
02-13 17:43:41.956 I/wifi_supplicant_state_changed(  256): 1
02-13 17:43:52.327 I/battery_level(  256): [6,3604,320]
02-13 17:43:56.981 I/wifi_supplicant_state_changed(  256): 2
02-13 17:43:57.952 I/wifi_supplicant_state_changed(  256): 1
02-13 17:44:05.800 I/notification_cancel(  256): [com.android.phone,111,0]
02-13 17:44:12.977 I/wifi_supplicant_state_changed(  256): 2
02-13 17:44:13.978 I/wifi_supplicant_state_changed(  256): 1
02-13 17:44:16.060 I/notification_cancel(  256): [com.android.phone,111,0]
02-13 17:44:16.080 I/binder_sample(  811): [,2,61,com.android.mms,12]
02-13 17:44:16.120 I/dvm_gc_info(  326): [8320808730291664492,-8958075169523419084,-4002990848025462739,7898928]
02-13 17:44:19.423 I/binder_sample(  344): [com.android.internal.telephony.ITelephonyRegistry,6,26,com.android.phone,5]
02-13 17:44:19.433 I/notification_cancel(  256): [com.android.phone,111,0]
02-13 17:44:20.334 I/binder_sample(  344): [android.os.INetStatService,2,15,com.android.phone,3]
02-13 17:44:21.175 I/dvm_gc_madvise_info(  326): [339968,135168]
02-13 17:44:28.982 I/wifi_supplicant_state_changed(  256): 2
02-13 17:44:29.993 I/wifi_supplicant_state_changed(  256): 1
02-13 17:44:45.018 I/wifi_supplicant_state_changed(  256): 2
02-13 17:44:46.009 I/wifi_supplicant_state_changed(  256): 1
02-13 17:44:51.875 I/notification_cancel(  256): [com.android.phone,111,0]
02-13 17:44:52.325 I/battery_level(  256): [6,3578,330]
02-13 17:45:00.963 I/notification_cancel(  256): [com.android.phone,111,0]
02-13 17:45:01.024 I/wifi_supplicant_state_changed(  256): 2
02-13 17:45:02.015 I/wifi_supplicant_state_changed(  256): 1
02-13 17:45:12.315 I/notification_cancel(  256): [com.android.phone,111,0]
02-13 17:45:17.049 I/wifi_supplicant_state_changed(  256): 2
02-13 17:45:18.020 I/wifi_supplicant_state_changed(  256): 1
02-13 17:45:32.825 I/notification_cancel(  256): [com.android.phone,111,0]
02-13 17:45:33.035 I/wifi_supplicant_state_changed(  256): 2
02-13 17:45:33.966 I/binder_sample(  344): [com.android.internal.telephony.ITelephonyRegistry,8,62,com.android.phone,12]
02-13 17:45:34.006 I/wifi_supplicant_state_changed(  256): 1
02-13 17:45:48.180 I/notification_cancel(  256): [com.android.phone,111,0]
02-13 17:45:49.030 I/wifi_supplicant_state_changed(  256): 2
02-13 17:45:49.981 I/wifi_supplicant_state_changed(  256): 1
02-13 17:46:05.006 I/wifi_supplicant_state_changed(  256): 2
02-13 17:46:05.997 I/wifi_supplicant_state_changed(  256): 1
02-13 17:46:12.323 I/battery_level(  256): [5,3538,330]
02-13 17:46:16.827 I/binder_sample(  344): [com.android.internal.telephony.ITelephonyRegistry,13,15,com.android.phone,3]
02-13 17:46:21.002 I/wifi_supplicant_state_changed(  256): 2
02-13 17:46:21.973 I/wifi_supplicant_state_changed(  256): 1
02-13 17:46:34.285 I/notification_cancel(  256): [com.android.phone,111,0]
02-13 17:46:34.315 I/dvm_gc_info(  344): [8099846449757480549,-8951038088896845769,-4004398222909016019,7358131]
02-13 17:46:36.997 I/wifi_supplicant_state_changed(  256): 2
02-13 17:46:37.978 I/wifi_supplicant_state_changed(  256): 1
02-13 17:46:38.889 I/binder_sample(  344): [com.android.internal.telephony.ITelephonyRegistry,8,16,com.android.phone,3]
02-13 17:46:39.349 I/dvm_gc_madvise_info(  344): [360448,135168]
02-13 17:46:39.349 I/notification_cancel(  256): [com.android.phone,111,0]
02-13 17:46:52.362 I/battery_level(  256): [5,3527,340]
02-13 17:46:52.983 I/wifi_supplicant_state_changed(  256): 2
02-13 17:46:53.964 I/wifi_supplicant_state_changed(  256): 1
02-13 17:47:08.988 I/wifi_supplicant_state_changed(  256): 2
02-13 17:47:09.969 I/wifi_supplicant_state_changed(  256): 1
02-13 17:47:22.331 I/battery_level(  256): [4,3518,340]
02-13 17:47:24.984 I/wifi_supplicant_state_changed(  256): 2
02-13 17:47:25.975 I/wifi_supplicant_state_changed(  256): 1
02-13 17:47:41.000 I/wifi_supplicant_state_changed(  256): 2
02-13 17:47:41.971 I/wifi_supplicant_state_changed(  256): 1
02-13 17:47:56.995 I/wifi_supplicant_state_changed(  256): 2
02-13 17:47:57.316 I/binder_sample(  344): [com.android.internal.telephony.ITelephonyRegistry,8,43,com.android.phone,8]
02-13 17:47:57.986 I/wifi_supplicant_state_changed(  256): 1
02-13 17:48:12.991 I/wifi_supplicant_state_changed(  256): 2
02-13 17:48:13.972 I/wifi_supplicant_state_changed(  256): 1
02-13 17:48:28.996 I/wifi_supplicant_state_changed(  256): 2
02-13 17:48:29.977 I/wifi_supplicant_state_changed(  256): 1
02-13 17:48:32.330 I/battery_level(  256): [3,3498,340]
02-13 17:48:44.411 I/dvm_gc_info(  326): [8320808730291783295,-8925424072225015757,-4003553797978884051,7898919]
02-13 17:48:44.982 I/wifi_supplicant_state_changed(  256): 2
02-13 17:48:45.973 I/wifi_supplicant_state_changed(  256): 1
02-13 17:48:48.846 I/binder_sample(  344): [com.android.internal.telephony.ITelephonyRegistry,8,41,com.android.phone,8]
02-13 17:48:49.476 I/dvm_gc_madvise_info(  326): [389120,135168]
02-13 17:49:00.998 I/wifi_supplicant_state_changed(  256): 2
02-13 17:49:01.989 I/wifi_supplicant_state_changed(  256): 1
02-13 17:49:13.019 I/notification_cancel(  256): [com.android.phone,111,0]
02-13 17:49:17.003 I/wifi_supplicant_state_changed(  256): 2
02-13 17:49:17.994 I/wifi_supplicant_state_changed(  256): 1
02-13 17:49:20.216 I/binder_sample(  326): [com.android.internal.statusbar.IStatusBarService,4,6,com.android.systemui,1]
02-13 17:49:23.249 I/notification_cancel(  256): [com.android.phone,111,0]
02-13 17:49:33.009 I/wifi_supplicant_state_changed(  256): 2
02-13 17:49:34.010 I/wifi_supplicant_state_changed(  256): 1
02-13 17:49:42.328 I/battery_level(  256): [2,3474,340]
02-13 17:49:49.025 I/wifi_supplicant_state_changed(  256): 2
02-13 17:49:49.535 I/binder_sample(  344): [android.os.INetStatService,1,5,com.android.phone,1]
02-13 17:49:49.995 I/wifi_supplicant_state_changed(  256): 1
02-13 17:49:52.328 I/battery_level(  256): [2,3468,350]
02-13 17:49:59.685 I/binder_sample(  344): [android.os.INetStatService,1,6,com.android.phone,1]
02-13 17:50:04.189 I/notification_cancel(  256): [com.android.phone,111,0]
02-13 17:50:05.020 I/wifi_supplicant_state_changed(  256): 2
02-13 17:50:05.981 I/wifi_supplicant_state_changed(  256): 1
02-13 17:50:09.474 I/binder_sample(  326): [com.android.internal.statusbar.IStatusBarService,5,15,com.android.systemui,3]
02-13 17:50:11.747 I/notification_cancel(  256): [com.android.phone,111,0]
02-13 17:50:21.006 I/wifi_supplicant_state_changed(  256): 2
02-13 17:50:21.977 I/wifi_supplicant_state_changed(  256): 1
02-13 17:50:32.337 I/battery_level(  256): [1,3447,350]
02-13 17:50:34.879 I/notification_cancel(  256): [com.android.phone,111,0]
02-13 17:50:36.981 I/wifi_supplicant_state_changed(  256): 2
02-13 17:50:37.962 I/wifi_supplicant_state_changed(  256): 1
02-13 17:50:52.436 I/am_create_service(  256): [1084868040,com.google.android.gsf/.checkin.EventLogService,,378]
02-13 17:50:52.466 I/aggregation(  378): 1329177052481
02-13 17:50:52.567 I/am_destroy_service(  256): [1084868040,com.google.android.gsf/.checkin.EventLogService,378]
02-13 17:50:52.987 I/wifi_supplicant_state_changed(  256): 2
02-13 17:50:53.988 I/wifi_supplicant_state_changed(  256): 1
02-13 17:51:09.003 I/wifi_supplicant_state_changed(  256): 2
02-13 17:51:09.994 I/wifi_supplicant_state_changed(  256): 1
02-13 17:51:12.326 I/am_create_task(  256): 11
02-13 17:51:12.326 I/am_create_activity(  256): [1085069216,11,android/com.android.server.ShutdownActivity,android.intent.action.ACTION_REQUEST_SHUTDOWN,NULL,NULL,276824064]
02-13 17:51:12.336 I/am_pause_activity(  256): [1083238216,com.google.android.youtube/.app.froyo.phone.WatchActivity]
02-13 17:51:12.366 I/battery_level(  256): [0,3422,350]
02-13 17:51:12.426 I/am_on_paused_called(  845): com.google.android.youtube.app.froyo.phone.WatchActivity
02-13 17:51:12.426 I/am_kill (  256): [672,com.google.android.apps.uploader,14,too many background]
02-13 17:51:12.426 I/am_restart_activity(  256): [1085069216,11,android/com.android.server.ShutdownActivity]
02-13 17:51:12.436 I/am_on_resume_called(  256): com.android.server.ShutdownActivity
02-13 17:51:12.516 I/am_proc_died(  256): [672,com.google.android.apps.uploader]
02-13 17:51:13.046 I/binder_sample(  845): [android.view.IWindowSession,4,500,com.google.android.youtube,100]
02-13 17:51:13.167 I/dvm_gc_info(  256): [8320808730291685284,-8893893100953266060,-3961051076495574995,8755281]
02-13 17:51:15.459 I/activity_launch_time(  256): [1085069216,android/com.android.server.ShutdownActivity,3038,3038]
02-13 17:51:15.479 I/am_pause_activity(  256): [1085069216,android/com.android.server.ShutdownActivity]
02-13 17:51:15.479 I/am_on_paused_called(  256): com.android.server.ShutdownActivity
02-13 17:51:17.171 I/binder_sample(  344): [com.android.internal.telephony.ITelephonyRegistry,14,30,com.android.phone,6]
02-13 17:51:17.191 I/connectivity_state_changed(  256): 3136
02-13 17:51:17.321 I/notification_cancel(  256): [com.android.phone,7,0]
02-13 17:51:17.321 I/notification_cancel(  256): [com.android.phone,7,0]
02-13 17:51:17.331 I/notification_cancel(  256): [com.android.phone,7,0]
02-13 17:51:17.331 I/notification_cancel(  256): [com.android.phone,7,0]
02-13 17:51:17.331 I/notification_cancel(  256): [com.android.phone,7,0]
02-13 17:51:17.331 I/notification_cancel(  256): [com.android.phone,7,0]
02-13 17:51:17.331 I/notification_cancel(  256): [com.android.phone,7,0]
02-13 17:51:17.331 I/notification_cancel(  256): [com.android.phone,7,0]
02-13 17:51:17.401 I/am_proc_start(  256): [4457,10031,com.google.android.apps.uploader,broadcast,com.google.android.apps.uploader/.ConnectivityBroadcastReceiver]
02-13 17:51:17.421 I/dvm_gc_madvise_info( 4457): [372736,135168]
02-13 17:51:17.431 I/am_proc_bound(  256): [4457,com.google.android.apps.uploader]
02-13 17:51:17.461 I/am_kill (  256): [564,com.sprint.w.installer,14,too many background]
02-13 17:51:17.461 I/am_create_service(  256): [1084980392,com.google.android.gsf/.checkin.CheckinService,,378]
02-13 17:51:17.491 I/am_proc_died(  256): [564,com.sprint.w.installer]
02-13 17:51:17.491 I/am_schedule_service_restart(  256): [com.sprint.w.installer/com.sprint.id.updater.UpdaterService,5000]
02-13 17:51:17.531 I/dvm_gc_info(  378): [7449358886915692146,-8969333893646751687,-4003835272955594707,7358131]
02-13 17:51:17.541 I/gtalk_conn_close(  378): [1,12997]
02-13 17:51:17.541 I/gtalk_connection(  378): 65796
02-13 17:51:17.551 I/am_destroy_service(  256): [1084980392,com.google.android.gsf/.checkin.CheckinService,378]
02-13 17:51:18.161 I/cdma_service_state_change(  344): [0,3]
02-13 17:51:18.192 I/dvm_gc_madvise_info(  256): [339968,135168]
02-13 17:51:18.202 I/binder_sample(  326): [android.content.pm.IPackageManager,10,32,com.android.systemui,6]
02-13 17:51:18.242 I/dvm_gc_info(  344): [8099846449757562466,-8956949063407765449,-4004398222909016019,7358131]
02-13 17:51:18.242 I/binder_sample(  344): [com.android.internal.telephony.ITelephonyRegistry,6,34,com.android.phone,6]
02-13 17:51:18.252 I/notification_cancel(  256): [com.android.phone,111,0]
02-13 17:51:18.412 I/notification_cancel(  256): [com.android.phone,111,0]
02-13 17:51:18.442 I/notification_cancel(  256): [com.android.phone,7,0]
02-13 17:51:18.452 I/notification_cancel(  256): [com.android.phone,7,0]
02-13 17:51:18.452 I/notification_cancel(  256): [com.android.phone,7,0]
02-13 17:51:18.452 I/notification_cancel(  256): [com.android.phone,7,0]
02-13 17:51:18.452 I/notification_cancel(  256): [com.android.phone,7,0]
02-13 17:51:18.452 I/notification_cancel(  256): [com.android.phone,7,0]
02-13 17:51:18.462 I/notification_cancel(  256): [com.android.phone,7,0]
02-13 17:51:18.462 I/notification_cancel(  256): [com.android.phone,7,0]
02-13 17:51:18.462 I/notification_cancel(  256): [com.android.phone,7,0]
02-13 17:51:18.462 I/notification_cancel(  256): [com.android.phone,7,0]
02-13 17:51:22.546 I/am_proc_start(  256): [4467,10014,com.sprint.w.installer,service,com.sprint.w.installer/com.sprint.id.updater.UpdaterService]
02-13 17:51:22.556 I/dvm_gc_madvise_info(  378): [294912,135168]
02-13 17:51:22.566 I/dvm_gc_madvise_info( 4467): [372736,135168]
02-13 17:51:22.576 I/am_proc_bound(  256): [4467,com.sprint.w.installer]
02-13 17:51:22.576 I/am_create_service(  256): [1082578512,com.sprint.w.installer/com.sprint.id.updater.UpdaterService,,4467]
02-13 17:51:23.286 I/dvm_gc_madvise_info(  344): [360448,135168]
02-13 17:51:25.008 I/wifi_supplicant_state_changed(  256): 2
02-13 17:51:25.989 I/wifi_supplicant_state_changed(  256): 1
02-13 17:51:29.322 I/am_kill (  256): [764,com.google.android.apps.maps,11,unmount media]
02-13 17:51:29.422 I/am_proc_died(  256): [764,com.google.android.apps.maps]
02-13 17:51:29.503 I/dvm_gc_info(  256): [8320808730291889939,-8912188974473156495,-3961614026448996307,8755281]
02-13 17:51:29.543 I/am_proc_start(  256): [4474,10046,com.cooliris.media,broadcast,com.cooliris.media/com.cooliris.cache.BootReceiver]
02-13 17:51:29.563 I/dvm_gc_madvise_info( 4474): [372736,135168]
02-13 17:51:29.563 I/am_proc_bound(  256): [4474,com.cooliris.media]
02-13 17:51:31.595 I/notification_cancel(  256): [com.android.systemui,17301675,0]
02-13 17:51:31.595 I/notification_enqueue(  256): [com.android.systemui,17301626,Notification(vibrate=null,sound=null,defaults=0x0,flags=0x10)]
02-13 17:51:31.595 I/notification_cancel(  256): [com.android.systemui,17302205,0]
02-13 17:51:31.725 I/dvm_gc_info(  326): [8320808730291689051,-8983407917410592715,-4001301998165198803,7898992]
