02-13 14:14:28.004 I/am_destroy_activity(  256): [1083402848,4,com.google.android.apps.maps/com.google.googlenav.login.AndroidLoginActivitySdk5]
02-13 14:14:28.004 I/am_kill (  256): [652,com.google.android.apps.maps:FriendService,14,too many background]
02-13 14:14:28.014 I/am_proc_died(  256): [652,com.google.android.apps.maps:FriendService]
02-13 14:14:28.064 I/content_query_sample(  706): [content://com.google.android.music.MusicContent/playlists,count(*),,,3015,,100]
02-13 14:14:28.494 I/am_create_service(  256): [1083533088,com.google.android.music/.store.MediaStoreImportService,act=MediaStoreImportService.import_pending,706]
02-13 14:14:28.515 I/force_gc(  256): Binder
02-13 14:14:28.575 I/dvm_gc_info(  256): [8320808730291836488,-8961448951276586911,-3981880224772163539,8570915]
02-13 14:14:28.645 I/am_destroy_service(  256): [1082588544,com.android.providers.media/.MediaScannerService,517]
02-13 14:14:28.655 I/dvm_gc_madvise_info(  378): [196608,135168]
02-13 14:14:28.725 I/dvm_gc_info(  706): [7887337218879096361,-9041673306275583943,-4003835272955594707,7358131]
02-13 14:14:28.725 I/db_sample(  706): [/data/data/com.google.android.music/databases/music.db,COMMIT;BEGIN EXCLUSIVE;,0,,1]
02-13 14:14:28.765 I/am_destroy_service(  256): [1083533088,com.google.android.music/.store.MediaStoreImportService,706]
02-13 14:14:28.775 I/am_kill (  256): [459,com.google.android.partnersetup,14,too many background]
02-13 14:14:28.775 I/am_proc_died(  256): [459,com.google.android.partnersetup]
02-13 14:14:29.175 I/notification_cancel(  256): [com.android.phone,111,0]
02-13 14:14:29.195 I/notification_cancel(  256): [com.android.phone,111,0]
02-13 14:14:29.325 I/notification_cancel(  256): [com.android.phone,7,0]
02-13 14:14:29.335 I/notification_cancel(  256): [com.android.phone,7,0]
02-13 14:14:29.345 I/notification_cancel(  256): [com.android.phone,7,0]
02-13 14:14:29.345 I/notification_cancel(  256): [com.android.phone,7,0]
02-13 14:14:29.345 I/notification_cancel(  256): [com.android.phone,7,0]
02-13 14:14:29.726 I/dvm_gc_madvise_info(  467): [372736,135168]
02-13 14:14:30.476 I/dvm_gc_madvise_info(  682): [212992,135168]
02-13 14:14:31.337 I/dvm_gc_madvise_info(  719): [180224,135168]
02-13 14:14:31.748 I/dvm_gc_info(  344): [8099846449757484639,-8980593236362921929,-4004679697885726675,7358131]
02-13 14:14:32.218 I/dvm_gc_madvise_info(  734): [172032,135168]
02-13 14:14:32.568 I/dvm_gc_madvise_info(  755): [147456,135168]
02-13 14:14:32.899 I/dvm_gc_madvise_info(  764): [151552,135168]
02-13 14:14:33.640 I/dvm_gc_madvise_info(  256): [839680,135168]
02-13 14:14:33.750 I/dvm_gc_madvise_info(  706): [184320,135168]
02-13 14:14:36.753 I/dvm_gc_madvise_info(  344): [294912,135168]
02-13 14:14:38.875 I/am_destroy_service(  256): [1082727288,com.sprint.ce.updater/.UpdaterService,556]
02-13 14:14:38.875 I/am_kill (  256): [556,com.sprint.ce.updater,14,too many background]
02-13 14:14:38.885 I/am_proc_died(  256): [556,com.sprint.ce.updater]
02-13 14:14:39.335 I/connectivity_state_changed(  256): 3112
02-13 14:14:39.465 I/gtalk_connection(  378): 131077
02-13 14:14:39.485 I/am_create_service(  256): [1082772552,com.google.android.gsf/.checkin.CheckinService,,378]
02-13 14:14:39.495 I/notification_cancel(  256): [com.android.phone,7,0]
02-13 14:14:39.505 I/notification_cancel(  256): [com.android.phone,7,0]
02-13 14:14:39.505 I/notification_cancel(  256): [com.android.phone,7,0]
02-13 14:14:39.505 I/notification_cancel(  256): [com.android.phone,7,0]
02-13 14:14:39.505 I/am_create_service(  256): [1083195424,com.google.android.gm/.downloadprovider.DownloadService,,608]
02-13 14:14:39.515 I/am_create_service(  256): [1083213280,com.android.providers.downloads/.DownloadService,,517]
02-13 14:14:39.515 I/notification_cancel_all(  256): [com.android.providers.downloads,0]
02-13 14:14:39.565 I/am_destroy_service(  256): [1082772552,com.google.android.gsf/.checkin.CheckinService,378]
02-13 14:14:39.585 I/am_destroy_service(  256): [1083213280,com.android.providers.downloads/.DownloadService,517]
02-13 14:14:39.595 I/am_destroy_service(  256): [1083195424,com.google.android.gm/.downloadprovider.DownloadService,608]
02-13 14:14:40.196 I/dvm_gc_info(  378): [7449358886915688009,-9005644715482179531,-4004961172862437331,7358131]
02-13 14:14:40.526 I/c2dm    (  378): [-1,NULL,1,-1]
02-13 14:14:40.726 I/c2dm    (  378): [1,NULL,1,-1]
02-13 14:14:40.736 I/gtalk_connection(  378): 196609
02-13 14:14:40.776 I/c2dm    (  378): [-4,NULL,2,1]
02-13 14:14:41.667 I/notification_cancel(  256): [com.android.phone,111,0]
02-13 14:14:42.628 I/am_create_service(  256): [1082675264,com.google.android.gsf/.gtalkservice.PushMessagingRegistrar,act=com.google.android.c2dm.intent.REGISTER,378]
02-13 14:14:42.638 I/am_create_service(  256): [1082972208,com.locationlabs.v3client/.AccountService,act=com.locationlabs.action.GET_ACCOUNT pkg=com.locationlabs.v3client,662]
02-13 14:14:42.728 I/notification_cancel(  256): [com.android.phone,111,0]
02-13 14:14:42.828 I/dvm_gc_info(  662): [8517260637557085807,-8981438004974413774,-4005805597792569299,7358131]
02-13 14:14:42.848 I/dvm_gc_info(  326): [8320808730291705423,-8986504554538411981,-4004398222909016019,7358200]
02-13 14:14:42.869 I/am_create_service(  256): [1082420104,com.locationlabs.v3client/.V3ApiService,act=com.locationlabs.v3client.action.NOTIFICATION pkg=com.locationlabs.v3client,662]
02-13 14:14:42.889 I/am_create_service(  256): [1082424288,com.locationlabs.v3client/.RadioSignalService,pkg=com.locationlabs.v3client,662]
02-13 14:14:42.889 I/am_create_service(  256): [1081485096,com.locationlabs.v3client/.HeartbeatService,act=com.locationlabs.v3client.action.ACTION_UPDATE_HEARTBEAT pkg=com.locationlabs.v3client,662]
02-13 14:14:42.889 I/am_create_service(  256): [1082807744,com.locationlabs.v3client/.GpsStateService,act=com.locationlabs.action.TURN_OFF_GPS_DETECTION pkg=com.locationlabs.v3client,662]
02-13 14:14:42.899 I/am_create_service(  256): [1082811816,com.locationlabs.v3client/.FeatureService,act=com.locationlabs.v3client.action.RESTART pkg=com.locationlabs.v3client,662]
02-13 14:14:42.909 I/am_destroy_service(  256): [1082972208,com.locationlabs.v3client/.AccountService,662]
02-13 14:14:42.919 I/am_destroy_service(  256): [1082807744,com.locationlabs.v3client/.GpsStateService,662]
02-13 14:14:42.939 I/am_destroy_service(  256): [1082811816,com.locationlabs.v3client/.FeatureService,662]
02-13 14:14:43.009 I/am_destroy_service(  256): [1081485096,com.locationlabs.v3client/.HeartbeatService,662]
02-13 14:14:43.119 I/dvm_gc_info(  662): [8517260637557069418,-8952445944900663244,-4005242647839147987,7358131]
02-13 14:14:43.319 I/dvm_gc_info(  378): [7449358886915606123,-8935275765112514505,-4004398222909016019,7358131]
02-13 14:14:43.869 I/dvm_gc_info(  662): [8517260637557065316,-8954134657288390602,-4004679697885726675,7358131]
02-13 14:14:43.970 I/google_http_request(  378): [1188,200,AndroidC2DM/1.0,1]
02-13 14:14:44.120 I/dvm_gc_info(  662): [8517260637557057075,-9021125564306585546,-4004679697885726675,7358131]
02-13 14:14:44.160 I/dvm_gc_info(  662): [8517260637557105362,-9199017612115216328,-4004116747932305363,7358131]
02-13 14:14:44.660 I/am_create_service(  256): [1083119376,com.locationlabs.v3client/.ConfigurationService,act=com.locationlabs.v3client.action.CHECK_CONFIGURATION pkg=com.locationlabs.v3client,662]
02-13 14:14:44.670 I/am_destroy_service(  256): [1083119376,com.locationlabs.v3client/.ConfigurationService,662]
02-13 14:14:45.391 I/dvm_gc_info(  662): [8517260637557028501,-8937245883774281674,-4004679697885726675,7358131]
02-13 14:14:46.152 I/am_create_service(  256): [1083152104,com.locationlabs.v3client/.ConfigurationService,act=com.locationlabs.v3client.action.CHECK_CONFIGURATION pkg=com.locationlabs.v3client,662]
02-13 14:14:46.162 I/am_destroy_service(  256): [1083152104,com.locationlabs.v3client/.ConfigurationService,662]
02-13 14:14:46.232 I/dvm_gc_info(  662): [8517260637557028457,-8995792678930098122,-4004679697885726675,7358131]
02-13 14:14:47.133 I/dvm_gc_info(  662): [8517260637557024325,-8987066954635290567,-4003835272955594707,7358131]
02-13 14:14:47.373 I/am_destroy_service(  256): [1082420104,com.locationlabs.v3client/.V3ApiService,662]
02-13 14:14:47.873 I/dvm_gc_madvise_info(  326): [258048,135168]
02-13 14:14:48.354 I/dvm_gc_madvise_info(  378): [167936,135168]
02-13 14:14:52.168 I/dvm_gc_madvise_info(  662): [249856,135168]
02-13 14:15:01.697 I/notification_cancel(  256): [com.android.phone,111,0]
02-13 14:15:11.386 I/battery_level(  256): [74,3930,360]
02-13 14:15:17.042 I/notification_cancel(  256): [com.android.phone,111,0]
02-13 14:15:19.414 I/am_proc_start(  256): [811,10030,com.android.mms,service,com.android.mms/.transaction.TransactionService]
02-13 14:15:19.434 I/dvm_gc_madvise_info(  811): [368640,135168]
02-13 14:15:19.434 I/am_proc_bound(  256): [811,com.android.mms]
02-13 14:15:19.444 I/am_create_service(  256): [1083372976,com.android.mms/.transaction.TransactionService,act=android.intent.action.ACTION_ONALARM,811]
02-13 14:15:19.624 I/am_destroy_service(  256): [1083372976,com.android.mms/.transaction.TransactionService,811]
02-13 14:15:22.157 I/notification_cancel(  256): [com.android.phone,111,0]
02-13 14:15:23.048 I/screen_toggled(  256): 2
02-13 14:15:23.618 I/dvm_gc_info(  326): [8320808730291721499,-9056873298716080077,-4004398222909016019,7358198]
02-13 14:15:24.749 I/am_create_service(  256): [1082850472,com.sprint.w.installer/.delivery.ReportPostService,,564]
02-13 14:15:24.789 I/am_destroy_service(  256): [1082850472,com.sprint.w.installer/.delivery.ReportPostService,564]
02-13 14:15:24.829 I/notification_cancel(  256): [com.android.mms,789,0]
02-13 14:15:24.910 I/notification_cancel(  256): [com.android.mms,123,0]
02-13 14:15:24.910 I/notification_cancel(  256): [com.android.mms,531,0]
02-13 14:15:24.910 I/notification_cancel(  256): [com.android.mms,999,0]
02-13 14:15:28.653 I/dvm_gc_madvise_info(  326): [262144,135168]
02-13 14:15:29.774 I/force_gc(  408): bg
02-13 14:15:29.864 I/dvm_gc_info(  408): [7017575181485213003,-9052088155358930891,-4004961172862437331,7358131]
02-13 14:15:32.427 I/notification_cancel(  256): [com.android.phone,111,0]
02-13 14:15:34.919 I/dvm_gc_madvise_info(  408): [200704,135168]
02-13 14:15:37.482 I/notification_cancel(  256): [com.android.phone,111,0]
02-13 14:15:37.532 I/dvm_gc_info(  344): [8099846449757439603,-8942594045787502537,-4004398222909016019,7358131]
02-13 14:15:41.386 I/battery_level(  256): [74,3931,350]
02-13 14:15:42.567 I/dvm_gc_madvise_info(  344): [266240,135168]
02-13 14:15:42.777 I/notification_cancel(  256): [com.android.phone,111,0]
02-13 14:15:42.777 I/binder_sample(  344): [android.os.INetStatService,1,5,com.android.phone,1]
02-13 14:15:43.648 I/binder_sample(  344): [com.android.internal.telephony.ITelephonyRegistry,8,35,com.android.phone,7]
02-13 14:15:44.749 I/notification_cancel(  256): [com.android.phone,111,0]
02-13 14:15:47.772 I/notification_cancel(  256): [com.android.phone,111,0]
02-13 14:15:52.847 I/notification_cancel(  256): [com.android.phone,111,0]
02-13 14:15:57.381 I/battery_level(  256): [73,3934,350]
02-13 14:15:57.541 I/dvm_gc_info(  256): [8320808730291734309,-8908250180644677533,-3981317274818742227,8570915]
02-13 14:15:57.992 I/notification_cancel(  256): [com.android.phone,111,0]
02-13 14:16:02.616 I/dvm_gc_madvise_info(  256): [438272,135168]
02-13 14:16:03.067 I/notification_cancel(  256): [com.android.phone,111,0]
02-13 14:16:08.072 I/force_gc(  564): bg
02-13 14:16:08.092 I/free_storage_changed(  256): 2716397568
02-13 14:16:08.142 I/dvm_gc_info(  564): [7597136565101692460,-9041392518644754384,-4006368547745990611,7358131]
02-13 14:16:08.322 I/notification_cancel(  256): [com.android.phone,111,0]
02-13 14:16:13.157 I/dvm_gc_madvise_info(  564): [241664,135168]
02-13 14:16:13.297 I/notification_cancel(  256): [com.android.phone,111,0]
02-13 14:16:18.492 I/notification_cancel(  256): [com.android.phone,111,0]
02-13 14:16:21.715 I/binder_sample(  344): [com.android.internal.telephony.ITelephonyRegistry,8,22,com.android.phone,4]
02-13 14:16:22.736 I/dvm_gc_info(  364): [7809652345805055314,-9053777073888352205,-3996798398537828307,8546340]
02-13 14:16:23.547 I/notification_cancel(  256): [com.android.phone,111,0]
02-13 14:16:27.771 I/dvm_gc_madvise_info(  364): [274432,135168]
02-13 14:16:28.732 I/notification_cancel(  256): [com.android.phone,111,0]
02-13 14:16:28.782 I/dvm_gc_info(  344): [8099846449757480557,-8954134519832639433,-4004398222909016019,7358131]
02-13 14:16:31.014 I/am_create_task(  256): 5
02-13 14:16:31.014 I/am_create_activity(  256): [1082654760,5,com.google.android.youtube/.app.froyo.phone.HomeActivity,android.intent.action.MAIN,NULL,NULL,270532608]
02-13 14:16:31.024 I/am_pause_activity(  256): [1081158264,com.android.launcher/com.android.launcher2.Launcher]
02-13 14:16:31.054 I/am_on_paused_called(  364): com.android.launcher2.Launcher
02-13 14:16:31.054 I/am_proc_start(  256): [845,10003,com.google.android.youtube,activity,com.google.android.youtube/.app.froyo.phone.HomeActivity]
02-13 14:16:31.094 I/dvm_gc_madvise_info(  845): [368640,135168]
02-13 14:16:31.104 I/dvm_gc_info(  115): [8825198673194574896,-9133153498474641362,-4006087072769275858,7358131]
02-13 14:16:31.104 I/am_proc_bound(  256): [845,com.google.android.youtube]
02-13 14:16:31.114 I/am_restart_activity(  256): [1082654760,5,com.google.android.youtube/.app.froyo.phone.HomeActivity]
02-13 14:16:31.294 I/dvm_gc_info(  115): [8825198673195159600,-9222662541068629970,-4006087072769275858,7358131]
02-13 14:16:31.364 I/dvm_gc_info(  115): [8825198673194692664,-9222662541068629970,-4006087072769275858,7358131]
02-13 14:16:31.394 I/content_query_sample(  845): [content://com.google.android.gsf.gservices,,,,3,com.google.android.youtube,1]
02-13 14:16:31.615 I/dvm_gc_info(  845): [8750341744043812446,-8984534229701433293,-4005524122815858643,7358131]
02-13 14:16:31.745 I/dvm_gc_info(  845): [8750341744043812445,-8978060099028273098,-4004398222909016019,7358151]
02-13 14:16:31.805 I/am_on_resume_called(  845): com.google.android.youtube.app.froyo.phone.HomeActivity
02-13 14:16:31.865 I/activity_launch_time(  256): [1082654760,com.google.android.youtube/.app.froyo.phone.HomeActivity,816,124213]
02-13 14:16:33.146 I/dvm_gc_info(  845): [8750341744043816522,-8983970936049878984,-4002427898072041427,7358206]
02-13 14:16:33.817 I/dvm_gc_madvise_info(  344): [253952,135168]
02-13 14:16:33.847 I/notification_cancel(  256): [com.android.phone,111,0]
02-13 14:16:36.329 I/dvm_gc_info(  845): [8750341744043816552,-8925705409678776262,-4001864948118620115,7358206]
02-13 14:16:36.579 I/dvm_gc_info(  845): [8750341744043816566,-8924297828586432452,-4001301998165198803,7358206]
02-13 14:16:36.750 I/dvm_gc_info(  845): [8750341744043935321,-8972711455861172162,-4001301998165198803,7358210]
02-13 14:16:37.010 I/dvm_gc_info(  845): [8750341744043861593,-9003955040702842816,-3997642823467960275,7894866]
02-13 14:16:38.631 I/am_create_activity(  256): [1083178832,5,com.google.android.youtube/.app.froyo.phone.WatchActivity,NULL,NULL,NULL,0]
02-13 14:16:38.631 I/am_pause_activity(  256): [1082654760,com.google.android.youtube/.app.froyo.phone.HomeActivity]
02-13 14:16:38.631 I/am_on_paused_called(  845): com.google.android.youtube.app.froyo.phone.HomeActivity
02-13 14:16:38.631 I/am_restart_activity(  256): [1083178832,5,com.google.android.youtube/.app.froyo.phone.WatchActivity]
02-13 14:16:38.712 I/dvm_gc_info(  845): [8750341744043898428,-9016902889631537088,-3997642823467960275,7894919]
02-13 14:16:38.882 I/dvm_gc_info(  845): [8750341744043890068,-9054057586557315006,-3997642823467960275,8525856]
02-13 14:16:38.962 I/notification_cancel(  256): [com.android.phone,111,0]
02-13 14:16:39.032 I/am_on_resume_called(  845): com.google.android.youtube.app.froyo.phone.WatchActivity
02-13 14:16:39.392 I/activity_launch_time(  256): [1083178832,com.google.android.youtube/.app.froyo.phone.WatchActivity,756,756]
02-13 14:16:40.313 I/dvm_gc_info(  845): [8750341744043861631,-8925422972243351482,-3990324474073483219,8558626]
02-13 14:16:41.364 I/dvm_gc_info(  845): [8750341744043857682,-8910785448770295735,-3990605949050193875,8550379]
02-13 14:16:42.185 I/dvm_gc_info(  845): [8750341744043923022,-8974117112170375086,-3987228249329666003,8550379]
02-13 14:16:44.067 I/notification_cancel(  256): [com.android.phone,111,0]
02-13 14:16:47.240 I/dvm_gc_madvise_info(  845): [163840,135168]
02-13 14:16:49.102 I/force_gc(  364): bg
02-13 14:16:49.132 I/dvm_gc_info(  364): [7809652345805092096,-9058562148408543180,-3992576273887168467,8603695]
02-13 14:16:54.177 I/dvm_gc_madvise_info(  364): [274432,135168]
02-13 14:16:54.347 I/notification_cancel(  256): [com.android.phone,111,0]
02-13 14:16:55.348 I/binder_sample(  344): [com.android.internal.telephony.ITelephonyRegistry,8,46,com.android.phone,9]
02-13 14:16:59.472 I/notification_cancel(  256): [com.android.phone,111,0]
02-13 14:16:59.782 I/binder_sample(  344): [android.os.INetStatService,1,24,com.android.phone,4]
02-13 14:17:03.035 I/db_sample(  845): [/data/data/com.google.android.youtube/databases/google_analytics.db,COMMIT;SELECT event_id FROM events ORDER BY event_id DESC,35,,8]
02-13 14:17:04.547 I/notification_cancel(  256): [com.android.phone,111,0]
02-13 14:17:05.418 I/dvm_gc_info(  845): [8750341744043894547,-8918384310749976489,-3983850549609138131,8550436]
02-13 14:17:05.558 I/configuration_changed(  256): 128
02-13 14:17:07.069 I/dvm_gc_info(  256): [8320808730292209324,-8918383279823050653,-3982161699748874195,8558625]
02-13 14:17:07.089 I/configuration_changed(  256): 128
02-13 14:17:07.199 I/configuration_changed(  256): 128
02-13 14:17:07.349 I/notification_cancel(  256): [com.android.phone,111,0]
02-13 14:17:09.582 I/dvm_gc_info(  256): [8320808730292127199,-9032380645407668127,-3982443174725584851,8558625]
02-13 14:17:09.822 I/configuration_changed(  256): 128
02-13 14:17:10.463 I/dvm_gc_madvise_info(  845): [368640,135168]
02-13 14:17:11.043 I/dvm_gc_info(  256): [8320808730292024376,-9136807861767321503,-3982443174725584851,8558625]
02-13 14:17:11.063 I/configuration_changed(  256): 128
02-13 14:17:13.175 I/dvm_gc_info(  256): [8320808730292053071,-9099653164841514911,-3982443174725584851,8558625]
02-13 14:17:13.195 I/configuration_changed(  256): 128
02-13 14:17:15.517 I/dvm_gc_info(  256): [8320808730292081732,-9108941839072966559,-3982443174725584851,8558625]
02-13 14:17:20.592 I/dvm_gc_madvise_info(  256): [487424,135168]
02-13 14:17:22.234 I/binder_sample(  344): [com.android.internal.telephony.ITelephonyRegistry,8,51,com.android.phone,10]
02-13 14:17:27.239 I/force_gc(  571): bg
02-13 14:17:27.339 I/dvm_gc_info(  571): [8299681605908551009,-9056873779836372946,-4006931497699411923,7358131]
02-13 14:17:32.374 I/dvm_gc_madvise_info(  571): [270336,135168]
02-13 14:17:33.205 I/db_sample(  845): [/data/data/com.google.android.youtube/databases/google_analytics.db,DELETE FROM events WHERE event_id=18,39,,8]
02-13 14:17:36.578 I/configuration_changed(  256): 128
02-13 14:17:38.920 I/dvm_gc_info(  256): [8320808730292090057,-9058276343265044382,-3982443174725584851,8558625]
02-13 14:17:42.334 I/configuration_changed(  256): 128
02-13 14:17:44.005 I/dvm_gc_madvise_info(  256): [487424,135168]
02-13 14:17:44.666 I/dvm_gc_info(  256): [8320808730291856539,-9063624367822550943,-3982443174725584851,8558625]
02-13 14:17:44.666 I/am_finish_activity(  256): [1083178832,5,com.google.android.youtube/.app.froyo.phone.WatchActivity,app-request]
02-13 14:17:44.666 I/am_pause_activity(  256): [1083178832,com.google.android.youtube/.app.froyo.phone.WatchActivity]
02-13 14:17:44.716 I/am_on_paused_called(  845): com.google.android.youtube.app.froyo.phone.WatchActivity
02-13 14:17:44.716 I/am_resume_activity(  256): [1082654760,5,com.google.android.youtube/.app.froyo.phone.HomeActivity]
02-13 14:17:44.736 I/am_on_resume_called(  845): com.google.android.youtube.app.froyo.phone.HomeActivity
02-13 14:17:44.986 I/am_finish_activity(  256): [1082654760,5,com.google.android.youtube/.app.froyo.phone.HomeActivity,app-request]
02-13 14:17:44.986 I/am_pause_activity(  256): [1082654760,com.google.android.youtube/.app.froyo.phone.HomeActivity]
02-13 14:17:45.006 I/am_on_paused_called(  845): com.google.android.youtube.app.froyo.phone.HomeActivity
02-13 14:17:45.016 I/am_resume_activity(  256): [1081158264,2,com.android.launcher/com.android.launcher2.Launcher]
02-13 14:17:45.026 I/am_on_resume_called(  364): com.android.launcher2.Launcher
02-13 14:17:45.096 I/am_destroy_activity(  256): [1082654760,5,com.google.android.youtube/.app.froyo.phone.HomeActivity]
02-13 14:17:45.266 I/dvm_gc_info(  845): [8750341744044541632,-8923169247915112362,-3983850549609138131,8550438]
02-13 14:17:45.417 I/am_destroy_activity(  256): [1083178832,5,com.google.android.youtube/.app.froyo.phone.WatchActivity]
02-13 14:17:45.417 I/am_kill (  256): [636,com.android.providers.calendar,14,too many background]
02-13 14:17:45.527 I/am_proc_died(  256): [636,com.android.providers.calendar]
02-13 14:17:49.701 I/dvm_gc_madvise_info(  256): [499712,135168]
02-13 14:17:50.291 I/dvm_gc_madvise_info(  845): [589824,135168]
02-13 14:17:53.575 I/binder_sample(  344): [com.android.internal.telephony.ITelephonyRegistry,8,30,com.android.phone,6]
02-13 14:17:55.797 I/notification_cancel(  256): [com.android.phone,111,0]
02-13 14:18:00.812 I/notification_cancel(  256): [com.android.phone,111,0]
02-13 14:18:02.313 I/notification_enqueue(  256): [android,17040268,Notification(vibrate=null,sound=null,defaults=0x0,flags=0x2)]
02-13 14:18:02.403 I/dvm_gc_info(  326): [8320808730291705465,-8938653602339166157,-4003553797978884051,7898912]
02-13 14:18:03.504 I/battery_discharge(  256): [235605,75,73]
02-13 14:18:03.504 I/battery_status(  256): [2,2,1,1,Li-ion]
02-13 14:18:03.504 I/battery_level(  256): [73,3925,350]
02-13 14:18:03.604 I/dvm_gc_info(  344): [8099846449757496944,-8954415994809341897,-4004398222909016019,7358131]
02-13 14:18:03.895 I/battery_status(  256): [2,2,1,2,Li-ion]
02-13 14:18:05.406 I/battery_level(  256): [73,3918,350]
02-13 14:18:07.478 I/dvm_gc_madvise_info(  326): [331776,135168]
02-13 14:18:08.139 I/notification_enqueue(  256): [com.android.systemui,17302205,Notification(vibrate=null,sound=null,defaults=0x0,flags=0x2)]
02-13 14:18:08.149 I/am_create_task(  256): 6
02-13 14:18:08.149 I/am_create_activity(  256): [1083241120,6,com.android.systemui/.usb.UsbStorageActivity,NULL,NULL,NULL,276824064]
02-13 14:18:08.159 I/am_pause_activity(  256): [1081158264,com.android.launcher/com.android.launcher2.Launcher]
02-13 14:18:08.159 I/am_on_paused_called(  364): com.android.launcher2.Launcher
02-13 14:18:08.159 I/am_restart_activity(  256): [1083241120,6,com.android.systemui/.usb.UsbStorageActivity]
02-13 14:18:08.239 I/binder_sample(  364): [android.view.IWindowSession,4,16,com.android.launcher,3]
02-13 14:18:08.259 I/am_on_resume_called(  326): com.android.systemui.usb.UsbStorageActivity
02-13 14:18:08.529 I/activity_launch_time(  256): [1083241120,com.android.systemui/.usb.UsbStorageActivity,368,368]
02-13 14:18:08.669 I/dvm_gc_madvise_info(  344): [221184,135168]
02-13 14:18:23.213 I/force_gc(  682): bg
02-13 14:18:23.284 I/dvm_gc_info(  682): [3346293774832940427,-9051806474190190537,-4004398222909016019,7358131]
02-13 14:18:28.218 I/force_gc(  764): bg
02-13 14:18:28.298 I/dvm_gc_madvise_info(  682): [217088,135168]
02-13 14:18:28.308 I/dvm_gc_info(  764): [3345437233800103467,-9030695919622797255,-4004116747932305363,7358131]
02-13 14:18:33.343 I/dvm_gc_madvise_info(  764): [143360,135168]
02-13 14:18:34.384 I/force_gc(  845): bg
02-13 14:18:34.474 I/dvm_gc_info(  845): [8750341744044115521,-9053773637108864938,-3982724649702295507,8579111]
02-13 14:18:39.529 I/dvm_gc_madvise_info(  845): [589824,135168]
02-13 14:18:43.383 I/force_gc(  364): bg
02-13 14:18:43.453 I/dvm_gc_info(  364): [7809652345805239841,-9029007275904288718,-3995109548677564371,8603690]
02-13 14:18:48.488 I/dvm_gc_madvise_info(  364): [274432,135168]
