02-13 16:14:46.625 I/wifi_supplicant_state_changed(  256): 2
02-13 16:14:47.616 I/wifi_supplicant_state_changed(  256): 1
02-13 16:15:02.630 I/wifi_supplicant_state_changed(  256): 2
02-13 16:15:03.611 I/wifi_supplicant_state_changed(  256): 1
02-13 16:15:10.668 I/binder_sample(  326): [com.android.internal.telephony.ITelephony,70,10,com.android.systemui,2]
02-13 16:15:18.636 I/wifi_supplicant_state_changed(  256): 2
02-13 16:15:19.617 I/wifi_supplicant_state_changed(  256): 1
02-13 16:15:34.642 I/wifi_supplicant_state_changed(  256): 2
02-13 16:15:35.613 I/wifi_supplicant_state_changed(  256): 1
02-13 16:15:45.262 I/binder_sample(  344): [android.os.INetStatService,2,22,com.android.phone,4]
02-13 16:15:50.617 I/wifi_supplicant_state_changed(  256): 2
02-13 16:15:51.588 I/wifi_supplicant_state_changed(  256): 1
02-13 16:16:00.167 I/dvm_gc_info(  256): [8320808730291783624,-8890515882420246420,-3969776800773605331,8689722]
02-13 16:16:05.202 I/dvm_gc_madvise_info(  256): [380928,135168]
02-13 16:16:06.613 I/wifi_supplicant_state_changed(  256): 2
02-13 16:16:07.604 I/wifi_supplicant_state_changed(  256): 1
02-13 16:16:21.708 I/binder_sample(  326): [com.android.internal.statusbar.IStatusBarService,4,8,com.android.systemui,1]
02-13 16:16:22.619 I/wifi_supplicant_state_changed(  256): 2
02-13 16:16:23.609 I/wifi_supplicant_state_changed(  256): 1
02-13 16:16:38.634 I/wifi_supplicant_state_changed(  256): 2
02-13 16:16:39.645 I/wifi_supplicant_state_changed(  256): 1
02-13 16:16:48.604 I/binder_sample(  344): [com.android.internal.telephony.ITelephonyRegistry,8,41,com.android.phone,8]
02-13 16:16:54.660 I/wifi_supplicant_state_changed(  256): 2
02-13 16:16:55.651 I/wifi_supplicant_state_changed(  256): 1
02-13 16:17:10.675 I/wifi_supplicant_state_changed(  256): 2
02-13 16:17:11.646 I/wifi_supplicant_state_changed(  256): 1
02-13 16:17:26.671 I/wifi_supplicant_state_changed(  256): 2
02-13 16:17:27.642 I/wifi_supplicant_state_changed(  256): 1
02-13 16:17:42.667 I/wifi_supplicant_state_changed(  256): 2
02-13 16:17:43.638 I/wifi_supplicant_state_changed(  256): 1
02-13 16:17:45.359 I/backup_start(  256): com.android.internal.backup.LocalTransport
02-13 16:17:45.529 I/backup_package(  256): [@pm@,0]
02-13 16:17:45.549 I/backup_package(  256): [com.android.providers.settings,0]
02-13 16:17:45.559 I/backup_package(  256): [com.android.providers.userdictionary,0]
02-13 16:17:45.579 I/backup_package(  256): [android,364]
02-13 16:17:45.589 I/backup_package(  256): [com.android.inputmethod.latin,0]
02-13 16:17:45.609 I/backup_package(  256): [com.android.browser,0]
02-13 16:17:45.629 I/backup_package(  256): [com.android.vending,28]
02-13 16:17:45.629 I/backup_success(  256): [6,275]
02-13 16:17:50.644 I/force_gc( 1948): bg
02-13 16:17:50.734 I/dvm_gc_info( 1948): [7093854921883477545,-9044488812108044240,-4006368547745990611,7358131]
02-13 16:17:51.826 I/binder_sample(  344): [android.os.INetStatService,2,5,com.android.phone,1]
02-13 16:17:55.649 I/force_gc(  734): bg
02-13 16:17:55.749 I/dvm_gc_madvise_info( 1948): [184320,135168]
02-13 16:17:55.779 I/dvm_gc_info(  734): [8531346446661178414,-9145819391339849677,-4005524122815858643,7358131]
02-13 16:17:58.672 I/wifi_supplicant_state_changed(  256): 2
02-13 16:17:59.643 I/wifi_supplicant_state_changed(  256): 1
02-13 16:18:00.814 I/dvm_gc_madvise_info(  734): [180224,135168]
02-13 16:18:05.309 I/force_gc(  408): bg
02-13 16:18:05.379 I/dvm_gc_info(  408): [7017575181485126715,-9131182623814629323,-4005242647839147987,7358131]
02-13 16:18:10.464 I/dvm_gc_madvise_info(  408): [225280,135168]
02-13 16:18:14.658 I/wifi_supplicant_state_changed(  256): 2
02-13 16:18:15.659 I/wifi_supplicant_state_changed(  256): 1
02-13 16:18:30.673 I/wifi_supplicant_state_changed(  256): 2
02-13 16:18:31.674 I/wifi_supplicant_state_changed(  256): 1
02-13 16:18:31.674 I/binder_sample(  344): [com.android.internal.telephony.ITelephonyRegistry,8,51,com.android.phone,10]
02-13 16:18:45.678 I/binder_sample(  326): [com.android.internal.app.IBatteryStats,18,9,com.android.systemui,1]
02-13 16:18:46.699 I/wifi_supplicant_state_changed(  256): 2
02-13 16:18:47.690 I/wifi_supplicant_state_changed(  256): 1
02-13 16:19:00.002 I/am_kill (  256): [571,com.irdeto.providers.drm,14,too many background]
02-13 16:19:00.082 I/am_proc_died(  256): [571,com.irdeto.providers.drm]
02-13 16:19:00.082 I/am_schedule_service_restart(  256): [com.irdeto.providers.drm/.OmaDrmService,13959280]
02-13 16:19:02.725 I/wifi_supplicant_state_changed(  256): 2
02-13 16:19:03.706 I/wifi_supplicant_state_changed(  256): 1
02-13 16:19:18.720 I/wifi_supplicant_state_changed(  256): 2
02-13 16:19:19.701 I/wifi_supplicant_state_changed(  256): 1
02-13 16:19:27.699 I/dvm_gc_info(  326): [8320808730291721825,-8968489812398000077,-4003553797978884051,7898919]
02-13 16:19:30.342 I/binder_sample(  344): [android.os.INetStatService,1,7,com.android.phone,1]
02-13 16:19:32.764 I/dvm_gc_madvise_info(  326): [364544,135168]
02-13 16:19:34.726 I/wifi_supplicant_state_changed(  256): 2
02-13 16:19:35.697 I/wifi_supplicant_state_changed(  256): 1
02-13 16:19:50.912 I/wifi_supplicant_state_changed(  256): 2
02-13 16:19:51.903 I/wifi_supplicant_state_changed(  256): 1
02-13 16:20:06.918 I/wifi_supplicant_state_changed(  256): 2
02-13 16:20:07.939 I/wifi_supplicant_state_changed(  256): 1
02-13 16:20:22.953 I/wifi_supplicant_state_changed(  256): 2
02-13 16:20:23.954 I/wifi_supplicant_state_changed(  256): 1
02-13 16:20:38.899 I/battery_level(  256): [11,3662,360]
02-13 16:20:38.969 I/wifi_supplicant_state_changed(  256): 2
02-13 16:20:39.960 I/wifi_supplicant_state_changed(  256): 1
02-13 16:20:52.172 I/am_create_service(  256): [1083615960,com.google.android.gsf/.checkin.EventLogService,,378]
02-13 16:20:52.212 I/aggregation(  378): 1329171652227
02-13 16:20:52.252 I/am_destroy_service(  256): [1083615960,com.google.android.gsf/.checkin.EventLogService,378]
02-13 16:20:54.985 I/wifi_supplicant_state_changed(  256): 2
02-13 16:20:55.996 I/wifi_supplicant_state_changed(  256): 1
02-13 16:21:10.950 I/binder_sample(  344): [com.android.internal.telephony.ITelephonyRegistry,8,70,com.android.phone,14]
02-13 16:21:11.000 I/wifi_supplicant_state_changed(  256): 2
02-13 16:21:11.981 I/wifi_supplicant_state_changed(  256): 1
02-13 16:21:15.224 I/db_sample(  845): [/data/data/com.google.android.youtube/databases/google_analytics.db,BEGIN EXCLUSIVE;,1,,1]
02-13 16:21:15.244 I/configuration_changed(  256): 128
02-13 16:21:15.305 I/db_sample(  845): [/data/data/com.google.android.youtube/databases/google_analytics.db,COMMIT;SELECT event_id FROM events ORDER BY event_id DESC,73,,15]
02-13 16:21:17.597 I/dvm_gc_info(  256): [8320808730292160272,-8912752405580429205,-3970339750727026643,8689722]
02-13 16:21:22.662 I/dvm_gc_madvise_info(  256): [462848,135168]
02-13 16:21:26.996 I/wifi_supplicant_state_changed(  256): 2
02-13 16:21:27.977 I/wifi_supplicant_state_changed(  256): 1
02-13 16:21:38.888 I/battery_level(  256): [11,3680,350]
02-13 16:21:43.002 I/wifi_supplicant_state_changed(  256): 2
02-13 16:21:43.983 I/wifi_supplicant_state_changed(  256): 1
02-13 16:21:46.175 I/dvm_gc_info(  845): [8750341744044185501,-8889669326632761204,-3954858627007940563,8742991]
02-13 16:21:51.240 I/dvm_gc_madvise_info(  845): [618496,135168]
02-13 16:21:57.065 I/dvm_gc_info(  344): [8099846449757554277,-8971585830932981705,-4004398222909016019,7358131]
02-13 16:21:59.007 I/wifi_supplicant_state_changed(  256): 2
02-13 16:21:59.988 I/wifi_supplicant_state_changed(  256): 1
02-13 16:22:02.110 I/dvm_gc_madvise_info(  344): [323584,135168]
02-13 16:22:15.003 I/wifi_supplicant_state_changed(  256): 2
02-13 16:22:15.994 I/wifi_supplicant_state_changed(  256): 1
02-13 16:22:22.590 I/binder_sample(  344): [com.android.internal.telephony.ITelephonyRegistry,8,18,com.android.phone,3]
02-13 16:22:29.307 I/binder_sample(  344): [com.android.internal.telephony.ITelephonyRegistry,8,17,com.android.phone,3]
02-13 16:22:31.018 I/wifi_supplicant_state_changed(  256): 2
02-13 16:22:31.979 I/wifi_supplicant_state_changed(  256): 1
02-13 16:22:47.004 I/wifi_supplicant_state_changed(  256): 2
02-13 16:22:47.985 I/wifi_supplicant_state_changed(  256): 1
02-13 16:23:03.000 I/wifi_supplicant_state_changed(  256): 2
02-13 16:23:03.981 I/wifi_supplicant_state_changed(  256): 1
02-13 16:23:15.572 I/power_screen_state(  256): [0,3,0,0]
02-13 16:23:15.582 I/power_screen_broadcast_send(  256): 1
02-13 16:23:15.582 I/screen_toggled(  256): 0
02-13 16:23:15.612 I/am_pause_activity(  256): [1081918552,com.google.android.youtube/.app.froyo.phone.WatchActivity]
02-13 16:23:15.722 I/am_on_paused_called(  845): com.google.android.youtube.app.froyo.phone.WatchActivity
02-13 16:23:15.722 I/power_screen_broadcast_done(  256): [0,139,1]
02-13 16:23:20.720 I/am_create_service(  256): [1083455464,com.google.android.gsf/.loginservice.GoogleLoginService,act=android.accounts.AccountAuthenticator,378]
02-13 16:23:20.770 I/am_destroy_service(  256): [1083455464,com.google.android.gsf/.loginservice.GoogleLoginService,378]
02-13 16:23:53.500 I/battery_level(  256): [11,3718,340]
02-13 16:23:56.020 I/wifi_supplicant_state_changed(  256): 2
02-13 16:23:56.852 I/wifi_supplicant_state_changed(  256): 1
02-13 16:25:15.710 I/wifi_supplicant_state_changed(  256): 1
02-13 16:25:15.710 I/wifi_supplicant_state_changed(  256): 8
02-13 16:25:16.800 I/wifi_driver_state_changed(  256): 1
02-13 16:26:54.500 I/battery_level(  256): [11,3730,320]
02-13 16:26:54.510 I/power_screen_state(  256): [1,3,0,0]
02-13 16:26:54.510 I/power_screen_broadcast_send(  256): 1
02-13 16:26:54.510 I/screen_toggled(  256): 1
02-13 16:26:54.520 I/am_resume_activity(  256): [1081918552,7,com.google.android.youtube/.app.froyo.phone.WatchActivity]
02-13 16:26:54.550 I/am_on_resume_called(  845): com.google.android.youtube.app.froyo.phone.WatchActivity
02-13 16:26:54.640 I/power_screen_broadcast_done(  256): [1,125,1]
02-13 16:26:55.340 I/notification_cancel(  256): [com.android.phone,111,0]
02-13 16:26:56.191 I/wifi_driver_state_changed(  256): 0
02-13 16:26:56.201 I/wifi_supplicant_state_changed(  256): 1
02-13 16:26:56.311 I/screen_toggled(  256): 2
02-13 16:26:56.361 I/c2dm    (  378): [-4,NULL,11,9]
02-13 16:26:57.131 I/wifi_supplicant_state_changed(  256): 1
02-13 16:26:57.512 I/notification_cancel(  256): [com.android.phone,111,0]
02-13 16:26:59.073 I/notification_cancel(  256): [com.android.phone,111,0]
02-13 16:27:02.707 I/notification_cancel(  256): [com.android.phone,111,0]
02-13 16:27:12.136 I/wifi_supplicant_state_changed(  256): 2
02-13 16:27:13.117 I/wifi_supplicant_state_changed(  256): 1
02-13 16:27:18.022 I/notification_cancel(  256): [com.android.phone,111,0]
02-13 16:27:23.137 I/notification_cancel(  256): [com.android.phone,111,0]
02-13 16:27:23.147 I/binder_sample(  811): [,2,29,com.android.mms,5]
02-13 16:27:24.478 I/c2dm    (  378): [-7,NULL,12,-1]
02-13 16:27:24.889 I/c2dm    (  378): [8,NULL,10,-1]
02-13 16:27:28.132 I/wifi_supplicant_state_changed(  256): 2
02-13 16:27:28.262 I/notification_cancel(  256): [com.android.phone,111,0]
02-13 16:27:28.312 I/dvm_gc_info(  344): [8099846449757628006,-8963986006561789897,-4004398222909016019,7358131]
02-13 16:27:28.632 I/configuration_changed(  256): 128
02-13 16:27:28.792 I/configuration_changed(  256): 128
02-13 16:27:28.993 I/dvm_gc_info(  339): [7809651225003410986,-9025628888955344842,-3997079873514538963,8525857]
02-13 16:27:29.123 I/wifi_supplicant_state_changed(  256): 1
02-13 16:27:31.075 I/dvm_gc_info(  256): [8320808730292107030,-8910782080709875603,-3966399101053077459,8689733]
02-13 16:27:32.056 I/am_pause_activity(  256): [1081918552,com.google.android.youtube/.app.froyo.phone.WatchActivity]
02-13 16:27:32.056 I/am_task_to_front(  256): 2
02-13 16:27:32.056 I/am_new_intent(  256): [1081586824,2,com.android.launcher/com.android.launcher2.Launcher,android.intent.action.MAIN,NULL,NULL,274726912]
02-13 16:27:32.606 I/am_resume_activity(  256): [1081158264,2,com.android.launcher/com.android.launcher2.Launcher]
02-13 16:27:32.676 I/am_on_resume_called(  364): com.android.launcher2.Launcher
02-13 16:27:32.716 I/am_kill (  256): [467,com.redbend.vdmc,14,too many background]
02-13 16:27:32.726 I/am_proc_died(  256): [467,com.redbend.vdmc]
02-13 16:27:32.726 I/am_schedule_service_restart(  256): [com.redbend.vdmc/.Vdmc,5000]
02-13 16:27:33.357 I/dvm_gc_madvise_info(  344): [311296,135168]
02-13 16:27:33.997 I/dvm_gc_madvise_info(  339): [536576,135168]
02-13 16:27:34.088 I/am_pause_activity(  256): [1081158264,com.android.launcher/com.android.launcher2.Launcher]
02-13 16:27:34.088 I/am_task_to_front(  256): 10
02-13 16:27:34.098 I/am_finish_activity(  256): [1084259008,10,com.android.mms/.ui.ComposeMessageActivity,reset]
02-13 16:27:34.098 I/am_destroy_activity(  256): [1084259008,10,com.android.mms/.ui.ComposeMessageActivity]
02-13 16:27:34.138 I/am_on_paused_called(  364): com.android.launcher2.Launcher
02-13 16:27:34.158 I/am_resume_activity(  256): [1083402448,10,com.android.mms/.ui.ConversationList]
02-13 16:27:34.158 I/notification_cancel(  256): [com.android.mms,239,0]
02-13 16:27:34.158 I/am_on_resume_called(  811): com.android.mms.ui.ConversationList
02-13 16:27:34.238 I/notification_cancel(  256): [com.android.mms,789,0]
02-13 16:27:34.258 I/notification_cancel(  256): [com.android.mms,531,0]
02-13 16:27:34.258 I/notification_cancel(  256): [com.android.mms,999,0]
02-13 16:27:34.268 I/notification_cancel(  256): [com.android.mms,123,0]
02-13 16:27:35.979 I/am_create_activity(  256): [1082642904,10,com.android.mms/.ui.ComposeMessageActivity,NULL,NULL,content://mms-sms/conversations/1,0]
02-13 16:27:35.979 I/am_pause_activity(  256): [1083402448,com.android.mms/.ui.ConversationList]
02-13 16:27:35.989 I/am_on_paused_called(  811): com.android.mms.ui.ConversationList
02-13 16:27:36.009 I/am_restart_activity(  256): [1082642904,10,com.android.mms/.ui.ComposeMessageActivity]
02-13 16:27:36.099 I/dvm_gc_madvise_info(  256): [540672,135168]
02-13 16:27:36.099 I/dvm_gc_info(  811): [7218827569569936978,-8965111768996153290,-4000457573235066835,7898984]
02-13 16:27:36.230 I/am_on_resume_called(  811): com.android.mms.ui.ComposeMessageActivity
02-13 16:27:36.360 I/notification_cancel(  256): [com.android.mms,999,0]
02-13 16:27:36.370 I/notification_cancel(  256): [com.android.mms,789,0]
02-13 16:27:36.400 I/notification_cancel(  256): [com.android.mms,531,0]
02-13 16:27:36.400 I/notification_cancel(  256): [com.android.mms,123,0]
02-13 16:27:36.590 I/activity_launch_time(  256): [1082642904,com.android.mms/.ui.ComposeMessageActivity,596,596]
02-13 16:27:37.721 I/am_proc_start(  256): [3056,1000,com.redbend.vdmc,service,com.redbend.vdmc/.Vdmc]
02-13 16:27:37.761 I/dvm_gc_madvise_info( 3056): [376832,135168]
02-13 16:27:37.801 I/am_proc_bound(  256): [3056,com.redbend.vdmc]
02-13 16:27:37.801 I/am_create_service(  256): [1083097800,com.redbend.vdmc/.Vdmc,,3056]
02-13 16:27:37.871 I/dvm_gc_info(  339): [7809651225003181605,-9032102813419694027,-3997079873514538963,8521726]
02-13 16:27:38.031 I/dvm_gc_info(  339): [7809651225003287895,-9048991312022337483,-3997079873514538963,8353723]
02-13 16:27:39.393 I/binder_sample(  344): [com.android.internal.telephony.ITelephonyRegistry,8,36,com.android.phone,7]
02-13 16:27:41.184 I/dvm_gc_madvise_info(  811): [376832,135168]
02-13 16:27:41.615 I/binder_sample(  344): [com.android.internal.telephony.ITelephonyRegistry,8,30,com.android.phone,6]
02-13 16:27:43.056 I/dvm_gc_madvise_info(  339): [630784,135168]
02-13 16:27:44.137 I/wifi_supplicant_state_changed(  256): 2
02-13 16:27:44.818 I/am_on_paused_called(  845): com.google.android.youtube.app.froyo.phone.WatchActivity
02-13 16:27:44.828 I/am_failed_to_pause(  256): [1081918552,com.google.android.youtube/.app.froyo.phone.WatchActivity,(none)]
02-13 16:27:45.108 I/wifi_supplicant_state_changed(  256): 1
02-13 16:27:45.148 I/battery_level(  256): [11,3734,330]
02-13 16:27:48.351 I/am_create_service(  256): [1082763280,com.android.mms/.transaction.SmsReceiverService,act=com.android.mms.transaction.SEND_MESSAGE,811]
02-13 16:27:48.462 I/dvm_gc_info(  339): [7809651225003259429,-9025347413978630090,-3997079873514538963,8538146]
02-13 16:27:48.622 I/dvm_gc_info(  344): [8099846449757480524,-9020281001903892424,-4004116747932305363,7358131]
02-13 16:27:48.632 I/am_destroy_service(  256): [1082763280,com.android.mms/.transaction.SmsReceiverService,811]
02-13 16:27:51.064 I/am_create_service(  256): [1083283720,com.android.mms/.transaction.SmsReceiverService,act=com.android.mms.transaction.MESSAGE_SENT dat=content://sms/17,811]
02-13 16:27:51.194 I/notification_cancel(  256): [com.android.mms,789,0]
02-13 16:27:51.194 I/am_destroy_service(  256): [1083283720,com.android.mms/.transaction.SmsReceiverService,811]
02-13 16:27:51.274 I/notification_cancel(  256): [com.android.phone,111,0]
02-13 16:27:51.334 I/dvm_gc_info(  811): [7218827569569748603,-8923734947402864584,-4000457573235066835,8095583]
02-13 16:27:53.506 I/dvm_gc_madvise_info(  339): [634880,135168]
02-13 16:27:53.667 I/dvm_gc_madvise_info(  344): [303104,135168]
02-13 16:27:56.389 I/dvm_gc_madvise_info(  811): [286720,135168]
02-13 16:27:57.721 I/db_sample(  845): [/data/data/com.google.android.youtube/databases/google_analytics.db,DELETE FROM events WHERE event_id=56,39,,8]
02-13 16:28:00.123 I/wifi_supplicant_state_changed(  256): 2
02-13 16:28:01.084 I/wifi_supplicant_state_changed(  256): 1
02-13 16:28:05.068 I/force_gc(  845): bg
02-13 16:28:05.128 I/dvm_gc_info(  845): [8750341744044000936,-9038569589346256758,-3956547476868204499,8742986]
02-13 16:28:10.193 I/dvm_gc_madvise_info(  845): [790528,135168]
02-13 16:28:16.108 I/wifi_supplicant_state_changed(  256): 2
02-13 16:28:17.069 I/wifi_supplicant_state_changed(  256): 1
02-13 16:28:31.423 I/force_gc(  364): bg
02-13 16:28:31.504 I/dvm_gc_info(  364): [7809652345805268231,-9061939848162641869,-3994546598724143059,8603690]
02-13 16:28:32.094 I/wifi_supplicant_state_changed(  256): 2
02-13 16:28:33.065 I/wifi_supplicant_state_changed(  256): 1
02-13 16:28:36.428 I/force_gc(  408): bg
02-13 16:28:36.508 I/dvm_gc_info(  408): [7017575181485151789,-9017185258246809547,-4004961172862437331,7358131]
02-13 16:28:36.508 I/dvm_gc_madvise_info(  364): [274432,135168]
02-13 16:28:36.929 I/binder_sample(  662): [android.app.IActivityManager,16,6,com.locationlabs.v3client,1]
02-13 16:28:36.949 I/am_create_service(  256): [1083400792,com.android.mms/.transaction.SmsReceiverService,act=android.provider.Telephony.SMS_RECEIVED,811]
02-13 16:28:37.129 I/notification_cancel(  256): [com.android.mms,999,0]
02-13 16:28:37.189 I/dvm_gc_info(  344): [8099846449757484642,-8991570554279413704,-4004116747932305363,7358131]
02-13 16:28:37.219 I/notification_cancel(  256): [com.android.mms,123,0]
02-13 16:28:37.219 I/notification_enqueue(  256): [com.android.mms,123,Notification(vibrate=default,sound=content://settings/system/notification_sound,defaults=0x6,flags=0x1)]
02-13 16:28:37.239 I/am_destroy_service(  256): [1083400792,com.android.mms/.transaction.SmsReceiverService,811]
02-13 16:28:37.299 I/dvm_gc_info(  326): [8320808730291664488,-8963986212770596812,-4002709373048752083,7898931]
02-13 16:28:41.543 I/dvm_gc_madvise_info(  408): [221184,135168]
02-13 16:28:42.204 I/dvm_gc_madvise_info(  344): [290816,135168]
02-13 16:28:42.334 I/dvm_gc_madvise_info(  326): [315392,135168]
02-13 16:28:45.167 I/battery_level(  256): [11,3718,320]
02-13 16:28:48.080 I/wifi_supplicant_state_changed(  256): 2
02-13 16:28:49.041 I/wifi_supplicant_state_changed(  256): 1
02-13 16:28:56.298 I/db_sample(  344): [/data/data/com.android.providers.telephony/databases/mmssms.db,UPDATE threads SET read=? WHERE _id=1,3,,1]
02-13 16:28:56.338 I/notification_cancel(  256): [com.android.mms,999,0]
02-13 16:28:56.348 I/notification_cancel(  256): [com.android.mms,789,0]
02-13 16:28:56.358 I/notification_cancel(  256): [com.android.mms,531,0]
02-13 16:28:56.368 I/notification_cancel(  256): [com.android.mms,123,0]
02-13 16:29:00.402 I/notification_cancel(  256): [com.android.phone,111,0]
02-13 16:29:00.802 I/notification_cancel(  256): [com.android.mms,999,0]
02-13 16:29:00.812 I/force_gc(  256): Binder
02-13 16:29:00.892 I/dvm_gc_info(  256): [8320808730291893975,-8914722730400614292,-3967806475936630739,8689729]
02-13 16:29:00.902 I/binder_sample(  811): [android.app.IActivityManager,69,73,com.android.mms,14]
02-13 16:29:00.912 I/content_query_sample(  811): [content://sms,thread_id/date/address/subject/body/dest_port,(type = 1 AND seen = 0),date desc,9,,2]
02-13 16:29:00.922 I/notification_cancel(  256): [com.android.mms,123,0]
02-13 16:29:00.932 I/notification_cancel(  256): [com.android.mms,789,0]
02-13 16:29:00.942 I/notification_cancel(  256): [com.android.mms,531,0]
02-13 16:29:04.065 I/wifi_supplicant_state_changed(  256): 2
02-13 16:29:05.036 I/wifi_supplicant_state_changed(  256): 1
02-13 16:29:05.567 I/notification_cancel(  256): [com.android.phone,111,0]
02-13 16:29:05.907 I/dvm_gc_madvise_info(  256): [634880,135168]
02-13 16:29:13.985 I/force_gc(  662): bg
02-13 16:29:14.095 I/dvm_gc_info(  662): [8517260637557404865,-9060531923573557194,-4004679697885726675,7358131]
02-13 16:29:19.130 I/dvm_gc_madvise_info(  662): [450560,135168]
02-13 16:29:20.051 I/wifi_supplicant_state_changed(  256): 2
02-13 16:29:20.812 I/notification_cancel(  256): [com.android.phone,111,0]
02-13 16:29:21.002 I/wifi_supplicant_state_changed(  256): 1
02-13 16:29:21.472 I/am_create_service(  256): [1084138104,com.google.android.apps.maps/com.google.googlenav.prefetch.android.PrefetcherService,,764]
02-13 16:29:26.007 I/notification_cancel(  256): [com.android.phone,111,0]
02-13 16:29:31.532 I/am_destroy_service(  256): [1084138104,com.google.android.apps.maps/com.google.googlenav.prefetch.android.PrefetcherService,764]
02-13 16:29:34.145 I/am_create_service(  256): [1084941760,com.android.mms/.transaction.SmsReceiverService,act=com.android.mms.transaction.SEND_MESSAGE,811]
02-13 16:29:34.245 I/dvm_gc_info(  339): [7809651225003386440,-8973274543287154634,-3997079873514538963,8542245]
02-13 16:29:34.265 I/dvm_gc_info(  344): [8099846449757566575,-8965393381445314504,-4004116747932305363,7358131]
02-13 16:29:34.415 I/am_destroy_service(  256): [1084941760,com.android.mms/.transaction.SmsReceiverService,811]
02-13 16:29:36.016 I/wifi_supplicant_state_changed(  256): 2
02-13 16:29:36.697 I/am_create_service(  256): [1083275376,com.android.mms/.transaction.SmsReceiverService,act=com.android.mms.transaction.MESSAGE_SENT dat=content://sms/19,811]
02-13 16:29:36.847 I/content_query_sample(  811): [content://sms/queued,_id/thread_id/address/body/status,,date ASC,74,,15]
02-13 16:29:36.867 I/dvm_gc_info(  811): [7218827569569789589,-8920357247682328520,-4000176098258356179,8095583]
02-13 16:29:36.887 I/notification_cancel(  256): [com.android.mms,789,0]
02-13 16:29:36.887 I/am_destroy_service(  256): [1083275376,com.android.mms/.transaction.SmsReceiverService,811]
02-13 16:29:36.977 I/wifi_supplicant_state_changed(  256): 1
02-13 16:29:39.270 I/dvm_gc_madvise_info(  339): [598016,135168]
02-13 16:29:39.290 I/dvm_gc_madvise_info(  344): [229376,135168]
02-13 16:29:40.351 I/binder_sample(  326): [com.android.internal.statusbar.IStatusBarService,5,5,com.android.systemui,1]
02-13 16:29:41.352 I/notification_cancel(  256): [com.android.phone,111,0]
02-13 16:29:41.932 I/dvm_gc_madvise_info(  811): [176128,135168]
02-13 16:29:44.655 I/power_sleep_requested(  256): 0
02-13 16:29:44.895 I/power_screen_state(  256): [0,2,0,0]
02-13 16:29:44.895 I/power_screen_broadcast_send(  256): 1
02-13 16:29:44.895 I/screen_toggled(  256): 0
02-13 16:29:44.895 I/am_pause_activity(  256): [1082642904,com.android.mms/.ui.ComposeMessageActivity]
02-13 16:29:44.895 I/am_on_paused_called(  811): com.android.mms.ui.ComposeMessageActivity
02-13 16:29:44.985 I/power_screen_broadcast_done(  256): [0,89,1]
02-13 16:29:45.095 I/dvm_gc_info(  256): [8320808730291865273,-8918663380074551187,-3967806475936630739,8689736]
02-13 16:29:45.135 I/am_create_service(  256): [1084100080,com.google.android.gsf/.loginservice.GoogleLoginService,act=android.accounts.AccountAuthenticator,378]
02-13 16:29:45.155 I/battery_level(  256): [11,3711,310]
02-13 16:29:45.205 I/am_destroy_service(  256): [1084100080,com.google.android.gsf/.loginservice.GoogleLoginService,378]
02-13 16:29:45.265 I/dvm_gc_info(  378): [7449358886915606143,-8961734138011817927,-4003835272955594707,7358131]
02-13 16:30:29.510 I/am_create_service(  256): [1083411448,com.android.mms/.transaction.SmsReceiverService,act=android.provider.Telephony.SMS_RECEIVED,811]
02-13 16:30:29.600 I/content_update_sample(  811): [content://sms/inbox,insert,,52,,11]
02-13 16:30:29.700 I/dvm_gc_info(  344): [8099846449757484633,-9007051677981702087,-4003835272955594707,7358131]
02-13 16:30:29.710 I/content_query_sample(  811): [content://sms/conversations/1,_id/thread_id/address/body/date/read/type/status, (locked=0 AND type!=3) ,date DESC,103,,21]
02-13 16:30:29.740 I/notification_cancel(  256): [com.android.mms,999,0]
02-13 16:30:29.780 I/notification_cancel(  256): [com.android.mms,123,0]
02-13 16:30:29.780 I/notification_enqueue(  256): [com.android.mms,123,Notification(vibrate=default,sound=content://settings/system/notification_sound,defaults=0x6,flags=0x1)]
02-13 16:30:29.830 I/am_destroy_service(  256): [1083411448,com.android.mms/.transaction.SmsReceiverService,811]
02-13 16:30:31.391 I/dvm_gc_madvise_info(  256): [700416,135168]
02-13 16:30:31.461 I/dvm_gc_madvise_info(  378): [311296,135168]
02-13 16:30:32.852 I/power_screen_state(  256): [1,3,0,0]
02-13 16:30:32.852 I/power_screen_broadcast_send(  256): 1
02-13 16:30:32.852 I/screen_toggled(  256): 1
02-13 16:30:32.852 I/am_resume_activity(  256): [1082642904,10,com.android.mms/.ui.ComposeMessageActivity]
02-13 16:30:32.862 I/am_on_resume_called(  811): com.android.mms.ui.ComposeMessageActivity
02-13 16:30:32.922 I/power_screen_broadcast_done(  256): [1,67,1]
02-13 16:30:32.952 I/notification_cancel(  256): [com.android.phone,111,0]
02-13 16:30:33.172 I/wifi_supplicant_state_changed(  256): 2
02-13 16:30:34.143 I/wifi_supplicant_state_changed(  256): 1
02-13 16:30:34.514 I/screen_toggled(  256): 2
02-13 16:30:34.594 I/c2dm    (  378): [-4,NULL,13,10]
02-13 16:30:34.614 I/notification_cancel(  256): [com.android.mms,999,0]
02-13 16:30:34.644 I/notification_cancel(  256): [com.android.mms,789,0]
02-13 16:30:34.664 I/notification_cancel(  256): [com.android.mms,531,0]
02-13 16:30:34.684 I/notification_cancel(  256): [com.android.mms,123,0]
02-13 16:30:34.724 I/dvm_gc_madvise_info(  344): [237568,135168]
02-13 16:30:39.539 I/force_gc(  764): bg
02-13 16:30:39.609 I/dvm_gc_info(  764): [3345437233800078406,-9111478894291023812,-4002990848025462739,7358131]
02-13 16:30:44.654 I/dvm_gc_madvise_info(  764): [294912,135168]
02-13 16:30:48.047 I/force_gc(  408): bg
02-13 16:30:48.127 I/dvm_gc_info(  408): [7017575181485147618,-9042799481127479243,-4005242647839147987,7358131]
02-13 16:30:48.347 I/battery_level(  256): [11,3704,300]
02-13 16:30:49.168 I/wifi_supplicant_state_changed(  256): 2
02-13 16:30:49.198 I/notification_cancel(  256): [com.android.mms,999,0]
02-13 16:30:49.208 I/notification_cancel(  256): [com.android.mms,789,0]
02-13 16:30:49.228 I/notification_cancel(  256): [com.android.mms,531,0]
02-13 16:30:49.238 I/notification_cancel(  256): [com.android.mms,123,0]
02-13 16:30:50.139 I/wifi_supplicant_state_changed(  256): 1
02-13 16:30:53.142 I/dvm_gc_madvise_info(  408): [221184,135168]
02-13 16:30:53.753 I/binder_sample(  339): [android.view.IWindowSession,4,21,com.android.inputmethod.latin,4]
02-13 16:31:05.154 I/wifi_supplicant_state_changed(  256): 2
02-13 16:31:06.125 I/wifi_supplicant_state_changed(  256): 1
02-13 16:31:21.129 I/wifi_supplicant_state_changed(  256): 2
02-13 16:31:22.090 I/wifi_supplicant_state_changed(  256): 1
02-13 16:31:23.672 I/dvm_gc_info(  811): [7218827569569789595,-8918386922845366216,-4000457573235066835,8095583]
02-13 16:31:28.737 I/dvm_gc_madvise_info(  811): [184320,135168]
02-13 16:31:33.842 I/force_gc(  256): Binder
02-13 16:31:33.932 I/dvm_gc_info(  256): [8320808730291980041,-8912752405530048402,-3964428776216102867,8755274]
02-13 16:31:37.105 I/wifi_supplicant_state_changed(  256): 2
02-13 16:31:38.076 I/wifi_supplicant_state_changed(  256): 1
02-13 16:31:38.997 I/dvm_gc_madvise_info(  256): [696320,135168]
02-13 16:31:43.801 I/notification_cancel(  256): [com.android.phone,111,0]
02-13 16:31:48.046 I/notification_cancel(  256): [com.android.phone,111,0]
02-13 16:31:50.718 I/binder_sample(  339): [android.view.IWindowSession,4,16,com.android.inputmethod.latin,3]
02-13 16:31:53.090 I/wifi_supplicant_state_changed(  256): 2
02-13 16:31:54.051 I/wifi_supplicant_state_changed(  256): 1
02-13 16:31:59.166 I/notification_cancel(  256): [com.android.phone,111,0]
02-13 16:32:09.066 I/wifi_supplicant_state_changed(  256): 2
02-13 16:32:10.027 I/wifi_supplicant_state_changed(  256): 1
02-13 16:32:14.511 I/notification_cancel(  256): [com.android.phone,111,0]
02-13 16:32:14.551 I/dvm_gc_info(  344): [8099846449757484668,-8938934733634516936,-4004116747932305363,7358131]
02-13 16:32:19.576 I/dvm_gc_madvise_info(  344): [249856,135168]
02-13 16:32:19.656 I/notification_cancel(  256): [com.android.phone,111,0]
02-13 16:32:21.788 I/dvm_gc_info(  339): [7809651225003259570,-8915290698084739017,-3997079873514538963,8542245]
02-13 16:32:24.061 I/dvm_gc_info(  811): [7218827569569785506,-8916698073001895881,-4000457573235066835,8095583]
02-13 16:32:25.052 I/wifi_supplicant_state_changed(  256): 2
02-13 16:32:26.013 I/wifi_supplicant_state_changed(  256): 1
02-13 16:32:26.833 I/dvm_gc_madvise_info(  339): [184320,135168]
02-13 16:32:29.086 I/dvm_gc_madvise_info(  811): [192512,135168]
02-13 16:32:29.496 I/notification_cancel(  256): [com.android.phone,111,0]
02-13 16:32:36.813 I/am_create_service(  256): [1084049528,com.android.mms/.transaction.SmsReceiverService,act=com.android.mms.transaction.SEND_MESSAGE,811]
02-13 16:32:36.903 I/db_sample(  344): [/data/data/com.android.providers.telephony/databases/mmssms.db,SELECT _id, thread_id, address, body, status FROM sms WHERE (typ,0,,1]
02-13 16:32:36.993 I/am_destroy_service(  256): [1084049528,com.android.mms/.transaction.SmsReceiverService,811]
02-13 16:32:39.306 I/am_create_service(  256): [1083060536,com.android.mms/.transaction.SmsReceiverService,act=com.android.mms.transaction.MESSAGE_SENT dat=content://sms/21,811]
02-13 16:32:39.966 I/db_sample(  344): [/data/data/com.android.providers.telephony/databases/mmssms.db,UPDATE sms SET type=?, read=?, error_code=? WHERE _id=21,644,,100]
02-13 16:32:40.066 I/content_update_sample(  811): [content://sms/21,update,,750,,100]
02-13 16:32:40.126 I/db_sample(  344): [/data/data/com.android.providers.telephony/databases/mmssms.db,SELECT thread_id FROM (SELECT thread_id AS tid, date * 1 AS norm,1,,1]
02-13 16:32:40.126 I/notification_cancel(  256): [com.android.mms,789,0]
02-13 16:32:40.126 I/am_destroy_service(  256): [1083060536,com.android.mms/.transaction.SmsReceiverService,811]
02-13 16:32:41.037 I/wifi_supplicant_state_changed(  256): 2
02-13 16:32:41.998 I/wifi_supplicant_state_changed(  256): 1
02-13 16:32:57.013 I/wifi_supplicant_state_changed(  256): 2
02-13 16:32:58.004 I/wifi_supplicant_state_changed(  256): 1
02-13 16:33:02.698 I/dvm_gc_info(  344): [8099846449757525615,-8981718930094548936,-4004398222909016019,7358131]
02-13 16:33:03.069 I/content_update_sample(  378): [content://com.google.android.providers.talk/s2dids,insert,,127,,26]
02-13 16:33:03.129 I/c2dm    (  378): [3,0:1329172378503980%e7a71353bf887faa,11,13]
02-13 16:33:03.169 I/am_create_service(  256): [1084032648,com.google.android.gsf/.subscribedfeeds.SubscribedFeedsIntentService,act=com.google.android.c2dm.intent.RECEIVE cat=[com.google.android.gsf.subscribedfeeds],378]
02-13 16:33:03.189 I/tickle  (  378): gmail-ls
02-13 16:33:03.189 I/am_destroy_service(  256): [1084032648,com.google.android.gsf/.subscribedfeeds.SubscribedFeedsIntentService,378]
02-13 16:33:03.209 I/sync    (  256): [gmail-ls,0,0,-1565529355]
02-13 16:33:03.209 I/am_create_service(  256): [1084392392,com.google.android.gm/.provider.MailSyncAdapterService,act=android.content.SyncAdapter,608]
02-13 16:33:05.681 I/force_gc(  256): Binder
02-13 16:33:05.801 I/dvm_gc_info(  256): [8320808730292094776,-8908248805902677906,-3965554676122945491,8755271]
02-13 16:33:05.871 I/notification_cancel(  256): [com.android.phone,111,0]
02-13 16:33:06.582 I/google_http_request(  608): [3323,200,Android-GmailProvider/171,1]
02-13 16:33:06.912 I/db_sample(  608): [/data/data/com.google.android.gm/databases/XX@YY,BEGIN EXCLUSIVE;,0,,1]
02-13 16:33:07.203 I/dvm_gc_info(  608): [7594245893398877824,-8920919991410132931,-4001020523188488147,7358197]
02-13 16:33:07.373 I/dvm_gc_info(  608): [7594245893398983891,-9052931755487430595,-4001020523188488147,7358197]
02-13 16:33:07.413 I/am_create_service(  256): [1084984688,com.google.android.gm/.MailIntentService,act=android.intent.action.PROVIDER_CHANGED dat=content://gmail-ls/unread/^i,608]
02-13 16:33:07.413 I/notification_cancel(  256): [com.google.android.gm,-1565531841,0]
02-13 16:33:07.423 I/am_destroy_service(  256): [1084984688,com.google.android.gm/.MailIntentService,608]
02-13 16:33:07.433 I/db_sample(  608): [/data/data/com.google.android.gm/databases/XX@YY,GETLOCK:SELECT value FROM engine_settings WHERE name = ?,1,,1]
02-13 16:33:07.443 I/am_create_service(  256): [1084640512,com.google.android.gm/.MailIntentService,act=android.intent.action.PROVIDER_CHANGED dat=content://gmail-ls/unread/^iim,608]
02-13 16:33:07.443 I/am_destroy_service(  256): [1084640512,com.google.android.gm/.MailIntentService,608]
02-13 16:33:07.463 I/sync_details(  608): [Gmail,912,2982,L1S1]
02-13 16:33:07.463 I/sync    (  256): [gmail-ls,1,0,-1565529355]
02-13 16:33:07.463 I/am_destroy_service(  256): [1084392392,com.google.android.gm/.provider.MailSyncAdapterService,608]
02-13 16:33:07.463 I/notification_cancel(  256): [android,447577556,0]
02-13 16:33:07.733 I/dvm_gc_madvise_info(  344): [245760,135168]
02-13 16:33:10.926 I/dvm_gc_madvise_info(  256): [663552,135168]
02-13 16:33:10.986 I/notification_cancel(  256): [com.android.phone,111,0]
02-13 16:33:11.026 I/dvm_gc_info(  326): [8320808730291623534,-8958638188213094348,-4002990848025462739,7898927]
02-13 16:33:12.268 I/db_sample(  378): [/data/data/com.google.android.gsf/databases/talk.db,INSERT INTO s2dRmqIds(rmq_id) VALUES(?);,1,,1]
02-13 16:33:12.338 I/c2dm    (  378): [3,0:1329172392332879%e7a71353bf887faa,12,-1]
02-13 16:33:12.378 I/am_create_service(  256): [1084483920,com.google.android.gsf/.subscribedfeeds.SubscribedFeedsIntentService,act=com.google.android.c2dm.intent.RECEIVE cat=[com.google.android.gsf.subscribedfeeds],378]
02-13 16:33:12.408 I/tickle  (  378): gmail-ls
02-13 16:33:12.418 I/am_destroy_service(  256): [1084483920,com.google.android.gsf/.subscribedfeeds.SubscribedFeedsIntentService,378]
02-13 16:33:12.438 I/sync    (  256): [gmail-ls,0,0,-1565529355]
02-13 16:33:12.438 I/dvm_gc_madvise_info(  608): [274432,135168]
02-13 16:33:12.438 I/am_create_service(  256): [1084399256,com.google.android.gm/.provider.MailSyncAdapterService,act=android.content.SyncAdapter,608]
02-13 16:33:13.028 I/wifi_supplicant_state_changed(  256): 2
02-13 16:33:13.419 I/google_http_request(  608): [957,200,Android-GmailProvider/171,1]
02-13 16:33:13.889 I/db_sample(  608): [/data/data/com.google.android.gm/databases/XX@YY,COMMIT;SELECT _id, canonicalName, name, numConversations, numUnr,23,,5]
02-13 16:33:13.989 I/wifi_supplicant_state_changed(  256): 1
02-13 16:33:14.860 I/db_sample(  608): [/data/data/com.google.android.gm/databases/XX@YY,COMMIT;SELECT _id, canonicalName, name, numConversations, numUnr,944,,100]
02-13 16:33:14.980 I/db_sample(  608): [/data/data/com.google.android.gm/databases/XX@YY,COMMIT;INSERT OR REPLACE INTO conversation_labels ('labels_id', ,41,,9]
02-13 16:33:15.050 I/dvm_gc_info(  608): [7594245893398910554,-8923734741177235395,-4001020523188488147,7358197]
02-13 16:33:15.080 I/am_create_service(  256): [1084152888,com.google.android.gm/.MailIntentService,act=android.intent.action.PROVIDER_CHANGED dat=content://gmail-ls/unread/^i,608]
02-13 16:33:15.961 I/db_sample(  608): [/data/data/com.google.android.gm/databases/XX@YY,INSERT OR REPLACE  INTO engine_settings(value, name) VALUES(?, ?,868,,100]
02-13 16:33:16.061 I/notification_cancel(  256): [com.android.phone,111,0]
02-13 16:33:16.071 I/dvm_gc_madvise_info(  326): [311296,135168]
02-13 16:33:16.101 I/db_sample(  608): [/data/data/com.google.android.gm/databases/XX@YY,SELECT * FROM
02-13 16:33:16.101 I/db_sample(  608):   conversation_labels
02-13 16:33:16.101 I/db_sample(  608):   INNER JOIN conversations
02-13 16:33:16.101 I/db_sample(  608):  ,120,,25]
02-13 16:33:16.101 I/[206002](  608): [ME.conversationQuery,16,997,1]
02-13 16:33:16.101 I/content_query_sample(  608): [content://gmail-ls/conversations/decidel@gmail.com,_id/subject/snippet/fromAddress/date/personalLevel/labelIds/numMessages/maxMessageId/hasAttachments/hasMessagesWithErrors/forceAllUnread,label:^i,,999,,100]
02-13 16:33:16.111 I/notification_enqueue(  256): [com.google.android.gm,-1565531841,Notification(vibrate=null,sound=content://settings/system/notification_sound,defaults=0x4,flags=0x1)]
02-13 16:33:16.131 I/am_destroy_service(  256): [1084152888,com.google.android.gm/.MailIntentService,608]
02-13 16:33:16.151 I/am_create_service(  256): [1084138104,com.google.android.gm/.MailIntentService,act=android.intent.action.PROVIDER_CHANGED dat=content://gmail-ls/unread/^iim,608]
02-13 16:33:16.171 I/am_destroy_service(  256): [1084138104,com.google.android.gm/.MailIntentService,608]
02-13 16:33:16.202 I/sync_details(  608): [Gmail,646,569,L1S1]
02-13 16:33:16.202 I/sync    (  256): [gmail-ls,1,0,-1565529355]
02-13 16:33:16.202 I/am_destroy_service(  256): [1084399256,com.google.android.gm/.provider.MailSyncAdapterService,608]
02-13 16:33:16.202 I/notification_cancel(  256): [android,447577556,0]
02-13 16:33:18.123 I/am_create_service(  256): [1083984744,com.android.mms/.transaction.SmsReceiverService,act=android.provider.Telephony.SMS_RECEIVED,811]
02-13 16:33:18.294 I/notification_cancel(  256): [com.android.mms,999,0]
02-13 16:33:18.334 I/notification_cancel(  256): [com.android.mms,123,0]
02-13 16:33:18.344 I/notification_enqueue(  256): [com.android.mms,123,Notification(vibrate=default,sound=content://settings/system/notification_sound,defaults=0x6,flags=0x1)]
02-13 16:33:18.374 I/am_destroy_service(  256): [1083984744,com.android.mms/.transaction.SmsReceiverService,811]
02-13 16:33:18.604 I/notification_cancel(  256): [com.android.phone,111,0]
02-13 16:33:20.095 I/dvm_gc_madvise_info(  608): [274432,135168]
02-13 16:33:21.126 I/notification_cancel(  256): [com.android.phone,111,0]
02-13 16:33:24.169 I/notification_cancel(  256): [com.android.mms,999,0]
02-13 16:33:24.189 I/notification_cancel(  256): [com.android.mms,789,0]
02-13 16:33:24.199 I/notification_cancel(  256): [com.android.mms,531,0]
02-13 16:33:24.209 I/notification_cancel(  256): [com.android.mms,123,0]
02-13 16:33:24.299 I/dvm_gc_info(  344): [8099846449757460059,-8987911379582166984,-4004116747932305363,7358131]
02-13 16:33:24.329 I/dvm_gc_info(  811): [7218827569569834634,-8922327572485740487,-3998487248398092243,8095641]
02-13 16:33:24.990 I/dvm_gc_info(  811): [7218827569569834658,-8920638516416710598,-3997642823467960275,8095662]
02-13 16:33:25.090 I/notification_cancel(  256): [com.android.mms,999,0]
02-13 16:33:25.110 I/notification_cancel(  256): [com.android.mms,789,0]
02-13 16:33:25.130 I/notification_cancel(  256): [com.android.mms,531,0]
02-13 16:33:25.130 I/notification_cancel(  256): [com.android.mms,123,0]
02-13 16:33:25.140 I/db_sample(  344): [/data/data/com.android.providers.telephony/databases/mmssms.db,SELECT thread_id, date, address, subject, body, dest_port FROM s,0,,1]
02-13 16:33:28.133 I/am_create_service(  256): [1082766600,com.google.android.gm/.MailIntentService,act=com.google.android.gm.intent.CLEAR_ALL_NEW_MAIL_NOTIFICATIONS,608]
02-13 16:33:28.173 I/am_destroy_service(  256): [1082766600,com.google.android.gm/.MailIntentService,608]
02-13 16:33:29.014 I/wifi_supplicant_state_changed(  256): 2
02-13 16:33:29.364 I/dvm_gc_madvise_info(  344): [241664,135168]
02-13 16:33:30.005 I/wifi_supplicant_state_changed(  256): 1
02-13 16:33:30.065 I/dvm_gc_madvise_info(  811): [212992,135168]
02-13 16:33:31.346 I/notification_cancel(  256): [com.android.phone,111,0]
02-13 16:33:45.020 I/wifi_supplicant_state_changed(  256): 2
02-13 16:33:45.981 I/wifi_supplicant_state_changed(  256): 1
02-13 16:33:47.512 I/force_gc(  608): bg
02-13 16:33:47.542 I/dvm_gc_info(  608): [7594245893398857256,-9032102607210842051,-4001020523188488147,7358197]
02-13 16:33:52.527 I/force_gc(  662): bg
02-13 16:33:52.607 I/dvm_gc_madvise_info(  608): [299008,135168]
02-13 16:33:52.617 I/dvm_gc_info(  662): [8517260637557331051,-9069820597805008842,-4004679697885726675,7358131]
02-13 16:33:57.522 I/force_gc(  408): bg
02-13 16:33:57.602 I/dvm_gc_info(  408): [7017575181485122794,-9061376829590386635,-4005242647839147987,7358131]
02-13 16:33:57.622 I/dvm_gc_madvise_info(  662): [450560,135168]
02-13 16:33:59.304 I/dvm_gc_info(  339): [7809651225003308607,-8976933717984401354,-3997079873514538963,8546338]
02-13 16:34:01.005 I/wifi_supplicant_state_changed(  256): 2
02-13 16:34:01.966 I/wifi_supplicant_state_changed(  256): 1
02-13 16:34:02.737 I/dvm_gc_info(  811): [7218827569569801917,-8918668054140782533,-3997642823467960275,8095656]
02-13 16:34:02.757 I/dvm_gc_madvise_info(  408): [225280,135168]
02-13 16:34:03.227 I/binder_sample(  339): [android.view.IWindowSession,4,14,com.android.inputmethod.latin,2]
02-13 16:34:04.318 I/dvm_gc_madvise_info(  339): [344064,135168]
02-13 16:34:07.462 I/binder_sample(  811): [com.android.internal.view.IInputContextCallback,3,10,com.android.mms,2]
02-13 16:34:07.792 I/dvm_gc_madvise_info(  811): [258048,135168]
02-13 16:34:16.971 I/wifi_supplicant_state_changed(  256): 2
02-13 16:34:17.922 I/wifi_supplicant_state_changed(  256): 1
02-13 16:34:20.754 I/force_gc(  256): Binder
02-13 16:34:20.855 I/dvm_gc_info(  256): [8320808730292004612,-8910782080693077906,-3965554676122945491,8755271]
02-13 16:34:25.890 I/dvm_gc_madvise_info(  256): [688128,135168]
02-13 16:34:32.946 I/wifi_supplicant_state_changed(  256): 2
02-13 16:34:33.917 I/wifi_supplicant_state_changed(  256): 1
02-13 16:34:41.855 I/binder_sample(  811): [com.android.internal.view.IInputContextCallback,3,11,com.android.mms,2]
02-13 16:34:48.351 I/battery_level(  256): [11,3722,290]
02-13 16:34:48.932 I/wifi_supplicant_state_changed(  256): 2
02-13 16:34:49.893 I/wifi_supplicant_state_changed(  256): 1
02-13 16:35:04.167 I/dvm_gc_info(  811): [7218827569569814243,-8913320029600085960,-3999050198351513555,8095628]
02-13 16:35:04.918 I/wifi_supplicant_state_changed(  256): 2
02-13 16:35:05.879 I/wifi_supplicant_state_changed(  256): 1
02-13 16:35:09.222 I/dvm_gc_madvise_info(  811): [225280,135168]
02-13 16:35:12.345 I/am_create_service(  256): [1082428264,com.android.mms/.transaction.SmsReceiverService,act=com.android.mms.transaction.SEND_MESSAGE,811]
02-13 16:35:12.435 I/dvm_gc_info(  339): [7809651225003337391,-8915572173061449673,-3997079873514538963,8534051]
02-13 16:35:12.605 I/am_destroy_service(  256): [1082428264,com.android.mms/.transaction.SmsReceiverService,811]
02-13 16:35:14.897 I/am_create_service(  256): [1083681960,com.android.mms/.transaction.SmsReceiverService,act=com.android.mms.transaction.MESSAGE_SENT dat=content://sms/23,811]
02-13 16:35:14.967 I/content_query_sample(  811): [content://mms-sms/conversations/1,transport_type/_id/thread_id/address/body/date/read/type/status/locked/error_code/dest_port/service_date/expiry/sub/sub_cs/date/read/m_type/msg_box/d_rpt/rr/err_type/locked/m_size/recipient_cc_ids/recipient_bcc_ids/pri,,,28,,6]
02-13 16:35:15.027 I/dvm_gc_info(  344): [8099846449757484628,-9007333152958408647,-4003835272955594707,7358131]
02-13 16:35:15.047 I/db_sample(  344): [/data/data/com.android.providers.telephony/databases/mmssms.db,SELECT transport_type, _id, thread_id, address, body, date, read,5,,2]
02-13 16:35:15.088 I/notification_cancel(  256): [com.android.mms,789,0]
02-13 16:35:15.088 I/am_destroy_service(  256): [1083681960,com.android.mms/.transaction.SmsReceiverService,811]
02-13 16:35:17.470 I/dvm_gc_madvise_info(  339): [180224,135168]
02-13 16:35:20.062 I/dvm_gc_madvise_info(  344): [229376,135168]
02-13 16:35:20.363 I/power_sleep_requested(  256): 0
02-13 16:35:20.583 I/power_screen_state(  256): [0,2,0,0]
02-13 16:35:20.593 I/power_screen_broadcast_send(  256): 1
02-13 16:35:20.603 I/screen_toggled(  256): 0
02-13 16:35:20.623 I/am_pause_activity(  256): [1082642904,com.android.mms/.ui.ComposeMessageActivity]
02-13 16:35:20.673 I/am_on_paused_called(  811): com.android.mms.ui.ComposeMessageActivity
02-13 16:35:20.713 I/power_screen_broadcast_done(  256): [0,115,1]
02-13 16:35:20.773 I/am_create_service(  256): [1084439680,com.google.android.gsf/.loginservice.GoogleLoginService,act=android.accounts.AccountAuthenticator,378]
02-13 16:35:20.823 I/am_destroy_service(  256): [1084439680,com.google.android.gsf/.loginservice.GoogleLoginService,378]
02-13 16:35:20.893 I/wifi_supplicant_state_changed(  256): 2
02-13 16:35:22.500 I/wifi_supplicant_state_changed(  256): 1
02-13 16:36:53.500 I/force_gc(  256): Binder
02-13 16:36:53.590 I/dvm_gc_info(  256): [8320808730291975969,-8911626505606416273,-3963865826262681555,8755275]
02-13 16:36:53.610 I/binder_sample(  344): [android.os.IPowerManager,1,118,com.android.phone,23]
02-13 16:36:53.630 I/am_create_service(  256): [1084922720,com.android.mms/.transaction.SmsReceiverService,act=android.provider.Telephony.SMS_RECEIVED,811]
02-13 16:36:53.830 I/content_query_sample(  811): [content://mms,thread_id/date/_id/sub/sub_cs,(msg_box=1 AND seen=0 AND (m_type=130 OR m_type=160 OR m_type=161 OR m_type=132)),date desc,3,,1]
02-13 16:36:53.850 I/notification_cancel(  256): [com.android.mms,999,0]
02-13 16:36:53.890 I/notification_cancel(  256): [com.android.mms,123,0]
02-13 16:36:53.890 I/notification_enqueue(  256): [com.android.mms,123,Notification(vibrate=default,sound=content://settings/system/notification_sound,defaults=0x6,flags=0x1)]
02-13 16:36:53.930 I/am_destroy_service(  256): [1084922720,com.android.mms/.transaction.SmsReceiverService,811]
02-13 16:36:58.664 I/dvm_gc_madvise_info(  256): [688128,135168]
02-13 16:37:10.500 I/power_screen_state(  256): [1,3,0,0]
02-13 16:37:10.500 I/power_screen_broadcast_send(  256): 1
02-13 16:37:10.500 I/screen_toggled(  256): 1
02-13 16:37:10.510 I/am_resume_activity(  256): [1082642904,10,com.android.mms/.ui.ComposeMessageActivity]
02-13 16:37:10.520 I/am_on_resume_called(  811): com.android.mms.ui.ComposeMessageActivity
02-13 16:37:10.600 I/power_screen_broadcast_done(  256): [1,95,1]
02-13 16:37:10.660 I/notification_cancel(  256): [com.android.phone,111,0]
02-13 16:37:10.660 I/binder_sample(  344): [android.app.INotificationManager,7,24,com.android.phone,4]
02-13 16:37:11.720 I/screen_toggled(  256): 2
02-13 16:37:11.820 I/notification_cancel(  256): [com.android.mms,999,0]
02-13 16:37:11.840 I/notification_cancel(  256): [com.android.mms,789,0]
02-13 16:37:11.850 I/c2dm    (  378): [-4,NULL,14,12]
02-13 16:37:11.880 I/notification_cancel(  256): [com.android.mms,531,0]
02-13 16:37:11.890 I/notification_cancel(  256): [com.android.mms,123,0]
02-13 16:37:12.511 I/dvm_gc_info(  344): [8099846449757525619,-8967363706265511879,-4004116747932305363,7358131]
02-13 16:37:12.941 I/free_storage_changed(  256): 2704629760
02-13 16:37:16.134 I/wifi_supplicant_state_changed(  256): 2
02-13 16:37:16.795 I/notification_cancel(  256): [com.android.phone,111,0]
02-13 16:37:16.835 I/notification_cancel(  256): [com.android.mms,999,0]
02-13 16:37:16.845 I/notification_cancel(  256): [com.android.mms,789,0]
02-13 16:37:16.865 I/notification_cancel(  256): [com.android.mms,531,0]
02-13 16:37:16.865 I/notification_cancel(  256): [com.android.mms,123,0]
02-13 16:37:17.085 I/dvm_gc_info(  339): [7809651225003333164,-9016058739747182538,-3997079873514538963,8546340]
02-13 16:37:17.095 I/wifi_supplicant_state_changed(  256): 1
02-13 16:37:17.556 I/dvm_gc_madvise_info(  344): [196608,135168]
02-13 16:37:19.768 I/dvm_gc_info(  811): [7218827569569867412,-8922327228854806471,-3999050198351513555,8095616]
02-13 16:37:21.860 I/binder_sample(  344): [com.android.internal.telephony.ITelephonyRegistry,6,29,com.android.phone,5]
02-13 16:37:21.860 I/notification_cancel(  256): [com.android.phone,111,0]
02-13 16:37:22.090 I/binder_sample(  811): [com.android.internal.view.IInputContextCallback,3,15,com.android.mms,3]
02-13 16:37:22.090 I/dvm_gc_madvise_info(  339): [294912,135168]
02-13 16:37:24.743 I/binder_sample(  811): [com.android.internal.view.IInputContextCallback,3,8,com.android.mms,1]
02-13 16:37:24.803 I/dvm_gc_madvise_info(  811): [311296,135168]
02-13 16:37:27.826 I/binder_sample(  339): [android.view.IWindowSession,11,13,com.android.inputmethod.latin,2]
02-13 16:37:27.936 I/binder_sample(  339): [com.android.internal.view.IInputContext,6,9,com.android.inputmethod.latin,1]
02-13 16:37:32.110 I/wifi_supplicant_state_changed(  256): 2
02-13 16:37:33.071 I/wifi_supplicant_state_changed(  256): 1
02-13 16:37:33.681 I/dvm_gc_info(  326): [8320808730291668580,-8947379189144664012,-4002990848025462739,7898926]
02-13 16:37:37.235 I/notification_cancel(  256): [com.android.phone,111,0]
02-13 16:37:38.726 I/dvm_gc_madvise_info(  326): [299008,135168]
02-13 16:37:40.909 I/binder_sample(  811): [com.android.internal.view.IInputContextCallback,3,6,com.android.mms,1]
