02-13 14:14:02.835 I/boot_progress_start(  115): 7822
02-13 14:14:04.457 I/boot_progress_preload_start(  115): 9441
02-13 14:14:04.487 I/dvm_gc_info(  115): [8825198673194456264,-9063934019012815298,-4012584086963382722,0]
02-13 14:14:09.061 I/dvm_gc_info(  115): [8825198673194682412,-8859841571167975388,-4012560997233768412,0]
02-13 14:14:09.782 I/dvm_gc_info(  115): [8825198673194645544,-8886300218978715608,-4012560997233706968,0]
02-13 14:14:11.944 I/dvm_gc_info(  115): [8825198673194526717,-8895307418233378771,-4012560997233629139,0]
02-13 14:14:11.974 I/dvm_gc_info(  115): [8825198673194480742,-9066162729096759251,-4012560997233641427,0]
02-13 14:14:12.114 I/dvm_gc_info(  115): [8825198673194480791,-9068696003887138771,-4012560997233625043,6825601]
02-13 14:14:12.174 I/boot_progress_preload_end(  115): 17150
02-13 14:14:12.194 I/dvm_gc_info(  115): [8825198673194484876,-9098813826395170770,-4010027722443220946,7358131]
02-13 14:14:12.214 I/dvm_gc_info(  115): [8825198673194480690,-9133435248530589650,-4010027722443229138,7358131]
02-13 14:14:12.244 I/dvm_gc_info(  115): [8825198673194484295,-9214781516799969234,-4010027722443229138,7358131]
02-13 14:14:12.574 I/boot_progress_system_run(  256): 17554
02-13 14:14:12.855 I/boot_progress_pms_start(  256): 17831
02-13 14:14:12.885 I/dvm_gc_info(  256): [8320808730291697194,-9030977807017125837,-4005524122815858643,7358131]
02-13 14:14:13.085 I/dvm_gc_info(  256): [8320808730291664380,-9028444119809169351,-4003835272955594707,7358131]
02-13 14:14:13.305 I/boot_progress_pms_system_scan_start(  256): 18290
02-13 14:14:13.385 I/dvm_gc_info(  256): [8320808730291705510,-8925423866016159689,-4004398222909016019,7358131]
02-13 14:14:14.106 I/dvm_gc_info(  256): [8320808730291709478,-9022251257954203588,-4002990848025462739,7358131]
02-13 14:14:15.017 I/dvm_gc_info(  256): [8320808730291697212,-9010710646419711937,-4002146423095330771,7358131]
02-13 14:14:15.808 I/dvm_gc_info(  256): [8320808730291668545,-8992695972948350909,-4001020523188488147,7358131]
02-13 14:14:16.418 I/dvm_gc_info(  256): [8320808730291668592,-8925141634923620284,-4000457573235066835,7358131]
02-13 14:14:17.319 I/dvm_gc_info(  256): [8320808730291734075,-9001702759785465783,-3999050198351513555,7358131]
02-13 14:14:17.419 I/boot_progress_pms_data_scan_start(  256): 22403
02-13 14:14:17.800 I/dvm_gc_info(  256): [8320808730291680844,-8985095392478209971,-3997642823467960275,7358131]
02-13 14:14:21.894 I/dvm_gc_info(  256): [8320808730291672635,-9019997945841837996,-3995109548677564371,7358131]
02-13 14:14:22.234 I/dvm_gc_info(  256): [8320808730291680927,-8924295835234531242,-3994265123747432403,7358131]
02-13 14:14:22.484 I/boot_progress_pms_scan_end(  256): 27464
02-13 14:14:22.524 I/dvm_gc_info(  256): [8320808730291685052,-8922606779182245801,-3993702173794011091,7358131]
02-13 14:14:22.644 I/boot_progress_pms_ready(  256): 27627
02-13 14:14:22.704 I/dvm_gc_info(  256): [8320808730291853024,-8919791960712595378,-3997079873514538963,7358131]
02-13 14:14:22.945 I/battery_status(  256): [3,2,1,0,Li-ion]
02-13 14:14:22.945 I/battery_level(  256): [75,3943,360]
02-13 14:14:23.145 I/free_storage_left(  256): [2718887936,35962880,283709440]
02-13 14:14:23.145 I/free_storage_changed(  256): 2718887936
02-13 14:14:23.275 I/dvm_gc_info(  256): [8320808730291668539,-9010989853166720939,-3994546598724143059,7358131]
02-13 14:14:23.475 I/backup_data_changed(  256): android
02-13 14:14:23.535 I/backup_data_changed(  256): com.android.browser
02-13 14:14:23.545 I/backup_data_changed(  256): com.android.inputmethod.latin
02-13 14:14:23.555 I/backup_data_changed(  256): com.android.providers.settings
02-13 14:14:23.555 I/backup_data_changed(  256): com.android.providers.userdictionary
02-13 14:14:23.565 I/backup_data_changed(  256): com.android.vending
02-13 14:14:23.575 I/am_create_service(  256): [1081006088,com.google.android.backup/.BackupTransportService,,256]
02-13 14:14:23.575 I/backup_data_changed(  256): android
02-13 14:14:23.575 I/backup_data_changed(  256): com.android.browser
02-13 14:14:23.575 I/backup_data_changed(  256): com.android.inputmethod.latin
02-13 14:14:23.575 I/backup_data_changed(  256): com.android.providers.settings
02-13 14:14:23.575 I/backup_data_changed(  256): com.android.providers.userdictionary
02-13 14:14:23.575 I/backup_data_changed(  256): com.android.vending
02-13 14:14:23.575 I/backup_data_changed(  256): com.android.vending
02-13 14:14:23.615 I/power_screen_state(  256): [1,3,0,0]
02-13 14:14:23.615 I/power_screen_broadcast_send(  256): 1
02-13 14:14:23.625 I/boot_progress_ams_ready(  256): 28615
02-13 14:14:23.635 I/screen_toggled(  256): 1
02-13 14:14:23.635 I/am_proc_start(  256): [326,1000,com.android.systemui,service,com.android.systemui/.statusbar.StatusBarService]
02-13 14:14:23.635 I/configuration_changed(  256): 512
02-13 14:14:23.645 I/configuration_changed(  256): 504
02-13 14:14:23.785 I/dvm_gc_madvise_info(  326): [380928,135168]
02-13 14:14:23.835 I/am_create_service(  256): [1082380712,android/com.android.internal.service.wallpaper.ImageWallpaper,act=android.service.wallpaper.WallpaperService,256]
02-13 14:14:23.855 I/am_proc_start(  256): [339,10038,com.android.inputmethod.latin,service,com.android.inputmethod.latin/.LatinIME]
02-13 14:14:23.855 I/am_proc_bound(  256): [326,com.android.systemui]
02-13 14:14:23.855 I/am_create_service(  256): [1081414928,com.android.systemui/.statusbar.StatusBarService,,326]
02-13 14:14:23.905 I/am_proc_start(  256): [344,1001,com.android.phone,added application,com.android.phone]
02-13 14:14:23.905 I/am_proc_start(  256): [345,1002,com.broadcom.bt.app.system,added application,com.broadcom.bt.app.system]
02-13 14:14:23.926 I/dvm_gc_madvise_info(  339): [376832,135168]
02-13 14:14:23.976 I/dvm_gc_madvise_info(  345): [376832,135168]
02-13 14:14:23.976 I/dvm_gc_madvise_info(  344): [376832,135168]
02-13 14:14:24.036 I/dvm_gc_info(  256): [8320808730291672735,-8962576157122099112,-3992294798910457811,7358196]
02-13 14:14:24.116 I/dvm_gc_info(  256): [8320808730291840275,-9055462899436623784,-3992294798910457811,7358211]
02-13 14:14:24.136 I/am_create_task(  256): 2
02-13 14:14:24.136 I/am_create_activity(  256): [1081158264,2,com.android.launcher/com.android.launcher2.Launcher,android.intent.action.MAIN,NULL,NULL,268435456]
02-13 14:14:24.146 I/am_proc_start(  256): [364,10037,com.android.launcher,activity,com.android.launcher/com.android.launcher2.Launcher]
02-13 14:14:24.236 I/am_proc_bound(  256): [339,com.android.inputmethod.latin]
02-13 14:14:24.236 I/am_create_service(  256): [1082406648,com.android.inputmethod.latin/.LatinIME,act=android.view.InputMethod,339]
02-13 14:14:24.236 I/am_proc_bound(  256): [345,com.broadcom.bt.app.system]
02-13 14:14:24.236 I/am_proc_bound(  256): [344,com.android.phone]
02-13 14:14:24.246 I/binder_sample(  344): [android.app.IActivityManager,17,222,<pre-initialized>,44]
02-13 14:14:24.246 I/binder_sample(  345): [android.app.IActivityManager,17,237,<pre-initialized>,47]
02-13 14:14:24.246 I/binder_sample(  339): [android.app.IActivityManager,17,230,<pre-initialized>,46]
02-13 14:14:24.256 I/dvm_gc_madvise_info(  364): [376832,135168]
02-13 14:14:24.366 I/am_proc_bound(  256): [364,com.android.launcher]
02-13 14:14:24.366 I/am_restart_activity(  256): [1081158264,2,com.android.launcher/com.android.launcher2.Launcher]
02-13 14:14:24.376 I/notification_cancel(  256): [android,17302240,0]
02-13 14:14:24.426 I/db_sample(  256): [/data/system/accounts.db,SELECT _id, name, type FROM accounts WHERE type=?,0,,1]
02-13 14:14:24.496 I/am_proc_start(  256): [378,10027,com.google.process.gapps,service,com.google.android.gsf/.loginservice.GoogleLoginService]
02-13 14:14:24.536 I/dvm_gc_madvise_info(  378): [372736,135168]
02-13 14:14:24.636 I/am_proc_bound(  256): [378,com.google.process.gapps]
02-13 14:14:24.636 I/am_create_service(  256): [1080372144,com.google.android.gsf/.loginservice.GoogleLoginService,act=android.accounts.AccountAuthenticator,378]
02-13 14:14:24.696 I/binder_sample(  339): [,1,16,com.android.inputmethod.latin,3]
02-13 14:14:24.716 I/binder_sample(  364): [,1,26,com.android.launcher,5]
02-13 14:14:24.766 I/dvm_gc_info(  256): [8320808730291918413,-8993819879536953253,-3992294798910457811,7899012]
02-13 14:14:24.846 I/binder_sample(  326): [,1,15,com.android.systemui,3]
02-13 14:14:25.147 I/binder_sample(  378): [,1,15,com.google.process.gapps,3]
02-13 14:14:25.367 I/dvm_gc_info(  344): [8099846449757480486,-9032385250636957646,-4006087072769279955,7358131]
02-13 14:14:25.427 I/dvm_gc_info(  339): [7809651225004283427,-9041673993655011279,-4010027722443229139,7358207]
02-13 14:14:25.547 I/dvm_gc_info(  364): [7809652345805616612,-9047022155651475408,-4010027722443229139,7358210]
02-13 14:14:25.607 I/dvm_gc_info(  326): [8320808730291705383,-9036044494070454223,-4004961172862437331,7358189]
02-13 14:14:25.657 I/am_create_service(  256): [1082315792,com.google.android.location/.NetworkLocationService,act=com.google.android.location.NetworkLocationProvider,378]
02-13 14:14:25.687 I/dvm_gc_info(  364): [7809652345805067413,-9069258678811604944,-4010027722443229139,7903112]
02-13 14:14:25.727 I/am_proc_start(  256): [408,10007,android.process.acore,content provider,com.android.providers.userdictionary/.UserDictionaryProvider]
02-13 14:14:25.747 I/binder_sample(  326): [android.app.IActivityManager,12,180,com.android.systemui,36]
02-13 14:14:25.757 I/configuration_changed(  256): 3
02-13 14:14:25.757 I/am_on_resume_called(  364): com.android.launcher2.Launcher
02-13 14:14:25.777 I/am_relaunch_resume_activity(  256): [1081158264,2,com.android.launcher/com.android.launcher2.Launcher]
02-13 14:14:25.827 I/dvm_gc_madvise_info(  408): [372736,135168]
02-13 14:14:25.857 I/am_create_service(  256): [1082358664,com.google.android.location/.internal.server.NetworkLocationService,act=com.google.android.location.internal.ANDROID_NLP,378]
02-13 14:14:25.887 I/am_on_paused_called(  364): com.android.launcher2.Launcher
02-13 14:14:25.907 I/am_proc_bound(  256): [408,android.process.acore]
02-13 14:14:25.927 I/notification_cancel(  256): [com.android.phone,2,0]
02-13 14:14:26.038 I/am_create_service(  256): [1081082920,com.android.phone/.BluetoothHeadsetService,act=android.bluetooth.IBluetoothHeadset,344]
02-13 14:14:26.158 I/dvm_gc_info(  378): [7449358886915618372,-9011837508634380239,-4006087072769279955,7358131]
02-13 14:14:26.208 I/binder_sample(  408): [android.app.IActivityManager,12,21,android.process.acore,4]
02-13 14:14:26.208 I/content_query_sample(  344): [content://telephony/carriers/preferapn,_id/name/apn,,name ASC,57,com.android.phone,12]
02-13 14:14:26.238 I/binder_sample(  344): [com.android.internal.telephony.ITelephonyRegistry,14,5,com.android.phone,1]
02-13 14:14:26.298 I/cdma_service_state_change(  344): [1,3]
02-13 14:14:26.328 I/dvm_gc_info(  364): [7809652345805682209,-9045051693375518671,-4010027722443229139,8525856]
02-13 14:14:26.418 I/notification_cancel(  256): [com.android.phone,5,0]
02-13 14:14:26.418 I/notification_cancel(  256): [com.android.phone,6,0]
02-13 14:14:26.498 I/notification_cancel(  256): [com.android.phone,111,0]
02-13 14:14:26.538 I/notification_cancel(  256): [com.android.phone,7,0]
02-13 14:14:26.538 I/notification_cancel(  256): [com.android.phone,7,0]
02-13 14:14:26.678 I/dvm_gc_info(  256): [8320808730291705481,-8935554352998008737,-3984413499562559443,8525797]
02-13 14:14:26.738 I/db_sample(  344): [/data/data/com.android.providers.telephony/databases/telephony.db,UPDATE carriers SET current=? WHERE current IS NOT NULL,28,com.android.phone,6]
02-13 14:14:26.808 I/am_destroy_service(  256): [1080372144,com.google.android.gsf/.loginservice.GoogleLoginService,378]
02-13 14:14:26.818 I/content_update_sample(  344): [content://telephony/carriers/current,insert,,37,com.android.phone,8]
02-13 14:14:26.818 I/notification_cancel(  256): [com.android.phone,7,0]
02-13 14:14:26.818 I/notification_cancel(  256): [com.android.phone,7,0]
02-13 14:14:26.818 I/notification_cancel(  256): [com.android.phone,7,0]
02-13 14:14:26.818 I/notification_cancel(  256): [com.android.phone,7,0]
02-13 14:14:26.828 I/notification_cancel(  256): [com.android.phone,7,0]
02-13 14:14:26.828 I/notification_cancel(  256): [com.android.phone,7,0]
02-13 14:14:26.828 I/notification_cancel(  256): [com.android.phone,7,0]
02-13 14:14:26.828 I/notification_cancel(  256): [com.android.phone,7,0]
02-13 14:14:27.119 I/dvm_gc_info(  344): [8099846449757529663,-8999170859720538058,-4004961172862437331,7358131]
02-13 14:14:27.189 I/dvm_gc_info(  408): [7017575181484930606,-9032385250653730767,-4006087072769279955,7358131]
02-13 14:14:27.269 I/binder_sample(  364): [com.android.internal.appwidget.IAppWidgetService,1,571,com.android.launcher,100]
02-13 14:14:27.269 I/am_on_resume_called(  364): com.android.launcher2.Launcher
02-13 14:14:27.279 I/power_screen_broadcast_done(  256): [1,3635,1]
02-13 14:14:27.369 I/dvm_gc_madvise_info(  430): [372736,135168]
02-13 14:14:27.429 I/dvm_gc_info(  256): [8320808730292172428,-8925139778859743139,-3984413499562559443,8525730]
02-13 14:14:27.429 I/am_proc_start(  256): [430,1000,com.android.settings,broadcast,com.android.settings/.widget.SettingsAppWidgetProvider]
02-13 14:14:27.469 I/dvm_gc_info(  364): [7809652345805341917,-9065599366507620302,-3996798398537828307,8554534]
02-13 14:14:27.529 I/am_proc_bound(  256): [430,com.android.settings]
02-13 14:14:12.510 I/cdma_service_state_change(  344): [3,1]
02-13 14:14:12.640 I/notification_cancel(  256): [com.android.phone,111,0]
02-13 14:14:12.650 I/boot_progress_enable_screen(  256): 32677
02-13 14:14:12.750 I/notification_enqueue(  256): [com.android.systemui,17301675,Notification(vibrate=null,sound=null,defaults=0x0,flags=0x2)]
02-13 14:14:12.870 I/notification_cancel(  256): [com.android.phone,111,0]
02-13 14:14:12.920 I/cdma_service_state_change(  344): [1,0]
02-13 14:14:13.040 I/am_proc_start(  256): [459,10041,com.google.android.partnersetup,broadcast,com.google.android.partnersetup/.PhoneStateReceiver]
02-13 14:14:13.070 I/dvm_gc_madvise_info(  459): [368640,135168]
02-13 14:14:13.210 I/notification_cancel(  256): [com.android.phone,111,0]
02-13 14:14:13.230 I/dvm_gc_info(  115): [8825198673195230252,-9140190372892407762,-4006087072769275858,7358131]
02-13 14:14:13.250 I/notification_cancel(  256): [com.android.phone,111,0]
02-13 14:14:13.280 I/dvm_gc_info(  115): [8825198673194627120,-9222662541068629970,-4006087072769275858,7358131]
02-13 14:14:13.340 I/binder_sample(  430): [android.app.IActivityManager,16,302,com.android.settings,60]
02-13 14:14:13.350 I/dvm_gc_info(  115): [8825198673194635312,-9222662541068629970,-4006087072769275858,7358131]
02-13 14:14:13.420 I/am_proc_bound(  256): [459,com.google.android.partnersetup]
02-13 14:14:13.610 I/notification_cancel(  256): [com.android.phone,111,0]
02-13 14:14:13.630 I/binder_sample(  459): [android.content.IContentProvider,3,48,com.google.android.partnersetup,9]
02-13 14:14:13.710 I/binder_sample(  344): [com.android.internal.telephony.ITelephonyRegistry,14,11,com.android.phone,2]
02-13 14:14:13.730 I/binder_sample(  344): [com.android.internal.telephony.ITelephonyRegistry,14,14,com.android.phone,2]
02-13 14:14:13.850 I/am_proc_start(  256): [467,1000,com.redbend.vdmc,broadcast,com.redbend.vdmc/.MyConnectionChangeReceiver]
02-13 14:14:13.960 I/notification_cancel(  256): [com.android.phone,111,0]
02-13 14:14:13.960 I/notification_cancel(  256): [com.android.phone,111,0]
02-13 14:14:13.960 I/am_proc_bound(  256): [467,com.redbend.vdmc]
02-13 14:14:14.111 I/notification_cancel(  256): [com.android.phone,7,0]
02-13 14:14:14.111 I/notification_cancel(  256): [com.android.phone,7,0]
02-13 14:14:14.111 I/notification_cancel(  256): [com.android.phone,7,0]
02-13 14:14:14.111 I/notification_cancel(  256): [com.android.phone,7,0]
02-13 14:14:14.111 I/notification_cancel(  256): [com.android.phone,7,0]
02-13 14:14:14.111 I/notification_cancel(  256): [com.android.phone,7,0]
02-13 14:14:14.121 I/notification_cancel(  256): [com.android.phone,7,0]
02-13 14:14:14.121 I/notification_cancel(  256): [com.android.phone,7,0]
02-13 14:14:14.121 I/notification_cancel(  256): [com.android.phone,7,0]
02-13 14:14:14.121 I/notification_cancel(  256): [com.android.phone,7,0]
02-13 14:14:14.121 I/notification_cancel(  256): [com.android.phone,7,0]
02-13 14:14:14.121 I/notification_cancel(  256): [com.android.phone,7,0]
02-13 14:14:14.121 I/notification_cancel(  256): [com.android.phone,7,0]
02-13 14:14:14.121 I/notification_cancel(  256): [com.android.phone,7,0]
02-13 14:14:14.121 I/notification_cancel(  256): [com.android.phone,7,0]
02-13 14:14:14.121 I/notification_cancel(  256): [com.android.phone,7,0]
02-13 14:14:14.121 I/notification_cancel(  256): [com.android.phone,7,0]
02-13 14:14:14.121 I/notification_cancel(  256): [com.android.phone,7,0]
02-13 14:14:14.121 I/notification_cancel(  256): [com.android.phone,7,0]
02-13 14:14:14.121 I/notification_cancel(  256): [com.android.phone,7,0]
02-13 14:14:14.221 I/connectivity_state_changed(  256): 3600
02-13 14:14:14.241 I/am_proc_start(  256): [476,10040,com.google.android.googlequicksearchbox,broadcast,com.google.android.googlequicksearchbox/.SearchWidgetProvider]
02-13 14:14:14.261 I/am_proc_bound(  256): [476,com.google.android.googlequicksearchbox]
02-13 14:14:14.271 I/notification_cancel(  256): [com.android.phone,7,0]
02-13 14:14:14.301 I/notification_cancel(  256): [com.android.phone,7,0]
02-13 14:14:14.301 I/notification_cancel(  256): [com.android.phone,7,0]
02-13 14:14:14.301 I/notification_cancel(  256): [com.android.phone,7,0]
02-13 14:14:14.321 I/notification_cancel(  256): [com.android.phone,7,0]
02-13 14:14:14.321 I/notification_cancel(  256): [com.android.phone,7,0]
02-13 14:14:14.321 I/notification_cancel(  256): [com.android.phone,7,0]
02-13 14:14:14.321 I/notification_cancel(  256): [com.android.phone,7,0]
02-13 14:14:14.321 I/notification_cancel(  256): [com.android.phone,7,0]
02-13 14:14:14.321 I/notification_cancel(  256): [com.android.phone,7,0]
02-13 14:14:14.331 I/notification_cancel(  256): [com.android.phone,7,0]
02-13 14:14:14.331 I/notification_cancel(  256): [com.android.phone,111,0]
02-13 14:14:14.481 I/dvm_gc_info(  344): [8099846449757513333,-8925705615921137610,-4004679697885726675,7358131]
02-13 14:14:14.541 I/am_proc_start(  256): [487,1000,com.qualcomm.privinit,broadcast,com.qualcomm.privinit/.BootReciever]
02-13 14:14:14.671 I/dvm_gc_info(  256): [8320808730291984113,-8912191448877897633,-3982443174725584851,8611875]
02-13 14:14:14.671 I/am_proc_bound(  256): [487,com.qualcomm.privinit]
02-13 14:14:14.691 I/am_proc_start(  256): [494,10046,com.cooliris.media,broadcast,com.cooliris.media/com.cooliris.cache.BootReceiver]
02-13 14:14:14.701 I/am_proc_bound(  256): [494,com.cooliris.media]
02-13 14:14:14.721 I/binder_sample(  476): [android.app.IActivityManager,69,137,com.google.android.googlequicksearchbox,27]
02-13 14:14:14.851 I/am_create_service(  256): [1083097800,com.redbend.vdmc/.Vdmc,,467]
02-13 14:14:14.861 I/am_proc_start(  256): [503,10001,zte.com.cn.alarmclock,broadcast,zte.com.cn.alarmclock/.AlarmInitReceiver]
02-13 14:14:14.961 I/dvm_gc_info(  256): [8320808730291828287,-9056306362025519007,-3981880224772163539,8611875]
02-13 14:14:14.961 I/am_proc_bound(  256): [503,zte.com.cn.alarmclock]
02-13 14:14:15.041 I/dvm_gc_info(  256): [8320808730291848750,-9187473357541746590,-3981317274818742227,8611875]
02-13 14:14:15.061 I/am_proc_start(  256): [510,10002,com.sprint.zone,broadcast,com.sprint.zone/.BootCompleteReceiver]
02-13 14:14:15.091 I/am_proc_bound(  256): [510,com.sprint.zone]
02-13 14:14:15.172 I/am_proc_start(  256): [517,10024,android.process.media,content provider,com.android.providers.downloads/.DownloadProvider]
02-13 14:14:15.202 I/am_proc_bound(  256): [517,android.process.media]
02-13 14:14:15.362 I/content_update_sample(  256): [content://downloads/my_downloads,delete,notificationpackage=? AND notificationclass=?,50,,11]
02-13 14:14:15.392 I/db_sample(  510): [/data/data/com.sprint.zone/databases/zone.db,SELECT icon, enabled, sid, desc, visible, expiration, extra, uri,28,com.sprint.zone,6]
02-13 14:14:15.412 I/dvm_gc_madvise_info(  339): [204800,135168]
02-13 14:14:15.442 I/dvm_gc_info(  510): [3349111792835081770,-9046177593232046031,-4006087072769279955,7358172]
02-13 14:14:15.472 I/wifi_supplicant_connection_state_changed(  256): 1
02-13 14:14:15.492 I/connectivity_state_changed(  256): 1
02-13 14:14:15.522 I/dvm_gc_info(  510): [3349111792835134771,-9068695522649429967,-4006087072769279955,8546268]
02-13 14:14:15.582 I/dvm_gc_madvise_info(  326): [176128,135168]
02-13 14:14:15.622 I/am_proc_start(  256): [527,10048,com.android.email,content provider,com.android.email/com.android.exchange.provider.ExchangeProvider]
02-13 14:14:15.632 I/dvm_gc_info(  510): [3349111792835094093,-9058843692306118607,-4006087072769279955,8624185]
02-13 14:14:15.652 I/am_proc_bound(  256): [527,com.android.email]
02-13 14:14:16.002 I/content_query_sample(  527): [content://com.android.email.provider/account,_id,,,101,,21]
02-13 14:14:16.002 I/content_query_sample(  527): [content://com.android.email.provider/account,_id,,,128,,26]
02-13 14:14:16.032 I/dvm_gc_info(  510): [3349111792835450424,-9063628766910187470,-4006087072769279955,8702018]
02-13 14:14:16.122 I/dvm_gc_madvise_info(  378): [176128,135168]
02-13 14:14:16.122 I/dvm_gc_info(  510): [3349111792835114545,-9062221392026630094,-4006087072769279955,8812646]
02-13 14:14:16.293 I/dvm_gc_info(  510): [3349111792835032672,-9048429049028892622,-3968650900866762707,8931447]
02-13 14:14:16.433 I/dvm_gc_info(  510): [3349111792835098200,-9030696125496129486,-3968650900866762707,8812646]
02-13 14:14:16.613 I/dvm_gc_info(  510): [3349111792835171945,-9045332618126649293,-3968650900866762707,8931447]
02-13 14:14:16.723 I/dvm_gc_info(  510): [3349111792835089999,-9033792144081516494,-3968650900866762707,8812646]
02-13 14:14:16.853 I/dvm_gc_info(  510): [3349111792835077737,-9045332618126649293,-3968650900866762707,8931447]
02-13 14:14:16.953 I/dvm_gc_info(  510): [3349111792835077711,-9033792144081516494,-3968650900866762707,8812646]
02-13 14:14:17.073 I/content_query_sample(  510): [content://com.sprint.zone.provider.ZoneProvider/features_tbl,,sid IN ( 100,200,300,700 ),,2,com.sprint.zone,1]
02-13 14:14:17.163 I/dvm_gc_madvise_info(  408): [172032,135168]
02-13 14:14:17.284 I/force_gc(  256): Binder
02-13 14:14:17.374 I/dvm_gc_madvise_info(  364): [139264,135168]
02-13 14:14:17.414 I/dvm_gc_info(  527): [7308604875703678548,-8980312105050757069,-4005524122815858643,7358131]
02-13 14:14:17.504 I/dvm_gc_info(  256): [8320808730292467370,-9030410320570742689,-3982443174725584851,8611876]
02-13 14:14:17.504 I/binder_sample(  510): [android.content.IContentService,1,212,com.sprint.zone,42]
02-13 14:14:17.624 I/db_sample(  408): [:memory:,INSERT INTO applications ('_id', 'name', 'description', 'package,234,,47]
02-13 14:14:17.654 I/notification_cancel(  256): [com.android.systemui,17301675,0]
02-13 14:14:17.674 I/content_query_sample(  339): [content://user_dictionary/words,_id/word/frequency,(locale IS NULL) or (locale=?),,5375,,100]
02-13 14:14:17.774 I/am_proc_start(  256): [538,10005,com.android.voicedialer,broadcast,com.android.voicedialer/.VoiceDialerReceiver]
02-13 14:14:17.784 I/am_proc_bound(  256): [538,com.android.voicedialer]
02-13 14:14:17.834 I/content_query_sample(  339): [content://com.android.contacts/contacts,_id/display_name,,,5349,,100]
02-13 14:14:18.064 I/dvm_gc_info(  339): [7809651225003132121,-9057155048570673101,-4003835272955594707,7882525]
02-13 14:14:18.074 I/db_sample(  408): [:memory:,INSERT INTO applications ('_id', 'name', 'description', 'package,0,,1]
02-13 14:14:18.345 I/dvm_gc_info(  364): [7809652345805100619,-8997482078546229197,-3996798398537828307,8525857]
02-13 14:14:18.375 I/dvm_gc_madvise_info(  467): [249856,135168]
02-13 14:14:18.375 I/dvm_gc_madvise_info(  538): [319488,135168]
02-13 14:14:18.395 I/dvm_gc_madvise_info(  503): [278528,135168]
02-13 14:14:18.415 I/dvm_gc_madvise_info(  517): [229376,135168]
02-13 14:14:18.425 I/dvm_gc_madvise_info(  476): [139264,135168]
02-13 14:14:18.425 I/dvm_gc_madvise_info(  487): [339968,135168]
02-13 14:14:18.425 I/dvm_gc_madvise_info(  494): [184320,135168]
02-13 14:14:18.475 I/am_proc_start(  256): [548,10010,com.swype.android.inputmethod,broadcast,com.swype.android.inputmethod/.SwypeDataInitializer]
02-13 14:14:18.485 I/binder_sample(  339): [android.app.IActivityManager,69,302,com.android.inputmethod.latin,60]
02-13 14:14:18.515 I/notification_cancel(  256): [com.android.phone,111,0]
02-13 14:14:18.555 I/dvm_gc_madvise_info(  548): [368640,135168]
02-13 14:14:18.565 I/am_proc_bound(  256): [548,com.swype.android.inputmethod]
02-13 14:14:18.725 I/am_proc_start(  256): [556,10012,com.sprint.ce.updater,broadcast,com.sprint.ce.updater/.BootCompletedReceiver]
02-13 14:14:18.755 I/dvm_gc_info(  115): [8825198673194542127,-9135968248241747922,-4006087072769275858,7358131]
02-13 14:14:18.765 I/dvm_gc_madvise_info(  556): [368640,135168]
02-13 14:14:18.785 I/am_proc_bound(  256): [556,com.sprint.ce.updater]
02-13 14:14:18.815 I/am_create_service(  256): [1082727288,com.sprint.ce.updater/.UpdaterService,act=com.sprint.action.CLEANUP_FILES,556]
02-13 14:14:18.815 I/dvm_gc_info(  115): [8825198673194590256,-9222662541068629970,-4006087072769275858,7358131]
02-13 14:14:18.845 I/dvm_gc_info(  115): [8825198673194479672,-9222662541068629970,-4006087072769275858,7358131]
02-13 14:14:18.845 I/am_proc_start(  256): [564,10014,com.sprint.w.installer,broadcast,com.sprint.w.installer/.BootListener]
02-13 14:14:18.865 I/am_proc_bound(  256): [564,com.sprint.w.installer]
02-13 14:14:18.935 I/am_create_service(  256): [1082578512,com.sprint.w.installer/com.sprint.id.updater.UpdaterService,,564]
02-13 14:14:19.045 I/am_create_service(  256): [1082749016,com.sprint.w.installer/.DownloadService,act=com.sprint.action.ACTION_CLEANUP,564]
02-13 14:14:19.085 I/am_create_service(  256): [1083262720,com.android.qualcomm/.DunService,,430]
02-13 14:14:19.095 I/am_proc_start(  256): [571,10024,com.irdeto.providers.drm,broadcast,com.irdeto.providers.drm/.OmaDrmReceiver]
02-13 14:14:19.135 I/am_destroy_service(  256): [1082749016,com.sprint.w.installer/.DownloadService,564]
02-13 14:14:19.135 I/am_proc_bound(  256): [571,com.irdeto.providers.drm]
02-13 14:14:19.165 I/am_create_service(  256): [1081804688,com.irdeto.providers.drm/.OmaDrmService,act=android.intent.action.BOOT_COMPLETED,571]
02-13 14:14:19.165 I/am_proc_start(  256): [579,10030,com.android.mms,broadcast,com.android.mms/.transaction.MmsSystemEventReceiver]
02-13 14:14:19.195 I/am_proc_bound(  256): [579,com.android.mms]
02-13 14:14:19.376 I/content_query_sample(  579): [content://mms-sms/conversations?simple=true,_id/date/message_count/recipient_ids/snippet/snippet_cs/read/error/has_attachment/recipient_cc_ids/recipient_bcc_ids/sticktop_date,,,41,,9]
02-13 14:14:19.456 I/notification_cancel(  256): [com.android.mms,999,0]
02-13 14:14:19.466 I/am_create_service(  256): [1081488800,com.android.mms/.transaction.SmsReceiverService,act=android.intent.action.BOOT_COMPLETED,579]
02-13 14:14:19.476 I/am_create_service(  256): [1082355592,com.android.providers.media/.MediaScannerService,,517]
02-13 14:14:19.496 I/am_proc_start(  256): [594,1000,com.android.zte.HiddenMenu,broadcast,com.android.zte.HiddenMenu/.CommandReceiver]
02-13 14:14:19.516 I/dvm_gc_madvise_info(  344): [290816,135168]
02-13 14:14:19.536 I/am_proc_bound(  256): [594,com.android.zte.HiddenMenu]
02-13 14:14:19.566 I/dvm_gc_info(  364): [7809652345805215197,-9039703325052843982,-3996798398537828307,8546341]
02-13 14:14:19.616 I/dvm_gc_info(  430): [8315180330337015348,-9034355575490721743,-4006368547745990611,7358131]
02-13 14:14:19.616 I/notification_cancel(  256): [com.android.mms,123,0]
02-13 14:14:19.636 I/am_create_service(  256): [1082901360,com.google.android.gsf/.checkin.CheckinService,,378]
02-13 14:14:19.656 I/am_create_service(  256): [1083010488,com.google.android.gsf/.update.SystemUpdateService,,378]
02-13 14:14:19.666 I/notification_enqueue(  256): [com.android.mms,123,Notification(vibrate=null,sound=null,defaults=0x4,flags=0x1)]
02-13 14:14:19.746 I/am_create_task(  256): 3
02-13 14:14:19.746 I/am_create_activity(  256): [1082636144,3,com.google.android.gsf/.update.SystemUpdateInstallDialog,NULL,NULL,NULL,276824064]
02-13 14:14:19.746 I/am_pause_activity(  256): [1081158264,com.android.launcher/com.android.launcher2.Launcher]
02-13 14:14:19.756 I/am_on_paused_called(  364): com.android.launcher2.Launcher
02-13 14:14:19.756 I/am_restart_activity(  256): [1082636144,3,com.google.android.gsf/.update.SystemUpdateInstallDialog]
02-13 14:14:19.766 I/notification_cancel(  256): [com.google.android.gsf,2130837525,0]
02-13 14:14:19.766 I/notification_cancel(  256): [com.google.android.gsf,2130837526,0]
02-13 14:14:19.766 I/am_destroy_service(  256): [1083010488,com.google.android.gsf/.update.SystemUpdateService,378]
02-13 14:14:19.766 I/system_update(  378): [512,0,-1,NULL]
02-13 14:14:19.806 I/notification_cancel(  256): [com.android.mms,999,0]
02-13 14:14:19.826 I/notification_cancel(  256): [com.android.mms,123,0]
02-13 14:14:19.896 I/notification_enqueue(  256): [com.android.mms,123,Notification(vibrate=default,sound=content://settings/system/notification_sound,defaults=0x6,flags=0x1)]
02-13 14:14:19.936 I/binder_sample(  459): [android.content.IContentProvider,3,68,com.google.android.partnersetup,13]
02-13 14:14:19.936 I/content_update_sample(  459): [content://com.google.settings/partner,insert,,68,com.google.android.partnersetup,14]
02-13 14:14:19.936 I/am_finish_activity(  256): [1082636144,3,com.google.android.gsf/.update.SystemUpdateInstallDialog,app-request]
02-13 14:14:19.946 I/am_pause_activity(  256): [1082636144,com.google.android.gsf/.update.SystemUpdateInstallDialog]
02-13 14:14:19.946 I/am_destroy_service(  256): [1082901360,com.google.android.gsf/.checkin.CheckinService,378]
02-13 14:14:19.976 I/am_resume_activity(  256): [1081158264,2,com.android.launcher/com.android.launcher2.Launcher]
02-13 14:14:20.036 I/content_update_sample(  459): [content://com.google.settings/partner,insert,,52,com.google.android.partnersetup,11]
02-13 14:14:20.036 I/am_on_resume_called(  364): com.android.launcher2.Launcher
02-13 14:14:20.046 I/activity_launch_time(  256): [1081158264,com.android.launcher/com.android.launcher2.Launcher,10955,10955]
02-13 14:14:20.056 I/am_destroy_activity(  256): [1082636144,3,com.google.android.gsf/.update.SystemUpdateInstallDialog]
02-13 14:14:20.106 I/am_destroy_service(  256): [1081488800,com.android.mms/.transaction.SmsReceiverService,579]
02-13 14:14:20.126 I/binder_sample(  459): [android.content.IContentProvider,3,38,com.google.android.partnersetup,7]
02-13 14:14:20.156 I/db_sample(  517): [/data/data/com.android.providers.media/databases/internal.db,SELECT _id, _data, date_modified FROM video,0,,1]
02-13 14:14:20.166 I/binder_sample(  459): [android.content.IContentProvider,3,45,com.google.android.partnersetup,9]
02-13 14:14:20.176 I/am_create_service(  256): [1082818912,com.google.android.partnersetup/.AppHiderService,,459]
02-13 14:14:20.417 I/am_create_service(  256): [1083086112,com.google.android.partnersetup/.RlzPingService,,459]
02-13 14:14:20.437 I/am_proc_start(  256): [608,10043,com.google.android.gm,broadcast,com.google.android.gm/.MailIntentReceiver]
02-13 14:14:20.527 I/am_proc_bound(  256): [608,com.google.android.gm]
02-13 14:14:20.697 I/am_destroy_service(  256): [1083086112,com.google.android.partnersetup/.RlzPingService,459]
02-13 14:14:20.837 I/notification_cancel(  256): [com.android.phone,111,0]
02-13 14:14:20.857 I/am_create_service(  256): [1083386344,com.google.android.gm/.MailIntentService,act=android.intent.action.BOOT_COMPLETED,608]
02-13 14:14:20.867 I/am_create_service(  256): [1083391512,com.google.android.gm/.downloadprovider.DownloadService,,608]
02-13 14:14:20.887 I/am_create_service(  256): [1083395472,com.android.email/.service.EmailBroadcastProcessorService,,527]
02-13 14:14:20.887 I/am_create_service(  256): [1083401920,com.android.providers.downloads/.DownloadService,,517]
02-13 14:14:20.897 I/am_proc_start(  256): [619,10049,com.dataviz.docstogo,broadcast,com.dataviz.docstogo/com.dataviz.dxtg.common.android.DTGPhoneBootReceiver]
02-13 14:14:20.897 I/notification_cancel_all(  256): [com.android.providers.downloads,0]
02-13 14:14:20.917 I/am_proc_bound(  256): [619,com.dataviz.docstogo]
02-13 14:14:20.947 I/binder_sample(  579): [com.android.internal.telephony.ITelephony,63,70,com.android.mms,14]
02-13 14:14:21.057 I/am_destroy_service(  256): [1082355592,com.android.providers.media/.MediaScannerService,517]
02-13 14:14:21.117 I/am_proc_died(  256): [619,com.dataviz.docstogo]
02-13 14:14:21.117 I/am_broadcast_discard_app(  256): [1082466616,android.intent.action.BOOT_COMPLETED,27,ResolveInfo{4074a460 com.dataviz.dxtg.common.android.DTGPhoneBootReceiver p=0 o=0 m=0x108000}]
02-13 14:14:21.267 I/dvm_gc_info(  408): [7017575181484885568,-9001141184574298059,-4005242647839147987,7358131]
02-13 14:14:21.338 I/am_create_service(  256): [1083544904,com.android.contacts/.LoadGroupService,,408]
02-13 14:14:21.348 I/am_proc_start(  256): [629,10052,com.android.camera,broadcast,com.android.camera/.BootCamera]
02-13 14:14:21.368 I/am_proc_bound(  256): [629,com.android.camera]
02-13 14:14:21.418 I/am_proc_start(  256): [636,10053,com.android.providers.calendar,broadcast,com.android.providers.calendar/.CalendarReceiver]
02-13 14:14:21.428 I/am_proc_bound(  256): [636,com.android.providers.calendar]
02-13 14:14:21.518 I/am_destroy_service(  256): [1082818912,com.google.android.partnersetup/.AppHiderService,459]
02-13 14:14:21.638 I/dvm_gc_info(  256): [8320808730291672851,-8914724105142622111,-3981598749795452883,8570915]
02-13 14:14:21.638 I/am_proc_start(  256): [645,10054,com.android.calendar,broadcast,com.android.calendar/.AlertReceiver]
02-13 14:14:21.648 I/am_create_service(  256): [1083345888,com.android.providers.calendar/.EmptyService,,636]
02-13 14:14:21.668 I/am_proc_bound(  256): [645,com.android.calendar]
02-13 14:14:21.728 I/am_create_service(  256): [1082687304,com.android.calendar/.AlertService,,645]
02-13 14:14:21.728 I/am_proc_start(  256): [652,10033,com.google.android.apps.maps:FriendService,broadcast,com.google.android.apps.maps/com.google.googlenav.friend.android.ServiceReceiver]
02-13 14:14:21.738 I/am_create_service(  256): [1082653112,com.android.email/com.android.exchange.SyncManager,,527]
02-13 14:14:21.768 I/am_proc_bound(  256): [652,com.google.android.apps.maps:FriendService]
02-13 14:14:21.798 I/dvm_gc_info(  527): [7308604875703834192,-9003392846932215754,-4004679697885726675,7358131]
02-13 14:14:21.808 I/am_destroy_service(  256): [1083395472,com.android.email/.service.EmailBroadcastProcessorService,527]
02-13 14:14:21.848 I/am_destroy_service(  256): [1082653112,com.android.email/com.android.exchange.SyncManager,527]
02-13 14:14:21.928 I/am_create_service(  256): [1082622128,com.google.android.gsf/.loginservice.GoogleLoginService,act=android.accounts.AccountAuthenticator,378]
02-13 14:14:21.988 I/dvm_gc_info(  652): [7881704463071761963,-9036888575336032203,-4004961172862437331,7358131]
02-13 14:14:21.988 I/am_destroy_service(  256): [1083386344,com.google.android.gm/.MailIntentService,608]
02-13 14:14:22.158 I/am_destroy_service(  256): [1082622128,com.google.android.gsf/.loginservice.GoogleLoginService,378]
02-13 14:14:22.238 I/am_proc_start(  256): [662,10016,com.locationlabs.v3client,broadcast,com.locationlabs.v3client/.BootCompletedReceiver]
02-13 14:14:22.268 I/am_proc_bound(  256): [662,com.locationlabs.v3client]
02-13 14:14:22.278 I/dvm_gc_info(  115): [8825198673194587184,-9133716448428062674,-4006087072769275858,7358131]
02-13 14:14:22.369 I/dvm_gc_madvise_info(  510): [163840,135168]
02-13 14:14:22.369 I/dvm_gc_info(  115): [8825198673194750008,-9222662541068629970,-4006087072769275858,7358131]
02-13 14:14:22.409 I/dvm_gc_info(  115): [8825198673194553392,-9222662541068629970,-4006087072769275858,7358131]
02-13 14:14:22.419 I/content_query_sample(  517): [content://downloads/all_downloads,_id,status >= '200',lastmod,1410,,100]
02-13 14:14:22.539 I/am_destroy_service(  256): [1083401920,com.android.providers.downloads/.DownloadService,517]
02-13 14:14:22.579 I/content_query_sample(  636): [content://com.android.calendar/calendar_alerts,alarmTime,state=0 AND alarmTime<? AND alarmTime>? AND end>=?,alarmTime ASC,29,,6]
02-13 14:14:22.599 I/binder_sample(  364): [android.content.pm.IPackageManager,25,7,com.android.launcher,1]
02-13 14:14:22.629 I/content_query_sample(  608): [content://gmail-downloads/download,_id,status >= '200',lastmod,701,,100]
02-13 14:14:22.639 I/notification_cancel(  256): [com.android.calendar,0,0]
02-13 14:14:22.649 I/am_destroy_service(  256): [1082687304,com.android.calendar/.AlertService,645]
02-13 14:14:22.649 I/am_kill (  256): [487,com.qualcomm.privinit,12,too many background]
02-13 14:14:22.649 I/am_proc_died(  256): [487,com.qualcomm.privinit]
02-13 14:14:22.659 I/am_destroy_service(  256): [1083391512,com.google.android.gm/.downloadprovider.DownloadService,608]
02-13 14:14:22.659 I/am_kill (  256): [494,com.cooliris.media,14,too many background]
02-13 14:14:22.669 I/am_proc_died(  256): [494,com.cooliris.media]
02-13 14:14:23.019 I/notification_cancel(  256): [com.android.phone,111,0]
02-13 14:14:23.099 I/dvm_gc_madvise_info(  339): [167936,135168]
02-13 14:14:23.440 I/am_proc_start(  256): [672,10031,com.google.android.apps.uploader,broadcast,com.google.android.apps.uploader/.ConnectivityBroadcastReceiver]
02-13 14:14:23.450 I/am_proc_bound(  256): [672,com.google.android.apps.uploader]
02-13 14:14:23.500 I/am_kill (  256): [503,zte.com.cn.alarmclock,14,too many background]
02-13 14:14:23.500 I/am_create_service(  256): [1081971952,com.google.android.gsf/.checkin.CheckinService,,378]
02-13 14:14:23.510 I/am_create_service(  256): [1081311624,com.google.android.gsf/.gtalkservice.service.GTalkService,act=com.google.android.gtalkservice.IGTalkService,378]
02-13 14:14:23.530 I/gtalkservice(  378): 3
02-13 14:14:23.540 I/am_proc_start(  256): [682,10020,com.google.android.apps.plus,broadcast,com.google.android.apps.plus/com.google.android.picasasync.ConnectivityReceiver]
02-13 14:14:23.580 I/am_proc_bound(  256): [682,com.google.android.apps.plus]
02-13 14:14:23.580 I/am_proc_died(  256): [503,zte.com.cn.alarmclock]
02-13 14:14:23.650 I/dvm_gc_info(  378): [7449358886915601991,-9001704203280775117,-4005524122815858643,7358132]
02-13 14:14:23.670 I/binder_sample(  672): [android.app.IActivityManager,16,137,com.google.android.apps.uploader,27]
02-13 14:14:23.730 I/am_create_service(  256): [1083420184,com.google.android.gsf/.loginservice.GoogleLoginService,act=android.accounts.AccountAuthenticator,378]
02-13 14:14:23.910 I/am_destroy_service(  256): [1083420184,com.google.android.gsf/.loginservice.GoogleLoginService,378]
02-13 14:14:23.950 I/content_query_sample(  378): [content://com.google.android.gsf.gservices/prefix,,,,20,com.google.process.gapps,5]
02-13 14:14:23.960 I/content_query_sample(  378): [content://com.google.android.gsf.gservices,,,,0,,1]
02-13 14:14:23.960 I/binder_sample(  378): [android.content.pm.IPackageManager,6,6,com.google.process.gapps,1]
02-13 14:14:24.050 I/dvm_gc_info(  682): [3346293774832723545,-8978623255190501325,-4005524122815858643,7358131]
02-13 14:14:24.170 I/gtalkservice(  378): 0
02-13 14:14:24.170 I/gtalkservice(  378): 1
02-13 14:14:24.180 I/gtalk_connection(  378): 65541
02-13 14:14:24.230 I/dvm_gc_info(  682): [3346293774832690816,-8925142803457038285,-4005524122815858643,7358131]
02-13 14:14:24.260 I/dvm_gc_info(  682): [3346293774832751531,-9189447806588344269,-4005524122815858643,7358131]
02-13 14:14:24.290 I/db_sample(  378): [/data/data/com.google.android.gsf/databases/talk.db,COMMIT;DELETE FROM contacts WHERE account=1 AND type=2,31,,7]
02-13 14:14:24.290 I/dvm_gc_info(  682): [3346293774832759104,-9220972935243683788,-4005242647839147987,7358131]
02-13 14:14:24.310 I/dvm_gc_madvise_info(  608): [163840,135168]
02-13 14:14:24.350 I/am_kill (  256): [510,com.sprint.zone,14,too many background]
02-13 14:14:24.360 I/dvm_gc_madvise_info(  571): [286720,135168]
02-13 14:14:24.370 I/am_create_service(  256): [1082588544,com.android.providers.media/.MediaScannerService,,517]
02-13 14:14:24.380 I/am_proc_start(  256): [697,10046,com.cooliris.media,broadcast,com.cooliris.media/com.cooliris.cache.BootReceiver]
02-13 14:14:24.390 I/am_proc_bound(  256): [697,com.cooliris.media]
02-13 14:14:24.471 I/dvm_gc_madvise_info(  662): [176128,135168]
02-13 14:14:24.501 I/dvm_gc_madvise_info(  594): [262144,135168]
02-13 14:14:24.511 I/am_proc_died(  256): [510,com.sprint.zone]
02-13 14:14:24.531 I/dvm_gc_madvise_info(  645): [253952,135168]
02-13 14:14:24.531 I/dvm_gc_madvise_info(  564): [155648,135168]
02-13 14:14:24.541 I/dvm_gc_madvise_info(  579): [188416,135168]
02-13 14:14:24.551 I/am_proc_start(  256): [706,10028,com.google.android.music:main,broadcast,com.google.android.music/.store.MediaStoreImportService$Receiver]
02-13 14:14:24.571 I/am_proc_bound(  256): [706,com.google.android.music:main]
02-13 14:14:24.581 I/dvm_gc_madvise_info(  364): [270336,135168]
02-13 14:14:24.631 I/dvm_gc_madvise_info(  430): [196608,135168]
02-13 14:14:24.681 I/dvm_gc_madvise_info(  636): [217088,135168]
02-13 14:14:24.681 I/dvm_gc_madvise_info(  629): [286720,135168]
02-13 14:14:24.691 I/dvm_gc_info(  467): [3347973793974007423,-8958638531894441936,-4006368547745990611,7358131]
02-13 14:14:24.691 I/content_query_sample(  682): [content://com.google.android.apps.plus.content.EsGooglePhotoProvider/settings,auto_upload_enabled,,,185,,38]
02-13 14:14:24.731 I/dvm_gc_info(  706): [7887337218879059499,-9042236599893542859,-4004961172862437331,7358131]
02-13 14:14:24.741 I/am_create_service(  256): [1082403144,com.sprint.w.installer/.AlarmService,,564]
02-13 14:14:24.851 I/am_destroy_service(  256): [1082403144,com.sprint.w.installer/.AlarmService,564]
02-13 14:14:24.861 I/content_query_sample(  579): [content://sms/autoSend,_id/thread_id/address/body/status,,date ASC,146,,30]
02-13 14:14:24.941 I/am_destroy_service(  256): [1081971952,com.google.android.gsf/.checkin.CheckinService,378]
02-13 14:14:24.951 I/am_proc_start(  256): [719,10002,com.sprint.zone,broadcast,com.sprint.zone/.PackageUpdateReceiver]
02-13 14:14:24.951 I/am_kill (  256): [538,com.android.voicedialer,12,too many background]
02-13 14:14:24.961 I/am_proc_bound(  256): [719,com.sprint.zone]
02-13 14:14:24.991 I/db_sample(  378): [/data/data/com.google.android.gsf/databases/talk.db,COMMIT;INSERT OR REPLACE  INTO accountStatus(account, connStatus,447,,90]
02-13 14:14:25.011 I/am_proc_died(  256): [538,com.android.voicedialer]
02-13 14:14:25.041 I/content_query_sample(  378): [content://com.google.android.providers.talk/accounts,_id/provider/username/pw,last_login_state=1,,754,,100]
02-13 14:14:25.071 I/content_update_sample(  378): [content://com.google.android.providers.talk/accountStatus,insert,,780,,100]
02-13 14:14:25.111 I/dvm_gc_info(  719): [3349111792835085865,-9046459068208756687,-4006087072769279955,7358172]
02-13 14:14:25.161 I/dvm_gc_info(  719): [3349111792835081523,-9068695522649429967,-4006087072769279955,8546268]
02-13 14:14:25.261 I/dvm_gc_info(  719): [3349111792835094093,-9058843692306118607,-4006087072769279955,8624185]
02-13 14:14:25.341 I/content_query_sample(  682): [content://media/external/fs_id,,,,139,,28]
02-13 14:14:25.361 I/dvm_gc_info(  719): [3349111792835081784,-9063628766910187470,-4006087072769279955,8702018]
02-13 14:14:25.442 I/dvm_gc_info(  719): [3349111792835085873,-9062221392026630094,-4006087072769279955,8812646]
02-13 14:14:25.482 I/dvm_gc_info(  682): [3346293774832993850,-9001140978399070154,-4004679697885726675,7358131]
02-13 14:14:25.512 I/force_gc(  256): Binder
02-13 14:14:25.582 I/dvm_gc_info(  256): [8320808730291873370,-8937523578239399838,-3981598749795452883,8570915]
02-13 14:14:25.662 I/dvm_gc_info(  719): [3349111792835028576,-9048429049028892622,-3968650900866762707,8931447]
02-13 14:14:25.762 I/dvm_gc_info(  719): [3349111792835081816,-9030414650519418830,-3968650900866762707,8812646]
02-13 14:14:25.832 I/content_query_sample(  719): [content://com.sprint.zone.provider.ZoneProvider/versions_tbl,,,,2,com.sprint.zone,1]
02-13 14:14:25.832 I/content_query_sample(  719): [content://com.sprint.zone.provider.ZoneProvider/dummy_tbl,,,,2,com.sprint.zone,1]
02-13 14:14:25.892 I/dvm_gc_info(  719): [3349111792835085929,-9045332618126649293,-3968650900866762707,8931447]
02-13 14:14:26.012 I/dvm_gc_info(  719): [3349111792835122767,-9033792144081516494,-3968650900866762707,8812646]
02-13 14:14:26.032 I/content_update_sample(  517): [content://media/,insert,,1098,,100]
02-13 14:14:26.142 I/content_query_sample(  682): [content://com.google.android.apps.plus.content.EsGooglePhotoProvider/settings,sync_picasa_on_wifi_only,,,199,,40]
02-13 14:14:26.142 I/content_query_sample(  682): [content://media/external/fs_id,,,,119,,24]
02-13 14:14:26.162 I/dvm_gc_info(  719): [3349111792835110505,-9045332618126649293,-3968650900866762707,8931447]
02-13 14:14:26.292 I/dvm_gc_info(  719): [3349111792835077711,-9033792144081516494,-3968650900866762707,8812646]
02-13 14:14:26.362 I/dvm_gc_madvise_info(  408): [196608,135168]
02-13 14:14:26.713 I/am_proc_start(  256): [727,10005,com.android.voicedialer,broadcast,com.android.voicedialer/.VoiceDialerReceiver]
02-13 14:14:26.713 I/am_kill (  256): [548,com.swype.android.inputmethod,12,too many background]
02-13 14:14:26.723 I/am_proc_bound(  256): [727,com.android.voicedialer]
02-13 14:14:26.743 I/am_proc_start(  256): [734,10022,com.android.vending,broadcast,com.android.vending/com.google.android.finsky.receivers.PersistentPackageMonitorReceiver]
02-13 14:14:26.743 I/am_kill (  256): [579,com.android.mms,12,too many background]
02-13 14:14:26.753 I/am_proc_bound(  256): [734,com.android.vending]
02-13 14:14:26.773 I/am_proc_died(  256): [548,com.swype.android.inputmethod]
02-13 14:14:26.783 I/am_proc_died(  256): [579,com.android.mms]
02-13 14:14:26.813 I/dvm_gc_madvise_info(  527): [208896,135168]
02-13 14:14:26.833 I/binder_sample(  719): [android.app.IActivityManager,16,119,com.sprint.zone,23]
02-13 14:14:27.023 I/dvm_gc_madvise_info(  652): [172032,135168]
02-13 14:14:27.083 I/backup_data_changed(  256): com.android.vending
02-13 14:14:27.183 I/dvm_gc_info(  734): [8531346446660683350,-8989037829328795597,-4005524122815858643,7358131]
02-13 14:14:27.223 I/am_destroy_service(  256): [1083345888,com.android.providers.calendar/.EmptyService,636]
02-13 14:14:27.223 I/am_kill (  256): [594,com.android.zte.HiddenMenu,12,too many background]
02-13 14:14:27.283 I/am_proc_died(  256): [594,com.android.zte.HiddenMenu]
02-13 14:14:27.343 I/am_proc_start(  256): [755,10033,com.google.android.apps.maps:LocationFriendService,broadcast,com.google.android.apps.maps/com.google.googlenav.friend.reporting.LocationReportingIntentReceiver]
02-13 14:14:27.343 I/am_kill (  256): [629,com.android.camera,14,too many background]
02-13 14:14:27.363 I/am_proc_died(  256): [629,com.android.camera]
02-13 14:14:27.363 I/am_proc_bound(  256): [755,com.google.android.apps.maps:LocationFriendService]
02-13 14:14:27.413 I/dvm_gc_madvise_info(  755): [163840,135168]
02-13 14:14:27.443 I/dvm_gc_madvise_info(  672): [278528,135168]
02-13 14:14:27.524 I/dvm_gc_madvise_info(  697): [184320,135168]
02-13 14:14:27.534 I/dvm_gc_info(  755): [7881704463071766059,-9037733068985640907,-4004961172862437331,7358131]
02-13 14:14:27.534 I/dvm_gc_madvise_info(  727): [311296,135168]
02-13 14:14:27.654 I/am_create_task(  256): 4
02-13 14:14:27.654 I/am_create_activity(  256): [1083402848,4,com.google.android.apps.maps/com.google.googlenav.login.AndroidLoginActivitySdk5,NULL,NULL,NULL,268435456]
02-13 14:14:27.654 I/am_pause_activity(  256): [1081158264,com.android.launcher/com.android.launcher2.Launcher]
02-13 14:14:27.654 I/am_on_paused_called(  364): com.android.launcher2.Launcher
02-13 14:14:27.654 I/am_proc_start(  256): [764,10033,com.google.android.apps.maps,activity,com.google.android.apps.maps/com.google.googlenav.login.AndroidLoginActivitySdk5]
02-13 14:14:27.674 I/dvm_gc_madvise_info(  764): [368640,135168]
02-13 14:14:27.684 I/am_create_service(  256): [1081537776,com.google.android.music/.store.MediaStoreImportService,act=MediaStoreImportService.import_pending,706]
02-13 14:14:27.694 I/content_query_sample(  734): [content://downloads/my_downloads,_id/uri/status/lastmod/title,,,358,,72]
02-13 14:14:27.694 I/am_proc_bound(  256): [764,com.google.android.apps.maps]
02-13 14:14:27.704 I/am_restart_activity(  256): [1083402848,4,com.google.android.apps.maps/com.google.googlenav.login.AndroidLoginActivitySdk5]
02-13 14:14:27.814 I/am_destroy_service(  256): [1081537776,com.google.android.music/.store.MediaStoreImportService,706]
02-13 14:14:27.854 I/dvm_gc_info(  764): [3345437233799816747,-9037451525289449419,-4004961172862437331,7358131]
02-13 14:14:27.854 I/am_kill (  256): [645,com.android.calendar,12,too many background]
02-13 14:14:27.944 I/am_proc_died(  256): [645,com.android.calendar]
02-13 14:14:27.984 I/am_finish_activity(  256): [1083402848,4,com.google.android.apps.maps/com.google.googlenav.login.AndroidLoginActivitySdk5,app-request]
02-13 14:14:27.984 I/am_pause_activity(  256): [1083402848,com.google.android.apps.maps/com.google.googlenav.login.AndroidLoginActivitySdk5]
02-13 14:14:27.994 I/am_resume_activity(  256): [1081158264,2,com.android.launcher/com.android.launcher2.Launcher]
02-13 14:14:27.994 I/am_on_resume_called(  364): com.android.launcher2.Launcher
