02-13 18:08:31.768 D/RILC    (  114): qmi_ril(0/114): [qmi_cb] qcril_event_queue Event [<Unknown event> ?, 655370] data was NULL!
02-13 18:08:31.768 D/RILC    (  114): qmi_ril(0/114): [event] qcril_event_main qcril_event_main(): 1 items on queue
02-13 18:08:31.768 D/RILC    (  114): qmi_ril(0/114): [event] qcril_event_main RID 0 MID 0 De-queued event <Unknown event> ? (655370)
02-13 18:08:31.768 D/RILC    (  114): qmi_ril(0/114): [event] qcril_process_event RIL <--- <Unknown event> ?(655370), RID 0, MID 0 --- AMSS
02-13 18:08:31.768 I/RILC    (  114): qmi_ril(0/114): [event] qcril_qmi_trigger_propagate_known_signal_strength_ind qcril_qmi_trigger_propagate_known_signal_strength_ind received
02-13 18:08:31.768 I/RILC    (  114): qmi_ril(0/114): [event] qcril_qmi_nas_propagate_known_signal_strength_ind qcril_qmi_nas_propagate_known_signal_strength_ind entered
02-13 18:08:31.768 I/RILC    (  114): qmi_ril(0/114): [event] qcril_qmi_nas_fetch_signal_strength_observations qcril_qmi_nas_fetch_signal_strength_observations entered
02-13 18:08:31.768 I/RILC    (  114): qmi_ril(0/114): [event] qcril_qmi_nas_fetch_signal_strength_observations ..req mask 33
02-13 18:08:31.768 I/RILC    (  114): qmi_ril(0/114): [event] qcril_qmi_nas_fetch_signal_strength_observations qcril_qmi_nas_request_signal_strength entered IF 33
02-13 18:08:31.768 I/RILC    (  114): qmi_ril(0/114): [event] qcril_qmi_nas_fetch_signal_strength_observations qcril_qmi_nas_request_signal_strength entered RIL_REQ_RES qmi_request.request__mask = 33
02-13 18:08:31.768 I/RILC    (  114): qmi_ril(0/114): [event] qcril_qmi_nas_fetch_signal_strength_observations qcril_qmi_nas_request_signal_strength entered IF QMI RESPONSE 33
02-13 18:08:31.768 D/RILC    (  114): qmi_ril(0/114): [qmi_cb] qcril_event_queue RID 0 MID 0 Queued event <Unknown event> ? (0 bytes)
02-13 18:08:31.768 I/RILC    (  114): qmi_ril(0/114): [qmi_cb] qcril_qmi_nas_unsolicited_indication_cb .. operational state 3
02-13 18:08:31.768 I/RILC    (  114): qmi_ril(0/114): [qmi_cb] qcril_qmi_nas_unsolicited_indication_cb qcril_qmi_nas_unsolicited_indication_cb completed
02-13 18:08:31.778 I/RILC    (  114): qmi_ril(0/114): [event] qcril_qmi_util_convert_qmi_response_codes_to_ril_result_ex qcril_qmi_util_convert_qmi_response_codes_to_ril_result_ex ctx check 0
02-13 18:08:31.778 I/RILC    (  114): qmi_ril(0/114): [event] qcril_qmi_nas_fetch_signal_strength_observations qcril_qmi_nas_request_signal_strength entered IF UTIL_RES = SUCCESS 33
02-13 18:08:31.778 I/RILC    (  114): qmi_ril(0/114): [event] qcril_qmi_nas_fetch_signal_strength_observations qcril_qmi_nas_fetch_signal_strength_observations completed 0
02-13 18:08:31.778 I/RILC    (  114): qmi_ril(0/114): [event] qcril_qmi_nas_propagate_known_signal_strength_ind .. subfetch sig strength info 0
02-13 18:08:31.778 I/RILC    (  114): qmi_ril(0/114): [event] qcril_qmi_nas_dump_sign_strength_report qcril_qmi_nas_dump_sign_strength_report entered
02-13 18:08:31.778 I/RILC    (  114): qmi_ril(0/114): [event] qcril_qmi_nas_dump_sign_strength_report ..GW
02-13 18:08:31.778 I/RILC    (  114): qmi_ril(0/114): [event] qcril_qmi_nas_dump_sign_strength_report .. signalStrength 99, bitErrorRate 0
02-13 18:08:31.778 I/RILC    (  114): qmi_ril(0/114): [event] qcril_qmi_nas_dump_sign_strength_report ..CDMA
02-13 18:08:31.778 I/RILC    (  114): qmi_ril(0/114): [event] qcril_qmi_nas_dump_sign_strength_report .. dbm 102, ecio 105 
02-13 18:08:31.778 I/RILC    (  114): qmi_ril(0/114): [event] qcril_qmi_nas_dump_sign_strength_report ..EVDO
02-13 18:08:31.778 I/RILC    (  114): qmi_ril(0/114): [event] qcril_qmi_nas_dump_sign_strength_report .. dbm 98, ecio 15, signalNoiseRatio 8
02-13 18:08:31.778 I/RILC    (  114): qmi_ril(0/114): [event] qcril_qmi_nas_dump_sign_strength_report ..LTE
02-13 18:08:31.778 I/RILC    (  114): qmi_ril(0/114): [event] qcril_qmi_nas_dump_sign_strength_report .. signalStrength 99, rsrp 2147483647, rsrq 2147483647, rsnnr 2147483647
02-13 18:08:31.778 I/RILC    (  114): qmi_ril(0/114): [event] qcril_qmi_nas_dump_sign_strength_report qcril_qmi_nas_dump_sign_strength_report completed
02-13 18:08:31.778 I/RILC    (  114): qmi_ril(0/114): [event] qcril_qmi_nas_propagate_known_signal_strength_ind .. conf res 0
02-13 18:08:31.778 D/RILC    (  114): qmi_ril(0/114): [event] qcril_send_unsol_response UI <--- RIL_UNSOL_SIGNAL_STRENGTH (1009) --- RIL [RID 0, Len 48, (null)]
02-13 18:08:31.808 I/RILC    (  114): qmi_ril(0/114): [event] qcril_qmi_nas_propagate_known_signal_strength_ind qcril_qmi_nas_propagate_known_signal_strength_ind completed 0
02-13 18:08:31.808 I/RILC    (  114): qmi_ril(0/114): [event] qcril_process_event Exit qcril_process_event() : <Unknown event> ?, err_no 0
02-13 18:08:31.808 D/RILC    (  114): qmi_ril(0/114): [event] qcril_event_main qcril_event_main(): Waiting...
02-13 18:08:32.638 I/RILC    (  114): qmi_ril(0/114): [qmi_cb] qcril_qmi_nas_unsolicited_indication_cb invoked msg 0x24
02-13 18:08:32.638 I/RILC    (  114): qmi_ril(0/114): [qmi_cb] qcril_qmi_nas_is_considered_registered qcril_qmi_nas_is_considered_registered entered
02-13 18:08:32.638 I/RILC    (  114): qmi_ril(0/114): [qmi_cb] qcril_qmi_nas_is_considered_registered qcril_qmi_nas_is_considered_registered completed with 1
02-13 18:08:32.638 I/RILC    (  114): qmi_ril(0/114): [qmi_cb] qcril_qmi_nas_serving_system_ind_conv_qmi2ril qcril_qmi_nas_serving_system_ind_conv_qmi2ril entered
02-13 18:08:32.638 I/RILC    (  114): qmi_ril(0/114): [qmi_cb] qcril_qmi_nas_serving_system_ind_conv_qmi2ril .. fundamental change 0
02-13 18:08:32.638 I/RILC    (  114): qmi_ril(0/114): [qmi_cb] qcril_qmi_voice_technology_updated qcril_qmi_voice_technology_updated entered
02-13 18:08:32.638 I/RILC    (  114): qmi_ril(0/114): [qmi_cb] qcril_qmi_voice_technology_updated ..nas_cached_info.serving_system valid 1
02-13 18:08:32.638 I/RILC    (  114): qmi_ril(0/114): [qmi_cb] qcril_qmi_voice_technology_updated .. selected NW 1
02-13 18:08:32.638 I/RILC    (  114): qmi_ril(0/114): [qmi_cb] qcril_qmi_voice_technology_updated .. NW state 1
02-13 18:08:32.638 I/RILC    (  114): qmi_ril(0/114): [qmi_cb] qcril_qmi_mgr_voice_technology_updated qcril_qmi_mgr_voice_technology_updated entered
02-13 18:08:32.638 I/RILC    (  114): qmi_ril(0/114): [qmi_cb] qcril_qmi_mgr_voice_technology_updated qcril_qmi_mgr_voice_technology_updated left 2
02-13 18:08:32.638 I/RILC    (  114): qmi_ril(0/114): [qmi_cb] qcril_qmi_voice_technology_updated qcril_qmi_voice_technology_updated completed for 2
02-13 18:08:32.638 I/RILC    (  114): qmi_ril(0/114): [qmi_cb] qmi_ril_nwr_update_reg_rej_legacy qmi_ril_nwr_update_reg_rej_legacy entered
02-13 18:08:32.638 I/RILC    (  114): qmi_ril(0/114): [qmi_cb] qmi_ril_nwr_update_reg_rej_legacy .. ss srv reg state 1
02-13 18:08:32.638 I/RILC    (  114): qmi_ril(0/114): [qmi_cb] qmi_ril_nwr_update_reg_rej_legacy .. reje CS cs_rejected 0
02-13 18:08:32.638 I/RILC    (  114): qmi_ril(0/114): [qmi_cb] qmi_ril_nwr_update_reg_rej_legacy .. reje CS cs_reject_cause 0
02-13 18:08:32.638 I/RILC    (  114): qmi_ril(0/114): [qmi_cb] qmi_ril_nwr_update_reg_rej_legacy .. reje PS ps_rejected 0
02-13 18:08:32.638 I/RILC    (  114): qmi_ril(0/114): [qmi_cb] qmi_ril_nwr_update_reg_rej_legacy .. reje PS ps_reject_cause 0
02-13 18:08:32.638 I/RILC    (  114): qmi_ril(0/114): [qmi_cb] qmi_ril_nwr_util_log_mccmnc_str .. reje mcc - 
02-13 18:08:32.638 I/RILC    (  114): qmi_ril(0/114): [qmi_cb] qmi_ril_nwr_util_log_mccmnc_str .. reje mnc - 
02-13 18:08:32.638 I/RILC    (  114): qmi_ril(0/114): [qmi_cb] qmi_ril_nwr_update_reg_rej_legacy qmi_ril_nwr_update_reg_rej_legacy completed
02-13 18:08:32.638 I/RILC    (  114): qmi_ril(0/114): [qmi_cb] qcril_qmi_nas_serving_system_ind_conv_qmi2ril qcril_qmi_nas_serving_system_ind_conv_qmi2ril serving_system cached 1
02-13 18:08:32.638 I/RILC    (  114): qmi_ril(0/114): [qmi_cb] qcril_qmi_nas_serving_system_ind_conv_qmi2ril qcril_qmi_nas_serving_system_ind_conv_qmi2ril roaming_indicator cached 1
02-13 18:08:32.638 I/RILC    (  114): qmi_ril(0/114): [qmi_cb] qcril_qmi_nas_serving_system_ind_conv_qmi2ril qcril_qmi_nas_serving_system_ind_conv_qmi2ril data_capabilities cached 1
02-13 18:08:32.638 I/RILC    (  114): qmi_ril(0/114): [qmi_cb] qcril_qmi_nas_serving_system_ind_conv_qmi2ril qcril_qmi_nas_serving_system_ind_conv_qmi2ril current_plmn cached 0
02-13 18:08:32.638 I/RILC    (  114): qmi_ril(0/114): [qmi_cb] qcril_qmi_nas_serving_system_ind_conv_qmi2ril qcril_qmi_nas_serving_system_ind_conv_qmi2ril mnc_includes_pcs_digit cached 0
02-13 18:08:32.638 I/RILC    (  114): qmi_ril(0/114): [qmi_cb] qcril_qmi_nas_serving_system_ind_conv_qmi2ril qcril_qmi_nas_serving_system_ind_conv_qmi2ril completed
02-13 18:08:32.638 I/RILC    (  114): qmi_ril(0/114): [qmi_cb] qcril_qmi_nas_is_considered_registered qcril_qmi_nas_is_considered_registered entered
02-13 18:08:32.638 I/RILC    (  114): qmi_ril(0/114): [qmi_cb] qcril_qmi_nas_is_considered_registered qcril_qmi_nas_is_considered_registered completed with 1
02-13 18:08:32.638 I/RILC    (  114): qmi_ril(0/114): [qmi_cb] qcril_qmi_nas_unsolicited_indication_cb .. operational state 3
02-13 18:08:32.638 D/RILC    (  114): qmi_ril(0/114): [qmi_cb] qcril_send_unsol_response UI <--- RIL_UNSOL_RESPONSE_NETWORK_STATE_CHANGED (1002) --- RIL [RID 0, Len 0, (null)]
02-13 18:08:32.649 D/RILJ    (  344): [UNSL]< UNSOL_RESPONSE_NETWORK_STATE_CHANGED
02-13 18:08:32.649 D/RILJ    (  344): [0141]> OPERATOR
02-13 18:08:32.649 D/RILC    (  114): qmi_ril(0/114): [main] onRequest UI --- RIL_REQUEST_OPERATOR (22) ---> RIL [RID 0, token id 141, data len 0]
02-13 18:08:32.649 I/RILC    (  114): qmi_ril(0/114): [main] qcril_qmi_nas_request_operator qcril_qmi_nas_request_operator entered
02-13 18:08:32.649 I/RILC    (  114): qmi_ril(0/114): [main] qcril_qmi_nas_is_considered_registered qcril_qmi_nas_is_considered_registered entered
02-13 18:08:32.649 I/RILC    (  114): qmi_ril(0/114): [main] qcril_qmi_nas_is_considered_registered qcril_qmi_nas_is_considered_registered completed with 1
02-13 18:08:32.649 I/RILC    (  114): qmi_ril(0/114): [main] qcril_qmi_nas_is_in_service_of_technology qcril_qmi_nas_is_in_service_of_technology entered
02-13 18:08:32.649 I/RILC    (  114): qmi_ril(0/114): [main] qcril_qmi_nas_is_in_service_of_technology qcril_qmi_nas_is_in_service_of_technology completed with 0
02-13 18:08:32.649 I/RILC    (  114): qmi_ril(0/114): [main] qcril_qmi_nas_request_operator .. everything cached non sys_info 1
02-13 18:08:32.649 I/RILC    (  114): qmi_ril(0/114): [main] qcril_qmi_nas_request_operator ..mcc_mnc_ascii 310099
02-13 18:08:32.649 I/RILC    (  114): qmi_ril(0/114): [main] qcril_qmi_nas_fill_up_3gpp2_operator_name qcril_qmi_nas_fill_up_3gpp2_operator_name mcc 310 mnc 099 sid 4681 nid 0
02-13 18:08:32.649 D/RILC    (  114): qmi_ril(0/114): [main] qcril_qmi_nas2_find_3gpp2_static_operator_name UE Memory List does not contain the specified operator
02-13 18:08:32.649 I/RILC    (  114): qmi_ril(0/114): [main] qcril_qmi_nas_fill_up_3gpp2_operator_name ..will return static , 
02-13 18:08:32.649 I/RILC    (  114): qmi_ril(0/114): [main] qcril_qmi_nas_fill_up_3gpp2_operator_name qcril_qmi_nas_fill_up_3gpp2_operator_name completed with 0
02-13 18:08:32.649 D/RILJ    (  344): [0142]> REGISTRATION_STATE
02-13 18:08:32.659 I/RILC    (  114): qmi_ril(0/114): [qmi_cb] qcril_qmi_nas_unsolicited_indication_cb posted RIL indication 1002
02-13 18:08:32.659 D/RILC    (  114): qmi_ril(0/114): [qmi_cb] qcril_send_unsol_response UI <--- RIL_UNSOL_RESPONSE_DATA_NETWORK_STATE_CHANGED (1037) --- RIL [RID 0, Len 0, (null)]
02-13 18:08:32.659 D/RILJ    (  344): [UNSL]< RIL_UNSOL_RESPONSE_DATA_NETWORK_STATE_CHANGED
02-13 18:08:32.659 I/RILC    (  114): qmi_ril(0/114): [qmi_cb] qcril_qmi_nas_unsolicited_indication_cb posted RIL indication 1037
02-13 18:08:32.659 I/RILC    (  114): qmi_ril(0/114): [qmi_cb] qcril_qmi_nas_unsolicited_indication_cb qcril_qmi_nas_unsolicited_indication_cb completed
02-13 18:08:32.659 D/RILJ    (  344): [0143]> DATA_REGISTRATION_STATE
02-13 18:08:32.669 I/RILC    (  114): qmi_ril(0/114): [main] qcril_qmi_util_convert_qmi_response_codes_to_ril_result_ex qcril_qmi_util_convert_qmi_response_codes_to_ril_result_ex ctx check 4
02-13 18:08:32.669 I/RILC    (  114): qmi_ril(0/114): [main] qcril_qmi_nas_request_operator 0, 0, 0
02-13 18:08:32.669 I/RILC    (  114): qmi_ril(0/114): [main] qcril_qmi_nas_request_operator nam name valid 1, len 12
02-13 18:08:32.669 I/RILC    (  114): qmi_ril(0/114): [main] qcril_qmi_nas_request_operator .. used_nam_name_len 12
02-13 18:08:32.669 I/RILC    (  114): qmi_ril(0/114): [main] qcril_qmi_nas_request_operator .. nam             
02-13 18:08:32.669 I/RILC    (  114): qmi_ril(0/114): [main] qcril_qmi_nas_request_operator .. res long             
02-13 18:08:32.669 I/RILC    (  114): qmi_ril(0/114): [main] qcril_qmi_nas_request_operator .. res short 
02-13 18:08:32.669 I/RILC    (  114): qmi_ril(0/114): [main] qcril_qmi_nas_request_operator .. res mcc_mnc 310099
02-13 18:08:32.669 I/RILC    (  114): qmi_ril(0/114): [main] qcril_qmi_nas_request_operator qcril_qmi_nas_request_operator long             
02-13 18:08:32.669 I/RILC    (  114): qmi_ril(0/114): [main] qcril_qmi_nas_request_operator qcril_qmi_nas_request_operator short 
02-13 18:08:32.669 I/RILC    (  114): qmi_ril(0/114): [main] qcril_qmi_nas_request_operator qcril_qmi_nas_request_operator mcc_mnc 310099
02-13 18:08:32.669 I/RILC    (  114): qmi_ril(0/114): [main] qcril_reqlist_find [RID 0] Not found ReqList entry : token id 141
02-13 18:08:32.669 D/RILC    (  114): qmi_ril(0/114): [main] qcril_send_request_response UI <--- RIL_REQUEST_OPERATOR (22) Complete --- RIL [RID 0, Token 141, Success, Len 12 ]
02-13 18:08:32.669 D/RILJ    (  344): [0141]< OPERATOR {            , , 310099}
02-13 18:08:32.669 I/RILC    (  114): qmi_ril(0/114): [main] qcril_qmi_nas_request_operator qcril_qmi_nas_request_operator complete with 0
02-13 18:08:32.669 D/RILC    (  114): qmi_ril(0/114): [main] onRequest UI --- RIL_REQUEST_REGISTRATION_STATE (20) ---> RIL [RID 0, token id 142, data len 0]
02-13 18:08:32.669 I/RILC    (  114): qmi_ril(0/114): [main] qcril_qmi_nas_request_registration_state qcril_qmi_nas_request_registration_state entered
02-13 18:08:32.669 I/RILC    (  114): qmi_ril(0/114): [main] qcril_qmi_nas_is_in_service_of_technology qcril_qmi_nas_is_in_service_of_technology entered
02-13 18:08:32.669 I/RILC    (  114): qmi_ril(0/114): [main] qcril_qmi_nas_is_in_service_of_technology qcril_qmi_nas_is_in_service_of_technology completed with 0
02-13 18:08:32.669 I/RILC    (  114): qmi_ril(0/114): [main] qcril_qmi_nas_is_in_service_of_technology qcril_qmi_nas_is_in_service_of_technology entered
02-13 18:08:32.669 I/RILC    (  114): qmi_ril(0/114): [main] qcril_qmi_nas_is_in_service_of_technology qcril_qmi_nas_is_in_service_of_technology completed with 1
02-13 18:08:32.669 I/RILC    (  114): qmi_ril(0/114): [main] qcril_qmi_nas_request_registration_state qcril_qmi_nas_request_registration_state cache subrequest need 1
02-13 18:08:32.679 I/RILC    (  114): qmi_ril(0/114): [main] qcril_qmi_util_convert_qmi_response_codes_to_ril_result_ex qcril_qmi_util_convert_qmi_response_codes_to_ril_result_ex ctx check 0
02-13 18:08:32.679 I/RILC    (  114): qmi_ril(0/114): [main] qcril_qmi_voice_technology_updated qcril_qmi_voice_technology_updated entered
02-13 18:08:32.679 I/RILC    (  114): qmi_ril(0/114): [main] qcril_qmi_voice_technology_updated ..nas_cached_info.serving_system valid 1
02-13 18:08:32.679 I/RILC    (  114): qmi_ril(0/114): [main] qcril_qmi_voice_technology_updated .. selected NW 1
02-13 18:08:32.679 I/RILC    (  114): qmi_ril(0/114): [main] qcril_qmi_voice_technology_updated .. NW state 1
02-13 18:08:32.679 I/RILC    (  114): qmi_ril(0/114): [main] qcril_qmi_mgr_voice_technology_updated qcril_qmi_mgr_voice_technology_updated entered
02-13 18:08:32.679 I/RILC    (  114): qmi_ril(0/114): [main] qcril_qmi_mgr_voice_technology_updated qcril_qmi_mgr_voice_technology_updated left 2
02-13 18:08:32.679 I/RILC    (  114): qmi_ril(0/114): [main] qcril_qmi_voice_technology_updated qcril_qmi_voice_technology_updated completed for 2
02-13 18:08:32.679 I/RILC    (  114): qmi_ril(0/114): [main] qmi_ril_nwr_update_reg_rej_legacy qmi_ril_nwr_update_reg_rej_legacy entered
02-13 18:08:32.679 I/RILC    (  114): qmi_ril(0/114): [main] qmi_ril_nwr_update_reg_rej_legacy .. ss srv reg state 1
02-13 18:08:32.679 I/RILC    (  114): qmi_ril(0/114): [main] qmi_ril_nwr_update_reg_rej_legacy .. reje CS cs_rejected 0
02-13 18:08:32.679 I/RILC    (  114): qmi_ril(0/114): [main] qmi_ril_nwr_update_reg_rej_legacy .. reje CS cs_reject_cause 0
02-13 18:08:32.679 I/RILC    (  114): qmi_ril(0/114): [main] qmi_ril_nwr_update_reg_rej_legacy .. reje PS ps_rejected 0
02-13 18:08:32.679 I/RILC    (  114): qmi_ril(0/114): [main] qmi_ril_nwr_update_reg_rej_legacy .. reje PS ps_reject_cause 0
02-13 18:08:32.679 I/RILC    (  114): qmi_ril(0/114): [main] qmi_ril_nwr_util_log_mccmnc_str .. reje mcc - 
02-13 18:08:32.679 I/RILC    (  114): qmi_ril(0/114): [main] qmi_ril_nwr_util_log_mccmnc_str .. reje mnc - 
02-13 18:08:32.679 I/RILC    (  114): qmi_ril(0/114): [main] qmi_ril_nwr_update_reg_rej_legacy qmi_ril_nwr_update_reg_rej_legacy completed
02-13 18:08:32.679 I/RILC    (  114): qmi_ril(0/114): [main] qcril_qmi_nas_fetch_serving_system_info qcril_qmi_nas_fetch_serving_system_info res 0 
02-13 18:08:32.699 I/RILC    (  114): qmi_ril(0/114): [main] qcril_qmi_util_convert_qmi_response_codes_to_ril_result_ex qcril_qmi_util_convert_qmi_response_codes_to_ril_result_ex ctx check 0
02-13 18:08:32.699 I/RILC    (  114): qmi_ril(0/114): [main] qcril_qmi_nas_update_voice_rte qcril_qmi_nas_update_voice_rte entered
02-13 18:08:32.699 I/RILC    (  114): qmi_ril(0/114): [main] qcril_qmi_nas_util_convert_nas_srv_status_to_ril_reg_status  qcril_qmi_nas_util_convert_nas_srv_status_to_ril_reg_status entered
02-13 18:08:32.699 D/RILC    (  114): qmi_ril(0/114): [main] qcril_qmi_util_retrieve_srv_status qcril_qmi_util_retrieve_srv_status completed with 2
02-13 18:08:32.699 I/RILC    (  114): qmi_ril(0/114): [main] qcril_qmi_nas_util_convert_nas_srv_status_to_ril_reg_status ... nas_srv_status 2, is_data 0, is_3gpp 0, is_hdr 0
02-13 18:08:32.699 I/RILC    (  114): qmi_ril(0/114): [main] qcril_qmi_nas_util_convert_nas_srv_status_to_ril_reg_status ... intermediate res 1 5
02-13 18:08:32.699 I/RILC    (  114): qmi_ril(0/114): [main] qcril_qmi_nas_util_convert_nas_srv_status_to_ril_reg_status ... common_sys_info 87904
02-13 18:08:32.699 I/RILC    (  114): qmi_ril(0/114): [main] qcril_qmi_nas_util_convert_nas_srv_status_to_ril_reg_status ... srv_capability_valid, srv_capability 1, 3
02-13 18:08:32.699 I/RILC    (  114): qmi_ril(0/114): [main] qcril_qmi_nas_util_convert_nas_srv_status_to_ril_reg_status ... srv_domain_valid, srv_domain 1, 3
02-13 18:08:32.699 I/RILC    (  114): qmi_ril(0/114): [main] qcril_qmi_nas_util_convert_nas_srv_status_to_ril_reg_status ... intermediate res 2 5
02-13 18:08:32.699 I/RILC    (  114): qmi_ril(0/114): [main] qcril_qmi_nas_util_convert_nas_srv_status_to_ril_reg_status ... hdr_only_sys_info 0
02-13 18:08:32.699 I/RILC    (  114): qmi_ril(0/114): [main] qcril_qmi_nas_util_convert_nas_srv_status_to_ril_reg_status ... intermediate res 3 5
02-13 18:08:32.699 I/RILC    (  114): qmi_ril(0/114): [main] qcril_qmi_nas_util_convert_nas_srv_status_to_ril_reg_status ... is_sys_forbidden_valid, is_sys_forbidden 1, 0
02-13 18:08:32.699 I/RILC    (  114): qmi_ril(0/114): [main] qcril_qmi_nas_util_convert_nas_srv_status_to_ril_reg_status qcril_qmi_nas_util_convert_nas_srv_status_to_ril_reg_status complete with 5
02-13 18:08:32.699 I/RILC    (  114): qmi_ril(0/114): [main] qcril_qmi_nas_util_convert_nas_srv_status_to_ril_reg_status  qcril_qmi_nas_util_convert_nas_srv_status_to_ril_reg_status entered
02-13 18:08:32.699 D/RILC    (  114): qmi_ril(0/114): [main] qcril_qmi_util_retrieve_srv_status qcril_qmi_util_retrieve_srv_status completed with 2
02-13 18:08:32.699 I/RILC    (  114): qmi_ril(0/114): [main] qcril_qmi_nas_util_convert_nas_srv_status_to_ril_reg_status ... nas_srv_status 2, is_data 1, is_3gpp 0, is_hdr 1
02-13 18:08:32.699 I/RILC    (  114): qmi_ril(0/114): [main] qcril_qmi_nas_util_convert_nas_srv_status_to_ril_reg_status ... intermediate res 1 1
02-13 18:08:32.699 I/RILC    (  114): qmi_ril(0/114): [main] qcril_qmi_nas_util_convert_nas_srv_status_to_ril_reg_status ... common_sys_info 89576
02-13 18:08:32.699 I/RILC    (  114): qmi_ril(0/114): [main] qcril_qmi_nas_util_convert_nas_srv_status_to_ril_reg_status ... srv_capability_valid, srv_capability 1, 2
02-13 18:08:32.699 I/RILC    (  114): qmi_ril(0/114): [main] qcril_qmi_nas_util_convert_nas_srv_status_to_ril_reg_status ... srv_domain_valid, srv_domain 1, 2
02-13 18:08:32.699 I/RILC    (  114): qmi_ril(0/114): [main] qcril_qmi_nas_util_convert_nas_srv_status_to_ril_reg_status ... intermediate res 2 1
02-13 18:08:32.699 I/RILC    (  114): qmi_ril(0/114): [main] qcril_qmi_nas_util_convert_nas_srv_status_to_ril_reg_status ... hdr_only_sys_info 89608
02-13 18:08:32.699 I/RILC    (  114): qmi_ril(0/114): [main] qcril_qmi_nas_util_convert_nas_srv_status_to_ril_reg_status ... hdr_active_prot_valid, hdr_personality_valid 1, 1
02-13 18:08:32.699 I/RILC    (  114): qmi_ril(0/114): [main] qcril_qmi_nas_util_convert_nas_srv_status_to_ril_reg_status ... intermediate res 3 1
02-13 18:08:32.699 I/RILC    (  114): qmi_ril(0/114): [main] qcril_qmi_nas_util_convert_nas_srv_status_to_ril_reg_status ... is_sys_forbidden_valid, is_sys_forbidden 1, 0
02-13 18:08:32.699 I/RILC    (  114): qmi_ril(0/114): [main] qcril_qmi_nas_util_convert_nas_srv_status_to_ril_reg_status qcril_qmi_nas_util_convert_nas_srv_status_to_ril_reg_status complete with 1
02-13 18:08:32.699 I/RILC    (  114): qmi_ril(0/114): [main] qcril_qmi_nas_update_voice_rte .. 1x reg 5
02-13 18:08:32.699 I/RILC    (  114): qmi_ril(0/114): [main] qcril_qmi_nas_update_voice_rte .. gsm reg 0
02-13 18:08:32.699 I/RILC    (  114): qmi_ril(0/114): [main] qcril_qmi_nas_update_voice_rte .. wcdma reg 0
02-13 18:08:32.699 I/RILC    (  114): qmi_ril(0/114): [main] qcril_qmi_nas_update_voice_rte .. lte reg 0
02-13 18:08:32.699 I/RILC    (  114): qmi_ril(0/114): [main] qcril_qmi_nas_update_voice_rte .. hdr reg 1
02-13 18:08:32.699 I/RILC    (  114): qmi_ril(0/114): [main] qcril_qmi_nas_update_voice_rte qcril_qmi_nas_update_voice_rte completed, new vrte 1
02-13 18:08:32.699 I/RILC    (  114): qmi_ril(0/114): [main] qcril_qmi_voice_technology_updated qcril_qmi_voice_technology_updated entered
02-13 18:08:32.699 I/RILC    (  114): qmi_ril(0/114): [main] qcril_qmi_voice_technology_updated ..nas_cached_info.serving_system valid 1
02-13 18:08:32.699 I/RILC    (  114): qmi_ril(0/114): [main] qcril_qmi_voice_technology_updated .. selected NW 1
02-13 18:08:32.699 I/RILC    (  114): qmi_ril(0/114): [main] qcril_qmi_voice_technology_updated .. NW state 1
02-13 18:08:32.699 I/RILC    (  114): qmi_ril(0/114): [main] qcril_qmi_mgr_voice_technology_updated qcril_qmi_mgr_voice_technology_updated entered
02-13 18:08:32.699 I/RILC    (  114): qmi_ril(0/114): [main] qcril_qmi_mgr_voice_technology_updated qcril_qmi_mgr_voice_technology_updated left 2
02-13 18:08:32.699 I/RILC    (  114): qmi_ril(0/114): [main] qcril_qmi_voice_technology_updated qcril_qmi_voice_technology_updated completed for 2
02-13 18:08:32.699 I/RILC    (  114): qmi_ril(0/114): [main] qmi_ril_nwr_update_reg_rej_from_sys_info qmi_ril_nwr_update_reg_rej_from_sys_info entered
02-13 18:08:32.699 I/RILC    (  114): qmi_ril(0/114): [main] qcril_qmi_nas_util_convert_nas_srv_status_to_ril_reg_status  qcril_qmi_nas_util_convert_nas_srv_status_to_ril_reg_status entered
02-13 18:08:32.699 D/RILC    (  114): qmi_ril(0/114): [main] qcril_qmi_util_retrieve_srv_status qcril_qmi_util_retrieve_srv_status completed with 2
02-13 18:08:32.699 I/RILC    (  114): qmi_ril(0/114): [main] qcril_qmi_nas_util_convert_nas_srv_status_to_ril_reg_status ... nas_srv_status 2, is_data 0, is_3gpp 0, is_hdr 0
02-13 18:08:32.699 I/RILC    (  114): qmi_ril(0/114): [main] qcril_qmi_nas_util_convert_nas_srv_status_to_ril_reg_status ... intermediate res 1 5
02-13 18:08:32.699 I/RILC    (  114): qmi_ril(0/114): [main] qcril_qmi_nas_util_convert_nas_srv_status_to_ril_reg_status ... common_sys_info 87904
02-13 18:08:32.699 I/RILC    (  114): qmi_ril(0/114): [main] qcril_qmi_nas_util_convert_nas_srv_status_to_ril_reg_status ... srv_capability_valid, srv_capability 1, 3
02-13 18:08:32.699 I/RILC    (  114): qmi_ril(0/114): [main] qcril_qmi_nas_util_convert_nas_srv_status_to_ril_reg_status ... srv_domain_valid, srv_domain 1, 3
02-13 18:08:32.699 I/RILC    (  114): qmi_ril(0/114): [main] qcril_qmi_nas_util_convert_nas_srv_status_to_ril_reg_status ... intermediate res 2 5
02-13 18:08:32.699 I/RILC    (  114): qmi_ril(0/114): [main] qcril_qmi_nas_util_convert_nas_srv_status_to_ril_reg_status ... hdr_only_sys_info 0
02-13 18:08:32.699 I/RILC    (  114): qmi_ril(0/114): [main] qcril_qmi_nas_util_convert_nas_srv_status_to_ril_reg_status ... intermediate res 3 5
02-13 18:08:32.699 I/RILC    (  114): qmi_ril(0/114): [main] qcril_qmi_nas_util_convert_nas_srv_status_to_ril_reg_status ... is_sys_forbidden_valid, is_sys_forbidden 1, 0
02-13 18:08:32.699 I/RILC    (  114): qmi_ril(0/114): [main] qcril_qmi_nas_util_convert_nas_srv_status_to_ril_reg_status qcril_qmi_nas_util_convert_nas_srv_status_to_ril_reg_status complete with 5
02-13 18:08:32.699 I/RILC    (  114): qmi_ril(0/114): [main] qcril_qmi_nas_util_convert_nas_srv_status_to_ril_reg_status  qcril_qmi_nas_util_convert_nas_srv_status_to_ril_reg_status entered
02-13 18:08:32.699 D/RILC    (  114): qmi_ril(0/114): [main] qcril_qmi_util_retrieve_srv_status qcril_qmi_util_retrieve_srv_status completed with 2
02-13 18:08:32.699 I/RILC    (  114): qmi_ril(0/114): [main] qcril_qmi_nas_util_convert_nas_srv_status_to_ril_reg_status ... nas_srv_status 2, is_data 0, is_3gpp 0, is_hdr 1
02-13 18:08:32.699 I/RILC    (  114): qmi_ril(0/114): [main] qcril_qmi_nas_util_convert_nas_srv_status_to_ril_reg_status ... intermediate res 1 1
02-13 18:08:32.699 I/RILC    (  114): qmi_ril(0/114): [main] qcril_qmi_nas_util_convert_nas_srv_status_to_ril_reg_status ... common_sys_info 89576
02-13 18:08:32.699 I/RILC    (  114): qmi_ril(0/114): [main] qcril_qmi_nas_util_convert_nas_srv_status_to_ril_reg_status ... srv_capability_valid, srv_capability 1, 2
02-13 18:08:32.699 I/RILC    (  114): qmi_ril(0/114): [main] qcril_qmi_nas_util_convert_nas_srv_status_to_ril_reg_status ... srv_domain_valid, srv_domain 1, 2
02-13 18:08:32.699 I/RILC    (  114): qmi_ril(0/114): [main] qcril_qmi_nas_util_convert_nas_srv_status_to_ril_reg_status ... intermediate res 2 0
02-13 18:08:32.699 I/RILC    (  114): qmi_ril(0/114): [main] qcril_qmi_nas_util_convert_nas_srv_status_to_ril_reg_status ... hdr_only_sys_info 89608
02-13 18:08:32.699 I/RILC    (  114): qmi_ril(0/114): [main] qcril_qmi_nas_util_convert_nas_srv_status_to_ril_reg_status ... intermediate res 3 0
02-13 18:08:32.699 I/RILC    (  114): qmi_ril(0/114): [main] qcril_qmi_nas_util_convert_nas_srv_status_to_ril_reg_status ... is_sys_forbidden_valid, is_sys_forbidden 1, 0
02-13 18:08:32.699 I/RILC    (  114): qmi_ril(0/114): [main] qcril_qmi_nas_util_convert_nas_srv_status_to_ril_reg_status qcril_qmi_nas_util_convert_nas_srv_status_to_ril_reg_status complete with 0
02-13 18:08:32.699 I/RILC    (  114): qmi_ril(0/114): [main] qmi_ril_nwr_update_reg_rej_from_sys_info .. 1x reg 5
02-13 18:08:32.699 I/RILC    (  114): qmi_ril(0/114): [main] qmi_ril_nwr_update_reg_rej_from_sys_info .. gsm reg 0
02-13 18:08:32.699 I/RILC    (  114): qmi_ril(0/114): [main] qmi_ril_nwr_update_reg_rej_from_sys_info .. wcdma reg 0
02-13 18:08:32.699 I/RILC    (  114): qmi_ril(0/114): [main] qmi_ril_nwr_update_reg_rej_from_sys_info .. lte reg 0
02-13 18:08:32.699 I/RILC    (  114): qmi_ril(0/114): [main] qmi_ril_nwr_update_reg_rej_from_sys_info .. hdr reg 0
02-13 18:08:32.699 I/RILC    (  114): qmi_ril(0/114): [main] qmi_ril_nwr_update_reg_rej_from_sys_info .. ext info is_reject_case 0, is_managed_roaming 0, reject_cause 0
02-13 18:08:32.699 I/RILC    (  114): qmi_ril(0/114): [main] qmi_ril_nwr_update_reg_rej_from_sys_info .. rte 1 reje CS cs_rejected 0
02-13 18:08:32.699 I/RILC    (  114): qmi_ril(0/114): [main] qmi_ril_nwr_update_reg_rej_from_sys_info .. rte 1 reje CS cs_reject_cause 0
02-13 18:08:32.699 I/RILC    (  114): qmi_ril(0/114): [main] qmi_ril_nwr_util_log_mccmnc_str .. reje mcc - 
02-13 18:08:32.699 I/RILC    (  114): qmi_ril(0/114): [main] qmi_ril_nwr_util_log_mccmnc_str .. reje mnc - 
02-13 18:08:32.699 I/RILC    (  114): qmi_ril(0/114): [main] qmi_ril_nwr_update_reg_rej_from_sys_info .. ext info is_reject_case 0, is_managed_roaming 0, reject_cause 0
02-13 18:08:32.699 I/RILC    (  114): qmi_ril(0/114): [main] qmi_ril_nwr_update_reg_rej_from_sys_info .. rte 2 reje CS cs_rejected 0
02-13 18:08:32.699 I/RILC    (  114): qmi_ril(0/114): [main] qmi_ril_nwr_update_reg_rej_from_sys_info .. rte 2 reje CS cs_reject_cause 0
02-13 18:08:32.699 I/RILC    (  114): qmi_ril(0/114): [main] qmi_ril_nwr_util_log_mccmnc_str .. reje mcc - 
02-13 18:08:32.699 I/RILC    (  114): qmi_ril(0/114): [main] qmi_ril_nwr_util_log_mccmnc_str .. reje mnc - 
02-13 18:08:32.699 I/RILC    (  114): qmi_ril(0/114): [main] qmi_ril_nwr_update_reg_rej_from_sys_info .. ext info is_reject_case 0, is_managed_roaming 0, reject_cause 0
02-13 18:08:32.699 I/RILC    (  114): qmi_ril(0/114): [main] qmi_ril_nwr_update_reg_rej_from_sys_info .. rte 3 reje CS cs_rejected 0
02-13 18:08:32.699 I/RILC    (  114): qmi_ril(0/114): [main] qmi_ril_nwr_update_reg_rej_from_sys_info .. rte 3 reje CS cs_reject_cause 0
02-13 18:08:32.699 I/RILC    (  114): qmi_ril(0/114): [main] qmi_ril_nwr_util_log_mccmnc_str .. reje mcc - 
02-13 18:08:32.699 I/RILC    (  114): qmi_ril(0/114): [main] qmi_ril_nwr_util_log_mccmnc_str .. reje mnc - 
02-13 18:08:32.699 I/RILC    (  114): qmi_ril(0/114): [main] qmi_ril_nwr_update_reg_rej_from_sys_info .. ext info is_reject_case 0, is_managed_roaming 0, reject_cause 0
02-13 18:08:32.699 I/RILC    (  114): qmi_ril(0/114): [main] qmi_ril_nwr_update_reg_rej_from_sys_info .. rte 4 reje CS cs_rejected 0
02-13 18:08:32.699 I/RILC    (  114): qmi_ril(0/114): [main] qmi_ril_nwr_update_reg_rej_from_sys_info .. rte 4 reje CS cs_reject_cause 0
02-13 18:08:32.699 I/RILC    (  114): qmi_ril(0/114): [main] qmi_ril_nwr_util_log_mccmnc_str .. reje mcc - 
02-13 18:08:32.699 I/RILC    (  114): qmi_ril(0/114): [main] qmi_ril_nwr_util_log_mccmnc_str .. reje mnc - 
02-13 18:08:32.699 I/RILC    (  114): qmi_ril(0/114): [main] qmi_ril_nwr_update_reg_rej_from_sys_info .. ext info is_reject_case 0, is_managed_roaming 0, reject_cause 0
02-13 18:08:32.699 I/RILC    (  114): qmi_ril(0/114): [main] qmi_ril_nwr_update_reg_rej_from_sys_info .. rte 5 reje CS cs_rejected 0
02-13 18:08:32.699 I/RILC    (  114): qmi_ril(0/114): [main] qmi_ril_nwr_update_reg_rej_from_sys_info .. rte 5 reje CS cs_reject_cause 0
02-13 18:08:32.699 I/RILC    (  114): qmi_ril(0/114): [main] qmi_ril_nwr_util_log_mccmnc_str .. reje mcc - 
02-13 18:08:32.699 I/RILC    (  114): qmi_ril(0/114): [main] qmi_ril_nwr_util_log_mccmnc_str .. reje mnc - 
02-13 18:08:32.699 I/RILC    (  114): qmi_ril(0/114): [main] qcril_qmi_nas_util_convert_nas_srv_status_to_ril_reg_status  qcril_qmi_nas_util_convert_nas_srv_status_to_ril_reg_status entered
02-13 18:08:32.699 D/RILC    (  114): qmi_ril(0/114): [main] qcril_qmi_util_retrieve_srv_status qcril_qmi_util_retrieve_srv_status completed with 2
02-13 18:08:32.699 I/RILC    (  114): qmi_ril(0/114): [main] qcril_qmi_nas_util_convert_nas_srv_status_to_ril_reg_status ... nas_srv_status 2, is_data 1, is_3gpp 0, is_hdr 0
02-13 18:08:32.699 I/RILC    (  114): qmi_ril(0/114): [main] qcril_qmi_nas_util_convert_nas_srv_status_to_ril_reg_status ... intermediate res 1 5
02-13 18:08:32.699 I/RILC    (  114): qmi_ril(0/114): [main] qcril_qmi_nas_util_convert_nas_srv_status_to_ril_reg_status ... common_sys_info 87904
02-13 18:08:32.699 I/RILC    (  114): qmi_ril(0/114): [main] qcril_qmi_nas_util_convert_nas_srv_status_to_ril_reg_status ... srv_capability_valid, srv_capability 1, 3
02-13 18:08:32.699 I/RILC    (  114): qmi_ril(0/114): [main] qcril_qmi_nas_util_convert_nas_srv_status_to_ril_reg_status ... srv_domain_valid, srv_domain 1, 3
02-13 18:08:32.699 I/RILC    (  114): qmi_ril(0/114): [main] qcril_qmi_nas_util_convert_nas_srv_status_to_ril_reg_status ... intermediate res 2 5
02-13 18:08:32.699 I/RILC    (  114): qmi_ril(0/114): [main] qcril_qmi_nas_util_convert_nas_srv_status_to_ril_reg_status ... hdr_only_sys_info 0
02-13 18:08:32.699 I/RILC    (  114): qmi_ril(0/114): [main] qcril_qmi_nas_util_convert_nas_srv_status_to_ril_reg_status ... intermediate res 3 5
02-13 18:08:32.699 I/RILC    (  114): qmi_ril(0/114): [main] qcril_qmi_nas_util_convert_nas_srv_status_to_ril_reg_status ... is_sys_forbidden_valid, is_sys_forbidden 1, 0
02-13 18:08:32.699 I/RILC    (  114): qmi_ril(0/114): [main] qcril_qmi_nas_util_convert_nas_srv_status_to_ril_reg_status qcril_qmi_nas_util_convert_nas_srv_status_to_ril_reg_status complete with 5
02-13 18:08:32.699 I/RILC    (  114): qmi_ril(0/114): [main] qcril_qmi_nas_util_convert_nas_srv_status_to_ril_reg_status  qcril_qmi_nas_util_convert_nas_srv_status_to_ril_reg_status entered
02-13 18:08:32.699 D/RILC    (  114): qmi_ril(0/114): [main] qcril_qmi_util_retrieve_srv_status qcril_qmi_util_retrieve_srv_status completed with 2
02-13 18:08:32.699 I/RILC    (  114): qmi_ril(0/114): [main] qcril_qmi_nas_util_convert_nas_srv_status_to_ril_reg_status ... nas_srv_status 2, is_data 1, is_3gpp 0, is_hdr 1
02-13 18:08:32.699 I/RILC    (  114): qmi_ril(0/114): [main] qcril_qmi_nas_util_convert_nas_srv_status_to_ril_reg_status ... intermediate res 1 1
02-13 18:08:32.699 I/RILC    (  114): qmi_ril(0/114): [main] qcril_qmi_nas_util_convert_nas_srv_status_to_ril_reg_status ... common_sys_info 89576
02-13 18:08:32.699 I/RILC    (  114): qmi_ril(0/114): [main] qcril_qmi_nas_util_convert_nas_srv_status_to_ril_reg_status ... srv_capability_valid, srv_capability 1, 2
02-13 18:08:32.699 I/RILC    (  114): qmi_ril(0/114): [main] qcril_qmi_nas_util_convert_nas_srv_status_to_ril_reg_status ... srv_domain_valid, srv_domain 1, 2
02-13 18:08:32.699 I/RILC    (  114): qmi_ril(0/114): [main] qcril_qmi_nas_util_convert_nas_srv_status_to_ril_reg_status ... intermediate res 2 1
02-13 18:08:32.699 I/RILC    (  114): qmi_ril(0/114): [main] qcril_qmi_nas_util_convert_nas_srv_status_to_ril_reg_status ... hdr_only_sys_info 89608
02-13 18:08:32.699 I/RILC    (  114): qmi_ril(0/114): [main] qcril_qmi_nas_util_convert_nas_srv_status_to_ril_reg_status ... hdr_active_prot_valid, hdr_personality_valid 1, 1
02-13 18:08:32.699 I/RILC    (  114): qmi_ril(0/114): [main] qcril_qmi_nas_util_convert_nas_srv_status_to_ril_reg_status ... intermediate res 3 1
02-13 18:08:32.699 I/RILC    (  114): qmi_ril(0/114): [main] qcril_qmi_nas_util_convert_nas_srv_status_to_ril_reg_status ... is_sys_forbidden_valid, is_sys_forbidden 1, 0
02-13 18:08:32.699 I/RILC    (  114): qmi_ril(0/114): [main] qcril_qmi_nas_util_convert_nas_srv_status_to_ril_reg_status qcril_qmi_nas_util_convert_nas_srv_status_to_ril_reg_status complete with 1
02-13 18:08:32.699 I/RILC    (  114): qmi_ril(0/114): [main] qmi_ril_nwr_update_reg_rej_from_sys_info .. 1x reg data 5
02-13 18:08:32.699 I/RILC    (  114): qmi_ril(0/114): [main] qmi_ril_nwr_update_reg_rej_from_sys_info .. gsm reg data 0
02-13 18:08:32.699 I/RILC    (  114): qmi_ril(0/114): [main] qmi_ril_nwr_update_reg_rej_from_sys_info .. wcdma reg data  0
02-13 18:08:32.699 I/RILC    (  114): qmi_ril(0/114): [main] qmi_ril_nwr_update_reg_rej_from_sys_info .. lte reg data 0
02-13 18:08:32.699 I/RILC    (  114): qmi_ril(0/114): [main] qmi_ril_nwr_update_reg_rej_from_sys_info .. hdr reg data 1
02-13 18:08:32.699 I/RILC    (  114): qmi_ril(0/114): [main] qmi_ril_nwr_update_reg_rej_from_sys_info .. rte 1 reje PS ps_rejected 0
02-13 18:08:32.699 I/RILC    (  114): qmi_ril(0/114): [main] qmi_ril_nwr_update_reg_rej_from_sys_info .. rte 1 reje PS ps_reject_cause 0
02-13 18:08:32.699 I/RILC    (  114): qmi_ril(0/114): [main] qmi_ril_nwr_util_log_mccmnc_str .. data reje mcc - 
02-13 18:08:32.699 I/RILC    (  114): qmi_ril(0/114): [main] qmi_ril_nwr_util_log_mccmnc_str .. data reje mnc - 
02-13 18:08:32.699 I/RILC    (  114): qmi_ril(0/114): [main] qmi_ril_nwr_update_reg_rej_from_sys_info .. rte 2 reje PS ps_rejected 0
02-13 18:08:32.699 I/RILC    (  114): qmi_ril(0/114): [main] qmi_ril_nwr_update_reg_rej_from_sys_info .. rte 2 reje PS ps_reject_cause 0
02-13 18:08:32.699 I/RILC    (  114): qmi_ril(0/114): [main] qmi_ril_nwr_util_log_mccmnc_str .. data reje mcc - 
02-13 18:08:32.699 I/RILC    (  114): qmi_ril(0/114): [main] qmi_ril_nwr_util_log_mccmnc_str .. data reje mnc - 
02-13 18:08:32.699 I/RILC    (  114): qmi_ril(0/114): [main] qmi_ril_nwr_update_reg_rej_from_sys_info .. rte 3 reje PS ps_rejected 0
02-13 18:08:32.699 I/RILC    (  114): qmi_ril(0/114): [main] qmi_ril_nwr_update_reg_rej_from_sys_info .. rte 3 reje PS ps_reject_cause 0
02-13 18:08:32.699 I/RILC    (  114): qmi_ril(0/114): [main] qmi_ril_nwr_util_log_mccmnc_str .. data reje mcc - 
02-13 18:08:32.699 I/RILC    (  114): qmi_ril(0/114): [main] qmi_ril_nwr_util_log_mccmnc_str .. data reje mnc - 
02-13 18:08:32.699 I/RILC    (  114): qmi_ril(0/114): [main] qmi_ril_nwr_update_reg_rej_from_sys_info .. rte 4 reje PS ps_rejected 0
02-13 18:08:32.699 I/RILC    (  114): qmi_ril(0/114): [main] qmi_ril_nwr_update_reg_rej_from_sys_info .. rte 4 reje PS ps_reject_cause 0
02-13 18:08:32.699 I/RILC    (  114): qmi_ril(0/114): [main] qmi_ril_nwr_util_log_mccmnc_str .. data reje mcc - 
02-13 18:08:32.699 I/RILC    (  114): qmi_ril(0/114): [main] qmi_ril_nwr_util_log_mccmnc_str .. data reje mnc - 
02-13 18:08:32.699 I/RILC    (  114): qmi_ril(0/114): [main] qmi_ril_nwr_update_reg_rej_from_sys_info .. rte 5 reje PS ps_rejected 0
02-13 18:08:32.699 I/RILC    (  114): qmi_ril(0/114): [main] qmi_ril_nwr_update_reg_rej_from_sys_info .. rte 5 reje PS ps_reject_cause 0
02-13 18:08:32.699 I/RILC    (  114): qmi_ril(0/114): [main] qmi_ril_nwr_util_log_mccmnc_str .. data reje mcc - 
02-13 18:08:32.699 I/RILC    (  114): qmi_ril(0/114): [main] qmi_ril_nwr_util_log_mccmnc_str .. data reje mnc - 
02-13 18:08:32.699 I/RILC    (  114): qmi_ril(0/114): [main] qmi_ril_nwr_update_reg_rej_from_sys_info qmi_ril_nwr_update_reg_rej_from_sys_info completed
02-13 18:08:32.699 I/RILC    (  114): qmi_ril(0/114): [main] qcril_qmi_nas_fetch_sys_info qcril_qmi_nas_fetch_sys_info res 0 
02-13 18:08:32.699 I/RILC    (  114): qmi_ril(0/114): [main] qcril_qmi_nas_request_registration_state qcril_qmi_nas_request_registration_state forming response
02-13 18:08:32.699 I/RILC    (  114): qmi_ril(0/114): [main] qcril_qmi_nas_request_registration_state ***zyj*** qcril_qmi_nas_request_registration_state nas_cached_info.serving_system->registration_state=1
02-13 18:08:32.699 I/RILC    (  114): qmi_ril(0/114): [main] qcril_qmi_nas_request_registration_state pre - cur reg state 5
02-13 18:08:32.699 I/RILC    (  114): qmi_ril(0/114): [main] qcril_qmi_nas_request_registration_state qcril_qmi_nas_request_registration_state cur reg state 5
02-13 18:08:32.699 I/RILC    (  114): qmi_ril(0/114): [main] qcril_qmi_nas_is_in_service_of_technology qcril_qmi_nas_is_in_service_of_technology entered
02-13 18:08:32.699 I/RILC    (  114): qmi_ril(0/114): [main] qcril_qmi_nas_is_in_service_of_technology qcril_qmi_nas_is_in_service_of_technology completed with 0
02-13 18:08:32.699 I/RILC    (  114): qmi_ril(0/114): [main] qcril_qmi_nas_is_in_service_of_technology qcril_qmi_nas_is_in_service_of_technology entered
02-13 18:08:32.699 I/RILC    (  114): qmi_ril(0/114): [main] qcril_qmi_nas_is_in_service_of_technology qcril_qmi_nas_is_in_service_of_technology completed with 0
02-13 18:08:32.699 I/RILC    (  114): qmi_ril(0/114): [main] qcril_qmi_nas_request_registration_state .. cdma p_rev valid 1
02-13 18:08:32.699 I/RILC    (  114): qmi_ril(0/114): [main] qcril_qmi_nas_request_registration_state .. cdma p_rev 6
02-13 18:08:32.699 I/RILC    (  114): qmi_ril(0/114): [main] qcril_qmi_nas_is_in_service_of_technology qcril_qmi_nas_is_in_service_of_technology entered
02-13 18:08:32.699 I/RILC    (  114): qmi_ril(0/114): [main] qcril_qmi_nas_is_in_service_of_technology qcril_qmi_nas_is_in_service_of_technology completed with 1
02-13 18:08:32.699 I/RILC    (  114): qmi_ril(0/114): [main] qcril_qmi_nas_request_registration_state .. rg 0 - 5
02-13 18:08:32.699 I/RILC    (  114): qmi_ril(0/114): [main] qcril_qmi_nas_request_registration_state .. rg 1 - 
02-13 18:08:32.699 I/RILC    (  114): qmi_ril(0/114): [main] qcril_qmi_nas_request_registration_state .. rg 2 - 
02-13 18:08:32.699 I/RILC    (  114): qmi_ril(0/114): [main] qcril_qmi_nas_request_registration_state .. rg 3 - 6
02-13 18:08:32.699 I/RILC    (  114): qmi_ril(0/114): [main] qcril_qmi_nas_request_registration_state .. rg 4 - 852
02-13 18:08:32.699 I/RILC    (  114): qmi_ril(0/114): [main] qcril_qmi_nas_request_registration_state .. rg 5 - 0
02-13 18:08:32.699 I/RILC    (  114): qmi_ril(0/114): [main] qcril_qmi_nas_request_registration_state .. rg 6 - 0
02-13 18:08:32.699 I/RILC    (  114): qmi_ril(0/114): [main] qcril_qmi_nas_request_registration_state .. rg 7 - 0
02-13 18:08:32.699 I/RILC    (  114): qmi_ril(0/114): [main] qcril_qmi_nas_request_registration_state .. rg 8 - 4681
02-13 18:08:32.699 I/RILC    (  114): qmi_ril(0/114): [main] qcril_qmi_nas_request_registration_state .. rg 9 - 0
02-13 18:08:32.699 I/RILC    (  114): qmi_ril(0/114): [main] qcril_qmi_nas_request_registration_state .. rg 10 - 160
02-13 18:08:32.699 I/RILC    (  114): qmi_ril(0/114): [main] qcril_qmi_nas_request_registration_state .. rg 11 - 1
02-13 18:08:32.699 I/RILC    (  114): qmi_ril(0/114): [main] qcril_qmi_nas_request_registration_state .. rg 12 - 160
02-13 18:08:32.699 I/RILC    (  114): qmi_ril(0/114): [main] qcril_qmi_nas_request_registration_state .. rg 13 - 0
02-13 18:08:32.699 I/RILC    (  114): qmi_ril(0/114): [main] qcril_qmi_nas_request_registration_state .. rg 14 - 0
02-13 18:08:32.699 I/RILC    (  114): qmi_ril(0/114): [main] qcril_reqlist_find [RID 0] Not found ReqList entry : token id 142
02-13 18:08:32.699 D/RILC    (  114): qmi_ril(0/114): [main] qcril_send_request_response UI <--- RIL_REQUEST_REGISTRATION_STATE (20) Complete --- RIL [RID 0, Token 142, Success, Len 60 ]
02-13 18:08:32.699 D/RILJ    (  344): [0142]< REGISTRATION_STATE {5,null,null,6,852,0,0,0,4681,0,160,1,160,0,0}
02-13 18:08:32.699 D/CDMA    (  344): [CdmaServiceStateTracker] ***zyj*** roamingstaus:2
02-13 18:08:32.699 D/CDMA    (  344): [CdmaServiceStateTracker] ***zyj*** sid not all zero and nam not match and sys in prl set report ind
02-13 18:08:32.699 D/CDMA    (  344): [CdmaServiceStateTracker] Set CDMA Roaming Indicator to: 160. mCdmaRoaming = true, isPrlLoaded = true. namMatch = false , mIsInPrl = true, mRoamingIndicator = 160, mDefaultRoamingIndicator= 160
02-13 18:08:32.699 D/CDMA    (  344): [CdmaServiceStateTracker] Poll ServiceState done: oldSS=[0 roaming    310099  1xRTT CSS not supported 0 4681RoamInd: 160RoamStatus(sprint): 2DefRoamInd: 160EmergOnly: false] newSS=[0 roaming null  310099  1xRTT CSS not supported 0 4681RoamInd: 160RoamStatus(sprint): 2DefRoamInd: 160EmergOnly: false]
02-13 18:08:32.729 I/RILC    (  114): qmi_ril(0/114): [main] qcril_qmi_nas_request_registration_state .. need to report cs/ps bar 0
02-13 18:08:32.729 I/RILC    (  114): qmi_ril(0/114): [main] qcril_qmi_nas_request_registration_state qcril_qmi_nas_request_registration_state completed with 0
02-13 18:08:32.729 D/RILC    (  114): qmi_ril(0/114): [main] onRequest UI --- RIL_REQUEST_DATA_REGISTRATION_STATE (21) ---> RIL [RID 0, token id 143, data len 0]
02-13 18:08:32.729 I/RILC    (  114): qmi_ril(0/114): [main] qcril_qmi_nas_request_data_registration_state qcril_qmi_nas_request_data_registration_state entered
02-13 18:08:32.729 I/RILC    (  114): qmi_ril(0/114): [main] qcril_qmi_nas_is_in_service_of_technology qcril_qmi_nas_is_in_service_of_technology entered
02-13 18:08:32.729 I/RILC    (  114): qmi_ril(0/114): [main] qcril_qmi_nas_is_in_service_of_technology qcril_qmi_nas_is_in_service_of_technology completed with 0
02-13 18:08:32.729 I/RILC    (  114): qmi_ril(0/114): [main] qcril_qmi_nas_is_in_service_of_technology qcril_qmi_nas_is_in_service_of_technology entered
02-13 18:08:32.729 I/RILC    (  114): qmi_ril(0/114): [main] qcril_qmi_nas_is_in_service_of_technology qcril_qmi_nas_is_in_service_of_technology completed with 1
02-13 18:08:32.729 I/RILC    (  114): qmi_ril(0/114): [main] qcril_qmi_nas_request_data_registration_state  ... QMI NAS reg_state 1
02-13 18:08:32.729 I/RILC    (  114): qmi_ril(0/114): [main] qcril_qmi_nas_request_data_registration_state  ... cache valid for data_caps 1
02-13 18:08:32.729 I/RILC    (  114): qmi_ril(0/114): [main] qcril_qmi_nas_request_data_registration_state  ... cache valid for data_caps_len 2
02-13 18:08:32.729 I/RILC    (  114): qmi_ril(0/114): [main] qcril_qmi_nas_request_data_registration_state  ... ps attach state 1
02-13 18:08:32.729 I/RILC    (  114): qmi_ril(0/114): [main] qcril_qmi_nas_request_data_registration_state Xinjingqcril_qmi_nas_request_data_registration_state cur reg state 1
02-13 18:08:32.729 I/RILC    (  114): qmi_ril(0/114): [main] qcril_qmi_nas_request_data_registration_state .. pre  cur reg state 1
02-13 18:08:32.729 I/RILC    (  114): qmi_ril(0/114): [main] qcril_qmi_nas_request_data_registration_state qcril_qmi_nas_request_data_registration_state cur reg state 1
02-13 18:08:32.729 I/RILC    (  114): qmi_ril(0/114): [main] qcril_qmi_nas_is_in_service_of_technology qcril_qmi_nas_is_in_service_of_technology entered
02-13 18:08:32.729 I/RILC    (  114): qmi_ril(0/114): [main] qcril_qmi_nas_is_in_service_of_technology qcril_qmi_nas_is_in_service_of_technology completed with 0
02-13 18:08:32.729 I/RILC    (  114): qmi_ril(0/114): [main] qcril_qmi_nas_is_in_service_of_technology qcril_qmi_nas_is_in_service_of_technology entered
02-13 18:08:32.729 I/RILC    (  114): qmi_ril(0/114): [main] qcril_qmi_nas_is_in_service_of_technology qcril_qmi_nas_is_in_service_of_technology completed with 0
02-13 18:08:32.729 I/RILC    (  114): qmi_ril(0/114): [main] qcril_qmi_nas_request_data_registration_state .. data caps 1, 2
02-13 18:08:32.729 I/RILC    (  114): qmi_ril(0/114): [main] qcril_qmi_nas_request_data_registration_state .. detailed info val 1
02-13 18:08:32.729 I/RILC    (  114): qmi_ril(0/114): [main] qcril_qmi_nas_request_data_registration_state .. detailed info srv_cap 3
02-13 18:08:32.729 I/RILC    (  114): qmi_ril(0/114): [main] qcril_qmi_nas_request_data_registration_state .. legacy data cap 6
02-13 18:08:32.729 I/RILC    (  114): qmi_ril(0/114): [main] qcril_qmi_nas_request_data_registration_state .. final legacy data cap 8
02-13 18:08:32.729 I/RILC    (  114): qmi_ril(0/114): [main] qcril_qmi_nas_request_data_registration_state .. ehrpd adjustment check 8
02-13 18:08:32.729 I/RILC    (  114): qmi_ril(0/114): [main] qcril_qmi_nas_request_data_registration_state .. detailed_service_info val, nas_cached_info.hdr_personality val  1, 1
02-13 18:08:32.729 I/RILC    (  114): qmi_ril(0/114): [main] qcril_qmi_nas_request_data_registration_state .. hdr status, hdr_hybrid  2, 1
02-13 18:08:32.729 I/RILC    (  114): qmi_ril(0/114): [main] qcril_qmi_nas_request_data_registration_state .. hdr_personality check 1
02-13 18:08:32.729 I/RILC    (  114): qmi_ril(0/114): [main] qcril_qmi_nas_request_data_registration_state .. rg 0 - 1
02-13 18:08:32.729 I/RILC    (  114): qmi_ril(0/114): [main] qcril_qmi_nas_request_data_registration_state .. rg 1 - 
02-13 18:08:32.729 I/RILC    (  114): qmi_ril(0/114): [main] qcril_qmi_nas_request_data_registration_state .. rg 2 - 
02-13 18:08:32.729 I/RILC    (  114): qmi_ril(0/114): [main] qcril_qmi_nas_request_data_registration_state .. rg 3 - 8
02-13 18:08:32.729 I/RILC    (  114): qmi_ril(0/114): [main] qcril_qmi_nas_request_data_registration_state .. rg 4 - 0
02-13 18:08:32.729 I/RILC    (  114): qmi_ril(0/114): [main] qcril_qmi_nas_request_data_registration_state .. rg 5 - 20
02-13 18:08:32.729 I/RILC    (  114): qmi_ril(0/114): [main] qcril_reqlist_find [RID 0] Not found ReqList entry : token id 143
02-13 18:08:32.729 D/RILC    (  114): qmi_ril(0/114): [main] qcril_send_request_response UI <--- RIL_REQUEST_DATA_REGISTRATION_STATE (21) Complete --- RIL [RID 0, Token 143, Success, Len 24 ]
02-13 18:08:32.729 D/RILJ    (  344): [0143]< DATA_REGISTRATION_STATE {1,null,null,8,0,20}
02-13 18:08:32.729 I/RILC    (  114): qmi_ril(0/114): [main] qcril_qmi_nas_request_data_registration_state qcril_qmi_nas_request_data_registration_state complete with 0
02-13 18:08:34.010 I/RILC    (  114): qmi_ril(0/114): [qmi_cb] qcril_qmi_nas_unsolicited_indication_cb invoked msg 0x2
02-13 18:08:34.010 I/RILC    (  114): qmi_ril(0/114): [qmi_cb] qcril_qmi_nas_is_considered_registered qcril_qmi_nas_is_considered_registered entered
02-13 18:08:34.010 I/RILC    (  114): qmi_ril(0/114): [qmi_cb] qcril_qmi_nas_is_considered_registered qcril_qmi_nas_is_considered_registered completed with 1
02-13 18:08:34.010 I/RILC    (  114): qmi_ril(0/114): [qmi_cb] qcril_qmi_nas_event_report_ind_conv_qmi2ril qcril_qmi_nas_event_report_ind_conv_qmi2ril entered
02-13 18:08:34.010 I/RILC    (  114): qmi_ril(0/114): [qmi_cb] qcril_qmi_nas_event_report_ind_conv_qmi2ril .. reg reject valid 0
02-13 18:08:34.010 I/RILC    (  114): qmi_ril(0/114): [qmi_cb] qcril_qmi_nas_event_report_ind_conv_qmi2ril qcril_qmi_nas_event_report_ind_conv_qmi2ril completed
02-13 18:08:34.010 I/RILC    (  114): qmi_ril(0/114): [qmi_cb] qcril_qmi_nas_is_considered_registered qcril_qmi_nas_is_considered_registered entered
