02-13 18:26:03.133 I/RILC    (  114): qmi_ril(0/114): [main] qcril_qmi_nas_fetch_signal_strength_observations qcril_qmi_nas_fetch_signal_strength_observations completed 0
02-13 18:26:03.133 I/RILC    (  114): qmi_ril(0/114): [main] qcril_qmi_util_enable_networking_indications .. new / old rte 2 / 0
02-13 18:26:03.133 D/RILC    (  114): qmi_ril(0/114): [main] qcril_send_unsol_response UI <--- RIL_UNSOL_RESPONSE_NETWORK_STATE_CHANGED (1002) --- RIL [RID 0, Len 0, (null)]
02-13 18:26:03.133 D/RILC    (  114): qmi_ril(0/114): [main] qcril_send_unsol_response UI <--- RIL_UNSOL_RESPONSE_DATA_NETWORK_STATE_CHANGED (1037) --- RIL [RID 0, Len 0, (null)]
02-13 18:26:03.133 I/RILC    (  114): qmi_ril(0/114): [main] qcril_qmi_util_enable_networking_indications .. restrict status info 0
02-13 18:26:03.133 I/RILC    (  114): qmi_ril(0/114): [main] qcril_qmi_nas_fill_up_restricted_state_details  .. restricted_state_changed_local, restricted_state_details_local 0, 0
02-13 18:26:03.133 D/RILC    (  114): qmi_ril(0/114): [main] qcril_event_queue Event [<Unknown event> ?, 655370] data was NULL!
02-13 18:26:03.133 D/RILC    (  114): qmi_ril(0/114): [main] qcril_event_queue RID 0 MID 0 Queued event <Unknown event> ? (0 bytes)
02-13 18:26:03.133 I/RILC    (  114): qmi_ril(0/114): [main] qcril_qmi_util_enable_networking_indications qcril_qmi_util_enable_networking_indications completed with 0
02-13 18:26:03.133 D/RILJ    (  344): [UNSL]< UNSOL_RESPONSE_NETWORK_STATE_CHANGED
02-13 18:26:03.133 D/RILJ    (  344): [UNSL]< RIL_UNSOL_RESPONSE_DATA_NETWORK_STATE_CHANGED
02-13 18:26:03.133 D/RILC    (  114): qmi_ril(0/114): [event] qcril_event_main qcril_event_main(): 1 items on queue
02-13 18:26:03.133 D/RILC    (  114): qmi_ril(0/114): [event] qcril_event_main RID 0 MID 0 De-queued event <Unknown event> ? (655370)
02-13 18:26:03.133 D/RILC    (  114): qmi_ril(0/114): [event] qcril_process_event RIL <--- <Unknown event> ?(655370), RID 0, MID 0 --- AMSS
02-13 18:26:03.133 I/RILC    (  114): qmi_ril(0/114): [event] qcril_qmi_trigger_propagate_known_signal_strength_ind qcril_qmi_trigger_propagate_known_signal_strength_ind received
02-13 18:26:03.133 I/RILC    (  114): qmi_ril(0/114): [event] qcril_qmi_nas_propagate_known_signal_strength_ind qcril_qmi_nas_propagate_known_signal_strength_ind entered
02-13 18:26:03.133 I/RILC    (  114): qmi_ril(0/114): [event] qcril_qmi_nas_fetch_signal_strength_observations qcril_qmi_nas_fetch_signal_strength_observations entered
02-13 18:26:03.133 I/RILC    (  114): qmi_ril(0/114): [event] qcril_qmi_nas_fetch_signal_strength_observations ..req mask 96
02-13 18:26:03.133 I/RILC    (  114): qmi_ril(0/114): [event] qcril_qmi_nas_fetch_signal_strength_observations qcril_qmi_nas_request_signal_strength entered IF 96
02-13 18:26:03.133 I/RILC    (  114): qmi_ril(0/114): [event] qcril_qmi_nas_fetch_signal_strength_observations qcril_qmi_nas_request_signal_strength entered RIL_REQ_RES qmi_request.request__mask = 32
02-13 18:26:03.133 I/RILC    (  114): qmi_ril(0/114): [event] qcril_qmi_nas_fetch_signal_strength_observations qcril_qmi_nas_request_signal_strength entered IF QMI RESPONSE 96
02-13 18:26:03.133 D/CDMA    (  344): [CdmaServiceStateTracker] Poll ServiceState done: oldSS=[3 home null null null  Unknown CSS not supported -1 -1RoamInd: -1RoamStatus(sprint): -1DefRoamInd: -1EmergOnly: false] newSS=[3 home null null null  Unknown CSS not supported -1 -1RoamInd: -1RoamStatus(sprint): -1DefRoamInd: -1EmergOnly: false]
02-13 18:26:03.133 I/RILC    (  114): qmi_ril(0/114): [event] qcril_qmi_util_convert_qmi_response_codes_to_ril_result_ex qcril_qmi_util_convert_qmi_response_codes_to_ril_result_ex ctx check 0
02-13 18:26:03.133 I/RILC    (  114): qmi_ril(0/114): [event] qcril_qmi_nas_fetch_signal_strength_observations qcril_qmi_nas_request_signal_strength entered IF UTIL_RES = SUCCESS 96
02-13 18:26:03.133 I/RILC    (  114): qmi_ril(0/114): [event] qcril_qmi_nas_fetch_signal_strength_observations qcril_qmi_nas_fetch_signal_strength_observations completed 0
02-13 18:26:03.133 I/RILC    (  114): qmi_ril(0/114): [event] qcril_qmi_nas_propagate_known_signal_strength_ind .. subfetch sig strength info 0
02-13 18:26:03.133 I/RILC    (  114): qmi_ril(0/114): [event] qcril_qmi_nas_dump_sign_strength_report qcril_qmi_nas_dump_sign_strength_report entered
02-13 18:26:03.133 I/RILC    (  114): qmi_ril(0/114): [event] qcril_qmi_nas_dump_sign_strength_report ..GW
02-13 18:26:03.133 I/RILC    (  114): qmi_ril(0/114): [event] qcril_qmi_nas_dump_sign_strength_report .. signalStrength 99, bitErrorRate 0
02-13 18:26:03.133 I/RILC    (  114): qmi_ril(0/114): [event] qcril_qmi_nas_dump_sign_strength_report ..CDMA
02-13 18:26:03.133 I/RILC    (  114): qmi_ril(0/114): [event] qcril_qmi_nas_dump_sign_strength_report .. dbm -1, ecio -1 
02-13 18:26:03.133 I/RILC    (  114): qmi_ril(0/114): [event] qcril_qmi_nas_dump_sign_strength_report ..EVDO
02-13 18:26:03.133 I/RILC    (  114): qmi_ril(0/114): [event] qcril_qmi_nas_dump_sign_strength_report .. dbm -1, ecio -1, signalNoiseRatio 8
02-13 18:26:03.133 I/RILC    (  114): qmi_ril(0/114): [event] qcril_qmi_nas_dump_sign_strength_report ..LTE
02-13 18:26:03.133 I/RILC    (  114): qmi_ril(0/114): [event] qcril_qmi_nas_dump_sign_strength_report .. signalStrength 99, rsrp 2147483647, rsrq 2147483647, rsnnr 2147483647
02-13 18:26:03.133 I/RILC    (  114): qmi_ril(0/114): [event] qcril_qmi_nas_dump_sign_strength_report qcril_qmi_nas_dump_sign_strength_report completed
02-13 18:26:03.133 I/RILC    (  114): qmi_ril(0/114): [event] qcril_qmi_nas_propagate_known_signal_strength_ind .. conf res 0
02-13 18:26:03.133 D/RILC    (  114): qmi_ril(0/114): [event] qcril_send_unsol_response UI <--- RIL_UNSOL_SIGNAL_STRENGTH (1009) --- RIL [RID 0, Len 48, (null)]
02-13 18:26:03.133 I/RILC    (  114): qmi_ril(0/114): [event] qcril_qmi_nas_propagate_known_signal_strength_ind qcril_qmi_nas_propagate_known_signal_strength_ind completed 0
02-13 18:26:03.133 I/RILC    (  114): qmi_ril(0/114): [event] qcril_process_event Exit qcril_process_event() : <Unknown event> ?, err_no 0
02-13 18:26:03.133 D/RILC    (  114): qmi_ril(0/114): [event] qcril_event_main qcril_event_main(): Waiting...
02-13 18:26:03.133 I/RILC    (  114): qmi_ril(0/114): [main] qcril_qmi_util_convert_qmi_response_codes_to_ril_result_ex qcril_qmi_util_convert_qmi_response_codes_to_ril_result_ex ctx check 0
02-13 18:26:03.133 I/RILC    (  114): qmi_ril(0/114): [main] qcril_qmi_voice_technology_updated qcril_qmi_voice_technology_updated entered
02-13 18:26:03.133 I/RILC    (  114): qmi_ril(0/114): [main] qcril_qmi_voice_technology_updated ..nas_cached_info.serving_system valid 1
02-13 18:26:03.133 I/RILC    (  114): qmi_ril(0/114): [main] qcril_qmi_voice_technology_updated .. selected NW 0
02-13 18:26:03.133 I/RILC    (  114): qmi_ril(0/114): [main] qcril_qmi_voice_technology_updated .. NW state 0
02-13 18:26:03.133 I/RILC    (  114): qmi_ril(0/114): [main] qcril_qmi_mgr_voice_technology_updated qcril_qmi_mgr_voice_technology_updated entered
02-13 18:26:03.133 I/RILC    (  114): qmi_ril(0/114): [main] qcril_qmi_mgr_voice_technology_updated qcril_qmi_mgr_voice_technology_updated left 0
02-13 18:26:03.133 I/RILC    (  114): qmi_ril(0/114): [main] qcril_qmi_voice_technology_updated qcril_qmi_voice_technology_updated completed for 0
02-13 18:26:03.133 I/RILC    (  114): qmi_ril(0/114): [main] qmi_ril_nwr_update_reg_rej_legacy qmi_ril_nwr_update_reg_rej_legacy entered
02-13 18:26:03.133 I/RILC    (  114): qmi_ril(0/114): [main] qmi_ril_nwr_update_reg_rej_legacy .. ss srv reg state 0
02-13 18:26:03.133 I/RILC    (  114): qmi_ril(0/114): [main] qmi_ril_nwr_update_reg_rej_legacy .. reje CS cs_rejected 0
02-13 18:26:03.133 I/RILC    (  114): qmi_ril(0/114): [main] qmi_ril_nwr_update_reg_rej_legacy .. reje CS cs_reject_cause 0
02-13 18:26:03.133 I/RILC    (  114): qmi_ril(0/114): [main] qmi_ril_nwr_update_reg_rej_legacy .. reje PS ps_rejected 0
02-13 18:26:03.133 I/RILC    (  114): qmi_ril(0/114): [main] qmi_ril_nwr_update_reg_rej_legacy .. reje PS ps_reject_cause 0
02-13 18:26:03.133 I/RILC    (  114): qmi_ril(0/114): [main] qmi_ril_nwr_util_log_mccmnc_str .. reje mcc - 
02-13 18:26:03.133 I/RILC    (  114): qmi_ril(0/114): [main] qmi_ril_nwr_util_log_mccmnc_str .. reje mnc - 
02-13 18:26:03.133 I/RILC    (  114): qmi_ril(0/114): [main] qmi_ril_nwr_update_reg_rej_legacy qmi_ril_nwr_update_reg_rej_legacy completed
02-13 18:26:03.133 I/RILC    (  114): qmi_ril(0/114): [main] qcril_qmi_nas_fetch_serving_system_info qcril_qmi_nas_fetch_serving_system_info res 0 
02-13 18:26:03.133 I/RILC    (  114): qmi_ril(0/114): [main] qcril_data_toggle_dormancy_indications >>>>>> LOCK QCRIL_DATA MUTEX 80211c14
02-13 18:26:03.133 I/RILC    (  114): qmi_ril(0/114): [main] qcril_data_toggle_dormancy_indications LOCK QCRIL_DATA MUTEX 80211c14 result=0
02-13 18:26:03.133 D/RILC    (  114): qmi_ril(0/114): [main] qcril_data_toggle_dormancy_indications Switch ON/OFF dormancy indications on all active interfaces
02-13 18:26:03.133 I/RILC    (  114): qmi_ril(0/114): [main] qcril_data_toggle_dormancy_indications <<<<<< UNLOCK QCRIL_DATA MUTEX 80211c14
02-13 18:26:03.133 I/RILC    (  114): qmi_ril(0/114): [main] qcril_data_toggle_dormancy_indications UNLOCK QCRIL_DATA MUTEX 80211c14 result=0
02-13 18:26:03.133 I/RILC    (  114): qmi_ril(0/114): [main] qcril_data_toggle_dormancy_indications qcril_data_toggle_dormancy_indications: EXIT with SUCCESS
02-13 18:26:03.133 I/RILC    (  114): qmi_ril(0/114): [main] qcril_qmi_nas_request_screen_state .. data dormancy req 2, 0
02-13 18:26:03.133 I/RILC    (  114): qmi_ril(0/114): [main] qcril_reqlist_find [RID 0] Not found ReqList entry : token id 178
02-13 18:26:03.133 D/RILC    (  114): qmi_ril(0/114): [main] qcril_send_request_response UI <--- RIL_REQUEST_SCREEN_STATE (61) Complete --- RIL [RID 0, Token 178, Success, Len 0 ]
02-13 18:26:03.133 I/RILC    (  114): qmi_ril(0/114): [main] qcril_qmi_nas_request_screen_state qcril_qmi_nas_request_screen_state complete with 0
02-13 18:26:03.133 D/RILJ    (  344): [0178]< SCREEN_STATE 
02-13 18:26:03.994 D/CDMA    (  344): [CdmaCallTracker] update phone state, old=IDLE new=IDLE
02-13 18:26:09.990 D/RILJ    (  344): [0179]> SCREEN_STATE: false
02-13 18:26:09.990 D/RILC    (  114): qmi_ril(0/114): [main] onRequest UI --- RIL_REQUEST_SCREEN_STATE (61) ---> RIL [RID 0, token id 179, data len 4]
02-13 18:26:09.990 I/RILC    (  114): qmi_ril(0/114): [main] qcril_qmi_nas_request_screen_state qcril_qmi_nas_request_screen_state entered 
02-13 18:26:09.990 I/RILC    (  114): qmi_ril(0/114): [main] qcril_qmi_util_enable_networking_indications qcril_qmi_util_enable_networking_indications, param 0 
02-13 18:26:09.990 I/RILC    (  114): qmi_ril(0/114): [main] qcril_qmi_util_convert_qmi_response_codes_to_ril_result_ex qcril_qmi_util_convert_qmi_response_codes_to_ril_result_ex ctx check 0
02-13 18:26:09.990 I/RILC    (  114): qmi_ril(0/114): [main] qcril_qmi_util_enable_networking_indications .. requested nas event report 0, 0
02-13 18:26:09.990 I/RILC    (  114): qmi_ril(0/114): [main] qcril_qmi_util_convert_qmi_response_codes_to_ril_result_ex qcril_qmi_util_convert_qmi_response_codes_to_ril_result_ex ctx check 0
02-13 18:26:09.990 I/RILC    (  114): qmi_ril(0/114): [main] qcril_qmi_util_enable_networking_indications .. requested nas indication reports 0, 0
02-13 18:26:09.990 I/RILC    (  114): qmi_ril(0/114): [main] qcril_qmi_util_enable_networking_indications qcril_qmi_util_enable_networking_indications completed with 0
02-13 18:26:09.990 I/RILC    (  114): qmi_ril(0/114): [main] qcril_data_toggle_dormancy_indications >>>>>> LOCK QCRIL_DATA MUTEX 80211c14
02-13 18:26:09.990 I/RILC    (  114): qmi_ril(0/114): [main] qcril_data_toggle_dormancy_indications LOCK QCRIL_DATA MUTEX 80211c14 result=0
02-13 18:26:09.990 D/RILC    (  114): qmi_ril(0/114): [main] qcril_data_toggle_dormancy_indications Switch ON/OFF dormancy indications on all active interfaces
02-13 18:26:09.990 I/RILC    (  114): qmi_ril(0/114): [main] qcril_data_toggle_dormancy_indications <<<<<< UNLOCK QCRIL_DATA MUTEX 80211c14
02-13 18:26:09.990 I/RILC    (  114): qmi_ril(0/114): [main] qcril_data_toggle_dormancy_indications UNLOCK QCRIL_DATA MUTEX 80211c14 result=0
02-13 18:26:09.990 I/RILC    (  114): qmi_ril(0/114): [main] qcril_data_toggle_dormancy_indications qcril_data_toggle_dormancy_indications: EXIT with SUCCESS
02-13 18:26:09.990 I/RILC    (  114): qmi_ril(0/114): [main] qcril_qmi_nas_request_screen_state .. data dormancy req 1, 0
02-13 18:26:09.990 I/RILC    (  114): qmi_ril(0/114): [main] qcril_reqlist_find [RID 0] Not found ReqList entry : token id 179
02-13 18:26:09.990 D/RILC    (  114): qmi_ril(0/114): [main] qcril_send_request_response UI <--- RIL_REQUEST_SCREEN_STATE (61) Complete --- RIL [RID 0, Token 179, Success, Len 0 ]
02-13 18:26:09.990 I/RILC    (  114): qmi_ril(0/114): [main] qcril_qmi_nas_request_screen_state qcril_qmi_nas_request_screen_state complete with 0
02-13 18:26:09.990 D/RILJ    (  344): [0179]< SCREEN_STATE 
02-13 18:26:13.562 D/RILJ    (  344): [0180]> SCREEN_STATE: true
02-13 18:26:13.562 D/RILC    (  114): qmi_ril(0/114): [main] onRequest UI --- RIL_REQUEST_SCREEN_STATE (61) ---> RIL [RID 0, token id 180, data len 4]
02-13 18:26:13.562 I/RILC    (  114): qmi_ril(0/114): [main] qcril_qmi_nas_request_screen_state qcril_qmi_nas_request_screen_state entered 
02-13 18:26:13.562 I/RILC    (  114): qmi_ril(0/114): [main] qcril_qmi_util_enable_networking_indications qcril_qmi_util_enable_networking_indications, param 1 
02-13 18:26:13.562 I/RILC    (  114): qmi_ril(0/114): [main] qcril_qmi_util_convert_qmi_response_codes_to_ril_result_ex qcril_qmi_util_convert_qmi_response_codes_to_ril_result_ex ctx check 0
02-13 18:26:13.562 I/RILC    (  114): qmi_ril(0/114): [main] qcril_qmi_util_enable_networking_indications .. requested nas event report 0, 0
02-13 18:26:13.572 I/RILC    (  114): qmi_ril(0/114): [main] qcril_qmi_util_convert_qmi_response_codes_to_ril_result_ex qcril_qmi_util_convert_qmi_response_codes_to_ril_result_ex ctx check 0
02-13 18:26:13.572 I/RILC    (  114): qmi_ril(0/114): [main] qcril_qmi_util_enable_networking_indications .. requested nas indication reports 0, 0
02-13 18:26:13.572 I/RILC    (  114): qmi_ril(0/114): [main] qcril_qmi_nas_drop_nw_info_cache  qcril_qmi_nas_drop_nw_info_cache entry 
02-13 18:26:13.572 I/RILC    (  114): qmi_ril(0/114): [main] qcril_qmi_nas_drop_nw_info_cache qcril_qmi_nas_drop_nw_info_cache complete 
02-13 18:26:13.572 I/RILC    (  114): qmi_ril(0/114): [main] qcril_qmi_util_convert_qmi_response_codes_to_ril_result_ex qcril_qmi_util_convert_qmi_response_codes_to_ril_result_ex ctx check 0
02-13 18:26:13.572 I/RILC    (  114): qmi_ril(0/114): [main] qcril_qmi_voice_technology_updated qcril_qmi_voice_technology_updated entered
02-13 18:26:13.572 I/RILC    (  114): qmi_ril(0/114): [main] qcril_qmi_voice_technology_updated ..nas_cached_info.serving_system valid 1
02-13 18:26:13.572 I/RILC    (  114): qmi_ril(0/114): [main] qcril_qmi_voice_technology_updated .. selected NW 0
02-13 18:26:13.572 I/RILC    (  114): qmi_ril(0/114): [main] qcril_qmi_voice_technology_updated .. NW state 0
02-13 18:26:13.572 I/RILC    (  114): qmi_ril(0/114): [main] qcril_qmi_mgr_voice_technology_updated qcril_qmi_mgr_voice_technology_updated entered
02-13 18:26:13.572 I/RILC    (  114): qmi_ril(0/114): [main] qcril_qmi_mgr_voice_technology_updated qcril_qmi_mgr_voice_technology_updated left 0
02-13 18:26:13.572 I/RILC    (  114): qmi_ril(0/114): [main] qcril_qmi_voice_technology_updated qcril_qmi_voice_technology_updated completed for 0
02-13 18:26:13.572 I/RILC    (  114): qmi_ril(0/114): [main] qmi_ril_nwr_update_reg_rej_legacy qmi_ril_nwr_update_reg_rej_legacy entered
02-13 18:26:13.572 I/RILC    (  114): qmi_ril(0/114): [main] qmi_ril_nwr_update_reg_rej_legacy .. ss srv reg state 0
02-13 18:26:13.572 I/RILC    (  114): qmi_ril(0/114): [main] qmi_ril_nwr_update_reg_rej_legacy .. reje CS cs_rejected 0
02-13 18:26:13.572 I/RILC    (  114): qmi_ril(0/114): [main] qmi_ril_nwr_update_reg_rej_legacy .. reje CS cs_reject_cause 0
02-13 18:26:13.572 I/RILC    (  114): qmi_ril(0/114): [main] qmi_ril_nwr_update_reg_rej_legacy .. reje PS ps_rejected 0
02-13 18:26:13.572 I/RILC    (  114): qmi_ril(0/114): [main] qmi_ril_nwr_update_reg_rej_legacy .. reje PS ps_reject_cause 0
02-13 18:26:13.572 I/RILC    (  114): qmi_ril(0/114): [main] qmi_ril_nwr_util_log_mccmnc_str .. reje mcc - 
02-13 18:26:13.572 I/RILC    (  114): qmi_ril(0/114): [main] qmi_ril_nwr_util_log_mccmnc_str .. reje mnc - 
02-13 18:26:13.572 I/RILC    (  114): qmi_ril(0/114): [main] qmi_ril_nwr_update_reg_rej_legacy qmi_ril_nwr_update_reg_rej_legacy completed
02-13 18:26:13.572 I/RILC    (  114): qmi_ril(0/114): [main] qcril_qmi_nas_fetch_serving_system_info qcril_qmi_nas_fetch_serving_system_info res 0 
02-13 18:26:13.572 I/RILC    (  114): qmi_ril(0/114): [main] qcril_qmi_nas_fetch_signal_strength_observations qcril_qmi_nas_fetch_signal_strength_observations entered
02-13 18:26:13.572 I/RILC    (  114): qmi_ril(0/114): [main] qcril_qmi_nas_fetch_signal_strength_observations ..req mask 115
02-13 18:26:13.572 I/RILC    (  114): qmi_ril(0/114): [main] qcril_qmi_nas_fetch_signal_strength_observations qcril_qmi_nas_request_signal_strength entered IF 115
02-13 18:26:13.572 I/RILC    (  114): qmi_ril(0/114): [main] qcril_qmi_nas_fetch_signal_strength_observations qcril_qmi_nas_request_signal_strength entered RIL_REQ_RES qmi_request.request__mask = 51
02-13 18:26:13.572 I/RILC    (  114): qmi_ril(0/114): [main] qcril_qmi_nas_fetch_signal_strength_observations qcril_qmi_nas_request_signal_strength entered IF QMI RESPONSE 115
02-13 18:26:13.572 I/RILC    (  114): qmi_ril(0/114): [main] qcril_qmi_util_convert_qmi_response_codes_to_ril_result_ex qcril_qmi_util_convert_qmi_response_codes_to_ril_result_ex ctx check 0
02-13 18:26:13.572 I/RILC    (  114): qmi_ril(0/114): [main] qcril_qmi_nas_fetch_signal_strength_observations qcril_qmi_nas_request_signal_strength entered IF UTIL_RES = SUCCESS 115
02-13 18:26:13.572 I/RILC    (  114): qmi_ril(0/114): [main] qcril_qmi_nas_fetch_signal_strength_observations qcril_qmi_nas_fetch_signal_strength_observations completed 0
02-13 18:26:13.572 I/RILC    (  114): qmi_ril(0/114): [main] qcril_qmi_util_enable_networking_indications .. new / old rte 0 / 0
02-13 18:26:13.572 D/RILC    (  114): qmi_ril(0/114): [main] qcril_send_unsol_response UI <--- RIL_UNSOL_RESPONSE_NETWORK_STATE_CHANGED (1002) --- RIL [RID 0, Len 0, (null)]
02-13 18:26:13.572 D/RILC    (  114): qmi_ril(0/114): [main] qcril_send_unsol_response UI <--- RIL_UNSOL_RESPONSE_DATA_NETWORK_STATE_CHANGED (1037) --- RIL [RID 0, Len 0, (null)]
02-13 18:26:13.572 I/RILC    (  114): qmi_ril(0/114): [main] qcril_qmi_util_enable_networking_indications .. restrict status info 0
02-13 18:26:13.572 I/RILC    (  114): qmi_ril(0/114): [main] qcril_qmi_nas_fill_up_restricted_state_details  .. restricted_state_changed_local, restricted_state_details_local 0, 0
02-13 18:26:13.572 D/RILC    (  114): qmi_ril(0/114): [main] qcril_event_queue Event [<Unknown event> ?, 655370] data was NULL!
02-13 18:26:13.572 D/RILC    (  114): qmi_ril(0/114): [event] qcril_event_main qcril_event_main(): 1 items on queue
02-13 18:26:13.572 D/RILC    (  114): qmi_ril(0/114): [event] qcril_event_main RID 0 MID 0 De-queued event <Unknown event> ? (655370)
02-13 18:26:13.572 D/RILC    (  114): qmi_ril(0/114): [event] qcril_process_event RIL <=== <Unknown event> ?(655370), RID 0, MID 0 === AMSS
02-13 18:26:13.572 I/RILC    (  114): qmi_ril(0/114): [event] qcril_qmi_trigger_propagate_known_signal_strength_ind qcril_qmi_trigger_propagate_known_signal_strength_ind received
02-13 18:26:13.572 I/RILC    (  114): qmi_ril(0/114): [event] qcril_qmi_nas_propagate_known_signal_strength_ind qcril_qmi_nas_propagate_known_signal_strength_ind entered
02-13 18:26:13.572 I/RILC    (  114): qmi_ril(0/114): [event] qcril_qmi_nas_fetch_signal_strength_observations qcril_qmi_nas_fetch_signal_strength_observations entered
02-13 18:26:13.572 I/RILC    (  114): qmi_ril(0/114): [event] qcril_qmi_nas_fetch_signal_strength_observations ..req mask 96
02-13 18:26:13.572 I/RILC    (  114): qmi_ril(0/114): [event] qcril_qmi_nas_fetch_signal_strength_observations qcril_qmi_nas_request_signal_strength entered IF 96
02-13 18:26:13.572 I/RILC    (  114): qmi_ril(0/114): [event] qcril_qmi_nas_fetch_signal_strength_observations qcril_qmi_nas_request_signal_strength entered RIL_REQ_RES qmi_request.request__mask = 32
02-13 18:26:13.572 I/RILC    (  114): qmi_ril(0/114): [event] qcril_qmi_nas_fetch_signal_strength_observations qcril_qmi_nas_request_signal_strength entered IF QMI RESPONSE 96
02-13 18:26:13.572 D/RILJ    (  344): [UNSL]< UNSOL_RESPONSE_NETWORK_STATE_CHANGED
02-13 18:26:13.572 D/RILJ    (  344): [UNSL]< RIL_UNSOL_RESPONSE_DATA_NETWORK_STATE_CHANGED
02-13 18:26:13.572 D/RILC    (  114): qmi_ril(0/114): [main] qcril_event_queue RID 0 MID 0 Queued event <Unknown event> ? (0 bytes)
02-13 18:26:13.572 I/RILC    (  114): qmi_ril(0/114): [main] qcril_qmi_util_enable_networking_indications qcril_qmi_util_enable_networking_indications completed with 0
02-13 18:26:13.572 I/RILC    (  114): qmi_ril(0/114): [event] qcril_qmi_util_convert_qmi_response_codes_to_ril_result_ex qcril_qmi_util_convert_qmi_response_codes_to_ril_result_ex ctx check 0
02-13 18:26:13.572 I/RILC    (  114): qmi_ril(0/114): [event] qcril_qmi_nas_fetch_signal_strength_observations qcril_qmi_nas_request_signal_strength entered IF UTIL_RES = SUCCESS 96
02-13 18:26:13.572 I/RILC    (  114): qmi_ril(0/114): [event] qcril_qmi_nas_fetch_signal_strength_observations qcril_qmi_nas_fetch_signal_strength_observations completed 0
02-13 18:26:13.572 I/RILC    (  114): qmi_ril(0/114): [event] qcril_qmi_nas_propagate_known_signal_strength_ind .. subfetch sig strength info 0
02-13 18:26:13.572 I/RILC    (  114): qmi_ril(0/114): [event] qcril_qmi_nas_dump_sign_strength_report qcril_qmi_nas_dump_sign_strength_report entered
02-13 18:26:13.572 I/RILC    (  114): qmi_ril(0/114): [event] qcril_qmi_nas_dump_sign_strength_report ..GW
02-13 18:26:13.572 I/RILC    (  114): qmi_ril(0/114): [event] qcril_qmi_nas_dump_sign_strength_report .. signalStrength 99, bitErrorRate 0
02-13 18:26:13.572 I/RILC    (  114): qmi_ril(0/114): [event] qcril_qmi_nas_dump_sign_strength_report ..CDMA
02-13 18:26:13.572 I/RILC    (  114): qmi_ril(0/114): [event] qcril_qmi_nas_dump_sign_strength_report .. dbm -1, ecio -1 
02-13 18:26:13.572 I/RILC    (  114): qmi_ril(0/114): [event] qcril_qmi_nas_dump_sign_strength_report ..EVDO
02-13 18:26:13.572 I/RILC    (  114): qmi_ril(0/114): [event] qcril_qmi_nas_dump_sign_strength_report .. dbm -1, ecio -1, signalNoiseRatio 8
02-13 18:26:13.572 I/RILC    (  114): qmi_ril(0/114): [event] qcril_qmi_nas_dump_sign_strength_report ..LTE
02-13 18:26:13.572 I/RILC    (  114): qmi_ril(0/114): [event] qcril_qmi_nas_dump_sign_strength_report .. signalStrength 99, rsrp 2147483647, rsrq 2147483647, rsnnr 2147483647
02-13 18:26:13.572 I/RILC    (  114): qmi_ril(0/114): [event] qcril_qmi_nas_dump_sign_strength_report qcril_qmi_nas_dump_sign_strength_report completed
02-13 18:26:13.572 I/RILC    (  114): qmi_ril(0/114): [event] qcril_qmi_nas_propagate_known_signal_strength_ind .. conf res 0
02-13 18:26:13.572 D/RILC    (  114): qmi_ril(0/114): [event] qcril_send_unsol_response UI <--- RIL_UNSOL_SIGNAL_STRENGTH (1009) --- RIL [RID 0, Len 48, (null)]
02-13 18:26:13.572 I/RILC    (  114): qmi_ril(0/114): [event] qcril_qmi_nas_propagate_known_signal_strength_ind qcril_qmi_nas_propagate_known_signal_strength_ind completed 0
02-13 18:26:13.572 I/RILC    (  114): qmi_ril(0/114): [event] qcril_process_event Exit qcril_process_event() : <Unknown event> ?, err_no 0
02-13 18:26:13.572 D/RILC    (  114): qmi_ril(0/114): [event] qcril_event_main qcril_event_main(): Waiting...
02-13 18:26:13.572 D/CDMA    (  344): [CdmaServiceStateTracker] Poll ServiceState done: oldSS=[3 home null null null  Unknown CSS not supported -1 -1RoamInd: -1RoamStatus(sprint): -1DefRoamInd: -1EmergOnly: false] newSS=[3 home null null null  Unknown CSS not supported -1 -1RoamInd: -1RoamStatus(sprint): -1DefRoamInd: -1EmergOnly: false]
02-13 18:26:13.572 I/RILC    (  114): qmi_ril(0/114): [main] qcril_qmi_util_convert_qmi_response_codes_to_ril_result_ex qcril_qmi_util_convert_qmi_response_codes_to_ril_result_ex ctx check 0
02-13 18:26:13.572 I/RILC    (  114): qmi_ril(0/114): [main] qcril_qmi_voice_technology_updated qcril_qmi_voice_technology_updated entered
02-13 18:26:13.572 I/RILC    (  114): qmi_ril(0/114): [main] qcril_qmi_voice_technology_updated ..nas_cached_info.serving_system valid 1
02-13 18:26:13.572 I/RILC    (  114): qmi_ril(0/114): [main] qcril_qmi_voice_technology_updated .. selected NW 0
02-13 18:26:13.572 I/RILC    (  114): qmi_ril(0/114): [main] qcril_qmi_voice_technology_updated .. NW state 0
02-13 18:26:13.572 I/RILC    (  114): qmi_ril(0/114): [main] qcril_qmi_mgr_voice_technology_updated qcril_qmi_mgr_voice_technology_updated entered
02-13 18:26:13.572 I/RILC    (  114): qmi_ril(0/114): [main] qcril_qmi_mgr_voice_technology_updated qcril_qmi_mgr_voice_technology_updated left 0
02-13 18:26:13.572 I/RILC    (  114): qmi_ril(0/114): [main] qcril_qmi_voice_technology_updated qcril_qmi_voice_technology_updated completed for 0
02-13 18:26:13.572 I/RILC    (  114): qmi_ril(0/114): [main] qmi_ril_nwr_update_reg_rej_legacy qmi_ril_nwr_update_reg_rej_legacy entered
02-13 18:26:13.572 I/RILC    (  114): qmi_ril(0/114): [main] qmi_ril_nwr_update_reg_rej_legacy .. ss srv reg state 0
02-13 18:26:13.572 I/RILC    (  114): qmi_ril(0/114): [main] qmi_ril_nwr_update_reg_rej_legacy .. reje CS cs_rejected 0
02-13 18:26:13.572 I/RILC    (  114): qmi_ril(0/114): [main] qmi_ril_nwr_update_reg_rej_legacy .. reje CS cs_reject_cause 0
02-13 18:26:13.572 I/RILC    (  114): qmi_ril(0/114): [main] qmi_ril_nwr_update_reg_rej_legacy .. reje PS ps_rejected 0
02-13 18:26:13.572 I/RILC    (  114): qmi_ril(0/114): [main] qmi_ril_nwr_update_reg_rej_legacy .. reje PS ps_reject_cause 0
02-13 18:26:13.572 I/RILC    (  114): qmi_ril(0/114): [main] qmi_ril_nwr_util_log_mccmnc_str .. reje mcc - 
02-13 18:26:13.572 I/RILC    (  114): qmi_ril(0/114): [main] qmi_ril_nwr_util_log_mccmnc_str .. reje mnc - 
02-13 18:26:13.572 I/RILC    (  114): qmi_ril(0/114): [main] qmi_ril_nwr_update_reg_rej_legacy qmi_ril_nwr_update_reg_rej_legacy completed
02-13 18:26:13.572 I/RILC    (  114): qmi_ril(0/114): [main] qcril_qmi_nas_fetch_serving_system_info qcril_qmi_nas_fetch_serving_system_info res 0 
02-13 18:26:13.572 I/RILC    (  114): qmi_ril(0/114): [main] qcril_data_toggle_dormancy_indications >>>>>> LOCK QCRIL_DATA MUTEX 80211c14
02-13 18:26:13.572 I/RILC    (  114): qmi_ril(0/114): [main] qcril_data_toggle_dormancy_indications LOCK QCRIL_DATA MUTEX 80211c14 result=0
02-13 18:26:13.572 D/RILC    (  114): qmi_ril(0/114): [main] qcril_data_toggle_dormancy_indications Switch ON/OFF dormancy indications on all active interfaces
02-13 18:26:13.572 I/RILC    (  114): qmi_ril(0/114): [main] qcril_data_toggle_dormancy_indications <<<<<< UNLOCK QCRIL_DATA MUTEX 80211c14
02-13 18:26:13.572 I/RILC    (  114): qmi_ril(0/114): [main] qcril_data_toggle_dormancy_indications UNLOCK QCRIL_DATA MUTEX 80211c14 result=0
02-13 18:26:13.572 I/RILC    (  114): qmi_ril(0/114): [main] qcril_data_toggle_dormancy_indications qcril_data_toggle_dormancy_indications: EXIT with SUCCESS
02-13 18:26:13.572 I/RILC    (  114): qmi_ril(0/114): [main] qcril_qmi_nas_request_screen_state .. data dormancy req 2, 0
02-13 18:26:13.572 I/RILC    (  114): qmi_ril(0/114): [main] qcril_reqlist_find [RID 0] Not found ReqList entry : token id 180
02-13 18:26:13.572 D/RILC    (  114): qmi_ril(0/114): [main] qcril_send_request_response UI <--- RIL_REQUEST_SCREEN_STATE (61) Complete --- RIL [RID 0, Token 180, Success, Len 0 ]
02-13 18:26:13.572 D/RILJ    (  344): [0180]< SCREEN_STATE 
02-13 18:26:13.572 I/RILC    (  114): qmi_ril(0/114): [main] qcril_qmi_nas_request_screen_state qcril_qmi_nas_request_screen_state complete with 0
