02-13 18:12:11.092 I/RILC    (  114): qmi_ril(0/114): [main] qcril_data_toggle_dormancy_indications UNLOCK QCRIL_DATA MUTEX 80211c14 result=0
02-13 18:12:11.092 I/RILC    (  114): qmi_ril(0/114): [main] qcril_data_toggle_dormancy_indications qcril_data_toggle_dormancy_indications: EXIT with SUCCESS
02-13 18:12:11.092 I/RILC    (  114): qmi_ril(0/114): [main] qcril_qmi_nas_request_screen_state .. data dormancy req 1, 0
02-13 18:12:11.092 I/RILC    (  114): qmi_ril(0/114): [main] qcril_reqlist_find [RID 0] Not found ReqList entry : token id 172
02-13 18:12:11.092 D/RILC    (  114): qmi_ril(0/114): [main] qcril_send_request_response UI <--- RIL_REQUEST_SCREEN_STATE (61) Complete --- RIL [RID 0, Token 172, Success, Len 0 ]
02-13 18:12:11.092 I/RILC    (  114): qmi_ril(0/114): [main] qcril_qmi_nas_request_screen_state qcril_qmi_nas_request_screen_state complete with 0
02-13 18:12:11.092 D/RILJ    (  344): [0172]< SCREEN_STATE 
02-13 18:13:01.060 I/RILC    (  114): qmi_ril(0/114): [qmi_cb] qcril_qmi_nas_unsolicited_indication_cb invoked msg 0x4c
02-13 18:13:01.060 I/RILC    (  114): qmi_ril(0/114): [qmi_cb] qcril_qmi_nas_is_considered_registered qcril_qmi_nas_is_considered_registered entered
02-13 18:13:01.060 I/RILC    (  114): qmi_ril(0/114): [qmi_cb] qcril_qmi_nas_is_considered_registered qcril_qmi_nas_is_considered_registered completed with 1
02-13 18:13:01.060 I/RILC    (  114): qmi_ril(0/114): [qmi_cb] qcril_qmi_nas_network_time_ind_conv_qmi2ril qcril_qmi_nas_network_time_ind_conv_qmi2ril entry
02-13 18:13:01.060 I/RILC    (  114): qmi_ril(0/114): [qmi_cb] qcril_qmi_nas_network_time_ind_conv_qmi2ril ril_nitz_time_msg is: 12/02/14,00:13:16-24,00
02-13 18:13:01.060 I/RILC    (  114): qmi_ril(0/114): [qmi_cb] qcril_qmi_nas_unsolicited_indication_cb .. operational state 3
02-13 18:13:01.060 D/RILC    (  114): qmi_ril(0/114): [qmi_cb] qcril_send_unsol_response UI <--- RIL_UNSOL_NITZ_TIME_RECEIVED (1008) --- RIL [RID 0, Len 24, (null)]
02-13 18:13:01.070 D/RILJ    (  344): [UNSL]< UNSOL_NITZ_TIME_RECEIVED 12/02/14,00:13:16-24,00
02-13 18:13:01.070 I/RILC    (  114): qmi_ril(0/114): [qmi_cb] qcril_qmi_nas_unsolicited_indication_cb posted RIL indication 1008
02-13 18:13:01.070 I/RILC    (  114): qmi_ril(0/114): [qmi_cb] qcril_qmi_nas_unsolicited_indication_cb qcril_qmi_nas_unsolicited_indication_cb completed
02-13 18:13:01.070 I/CDMA    (  344): NITZ: 12/02/14,00:13:16-24,00,530730 start=530735 delay=5
02-13 18:13:01.080 I/CDMA    (  344):  dst: 0
02-13 18:13:01.080 I/CDMA    (  344):  tzOffset: -21600000
02-13 18:13:01.080 I/CDMA    (  344):  iso: us
02-13 18:13:01.080 I/CDMA    (  344): mGotCountryCode: true
02-13 18:13:01.120 I/CDMA    (  344):  zone id : America/Chicago name : Central Standard Time
02-13 18:13:01.120 I/CDMA    (  344): set zone id: America/Chicago
02-13 18:13:01.130 I/CDMA    (  344):  millisSinceNitzReceived: 62
02-13 18:13:01.130 I/CDMA    (  344):  gained=14928
02-13 18:13:01.130 I/CDMA    (  344):  timeSinceLastUpdate=126284
02-13 18:13:01.130 I/CDMA    (  344):  nitzUpdateSpacing=600000  nitzUpdateDiff=2000
02-13 18:13:01.130 I/CDMA    (  344): NITZ: Auto updating time of day to Mon Feb 13 18:13:16 CST 2012 NITZ receive delay=62ms gained=14928ms from 12/02/14,00:13:16-24,00
02-13 18:13:01.130 I/CDMA    (  344): NITZ: update nitz time property
02-13 18:13:01.130 I/CDMA    (  344):  mSavedTime=1329178396062 mSavedAtTime=530800
02-13 18:13:01.130 I/CDMA    (  344): NITZ: end=530800 dur=65
02-13 18:25:54.215 D/RILJ    (  344): [0173]> DEACTIVATE_DATA_CALL 0 1
02-13 18:25:54.215 D/RILC    (  114): qmi_ril(0/114): [main] onRequest UI --- RIL_REQUEST_DEACTIVATE_DATA_CALL (41) ---> RIL [RID 0, token id 173, data len 8]
02-13 18:25:54.215 D/RILC    (  114): qmi_ril(0/114): [main] qcril_data_request_deactivate_data_call qcril_data_request_deact_data_call: ENTRY
02-13 18:25:54.215 D/RILC    (  114): qmi_ril(0/114): [main] qcril_data_request_deactivate_data_call RIL says CID [0], len [8]
02-13 18:25:54.215 E/RILC    (  114): qmi_ril(0/114): [main] qcril_data_request_deactivate_data_call *****ASSERTION FAILED (soft)*****
02-13 18:25:54.215 E/RILC    (  114): qmi_ril(0/114): [main] qcril_data_request_deactivate_data_call Cond params_ptr->datalen == sizeof cid [validate CID len]
02-13 18:25:54.215 E/RILC    (  114): qmi_ril(0/114): [main] qcril_data_request_deactivate_data_call *********************************
02-13 18:25:54.215 I/RILC    (  114): qmi_ril(0/114): [main] qcril_data_request_deactivate_data_call >>>>>> LOCK QCRIL_DATA MUTEX 80211c14
02-13 18:25:54.215 I/RILC    (  114): qmi_ril(0/114): [main] qcril_data_request_deactivate_data_call LOCK QCRIL_DATA MUTEX 80211c14 result=0
02-13 18:25:54.215 D/RILC    (  114): qmi_ril(0/114): [main] qcril_data_request_deactivate_data_call info_tbl CID [0], index [0]
02-13 18:25:54.215 D/RILC    (  114): qmi_ril(0/114): [main] qcril_data_request_deactivate_data_call found matching CID [0], index [0]
02-13 18:25:54.215 I/RILC    (  114): qmi_ril(0/114): [main] qcril_data_stop_response_timer qcril_data_stop_response_timer: ENTRY
02-13 18:25:54.215 D/RILC    (  114): qmi_ril(0/114): [main] qcril_data_stop_response_timer qcril_data_stop_response_timer invalid timer_id
02-13 18:25:54.215 I/RILC    (  114): qmi_ril(0/114): [main] qcril_data_update_dsi_cb_tbl_entry >>>>>> LOCK QCRIL_DATA MUTEX 80211c10
02-13 18:25:54.215 I/RILC    (  114): qmi_ril(0/114): [main] qcril_data_update_dsi_cb_tbl_entry LOCK QCRIL_DATA MUTEX 80211c10 result=0
02-13 18:25:54.215 D/RILC    (  114): qmi_ril(0/114): [main] qcril_data_update_dsi_cb_tbl_entry qcril_data_update_dsi_cb_tbl_entry: updating entry [%#x]
02-13 18:25:54.215 I/RILC    (  114): qmi_ril(0/114): [main] qcril_data_update_dsi_cb_tbl_entry <<<<<< UNLOCK QCRIL_DATA MUTEX 80211c10
02-13 18:25:54.215 I/RILC    (  114): qmi_ril(0/114): [main] qcril_data_update_dsi_cb_tbl_entry UNLOCK QCRIL_DATA MUTEX 80211c10 result=0
02-13 18:25:54.215 I/RILC    (  114): qmi_ril(0/114): [main] qcril_reqlist_find [RID 0] Not found ReqList entry : token id 173
02-13 18:25:54.215 I/RILC    (  114): qmi_ril(0/114): [main] qcril_reqlist_new_all [RID 0] Event RIL_REQUEST_DEACTIVATE_DATA_CALL(41), token id 173 [ 0x1c220], req id 11 : 
02-13 18:25:54.215 I/RILC    (  114): qmi_ril(0/114): [main] qcril_reqlist_new_all                        MID 0, pending receipt of DATA_EVENT_CALLBACK, state QCRIL_REQ_AWAITING_MORE_AMSS_EVENTS(4)
02-13 18:25:54.215 D/RILC    (  114): qmi_ril(0/114): [main] qcril_reqlist_print_all [RID 0] ReqList entries :
02-13 18:25:54.215 D/RILC    (  114): qmi_ril(0/114): [main] qcril_reqlist_print_all     RIL_REQUEST_DEACTIVATE_DATA_CALL (41), token id 173
02-13 18:25:54.215 D/RILC    (  114): qmi_ril(0/114): [main] qcril_data_stop_data_call call termination starting...
02-13 18:25:54.215 I/RILC    (  114): qmi_ril(0/114): [main] qcril_data_request_deactivate_data_call <<<<<< UNLOCK QCRIL_DATA MUTEX 80211c14
02-13 18:25:54.215 I/RILC    (  114): qmi_ril(0/114): [main] qcril_data_request_deactivate_data_call UNLOCK QCRIL_DATA MUTEX 80211c14 result=0
02-13 18:25:54.215 D/RILC    (  114): qmi_ril(0/114): [main] qcril_data_request_deactivate_data_call qcril_data_request_deact_data_call: EXIT with suc
02-13 18:26:01.452 D/RILC    (  114): qmi_ril(0/114): [qmi_cb] qcril_data_qmi_wds_ind_cb qcril_data_qmi_wds_ind_cb: ENTRY
02-13 18:26:01.452 I/RILC    (  114): qmi_ril(0/114): [qmi_cb] qcril_data_qmi_wds_ind_cb >>>>>> TRY LOCK QCRIL_DATA MUTEX 80211c14
02-13 18:26:01.452 I/RILC    (  114): qmi_ril(0/114): [qmi_cb] qcril_data_qmi_wds_ind_cb TRYLOCK QCRIL_DATA MUTEX 80211c14 result=0
02-13 18:26:01.452 D/RILC    (  114): qmi_ril(0/114): [qmi_cb] qcril_data_process_wds_ind qcril_data_process_wds_ind: entry
02-13 18:26:01.452 D/RILC    (  114): qmi_ril(0/114): [qmi_cb] qcril_data_process_wds_ind Ignoring wds ind cb event 1
02-13 18:26:01.452 D/RILC    (  114): qmi_ril(0/114): [qmi_cb] qcril_data_process_wds_ind qcril_data_process_wds_ind: exit with success
02-13 18:26:01.452 I/RILC    (  114): qmi_ril(0/114): [qmi_cb] qcril_data_qmi_wds_ind_cb <<<<<< UNLOCK QCRIL_DATA MUTEX 80211c14
02-13 18:26:01.452 I/RILC    (  114): qmi_ril(0/114): [qmi_cb] qcril_data_qmi_wds_ind_cb UNLOCK QCRIL_DATA MUTEX 80211c14 result=0
02-13 18:26:01.452 D/RILC    (  114): qmi_ril(0/114): [qmi_cb] qcril_data_qmi_wds_ind_cb qcril_data_qmi_wds_ind_cb: EXIT
02-13 18:26:01.452 D/RILC    (  114): qmi_ril(0/114): [qmi_cb] qcril_data_qmi_wds_ind_cb qcril_data_qmi_wds_ind_cb: ENTRY
02-13 18:26:01.452 I/RILC    (  114): qmi_ril(0/114): [qmi_cb] qcril_data_qmi_wds_ind_cb >>>>>> TRY LOCK QCRIL_DATA MUTEX 80211c14
02-13 18:26:01.452 I/RILC    (  114): qmi_ril(0/114): [qmi_cb] qcril_data_qmi_wds_ind_cb TRYLOCK QCRIL_DATA MUTEX 80211c14 result=0
02-13 18:26:01.452 D/RILC    (  114): qmi_ril(0/114): [qmi_cb] qcril_data_process_wds_ind qcril_data_process_wds_ind: entry
02-13 18:26:01.452 D/RILC    (  114): qmi_ril(0/114): [qmi_cb] qcril_data_process_tethered_state_change_ind tethered data call status is received
02-13 18:26:01.452 D/RILC    (  114): qmi_ril(0/114): [qmi_cb] qcril_data_process_tethered_state_change_ind call type[1] not tethered data, ignoring
02-13 18:26:01.452 D/RILC    (  114): qmi_ril(0/114): [qmi_cb] qcril_data_process_tethered_state_change_ind qcril_data_process_tethered_state_change_ind succeeded
02-13 18:26:01.452 D/RILC    (  114): qmi_ril(0/114): [qmi_cb] qcril_data_process_wds_ind qcril_data_process_wds_ind: exit with success
02-13 18:26:01.452 I/RILC    (  114): qmi_ril(0/114): [qmi_cb] qcril_data_qmi_wds_ind_cb <<<<<< UNLOCK QCRIL_DATA MUTEX 80211c14
02-13 18:26:01.452 I/RILC    (  114): qmi_ril(0/114): [qmi_cb] qcril_data_qmi_wds_ind_cb UNLOCK QCRIL_DATA MUTEX 80211c14 result=0
02-13 18:26:01.452 D/RILC    (  114): qmi_ril(0/114): [qmi_cb] qcril_data_qmi_wds_ind_cb qcril_data_qmi_wds_ind_cb: EXIT
02-13 18:26:01.512 D/RILC    (  114): qmi_ril(0/114): qcril_data_net_cb: qcril_data_net_cb: ENTRY
02-13 18:26:01.512 I/RILC    (  114): qmi_ril(0/114): qcril_data_net_cb: >>>>>> LOCK QCRIL_DATA MUTEX 80211c10
02-13 18:26:01.512 I/RILC    (  114): qmi_ril(0/114): qcril_data_net_cb: LOCK QCRIL_DATA MUTEX 80211c10 result=0
02-13 18:26:01.512 D/RILC    (  114): qmi_ril(0/114): qcril_data_post_dsi_netctrl_event: >>>Mem debug>>>
02-13 18:26:01.512 D/RILC    (  114): qmi_ril(0/114): qcril_data_post_dsi_netctrl_event: info_tbl
02-13 18:26:01.512 D/RILC    (  114): qmi_ril(0/114): qcril_data_post_dsi_netctrl_event: [0x8021a650]
02-13 18:26:01.512 D/RILC    (  114): qmi_ril(0/114): qcril_data_post_dsi_netctrl_event: <<<Mem debug<<<
02-13 18:26:01.512 D/RILC    (  114): qmi_ril(0/114): qcril_data_post_dsi_netctrl_event: dsi net evt [2], info_tbl index [0], pend RIL Token [173]
02-13 18:26:01.512 D/RILC    (  114): qmi_ril(0/114): qcril_data_post_dsi_netctrl_event: >>>Mem debug>>>
02-13 18:26:01.512 D/RILC    (  114): qmi_ril(0/114): qcril_data_post_dsi_netctrl_event: event obj alloc
02-13 18:26:01.512 D/RILC    (  114): qmi_ril(0/114): qcril_data_post_dsi_netctrl_event: [0x1c200]
02-13 18:26:01.512 D/RILC    (  114): qmi_ril(0/114): qcril_data_post_dsi_netctrl_event: <<<Mem debug<<<
02-13 18:26:01.512 I/RILC    (  114): qmi_ril(0/114): qcril_data_post_dsi_netctrl_event: queue QCRIL DATA event for RIL Token [173] instance_id [0], and modem_id [0]
02-13 18:26:01.512 D/RILC    (  114): qmi_ril(0/114): qcril_event_queue: RID 0 MID 0 Queued event DATA_EVENT_CALLBACK (16 bytes)
02-13 18:26:01.512 I/RILC    (  114): qmi_ril(0/114): qcril_data_net_cb: <<<<<< UNLOCK QCRIL_DATA MUTEX 80211c10
02-13 18:26:01.512 I/RILC    (  114): qmi_ril(0/114): qcril_data_net_cb: UNLOCK QCRIL_DATA MUTEX 80211c10 result=0
02-13 18:26:01.512 D/RILC    (  114): qmi_ril(0/114): qcril_data_net_cb: qcril_data_net_cb: EXIT with suc
02-13 18:26:01.512 D/RILC    (  114): qmi_ril(0/114): [event] qcril_event_main qcril_event_main(): 1 items on queue
02-13 18:26:01.512 D/RILC    (  114): qmi_ril(0/114): [event] qcril_event_main RID 0 MID 0 De-queued event DATA_EVENT_CALLBACK (327682)
02-13 18:26:01.512 D/RILC    (  114): qmi_ril(0/114): [event] qcril_process_event RIL <=== DATA_EVENT_CALLBACK(327682), RID 0, MID 0 === AMSS
02-13 18:26:01.512 D/RILC    (  114): qmi_ril(0/114): [event] qcril_data_event_hdlr qcril_data_event_hdlr: ENTRY
02-13 18:26:01.512 I/RILC    (  114): qmi_ril(0/114): [event] qcril_data_event_hdlr >>>>>> LOCK QCRIL_DATA MUTEX 80211c14
02-13 18:26:01.512 I/RILC    (  114): qmi_ril(0/114): [event] qcril_data_event_hdlr LOCK QCRIL_DATA MUTEX 80211c14 result=0
02-13 18:26:01.512 D/RILC    (  114): qmi_ril(0/114): [event] qcril_data_event_hdlr >>>Mem debug>>>
02-13 18:26:01.512 D/RILC    (  114): qmi_ril(0/114): [event] qcril_data_event_hdlr event obj
02-13 18:26:01.512 D/RILC    (  114): qmi_ril(0/114): [event] qcril_data_event_hdlr [0x1c200]
02-13 18:26:01.512 D/RILC    (  114): qmi_ril(0/114): [event] qcril_data_event_hdlr <<<Mem debug<<<
02-13 18:26:01.512 D/RILC    (  114): qmi_ril(0/114): [event] qcril_data_event_hdlr >>>Mem debug>>>
02-13 18:26:01.512 D/RILC    (  114): qmi_ril(0/114): [event] qcril_data_event_hdlr info_tbl
02-13 18:26:01.512 D/RILC    (  114): qmi_ril(0/114): [event] qcril_data_event_hdlr [0x8021a650]
02-13 18:26:01.512 D/RILC    (  114): qmi_ril(0/114): [event] qcril_data_event_hdlr <<<Mem debug<<<
02-13 18:26:01.512 I/RILC    (  114): qmi_ril(0/114): [event] qcril_data_event_hdlr RIL REQ pend [RIL_REQUEST_DEACTIVATE_DATA_CALL], cid [0], index [0]
02-13 18:26:01.512 I/RILC    (  114): qmi_ril(0/114): [event] qcril_reqlist_find [RID 0] Found ReqList entry : RIL_REQUEST_DEACTIVATE_DATA_CALL(41), token id 173
02-13 18:26:01.512 D/RILC    (  114): qmi_ril(0/114): [event] qcril_data_event_hdlr Req list entry found for RIL Token [173]
02-13 18:26:01.512 D/RILC    (  114): qmi_ril(0/114): [event] qcril_data_event_hdlr >>>Mem debug>>>
02-13 18:26:01.512 D/RILC    (  114): qmi_ril(0/114): [event] qcril_data_event_hdlr info_tbl
02-13 18:26:01.512 D/RILC    (  114): qmi_ril(0/114): [event] qcril_data_event_hdlr [0x8021a650]
02-13 18:26:01.512 D/RILC    (  114): qmi_ril(0/114): [event] qcril_data_event_hdlr <<<Mem debug<<<
02-13 18:26:01.512 I/RILC    (  114): qmi_ril(0/114): [event] qcril_data_event_hdlr >>>DSI_EVT_NET_NO_NET: START>>> cid [0], index [0]
02-13 18:26:01.512 D/RILC    (  114): qmi_ril(0/114): [event] qcril_data_event_hdlr dsi_get_call_end_reason returned [1]
02-13 18:26:01.512 D/RILC    (  114): qmi_ril(0/114): [event] qcril_data_get_ril_ce_code unspecified/invalid call end reason rcvd
02-13 18:26:01.512 I/RILC    (  114): qmi_ril(0/114): [event] qcril_data_event_hdlr set call end reason [65535]
02-13 18:26:01.512 D/RILC    (  114): qmi_ril(0/114): [event] qcril_data_cleanup_call_state qcril_data_cleanup_call_state: ENTRY
02-13 18:26:01.512 I/RILC    (  114): qmi_ril(0/114): [event] qcril_data_clear_dsi_cb_tbl_entry >>>>>> LOCK QCRIL_DATA MUTEX 80211c10
02-13 18:26:01.512 I/RILC    (  114): qmi_ril(0/114): [event] qcril_data_clear_dsi_cb_tbl_entry LOCK QCRIL_DATA MUTEX 80211c10 result=0
02-13 18:26:01.512 D/RILC    (  114): qmi_ril(0/114): [event] qcril_data_clear_dsi_cb_tbl_entry qcril_data_clear_dsi_cb_tbl_entry: cleaning up entry [%#x]
02-13 18:26:01.512 I/RILC    (  114): qmi_ril(0/114): [event] qcril_data_clear_dsi_cb_tbl_entry <<<<<< UNLOCK QCRIL_DATA MUTEX 80211c10
02-13 18:26:01.512 I/RILC    (  114): qmi_ril(0/114): [event] qcril_data_clear_dsi_cb_tbl_entry UNLOCK QCRIL_DATA MUTEX 80211c10 result=0
02-13 18:26:01.512 I/RILC    (  114): qmi_ril(0/114): [event] qcril_data_stop_response_timer qcril_data_stop_response_timer: ENTRY
02-13 18:26:01.512 D/RILC    (  114): qmi_ril(0/114): [event] qcril_data_stop_response_timer qcril_data_stop_response_timer invalid timer_id
02-13 18:26:01.512 I/RILC    (  114): qmi_ril(0/114): [event] qcril_data_util_update_call_state >>>>>> LOCK QCRIL_DATA MUTEX 80211c0c
02-13 18:26:01.512 I/RILC    (  114): qmi_ril(0/114): [event] qcril_data_util_update_call_state LOCK QCRIL_DATA MUTEX 80211c0c result=0
02-13 18:26:01.512 I/RILC    (  114): qmi_ril(0/114): [event] qcril_data_util_update_call_state <<<<<< UNLOCK QCRIL_DATA MUTEX 80211c0c
02-13 18:26:01.512 I/RILC    (  114): qmi_ril(0/114): [event] qcril_data_util_update_call_state UNLOCK QCRIL_DATA MUTEX 80211c0c result=0
02-13 18:26:01.512 D/RILC    (  114): qmi_ril(0/114): [event] qcril_data_cleanup_call_state clean up local info tbl, index [0], cid [0]
02-13 18:26:01.512 D/RILC    (  114): qmi_ril(0/114): [event] qcril_data_cleanup_call_state releasing dsi_hndl [0x1c038]
02-13 18:26:01.512 D/RILC    (  114): qmi_ril(0/114): [event] qcril_data_cleanup_call_state qcril_data_cleanup_call_state: EXIT with succ
02-13 18:26:01.512 D/RILC    (  114): qmi_ril(0/114): [event] qcril_data_response_success qcril_data_response_success: ENTRY
02-13 18:26:01.512 I/RILC    (  114): qmi_ril(0/114): [event] qcril_reqlist_find [RID 0] Found ReqList entry : RIL_REQUEST_DEACTIVATE_DATA_CALL(41), token id 173
02-13 18:26:01.512 I/RILC    (  114): qmi_ril(0/114): [event] qcril_reqlist_free [RID 0] Deleted ReqList entry : token id 173 [0x1c220]
02-13 18:26:01.512 D/RILC    (  114): qmi_ril(0/114): [event] qcril_reqlist_print_all [RID 0] ReqList entries : Empty 
02-13 18:26:01.512 I/RILC    (  114): qmi_ril(0/114): [event] qcril_reqlist_find [RID 0] Not found ReqList entry : token id 173
02-13 18:26:01.512 D/RILC    (  114): qmi_ril(0/114): [event] qcril_send_request_response UI <--- RIL_REQUEST_DEACTIVATE_DATA_CALL (41) Complete --- RIL [RID 0, Token 173, Success, Len 0 ]
02-13 18:26:01.512 I/RILC    (  114): qmi_ril(0/114): [event] qcril_data_event_hdlr <<<DSI_EVT_NET_NO_NET: processing complete<<<
02-13 18:26:01.512 I/RILC    (  114): qmi_ril(0/114): [event] qcril_data_event_hdlr try event obj dealloc
02-13 18:26:01.512 D/RILC    (  114): qmi_ril(0/114): [event] qcril_data_event_hdlr qcril_data_event_hdlr: EXIT with suc
02-13 18:26:01.512 I/RILC    (  114): qmi_ril(0/114): [event] qcril_data_event_hdlr <<<<<< UNLOCK QCRIL_DATA MUTEX 80211c14
02-13 18:26:01.512 I/RILC    (  114): qmi_ril(0/114): [event] qcril_data_event_hdlr UNLOCK QCRIL_DATA MUTEX 80211c14 result=0
02-13 18:26:01.512 I/RILC    (  114): qmi_ril(0/114): [event] qcril_process_event Exit qcril_process_event() : DATA_EVENT_CALLBACK, err_no 0
02-13 18:26:01.512 D/RILC    (  114): qmi_ril(0/114): [event] qcril_event_main qcril_event_main(): Waiting...
02-13 18:26:01.522 D/RILJ    (  344): [0173]< DEACTIVATE_DATA_CALL 
02-13 18:26:01.752 D/RILJ    (  344): [0174]> RADIO_POWER
02-13 18:26:01.752 D/RILC    (  114): qmi_ril(0/114): [main] onRequest UI --- RIL_REQUEST_RADIO_POWER (23) ---> RIL [RID 0, token id 174, data len 4]
02-13 18:26:01.752 I/RILC    (  114): qmi_ril(0/114): [main] qcril_qmi_nas_request_power qcril_qmi_nas_request_power entered
02-13 18:26:01.752 I/RILC    (  114): qmi_ril(0/114): [main] qcril_qmi_dms_get_radio_pwr_state qcril_qmi_dms_get_radio_pwr_state - current state NONE
02-13 18:26:01.752 I/RILC    (  114): qmi_ril(0/114): [main] qcril_qmi_nas_flow_control_add_request qcril_qmi_nas_flow_control_add_request entered : token 174, event_id 23, event RIL_REQUEST_RADIO_POWER 
02-13 18:26:01.752 I/RILC    (  114): qmi_ril(0/114): [main] qcril_qmi_nas_flow_control_add_request qcril_qmi_nas_flow_control_add_request completed with 1 
02-13 18:26:01.752 I/RILC    (  114): qmi_ril(0/114): [main] qcril_qmi_nas_radio_power_helper qcril_qmi_nas_radio_power_helper entered
02-13 18:26:01.752 I/RILC    (  114): qmi_ril(0/114): [main] qcril_qmi_dms_set_radio_pwr_state qcril_qmi_nas_set_radio_pwr_state entry - expected final state INIT_DONE
02-13 18:26:01.752 I/RILC    (  114): qmi_ril(0/114): [main] qcril_qmi_dms_set_radio_pwr_state qcril_qmi_nas_set_radio_pwr_state - current state NONE
02-13 18:26:01.752 I/RILC    (  114): qmi_ril(0/114): [main] qcril_qmi_dms_set_radio_pwr_state qcril_qmi_nas_set_radio_pwr_state - radio request UNKNOWN
02-13 18:26:01.752 I/RILC    (  114): qmi_ril(0/114): [main] qcril_qmi_dms_set_radio_pwr_state qcril_qmi_nas_set_radio_pwr_state - current card state UNKNOWN
02-13 18:26:01.752 D/RILC    (  114): qmi_ril(0/114): [main] qcril_setup_timed_callback Set timer with ID 4
02-13 18:26:01.752 I/RILC    (  114): qmi_ril(0/114): [main] qcril_qmi_dms_set_radio_pwr_state .. set timeout cb res 0 
02-13 18:26:01.752 I/RILC    (  114): qmi_ril(0/114): [main] qcril_qmi_dms_set_radio_pwr_state qcril_qmi_nas_set_radio_pwr_state - actual final state INIT_DONE
02-13 18:26:01.752 I/RILC    (  114): qmi_ril(0/114): [main] qcril_qmi_dms_set_radio_pwr_state qcril_qmi_dms_set_radio_pwr_state completed with SUCCESS
02-13 18:26:01.752 I/RILC    (  114): qmi_ril(0/114): [main] qcril_qmi_nas_radio_power_helper qcril_qmi_nas_radio_power_helper - radio request LPM
02-13 18:26:01.752 I/RILC    (  114): qmi_ril(0/114): [main] qcril_qmi_nas_radio_power_helper qcril_qmi_nas_radio_power_helper - card state NOT ACCESSIBLE
02-13 18:26:01.752 I/RILC    (  114): qmi_ril(0/114): [main] qcril_reqlist_find [RID 0] Not found ReqList entry : token id 174
02-13 18:26:01.752 I/RILC    (  114): qmi_ril(0/114): [main] qcril_reqlist_new_all [RID 0] Event RIL_REQUEST_RADIO_POWER(23), token id 174 [ 0x1c050], req id 12 : 
02-13 18:26:01.752 I/RILC    (  114): qmi_ril(0/114): [main] qcril_reqlist_new_all                        MID 0, pending receipt of REQUEST_POWER_RADIO, state QCRIL_REQ_AWAITING_MORE_AMSS_EVENTS(4)
02-13 18:26:01.752 D/RILC    (  114): qmi_ril(0/114): [main] qcril_reqlist_print_all [RID 0] ReqList entries :
02-13 18:26:01.752 D/RILC    (  114): qmi_ril(0/114): [main] qcril_reqlist_print_all     RIL_REQUEST_RADIO_POWER (23), token id 174
02-13 18:26:01.752 I/RILC    (  114): qmi_ril(0/114): [main] qcril_qmi_nas_radio_power_helper .. request power (1) 1 hex, fffff hex
02-13 18:26:01.752 I/RILC    (  114): qmi_ril(0/114): [main] qcril_qmi_nas_dms_do_post_oprt_request qcril_qmi_nas_dms_do_post_oprt_request / request power (2) 1
02-13 18:26:01.752 I/RILC    (  114): qmi_ril(0/114): [main] qcril_qmi_util_convert_qmi_response_codes_to_ril_result_ex qcril_qmi_util_convert_qmi_response_codes_to_ril_result_ex ctx check 0
02-13 18:26:01.752 I/RILC    (  114): qmi_ril(0/114): [main] qcril_qmi_nas_dms_do_post_oprt_request qcril_qmi_nas_dms_do_post_oprt_request posted req 0, 0
02-13 18:26:01.752 I/RILC    (  114): qmi_ril(0/114): [main] qcril_qmi_nas_radio_power_helper .. qmi req postage res 0
02-13 18:26:01.752 I/RILC    (  114): qmi_ril(0/114): [main] qcril_qmi_dms_set_radio_pwr_state qcril_qmi_nas_set_radio_pwr_state entry - expected final state SETTING_OP_MODE
02-13 18:26:01.752 I/RILC    (  114): qmi_ril(0/114): [main] qcril_qmi_dms_set_radio_pwr_state qcril_qmi_nas_set_radio_pwr_state - current state INIT_DONE
02-13 18:26:01.752 I/RILC    (  114): qmi_ril(0/114): [main] qcril_qmi_dms_set_radio_pwr_state qcril_qmi_nas_set_radio_pwr_state - radio request LPM
02-13 18:26:01.752 I/RILC    (  114): qmi_ril(0/114): [main] qcril_qmi_dms_set_radio_pwr_state qcril_qmi_nas_set_radio_pwr_state - current card state UNKNOWN
02-13 18:26:01.752 I/RILC    (  114): qmi_ril(0/114): [main] qcril_qmi_dms_set_radio_pwr_state qcril_qmi_nas_set_radio_pwr_state - actual final state SETTING_OP_MODE
02-13 18:26:01.752 I/RILC    (  114): qmi_ril(0/114): [main] qcril_qmi_dms_set_radio_pwr_state qcril_qmi_dms_set_radio_pwr_state completed with SUCCESS
02-13 18:26:01.752 I/RILC    (  114): qmi_ril(0/114): [main] qcril_qmi_nas_radio_power_helper qcril_qmi_nas_radio_power_helper completed with 0
02-13 18:26:01.752 I/RILC    (  114): qmi_ril(0/114): [main] qcril_qmi_nas_request_power qcril_qmi_nas_request_power completed with 0
02-13 18:26:01.842 I/RILC    (  114): qmi_ril(0/114): [qmi_cb] qcril_qmi_nas_dms_set_oprt_command_cb qcril_qmi_nas_dms_set_oprt_command_cb entered 0
02-13 18:26:01.842 I/RILC    (  114): qmi_ril(0/114): [qmi_cb] qcril_qmi_dms_set_radio_pwr_state qcril_qmi_nas_set_radio_pwr_state entry - expected final state OP_MODE_CALLBACK_RECVD
02-13 18:26:01.842 I/RILC    (  114): qmi_ril(0/114): [qmi_cb] qcril_qmi_dms_set_radio_pwr_state qcril_qmi_nas_set_radio_pwr_state - current state SETTING_OP_MODE
02-13 18:26:01.842 I/RILC    (  114): qmi_ril(0/114): [qmi_cb] qcril_qmi_dms_set_radio_pwr_state qcril_qmi_nas_set_radio_pwr_state - radio request LPM
02-13 18:26:01.842 I/RILC    (  114): qmi_ril(0/114): [qmi_cb] qcril_qmi_dms_set_radio_pwr_state qcril_qmi_nas_set_radio_pwr_state - current card state UNKNOWN
02-13 18:26:01.842 I/RILC    (  114): qmi_ril(0/114): [qmi_cb] qcril_qmi_dms_set_radio_pwr_state qcril_qmi_nas_set_radio_pwr_state - actual final state OP_MODE_CALLBACK_RECVD
02-13 18:26:01.842 I/RILC    (  114): qmi_ril(0/114): [qmi_cb] qcril_qmi_dms_set_radio_pwr_state qcril_qmi_dms_set_radio_pwr_state completed with SUCCESS
02-13 18:26:01.842 I/RILC    (  114): qmi_ril(0/114): [qmi_cb] qcril_qmi_util_convert_qmi_response_codes_to_ril_result_ex qcril_qmi_util_convert_qmi_response_codes_to_ril_result_ex ctx check 0
02-13 18:26:01.842 I/RILC    (  114): qmi_ril(0/114): [qmi_cb] qcril_reqlist_find_by_event [RID 0] Found ReqList entry : RIL_REQUEST_RADIO_POWER(23), token id 174, pending REQUEST_POWER_RADIO (786435)
02-13 18:26:01.842 I/RILC    (  114): qmi_ril(0/114): [qmi_cb] qcril_qmi_nas_dms_set_oprt_command_cb qcril_qmi_nas_dms_set_oprt_command_cb res 0, fnd 0 
02-13 18:26:01.842 I/RILC    (  114): qmi_ril(0/114): [qmi_cb] qcril_qmi_nas_dms_set_oprt_command_cb qcril_qmi_nas_dms_set_oprt_command_cb completed
02-13 18:26:01.842 I/RILC    (  114): qmi_ril(0/114): [qmi_cb] qcril_qmi_voice_unsol_ind_cb .. operational state 3
02-13 18:26:01.842 I/RILC    (  114): qmi_ril(0/114): [qmi_cb] qcril_qmi_voice_all_call_status_ind_hdlr qcril_qmi_voice_all_call_status_ind_hdlr entered
02-13 18:26:01.842 I/RILC    (  114): qmi_ril(0/114): [qmi_cb] qcril_qmi_voice_all_call_status_ind_hdlr qcril_qmi_voice_all_call_status_ind_hdlr - Call state 9, IsMT=2
02-13 18:26:01.842 I/RILC    (  114): qmi_ril(0/114): [qmi_cb] qcril_qmi_voice_all_call_status_ind_hdlr Call state END for conn id 1
02-13 18:26:01.842 I/RILC    (  114): qmi_ril(0/114): [qmi_cb] qcril_qmi_voice_all_call_status_ind_hdlr Call failure cause 0
02-13 18:26:01.842 I/RILC    (  114): qmi_ril(0/114): [qmi_cb] qcril_qmi_voice_handle_new_last_call_failure_cause function entry
02-13 18:26:01.842 I/RILC    (  114): qmi_ril(0/114): [qmi_cb] qcril_qmi_voice_map_qmi_to_ril_last_call_failure_cause map qmi reason: 0 to ril reason: 65535
02-13 18:26:01.842 I/RILC    (  114): qmi_ril(0/114): [qmi_cb] qcril_qmi_voice_store_last_call_failure_cause store ril reason: 65535
02-13 18:26:01.842 I/RILC    (  114): qmi_ril(0/114): [qmi_cb] qcril_qmi_voice_respond_ril_last_call_failure_request function entry
02-13 18:26:01.842 I/RILC    (  114): qmi_ril(0/114): [qmi_cb] qcril_qmi_voice_respond_ril_last_call_failure_request last_call_failure_cause is valid. Will send the response if there is any pending ril request.
02-13 18:26:01.842 I/RILC    (  114): qmi_ril(0/114): [qmi_cb] qcril_reqlist_find_by_request [RID 0] Not found ReqList entry for RIL_REQUEST_LAST_CALL_FAIL_CAUSE(18)
02-13 18:26:01.842 I/RILC    (  114): qmi_ril(0/114): [qmi_cb] qcril_qmi_voice_handle_new_last_call_failure_cause function exit
02-13 18:26:01.842 I/RILC    (  114): qmi_ril(0/114): [qmi_cb] qcril_qmi_voice_all_call_status_ind_hdlr Call mode 1, call type 0
02-13 18:26:01.842 I/RILC    (  114): qmi_ril(0/114): [qmi_cb] qcril_qmi_voice_voip_find_call_info_entry_by_call_qmi_id qcril_qmi_voice_voip_find_call_info_entry_by_call_qmi_id entry with id 1
02-13 18:26:01.842 I/RILC    (  114): qmi_ril(0/114): [qmi_cb] qcril_qmi_voice_voip_find_call_info_entry_by_call_qmi_id qcril_qmi_voice_voip_find_call_info_entry_by_call_qmi_id completing with res 109808
02-13 18:26:01.842 I/RILC    (  114): qmi_ril(0/114): [qmi_cb] qcril_qmi_voice_voip_update_call_info_entry_mainstream qcril_qmi_voice_voip_update_call_info_entry_mainstream entry with param 109808
02-13 18:26:01.842 I/RILC    (  114): qmi_ril(0/114): [qmi_cb] qcril_qmi_voice_voip_update_call_info_entry_mainstream call android id 1, call qmi id 1
02-13 18:26:01.842 I/RILC    (  114): qmi_ril(0/114): [qmi_cb] qcril_qmi_voice_voip_update_call_info_entry_mainstream .. call state 9, call type 0
02-13 18:26:01.842 I/RILC    (  114): qmi_ril(0/114): [qmi_cb] qcril_qmi_voice_voip_update_call_info_entry_mainstream qcril_qmi_voice_voip_update_call_info_entry_mainstream completed
02-13 18:26:01.842 I/RILC    (  114): qmi_ril(0/114): [qmi_cb] qcril_qmi_voice_voip_destroy_call_info_entry qcril_qmi_voice_voip_destroy_call_info_entry entered
02-13 18:26:01.842 I/RILC    (  114): qmi_ril(0/114): [qmi_cb] qcril_qmi_voice_voip_destroy_call_info_entry .. entry 109808
02-13 18:26:01.842 I/RILC    (  114): qmi_ril(0/114): [qmi_cb] qcril_qmi_voice_voip_destroy_call_info_entry .. entry found 1
02-13 18:26:01.842 I/RILC    (  114): qmi_ril(0/114): [qmi_cb] qcril_qmi_voice_voip_destroy_call_info_entry qcril_qmi_voice_voip_destroy_call_info_entry completed
02-13 18:26:01.842 I/RILC    (  114): qmi_ril(0/114): [qmi_cb] qcril_qmi_voice_all_call_status_ind_hdlr -- final call dump start --
02-13 18:26:01.842 I/RILC    (  114): qmi_ril(0/114): [qmi_cb] qcril_qmi_voice_all_call_status_ind_hdlr -- final call dump end --
02-13 18:26:01.842 D/RILC    (  114): qmi_ril(0/114): [qmi_cb] qcril_send_unsol_response UI <--- RIL_UNSOL_RESPONSE_CALL_STATE_CHANGED (1001) --- RIL [RID 0, Len 0, (null)]
02-13 18:26:01.842 I/RILC    (  114): qmi_ril(0/114): [qmi_cb] qcril_qmi_voice_all_call_status_ind_hdlr qcril_qmi_voice_all_call_status_ind_hdlr completed
02-13 18:26:01.842 D/RILJ    (  344): [UNSL]< UNSOL_RESPONSE_CALL_STATE_CHANGED
02-13 18:26:01.842 D/CDMA    (  344): [CdmaCallTracker] handleMessage msg.id = 2
02-13 18:26:01.842 D/RILJ    (  344): [0175]> GET_CURRENT_CALLS
02-13 18:26:01.842 D/RILC    (  114): qmi_ril(0/114): [main] onRequest UI --- RIL_REQUEST_GET_CURRENT_CALLS (9) ---> RIL [RID 0, token id 175, data len 0]
02-13 18:26:01.842 I/RILC    (  114): qmi_ril(0/114): [main] qcril_qmi_voice_request_get_current_calls qcril_qmi_voice_request_get_current_calls entered
02-13 18:26:01.842 I/RILC    (  114): qmi_ril(0/114): [main] qcril_qmi_voice_request_get_current_calls Reply to RIL --> Number of calls : 0
02-13 18:26:01.842 I/RILC    (  114): qmi_ril(0/114): [main] qcril_reqlist_find [RID 0] Not found ReqList entry : token id 175
02-13 18:26:01.842 D/RILC    (  114): qmi_ril(0/114): [main] qcril_send_request_response UI <--- RIL_REQUEST_GET_CURRENT_CALLS (9) Complete --- RIL [RID 0, Token 175, Success, Len 0 ]
02-13 18:26:01.842 I/RILC    (  114): qmi_ril(0/114): [main] qcril_qmi_voice_request_get_current_calls qcril_qmi_voice_request_get_current_calls completed
02-13 18:26:01.842 D/RILJ    (  344): [0175]< GET_CURRENT_CALLS  
02-13 18:26:01.842 D/CDMA    (  344): [CdmaCallTracker] handleMessage msg.id = 1
02-13 18:26:01.842 D/CDMA    (  344): Event EVENT_POLL_CALLS_RESULT Received
02-13 18:26:01.842 D/CDMA    (  344): [CdmaCallTracker] handle EVENT_POLL_CALL_RESULT: set needsPoll=F
02-13 18:26:01.842 D/CDMA    (  344): >handlePollCalls
02-13 18:26:01.842 D/CDMA    (  344): Connections:
02-13 18:26:01.842 D/CDMA    (  344): Connection 0: 
02-13 18:26:01.842 D/CDMA    (  344): [conn] number: 9137446943 index: 0 incoming: true alive: true ringing: false
02-13 18:26:01.842 D/CDMA    (  344): Connection 1: NULL
02-13 18:26:01.842 D/CDMA    (  344): Driver Calls:
02-13 18:26:01.842 D/CDMA    (  344): [CdmaCallTracker] poll: conn[i=0]= incoming: true state: ACTIVE post dial state: NOT_STARTED, dc=null
02-13 18:26:01.842 D/CDMA    (  344): [CdmaCallTracker] adding fgCall cn 0 to droppedDuringPoll
02-13 18:26:01.842 D/CDMA    (  344): [CdmaCallTracker] poll: conn[i=1]=null, dc=null
02-13 18:26:01.842 D/RILJ    (  344): [0176]> LAST_CALL_FAIL_CAUSE
02-13 18:26:01.842 D/CDMA    (  344): [CdmaCallTracker] update phone state, old=OFFHOOK new=OFFHOOK
02-13 18:26:01.842 D/CDMA    (  344): <handlePollCalls
02-13 18:26:01.842 D/RILC    (  114): qmi_ril(0/114): [main] onRequest UI --- RIL_REQUEST_LAST_CALL_FAIL_CAUSE (18) ---> RIL [RID 0, token id 176, data len 0]
02-13 18:26:01.842 I/RILC    (  114): qmi_ril(0/114): [main] qcril_reqlist_find [RID 0] Not found ReqList entry : token id 176
02-13 18:26:01.842 I/RILC    (  114): qmi_ril(0/114): [main] qcril_reqlist_new_all [RID 0] Event RIL_REQUEST_LAST_CALL_FAIL_CAUSE(18), token id 176 [ 0x1c0b0], req id 13 : 
02-13 18:26:01.842 I/RILC    (  114): qmi_ril(0/114): [main] qcril_reqlist_new_all                        MID 0, pending receipt of <none>, state Undefined(18)
02-13 18:26:01.842 D/RILC    (  114): qmi_ril(0/114): [main] qcril_reqlist_print_all [RID 0] ReqList entries :
02-13 18:26:01.842 D/RILC    (  114): qmi_ril(0/114): [main] qcril_reqlist_print_all     RIL_REQUEST_RADIO_POWER (23), token id 174
02-13 18:26:01.842 D/RILC    (  114): qmi_ril(0/114): [main] qcril_reqlist_print_all     RIL_REQUEST_LAST_CALL_FAIL_CAUSE (18), token id 176
02-13 18:26:01.842 I/RILC    (  114): qmi_ril(0/114): [main] qcril_qmi_voice_respond_ril_last_call_failure_request function entry
02-13 18:26:01.842 I/RILC    (  114): qmi_ril(0/114): [main] qcril_qmi_voice_respond_ril_last_call_failure_request last_call_failure_cause is valid. Will send the response if there is any pending ril request.
02-13 18:26:01.842 I/RILC    (  114): qmi_ril(0/114): [main] qcril_reqlist_find_by_request [RID 0] Found ReqList entry : RIL_REQUEST_LAST_CALL_FAIL_CAUSE(18), token id 176
02-13 18:26:01.842 D/RILC    (  114): qmi_ril(0/114): [main] qcril_qmi_voice_respond_ril_last_call_failure_request Reply to RIL --> Last call fail cause : 65535
02-13 18:26:01.842 I/RILC    (  114): qmi_ril(0/114): [main] qcril_reqlist_find [RID 0] Found ReqList entry : RIL_REQUEST_LAST_CALL_FAIL_CAUSE(18), token id 176
02-13 18:26:01.842 I/RILC    (  114): qmi_ril(0/114): [main] qcril_reqlist_free [RID 0] Deleted ReqList entry : token id 176 [0x1c0b0]
02-13 18:26:01.842 D/RILC    (  114): qmi_ril(0/114): [main] qcril_reqlist_print_all [RID 0] ReqList entries :
02-13 18:26:01.842 D/RILC    (  114): qmi_ril(0/114): [main] qcril_reqlist_print_all     RIL_REQUEST_RADIO_POWER (23), token id 174
02-13 18:26:01.842 D/RILC    (  114): qmi_ril(0/114): [main] qcril_send_request_response UI <--- RIL_REQUEST_LAST_CALL_FAIL_CAUSE (18) Complete --- RIL [RID 0, Token 176, Success, Len 4 ]
02-13 18:26:01.842 I/RILC    (  114): qmi_ril(0/114): [main] qcril_reqlist_find_by_request [RID 0] Not found ReqList entry for RIL_REQUEST_LAST_CALL_FAIL_CAUSE(18)
02-13 18:26:01.852 D/RILJ    (  344): [0176]< LAST_CALL_FAIL_CAUSE {65535}
02-13 18:26:01.852 D/CDMA    (  344): [CdmaCallTracker] handleMessage msg.id = 5
02-13 18:26:01.852 D/CDMA    (  344): [CdmaCallTracker] operationComplete: pendingOperations=0, needsPoll=false
02-13 18:26:01.852 D/CDMA    (  344): [CDMAConn] onDisconnect: cause=ERROR_UNSPECIFIED
02-13 18:26:01.852 D/CDMA    (  344): [CdmaCallTracker] update phone state, old=OFFHOOK new=IDLE
02-13 18:26:01.932 D/CDMA    (  344): extractSelCodeFromOtaSpNum -1
02-13 18:26:01.942 D/CDMA    (  344): extractSelCodeFromOtaSpNum -1
02-13 18:26:01.942 D/CDMA    (  344): isOtaSpNumber false
02-13 18:26:02.132 I/RILC    (  114): qmi_ril(0/114): [qmi_cb] qcril_qmi_dms_unsolicited_indication_cb invoked msg 0x1
02-13 18:26:02.132 I/RILC    (  114): qmi_ril(0/114): [qmi_cb] qcril_qmi_nas_dms_event_report_qmi2ril qcril_qmi_nas_dms_event_report_qmi2ril entered
02-13 18:26:02.132 I/RILC    (  114): qmi_ril(0/114): [qmi_cb] qcril_qmi_nas_dms_event_report_qmi2ril oprt val / da 1 / 1
02-13 18:26:02.132 I/RILC    (  114): qmi_ril(0/114): [qmi_cb] qcril_qmi_nas_dms_event_report_qmi2ril prl_init val / da 0 / 0
02-13 18:26:02.132 I/RILC    (  114): qmi_ril(0/114): [qmi_cb] qcril_qmi_nas_dms_op_state_update_handler qcril_qmi_nas_dms_op_state_update_handler entered
02-13 18:26:02.132 I/RILC    (  114): qmi_ril(0/114): [qmi_cb] qcril_reqlist_find_by_event [RID 0] Found ReqList entry : RIL_REQUEST_RADIO_POWER(23), token id 174, pending REQUEST_POWER_RADIO (786435)
02-13 18:26:02.132 I/RILC    (  114): qmi_ril(0/114): [qmi_cb] qcril_qmi_nas_dms_op_state_update_handler qcril_qmi_nas_dms_op_state_update_handler found qcril request 0
02-13 18:26:02.132 I/RILC    (  114): qmi_ril(0/114): [qmi_cb] qcril_qmi_nas_dms_op_state_update_handler qcril_qmi_nas_dms_op_state_update_handler expected op mode LPM
02-13 18:26:02.132 I/RILC    (  114): qmi_ril(0/114): [qmi_cb] qcril_qmi_nas_dms_op_state_update_handler qcril_qmi_nas_dms_op_state_update_handler reported op mode LPM
02-13 18:26:02.132 I/RILC    (  114): qmi_ril(0/114): [qmi_cb] qcril_qmi_dms_get_radio_pwr_state qcril_qmi_dms_get_radio_pwr_state - current state OP_MODE_CALLBACK_RECVD
02-13 18:26:02.132 I/RILC    (  114): qmi_ril(0/114): [qmi_cb] qcril_qmi_dms_set_radio_pwr_state qcril_qmi_nas_set_radio_pwr_state entry - expected final state OP_MODE_SET
02-13 18:26:02.132 I/RILC    (  114): qmi_ril(0/114): [qmi_cb] qcril_qmi_dms_set_radio_pwr_state qcril_qmi_nas_set_radio_pwr_state - current state OP_MODE_CALLBACK_RECVD
02-13 18:26:02.132 I/RILC    (  114): qmi_ril(0/114): [qmi_cb] qcril_qmi_dms_set_radio_pwr_state qcril_qmi_nas_set_radio_pwr_state - radio request LPM
02-13 18:26:02.132 I/RILC    (  114): qmi_ril(0/114): [qmi_cb] qcril_qmi_dms_set_radio_pwr_state qcril_qmi_nas_set_radio_pwr_state - current card state UNKNOWN
02-13 18:26:02.132 I/RILC    (  114): qmi_ril(0/114): [qmi_cb] qcril_qmi_dms_set_radio_pwr_state qcril_qmi_nas_set_radio_pwr_state - actual final state OP_MODE_SET
02-13 18:26:02.132 I/RILC    (  114): qmi_ril(0/114): [qmi_cb] qcril_qmi_dms_set_radio_pwr_state qcril_qmi_dms_set_radio_pwr_state completed with SUCCESS
02-13 18:26:02.132 I/RILC    (  114): qmi_ril(0/114): [qmi_cb] qcril_qmi_nas_dms_op_state_update_handler ..card status NOT ACCESSIBLE
02-13 18:26:02.132 I/RILC    (  114): qmi_ril(0/114): [qmi_cb] qcril_qmi_dms_set_radio_pwr_state qcril_qmi_nas_set_radio_pwr_state entry - expected final state DONE
02-13 18:26:02.132 I/RILC    (  114): qmi_ril(0/114): [qmi_cb] qcril_qmi_dms_set_radio_pwr_state qcril_qmi_nas_set_radio_pwr_state - current state OP_MODE_SET
02-13 18:26:02.132 I/RILC    (  114): qmi_ril(0/114): [qmi_cb] qcril_qmi_dms_set_radio_pwr_state qcril_qmi_nas_set_radio_pwr_state - radio request LPM
02-13 18:26:02.132 I/RILC    (  114): qmi_ril(0/114): [qmi_cb] qcril_qmi_dms_set_radio_pwr_state qcril_qmi_nas_set_radio_pwr_state - current card state UNKNOWN
02-13 18:26:02.132 I/RILC    (  114): qmi_ril(0/114): [qmi_cb] qcril_qmi_dms_radio_pwr_total_cleanup qcril_qmi_dms_radio_pwr_total_cleanup entered
02-13 18:26:02.132 D/RILC    (  114): qmi_ril(0/114): [qmi_cb] qcril_cancel_timed_callback Cancel timer with ID 4
02-13 18:26:02.132 I/RILC    (  114): qmi_ril(0/114): [qmi_cb] qcril_qmi_dms_radio_pwr_total_cleanup qcril_qmi_dms_radio_pwr_total_cleanup completed
02-13 18:26:02.132 I/RILC    (  114): qmi_ril(0/114): [qmi_cb] qcril_qmi_dms_set_radio_pwr_state qcril_qmi_nas_set_radio_pwr_state - actual final state NONE
02-13 18:26:02.132 I/RILC    (  114): qmi_ril(0/114): [qmi_cb] qcril_qmi_dms_set_radio_pwr_state qcril_qmi_dms_set_radio_pwr_state completed with SUCCESS
02-13 18:26:02.132 I/RILC    (  114): qmi_ril(0/114): [qmi_cb] qcril_reqlist_find [RID 0] Found ReqList entry : RIL_REQUEST_RADIO_POWER(23), token id 174
02-13 18:26:02.132 I/RILC    (  114): qmi_ril(0/114): [qmi_cb] qcril_reqlist_free [RID 0] Deleted ReqList entry : token id 174 [0x1c050]
02-13 18:26:02.132 D/RILC    (  114): qmi_ril(0/114): [qmi_cb] qcril_reqlist_print_all [RID 0] ReqList entries : Empty 
02-13 18:26:02.132 D/RILC    (  114): qmi_ril(0/114): [qmi_cb] qcril_send_request_response UI <--- RIL_REQUEST_RADIO_POWER (23) Complete --- RIL [RID 0, Token 174, Success, Len 0 ]
02-13 18:26:02.132 I/RILC    (  114): qmi_ril(0/114): [qmi_cb] qcril_qmi_nas_flow_control_process_request qcril_qmi_nas_flow_control_process_request entered : event_id 23, event RIL_REQUEST_RADIO_POWER res 0
02-13 18:26:02.132 I/RILC    (  114): qmi_ril(0/114): [qmi_cb] qcril_qmi_nas_flow_control_process_request qcril_qmi_nas_flow_control_process_request completed after processing 0 duplicate request(s)
02-13 18:26:02.132 I/RILC    (  114): qmi_ril(0/114): [qmi_cb] qcril_qmi_nas_dms_op_state_update_handler qcril_qmi_nas_dms_op_state_update_handler completed
02-13 18:26:02.132 I/RILC    (  114): qmi_ril(0/114): [qmi_cb] qcril_qmi_nas_dms_event_report_qmi2ril qcril_qmi_nas_dms_event_report_qmi2ril completed
02-13 18:26:02.132 I/RILC    (  114): qmi_ril(0/114): [qmi_cb] qcril_qmi_nas_initiate_radio_state_changed_ind qcril_qmi_nas_initiate_radio_state_changed_ind entered
02-13 18:26:02.132 D/RILC    (  114): qmi_ril(0/114): [qmi_cb] qcril_event_queue Event [<Unknown event> ?, 655392] data was NULL!
02-13 18:26:02.132 D/RILC    (  114): qmi_ril(0/114): [qmi_cb] qcril_event_queue RID 0 MID 0 Queued event <Unknown event> ? (0 bytes)
02-13 18:26:02.132 I/RILC    (  114): qmi_ril(0/114): [qmi_cb] qcril_qmi_nas_initiate_radio_state_changed_ind qcril_qmi_nas_initiate_radio_state_changed_ind completed
02-13 18:26:02.132 D/RILJ    (  344): [0174]< RADIO_POWER 
02-13 18:26:02.132 D/RILC    (  114): qmi_ril(0/114): [event] qcril_event_main qcril_event_main(): 1 items on queue
02-13 18:26:02.132 D/RILC    (  114): qmi_ril(0/114): [event] qcril_event_main RID 0 MID 0 De-queued event <Unknown event> ? (655392)
02-13 18:26:02.132 D/RILC    (  114): qmi_ril(0/114): [event] qcril_process_event RIL <=== <Unknown event> ?(655392), RID 0, MID 0 === AMSS
02-13 18:26:02.132 I/RILC    (  114): qmi_ril(0/114): [event] qcril_qmi_nas_send_unsol_radio_state_changed qcril_qmi_nas_send_unsol_radio_state_changed entered
02-13 18:26:02.132 D/RILC    (  114): qmi_ril(0/114): [event] qcril_send_unsol_response UI <--- RIL_UNSOL_RESPONSE_RADIO_STATE_CHANGED (1000) --- RIL [RID 0, Len 0, (null)]
02-13 18:26:02.132 I/RILC    (  114): qmi_ril(0/114): [event] qcril_qmi_nas_dms_get_current_power_state qcril_qmi_nas_dms_get_current_power_state entered
02-13 18:26:02.132 I/RILC    (  114): qmi_ril(0/114): [event] qcril_qmi_nas_dms_get_current_power_state .. client available
02-13 18:26:02.132 I/RILC    (  114): qmi_ril(0/114): [event] qcril_qmi_nas_dms_get_current_power_state .. known modem operating mode 1 
02-13 18:26:02.132 I/RILC    (  114): qmi_ril(0/114): [event] qcril_qmi_nas_dms_get_current_power_state qcril_qmi_nas_dms_get_current_power_state compled with 0
02-13 18:26:02.132 D/RILC    (  114): qmi_ril(0/114): [event] currentState currentState() -> Radio Off(0)
02-13 18:26:02.132 I/RILC    (  114): qmi_ril(0/114): [event] qcril_qmi_nas_send_unsol_radio_state_changed qcril_qmi_nas_send_unsol_radio_state_changed completed
02-13 18:26:02.132 I/RILC    (  114): qmi_ril(0/114): [event] qcril_process_event Exit qcril_process_event() : <Unknown event> ?, err_no 0
02-13 18:26:02.132 D/RILC    (  114): qmi_ril(0/114): [event] qcril_event_main qcril_event_main(): Waiting...
02-13 18:26:02.152 D/RILJ    (  344): [UNSL]< UNSOL_RESPONSE_RADIO_STATE_CHANGED RADIO_OFF
02-13 18:26:02.152 D/RILB    (  344): Notifying: radio off or not available
02-13 18:26:02.323 D/CDMA    (  344): [CdmaServiceStateTracker] Poll ServiceState done: oldSS=[0 home Sprint  310099  1xRTT CSS not supported 41 4139RoamInd: 1RoamStatus(sprint): 1DefRoamInd: 160EmergOnly: false] newSS=[3 home null null null  Unknown CSS not supported -1 -1RoamInd: -1RoamStatus(sprint): -1DefRoamInd: -1EmergOnly: false]
02-13 18:26:02.343 D/CDMA    (  344): [CdmaServiceStateTracker] ***zyj*** this plmn should false flash
02-13 18:26:02.383 D/RIL_UiccManager(  344): EVENT_RADIO_OFF_OR_UNAVAILABLE: index = 0
02-13 18:26:02.383 D/RIL_UiccManager(  344): Disposing card 0
02-13 18:26:02.403 D/CDMA    (  344): Event EVENT_RADIO_OFF_OR_NOT_AVAILABLE Received
02-13 18:26:02.863 D/RILJ    (  344): [0177]> OEM_HOOK_RAW[5155414c434f4d4d01000800040000004a000000]
02-13 18:26:02.883 D/RILC    (  114): qmi_ril(0/114): [main] onRequest UI --- RIL_REQUEST_OEM_HOOK_RAW (59) ---> RIL [RID 0, token id 177, data len 20]
02-13 18:26:02.883 I/RILC    (  114): qmi_ril(0/114): [main] qcril_other_request_oem_hook_nv_read Entered qcril_other_request_oem_hook_nv_read
02-13 18:26:02.883 I/RILC    (  114): qmi_ril(0/114): [main] qcril_other_request_oem_hook_nv_read Received request for Reading nv_item_id = 74
02-13 18:26:03.023 I/RILC    (  114): qmi_ril(0/114): [main] qcril_other_request_oem_hook_nv_read nv_item.auto_answer.enable: 0
02-13 18:26:03.023 I/RILC    (  114): qmi_ril(0/114): [main] qcril_reqlist_find [RID 0] Not found ReqList entry : token id 177
02-13 18:26:03.023 D/RILC    (  114): qmi_ril(0/114): [main] qcril_send_request_response UI <--- RIL_REQUEST_OEM_HOOK_RAW(NV_READ) (524289) Complete --- RIL [RID 0, Token 177, Success, Len 2 ]
02-13 18:26:03.023 D/RILJ    (  344): [0177]< OEM_HOOK_RAW [B@406022c0
02-13 18:26:03.123 D/RILJ    (  344): [0178]> SCREEN_STATE: true
02-13 18:26:03.123 D/RILC    (  114): qmi_ril(0/114): [main] onRequest UI --- RIL_REQUEST_SCREEN_STATE (61) ---> RIL [RID 0, token id 178, data len 4]
02-13 18:26:03.123 I/RILC    (  114): qmi_ril(0/114): [main] qcril_qmi_nas_request_screen_state qcril_qmi_nas_request_screen_state entered 
02-13 18:26:03.123 I/RILC    (  114): qmi_ril(0/114): [main] qcril_qmi_util_enable_networking_indications qcril_qmi_util_enable_networking_indications, param 1 
02-13 18:26:03.123 I/RILC    (  114): qmi_ril(0/114): [main] qcril_qmi_util_convert_qmi_response_codes_to_ril_result_ex qcril_qmi_util_convert_qmi_response_codes_to_ril_result_ex ctx check 0
02-13 18:26:03.123 I/RILC    (  114): qmi_ril(0/114): [main] qcril_qmi_util_enable_networking_indications .. requested nas event report 0, 0
02-13 18:26:03.123 I/RILC    (  114): qmi_ril(0/114): [main] qcril_qmi_util_convert_qmi_response_codes_to_ril_result_ex qcril_qmi_util_convert_qmi_response_codes_to_ril_result_ex ctx check 0
02-13 18:26:03.123 I/RILC    (  114): qmi_ril(0/114): [main] qcril_qmi_util_enable_networking_indications .. requested nas indication reports 0, 0
02-13 18:26:03.123 I/RILC    (  114): qmi_ril(0/114): [main] qcril_qmi_nas_drop_nw_info_cache  qcril_qmi_nas_drop_nw_info_cache entry 
02-13 18:26:03.123 I/RILC    (  114): qmi_ril(0/114): [main] qcril_qmi_nas_drop_nw_info_cache qcril_qmi_nas_drop_nw_info_cache complete 
02-13 18:26:03.123 I/RILC    (  114): qmi_ril(0/114): [main] qcril_qmi_util_convert_qmi_response_codes_to_ril_result_ex qcril_qmi_util_convert_qmi_response_codes_to_ril_result_ex ctx check 0
02-13 18:26:03.123 I/RILC    (  114): qmi_ril(0/114): [main] qcril_qmi_voice_technology_updated qcril_qmi_voice_technology_updated entered
02-13 18:26:03.123 I/RILC    (  114): qmi_ril(0/114): [main] qcril_qmi_voice_technology_updated ..nas_cached_info.serving_system valid 1
02-13 18:26:03.123 I/RILC    (  114): qmi_ril(0/114): [main] qcril_qmi_voice_technology_updated .. selected NW 0
02-13 18:26:03.123 I/RILC    (  114): qmi_ril(0/114): [main] qcril_qmi_voice_technology_updated .. NW state 0
02-13 18:26:03.123 I/RILC    (  114): qmi_ril(0/114): [main] qcril_qmi_mgr_voice_technology_updated qcril_qmi_mgr_voice_technology_updated entered
02-13 18:26:03.123 I/RILC    (  114): qmi_ril(0/114): [main] qcril_qmi_mgr_voice_technology_updated qcril_qmi_mgr_voice_technology_updated left 0
02-13 18:26:03.123 I/RILC    (  114): qmi_ril(0/114): [main] qcril_qmi_voice_technology_updated qcril_qmi_voice_technology_updated completed for 0
02-13 18:26:03.123 I/RILC    (  114): qmi_ril(0/114): [main] qmi_ril_nwr_update_reg_rej_legacy qmi_ril_nwr_update_reg_rej_legacy entered
02-13 18:26:03.123 I/RILC    (  114): qmi_ril(0/114): [main] qmi_ril_nwr_update_reg_rej_legacy .. ss srv reg state 0
02-13 18:26:03.123 I/RILC    (  114): qmi_ril(0/114): [main] qmi_ril_nwr_update_reg_rej_legacy .. reje CS cs_rejected 0
02-13 18:26:03.123 I/RILC    (  114): qmi_ril(0/114): [main] qmi_ril_nwr_update_reg_rej_legacy .. reje CS cs_reject_cause 0
02-13 18:26:03.123 I/RILC    (  114): qmi_ril(0/114): [main] qmi_ril_nwr_update_reg_rej_legacy .. reje PS ps_rejected 0
02-13 18:26:03.123 I/RILC    (  114): qmi_ril(0/114): [main] qmi_ril_nwr_update_reg_rej_legacy .. reje PS ps_reject_cause 0
02-13 18:26:03.123 I/RILC    (  114): qmi_ril(0/114): [main] qmi_ril_nwr_util_log_mccmnc_str .. reje mcc - 
02-13 18:26:03.123 I/RILC    (  114): qmi_ril(0/114): [main] qmi_ril_nwr_util_log_mccmnc_str .. reje mnc - 
02-13 18:26:03.123 I/RILC    (  114): qmi_ril(0/114): [main] qmi_ril_nwr_update_reg_rej_legacy qmi_ril_nwr_update_reg_rej_legacy completed
02-13 18:26:03.123 I/RILC    (  114): qmi_ril(0/114): [main] qcril_qmi_nas_fetch_serving_system_info qcril_qmi_nas_fetch_serving_system_info res 0 
02-13 18:26:03.123 I/RILC    (  114): qmi_ril(0/114): [main] qcril_qmi_nas_fetch_signal_strength_observations qcril_qmi_nas_fetch_signal_strength_observations entered
02-13 18:26:03.123 I/RILC    (  114): qmi_ril(0/114): [main] qcril_qmi_nas_fetch_signal_strength_observations ..req mask 115
02-13 18:26:03.123 I/RILC    (  114): qmi_ril(0/114): [main] qcril_qmi_nas_fetch_signal_strength_observations qcril_qmi_nas_request_signal_strength entered IF 115
02-13 18:26:03.123 I/RILC    (  114): qmi_ril(0/114): [main] qcril_qmi_nas_fetch_signal_strength_observations qcril_qmi_nas_request_signal_strength entered RIL_REQ_RES qmi_request.request__mask = 51
02-13 18:26:03.123 I/RILC    (  114): qmi_ril(0/114): [main] qcril_qmi_nas_fetch_signal_strength_observations qcril_qmi_nas_request_signal_strength entered IF QMI RESPONSE 115
02-13 18:26:03.133 I/RILC    (  114): qmi_ril(0/114): [main] qcril_qmi_util_convert_qmi_response_codes_to_ril_result_ex qcril_qmi_util_convert_qmi_response_codes_to_ril_result_ex ctx check 0
02-13 18:26:03.133 I/RILC    (  114): qmi_ril(0/114): [main] qcril_qmi_nas_fetch_signal_strength_observations qcril_qmi_nas_request_signal_strength entered IF UTIL_RES = SUCCESS 115
