02-13 18:08:36.102 I/RILC    (  114): qmi_ril(0/114): [main] qmi_ril_nwr_update_reg_rej_from_sys_info qmi_ril_nwr_update_reg_rej_from_sys_info completed
02-13 18:08:36.102 I/RILC    (  114): qmi_ril(0/114): [main] qcril_qmi_nas_fetch_sys_info qcril_qmi_nas_fetch_sys_info res 0 
02-13 18:08:36.102 I/RILC    (  114): qmi_ril(0/114): [main] qcril_qmi_nas_request_registration_state qcril_qmi_nas_request_registration_state forming response
02-13 18:08:36.102 I/RILC    (  114): qmi_ril(0/114): [main] qcril_qmi_nas_request_registration_state ***zyj*** qcril_qmi_nas_request_registration_state nas_cached_info.serving_system->registration_state=1
02-13 18:08:36.102 I/RILC    (  114): qmi_ril(0/114): [main] qcril_qmi_nas_request_registration_state pre - cur reg state 1
02-13 18:08:36.102 I/RILC    (  114): qmi_ril(0/114): [main] qcril_qmi_nas_request_registration_state qcril_qmi_nas_request_registration_state cur reg state 1
02-13 18:08:36.102 I/RILC    (  114): qmi_ril(0/114): [main] qcril_qmi_nas_is_in_service_of_technology qcril_qmi_nas_is_in_service_of_technology entered
02-13 18:08:36.102 I/RILC    (  114): qmi_ril(0/114): [main] qcril_qmi_nas_is_in_service_of_technology qcril_qmi_nas_is_in_service_of_technology completed with 0
02-13 18:08:36.112 I/RILC    (  114): qmi_ril(0/114): [main] qcril_qmi_nas_is_in_service_of_technology qcril_qmi_nas_is_in_service_of_technology entered
02-13 18:08:36.112 I/RILC    (  114): qmi_ril(0/114): [event] qcril_qmi_nas_propagate_known_signal_strength_ind qcril_qmi_nas_propagate_known_signal_strength_ind completed 0
02-13 18:08:36.112 I/RILC    (  114): qmi_ril(0/114): [event] qcril_process_event Exit qcril_process_event() : <Unknown event> ?, err_no 0
02-13 18:08:36.112 D/RILC    (  114): qmi_ril(0/114): [event] qcril_event_main qcril_event_main(): Waiting...
02-13 18:08:36.112 D/RILC    (  114): qmi_ril(0/114): [event] qcril_event_main qcril_event_main(): 1 items on queue
02-13 18:08:36.112 D/RILC    (  114): qmi_ril(0/114): [event] qcril_event_main qcril_event_main(): Waiting...
02-13 18:08:36.112 I/RILC    (  114): qmi_ril(0/114): [main] qcril_qmi_nas_is_in_service_of_technology qcril_qmi_nas_is_in_service_of_technology completed with 0
02-13 18:08:36.112 I/RILC    (  114): qmi_ril(0/114): [main] qcril_qmi_nas_request_registration_state .. cdma p_rev valid 1
02-13 18:08:36.112 I/RILC    (  114): qmi_ril(0/114): [main] qcril_qmi_nas_request_registration_state .. cdma p_rev 6
02-13 18:08:36.112 I/RILC    (  114): qmi_ril(0/114): [main] qcril_qmi_nas_is_in_service_of_technology qcril_qmi_nas_is_in_service_of_technology entered
02-13 18:08:36.112 I/RILC    (  114): qmi_ril(0/114): [main] qcril_qmi_nas_is_in_service_of_technology qcril_qmi_nas_is_in_service_of_technology completed with 1
02-13 18:08:36.112 I/RILC    (  114): qmi_ril(0/114): [main] qcril_qmi_nas_request_registration_state .. rg 0 - 1
02-13 18:08:36.112 I/RILC    (  114): qmi_ril(0/114): [main] qcril_qmi_nas_request_registration_state .. rg 1 - 
02-13 18:08:36.112 I/RILC    (  114): qmi_ril(0/114): [main] qcril_qmi_nas_request_registration_state .. rg 2 - 
02-13 18:08:36.112 I/RILC    (  114): qmi_ril(0/114): [main] qcril_qmi_nas_request_registration_state .. rg 3 - 6
02-13 18:08:36.112 I/RILC    (  114): qmi_ril(0/114): [main] qcril_qmi_nas_request_registration_state .. rg 4 - 402
02-13 18:08:36.112 I/RILC    (  114): qmi_ril(0/114): [main] qcril_qmi_nas_request_registration_state .. rg 5 - 560530
02-13 18:08:36.112 I/RILC    (  114): qmi_ril(0/114): [main] qcril_qmi_nas_request_registration_state .. rg 6 - -1362896
02-13 18:08:36.112 I/RILC    (  114): qmi_ril(0/114): [main] qcril_qmi_nas_request_registration_state .. rg 7 - 0
02-13 18:08:36.112 I/RILC    (  114): qmi_ril(0/114): [main] qcril_qmi_nas_request_registration_state .. rg 8 - 4139
02-13 18:08:36.112 I/RILC    (  114): qmi_ril(0/114): [main] qcril_qmi_nas_request_registration_state .. rg 9 - 41
02-13 18:08:36.112 I/RILC    (  114): qmi_ril(0/114): [main] qcril_qmi_nas_request_registration_state .. rg 10 - 1
02-13 18:08:36.112 I/RILC    (  114): qmi_ril(0/114): [main] qcril_qmi_nas_request_registration_state .. rg 11 - 1
02-13 18:08:36.112 I/RILC    (  114): qmi_ril(0/114): [main] qcril_qmi_nas_request_registration_state .. rg 12 - 160
02-13 18:08:36.112 I/RILC    (  114): qmi_ril(0/114): [main] qcril_qmi_nas_request_registration_state .. rg 13 - 0
02-13 18:08:36.112 I/RILC    (  114): qmi_ril(0/114): [main] qcril_qmi_nas_request_registration_state .. rg 14 - 0
02-13 18:08:36.112 I/RILC    (  114): qmi_ril(0/114): [main] qcril_reqlist_find [RID 0] Not found ReqList entry : token id 145
02-13 18:08:36.112 D/RILC    (  114): qmi_ril(0/114): [main] qcril_send_request_response UI <--- RIL_REQUEST_REGISTRATION_STATE (20) Complete --- RIL [RID 0, Token 145, Success, Len 60 ]
02-13 18:08:36.112 D/RILJ    (  344): [0145]< REGISTRATION_STATE {1,null,null,6,402,560530,-1362896,0,4139,41,1,1,160,0,0}
02-13 18:08:36.112 D/CDMA    (  344): [CdmaServiceStateTracker] ***zyj*** roamingstaus:1
02-13 18:08:36.112 D/CDMA    (  344): [CdmaServiceStateTracker] ***zyj*** namMatch && mIsInPrll
02-13 18:08:36.112 D/CDMA    (  344): [CdmaServiceStateTracker] ***zyj*** ind <=2 set ind off
02-13 18:08:36.112 D/CDMA    (  344): [CdmaServiceStateTracker] Set CDMA Roaming Indicator to: 1. mCdmaRoaming = false, isPrlLoaded = true. namMatch = true , mIsInPrl = true, mRoamingIndicator = 1, mDefaultRoamingIndicator= 160
02-13 18:08:36.112 D/CDMA    (  344): [CdmaServiceStateTracker] Poll ServiceState done: oldSS=[0 roaming    310099  1xRTT CSS not supported 0 4681RoamInd: 160RoamStatus(sprint): 2DefRoamInd: 160EmergOnly: false] newSS=[0 home null  310099  1xRTT CSS not supported 41 4139RoamInd: 1RoamStatus(sprint): 1DefRoamInd: 160EmergOnly: false]
02-13 18:08:36.112 D/CDMA    (  344): [CdmaServiceStateTracker] ***zyj*** this plmn should false flash
02-13 18:08:36.142 I/RILC    (  114): qmi_ril(0/114): [main] qcril_qmi_nas_request_registration_state .. need to report cs/ps bar 0
02-13 18:08:36.142 I/RILC    (  114): qmi_ril(0/114): [main] qcril_qmi_nas_request_registration_state qcril_qmi_nas_request_registration_state completed with 0
02-13 18:08:36.142 D/RILC    (  114): qmi_ril(0/114): [main] onRequest UI --- RIL_REQUEST_DATA_REGISTRATION_STATE (21) ---> RIL [RID 0, token id 146, data len 0]
02-13 18:08:36.142 I/RILC    (  114): qmi_ril(0/114): [main] qcril_qmi_nas_request_data_registration_state qcril_qmi_nas_request_data_registration_state entered
02-13 18:08:36.142 I/RILC    (  114): qmi_ril(0/114): [main] qcril_qmi_nas_is_in_service_of_technology qcril_qmi_nas_is_in_service_of_technology entered
02-13 18:08:36.142 I/RILC    (  114): qmi_ril(0/114): [main] qcril_qmi_nas_is_in_service_of_technology qcril_qmi_nas_is_in_service_of_technology completed with 0
02-13 18:08:36.142 I/RILC    (  114): qmi_ril(0/114): [main] qcril_qmi_nas_is_in_service_of_technology qcril_qmi_nas_is_in_service_of_technology entered
02-13 18:08:36.142 I/RILC    (  114): qmi_ril(0/114): [main] qcril_qmi_nas_is_in_service_of_technology qcril_qmi_nas_is_in_service_of_technology completed with 1
02-13 18:08:36.142 I/RILC    (  114): qmi_ril(0/114): [main] qcril_qmi_nas_request_data_registration_state  ... QMI NAS reg_state 1
02-13 18:08:36.142 I/RILC    (  114): qmi_ril(0/114): [main] qcril_qmi_nas_request_data_registration_state  ... cache valid for data_caps 1
02-13 18:08:36.142 I/RILC    (  114): qmi_ril(0/114): [main] qcril_qmi_nas_request_data_registration_state  ... cache valid for data_caps_len 2
02-13 18:08:36.142 I/RILC    (  114): qmi_ril(0/114): [main] qcril_qmi_nas_request_data_registration_state  ... ps attach state 1
02-13 18:08:36.142 I/RILC    (  114): qmi_ril(0/114): [main] qcril_qmi_nas_request_data_registration_state Xinjingqcril_qmi_nas_request_data_registration_state cur reg state 1
02-13 18:08:36.142 I/RILC    (  114): qmi_ril(0/114): [main] qcril_qmi_nas_request_data_registration_state .. pre  cur reg state 1
02-13 18:08:36.142 I/RILC    (  114): qmi_ril(0/114): [main] qcril_qmi_nas_request_data_registration_state qcril_qmi_nas_request_data_registration_state cur reg state 1
02-13 18:08:36.142 I/RILC    (  114): qmi_ril(0/114): [main] qcril_qmi_nas_is_in_service_of_technology qcril_qmi_nas_is_in_service_of_technology entered
02-13 18:08:36.142 I/RILC    (  114): qmi_ril(0/114): [main] qcril_qmi_nas_is_in_service_of_technology qcril_qmi_nas_is_in_service_of_technology completed with 0
02-13 18:08:36.142 I/RILC    (  114): qmi_ril(0/114): [main] qcril_qmi_nas_is_in_service_of_technology qcril_qmi_nas_is_in_service_of_technology entered
02-13 18:08:36.142 I/RILC    (  114): qmi_ril(0/114): [main] qcril_qmi_nas_is_in_service_of_technology qcril_qmi_nas_is_in_service_of_technology completed with 0
02-13 18:08:36.142 I/RILC    (  114): qmi_ril(0/114): [main] qcril_qmi_nas_request_data_registration_state .. data caps 1, 2
02-13 18:08:36.142 I/RILC    (  114): qmi_ril(0/114): [main] qcril_qmi_nas_request_data_registration_state .. detailed info val 1
02-13 18:08:36.142 I/RILC    (  114): qmi_ril(0/114): [main] qcril_qmi_nas_request_data_registration_state .. detailed info srv_cap 3
02-13 18:08:36.142 I/RILC    (  114): qmi_ril(0/114): [main] qcril_qmi_nas_request_data_registration_state .. legacy data cap 6
02-13 18:08:36.142 I/RILC    (  114): qmi_ril(0/114): [main] qcril_qmi_nas_request_data_registration_state .. final legacy data cap 8
02-13 18:08:36.142 I/RILC    (  114): qmi_ril(0/114): [main] qcril_qmi_nas_request_data_registration_state .. ehrpd adjustment check 8
02-13 18:08:36.142 I/RILC    (  114): qmi_ril(0/114): [main] qcril_qmi_nas_request_data_registration_state .. detailed_service_info val, nas_cached_info.hdr_personality val  1, 1
02-13 18:08:36.142 I/RILC    (  114): qmi_ril(0/114): [main] qcril_qmi_nas_request_data_registration_state .. hdr status, hdr_hybrid  2, 1
02-13 18:08:36.142 I/RILC    (  114): qmi_ril(0/114): [main] qcril_qmi_nas_request_data_registration_state .. hdr_personality check 1
02-13 18:08:36.142 I/RILC    (  114): qmi_ril(0/114): [main] qcril_qmi_nas_request_data_registration_state .. rg 0 - 1
02-13 18:08:36.142 I/RILC    (  114): qmi_ril(0/114): [main] qcril_qmi_nas_request_data_registration_state .. rg 1 - 
02-13 18:08:36.142 I/RILC    (  114): qmi_ril(0/114): [main] qcril_qmi_nas_request_data_registration_state .. rg 2 - 
02-13 18:08:36.142 I/RILC    (  114): qmi_ril(0/114): [main] qcril_qmi_nas_request_data_registration_state .. rg 3 - 8
02-13 18:08:36.142 I/RILC    (  114): qmi_ril(0/114): [main] qcril_qmi_nas_request_data_registration_state .. rg 4 - 0
02-13 18:08:36.142 I/RILC    (  114): qmi_ril(0/114): [main] qcril_qmi_nas_request_data_registration_state .. rg 5 - 20
02-13 18:08:36.142 I/RILC    (  114): qmi_ril(0/114): [main] qcril_reqlist_find [RID 0] Not found ReqList entry : token id 146
02-13 18:08:36.142 D/RILC    (  114): qmi_ril(0/114): [main] qcril_send_request_response UI <--- RIL_REQUEST_DATA_REGISTRATION_STATE (21) Complete --- RIL [RID 0, Token 146, Success, Len 24 ]
02-13 18:08:36.142 D/RILJ    (  344): [0146]< DATA_REGISTRATION_STATE {1,null,null,8,0,20}
02-13 18:08:36.142 I/RILC    (  114): qmi_ril(0/114): [main] qcril_qmi_nas_request_data_registration_state qcril_qmi_nas_request_data_registration_state complete with 0
02-13 18:08:36.192 D/RILJ    (  344): [0147]> SETUP_DATA_CALL 0 0 null null null 3 IP
02-13 18:08:36.192 D/RILC    (  114): qmi_ril(0/114): [main] onRequest UI --- RIL_REQUEST_SETUP_DATA_CALL (27) ---> RIL [RID 0, token id 147, data len 28]
02-13 18:08:36.192 I/RILC    (  114): qmi_ril(0/114): [main] qcril_data_request_setup_data_call qcril_data_request_setup_data_call: ENTRY
02-13 18:08:36.192 I/RILC    (  114): qmi_ril(0/114): [main] qcril_data_request_setup_data_call >>>>>> LOCK QCRIL_DATA MUTEX 80211c14
02-13 18:08:36.192 I/RILC    (  114): qmi_ril(0/114): [main] qcril_data_request_setup_data_call LOCK QCRIL_DATA MUTEX 80211c14 result=0
02-13 18:08:36.192 D/RILC    (  114): qmi_ril(0/114): [main] qcril_data_request_setup_data_call RIL provided tech pref [0]
02-13 18:08:36.192 D/RILC    (  114): qmi_ril(0/114): [main] qcril_data_request_setup_data_call RIL APN is NULL, Use NULL string.
02-13 18:08:36.192 D/RILC    (  114): qmi_ril(0/114): [main] qcril_data_request_setup_data_call RIL provided authentication preference 3
02-13 18:08:36.192 D/RILC    (  114): qmi_ril(0/114): [main] qcril_data_request_setup_data_call found free info_tbl at index [0]
02-13 18:08:36.192 I/RILC    (  114): qmi_ril(0/114): [main] qcril_data_clear_dsi_cb_tbl_entry >>>>>> LOCK QCRIL_DATA MUTEX 80211c10
02-13 18:08:36.192 I/RILC    (  114): qmi_ril(0/114): [main] qcril_data_clear_dsi_cb_tbl_entry LOCK QCRIL_DATA MUTEX 80211c10 result=0
02-13 18:08:36.192 D/RILC    (  114): qmi_ril(0/114): [main] qcril_data_clear_dsi_cb_tbl_entry qcril_data_clear_dsi_cb_tbl_entry: cleaning up entry [%#x]
02-13 18:08:36.192 I/RILC    (  114): qmi_ril(0/114): [main] qcril_data_clear_dsi_cb_tbl_entry <<<<<< UNLOCK QCRIL_DATA MUTEX 80211c10
02-13 18:08:36.192 I/RILC    (  114): qmi_ril(0/114): [main] qcril_data_clear_dsi_cb_tbl_entry UNLOCK QCRIL_DATA MUTEX 80211c10 result=0
02-13 18:08:36.192 I/RILC    (  114): qmi_ril(0/114): [main] qcril_data_update_dsi_cb_tbl_entry >>>>>> LOCK QCRIL_DATA MUTEX 80211c10
02-13 18:08:36.192 I/RILC    (  114): qmi_ril(0/114): [main] qcril_data_update_dsi_cb_tbl_entry LOCK QCRIL_DATA MUTEX 80211c10 result=0
02-13 18:08:36.192 D/RILC    (  114): qmi_ril(0/114): [main] qcril_data_update_dsi_cb_tbl_entry qcril_data_update_dsi_cb_tbl_entry: updating entry [%#x]
02-13 18:08:36.192 I/RILC    (  114): qmi_ril(0/114): [main] qcril_data_update_dsi_cb_tbl_entry <<<<<< UNLOCK QCRIL_DATA MUTEX 80211c10
02-13 18:08:36.192 I/RILC    (  114): qmi_ril(0/114): [main] qcril_data_update_dsi_cb_tbl_entry UNLOCK QCRIL_DATA MUTEX 80211c10 result=0
02-13 18:08:36.192 D/RILC    (  114): qmi_ril(0/114): [main] qcril_data_request_setup_data_call info_tbl[0] has reserved dsi_hndl[0x1c038]
02-13 18:08:36.192 D/RILC    (  114): qmi_ril(0/114): [main] qcril_data_request_setup_data_call >>>Mem debug>>>
02-13 18:08:36.192 D/RILC    (  114): qmi_ril(0/114): [main] qcril_data_request_setup_data_call dsi_hndl
02-13 18:08:36.192 D/RILC    (  114): qmi_ril(0/114): [main] qcril_data_request_setup_data_call [0x1c038]
02-13 18:08:36.192 D/RILC    (  114): qmi_ril(0/114): [main] qcril_data_request_setup_data_call <<<Mem debug<<<
02-13 18:08:36.192 I/RILC    (  114): qmi_ril(0/114): [main] qcril_data_request_setup_data_call RIL did not provide APN, not setting any APN in start_nw_params
02-13 18:08:36.192 E/RILC    (  114): qmi_ril(0/114): [main] qcril_data_set_ril_profile_id default profile id [0] provided. no need to set in dsi_hndl
02-13 18:08:36.192 D/RILC    (  114): qmi_ril(0/114): [main] qcril_data_set_ril_profile_id qcril_data_set_ril_profile_id successful
02-13 18:08:36.192 E/RILC    (  114): qmi_ril(0/114): [main] qcril_data_set_nai Invalid NAI received
02-13 18:08:36.192 E/RILC    (  114): qmi_ril(0/114): [main] qcril_data_set_nai Ignoring NAI for SETUP_DATA_CALL
02-13 18:08:36.192 I/RILC    (  114): qmi_ril(0/114): [main] qcril_reqlist_find [RID 0] Not found ReqList entry : token id 147
02-13 18:08:36.192 I/RILC    (  114): qmi_ril(0/114): [main] qcril_reqlist_new_all [RID 0] Event RIL_REQUEST_SETUP_DATA_CALL(27), token id 147 [ 0x15d98], req id 7 : 
02-13 18:08:36.192 I/RILC    (  114): qmi_ril(0/114): [main] qcril_reqlist_new_all                        MID 0, pending receipt of DATA_EVENT_CALLBACK, state QCRIL_REQ_AWAITING_MORE_AMSS_EVENTS(4)
02-13 18:08:36.192 D/RILC    (  114): qmi_ril(0/114): [main] qcril_reqlist_print_all [RID 0] ReqList entries :
02-13 18:08:36.192 D/RILC    (  114): qmi_ril(0/114): [main] qcril_reqlist_print_all     RIL_REQUEST_SETUP_DATA_CALL (27), token id 147
02-13 18:08:36.192 I/RILC    (  114): qmi_ril(0/114): [main] qcril_data_request_setup_data_call reqlist node insert complete, setup data call
02-13 18:08:36.202 D/RILC    (  114): qmi_ril(0/114): [main] qcril_data_request_setup_data_call starting response timer for info_tbl [0x8021a650]
02-13 18:08:36.202 I/RILC    (  114): qmi_ril(0/114): [main] qcril_data_create_response_timer qcril_data_create_response_timer: ENTRY
02-13 18:08:36.212 I/RILC    (  114): qmi_ril(0/114): [main] qcril_data_create_response_timer timer creation success: [0x80000000]
02-13 18:08:36.212 I/RILC    (  114): qmi_ril(0/114): [main] qcril_data_request_setup_data_call <<<<<< UNLOCK QCRIL_DATA MUTEX 80211c14
02-13 18:08:36.212 I/RILC    (  114): qmi_ril(0/114): [main] qcril_data_request_setup_data_call UNLOCK QCRIL_DATA MUTEX 80211c14 result=0
02-13 18:08:36.212 D/RILC    (  114): qmi_ril(0/114): [main] qcril_data_request_setup_data_call qcril_data_request_setup_data_call: EXIT with suc
02-13 18:08:37.763 D/RILC    (  114): qmi_ril(0/114): [qmi_cb] qcril_data_qmi_wds_ind_cb qcril_data_qmi_wds_ind_cb: ENTRY
02-13 18:08:37.763 I/RILC    (  114): qmi_ril(0/114): [qmi_cb] qcril_data_qmi_wds_ind_cb >>>>>> TRY LOCK QCRIL_DATA MUTEX 80211c14
02-13 18:08:37.763 I/RILC    (  114): qmi_ril(0/114): [qmi_cb] qcril_data_qmi_wds_ind_cb TRYLOCK QCRIL_DATA MUTEX 80211c14 result=0
02-13 18:08:37.763 D/RILC    (  114): qmi_ril(0/114): [qmi_cb] qcril_data_process_wds_ind qcril_data_process_wds_ind: entry
02-13 18:08:37.763 D/RILC    (  114): qmi_ril(0/114): [qmi_cb] qcril_data_process_tethered_state_change_ind tethered data call status is received
02-13 18:08:37.763 D/RILC    (  114): qmi_ril(0/114): [qmi_cb] qcril_data_process_tethered_state_change_ind call type[1] not tethered data, ignoring
02-13 18:08:37.763 D/RILC    (  114): qmi_ril(0/114): [qmi_cb] qcril_data_process_tethered_state_change_ind qcril_data_process_tethered_state_change_ind succeeded
02-13 18:08:37.763 D/RILC    (  114): qmi_ril(0/114): [qmi_cb] qcril_data_process_wds_ind qcril_data_process_wds_ind: exit with success
02-13 18:08:37.763 I/RILC    (  114): qmi_ril(0/114): [qmi_cb] qcril_data_qmi_wds_ind_cb <<<<<< UNLOCK QCRIL_DATA MUTEX 80211c14
02-13 18:08:37.763 I/RILC    (  114): qmi_ril(0/114): [qmi_cb] qcril_data_qmi_wds_ind_cb UNLOCK QCRIL_DATA MUTEX 80211c14 result=0
02-13 18:08:37.763 D/RILC    (  114): qmi_ril(0/114): [qmi_cb] qcril_data_qmi_wds_ind_cb qcril_data_qmi_wds_ind_cb: EXIT
02-13 18:08:37.844 D/RILC    (  114): qmi_ril(0/114): qcril_data_net_cb: qcril_data_net_cb: ENTRY
02-13 18:08:37.844 I/RILC    (  114): qmi_ril(0/114): qcril_data_net_cb: >>>>>> LOCK QCRIL_DATA MUTEX 80211c10
02-13 18:08:37.844 I/RILC    (  114): qmi_ril(0/114): qcril_data_net_cb: LOCK QCRIL_DATA MUTEX 80211c10 result=0
02-13 18:08:37.844 D/RILC    (  114): qmi_ril(0/114): qcril_data_post_dsi_netctrl_event: >>>Mem debug>>>
02-13 18:08:37.844 D/RILC    (  114): qmi_ril(0/114): qcril_data_post_dsi_netctrl_event: info_tbl
02-13 18:08:37.844 D/RILC    (  114): qmi_ril(0/114): qcril_data_post_dsi_netctrl_event: [0x8021a650]
02-13 18:08:37.844 D/RILC    (  114): qmi_ril(0/114): qcril_data_post_dsi_netctrl_event: <<<Mem debug<<<
02-13 18:08:37.844 D/RILC    (  114): qmi_ril(0/114): qcril_data_post_dsi_netctrl_event: dsi net evt [1], info_tbl index [0], pend RIL Token [147]
02-13 18:08:37.844 D/RILC    (  114): qmi_ril(0/114): qcril_data_post_dsi_netctrl_event: >>>Mem debug>>>
02-13 18:08:37.844 D/RILC    (  114): qmi_ril(0/114): qcril_data_post_dsi_netctrl_event: event obj alloc
02-13 18:08:37.844 D/RILC    (  114): qmi_ril(0/114): qcril_data_post_dsi_netctrl_event: [0x1c268]
02-13 18:08:37.844 D/RILC    (  114): qmi_ril(0/114): qcril_data_post_dsi_netctrl_event: <<<Mem debug<<<
02-13 18:08:37.844 I/RILC    (  114): qmi_ril(0/114): qcril_data_post_dsi_netctrl_event: queue QCRIL DATA event for RIL Token [147] instance_id [0], and modem_id [0]
02-13 18:08:37.844 D/RILC    (  114): qmi_ril(0/114): [event] qcril_event_main qcril_event_main(): 1 items on queue
02-13 18:08:37.844 D/RILC    (  114): qmi_ril(0/114): [event] qcril_event_main RID 0 MID 0 De-queued event DATA_EVENT_CALLBACK (327682)
02-13 18:08:37.844 D/RILC    (  114): qmi_ril(0/114): [event] qcril_process_event RIL <--- DATA_EVENT_CALLBACK(327682), RID 0, MID 0 --- AMSS
02-13 18:08:37.844 D/RILC    (  114): qmi_ril(0/114): [event] qcril_data_event_hdlr qcril_data_event_hdlr: ENTRY
02-13 18:08:37.844 I/RILC    (  114): qmi_ril(0/114): [event] qcril_data_event_hdlr >>>>>> LOCK QCRIL_DATA MUTEX 80211c14
02-13 18:08:37.844 I/RILC    (  114): qmi_ril(0/114): [event] qcril_data_event_hdlr LOCK QCRIL_DATA MUTEX 80211c14 result=0
02-13 18:08:37.844 D/RILC    (  114): qmi_ril(0/114): [event] qcril_data_event_hdlr >>>Mem debug>>>
02-13 18:08:37.844 D/RILC    (  114): qmi_ril(0/114): [event] qcril_data_event_hdlr event obj
02-13 18:08:37.844 D/RILC    (  114): qmi_ril(0/114): [event] qcril_data_event_hdlr [0x1c268]
02-13 18:08:37.844 D/RILC    (  114): qmi_ril(0/114): [event] qcril_data_event_hdlr <<<Mem debug<<<
02-13 18:08:37.844 D/RILC    (  114): qmi_ril(0/114): [event] qcril_data_event_hdlr >>>Mem debug>>>
02-13 18:08:37.844 D/RILC    (  114): qmi_ril(0/114): [event] qcril_data_event_hdlr info_tbl
02-13 18:08:37.844 D/RILC    (  114): qmi_ril(0/114): [event] qcril_data_event_hdlr [0x8021a650]
02-13 18:08:37.844 D/RILC    (  114): qmi_ril(0/114): [event] qcril_data_event_hdlr <<<Mem debug<<<
02-13 18:08:37.844 I/RILC    (  114): qmi_ril(0/114): [event] qcril_data_event_hdlr RIL REQ pend [RIL_REQUEST_SETUP_DATA_CALL], cid [0], index [0]
02-13 18:08:37.844 I/RILC    (  114): qmi_ril(0/114): [event] qcril_reqlist_find [RID 0] Found ReqList entry : RIL_REQUEST_SETUP_DATA_CALL(27), token id 147
02-13 18:08:37.844 D/RILC    (  114): qmi_ril(0/114): [event] qcril_data_event_hdlr Req list entry found for RIL Token [147]
02-13 18:08:37.844 D/RILC    (  114): qmi_ril(0/114): [event] qcril_data_event_hdlr >>>Mem debug>>>
02-13 18:08:37.844 D/RILC    (  114): qmi_ril(0/114): [event] qcril_data_event_hdlr info_tbl
02-13 18:08:37.844 D/RILC    (  114): qmi_ril(0/114): [event] qcril_data_event_hdlr [0x8021a650]
02-13 18:08:37.844 D/RILC    (  114): qmi_ril(0/114): [event] qcril_data_event_hdlr <<<Mem debug<<<
02-13 18:08:37.844 I/RILC    (  114): qmi_ril(0/114): [event] qcril_data_event_hdlr >>>DSI_EVT_NET_IS_CONN: START>>> cid [0], index [0]
02-13 18:08:37.844 D/RILC    (  114): qmi_ril(0/114): [event] qcril_data_event_hdlr Get device name and fill the value at [0x40208cdc]
02-13 18:08:37.844 I/RILC    (  114): qmi_ril(0/114): [event] qcril_data_stop_response_timer qcril_data_stop_response_timer: ENTRY
02-13 18:08:37.844 I/RILC    (  114): qmi_ril(0/114): [event] qcril_data_stop_response_timer deleting timer [0x80000000]
02-13 18:08:37.864 D/RILC    (  114): qmi_ril(0/114): [event] qcril_data_event_hdlr device [rmnet0] is associated with info tbl indx [0]
02-13 18:08:37.864 D/RILC    (  114): qmi_ril(0/114): qcril_event_queue: RID 0 MID 0 Queued event DATA_EVENT_CALLBACK (16 bytes)
02-13 18:08:37.864 I/RILC    (  114): qmi_ril(0/114): qcril_data_net_cb: <<<<<< UNLOCK QCRIL_DATA MUTEX 80211c10
02-13 18:08:37.864 I/RILC    (  114): qmi_ril(0/114): qcril_data_net_cb: UNLOCK QCRIL_DATA MUTEX 80211c10 result=0
02-13 18:08:37.864 D/RILC    (  114): qmi_ril(0/114): qcril_data_net_cb: qcril_data_net_cb: EXIT with suc
02-13 18:08:37.864 D/RILC    (  114): qmi_ril(0/114): [event] qcril_data_event_hdlr obtained wds srvc clnt id [262400] for info tbl indx [0]
02-13 18:08:37.864 D/RILC    (  114): qmi_ril(0/114): [event] qcril_data_util_fill_call_params qcril_data_util_fill_call_params: ENTRY
02-13 18:08:37.864 D/RILC    (  114): qmi_ril(0/114): [event] qcril_data_util_fill_call_params Get device name and fill the value at [0x40208ba4]
02-13 18:08:37.864 D/RILC    (  114): qmi_ril(0/114): [event] qcril_data_util_fill_call_params dev_name [rmnet0]
02-13 18:08:37.864 D/RILC    (  114): qmi_ril(0/114): [event] qcril_data_util_fill_call_params IPv4 address found. data buf is [126] long
02-13 18:08:37.864 D/RILC    (  114): qmi_ril(0/114): [event] qcril_data_util_fill_call_params IPv4 address [173.155.101.96] populated in info_tbl[0]
02-13 18:08:37.864 D/RILC    (  114): qmi_ril(0/114): [event] qcril_data_util_fill_bearer_tech call [0] bearer is [CDMA_EVDO_REVA]
02-13 18:08:37.864 D/RILC    (  114): qmi_ril(0/114): [event] qcril_data_util_fill_call_params qcril_data_util_fill_call_params: EXIT success
02-13 18:08:37.864 I/RILC    (  114): qmi_ril(0/114): [event] qcril_data_util_update_call_state >>>>>> LOCK QCRIL_DATA MUTEX 80211c0c
02-13 18:08:37.864 I/RILC    (  114): qmi_ril(0/114): [event] qcril_data_util_update_call_state LOCK QCRIL_DATA MUTEX 80211c0c result=0
02-13 18:08:37.864 I/RILC    (  114): qmi_ril(0/114): [event] qcril_data_util_update_call_state <<<<<< UNLOCK QCRIL_DATA MUTEX 80211c0c
02-13 18:08:37.864 I/RILC    (  114): qmi_ril(0/114): [event] qcril_data_util_update_call_state UNLOCK QCRIL_DATA MUTEX 80211c0c result=0
02-13 18:08:37.864 D/RILC    (  114): qmi_ril(0/114): [event] qcril_data_event_hdlr >>>RIL RSP READY>>> cid [-2145278348], dev_name [rmnet0], ip_addr [173.155.101.96]
02-13 18:08:37.864 D/RILC    (  114): qmi_ril(0/114): [event] qcril_data_response_success qcril_data_response_success: ENTRY
02-13 18:08:37.864 I/RILC    (  114): qmi_ril(0/114): [event] qcril_reqlist_find [RID 0] Found ReqList entry : RIL_REQUEST_SETUP_DATA_CALL(27), token id 147
02-13 18:08:37.864 I/RILC    (  114): qmi_ril(0/114): [event] qcril_reqlist_free [RID 0] Deleted ReqList entry : token id 147 [0x15d98]
02-13 18:08:37.864 D/RILC    (  114): qmi_ril(0/114): [event] qcril_reqlist_print_all [RID 0] ReqList entries : Empty 
02-13 18:08:37.864 I/RILC    (  114): qmi_ril(0/114): [event] qcril_reqlist_find [RID 0] Not found ReqList entry : token id 147
02-13 18:08:37.864 D/RILC    (  114): qmi_ril(0/114): [event] qcril_send_request_response UI <--- RIL_REQUEST_SETUP_DATA_CALL (27) Complete --- RIL [RID 0, Token 147, Success, Len 12 ]
02-13 18:08:37.874 D/RILJ    (  344): [0147]< SETUP_DATA_CALL {0, rmnet0, 173.155.101.96}
02-13 18:08:37.884 D/RILC    (  114): qmi_ril(0/114): [event] qcril_data_event_hdlr <<<RIL RSP SENT<<<
02-13 18:08:37.884 I/RILC    (  114): qmi_ril(0/114): [event] qcril_data_event_hdlr <<<DSI_EVT_NET_IS_CONN: DONE<<<
02-13 18:08:37.884 D/RILC    (  114): qmi_ril(0/114): [event] qcril_data_event_hdlr Registering for Physlink Events
02-13 18:08:37.884 D/RILC    (  114): qmi_ril(0/114): [event] qcril_data_iface_ioctl setting dormancy event report on wds client [262400]
02-13 18:08:37.894 D/RILC    (  114): qmi_ril(0/114): [event] qcril_data_iface_ioctl getting dormancy status for wds client [262400]
02-13 18:08:37.894 E/RILC    (  114): qmi_ril(0/114): [event] qcril_data_iface_ioctl dormancy status has changed since last registration
02-13 18:08:37.894 I/RILC    (  114): qmi_ril(0/114): [event] qcril_data_event_hdlr <<<[2] processing started<<<
02-13 18:08:37.894 I/RILC    (  114): qmi_ril(0/114): [event] qcril_data_util_update_call_state >>>>>> LOCK QCRIL_DATA MUTEX 80211c0c
02-13 18:08:37.894 I/RILC    (  114): qmi_ril(0/114): [event] qcril_data_util_update_call_state LOCK QCRIL_DATA MUTEX 80211c0c result=0
02-13 18:08:37.894 I/RILC    (  114): qmi_ril(0/114): [event] qcril_data_util_update_call_state <<<<<< UNLOCK QCRIL_DATA MUTEX 80211c0c
02-13 18:08:37.894 I/RILC    (  114): qmi_ril(0/114): [event] qcril_data_util_update_call_state UNLOCK QCRIL_DATA MUTEX 80211c0c result=0
02-13 18:08:37.894 D/RILC    (  114): qmi_ril(0/114): [event] qcril_data_unsol_call_list_changed qcril_data_unsol_call_list_changed: ENTRY
02-13 18:08:37.894 D/RILC    (  114): qmi_ril(0/114): [event] qcril_data_unsol_call_list_changed sending RIL_UNSOL_DATA_CALL_LIST_CHANGED
02-13 18:08:37.894 D/RILC    (  114): qmi_ril(0/114): [event] qcril_send_unsol_response UI <--- RIL_UNSOL_DATA_CALL_LIST_CHANGED (1010) --- RIL [RID 0, Len 560, (null)]
02-13 18:08:37.904 D/RILC    (  114): qmi_ril(0/114): [event] qcril_data_unsol_call_list_changed qcril_data_unsol_call_list_changed: EXIT with succ
02-13 18:08:37.904 I/RILC    (  114): qmi_ril(0/114): [event] qcril_data_event_hdlr try event obj dealloc
02-13 18:08:37.904 D/RILC    (  114): qmi_ril(0/114): [event] qcril_data_event_hdlr qcril_data_event_hdlr: EXIT with suc
02-13 18:08:37.904 I/RILC    (  114): qmi_ril(0/114): [event] qcril_data_event_hdlr <<<<<< UNLOCK QCRIL_DATA MUTEX 80211c14
02-13 18:08:37.904 I/RILC    (  114): qmi_ril(0/114): [event] qcril_data_event_hdlr UNLOCK QCRIL_DATA MUTEX 80211c14 result=0
02-13 18:08:37.904 I/RILC    (  114): qmi_ril(0/114): [event] qcril_process_event Exit qcril_process_event() : DATA_EVENT_CALLBACK, err_no 0
02-13 18:08:37.904 D/RILC    (  114): qmi_ril(0/114): [event] qcril_event_main qcril_event_main(): Waiting...
02-13 18:08:37.944 D/RILJ    (  344): [UNSL]< UNSOL_DATA_CALL_LIST_CHANGED [DataCallState: { cid: 0, active: 2, type: , apn: , address: 173.155.101.96 }, DataCallState: { cid: 1, active: 0, type: null, apn: null, address: null }, DataCallState: { cid: 2, active: 0, type: null, apn: null, address: null }, DataCallState: { cid: 3, active: 0, type: null, apn: null, address: null }, DataCallState: { cid: 4, active: 0, type: null, apn: null, address: null }, DataCallState: { cid: 5, active: 0, type: null, apn: null, address: null }, DataCallState: { cid: 6, active: 0, type: null, apn: null, address: null }, DataCallState: { cid: 7, active: 0, type: null, apn: null, address: null }, DataCallState: { cid: 8, active: 0, type: null, apn: null, address: null }, DataCallState: { cid: 9, active: 0, type: null, apn: null, address: null }, DataCallState: { cid: 10, active: 0, type: null, apn: null, address: null }, DataCallState: { cid: 11, active: 0, type: null, apn: null, address: null }, DataCallState: { cid: 12, active: 0, type: null, apn: null, address: null }, DataCallState: { cid: 13, active: 0, type: null, apn: null, address: null }, DataCallState: { cid: 14, active: 0, type: null, apn: null, address: null }, DataCallState: { cid: 15, active: 0, type: null, apn: null, address: null }, DataCallState: { cid: 16, active: 0, type: null, apn: null, address: null }, DataCallState: { cid: 17, active: 0, type: null, apn: null, address: null }, DataCallState: { cid: 18, active: 0, type: null, apn: null, address: null }, DataCallState: { cid: 19, active: 0, type: null, apn: null, address: null }]
02-13 18:08:38.484 I/RILC    (  114): qmi_ril(0/114): [qmi_cb] qcril_qmi_nas_unsolicited_indication_cb invoked msg 0x2
02-13 18:08:38.484 I/RILC    (  114): qmi_ril(0/114): [qmi_cb] qcril_qmi_nas_is_considered_registered qcril_qmi_nas_is_considered_registered entered
02-13 18:08:38.484 I/RILC    (  114): qmi_ril(0/114): [qmi_cb] qcril_qmi_nas_is_considered_registered qcril_qmi_nas_is_considered_registered completed with 1
02-13 18:08:38.484 I/RILC    (  114): qmi_ril(0/114): [qmi_cb] qcril_qmi_nas_event_report_ind_conv_qmi2ril qcril_qmi_nas_event_report_ind_conv_qmi2ril entered
02-13 18:08:38.484 I/RILC    (  114): qmi_ril(0/114): [qmi_cb] qcril_qmi_nas_event_report_ind_conv_qmi2ril .. reg reject valid 0
02-13 18:08:38.484 I/RILC    (  114): qmi_ril(0/114): [qmi_cb] qcril_qmi_nas_event_report_ind_conv_qmi2ril qcril_qmi_nas_event_report_ind_conv_qmi2ril completed
02-13 18:08:38.484 I/RILC    (  114): qmi_ril(0/114): [qmi_cb] qcril_qmi_nas_is_considered_registered qcril_qmi_nas_is_considered_registered entered
02-13 18:08:38.484 I/RILC    (  114): qmi_ril(0/114): [qmi_cb] qcril_qmi_nas_is_considered_registered qcril_qmi_nas_is_considered_registered completed with 1
02-13 18:08:38.484 D/RILC    (  114): qmi_ril(0/114): [qmi_cb] qcril_event_queue Event [<Unknown event> ?, 655370] data was NULL!
02-13 18:08:38.484 D/RILC    (  114): qmi_ril(0/114): [qmi_cb] qcril_event_queue RID 0 MID 0 Queued event <Unknown event> ? (0 bytes)
02-13 18:08:38.484 I/RILC    (  114): qmi_ril(0/114): [qmi_cb] qcril_qmi_nas_unsolicited_indication_cb .. operational state 3
02-13 18:08:38.484 I/RILC    (  114): qmi_ril(0/114): [qmi_cb] qcril_qmi_nas_unsolicited_indication_cb qcril_qmi_nas_unsolicited_indication_cb completed
02-13 18:08:38.484 D/RILC    (  114): qmi_ril(0/114): [event] qcril_event_main qcril_event_main(): 1 items on queue
02-13 18:08:38.484 D/RILC    (  114): qmi_ril(0/114): [event] qcril_event_main RID 0 MID 0 De-queued event <Unknown event> ? (655370)
02-13 18:08:38.484 D/RILC    (  114): qmi_ril(0/114): [event] qcril_process_event RIL <--- <Unknown event> ?(655370), RID 0, MID 0 --- AMSS
02-13 18:08:38.484 I/RILC    (  114): qmi_ril(0/114): [event] qcril_qmi_trigger_propagate_known_signal_strength_ind qcril_qmi_trigger_propagate_known_signal_strength_ind received
02-13 18:08:38.484 I/RILC    (  114): qmi_ril(0/114): [event] qcril_qmi_nas_propagate_known_signal_strength_ind qcril_qmi_nas_propagate_known_signal_strength_ind entered
02-13 18:08:38.484 I/RILC    (  114): qmi_ril(0/114): [event] qcril_qmi_nas_fetch_signal_strength_observations qcril_qmi_nas_fetch_signal_strength_observations entered
02-13 18:08:38.484 I/RILC    (  114): qmi_ril(0/114): [event] qcril_qmi_nas_fetch_signal_strength_observations ..req mask 33
02-13 18:08:38.484 I/RILC    (  114): qmi_ril(0/114): [event] qcril_qmi_nas_fetch_signal_strength_observations qcril_qmi_nas_request_signal_strength entered IF 33
02-13 18:08:38.484 I/RILC    (  114): qmi_ril(0/114): [event] qcril_qmi_nas_fetch_signal_strength_observations qcril_qmi_nas_request_signal_strength entered RIL_REQ_RES qmi_request.request__mask = 33
02-13 18:08:38.484 I/RILC    (  114): qmi_ril(0/114): [event] qcril_qmi_nas_fetch_signal_strength_observations qcril_qmi_nas_request_signal_strength entered IF QMI RESPONSE 33
02-13 18:08:38.484 I/RILC    (  114): qmi_ril(0/114): [event] qcril_qmi_util_convert_qmi_response_codes_to_ril_result_ex qcril_qmi_util_convert_qmi_response_codes_to_ril_result_ex ctx check 0
02-13 18:08:38.484 I/RILC    (  114): qmi_ril(0/114): [event] qcril_qmi_nas_fetch_signal_strength_observations qcril_qmi_nas_request_signal_strength entered IF UTIL_RES = SUCCESS 33
02-13 18:08:38.484 I/RILC    (  114): qmi_ril(0/114): [event] qcril_qmi_nas_fetch_signal_strength_observations qcril_qmi_nas_fetch_signal_strength_observations completed 0
02-13 18:08:38.484 I/RILC    (  114): qmi_ril(0/114): [event] qcril_qmi_nas_propagate_known_signal_strength_ind .. subfetch sig strength info 0
02-13 18:08:38.484 I/RILC    (  114): qmi_ril(0/114): [event] qcril_qmi_nas_dump_sign_strength_report qcril_qmi_nas_dump_sign_strength_report entered
02-13 18:08:38.484 I/RILC    (  114): qmi_ril(0/114): [event] qcril_qmi_nas_dump_sign_strength_report ..GW
02-13 18:08:38.484 I/RILC    (  114): qmi_ril(0/114): [event] qcril_qmi_nas_dump_sign_strength_report .. signalStrength 99, bitErrorRate 0
02-13 18:08:38.484 I/RILC    (  114): qmi_ril(0/114): [event] qcril_qmi_nas_dump_sign_strength_report ..CDMA
02-13 18:08:38.484 I/RILC    (  114): qmi_ril(0/114): [event] qcril_qmi_nas_dump_sign_strength_report .. dbm 78, ecio 70 
02-13 18:08:38.484 I/RILC    (  114): qmi_ril(0/114): [event] qcril_qmi_nas_dump_sign_strength_report ..EVDO
02-13 18:08:38.484 I/RILC    (  114): qmi_ril(0/114): [event] qcril_qmi_nas_dump_sign_strength_report .. dbm 87, ecio 20, signalNoiseRatio 8
02-13 18:08:38.484 I/RILC    (  114): qmi_ril(0/114): [event] qcril_qmi_nas_dump_sign_strength_report ..LTE
02-13 18:08:38.484 I/RILC    (  114): qmi_ril(0/114): [event] qcril_qmi_nas_dump_sign_strength_report .. signalStrength 99, rsrp 2147483647, rsrq 2147483647, rsnnr 2147483647
02-13 18:08:38.484 I/RILC    (  114): qmi_ril(0/114): [event] qcril_qmi_nas_dump_sign_strength_report qcril_qmi_nas_dump_sign_strength_report completed
02-13 18:08:38.484 I/RILC    (  114): qmi_ril(0/114): [event] qcril_qmi_nas_propagate_known_signal_strength_ind .. conf res 0
02-13 18:08:38.484 D/RILC    (  114): qmi_ril(0/114): [event] qcril_send_unsol_response UI <--- RIL_UNSOL_SIGNAL_STRENGTH (1009) --- RIL [RID 0, Len 48, (null)]
02-13 18:08:38.484 I/RILC    (  114): qmi_ril(0/114): [event] qcril_qmi_nas_propagate_known_signal_strength_ind qcril_qmi_nas_propagate_known_signal_strength_ind completed 0
02-13 18:08:38.484 I/RILC    (  114): qmi_ril(0/114): [event] qcril_process_event Exit qcril_process_event() : <Unknown event> ?, err_no 0
02-13 18:08:38.484 D/RILC    (  114): qmi_ril(0/114): [event] qcril_event_main qcril_event_main(): Waiting...
02-13 18:08:40.136 I/RILC    (  114): qmi_ril(0/114): [qmi_cb] qcril_qmi_sms_unsol_ind_cb qcril_qmi_sms_unsol_ind_cb for msg_id 1 (QMI_WMS_EVENT_REPORT_IND)
02-13 18:08:40.136 I/RILC    (  114): qmi_ril(0/114): [qmi_cb] qcril_qmi_sms_unsol_ind_cb .. operational state 3
02-13 18:08:40.136 I/RILC    (  114): qmi_ril(0/114): [qmi_cb] qcril_sms_process_event_report_ind qcril_sms_process_event_report_ind entered
02-13 18:08:40.136 I/RILC    (  114): qmi_ril(0/114): [qmi_cb] qcril_sms_process_event_report_ind .. transfer_route_mt_message_valid 0
02-13 18:08:40.136 I/RILC    (  114): qmi_ril(0/114): [qmi_cb] qcril_sms_process_event_report_ind qcril_qmi_sms_event_report_ind storage index 0
02-13 18:08:40.136 D/RILC    (  114): qmi_ril(0/114): [qmi_cb] qcril_event_queue RID 0 MID 0 Queued event <Unknown event> ? (20 bytes)
02-13 18:08:40.136 I/RILC    (  114): qmi_ril(0/114): [qmi_cb] qcril_sms_process_event_report_ind qcril_sms_process_event_report_ind completed
02-13 18:08:40.136 D/RILC    (  114): qmi_ril(0/114): [event] qcril_event_main qcril_event_main(): 1 items on queue
02-13 18:08:40.136 D/RILC    (  114): qmi_ril(0/114): [event] qcril_event_main RID 0 MID 0 De-queued event <Unknown event> ? (131073)
02-13 18:08:40.136 D/RILC    (  114): qmi_ril(0/114): [event] qcril_process_event RIL <--- <Unknown event> ?(131073), RID 0, MID 0 --- AMSS
02-13 18:08:40.136 I/RILC    (  114): qmi_ril(0/114): [event] qcril_sms_request_raw_read qcril_sms_request_raw_read MSG PARAMS 0 1 0
02-13 18:08:40.136 I/RILC    (  114): qmi_ril(0/114): [event] qcril_qmi_util_convert_qmi_response_codes_to_ril_result_ex qcril_qmi_util_convert_qmi_response_codes_to_ril_result_ex ctx check 0
02-13 18:08:40.136 I/RILC    (  114): qmi_ril(0/114): [event] qcril_sms_request_raw_read Raw Read Request succeeded
02-13 18:08:40.136 I/RILC    (  114): qmi_ril(0/114): [event] qcril_sms_request_raw_read qcril_sms_convert_mt_voice_mail_qmi_to_ril(), format=8, data_len=1, data=
02-13 18:08:40.136 I/RILC    (  114): qmi_ril(0/114): [event] qcril_sms_convert_voice_mail_qmi_to_tl qcril_sms_convert_voice_mail_qmi_to_tl(), data_len=1
02-13 18:08:40.136 D/RILC    (  114): qmi_ril(0/114): [event] qcril_send_unsol_response UI <--- RIL_UNSOL_RESPONSE_CDMA_NEW_SMS (1020) --- RIL [RID 0, Len 372, (null)]
02-13 18:08:40.146 I/RILC    (  114): qmi_ril(0/114): [event] qcril_process_event Exit qcril_process_event() : <Unknown event> ?, err_no 0
02-13 18:08:40.146 D/RILC    (  114): qmi_ril(0/114): [event] qcril_event_main qcril_event_main(): Waiting...
02-13 18:08:40.146 D/RILJ    (  344): [UNSL]< UNSOL_RESPONSE_CDMA_NEW_SMS
02-13 18:08:40.146 D/SMS     (  344): EVENT_NEW_SMS phone id :0
02-13 18:08:40.146 D/SMS     (  344): New SMS Message Received
02-13 18:08:40.146 D/CDMA    (  344): [CdmaSMSDispatcher]numOfVoicemails = 21
02-13 18:08:40.146 D/SMS     (  344):  Storing Voice Mail Count = 21 for imsi = 310009137068268 for sub = vm_count_key0 in preferences.
02-13 18:08:40.146 D/SMS     (  344): vmId = vm_id_key0
02-13 18:08:40.156 D/RILJ    (  344): [0148]> RIL_REQUEST_CDMA_SMS_ACKNOWLEDGE true 0
02-13 18:08:40.166 D/RILC    (  114): qmi_ril(0/114): [main] onRequest UI --- RIL_REQUEST_CDMA_SMS_ACKNOWLEDGE (88) ---> RIL [RID 0, token id 148, data len 8]
02-13 18:08:40.166 E/RILC    (  114): qmi_ril(0/114): [main] qcril_sms_request_cdma_sms_acknowledge Unable to send ack; there are no outstanding messages to be acked.
02-13 18:08:40.166 I/RILC    (  114): qmi_ril(0/114): [main] qcril_reqlist_find [RID 0] Not found ReqList entry : token id 148
02-13 18:08:40.166 D/RILC    (  114): qmi_ril(0/114): [main] qcril_send_request_response UI <--- RIL_REQUEST_CDMA_SMS_ACKNOWLEDGE (88) Complete --- RIL [RID 0, Token 148, Generic Failure, Len 0 ]
02-13 18:08:40.166 D/RILJ    (  344): [0148]< RIL_REQUEST_CDMA_SMS_ACKNOWLEDGE error: com.android.internal.telephony.CommandException: GENERIC_FAILURE
02-13 18:08:40.736 I/RILC    (  114): qmi_ril(0/114): [qmi_cb] qcril_qmi_nas_unsolicited_indication_cb invoked msg 0x2
02-13 18:08:40.736 I/RILC    (  114): qmi_ril(0/114): [qmi_cb] qcril_qmi_nas_is_considered_registered qcril_qmi_nas_is_considered_registered entered
02-13 18:08:40.736 I/RILC    (  114): qmi_ril(0/114): [qmi_cb] qcril_qmi_nas_is_considered_registered qcril_qmi_nas_is_considered_registered completed with 1
02-13 18:08:40.736 I/RILC    (  114): qmi_ril(0/114): [qmi_cb] qcril_qmi_nas_event_report_ind_conv_qmi2ril qcril_qmi_nas_event_report_ind_conv_qmi2ril entered
02-13 18:08:40.736 I/RILC    (  114): qmi_ril(0/114): [qmi_cb] qcril_qmi_nas_event_report_ind_conv_qmi2ril .. reg reject valid 0
02-13 18:08:40.736 I/RILC    (  114): qmi_ril(0/114): [qmi_cb] qcril_qmi_nas_event_report_ind_conv_qmi2ril qcril_qmi_nas_event_report_ind_conv_qmi2ril completed
02-13 18:08:40.736 I/RILC    (  114): qmi_ril(0/114): [qmi_cb] qcril_qmi_nas_is_considered_registered qcril_qmi_nas_is_considered_registered entered
02-13 18:08:40.736 I/RILC    (  114): qmi_ril(0/114): [qmi_cb] qcril_qmi_nas_is_considered_registered qcril_qmi_nas_is_considered_registered completed with 1
02-13 18:08:40.736 D/RILC    (  114): qmi_ril(0/114): [qmi_cb] qcril_event_queue Event [<Unknown event> ?, 655370] data was NULL!
02-13 18:08:40.736 D/RILC    (  114): qmi_ril(0/114): [event] qcril_event_main qcril_event_main(): 1 items on queue
02-13 18:08:40.736 D/RILC    (  114): qmi_ril(0/114): [event] qcril_event_main RID 0 MID 0 De-queued event <Unknown event> ? (655370)
02-13 18:08:40.736 D/RILC    (  114): qmi_ril(0/114): [event] qcril_process_event RIL <--- <Unknown event> ?(655370), RID 0, MID 0 --- AMSS
02-13 18:08:40.736 I/RILC    (  114): qmi_ril(0/114): [event] qcril_qmi_trigger_propagate_known_signal_strength_ind qcril_qmi_trigger_propagate_known_signal_strength_ind received
02-13 18:08:40.736 I/RILC    (  114): qmi_ril(0/114): [event] qcril_qmi_nas_propagate_known_signal_strength_ind qcril_qmi_nas_propagate_known_signal_strength_ind entered
02-13 18:08:40.736 I/RILC    (  114): qmi_ril(0/114): [event] qcril_qmi_nas_fetch_signal_strength_observations qcril_qmi_nas_fetch_signal_strength_observations entered
02-13 18:08:40.736 I/RILC    (  114): qmi_ril(0/114): [event] qcril_qmi_nas_fetch_signal_strength_observations ..req mask 33
02-13 18:08:40.736 I/RILC    (  114): qmi_ril(0/114): [event] qcril_qmi_nas_fetch_signal_strength_observations qcril_qmi_nas_request_signal_strength entered IF 33
02-13 18:08:40.736 I/RILC    (  114): qmi_ril(0/114): [event] qcril_qmi_nas_fetch_signal_strength_observations qcril_qmi_nas_request_signal_strength entered RIL_REQ_RES qmi_request.request__mask = 33
02-13 18:08:40.736 I/RILC    (  114): qmi_ril(0/114): [event] qcril_qmi_nas_fetch_signal_strength_observations qcril_qmi_nas_request_signal_strength entered IF QMI RESPONSE 33
02-13 18:08:40.736 D/RILC    (  114): qmi_ril(0/114): [qmi_cb] qcril_event_queue RID 0 MID 0 Queued event <Unknown event> ? (0 bytes)
02-13 18:08:40.736 I/RILC    (  114): qmi_ril(0/114): [qmi_cb] qcril_qmi_nas_unsolicited_indication_cb .. operational state 3
02-13 18:08:40.736 I/RILC    (  114): qmi_ril(0/114): [qmi_cb] qcril_qmi_nas_unsolicited_indication_cb qcril_qmi_nas_unsolicited_indication_cb completed
02-13 18:08:40.776 I/RILC    (  114): qmi_ril(0/114): [event] qcril_qmi_util_convert_qmi_response_codes_to_ril_result_ex qcril_qmi_util_convert_qmi_response_codes_to_ril_result_ex ctx check 0
02-13 18:08:40.776 I/RILC    (  114): qmi_ril(0/114): [event] qcril_qmi_nas_fetch_signal_strength_observations qcril_qmi_nas_request_signal_strength entered IF UTIL_RES = SUCCESS 33
02-13 18:08:40.776 I/RILC    (  114): qmi_ril(0/114): [event] qcril_qmi_nas_fetch_signal_strength_observations qcril_qmi_nas_fetch_signal_strength_observations completed 0
02-13 18:08:40.776 I/RILC    (  114): qmi_ril(0/114): [event] qcril_qmi_nas_propagate_known_signal_strength_ind .. subfetch sig strength info 0
02-13 18:08:40.776 I/RILC    (  114): qmi_ril(0/114): [event] qcril_qmi_nas_dump_sign_strength_report qcril_qmi_nas_dump_sign_strength_report entered
02-13 18:08:40.776 I/RILC    (  114): qmi_ril(0/114): [event] qcril_qmi_nas_dump_sign_strength_report ..GW
02-13 18:08:40.776 I/RILC    (  114): qmi_ril(0/114): [event] qcril_qmi_nas_dump_sign_strength_report .. signalStrength 99, bitErrorRate 0
02-13 18:08:40.776 I/RILC    (  114): qmi_ril(0/114): [event] qcril_qmi_nas_dump_sign_strength_report ..CDMA
02-13 18:08:40.776 I/RILC    (  114): qmi_ril(0/114): [event] qcril_qmi_nas_dump_sign_strength_report .. dbm 78, ecio 70 
02-13 18:08:40.776 I/RILC    (  114): qmi_ril(0/114): [event] qcril_qmi_nas_dump_sign_strength_report ..EVDO
02-13 18:08:40.776 I/RILC    (  114): qmi_ril(0/114): [event] qcril_qmi_nas_dump_sign_strength_report .. dbm 95, ecio 20, signalNoiseRatio 8
02-13 18:08:40.776 I/RILC    (  114): qmi_ril(0/114): [event] qcril_qmi_nas_dump_sign_strength_report ..LTE
02-13 18:08:40.776 I/RILC    (  114): qmi_ril(0/114): [event] qcril_qmi_nas_dump_sign_strength_report .. signalStrength 99, rsrp 2147483647, rsrq 2147483647, rsnnr 2147483647
02-13 18:08:40.776 I/RILC    (  114): qmi_ril(0/114): [event] qcril_qmi_nas_dump_sign_strength_report qcril_qmi_nas_dump_sign_strength_report completed
02-13 18:08:40.776 I/RILC    (  114): qmi_ril(0/114): [event] qcril_qmi_nas_propagate_known_signal_strength_ind .. conf res 0
02-13 18:08:40.776 D/RILC    (  114): qmi_ril(0/114): [event] qcril_send_unsol_response UI <--- RIL_UNSOL_SIGNAL_STRENGTH (1009) --- RIL [RID 0, Len 48, (null)]
02-13 18:08:40.796 I/RILC    (  114): qmi_ril(0/114): [event] qcril_qmi_nas_propagate_known_signal_strength_ind qcril_qmi_nas_propagate_known_signal_strength_ind completed 0
02-13 18:08:40.796 I/RILC    (  114): qmi_ril(0/114): [event] qcril_process_event Exit qcril_process_event() : <Unknown event> ?, err_no 0
02-13 18:08:40.796 D/RILC    (  114): qmi_ril(0/114): [event] qcril_event_main qcril_event_main(): Waiting...
02-13 18:08:42.018 I/RILC    (  114): qmi_ril(0/114): [qmi_cb] qcril_qmi_nas_unsolicited_indication_cb invoked msg 0x2
02-13 18:08:42.018 I/RILC    (  114): qmi_ril(0/114): [qmi_cb] qcril_qmi_nas_is_considered_registered qcril_qmi_nas_is_considered_registered entered
02-13 18:08:42.018 I/RILC    (  114): qmi_ril(0/114): [qmi_cb] qcril_qmi_nas_is_considered_registered qcril_qmi_nas_is_considered_registered completed with 1
02-13 18:08:42.018 I/RILC    (  114): qmi_ril(0/114): [qmi_cb] qcril_qmi_nas_event_report_ind_conv_qmi2ril qcril_qmi_nas_event_report_ind_conv_qmi2ril entered
02-13 18:08:42.018 I/RILC    (  114): qmi_ril(0/114): [qmi_cb] qcril_qmi_nas_event_report_ind_conv_qmi2ril .. reg reject valid 0
02-13 18:08:42.018 I/RILC    (  114): qmi_ril(0/114): [qmi_cb] qcril_qmi_nas_event_report_ind_conv_qmi2ril qcril_qmi_nas_event_report_ind_conv_qmi2ril completed
02-13 18:08:42.018 I/RILC    (  114): qmi_ril(0/114): [qmi_cb] qcril_qmi_nas_is_considered_registered qcril_qmi_nas_is_considered_registered entered
02-13 18:08:42.018 I/RILC    (  114): qmi_ril(0/114): [qmi_cb] qcril_qmi_nas_is_considered_registered qcril_qmi_nas_is_considered_registered completed with 1
02-13 18:08:42.018 D/RILC    (  114): qmi_ril(0/114): [qmi_cb] qcril_event_queue Event [<Unknown event> ?, 655370] data was NULL!
02-13 18:08:42.028 D/RILC    (  114): qmi_ril(0/114): [event] qcril_event_main qcril_event_main(): 1 items on queue
02-13 18:08:42.028 D/RILC    (  114): qmi_ril(0/114): [event] qcril_event_main RID 0 MID 0 De-queued event <Unknown event> ? (655370)
02-13 18:08:42.028 D/RILC    (  114): qmi_ril(0/114): [event] qcril_process_event RIL <--- <Unknown event> ?(655370), RID 0, MID 0 --- AMSS
02-13 18:08:42.028 I/RILC    (  114): qmi_ril(0/114): [event] qcril_qmi_trigger_propagate_known_signal_strength_ind qcril_qmi_trigger_propagate_known_signal_strength_ind received
02-13 18:08:42.028 I/RILC    (  114): qmi_ril(0/114): [event] qcril_qmi_nas_propagate_known_signal_strength_ind qcril_qmi_nas_propagate_known_signal_strength_ind entered
02-13 18:08:42.028 I/RILC    (  114): qmi_ril(0/114): [event] qcril_qmi_nas_fetch_signal_strength_observations qcril_qmi_nas_fetch_signal_strength_observations entered
02-13 18:08:42.028 I/RILC    (  114): qmi_ril(0/114): [event] qcril_qmi_nas_fetch_signal_strength_observations ..req mask 48
02-13 18:08:42.028 I/RILC    (  114): qmi_ril(0/114): [event] qcril_qmi_nas_fetch_signal_strength_observations qcril_qmi_nas_request_signal_strength entered IF 48
02-13 18:08:42.028 I/RILC    (  114): qmi_ril(0/114): [event] qcril_qmi_nas_fetch_signal_strength_observations qcril_qmi_nas_request_signal_strength entered RIL_REQ_RES qmi_request.request__mask = 48
02-13 18:08:42.028 I/RILC    (  114): qmi_ril(0/114): [event] qcril_qmi_nas_fetch_signal_strength_observations qcril_qmi_nas_request_signal_strength entered IF QMI RESPONSE 48
02-13 18:08:42.028 D/RILC    (  114): qmi_ril(0/114): [qmi_cb] qcril_event_queue RID 0 MID 0 Queued event <Unknown event> ? (0 bytes)
02-13 18:08:42.028 I/RILC    (  114): qmi_ril(0/114): [qmi_cb] qcril_qmi_nas_unsolicited_indication_cb .. operational state 3
02-13 18:08:42.028 I/RILC    (  114): qmi_ril(0/114): [qmi_cb] qcril_qmi_nas_unsolicited_indication_cb qcril_qmi_nas_unsolicited_indication_cb completed
02-13 18:08:42.038 I/RILC    (  114): qmi_ril(0/114): [event] qcril_qmi_util_convert_qmi_response_codes_to_ril_result_ex qcril_qmi_util_convert_qmi_response_codes_to_ril_result_ex ctx check 0
02-13 18:08:42.038 I/RILC    (  114): qmi_ril(0/114): [event] qcril_qmi_nas_fetch_signal_strength_observations qcril_qmi_nas_request_signal_strength entered IF UTIL_RES = SUCCESS 48
