02-13 18:12:06.707 D/CDMA    (  344): [CdmaCallTracker] poll: conn[i=1]=null, dc=null
02-13 18:12:06.707 D/PHONE   (  344): notifyNewRingingConnectionP enter
02-13 18:12:06.707 D/PHONE   (  344): notifyNewRingingConnectionP voice call
02-13 18:12:06.717 D/CDMA    (  344): [CdmaCallTracker] update phone state, old=IDLE new=RINGING
02-13 18:12:06.737 D/CDMA    (  344): <handlePollCalls
02-13 18:12:06.737 D/CDMA    (  344): [CdmaCallTracker] handleMessage msg.id = 2
02-13 18:12:06.737 D/RILJ    (  344): [0160]> GET_CURRENT_CALLS
02-13 18:12:06.737 D/RILC    (  114): qmi_ril(0/114): [main] onRequest UI --- RIL_REQUEST_GET_CURRENT_CALLS (9) ---> RIL [RID 0, token id 160, data len 0]
02-13 18:12:06.737 I/RILC    (  114): qmi_ril(0/114): [main] qcril_qmi_voice_request_get_current_calls qcril_qmi_voice_request_get_current_calls entered
02-13 18:12:06.737 I/RILC    (  114): qmi_ril(0/114): [main] qcril_qmi_voice_request_get_current_calls qcril_qmi_voice_request_get_current_calls - Call state 4, IsMT=1
02-13 18:12:06.737 I/RILC    (  114): qmi_ril(0/114): [main] qcril_qmi_voice_request_get_current_calls Reply to RIL --> Number of calls : 1
02-13 18:12:06.737 I/RILC    (  114): qmi_ril(0/114): [main] qcril_qmi_voice_request_get_current_calls Reply to RIL --> call[0] :state Incoming index 1, toa 129, isMpty 0, isMT 1, als 0, isVoice 1, isVoicePrivacy 0
02-13 18:12:06.737 I/RILC    (  114): qmi_ril(0/114): [main] qcril_qmi_voice_request_get_current_calls ...num 9137446943, num presentation 0, name (null), name presentation 0
02-13 18:12:06.737 I/RILC    (  114): qmi_ril(0/114): [main] qcril_reqlist_find [RID 0] Not found ReqList entry : token id 160
02-13 18:12:06.737 D/RILC    (  114): qmi_ril(0/114): [main] qcril_send_request_response UI <--- RIL_REQUEST_GET_CURRENT_CALLS (9) Complete --- RIL [RID 0, Token 160, Success, Len 4 ]
02-13 18:12:06.737 I/RILC    (  114): qmi_ril(0/114): [main] qcril_qmi_voice_request_get_current_calls qcril_qmi_voice_request_get_current_calls completed
02-13 18:12:06.737 D/RILJ    (  344): InCall VoicePrivacy is disabled
02-13 18:12:06.737 D/RILJ    (  344): [0160]< GET_CURRENT_CALLS  [id=1,INCOMING,toa=129,norm,mt,0,voc,noevp,,cli=1,,0] 
02-13 18:12:06.737 D/CDMA    (  344): [CdmaCallTracker] handleMessage msg.id = 1
02-13 18:12:06.737 D/CDMA    (  344): Event EVENT_POLL_CALLS_RESULT Received
02-13 18:12:06.737 D/CDMA    (  344): [CdmaCallTracker] handle EVENT_POLL_CALL_RESULT: set needsPoll=F
02-13 18:12:06.737 D/CDMA    (  344): >handlePollCalls
02-13 18:12:06.737 D/CDMA    (  344): Connections:
02-13 18:12:06.737 D/CDMA    (  344): Connection 0: 
02-13 18:12:06.737 D/CDMA    (  344): [conn] number: null index: 0 incoming: true alive: true ringing: true
02-13 18:12:06.737 D/CDMA    (  344): Connection 1: NULL
02-13 18:12:06.737 D/CDMA    (  344): Driver Calls:
02-13 18:12:06.737 D/CDMA    (  344): [ dc ] number:9137446943 index: 1 incoming: true state: INCOMING
02-13 18:12:06.737 D/CDMA    (  344): [CdmaCallTracker] poll: conn[i=0]= incoming: true state: INCOMING post dial state: NOT_STARTED, dc=id=1,INCOMING,toa=129,norm,mt,0,voc,noevp,,cli=1,,0
02-13 18:12:06.737 D/CDMA    (  344): [CDMAConn] parent= INCOMING, newParent= INCOMING
02-13 18:12:06.737 D/CDMA    (  344): [CDMAConn] update: phone # changed!
02-13 18:12:06.737 D/CDMA    (  344): [CDMAConn] --dssds----null
02-13 18:12:06.737 D/CDMA    (  344): [CDMAConn] Update, wasConnectingInOrOut=true, wasHolding=false, isConnectingInOrOut=true, changed=true
02-13 18:12:06.737 D/CDMA    (  344): [CdmaCallTracker] poll: conn[i=1]=null, dc=null
02-13 18:12:06.737 D/CDMA    (  344): [CdmaCallTracker] update phone state, old=RINGING new=RINGING
02-13 18:12:06.737 D/CDMA    (  344): <handlePollCalls
02-13 18:12:06.777 D/PHONE   (  344): VM: PhoneSubInfo.getVoiceMailNUmber: 
02-13 18:12:07.268 D/CDMA    (  344): [CdmaCallTracker] handleMessage msg.id = 3
02-13 18:12:07.268 D/RILJ    (  344): [0161]> GET_CURRENT_CALLS
02-13 18:12:07.268 D/RILC    (  114): qmi_ril(0/114): [main] onRequest UI --- RIL_REQUEST_GET_CURRENT_CALLS (9) ---> RIL [RID 0, token id 161, data len 0]
02-13 18:12:07.268 I/RILC    (  114): qmi_ril(0/114): [main] qcril_qmi_voice_request_get_current_calls qcril_qmi_voice_request_get_current_calls entered
02-13 18:12:07.268 I/RILC    (  114): qmi_ril(0/114): [main] qcril_qmi_voice_request_get_current_calls qcril_qmi_voice_request_get_current_calls - Call state 4, IsMT=1
02-13 18:12:07.268 I/RILC    (  114): qmi_ril(0/114): [main] qcril_qmi_voice_request_get_current_calls Reply to RIL --> Number of calls : 1
02-13 18:12:07.268 I/RILC    (  114): qmi_ril(0/114): [main] qcril_qmi_voice_request_get_current_calls Reply to RIL --> call[0] :state Incoming index 1, toa 129, isMpty 0, isMT 1, als 0, isVoice 1, isVoicePrivacy 0
02-13 18:12:07.268 I/RILC    (  114): qmi_ril(0/114): [main] qcril_qmi_voice_request_get_current_calls ...num 9137446943, num presentation 0, name (null), name presentation 0
02-13 18:12:07.268 I/RILC    (  114): qmi_ril(0/114): [main] qcril_reqlist_find [RID 0] Not found ReqList entry : token id 161
02-13 18:12:07.268 D/RILC    (  114): qmi_ril(0/114): [main] qcril_send_request_response UI <--- RIL_REQUEST_GET_CURRENT_CALLS (9) Complete --- RIL [RID 0, Token 161, Success, Len 4 ]
02-13 18:12:07.268 I/RILC    (  114): qmi_ril(0/114): [main] qcril_qmi_voice_request_get_current_calls qcril_qmi_voice_request_get_current_calls completed
02-13 18:12:07.268 D/RILJ    (  344): InCall VoicePrivacy is disabled
02-13 18:12:07.268 D/RILJ    (  344): [0161]< GET_CURRENT_CALLS  [id=1,INCOMING,toa=129,norm,mt,0,voc,noevp,,cli=1,,0] 
02-13 18:12:07.268 D/CDMA    (  344): [CdmaCallTracker] handleMessage msg.id = 3
02-13 18:12:07.268 D/RILJ    (  344): [0162]> GET_CURRENT_CALLS
02-13 18:12:07.278 D/RILC    (  114): qmi_ril(0/114): [main] onRequest UI --- RIL_REQUEST_GET_CURRENT_CALLS (9) ---> RIL [RID 0, token id 162, data len 0]
02-13 18:12:07.278 I/RILC    (  114): qmi_ril(0/114): [main] qcril_qmi_voice_request_get_current_calls qcril_qmi_voice_request_get_current_calls entered
02-13 18:12:07.278 I/RILC    (  114): qmi_ril(0/114): [main] qcril_qmi_voice_request_get_current_calls qcril_qmi_voice_request_get_current_calls - Call state 4, IsMT=1
02-13 18:12:07.278 I/RILC    (  114): qmi_ril(0/114): [main] qcril_qmi_voice_request_get_current_calls Reply to RIL --> Number of calls : 1
02-13 18:12:07.278 I/RILC    (  114): qmi_ril(0/114): [main] qcril_qmi_voice_request_get_current_calls Reply to RIL --> call[0] :state Incoming index 1, toa 129, isMpty 0, isMT 1, als 0, isVoice 1, isVoicePrivacy 0
02-13 18:12:07.278 I/RILC    (  114): qmi_ril(0/114): [main] qcril_qmi_voice_request_get_current_calls ...num 9137446943, num presentation 0, name (null), name presentation 0
02-13 18:12:07.278 I/RILC    (  114): qmi_ril(0/114): [main] qcril_reqlist_find [RID 0] Not found ReqList entry : token id 162
02-13 18:12:07.278 D/RILC    (  114): qmi_ril(0/114): [main] qcril_send_request_response UI <--- RIL_REQUEST_GET_CURRENT_CALLS (9) Complete --- RIL [RID 0, Token 162, Success, Len 4 ]
02-13 18:12:07.278 I/RILC    (  114): qmi_ril(0/114): [main] qcril_qmi_voice_request_get_current_calls qcril_qmi_voice_request_get_current_calls completed
02-13 18:12:07.278 D/RILJ    (  344): InCall VoicePrivacy is disabled
02-13 18:12:07.278 D/RILJ    (  344): [0162]< GET_CURRENT_CALLS  [id=1,INCOMING,toa=129,norm,mt,0,voc,noevp,,cli=1,,0] 
02-13 18:12:07.858 D/RILC    (  114): qmi_ril(0/114): [qmi_cb] qcril_data_qmi_wds_ind_cb qcril_data_qmi_wds_ind_cb: ENTRY
02-13 18:12:07.858 I/RILC    (  114): qmi_ril(0/114): [qmi_cb] qcril_data_qmi_wds_ind_cb >>>>>> TRY LOCK QCRIL_DATA MUTEX 80211c14
02-13 18:12:07.858 I/RILC    (  114): qmi_ril(0/114): [qmi_cb] qcril_data_qmi_wds_ind_cb TRYLOCK QCRIL_DATA MUTEX 80211c14 result=0
02-13 18:12:07.858 D/RILC    (  114): qmi_ril(0/114): [qmi_cb] qcril_data_process_wds_ind qcril_data_process_wds_ind: entry
02-13 18:12:07.858 D/RILC    (  114): qmi_ril(0/114): [qmi_cb] qcril_data_process_wds_ind PHYSLINK went dormant
02-13 18:12:07.858 D/RILC    (  114): qmi_ril(0/114): [qmi_cb] qcril_data_post_qmi_events qcril_data_post_qmi_events: entry
02-13 18:12:07.858 D/RILC    (  114): qmi_ril(0/114): [qmi_cb] qcril_data_post_qmi_events >>>Mem debug>>>
02-13 18:12:07.858 D/RILC    (  114): qmi_ril(0/114): [qmi_cb] qcril_data_post_qmi_events event obj alloc
02-13 18:12:07.858 D/RILC    (  114): qmi_ril(0/114): [qmi_cb] qcril_data_post_qmi_events [0x15cb0]
02-13 18:12:07.858 D/RILC    (  114): qmi_ril(0/114): [qmi_cb] qcril_data_post_qmi_events <<<Mem debug<<<
02-13 18:12:07.858 I/RILC    (  114): qmi_ril(0/114): [qmi_cb] qcril_data_post_qmi_events queue QCRIL DATA event for RIL Token [0] instance_id [0], and modem_id [0]
02-13 18:12:07.858 D/RILC    (  114): qmi_ril(0/114): [qmi_cb] qcril_event_queue RID 0 MID 0 Queued event DATA_EVENT_CALLBACK (16 bytes)
02-13 18:12:07.858 D/RILC    (  114): qmi_ril(0/114): [qmi_cb] qcril_data_post_qmi_events qcril_data_post_qmi_events: exit with success
02-13 18:12:07.858 D/RILC    (  114): qmi_ril(0/114): [qmi_cb] qcril_data_process_wds_ind qcril_data_process_wds_ind: exit with success
02-13 18:12:07.858 I/RILC    (  114): qmi_ril(0/114): [qmi_cb] qcril_data_qmi_wds_ind_cb <<<<<< UNLOCK QCRIL_DATA MUTEX 80211c14
02-13 18:12:07.858 I/RILC    (  114): qmi_ril(0/114): [qmi_cb] qcril_data_qmi_wds_ind_cb UNLOCK QCRIL_DATA MUTEX 80211c14 result=0
02-13 18:12:07.858 D/RILC    (  114): qmi_ril(0/114): [qmi_cb] qcril_data_qmi_wds_ind_cb qcril_data_qmi_wds_ind_cb: EXIT
02-13 18:12:07.858 D/RILC    (  114): qmi_ril(0/114): [event] qcril_event_main qcril_event_main(): 1 items on queue
02-13 18:12:07.858 D/RILC    (  114): qmi_ril(0/114): [event] qcril_event_main RID 0 MID 0 De-queued event DATA_EVENT_CALLBACK (327682)
02-13 18:12:07.858 D/RILC    (  114): qmi_ril(0/114): [event] qcril_process_event RIL <--- DATA_EVENT_CALLBACK(327682), RID 0, MID 0 --- AMSS
02-13 18:12:07.858 D/RILC    (  114): qmi_ril(0/114): [event] qcril_data_event_hdlr qcril_data_event_hdlr: ENTRY
02-13 18:12:07.858 I/RILC    (  114): qmi_ril(0/114): [event] qcril_data_event_hdlr >>>>>> LOCK QCRIL_DATA MUTEX 80211c14
02-13 18:12:07.858 I/RILC    (  114): qmi_ril(0/114): [event] qcril_data_event_hdlr LOCK QCRIL_DATA MUTEX 80211c14 result=0
02-13 18:12:07.858 D/RILC    (  114): qmi_ril(0/114): [event] qcril_data_event_hdlr >>>Mem debug>>>
02-13 18:12:07.858 D/RILC    (  114): qmi_ril(0/114): [event] qcril_data_event_hdlr event obj
02-13 18:12:07.858 D/RILC    (  114): qmi_ril(0/114): [event] qcril_data_event_hdlr [0x15cb0]
02-13 18:12:07.858 D/RILC    (  114): qmi_ril(0/114): [event] qcril_data_event_hdlr <<<Mem debug<<<
02-13 18:12:07.858 D/RILC    (  114): qmi_ril(0/114): [event] qcril_data_event_hdlr >>>Mem debug>>>
02-13 18:12:07.858 D/RILC    (  114): qmi_ril(0/114): [event] qcril_data_event_hdlr info_tbl
02-13 18:12:07.858 D/RILC    (  114): qmi_ril(0/114): [event] qcril_data_event_hdlr [0x8021a650]
02-13 18:12:07.858 D/RILC    (  114): qmi_ril(0/114): [event] qcril_data_event_hdlr <<<Mem debug<<<
02-13 18:12:07.858 I/RILC    (  114): qmi_ril(0/114): [event] qcril_data_event_hdlr RIL REQ NOT pend
02-13 18:12:07.858 I/RILC    (  114): qmi_ril(0/114): [event] qcril_data_event_hdlr <<<DSI_EVT_PHYSLINK_DOWN_STATE: processing Started<<<
02-13 18:12:07.858 I/RILC    (  114): qmi_ril(0/114): [event] qcril_data_util_update_call_state >>>>>> LOCK QCRIL_DATA MUTEX 80211c0c
02-13 18:12:07.858 I/RILC    (  114): qmi_ril(0/114): [event] qcril_data_util_update_call_state LOCK QCRIL_DATA MUTEX 80211c0c result=0
02-13 18:12:07.858 I/RILC    (  114): qmi_ril(0/114): [event] qcril_data_util_update_call_state <<<<<< UNLOCK QCRIL_DATA MUTEX 80211c0c
02-13 18:12:07.858 I/RILC    (  114): qmi_ril(0/114): [event] qcril_data_util_update_call_state UNLOCK QCRIL_DATA MUTEX 80211c0c result=0
02-13 18:12:07.858 D/RILC    (  114): qmi_ril(0/114): [event] qcril_data_unsol_call_list_changed qcril_data_unsol_call_list_changed: ENTRY
02-13 18:12:07.858 D/RILC    (  114): qmi_ril(0/114): [event] qcril_data_unsol_call_list_changed sending RIL_UNSOL_DATA_CALL_LIST_CHANGED
02-13 18:12:07.858 D/RILC    (  114): qmi_ril(0/114): [event] qcril_send_unsol_response UI <--- RIL_UNSOL_DATA_CALL_LIST_CHANGED (1010) --- RIL [RID 0, Len 560, (null)]
02-13 18:12:07.858 D/RILC    (  114): qmi_ril(0/114): [event] qcril_data_unsol_call_list_changed qcril_data_unsol_call_list_changed: EXIT with succ
02-13 18:12:07.858 I/RILC    (  114): qmi_ril(0/114): [event] qcril_data_event_hdlr try event obj dealloc
02-13 18:12:07.858 D/RILC    (  114): qmi_ril(0/114): [event] qcril_data_event_hdlr qcril_data_event_hdlr: EXIT with suc
02-13 18:12:07.858 I/RILC    (  114): qmi_ril(0/114): [event] qcril_data_event_hdlr <<<<<< UNLOCK QCRIL_DATA MUTEX 80211c14
02-13 18:12:07.858 I/RILC    (  114): qmi_ril(0/114): [event] qcril_data_event_hdlr UNLOCK QCRIL_DATA MUTEX 80211c14 result=0
02-13 18:12:07.858 I/RILC    (  114): qmi_ril(0/114): [event] qcril_process_event Exit qcril_process_event() : DATA_EVENT_CALLBACK, err_no 0
02-13 18:12:07.858 D/RILC    (  114): qmi_ril(0/114): [event] qcril_event_main qcril_event_main(): Waiting...
02-13 18:12:07.868 D/RILJ    (  344): [UNSL]< UNSOL_DATA_CALL_LIST_CHANGED [DataCallState: { cid: 0, active: 1, type: , apn: , address: 173.155.101.96 }, DataCallState: { cid: 1, active: 0, type: null, apn: null, address: null }, DataCallState: { cid: 2, active: 0, type: null, apn: null, address: null }, DataCallState: { cid: 3, active: 0, type: null, apn: null, address: null }, DataCallState: { cid: 4, active: 0, type: null, apn: null, address: null }, DataCallState: { cid: 5, active: 0, type: null, apn: null, address: null }, DataCallState: { cid: 6, active: 0, type: null, apn: null, address: null }, DataCallState: { cid: 7, active: 0, type: null, apn: null, address: null }, DataCallState: { cid: 8, active: 0, type: null, apn: null, address: null }, DataCallState: { cid: 9, active: 0, type: null, apn: null, address: null }, DataCallState: { cid: 10, active: 0, type: null, apn: null, address: null }, DataCallState: { cid: 11, active: 0, type: null, apn: null, address: null }, DataCallState: { cid: 12, active: 0, type: null, apn: null, address: null }, DataCallState: { cid: 13, active: 0, type: null, apn: null, address: null }, DataCallState: { cid: 14, active: 0, type: null, apn: null, address: null }, DataCallState: { cid: 15, active: 0, type: null, apn: null, address: null }, DataCallState: { cid: 16, active: 0, type: null, apn: null, address: null }, DataCallState: { cid: 17, active: 0, type: null, apn: null, address: null }, DataCallState: { cid: 18, active: 0, type: null, apn: null, address: null }, DataCallState: { cid: 19, active: 0, type: null, apn: null, address: null }]
02-13 18:12:07.989 D/CDMA    (  344): [CdmaCallTracker] update phone state, old=RINGING new=RINGING
02-13 18:12:08.039 D/CDMA    (  344): [CdmaCallTracker] handleMessage msg.id = 1
02-13 18:12:08.039 D/CDMA    (  344): Event EVENT_POLL_CALLS_RESULT Received
02-13 18:12:08.039 D/CDMA    (  344): [CdmaCallTracker] handleMessage msg.id = 1
02-13 18:12:08.039 D/CDMA    (  344): Event EVENT_POLL_CALLS_RESULT Received
02-13 18:12:08.039 D/CDMA    (  344): [CdmaCallTracker] handle EVENT_POLL_CALL_RESULT: set needsPoll=F
02-13 18:12:08.039 D/CDMA    (  344): >handlePollCalls
02-13 18:12:08.039 D/CDMA    (  344): Connections:
02-13 18:12:08.039 D/CDMA    (  344): Connection 0: 
02-13 18:12:08.039 D/CDMA    (  344): [conn] number: 9137446943 index: 0 incoming: true alive: true ringing: true
02-13 18:12:08.039 D/CDMA    (  344): Connection 1: NULL
02-13 18:12:08.039 D/CDMA    (  344): Driver Calls:
02-13 18:12:08.039 D/CDMA    (  344): [ dc ] number:9137446943 index: 1 incoming: true state: INCOMING
02-13 18:12:08.039 D/CDMA    (  344): [CdmaCallTracker] poll: conn[i=0]= incoming: true state: INCOMING post dial state: NOT_STARTED, dc=id=1,INCOMING,toa=129,norm,mt,0,voc,noevp,,cli=1,,0
02-13 18:12:08.039 D/CDMA    (  344): [CDMAConn] parent= INCOMING, newParent= INCOMING
02-13 18:12:08.039 D/CDMA    (  344): [CDMAConn] --dssds----null
02-13 18:12:08.039 D/CDMA    (  344): [CDMAConn] Update, wasConnectingInOrOut=true, wasHolding=false, isConnectingInOrOut=true, changed=false
02-13 18:12:08.039 D/CDMA    (  344): [CdmaCallTracker] poll: conn[i=1]=null, dc=null
02-13 18:12:08.039 D/CDMA    (  344): [CdmaCallTracker] update phone state, old=RINGING new=RINGING
02-13 18:12:08.039 D/CDMA    (  344): <handlePollCalls
02-13 18:12:08.289 D/CDMA    (  344): [CdmaCallTracker] handleMessage msg.id = 3
02-13 18:12:08.289 D/RILJ    (  344): [0163]> GET_CURRENT_CALLS
02-13 18:12:08.299 D/RILC    (  114): qmi_ril(0/114): [main] onRequest UI --- RIL_REQUEST_GET_CURRENT_CALLS (9) ---> RIL [RID 0, token id 163, data len 0]
02-13 18:12:08.299 I/RILC    (  114): qmi_ril(0/114): [main] qcril_qmi_voice_request_get_current_calls qcril_qmi_voice_request_get_current_calls entered
02-13 18:12:08.299 I/RILC    (  114): qmi_ril(0/114): [main] qcril_qmi_voice_request_get_current_calls qcril_qmi_voice_request_get_current_calls - Call state 4, IsMT=1
02-13 18:12:08.299 I/RILC    (  114): qmi_ril(0/114): [main] qcril_qmi_voice_request_get_current_calls Reply to RIL --> Number of calls : 1
02-13 18:12:08.299 I/RILC    (  114): qmi_ril(0/114): [main] qcril_qmi_voice_request_get_current_calls Reply to RIL --> call[0] :state Incoming index 1, toa 129, isMpty 0, isMT 1, als 0, isVoice 1, isVoicePrivacy 0
02-13 18:12:08.299 I/RILC    (  114): qmi_ril(0/114): [main] qcril_qmi_voice_request_get_current_calls ...num 9137446943, num presentation 0, name (null), name presentation 0
02-13 18:12:08.299 I/RILC    (  114): qmi_ril(0/114): [main] qcril_reqlist_find [RID 0] Not found ReqList entry : token id 163
02-13 18:12:08.299 D/RILC    (  114): qmi_ril(0/114): [main] qcril_send_request_response UI <--- RIL_REQUEST_GET_CURRENT_CALLS (9) Complete --- RIL [RID 0, Token 163, Success, Len 4 ]
02-13 18:12:08.299 I/RILC    (  114): qmi_ril(0/114): [main] qcril_qmi_voice_request_get_current_calls qcril_qmi_voice_request_get_current_calls completed
02-13 18:12:08.299 D/RILJ    (  344): InCall VoicePrivacy is disabled
02-13 18:12:08.299 D/RILJ    (  344): [0163]< GET_CURRENT_CALLS  [id=1,INCOMING,toa=129,norm,mt,0,voc,noevp,,cli=1,,0] 
02-13 18:12:08.299 D/CDMA    (  344): [CdmaCallTracker] handleMessage msg.id = 1
02-13 18:12:08.299 D/CDMA    (  344): Event EVENT_POLL_CALLS_RESULT Received
02-13 18:12:08.299 D/CDMA    (  344): [CdmaCallTracker] handle EVENT_POLL_CALL_RESULT: set needsPoll=F
02-13 18:12:08.299 D/CDMA    (  344): >handlePollCalls
02-13 18:12:08.299 D/CDMA    (  344): Connections:
02-13 18:12:08.299 D/CDMA    (  344): Connection 0: 
02-13 18:12:08.299 D/CDMA    (  344): [conn] number: 9137446943 index: 0 incoming: true alive: true ringing: true
02-13 18:12:08.299 D/CDMA    (  344): Connection 1: NULL
02-13 18:12:08.299 D/CDMA    (  344): Driver Calls:
02-13 18:12:08.299 D/CDMA    (  344): [ dc ] number:9137446943 index: 1 incoming: true state: INCOMING
02-13 18:12:08.319 D/CDMA    (  344): [CdmaCallTracker] poll: conn[i=0]= incoming: true state: INCOMING post dial state: NOT_STARTED, dc=id=1,INCOMING,toa=129,norm,mt,0,voc,noevp,,cli=1,,0
02-13 18:12:08.319 D/CDMA    (  344): [CDMAConn] parent= INCOMING, newParent= INCOMING
02-13 18:12:08.319 D/CDMA    (  344): [CDMAConn] --dssds----null
02-13 18:12:08.319 D/CDMA    (  344): [CDMAConn] Update, wasConnectingInOrOut=true, wasHolding=false, isConnectingInOrOut=true, changed=false
02-13 18:12:08.319 D/CDMA    (  344): [CdmaCallTracker] poll: conn[i=1]=null, dc=null
02-13 18:12:08.319 D/CDMA    (  344): [CdmaCallTracker] update phone state, old=RINGING new=RINGING
02-13 18:12:08.319 D/CDMA    (  344): <handlePollCalls
02-13 18:12:08.579 D/CDMA    (  344): [CdmaCallTracker] handleMessage msg.id = 3
02-13 18:12:08.579 D/RILJ    (  344): [0164]> GET_CURRENT_CALLS
02-13 18:12:08.589 D/RILC    (  114): qmi_ril(0/114): [main] onRequest UI --- RIL_REQUEST_GET_CURRENT_CALLS (9) ---> RIL [RID 0, token id 164, data len 0]
02-13 18:12:08.589 I/RILC    (  114): qmi_ril(0/114): [main] qcril_qmi_voice_request_get_current_calls qcril_qmi_voice_request_get_current_calls entered
02-13 18:12:08.589 I/RILC    (  114): qmi_ril(0/114): [main] qcril_qmi_voice_request_get_current_calls qcril_qmi_voice_request_get_current_calls - Call state 4, IsMT=1
02-13 18:12:08.589 I/RILC    (  114): qmi_ril(0/114): [main] qcril_qmi_voice_request_get_current_calls Reply to RIL --> Number of calls : 1
02-13 18:12:08.589 I/RILC    (  114): qmi_ril(0/114): [main] qcril_qmi_voice_request_get_current_calls Reply to RIL --> call[0] :state Incoming index 1, toa 129, isMpty 0, isMT 1, als 0, isVoice 1, isVoicePrivacy 0
02-13 18:12:08.589 I/RILC    (  114): qmi_ril(0/114): [main] qcril_qmi_voice_request_get_current_calls ...num 9137446943, num presentation 0, name (null), name presentation 0
02-13 18:12:08.589 I/RILC    (  114): qmi_ril(0/114): [main] qcril_reqlist_find [RID 0] Not found ReqList entry : token id 164
02-13 18:12:08.589 D/RILC    (  114): qmi_ril(0/114): [main] qcril_send_request_response UI <--- RIL_REQUEST_GET_CURRENT_CALLS (9) Complete --- RIL [RID 0, Token 164, Success, Len 4 ]
02-13 18:12:08.589 I/RILC    (  114): qmi_ril(0/114): [main] qcril_qmi_voice_request_get_current_calls qcril_qmi_voice_request_get_current_calls completed
02-13 18:12:08.589 D/RILJ    (  344): InCall VoicePrivacy is disabled
02-13 18:12:08.599 D/RILJ    (  344): [0164]< GET_CURRENT_CALLS  [id=1,INCOMING,toa=129,norm,mt,0,voc,noevp,,cli=1,,0] 
02-13 18:12:08.599 D/CDMA    (  344): [CdmaCallTracker] handleMessage msg.id = 1
02-13 18:12:08.599 D/CDMA    (  344): Event EVENT_POLL_CALLS_RESULT Received
02-13 18:12:08.599 D/CDMA    (  344): [CdmaCallTracker] handle EVENT_POLL_CALL_RESULT: set needsPoll=F
02-13 18:12:08.599 D/CDMA    (  344): >handlePollCalls
02-13 18:12:08.599 D/CDMA    (  344): Connections:
02-13 18:12:08.599 D/CDMA    (  344): Connection 0: 
02-13 18:12:08.599 D/CDMA    (  344): [conn] number: 9137446943 index: 0 incoming: true alive: true ringing: true
02-13 18:12:08.599 D/CDMA    (  344): Connection 1: NULL
02-13 18:12:08.599 D/CDMA    (  344): Driver Calls:
02-13 18:12:08.599 D/CDMA    (  344): [ dc ] number:9137446943 index: 1 incoming: true state: INCOMING
02-13 18:12:08.599 D/CDMA    (  344): [CdmaCallTracker] poll: conn[i=0]= incoming: true state: INCOMING post dial state: NOT_STARTED, dc=id=1,INCOMING,toa=129,norm,mt,0,voc,noevp,,cli=1,,0
02-13 18:12:08.599 D/CDMA    (  344): [CDMAConn] parent= INCOMING, newParent= INCOMING
02-13 18:12:08.599 D/CDMA    (  344): [CDMAConn] --dssds----null
02-13 18:12:08.609 D/CDMA    (  344): [CDMAConn] Update, wasConnectingInOrOut=true, wasHolding=false, isConnectingInOrOut=true, changed=false
02-13 18:12:08.609 D/CDMA    (  344): [CdmaCallTracker] poll: conn[i=1]=null, dc=null
02-13 18:12:08.609 D/CDMA    (  344): [CdmaCallTracker] update phone state, old=RINGING new=RINGING
02-13 18:12:08.609 D/CDMA    (  344): <handlePollCalls
02-13 18:12:08.859 D/CDMA    (  344): [CdmaCallTracker] handleMessage msg.id = 3
02-13 18:12:08.859 D/RILJ    (  344): [0165]> GET_CURRENT_CALLS
02-13 18:12:08.869 D/RILC    (  114): qmi_ril(0/114): [main] onRequest UI --- RIL_REQUEST_GET_CURRENT_CALLS (9) ---> RIL [RID 0, token id 165, data len 0]
02-13 18:12:08.869 I/RILC    (  114): qmi_ril(0/114): [main] qcril_qmi_voice_request_get_current_calls qcril_qmi_voice_request_get_current_calls entered
02-13 18:12:08.869 I/RILC    (  114): qmi_ril(0/114): [main] qcril_qmi_voice_request_get_current_calls qcril_qmi_voice_request_get_current_calls - Call state 4, IsMT=1
02-13 18:12:08.869 I/RILC    (  114): qmi_ril(0/114): [main] qcril_qmi_voice_request_get_current_calls Reply to RIL --> Number of calls : 1
02-13 18:12:08.869 I/RILC    (  114): qmi_ril(0/114): [main] qcril_qmi_voice_request_get_current_calls Reply to RIL --> call[0] :state Incoming index 1, toa 129, isMpty 0, isMT 1, als 0, isVoice 1, isVoicePrivacy 0
02-13 18:12:08.869 I/RILC    (  114): qmi_ril(0/114): [main] qcril_qmi_voice_request_get_current_calls ...num 9137446943, num presentation 0, name (null), name presentation 0
02-13 18:12:08.869 I/RILC    (  114): qmi_ril(0/114): [main] qcril_reqlist_find [RID 0] Not found ReqList entry : token id 165
02-13 18:12:08.869 D/RILC    (  114): qmi_ril(0/114): [main] qcril_send_request_response UI <--- RIL_REQUEST_GET_CURRENT_CALLS (9) Complete --- RIL [RID 0, Token 165, Success, Len 4 ]
02-13 18:12:08.869 I/RILC    (  114): qmi_ril(0/114): [main] qcril_qmi_voice_request_get_current_calls qcril_qmi_voice_request_get_current_calls completed
02-13 18:12:08.869 D/RILJ    (  344): InCall VoicePrivacy is disabled
02-13 18:12:08.879 D/RILJ    (  344): [0165]< GET_CURRENT_CALLS  [id=1,INCOMING,toa=129,norm,mt,0,voc,noevp,,cli=1,,0] 
02-13 18:12:08.879 D/CDMA    (  344): [CdmaCallTracker] handleMessage msg.id = 1
02-13 18:12:08.879 D/CDMA    (  344): Event EVENT_POLL_CALLS_RESULT Received
02-13 18:12:08.879 D/CDMA    (  344): [CdmaCallTracker] handle EVENT_POLL_CALL_RESULT: set needsPoll=F
02-13 18:12:08.879 D/CDMA    (  344): >handlePollCalls
02-13 18:12:08.879 D/CDMA    (  344): Connections:
02-13 18:12:08.879 D/CDMA    (  344): Connection 0: 
02-13 18:12:08.879 D/CDMA    (  344): [conn] number: 9137446943 index: 0 incoming: true alive: true ringing: true
02-13 18:12:08.879 D/CDMA    (  344): Connection 1: NULL
02-13 18:12:08.879 D/CDMA    (  344): Driver Calls:
02-13 18:12:08.879 D/CDMA    (  344): [ dc ] number:9137446943 index: 1 incoming: true state: INCOMING
02-13 18:12:08.889 D/CDMA    (  344): [CdmaCallTracker] poll: conn[i=0]= incoming: true state: INCOMING post dial state: NOT_STARTED, dc=id=1,INCOMING,toa=129,norm,mt,0,voc,noevp,,cli=1,,0
02-13 18:12:08.889 D/CDMA    (  344): [CDMAConn] parent= INCOMING, newParent= INCOMING
02-13 18:12:08.889 D/CDMA    (  344): [CDMAConn] --dssds----null
02-13 18:12:08.899 D/CDMA    (  344): [CDMAConn] Update, wasConnectingInOrOut=true, wasHolding=false, isConnectingInOrOut=true, changed=false
02-13 18:12:08.899 D/CDMA    (  344): [CdmaCallTracker] poll: conn[i=1]=null, dc=null
02-13 18:12:08.899 D/CDMA    (  344): [CdmaCallTracker] update phone state, old=RINGING new=RINGING
02-13 18:12:08.899 D/CDMA    (  344): <handlePollCalls
02-13 18:12:09.160 D/CDMA    (  344): [CdmaCallTracker] handleMessage msg.id = 3
02-13 18:12:09.160 D/RILJ    (  344): [0166]> GET_CURRENT_CALLS
02-13 18:12:09.160 D/RILC    (  114): qmi_ril(0/114): [main] onRequest UI --- RIL_REQUEST_GET_CURRENT_CALLS (9) ---> RIL [RID 0, token id 166, data len 0]
02-13 18:12:09.160 I/RILC    (  114): qmi_ril(0/114): [main] qcril_qmi_voice_request_get_current_calls qcril_qmi_voice_request_get_current_calls entered
02-13 18:12:09.160 I/RILC    (  114): qmi_ril(0/114): [main] qcril_qmi_voice_request_get_current_calls qcril_qmi_voice_request_get_current_calls - Call state 4, IsMT=1
02-13 18:12:09.160 I/RILC    (  114): qmi_ril(0/114): [main] qcril_qmi_voice_request_get_current_calls Reply to RIL --> Number of calls : 1
02-13 18:12:09.160 I/RILC    (  114): qmi_ril(0/114): [main] qcril_qmi_voice_request_get_current_calls Reply to RIL --> call[0] :state Incoming index 1, toa 129, isMpty 0, isMT 1, als 0, isVoice 1, isVoicePrivacy 0
02-13 18:12:09.160 I/RILC    (  114): qmi_ril(0/114): [main] qcril_qmi_voice_request_get_current_calls ...num 9137446943, num presentation 0, name (null), name presentation 0
02-13 18:12:09.160 I/RILC    (  114): qmi_ril(0/114): [main] qcril_reqlist_find [RID 0] Not found ReqList entry : token id 166
02-13 18:12:09.160 D/RILC    (  114): qmi_ril(0/114): [main] qcril_send_request_response UI <--- RIL_REQUEST_GET_CURRENT_CALLS (9) Complete --- RIL [RID 0, Token 166, Success, Len 4 ]
02-13 18:12:09.160 I/RILC    (  114): qmi_ril(0/114): [main] qcril_qmi_voice_request_get_current_calls qcril_qmi_voice_request_get_current_calls completed
02-13 18:12:09.160 D/RILJ    (  344): InCall VoicePrivacy is disabled
02-13 18:12:09.160 D/RILJ    (  344): [0166]< GET_CURRENT_CALLS  [id=1,INCOMING,toa=129,norm,mt,0,voc,noevp,,cli=1,,0] 
02-13 18:12:09.170 D/CDMA    (  344): [CdmaCallTracker] handleMessage msg.id = 1
02-13 18:12:09.170 D/CDMA    (  344): Event EVENT_POLL_CALLS_RESULT Received
02-13 18:12:09.170 D/CDMA    (  344): [CdmaCallTracker] handle EVENT_POLL_CALL_RESULT: set needsPoll=F
02-13 18:12:09.170 D/CDMA    (  344): >handlePollCalls
02-13 18:12:09.170 D/CDMA    (  344): Connections:
02-13 18:12:09.170 D/CDMA    (  344): Connection 0: 
02-13 18:12:09.170 D/CDMA    (  344): [conn] number: 9137446943 index: 0 incoming: true alive: true ringing: true
02-13 18:12:09.170 D/CDMA    (  344): Connection 1: NULL
02-13 18:12:09.170 D/CDMA    (  344): Driver Calls:
02-13 18:12:09.170 D/CDMA    (  344): [ dc ] number:9137446943 index: 1 incoming: true state: INCOMING
02-13 18:12:09.170 D/CDMA    (  344): [CdmaCallTracker] poll: conn[i=0]= incoming: true state: INCOMING post dial state: NOT_STARTED, dc=id=1,INCOMING,toa=129,norm,mt,0,voc,noevp,,cli=1,,0
02-13 18:12:09.170 D/CDMA    (  344): [CDMAConn] parent= INCOMING, newParent= INCOMING
02-13 18:12:09.170 D/CDMA    (  344): [CDMAConn] --dssds----null
02-13 18:12:09.170 D/CDMA    (  344): [CDMAConn] Update, wasConnectingInOrOut=true, wasHolding=false, isConnectingInOrOut=true, changed=false
02-13 18:12:09.170 D/CDMA    (  344): [CdmaCallTracker] poll: conn[i=1]=null, dc=null
02-13 18:12:09.170 D/CDMA    (  344): [CdmaCallTracker] update phone state, old=RINGING new=RINGING
02-13 18:12:09.170 D/CDMA    (  344): <handlePollCalls
02-13 18:12:09.260 D/RILJ    (  344): [0167]> SET_MUTE false
02-13 18:12:09.260 D/RILC    (  114): qmi_ril(0/114): [main] onRequest UI --- RIL_REQUEST_SET_MUTE (53) ---> RIL [RID 0, token id 167, data len 4]
02-13 18:12:09.260 I/RILC    (  114): qmi_ril(0/114): [main] qcril_other_request_set_mute Handling RIL_REQUEST_SET_MUTE (53) Token ID (167) - Mute value 0
02-13 18:12:09.260 I/RILC    (  114): qmi_ril(0/114): [main] qcril_reqlist_find [RID 0] Not found ReqList entry : token id 167
02-13 18:12:09.260 I/RILC    (  114): qmi_ril(0/114): [main] qcril_reqlist_new_all [RID 0] Event RIL_REQUEST_SET_MUTE(53), token id 167 [ 0x15cc8], req id 9 : 
02-13 18:12:09.260 I/RILC    (  114): qmi_ril(0/114): [main] qcril_reqlist_new_all                        MID 0, pending receipt of <none>, state QCRIL_REQ_AWAITING_CALLBACK(2)
02-13 18:12:09.260 D/RILC    (  114): qmi_ril(0/114): [main] qcril_reqlist_print_all [RID 0] ReqList entries :
02-13 18:12:09.260 D/RILC    (  114): qmi_ril(0/114): [main] qcril_reqlist_print_all     RIL_REQUEST_SET_MUTE (53), token id 167
02-13 18:12:09.260 I/RILC    (  114): qmi_ril(0/114): [main] qcril_other_request_set_mute In call - Unmuting mic
02-13 18:12:09.260 I/RILC    (  114): qmi_ril(0/114): [main] qcril_reqlist_find [RID 0] Found ReqList entry : RIL_REQUEST_SET_MUTE(53), token id 167
02-13 18:12:09.260 I/RILC    (  114): qmi_ril(0/114): [main] qcril_reqlist_free [RID 0] Deleted ReqList entry : token id 167 [0x15cc8]
02-13 18:12:09.260 D/RILC    (  114): qmi_ril(0/114): [main] qcril_reqlist_print_all [RID 0] ReqList entries : Empty 
02-13 18:12:09.260 D/RILC    (  114): qmi_ril(0/114): [main] qcril_send_request_response UI <--- RIL_REQUEST_SET_MUTE (53) Complete --- RIL [RID 0, Token 167, Success, Len 0 ]
02-13 18:12:09.260 D/RILJ    (  344): [0167]< SET_MUTE 
02-13 18:12:09.270 D/CDMA    (  344): [CdmaCallTracker] obtainCompleteMessage: pendingOperations=1, needsPoll=true
02-13 18:12:09.270 D/RILJ    (  344): [0168]> ANSWER
02-13 18:12:09.270 D/RILC    (  114): qmi_ril(0/114): [main] onRequest UI --- RIL_REQUEST_ANSWER (40) ---> RIL [RID 0, token id 168, data len 0]
02-13 18:12:09.270 I/RILC    (  114): qmi_ril(0/114): [main] qcril_qmi_voice_request_answer qcril_qmi_voice_request_answer entered
02-13 18:12:09.270 I/RILC    (  114): qmi_ril(0/114): [main] qcril_qmi_voice_voip_find_call_info_entry_by_elaboration qcril_qmi_voice_voip_find_call_info_entry_by_elaboration entry with pattern 1048576
02-13 18:12:09.270 I/RILC    (  114): qmi_ril(0/114): [main] qcril_qmi_voice_voip_find_call_info_entry_by_elaboration .. found 109808 - with call android id 1, call qmi id 1
02-13 18:12:09.270 I/RILC    (  114): qmi_ril(0/114): [main] qcril_qmi_voice_voip_find_call_info_entry_by_elaboration qcril_qmi_voice_voip_find_call_info_entry_by_elaboration completing with res 109808
02-13 18:12:09.270 I/RILC    (  114): qmi_ril(0/114): [main] qcril_reqlist_find [RID 0] Not found ReqList entry : token id 168
02-13 18:12:09.270 I/RILC    (  114): qmi_ril(0/114): [main] qcril_reqlist_new_all [RID 0] Event RIL_REQUEST_ANSWER(40), token id 168 [ 0x15cc0], req id 10 : 
02-13 18:12:09.270 I/RILC    (  114): qmi_ril(0/114): [main] qcril_reqlist_new_all                        MID 0, pending receipt of <none>, state QCRIL_REQ_AWAITING_CALLBACK(2)
02-13 18:12:09.270 D/RILC    (  114): qmi_ril(0/114): [main] qcril_reqlist_print_all [RID 0] ReqList entries :
02-13 18:12:09.270 D/RILC    (  114): qmi_ril(0/114): [main] qcril_reqlist_print_all     RIL_REQUEST_ANSWER (40), token id 168
02-13 18:12:09.270 I/RILC    (  114): qmi_ril(0/114): [main] qcril_qmi_voice_request_answer .. call id qmi 1
02-13 18:12:09.270 I/RILC    (  114): qmi_ril(0/114): [main] qcril_qmi_voice_request_answer qcril_qmi_voice_request_answer completed
02-13 18:12:09.290 I/RILC    (  114): qmi_ril(0/114): [qmi_cb] qcril_qmi_voice_command_cb qcril_qmi_voice_command_cb for msg_id 0022 (ANSWER CALL RESP)
02-13 18:12:09.290 I/RILC    (  114): qmi_ril(0/114): [qmi_cb] qcril_reqlist_find_by_req_id [RID 0] Found ReqList entry : RIL_REQUEST_ANSWER(40), token id 168
02-13 18:12:09.290 I/RILC    (  114): qmi_ril(0/114): [qmi_cb] qcril_qmi_voice_answer_call_resp_hdlr qcril_qmi_voice_answer_call_resp_hdlr entered
02-13 18:12:09.290 I/RILC    (  114): qmi_ril(0/114): [qmi_cb] qcril_qmi_util_convert_qmi_response_codes_to_ril_result_ex qcril_qmi_util_convert_qmi_response_codes_to_ril_result_ex ctx check 0
02-13 18:12:09.290 I/RILC    (  114): qmi_ril(0/114): [qmi_cb] qcril_qmi_voice_answer_call_resp_hdlr .. transp err 0, resp err 0, ril err 0
02-13 18:12:09.290 I/RILC    (  114): qmi_ril(0/114): [qmi_cb] qcril_qmi_voice_answer_call_resp_hdlr .. call id valid 1, call id 1
02-13 18:12:09.290 I/RILC    (  114): qmi_ril(0/114): [qmi_cb] qcril_qmi_voice_voip_find_call_info_entry_by_elaboration qcril_qmi_voice_voip_find_call_info_entry_by_elaboration entry with pattern 1048576
02-13 18:12:09.290 I/RILC    (  114): qmi_ril(0/114): [qmi_cb] qcril_qmi_voice_voip_find_call_info_entry_by_elaboration .. found 109808 - with call android id 1, call qmi id 1
02-13 18:12:09.290 I/RILC    (  114): qmi_ril(0/114): [qmi_cb] qcril_qmi_voice_voip_find_call_info_entry_by_elaboration qcril_qmi_voice_voip_find_call_info_entry_by_elaboration completing with res 109808
02-13 18:12:09.290 I/RILC    (  114): qmi_ril(0/114): [qmi_cb] qcril_qmi_voice_answer_call_resp_hdlr .. call info entry 109808
02-13 18:12:09.290 I/RILC    (  114): qmi_ril(0/114): [qmi_cb] qcril_reqlist_find [RID 0] Found ReqList entry : RIL_REQUEST_ANSWER(40), token id 168
02-13 18:12:09.290 I/RILC    (  114): qmi_ril(0/114): [qmi_cb] qcril_reqlist_free [RID 0] Deleted ReqList entry : token id 168 [0x15cc0]
02-13 18:12:09.290 D/RILC    (  114): qmi_ril(0/114): [qmi_cb] qcril_reqlist_print_all [RID 0] ReqList entries : Empty 
02-13 18:12:09.290 D/RILC    (  114): qmi_ril(0/114): [qmi_cb] qcril_send_request_response UI <--- RIL_REQUEST_ANSWER (40) Complete --- RIL [RID 0, Token 168, Success, Len 0 ]
02-13 18:12:09.290 I/RILC    (  114): qmi_ril(0/114): [qmi_cb] qcril_qmi_voice_answer_call_resp_hdlr qcril_qmi_voice_answer_call_resp_hdlr completed
02-13 18:12:09.300 D/RILJ    (  344): [0168]< ANSWER 
02-13 18:12:09.300 I/RILC    (  114): qmi_ril(0/114): [qmi_cb] qcril_qmi_voice_unsol_ind_cb .. operational state 3
02-13 18:12:09.300 I/RILC    (  114): qmi_ril(0/114): [qmi_cb] qcril_qmi_voice_all_call_status_ind_hdlr qcril_qmi_voice_all_call_status_ind_hdlr entered
02-13 18:12:09.300 I/RILC    (  114): qmi_ril(0/114): [qmi_cb] qcril_qmi_voice_all_call_status_ind_hdlr qcril_qmi_voice_all_call_status_ind_hdlr - Call state 3, IsMT=2
02-13 18:12:09.300 I/RILC    (  114): qmi_ril(0/114): [qmi_cb] qcril_qmi_voice_all_call_status_ind_hdlr Call state CONVERSATION for conn id 1
02-13 18:12:09.300 I/RILC    (  114): qmi_ril(0/114): [qmi_cb] qcril_qmi_voice_voip_find_call_info_entry_by_call_qmi_id qcril_qmi_voice_voip_find_call_info_entry_by_call_qmi_id entry with id 1
02-13 18:12:09.300 I/RILC    (  114): qmi_ril(0/114): [qmi_cb] qcril_qmi_voice_voip_find_call_info_entry_by_call_qmi_id qcril_qmi_voice_voip_find_call_info_entry_by_call_qmi_id completing with res 109808
02-13 18:12:09.300 I/RILC    (  114): qmi_ril(0/114): [qmi_cb] qcril_qmi_voice_voip_update_call_info_entry_mainstream qcril_qmi_voice_voip_update_call_info_entry_mainstream entry with param 109808
02-13 18:12:09.300 I/RILC    (  114): qmi_ril(0/114): [qmi_cb] qcril_qmi_voice_voip_update_call_info_entry_mainstream call android id 1, call qmi id 1
02-13 18:12:09.300 I/RILC    (  114): qmi_ril(0/114): [qmi_cb] qcril_qmi_voice_voip_update_call_info_entry_mainstream .. call state 3, call type 0
02-13 18:12:09.300 I/RILC    (  114): qmi_ril(0/114): [qmi_cb] qcril_qmi_voice_voip_update_call_info_entry_mainstream qcril_qmi_voice_voip_update_call_info_entry_mainstream completed
02-13 18:12:09.300 I/RILC    (  114): qmi_ril(0/114): [qmi_cb] qcril_qmi_voice_all_call_status_ind_hdlr -- final call dump start --
02-13 18:12:09.300 I/RILC    (  114): qmi_ril(0/114): [qmi_cb] qcril_qmi_voice_all_call_status_ind_hdlr - dumping call 1 out of 1
02-13 18:12:09.300 I/RILC    (  114): qmi_ril(0/114): [qmi_cb] qcril_qmi_voice_voip_call_info_dump qcril_qmi_voice_voip_call_info_dump entry with param 109808
02-13 18:12:09.300 I/RILC    (  114): qmi_ril(0/114): [qmi_cb] qcril_qmi_voice_voip_call_info_dump .. call android id 1, call qmi id 1
02-13 18:12:09.300 I/RILC    (  114): qmi_ril(0/114): [qmi_cb] qcril_qmi_voice_voip_call_info_dump .. elaboration 40012 hex
02-13 18:12:09.300 I/RILC    (  114): qmi_ril(0/114): [qmi_cb] qcril_qmi_voice_voip_call_info_dump .. call state 3, call type 0
02-13 18:12:09.300 I/RILC    (  114): qmi_ril(0/114): [qmi_cb] qcril_qmi_voice_voip_call_info_dump qcril_qmi_voice_voip_call_info_dump completed
02-13 18:12:09.300 I/RILC    (  114): qmi_ril(0/114): [qmi_cb] qcril_qmi_voice_all_call_status_ind_hdlr -- final call dump end --
02-13 18:12:09.300 D/RILC    (  114): qmi_ril(0/114): [qmi_cb] qcril_send_unsol_response UI <--- RIL_UNSOL_RESPONSE_CALL_STATE_CHANGED (1001) --- RIL [RID 0, Len 0, (null)]
02-13 18:12:09.300 I/RILC    (  114): qmi_ril(0/114): [qmi_cb] qcril_qmi_voice_all_call_status_ind_hdlr qcril_qmi_voice_all_call_status_ind_hdlr completed
02-13 18:12:09.300 D/RILJ    (  344): [UNSL]< UNSOL_RESPONSE_CALL_STATE_CHANGED
02-13 18:12:09.380 D/CDMA    (  344): [CdmaCallTracker] handleMessage msg.id = 4
02-13 18:12:09.380 D/CDMA    (  344): [CdmaCallTracker] operationComplete: pendingOperations=0, needsPoll=true
02-13 18:12:09.380 D/RILJ    (  344): [0169]> GET_CURRENT_CALLS
02-13 18:12:09.380 D/RILC    (  114): qmi_ril(0/114): [main] onRequest UI --- RIL_REQUEST_GET_CURRENT_CALLS (9) ---> RIL [RID 0, token id 169, data len 0]
02-13 18:12:09.380 I/RILC    (  114): qmi_ril(0/114): [main] qcril_qmi_voice_request_get_current_calls qcril_qmi_voice_request_get_current_calls entered
02-13 18:12:09.380 I/RILC    (  114): qmi_ril(0/114): [main] qcril_qmi_voice_request_get_current_calls qcril_qmi_voice_request_get_current_calls - Call state 0, IsMT=1
02-13 18:12:09.380 I/RILC    (  114): qmi_ril(0/114): [main] qcril_qmi_voice_request_get_current_calls Reply to RIL --> Number of calls : 1
02-13 18:12:09.380 I/RILC    (  114): qmi_ril(0/114): [main] qcril_qmi_voice_request_get_current_calls Reply to RIL --> call[0] :state Active index 1, toa 129, isMpty 0, isMT 1, als 0, isVoice 1, isVoicePrivacy 0
02-13 18:12:09.380 I/RILC    (  114): qmi_ril(0/114): [main] qcril_qmi_voice_request_get_current_calls ...num 9137446943, num presentation 0, name (null), name presentation 0
02-13 18:12:09.380 I/RILC    (  114): qmi_ril(0/114): [main] qcril_reqlist_find [RID 0] Not found ReqList entry : token id 169
02-13 18:12:09.380 D/RILC    (  114): qmi_ril(0/114): [main] qcril_send_request_response UI <--- RIL_REQUEST_GET_CURRENT_CALLS (9) Complete --- RIL [RID 0, Token 169, Success, Len 4 ]
02-13 18:12:09.380 I/RILC    (  114): qmi_ril(0/114): [main] qcril_qmi_voice_request_get_current_calls qcril_qmi_voice_request_get_current_calls completed
02-13 18:12:09.380 D/RILJ    (  344): InCall VoicePrivacy is disabled
02-13 18:12:09.380 D/RILJ    (  344): [0169]< GET_CURRENT_CALLS  [id=1,ACTIVE,toa=129,norm,mt,0,voc,noevp,,cli=1,,0] 
02-13 18:12:09.380 D/CDMA    (  344): [CdmaCallTracker] handleMessage msg.id = 2
02-13 18:12:09.380 D/RILJ    (  344): [0170]> GET_CURRENT_CALLS
02-13 18:12:09.390 D/RILC    (  114): qmi_ril(0/114): [main] onRequest UI --- RIL_REQUEST_GET_CURRENT_CALLS (9) ---> RIL [RID 0, token id 170, data len 0]
02-13 18:12:09.390 I/RILC    (  114): qmi_ril(0/114): [main] qcril_qmi_voice_request_get_current_calls qcril_qmi_voice_request_get_current_calls entered
02-13 18:12:09.390 I/RILC    (  114): qmi_ril(0/114): [main] qcril_qmi_voice_request_get_current_calls qcril_qmi_voice_request_get_current_calls - Call state 0, IsMT=1
02-13 18:12:09.390 I/RILC    (  114): qmi_ril(0/114): [main] qcril_qmi_voice_request_get_current_calls Reply to RIL --> Number of calls : 1
02-13 18:12:09.390 I/RILC    (  114): qmi_ril(0/114): [main] qcril_qmi_voice_request_get_current_calls Reply to RIL --> call[0] :state Active index 1, toa 129, isMpty 0, isMT 1, als 0, isVoice 1, isVoicePrivacy 0
02-13 18:12:09.390 I/RILC    (  114): qmi_ril(0/114): [main] qcril_qmi_voice_request_get_current_calls ...num 9137446943, num presentation 0, name (null), name presentation 0
02-13 18:12:09.390 I/RILC    (  114): qmi_ril(0/114): [main] qcril_reqlist_find [RID 0] Not found ReqList entry : token id 170
02-13 18:12:09.390 D/RILC    (  114): qmi_ril(0/114): [main] qcril_send_request_response UI <--- RIL_REQUEST_GET_CURRENT_CALLS (9) Complete --- RIL [RID 0, Token 170, Success, Len 4 ]
02-13 18:12:09.390 I/RILC    (  114): qmi_ril(0/114): [main] qcril_qmi_voice_request_get_current_calls qcril_qmi_voice_request_get_current_calls completed
02-13 18:12:09.390 D/RILJ    (  344): InCall VoicePrivacy is disabled
02-13 18:12:09.390 D/RILJ    (  344): [0170]< GET_CURRENT_CALLS  [id=1,ACTIVE,toa=129,norm,mt,0,voc,noevp,,cli=1,,0] 
02-13 18:12:09.390 D/CDMA    (  344): [CdmaCallTracker] handleMessage msg.id = 1
02-13 18:12:09.390 D/CDMA    (  344): Event EVENT_POLL_CALLS_RESULT Received
02-13 18:12:09.400 D/CDMA    (  344): [CdmaCallTracker] handleMessage msg.id = 1
02-13 18:12:09.400 D/CDMA    (  344): Event EVENT_POLL_CALLS_RESULT Received
02-13 18:12:09.400 D/CDMA    (  344): [CdmaCallTracker] handle EVENT_POLL_CALL_RESULT: set needsPoll=F
02-13 18:12:09.400 D/CDMA    (  344): >handlePollCalls
02-13 18:12:09.400 D/CDMA    (  344): Connections:
02-13 18:12:09.400 D/CDMA    (  344): Connection 0: 
02-13 18:12:09.400 D/CDMA    (  344): [conn] number: 9137446943 index: 0 incoming: true alive: true ringing: true
02-13 18:12:09.400 D/CDMA    (  344): Connection 1: NULL
02-13 18:12:09.400 D/CDMA    (  344): Driver Calls:
02-13 18:12:09.400 D/CDMA    (  344): [ dc ] number:9137446943 index: 1 incoming: true state: ACTIVE
02-13 18:12:09.400 D/CDMA    (  344): [CdmaCallTracker] poll: conn[i=0]= incoming: true state: INCOMING post dial state: NOT_STARTED, dc=id=1,ACTIVE,toa=129,norm,mt,0,voc,noevp,,cli=1,,0
02-13 18:12:09.400 D/CDMA    (  344): [CDMAConn] parent= INCOMING, newParent= IDLE
02-13 18:12:09.400 D/CDMA    (  344): [CDMAConn] --dssds----null
02-13 18:12:09.400 D/CDMA    (  344): [CDMAConn] Update, wasConnectingInOrOut=true, wasHolding=false, isConnectingInOrOut=false, changed=true
02-13 18:12:09.400 D/CDMA    (  344): [CDMAConn] onConnectedInOrOut: connectTime=1329178329404
02-13 18:12:09.400 D/CDMA    (  344): [CDMAConn] releaseWakeLock
02-13 18:12:09.400 D/CDMA    (  344): [CdmaCallTracker] poll: conn[i=1]=null, dc=null
02-13 18:12:09.400 D/CDMA    (  344): [CdmaCallTracker] update phone state, old=RINGING new=OFFHOOK
02-13 18:12:09.420 D/CDMA    (  344): <handlePollCalls
02-13 18:12:09.430 D/CDMA    (  344): [CdmaCallTracker] handleMessage msg.id = 3
02-13 18:12:09.430 D/RILJ    (  344): [0171]> GET_CURRENT_CALLS
02-13 18:12:09.430 D/RILC    (  114): qmi_ril(0/114): [main] onRequest UI --- RIL_REQUEST_GET_CURRENT_CALLS (9) ---> RIL [RID 0, token id 171, data len 0]
02-13 18:12:09.430 I/RILC    (  114): qmi_ril(0/114): [main] qcril_qmi_voice_request_get_current_calls qcril_qmi_voice_request_get_current_calls entered
02-13 18:12:09.430 I/RILC    (  114): qmi_ril(0/114): [main] qcril_qmi_voice_request_get_current_calls qcril_qmi_voice_request_get_current_calls - Call state 0, IsMT=1
02-13 18:12:09.430 I/RILC    (  114): qmi_ril(0/114): [main] qcril_qmi_voice_request_get_current_calls Reply to RIL --> Number of calls : 1
02-13 18:12:09.430 I/RILC    (  114): qmi_ril(0/114): [main] qcril_qmi_voice_request_get_current_calls Reply to RIL --> call[0] :state Active index 1, toa 129, isMpty 0, isMT 1, als 0, isVoice 1, isVoicePrivacy 0
02-13 18:12:09.430 I/RILC    (  114): qmi_ril(0/114): [main] qcril_qmi_voice_request_get_current_calls ...num 9137446943, num presentation 0, name (null), name presentation 0
02-13 18:12:09.430 I/RILC    (  114): qmi_ril(0/114): [main] qcril_reqlist_find [RID 0] Not found ReqList entry : token id 171
02-13 18:12:09.430 D/RILC    (  114): qmi_ril(0/114): [main] qcril_send_request_response UI <--- RIL_REQUEST_GET_CURRENT_CALLS (9) Complete --- RIL [RID 0, Token 171, Success, Len 4 ]
02-13 18:12:09.430 I/RILC    (  114): qmi_ril(0/114): [main] qcril_qmi_voice_request_get_current_calls qcril_qmi_voice_request_get_current_calls completed
02-13 18:12:09.430 D/RILJ    (  344): InCall VoicePrivacy is disabled
02-13 18:12:09.430 D/RILJ    (  344): [0171]< GET_CURRENT_CALLS  [id=1,ACTIVE,toa=129,norm,mt,0,voc,noevp,,cli=1,,0] 
02-13 18:12:09.530 D/CDMA    (  344): [CdmaCallTracker] handleMessage msg.id = 1
02-13 18:12:09.530 D/CDMA    (  344): Event EVENT_POLL_CALLS_RESULT Received
02-13 18:12:09.530 D/CDMA    (  344): [CdmaCallTracker] handle EVENT_POLL_CALL_RESULT: set needsPoll=F
02-13 18:12:09.530 D/CDMA    (  344): >handlePollCalls
02-13 18:12:09.530 D/CDMA    (  344): Connections:
02-13 18:12:09.530 D/CDMA    (  344): Connection 0: 
02-13 18:12:09.530 D/CDMA    (  344): [conn] number: 9137446943 index: 0 incoming: true alive: true ringing: false
02-13 18:12:09.530 D/CDMA    (  344): Connection 1: NULL
02-13 18:12:09.530 D/CDMA    (  344): Driver Calls:
02-13 18:12:09.530 D/CDMA    (  344): [ dc ] number:9137446943 index: 1 incoming: true state: ACTIVE
02-13 18:12:09.530 D/CDMA    (  344): [CdmaCallTracker] poll: conn[i=0]= incoming: true state: ACTIVE post dial state: NOT_STARTED, dc=id=1,ACTIVE,toa=129,norm,mt,0,voc,noevp,,cli=1,,0
02-13 18:12:09.530 D/CDMA    (  344): [CDMAConn] parent= ACTIVE, newParent= ACTIVE
02-13 18:12:09.530 D/CDMA    (  344): [CDMAConn] --dssds----null
02-13 18:12:09.530 D/CDMA    (  344): [CDMAConn] Update, wasConnectingInOrOut=false, wasHolding=false, isConnectingInOrOut=false, changed=false
02-13 18:12:09.530 D/CDMA    (  344): [CdmaCallTracker] poll: conn[i=1]=null, dc=null
02-13 18:12:09.530 D/CDMA    (  344): [CdmaCallTracker] update phone state, old=OFFHOOK new=OFFHOOK
02-13 18:12:09.530 D/CDMA    (  344): <handlePollCalls
02-13 18:12:11.082 D/RILJ    (  344): [0172]> SCREEN_STATE: false
02-13 18:12:11.082 D/RILC    (  114): qmi_ril(0/114): [main] onRequest UI --- RIL_REQUEST_SCREEN_STATE (61) ---> RIL [RID 0, token id 172, data len 4]
02-13 18:12:11.082 I/RILC    (  114): qmi_ril(0/114): [main] qcril_qmi_nas_request_screen_state qcril_qmi_nas_request_screen_state entered 
02-13 18:12:11.082 I/RILC    (  114): qmi_ril(0/114): [main] qcril_qmi_util_enable_networking_indications qcril_qmi_util_enable_networking_indications, param 0 
02-13 18:12:11.092 I/RILC    (  114): qmi_ril(0/114): [main] qcril_qmi_util_convert_qmi_response_codes_to_ril_result_ex qcril_qmi_util_convert_qmi_response_codes_to_ril_result_ex ctx check 0
02-13 18:12:11.092 I/RILC    (  114): qmi_ril(0/114): [main] qcril_qmi_util_enable_networking_indications .. requested nas event report 0, 0
02-13 18:12:11.092 I/RILC    (  114): qmi_ril(0/114): [main] qcril_qmi_util_convert_qmi_response_codes_to_ril_result_ex qcril_qmi_util_convert_qmi_response_codes_to_ril_result_ex ctx check 0
02-13 18:12:11.092 I/RILC    (  114): qmi_ril(0/114): [main] qcril_qmi_util_enable_networking_indications .. requested nas indication reports 0, 0
02-13 18:12:11.092 I/RILC    (  114): qmi_ril(0/114): [main] qcril_qmi_util_enable_networking_indications qcril_qmi_util_enable_networking_indications completed with 0
02-13 18:12:11.092 I/RILC    (  114): qmi_ril(0/114): [main] qcril_data_toggle_dormancy_indications >>>>>> LOCK QCRIL_DATA MUTEX 80211c14
02-13 18:12:11.092 I/RILC    (  114): qmi_ril(0/114): [main] qcril_data_toggle_dormancy_indications LOCK QCRIL_DATA MUTEX 80211c14 result=0
02-13 18:12:11.092 D/RILC    (  114): qmi_ril(0/114): [main] qcril_data_toggle_dormancy_indications Switch ON/OFF dormancy indications on all active interfaces
02-13 18:12:11.092 D/RILC    (  114): qmi_ril(0/114): [main] qcril_data_toggle_dormancy_indications selected index = 0
02-13 18:12:11.092 D/RILC    (  114): qmi_ril(0/114): [main] qcril_data_iface_ioctl setting dormancy event report on wds client [262400]
02-13 18:12:11.092 I/RILC    (  114): qmi_ril(0/114): [main] qcril_data_toggle_dormancy_indications <<<<<< UNLOCK QCRIL_DATA MUTEX 80211c14
