02-13 18:48:39.196 D/PowerManagerService(  256): setTimeoutLocked now=101175 timeoutOverride=-1 nextState=3 when=107175
02-13 18:48:39.216 W/WindowManager(  256): updateFocusedWindowLocked newFocus=Window{408ec828 com.android.mms/com.android.mms.ui.ComposeMessageActivity paused=false} mode=3 mCurrentFocus = Window{408ec828 com.android.mms/com.android.mms.ui.ComposeMessageActivity paused=false}
02-13 18:48:39.246 D/PowerManagerService(  256): setTimeoutLocked now=101222 timeoutOverride=-1 nextState=3 when=107222
02-13 18:48:39.516 W/WindowManager(  256): updateFocusedWindowLocked newFocus=Window{408ec828 com.android.mms/com.android.mms.ui.ComposeMessageActivity paused=false} mode=3 mCurrentFocus = Window{408ec828 com.android.mms/com.android.mms.ui.ComposeMessageActivity paused=false}
02-13 18:48:39.566 W/WindowManager(  256): updateFocusedWindowLocked newFocus=Window{408ec828 com.android.mms/com.android.mms.ui.ComposeMessageActivity paused=false} mode=3 mCurrentFocus = Window{408ec828 com.android.mms/com.android.mms.ui.ComposeMessageActivity paused=false}
02-13 18:48:39.626 W/WindowManager(  256): updateFocusedWindowLocked newFocus=Window{408ec828 com.android.mms/com.android.mms.ui.ComposeMessageActivity paused=false} mode=3 mCurrentFocus = Window{408ec828 com.android.mms/com.android.mms.ui.ComposeMessageActivity paused=false}
02-13 18:48:39.707 D/PowerManagerService(  256): setTimeoutLocked now=101686 timeoutOverride=-1 nextState=3 when=107686
02-13 18:48:39.737 W/WindowManager(  256): updateFocusedWindowLocked newFocus=Window{408ec828 com.android.mms/com.android.mms.ui.ComposeMessageActivity paused=false} mode=3 mCurrentFocus = Window{408ec828 com.android.mms/com.android.mms.ui.ComposeMessageActivity paused=false}
02-13 18:48:39.967 W/WindowManager(  256): updateFocusedWindowLocked newFocus=Window{408ec828 com.android.mms/com.android.mms.ui.ComposeMessageActivity paused=false} mode=3 mCurrentFocus = Window{408ec828 com.android.mms/com.android.mms.ui.ComposeMessageActivity paused=false}
02-13 18:48:40.067 D/PowerManagerService(  256): setTimeoutLocked now=102050 timeoutOverride=-1 nextState=3 when=108050
02-13 18:48:40.087 W/WindowManager(  256): updateFocusedWindowLocked newFocus=Window{408ec828 com.android.mms/com.android.mms.ui.ComposeMessageActivity paused=false} mode=3 mCurrentFocus = Window{408ec828 com.android.mms/com.android.mms.ui.ComposeMessageActivity paused=false}
02-13 18:48:40.297 D/PowerManagerService(  256): setTimeoutLocked now=102279 timeoutOverride=-1 nextState=3 when=108279
02-13 18:48:40.307 W/WindowManager(  256): updateFocusedWindowLocked newFocus=Window{408ec828 com.android.mms/com.android.mms.ui.ComposeMessageActivity paused=false} mode=3 mCurrentFocus = Window{408ec828 com.android.mms/com.android.mms.ui.ComposeMessageActivity paused=false}
02-13 18:48:40.387 W/WindowManager(  256): updateFocusedWindowLocked newFocus=Window{408ec828 com.android.mms/com.android.mms.ui.ComposeMessageActivity paused=false} mode=3 mCurrentFocus = Window{408ec828 com.android.mms/com.android.mms.ui.ComposeMessageActivity paused=false}
02-13 18:48:40.858 D/PowerManagerService(  256): setTimeoutLocked now=102844 timeoutOverride=-1 nextState=3 when=108844
02-13 18:48:40.868 W/WindowManager(  256): updateFocusedWindowLocked newFocus=Window{408ec828 com.android.mms/com.android.mms.ui.ComposeMessageActivity paused=false} mode=3 mCurrentFocus = Window{408ec828 com.android.mms/com.android.mms.ui.ComposeMessageActivity paused=false}
02-13 18:48:40.938 D/PowerManagerService(  256): setTimeoutLocked now=102928 timeoutOverride=-1 nextState=3 when=108928
02-13 18:48:40.978 W/WindowManager(  256): updateFocusedWindowLocked newFocus=Window{408ec828 com.android.mms/com.android.mms.ui.ComposeMessageActivity paused=false} mode=3 mCurrentFocus = Window{408ec828 com.android.mms/com.android.mms.ui.ComposeMessageActivity paused=false}
02-13 18:48:41.218 W/WindowManager(  256): updateFocusedWindowLocked newFocus=Window{408ec828 com.android.mms/com.android.mms.ui.ComposeMessageActivity paused=false} mode=3 mCurrentFocus = Window{408ec828 com.android.mms/com.android.mms.ui.ComposeMessageActivity paused=false}
02-13 18:48:41.348 I/TelephonyRegistry(  256): notifyServiceState: 0 home Sprint  310099  EvDo rev. A CSS not supported 41 4139RoamInd: 1RoamStatus(sprint): 1DefRoamInd: 160EmergOnly: false
02-13 18:48:41.348 D/StatusBarPolicy(  326): onServiceStateChanged:0 home Sprint  310099  EvDo rev. A CSS not supported 41 4139RoamInd: 1RoamStatus(sprint): 1DefRoamInd: 160EmergOnly: falsefor subscription :0
02-13 18:48:41.348 D/StatusBarPolicy(  326): updateSignalStrength on subscription :0
02-13 18:48:41.348 D/StatusBarPolicy(  326): StatusBarPolocy::getIconLevel -EVDO
02-13 18:48:41.348 D/StatusBarPolicy(  326): getEvdoLevel_band_six -evdoDbm:-87
02-13 18:48:41.348 D/StatusBarPolicy(  326): getEvdoLevel_band_six -evdoEcio:-10
02-13 18:48:41.358 D/StatusBarPolicy(  326): updateDataIcon subscription =0
02-13 18:48:41.408 W/WindowManager(  256): updateFocusedWindowLocked newFocus=Window{408ec828 com.android.mms/com.android.mms.ui.ComposeMessageActivity paused=false} mode=3 mCurrentFocus = Window{408ec828 com.android.mms/com.android.mms.ui.ComposeMessageActivity paused=false}
02-13 18:48:41.468 D/PowerManagerService(  256): setTimeoutLocked now=103455 timeoutOverride=-1 nextState=3 when=109455
02-13 18:48:41.488 W/WindowManager(  256): updateFocusedWindowLocked newFocus=Window{408ec828 com.android.mms/com.android.mms.ui.ComposeMessageActivity paused=false} mode=3 mCurrentFocus = Window{408ec828 com.android.mms/com.android.mms.ui.ComposeMessageActivity paused=false}
02-13 18:48:41.578 D/PowerManagerService(  256): setTimeoutLocked now=103555 timeoutOverride=-1 nextState=3 when=109555
02-13 18:48:41.608 W/WindowManager(  256): updateFocusedWindowLocked newFocus=Window{408ec828 com.android.mms/com.android.mms.ui.ComposeMessageActivity paused=false} mode=3 mCurrentFocus = Window{408ec828 com.android.mms/com.android.mms.ui.ComposeMessageActivity paused=false}
02-13 18:48:42.049 D/PowerManagerService(  256): setTimeoutLocked now=104035 timeoutOverride=-1 nextState=3 when=110035
02-13 18:48:42.059 W/WindowManager(  256): updateFocusedWindowLocked newFocus=Window{408ec828 com.android.mms/com.android.mms.ui.ComposeMessageActivity paused=false} mode=3 mCurrentFocus = Window{408ec828 com.android.mms/com.android.mms.ui.ComposeMessageActivity paused=false}
02-13 18:48:42.189 D/PowerManagerService(  256): setTimeoutLocked now=104170 timeoutOverride=-1 nextState=3 when=110170
02-13 18:48:42.209 W/WindowManager(  256): updateFocusedWindowLocked newFocus=Window{408ec828 com.android.mms/com.android.mms.ui.ComposeMessageActivity paused=false} mode=3 mCurrentFocus = Window{408ec828 com.android.mms/com.android.mms.ui.ComposeMessageActivity paused=false}
02-13 18:48:42.569 D/PowerManagerService(  256): setTimeoutLocked now=104549 timeoutOverride=-1 nextState=3 when=110549
02-13 18:48:42.569 W/WindowManager(  256): updateFocusedWindowLocked newFocus=Window{408ec828 com.android.mms/com.android.mms.ui.ComposeMessageActivity paused=false} mode=3 mCurrentFocus = Window{408ec828 com.android.mms/com.android.mms.ui.ComposeMessageActivity paused=false}
02-13 18:48:42.689 D/PowerManagerService(  256): setTimeoutLocked now=104675 timeoutOverride=-1 nextState=3 when=110675
02-13 18:48:42.719 W/WindowManager(  256): updateFocusedWindowLocked newFocus=Window{408ec828 com.android.mms/com.android.mms.ui.ComposeMessageActivity paused=false} mode=3 mCurrentFocus = Window{408ec828 com.android.mms/com.android.mms.ui.ComposeMessageActivity paused=false}
02-13 18:48:42.850 W/WindowManager(  256): updateFocusedWindowLocked newFocus=Window{408ec828 com.android.mms/com.android.mms.ui.ComposeMessageActivity paused=false} mode=3 mCurrentFocus = Window{408ec828 com.android.mms/com.android.mms.ui.ComposeMessageActivity paused=false}
02-13 18:48:42.960 W/WindowManager(  256): updateFocusedWindowLocked newFocus=Window{408ec828 com.android.mms/com.android.mms.ui.ComposeMessageActivity paused=false} mode=3 mCurrentFocus = Window{408ec828 com.android.mms/com.android.mms.ui.ComposeMessageActivity paused=false}
02-13 18:48:43.140 D/PowerManagerService(  256): setTimeoutLocked now=105127 timeoutOverride=-1 nextState=3 when=111127
02-13 18:48:43.150 W/WindowManager(  256): updateFocusedWindowLocked newFocus=Window{408ec828 com.android.mms/com.android.mms.ui.ComposeMessageActivity paused=false} mode=3 mCurrentFocus = Window{408ec828 com.android.mms/com.android.mms.ui.ComposeMessageActivity paused=false}
02-13 18:48:43.250 D/PowerManagerService(  256): setTimeoutLocked now=105236 timeoutOverride=-1 nextState=3 when=111236
02-13 18:48:43.280 W/WindowManager(  256): updateFocusedWindowLocked newFocus=Window{408ec828 com.android.mms/com.android.mms.ui.ComposeMessageActivity paused=false} mode=3 mCurrentFocus = Window{408ec828 com.android.mms/com.android.mms.ui.ComposeMessageActivity paused=false}
02-13 18:48:43.430 W/WindowManager(  256): updateFocusedWindowLocked newFocus=Window{408ec828 com.android.mms/com.android.mms.ui.ComposeMessageActivity paused=false} mode=3 mCurrentFocus = Window{408ec828 com.android.mms/com.android.mms.ui.ComposeMessageActivity paused=false}
02-13 18:48:43.490 W/WindowManager(  256): updateFocusedWindowLocked newFocus=Window{408ec828 com.android.mms/com.android.mms.ui.ComposeMessageActivity paused=false} mode=3 mCurrentFocus = Window{408ec828 com.android.mms/com.android.mms.ui.ComposeMessageActivity paused=false}
02-13 18:48:43.680 D/PowerManagerService(  256): setTimeoutLocked now=105666 timeoutOverride=-1 nextState=3 when=111666
02-13 18:48:43.690 W/WindowManager(  256): updateFocusedWindowLocked newFocus=Window{408ec828 com.android.mms/com.android.mms.ui.ComposeMessageActivity paused=false} mode=3 mCurrentFocus = Window{408ec828 com.android.mms/com.android.mms.ui.ComposeMessageActivity paused=false}
02-13 18:48:43.770 D/PowerManagerService(  256): setTimeoutLocked now=105750 timeoutOverride=-1 nextState=3 when=111750
02-13 18:48:43.811 W/WindowManager(  256): updateFocusedWindowLocked newFocus=Window{408ec828 com.android.mms/com.android.mms.ui.ComposeMessageActivity paused=false} mode=3 mCurrentFocus = Window{408ec828 com.android.mms/com.android.mms.ui.ComposeMessageActivity paused=false}
02-13 18:48:44.031 W/WindowManager(  256): updateFocusedWindowLocked newFocus=Window{408ec828 com.android.mms/com.android.mms.ui.ComposeMessageActivity paused=false} mode=3 mCurrentFocus = Window{408ec828 com.android.mms/com.android.mms.ui.ComposeMessageActivity paused=false}
02-13 18:48:44.121 W/WindowManager(  256): updateFocusedWindowLocked newFocus=Window{408ec828 com.android.mms/com.android.mms.ui.ComposeMessageActivity paused=false} mode=3 mCurrentFocus = Window{408ec828 com.android.mms/com.android.mms.ui.ComposeMessageActivity paused=false}
02-13 18:48:44.431 D/PowerManagerService(  256): setTimeoutLocked now=106419 timeoutOverride=-1 nextState=3 when=112419
02-13 18:48:44.441 W/WindowManager(  256): updateFocusedWindowLocked newFocus=Window{408ec828 com.android.mms/com.android.mms.ui.ComposeMessageActivity paused=false} mode=3 mCurrentFocus = Window{408ec828 com.android.mms/com.android.mms.ui.ComposeMessageActivity paused=false}
02-13 18:48:44.561 D/PowerManagerService(  256): setTimeoutLocked now=106540 timeoutOverride=-1 nextState=3 when=112540
02-13 18:48:44.581 W/WindowManager(  256): updateFocusedWindowLocked newFocus=Window{408ec828 com.android.mms/com.android.mms.ui.ComposeMessageActivity paused=false} mode=3 mCurrentFocus = Window{408ec828 com.android.mms/com.android.mms.ui.ComposeMessageActivity paused=false}
02-13 18:48:44.822 W/WindowManager(  256): updateFocusedWindowLocked newFocus=Window{408ec828 com.android.mms/com.android.mms.ui.ComposeMessageActivity paused=false} mode=3 mCurrentFocus = Window{408ec828 com.android.mms/com.android.mms.ui.ComposeMessageActivity paused=false}
02-13 18:48:44.952 W/WindowManager(  256): updateFocusedWindowLocked newFocus=Window{408ec828 com.android.mms/com.android.mms.ui.ComposeMessageActivity paused=false} mode=3 mCurrentFocus = Window{408ec828 com.android.mms/com.android.mms.ui.ComposeMessageActivity paused=false}
02-13 18:48:45.342 D/PowerManagerService(  256): setTimeoutLocked now=107319 timeoutOverride=-1 nextState=3 when=113319
02-13 18:48:45.372 W/WindowManager(  256): updateFocusedWindowLocked newFocus=Window{408ec828 com.android.mms/com.android.mms.ui.ComposeMessageActivity paused=false} mode=3 mCurrentFocus = Window{408ec828 com.android.mms/com.android.mms.ui.ComposeMessageActivity paused=false}
02-13 18:48:45.432 D/PowerManagerService(  256): setTimeoutLocked now=107418 timeoutOverride=-1 nextState=3 when=113418
02-13 18:48:45.512 W/WindowManager(  256): updateFocusedWindowLocked newFocus=Window{408ec828 com.android.mms/com.android.mms.ui.ComposeMessageActivity paused=false} mode=3 mCurrentFocus = Window{408ec828 com.android.mms/com.android.mms.ui.ComposeMessageActivity paused=false}
02-13 18:48:46.043 D/PowerManagerService(  256): setTimeoutLocked now=108028 timeoutOverride=-1 nextState=3 when=114028
02-13 18:48:46.063 W/WindowManager(  256): updateFocusedWindowLocked newFocus=Window{408ec828 com.android.mms/com.android.mms.ui.ComposeMessageActivity paused=false} mode=3 mCurrentFocus = Window{408ec828 com.android.mms/com.android.mms.ui.ComposeMessageActivity paused=false}
02-13 18:48:46.133 D/PowerManagerService(  256): setTimeoutLocked now=108112 timeoutOverride=-1 nextState=3 when=114112
02-13 18:48:46.153 W/WindowManager(  256): updateFocusedWindowLocked newFocus=Window{408ec828 com.android.mms/com.android.mms.ui.ComposeMessageActivity paused=false} mode=3 mCurrentFocus = Window{408ec828 com.android.mms/com.android.mms.ui.ComposeMessageActivity paused=false}
02-13 18:48:46.233 W/WindowManager(  256): updateFocusedWindowLocked newFocus=Window{408ec828 com.android.mms/com.android.mms.ui.ComposeMessageActivity paused=false} mode=3 mCurrentFocus = Window{408ec828 com.android.mms/com.android.mms.ui.ComposeMessageActivity paused=false}
02-13 18:48:46.303 W/WindowManager(  256): updateFocusedWindowLocked newFocus=Window{408ec828 com.android.mms/com.android.mms.ui.ComposeMessageActivity paused=false} mode=3 mCurrentFocus = Window{408ec828 com.android.mms/com.android.mms.ui.ComposeMessageActivity paused=false}
02-13 18:48:46.633 D/PowerManagerService(  256): setTimeoutLocked now=108613 timeoutOverride=-1 nextState=3 when=114613
02-13 18:48:46.693 W/WindowManager(  256): updateFocusedWindowLocked newFocus=Window{408ec828 com.android.mms/com.android.mms.ui.ComposeMessageActivity paused=false} mode=3 mCurrentFocus = Window{408ec828 com.android.mms/com.android.mms.ui.ComposeMessageActivity paused=false}
02-13 18:48:46.733 D/PowerManagerService(  256): setTimeoutLocked now=108714 timeoutOverride=-1 nextState=3 when=114714
02-13 18:48:46.763 W/WindowManager(  256): updateFocusedWindowLocked newFocus=Window{408ec828 com.android.mms/com.android.mms.ui.ComposeMessageActivity paused=false} mode=3 mCurrentFocus = Window{408ec828 com.android.mms/com.android.mms.ui.ComposeMessageActivity paused=false}
02-13 18:48:46.934 W/WindowManager(  256): updateFocusedWindowLocked newFocus=Window{408ec828 com.android.mms/com.android.mms.ui.ComposeMessageActivity paused=false} mode=3 mCurrentFocus = Window{408ec828 com.android.mms/com.android.mms.ui.ComposeMessageActivity paused=false}
02-13 18:48:47.034 W/WindowManager(  256): updateFocusedWindowLocked newFocus=Window{408ec828 com.android.mms/com.android.mms.ui.ComposeMessageActivity paused=false} mode=3 mCurrentFocus = Window{408ec828 com.android.mms/com.android.mms.ui.ComposeMessageActivity paused=false}
02-13 18:48:47.114 W/WindowManager(  256): updateFocusedWindowLocked newFocus=Window{408ec828 com.android.mms/com.android.mms.ui.ComposeMessageActivity paused=false} mode=3 mCurrentFocus = Window{408ec828 com.android.mms/com.android.mms.ui.ComposeMessageActivity paused=false}
02-13 18:48:47.164 D/PowerManagerService(  256): setTimeoutLocked now=109140 timeoutOverride=-1 nextState=3 when=115140
02-13 18:48:47.194 W/WindowManager(  256): updateFocusedWindowLocked newFocus=Window{408ec828 com.android.mms/com.android.mms.ui.ComposeMessageActivity paused=false} mode=3 mCurrentFocus = Window{408ec828 com.android.mms/com.android.mms.ui.ComposeMessageActivity paused=false}
02-13 18:48:47.374 W/WindowManager(  256): updateFocusedWindowLocked newFocus=Window{408ec828 com.android.mms/com.android.mms.ui.ComposeMessageActivity paused=false} mode=3 mCurrentFocus = Window{408ec828 com.android.mms/com.android.mms.ui.ComposeMessageActivity paused=false}
02-13 18:48:47.424 D/PowerManagerService(  256): setTimeoutLocked now=109404 timeoutOverride=-1 nextState=3 when=115404
02-13 18:48:47.444 W/WindowManager(  256): updateFocusedWindowLocked newFocus=Window{408ec828 com.android.mms/com.android.mms.ui.ComposeMessageActivity paused=false} mode=3 mCurrentFocus = Window{408ec828 com.android.mms/com.android.mms.ui.ComposeMessageActivity paused=false}
02-13 18:48:47.915 D/PowerManagerService(  256): setTimeoutLocked now=109897 timeoutOverride=-1 nextState=3 when=115897
02-13 18:48:47.935 W/WindowManager(  256): updateFocusedWindowLocked newFocus=Window{408ec828 com.android.mms/com.android.mms.ui.ComposeMessageActivity paused=false} mode=3 mCurrentFocus = Window{408ec828 com.android.mms/com.android.mms.ui.ComposeMessageActivity paused=false}
02-13 18:48:48.005 D/PowerManagerService(  256): setTimeoutLocked now=109981 timeoutOverride=-1 nextState=3 when=115981
02-13 18:48:48.015 W/WindowManager(  256): updateFocusedWindowLocked newFocus=Window{408ec828 com.android.mms/com.android.mms.ui.ComposeMessageActivity paused=false} mode=3 mCurrentFocus = Window{408ec828 com.android.mms/com.android.mms.ui.ComposeMessageActivity paused=false}
02-13 18:48:48.135 W/WindowManager(  256): updateFocusedWindowLocked newFocus=Window{408ec828 com.android.mms/com.android.mms.ui.ComposeMessageActivity paused=false} mode=3 mCurrentFocus = Window{408ec828 com.android.mms/com.android.mms.ui.ComposeMessageActivity paused=false}
02-13 18:48:48.205 W/WindowManager(  256): updateFocusedWindowLocked newFocus=Window{408ec828 com.android.mms/com.android.mms.ui.ComposeMessageActivity paused=false} mode=3 mCurrentFocus = Window{408ec828 com.android.mms/com.android.mms.ui.ComposeMessageActivity paused=false}
02-13 18:48:48.215 D/StatusBarPolicy(  326): onSignalStrengthsChanged:SignalStrength: 99 0 -93 -120 -91 -25 8 99 2147483647 2147483647 2147483647 2147483647 cdma for subscription0
02-13 18:48:48.215 D/StatusBarPolicy(  326): updateSignalStrength on subscription :0
02-13 18:48:48.215 D/StatusBarPolicy(  326): StatusBarPolocy::getIconLevel -EVDO
02-13 18:48:48.215 D/StatusBarPolicy(  326): getEvdoLevel_band_six -evdoDbm:-91
02-13 18:48:48.215 D/StatusBarPolicy(  326): getEvdoLevel_band_six -evdoEcio:-25
02-13 18:48:48.545 D/PowerManagerService(  256): setTimeoutLocked now=110524 timeoutOverride=-1 nextState=3 when=116524
02-13 18:48:48.555 W/WindowManager(  256): updateFocusedWindowLocked newFocus=Window{408ec828 com.android.mms/com.android.mms.ui.ComposeMessageActivity paused=false} mode=3 mCurrentFocus = Window{408ec828 com.android.mms/com.android.mms.ui.ComposeMessageActivity paused=false}
02-13 18:48:48.685 D/PowerManagerService(  256): setTimeoutLocked now=110662 timeoutOverride=-1 nextState=3 when=116662
02-13 18:48:48.695 W/WindowManager(  256): updateFocusedWindowLocked newFocus=Window{408ec828 com.android.mms/com.android.mms.ui.ComposeMessageActivity paused=false} mode=3 mCurrentFocus = Window{408ec828 com.android.mms/com.android.mms.ui.ComposeMessageActivity paused=false}
02-13 18:48:48.775 W/WindowManager(  256): updateFocusedWindowLocked newFocus=Window{408ec828 com.android.mms/com.android.mms.ui.ComposeMessageActivity paused=false} mode=3 mCurrentFocus = Window{408ec828 com.android.mms/com.android.mms.ui.ComposeMessageActivity paused=false}
02-13 18:48:48.926 W/WindowManager(  256): updateFocusedWindowLocked newFocus=Window{408ec828 com.android.mms/com.android.mms.ui.ComposeMessageActivity paused=false} mode=3 mCurrentFocus = Window{408ec828 com.android.mms/com.android.mms.ui.ComposeMessageActivity paused=false}
02-13 18:48:49.096 D/PowerManagerService(  256): setTimeoutLocked now=111074 timeoutOverride=-1 nextState=3 when=117074
02-13 18:48:49.106 W/WindowManager(  256): updateFocusedWindowLocked newFocus=Window{408ec828 com.android.mms/com.android.mms.ui.ComposeMessageActivity paused=false} mode=3 mCurrentFocus = Window{408ec828 com.android.mms/com.android.mms.ui.ComposeMessageActivity paused=false}
02-13 18:48:49.206 D/PowerManagerService(  256): setTimeoutLocked now=111189 timeoutOverride=-1 nextState=3 when=117189
02-13 18:48:49.236 W/WindowManager(  256): updateFocusedWindowLocked newFocus=Window{408ec828 com.android.mms/com.android.mms.ui.ComposeMessageActivity paused=false} mode=3 mCurrentFocus = Window{408ec828 com.android.mms/com.android.mms.ui.ComposeMessageActivity paused=false}
02-13 18:48:49.316 W/WindowManager(  256): updateFocusedWindowLocked newFocus=Window{408ec828 com.android.mms/com.android.mms.ui.ComposeMessageActivity paused=false} mode=3 mCurrentFocus = Window{408ec828 com.android.mms/com.android.mms.ui.ComposeMessageActivity paused=false}
02-13 18:48:49.396 W/WindowManager(  256): updateFocusedWindowLocked newFocus=Window{408ec828 com.android.mms/com.android.mms.ui.ComposeMessageActivity paused=false} mode=3 mCurrentFocus = Window{408ec828 com.android.mms/com.android.mms.ui.ComposeMessageActivity paused=false}
02-13 18:48:49.496 D/WifiService(  256): ACTION_BATTERY_CHANGED pluggedType: 0
02-13 18:48:49.496 D/WifiService(  256): WifiHandler, MESSAGE_UPDATE_STATE
02-13 18:48:49.496 D/WifiService(  256): isAirplaneModeOn(): false
02-13 18:48:49.496 D/WifiService(  256): updateWifiState(), wifiEnabled: true, airplaneMode: false, wifiShouldBeEnabled: true, wifiShouldBeStarted: true, strongestLockMode: 1
02-13 18:48:49.496 D/WifiService(  256): WifiHandler, MESSAGE_ENABLE_WIFI, msg.arg1: 0, msg.arg2: 1000
02-13 18:48:49.496 D/WifiService(  256): WifiHandler, MESSAGE_START_WIFI, msg.arg1: 1
02-13 18:48:49.566 W/WindowManager(  256): updateFocusedWindowLocked newFocus=Window{408ec828 com.android.mms/com.android.mms.ui.ComposeMessageActivity paused=false} mode=3 mCurrentFocus = Window{408ec828 com.android.mms/com.android.mms.ui.ComposeMessageActivity paused=false}
02-13 18:48:49.596 D/PowerManagerService(  256): setTimeoutLocked now=111575 timeoutOverride=-1 nextState=3 when=117575
02-13 18:48:49.666 W/WindowManager(  256): updateFocusedWindowLocked newFocus=Window{408ec828 com.android.mms/com.android.mms.ui.ComposeMessageActivity paused=false} mode=3 mCurrentFocus = Window{408ec828 com.android.mms/com.android.mms.ui.ComposeMessageActivity paused=false}
02-13 18:48:49.786 W/WindowManager(  256): updateFocusedWindowLocked newFocus=Window{408ec828 com.android.mms/com.android.mms.ui.ComposeMessageActivity paused=false} mode=3 mCurrentFocus = Window{408ec828 com.android.mms/com.android.mms.ui.ComposeMessageActivity paused=false}
02-13 18:48:49.846 D/PowerManagerService(  256): setTimeoutLocked now=111838 timeoutOverride=-1 nextState=3 when=117838
02-13 18:48:49.876 W/WindowManager(  256): updateFocusedWindowLocked newFocus=Window{408ec828 com.android.mms/com.android.mms.ui.ComposeMessageActivity paused=false} mode=3 mCurrentFocus = Window{408ec828 com.android.mms/com.android.mms.ui.ComposeMessageActivity paused=false}
02-13 18:48:50.367 D/StatusBarPolicy(  326): updateDataIcon subscription =0
02-13 18:48:50.447 D/NetdConnector(  256): SND -> {interface readrxcounter rmnet0} {null}
02-13 18:48:50.447 D/NetdConnector(  256): RCV <- {216 19939}
02-13 18:48:50.457 D/StatusBarPolicy(  326): onSignalStrengthsChanged:SignalStrength: 99 0 -92 -70 -91 -20 8 99 2147483647 2147483647 2147483647 2147483647 cdma for subscription0
02-13 18:48:50.457 D/StatusBarPolicy(  326): updateSignalStrength on subscription :0
02-13 18:48:50.457 D/StatusBarPolicy(  326): StatusBarPolocy::getIconLevel -EVDO
02-13 18:48:50.457 D/StatusBarPolicy(  326): getEvdoLevel_band_six -evdoDbm:-91
02-13 18:48:50.457 D/StatusBarPolicy(  326): getEvdoLevel_band_six -evdoEcio:-20
02-13 18:48:50.467 D/NetdConnector(  256): RSP <- {216 19939}
02-13 18:48:50.477 D/NetdConnector(  256): SND -> {interface readtxcounter rmnet0} {null}
02-13 18:48:50.477 D/NetdConnector(  256): RCV <- {217 7503}
02-13 18:48:50.487 D/NetdConnector(  256): RSP <- {217 7503}
02-13 18:48:50.537 D/PowerManagerService(  256): setTimeoutLocked now=112524 timeoutOverride=-1 nextState=3 when=118524
02-13 18:48:50.547 W/WindowManager(  256): updateFocusedWindowLocked newFocus=Window{408ec828 com.android.mms/com.android.mms.ui.ComposeMessageActivity paused=false} mode=3 mCurrentFocus = Window{408ec828 com.android.mms/com.android.mms.ui.ComposeMessageActivity paused=false}
02-13 18:48:50.597 D/PowerManagerService(  256): setTimeoutLocked now=112587 timeoutOverride=-1 nextState=3 when=118587
02-13 18:48:50.617 W/WindowManager(  256): updateFocusedWindowLocked newFocus=Window{408ec828 com.android.mms/com.android.mms.ui.ComposeMessageActivity paused=false} mode=3 mCurrentFocus = Window{408ec828 com.android.mms/com.android.mms.ui.ComposeMessageActivity paused=false}
02-13 18:48:50.717 W/WindowManager(  256): updateFocusedWindowLocked newFocus=Window{408ec828 com.android.mms/com.android.mms.ui.ComposeMessageActivity paused=false} mode=3 mCurrentFocus = Window{408ec828 com.android.mms/com.android.mms.ui.ComposeMessageActivity paused=false}
02-13 18:48:50.777 W/WindowManager(  256): updateFocusedWindowLocked newFocus=Window{408ec828 com.android.mms/com.android.mms.ui.ComposeMessageActivity paused=false} mode=3 mCurrentFocus = Window{408ec828 com.android.mms/com.android.mms.ui.ComposeMessageActivity paused=false}
02-13 18:48:50.827 W/WindowManager(  256): updateFocusedWindowLocked newFocus=Window{408ec828 com.android.mms/com.android.mms.ui.ComposeMessageActivity paused=false} mode=3 mCurrentFocus = Window{408ec828 com.android.mms/com.android.mms.ui.ComposeMessageActivity paused=false}
02-13 18:48:50.937 W/WindowManager(  256): updateFocusedWindowLocked newFocus=Window{408ec828 com.android.mms/com.android.mms.ui.ComposeMessageActivity paused=false} mode=3 mCurrentFocus = Window{408ec828 com.android.mms/com.android.mms.ui.ComposeMessageActivity paused=false}
02-13 18:48:51.028 W/WindowManager(  256): updateFocusedWindowLocked newFocus=Window{408ec828 com.android.mms/com.android.mms.ui.ComposeMessageActivity paused=false} mode=3 mCurrentFocus = Window{408ec828 com.android.mms/com.android.mms.ui.ComposeMessageActivity paused=false}
02-13 18:48:51.078 D/PowerManagerService(  256): setTimeoutLocked now=113063 timeoutOverride=-1 nextState=3 when=119063
02-13 18:48:51.098 D/PowerManagerService(  256): setTimeoutLocked now=113088 timeoutOverride=-1 nextState=3 when=119088
02-13 18:48:51.128 W/WindowManager(  256): updateFocusedWindowLocked newFocus=Window{408ec828 com.android.mms/com.android.mms.ui.ComposeMessageActivity paused=false} mode=3 mCurrentFocus = Window{408ec828 com.android.mms/com.android.mms.ui.ComposeMessageActivity paused=false}
02-13 18:48:51.298 W/WindowManager(  256): updateFocusedWindowLocked newFocus=Window{408ec828 com.android.mms/com.android.mms.ui.ComposeMessageActivity paused=false} mode=3 mCurrentFocus = Window{408ec828 com.android.mms/com.android.mms.ui.ComposeMessageActivity paused=false}
02-13 18:48:51.358 W/WindowManager(  256): updateFocusedWindowLocked newFocus=Window{408ec828 com.android.mms/com.android.mms.ui.ComposeMessageActivity paused=false} mode=3 mCurrentFocus = Window{408ec828 com.android.mms/com.android.mms.ui.ComposeMessageActivity paused=false}
02-13 18:48:51.368 D/StatusBarPolicy(  326): updateDataIcon subscription =0
02-13 18:48:51.548 W/WindowManager(  256): updateFocusedWindowLocked newFocus=Window{408ec828 com.android.mms/com.android.mms.ui.ComposeMessageActivity paused=false} mode=3 mCurrentFocus = Window{408ec828 com.android.mms/com.android.mms.ui.ComposeMessageActivity paused=false}
02-13 18:48:51.588 D/PowerManagerService(  256): setTimeoutLocked now=113578 timeoutOverride=-1 nextState=3 when=119578
02-13 18:48:51.628 D/PowerManagerService(  256): setTimeoutLocked now=113615 timeoutOverride=-1 nextState=3 when=119615
02-13 18:48:51.658 W/WindowManager(  256): updateFocusedWindowLocked newFocus=Window{408ec828 com.android.mms/com.android.mms.ui.ComposeMessageActivity paused=false} mode=3 mCurrentFocus = Window{408ec828 com.android.mms/com.android.mms.ui.ComposeMessageActivity paused=false}
02-13 18:48:51.968 W/WindowManager(  256): updateFocusedWindowLocked newFocus=Window{408ec828 com.android.mms/com.android.mms.ui.ComposeMessageActivity paused=false} mode=3 mCurrentFocus = Window{408ec828 com.android.mms/com.android.mms.ui.ComposeMessageActivity paused=false}
02-13 18:48:52.149 D/PowerManagerService(  256): setTimeoutLocked now=114132 timeoutOverride=-1 nextState=3 when=120132
02-13 18:48:52.159 W/WindowManager(  256): updateFocusedWindowLocked newFocus=Window{408ec828 com.android.mms/com.android.mms.ui.ComposeMessageActivity paused=false} mode=3 mCurrentFocus = Window{408ec828 com.android.mms/com.android.mms.ui.ComposeMessageActivity paused=false}
02-13 18:48:52.169 W/WindowManager(  256): updateFocusedWindowLocked newFocus=Window{408ec828 com.android.mms/com.android.mms.ui.ComposeMessageActivity paused=false} mode=3 mCurrentFocus = Window{408ec828 com.android.mms/com.android.mms.ui.ComposeMessageActivity paused=false}
02-13 18:48:52.299 D/PowerManagerService(  256): setTimeoutLocked now=114280 timeoutOverride=-1 nextState=3 when=120280
02-13 18:48:52.339 W/WindowManager(  256): updateFocusedWindowLocked newFocus=Window{408ec828 com.android.mms/com.android.mms.ui.ComposeMessageActivity paused=false} mode=3 mCurrentFocus = Window{408ec828 com.android.mms/com.android.mms.ui.ComposeMessageActivity paused=false}
02-13 18:48:52.379 D/StatusBarPolicy(  326): updateDataIcon subscription =0
02-13 18:48:52.429 W/WindowManager(  256): updateFocusedWindowLocked newFocus=Window{408ec828 com.android.mms/com.android.mms.ui.ComposeMessageActivity paused=false} mode=3 mCurrentFocus = Window{408ec828 com.android.mms/com.android.mms.ui.ComposeMessageActivity paused=false}
02-13 18:48:52.539 W/WindowManager(  256): updateFocusedWindowLocked newFocus=Window{408ec828 com.android.mms/com.android.mms.ui.ComposeMessageActivity paused=false} mode=3 mCurrentFocus = Window{408ec828 com.android.mms/com.android.mms.ui.ComposeMessageActivity paused=false}
02-13 18:48:52.569 W/WindowManager(  256): updateFocusedWindowLocked newFocus=Window{408ec828 com.android.mms/com.android.mms.ui.ComposeMessageActivity paused=false} mode=3 mCurrentFocus = Window{408ec828 com.android.mms/com.android.mms.ui.ComposeMessageActivity paused=false}
02-13 18:48:52.709 W/WindowManager(  256): updateFocusedWindowLocked newFocus=Window{408ec828 com.android.mms/com.android.mms.ui.ComposeMessageActivity paused=false} mode=3 mCurrentFocus = Window{408ec828 com.android.mms/com.android.mms.ui.ComposeMessageActivity paused=false}
02-13 18:48:52.749 D/PowerManagerService(  256): setTimeoutLocked now=114736 timeoutOverride=-1 nextState=3 when=120736
02-13 18:48:52.759 W/WindowManager(  256): updateFocusedWindowLocked newFocus=Window{408ec828 com.android.mms/com.android.mms.ui.ComposeMessageActivity paused=false} mode=3 mCurrentFocus = Window{408ec828 com.android.mms/com.android.mms.ui.ComposeMessageActivity paused=false}
02-13 18:48:52.839 D/PowerManagerService(  256): setTimeoutLocked now=114820 timeoutOverride=-1 nextState=3 when=120820
02-13 18:48:52.849 W/WindowManager(  256): updateFocusedWindowLocked newFocus=Window{408ec828 com.android.mms/com.android.mms.ui.ComposeMessageActivity paused=false} mode=3 mCurrentFocus = Window{408ec828 com.android.mms/com.android.mms.ui.ComposeMessageActivity paused=false}
02-13 18:48:53.450 D/PowerManagerService(  256): setTimeoutLocked now=115427 timeoutOverride=-1 nextState=3 when=121427
02-13 18:48:53.450 W/WindowManager(  256): updateFocusedWindowLocked newFocus=Window{408ec828 com.android.mms/com.android.mms.ui.ComposeMessageActivity paused=false} mode=3 mCurrentFocus = Window{408ec828 com.android.mms/com.android.mms.ui.ComposeMessageActivity paused=false}
02-13 18:48:53.540 D/PowerManagerService(  256): setTimeoutLocked now=115525 timeoutOverride=-1 nextState=3 when=121525
02-13 18:48:53.590 W/WindowManager(  256): updateFocusedWindowLocked newFocus=Window{408ec828 com.android.mms/com.android.mms.ui.ComposeMessageActivity paused=false} mode=3 mCurrentFocus = Window{408ec828 com.android.mms/com.android.mms.ui.ComposeMessageActivity paused=false}
02-13 18:48:53.710 W/WindowManager(  256): updateFocusedWindowLocked newFocus=Window{408ec828 com.android.mms/com.android.mms.ui.ComposeMessageActivity paused=false} mode=3 mCurrentFocus = Window{408ec828 com.android.mms/com.android.mms.ui.ComposeMessageActivity paused=false}
02-13 18:48:53.820 W/WindowManager(  256): updateFocusedWindowLocked newFocus=Window{408ec828 com.android.mms/com.android.mms.ui.ComposeMessageActivity paused=false} mode=3 mCurrentFocus = Window{408ec828 com.android.mms/com.android.mms.ui.ComposeMessageActivity paused=false}
02-13 18:48:54.010 D/PowerManagerService(  256): setTimeoutLocked now=115989 timeoutOverride=-1 nextState=3 when=121989
02-13 18:48:54.020 W/WindowManager(  256): updateFocusedWindowLocked newFocus=Window{408ec828 com.android.mms/com.android.mms.ui.ComposeMessageActivity paused=false} mode=3 mCurrentFocus = Window{408ec828 com.android.mms/com.android.mms.ui.ComposeMessageActivity paused=false}
02-13 18:48:54.121 D/PowerManagerService(  256): setTimeoutLocked now=116102 timeoutOverride=-1 nextState=3 when=122102
02-13 18:48:54.151 W/WindowManager(  256): updateFocusedWindowLocked newFocus=Window{408ec828 com.android.mms/com.android.mms.ui.ComposeMessageActivity paused=false} mode=3 mCurrentFocus = Window{408ec828 com.android.mms/com.android.mms.ui.ComposeMessageActivity paused=false}
02-13 18:48:54.241 W/WindowManager(  256): updateFocusedWindowLocked newFocus=Window{408ec828 com.android.mms/com.android.mms.ui.ComposeMessageActivity paused=false} mode=3 mCurrentFocus = Window{408ec828 com.android.mms/com.android.mms.ui.ComposeMessageActivity paused=false}
02-13 18:48:54.381 W/WindowManager(  256): updateFocusedWindowLocked newFocus=Window{408ec828 com.android.mms/com.android.mms.ui.ComposeMessageActivity paused=false} mode=3 mCurrentFocus = Window{408ec828 com.android.mms/com.android.mms.ui.ComposeMessageActivity paused=false}
02-13 18:48:54.511 D/PowerManagerService(  256): setTimeoutLocked now=116491 timeoutOverride=-1 nextState=3 when=122491
02-13 18:48:54.521 W/WindowManager(  256): updateFocusedWindowLocked newFocus=Window{408ec828 com.android.mms/com.android.mms.ui.ComposeMessageActivity paused=false} mode=3 mCurrentFocus = Window{408ec828 com.android.mms/com.android.mms.ui.ComposeMessageActivity paused=false}
02-13 18:48:54.641 W/WindowManager(  256): updateFocusedWindowLocked newFocus=Window{408ec828 com.android.mms/com.android.mms.ui.ComposeMessageActivity paused=false} mode=3 mCurrentFocus = Window{408ec828 com.android.mms/com.android.mms.ui.ComposeMessageActivity paused=false}
02-13 18:48:54.681 W/WindowManager(  256): updateFocusedWindowLocked newFocus=Window{408ec828 com.android.mms/com.android.mms.ui.ComposeMessageActivity paused=false} mode=3 mCurrentFocus = Window{408ec828 com.android.mms/com.android.mms.ui.ComposeMessageActivity paused=false}
02-13 18:48:54.801 D/PowerManagerService(  256): setTimeoutLocked now=116780 timeoutOverride=-1 nextState=3 when=122780
02-13 18:48:54.821 W/WindowManager(  256): updateFocusedWindowLocked newFocus=Window{408ec828 com.android.mms/com.android.mms.ui.ComposeMessageActivity paused=false} mode=3 mCurrentFocus = Window{408ec828 com.android.mms/com.android.mms.ui.ComposeMessageActivity paused=false}
02-13 18:48:54.921 W/WindowManager(  256): updateFocusedWindowLocked newFocus=Window{408ec828 com.android.mms/com.android.mms.ui.ComposeMessageActivity paused=false} mode=3 mCurrentFocus = Window{408ec828 com.android.mms/com.android.mms.ui.ComposeMessageActivity paused=false}
02-13 18:48:55.021 W/WindowManager(  256): updateFocusedWindowLocked newFocus=Window{408ec828 com.android.mms/com.android.mms.ui.ComposeMessageActivity paused=false} mode=3 mCurrentFocus = Window{408ec828 com.android.mms/com.android.mms.ui.ComposeMessageActivity paused=false}
02-13 18:48:55.051 D/PowerManagerService(  256): setTimeoutLocked now=117032 timeoutOverride=-1 nextState=3 when=123032
02-13 18:48:55.061 W/WindowManager(  256): updateFocusedWindowLocked newFocus=Window{408ec828 com.android.mms/com.android.mms.ui.ComposeMessageActivity paused=false} mode=3 mCurrentFocus = Window{408ec828 com.android.mms/com.android.mms.ui.ComposeMessageActivity paused=false}
02-13 18:48:55.202 W/WindowManager(  256): updateFocusedWindowLocked newFocus=Window{408ec828 com.android.mms/com.android.mms.ui.ComposeMessageActivity paused=false} mode=3 mCurrentFocus = Window{408ec828 com.android.mms/com.android.mms.ui.ComposeMessageActivity paused=false}
02-13 18:48:55.252 W/WindowManager(  256): updateFocusedWindowLocked newFocus=Window{408ec828 com.android.mms/com.android.mms.ui.ComposeMessageActivity paused=false} mode=3 mCurrentFocus = Window{408ec828 com.android.mms/com.android.mms.ui.ComposeMessageActivity paused=false}
02-13 18:48:55.322 D/PowerManagerService(  256): setTimeoutLocked now=117308 timeoutOverride=-1 nextState=3 when=123308
02-13 18:48:55.342 W/WindowManager(  256): updateFocusedWindowLocked newFocus=Window{408ec828 com.android.mms/com.android.mms.ui.ComposeMessageActivity paused=false} mode=3 mCurrentFocus = Window{408ec828 com.android.mms/com.android.mms.ui.ComposeMessageActivity paused=false}
02-13 18:48:55.492 W/WindowManager(  256): updateFocusedWindowLocked newFocus=Window{408ec828 com.android.mms/com.android.mms.ui.ComposeMessageActivity paused=false} mode=3 mCurrentFocus = Window{408ec828 com.android.mms/com.android.mms.ui.ComposeMessageActivity paused=false}
02-13 18:48:55.592 D/PowerManagerService(  256): setTimeoutLocked now=117570 timeoutOverride=-1 nextState=3 when=123570
02-13 18:48:55.632 W/WindowManager(  256): updateFocusedWindowLocked newFocus=Window{408ec828 com.android.mms/com.android.mms.ui.ComposeMessageActivity paused=false} mode=3 mCurrentFocus = Window{408ec828 com.android.mms/com.android.mms.ui.ComposeMessageActivity paused=false}
02-13 18:48:55.782 W/WindowManager(  256): updateFocusedWindowLocked newFocus=Window{408ec828 com.android.mms/com.android.mms.ui.ComposeMessageActivity paused=false} mode=3 mCurrentFocus = Window{408ec828 com.android.mms/com.android.mms.ui.ComposeMessageActivity paused=false}
02-13 18:48:55.862 D/PowerManagerService(  256): setTimeoutLocked now=117847 timeoutOverride=-1 nextState=3 when=123847
02-13 18:48:55.882 W/WindowManager(  256): updateFocusedWindowLocked newFocus=Window{408ec828 com.android.mms/com.android.mms.ui.ComposeMessageActivity paused=false} mode=3 mCurrentFocus = Window{408ec828 com.android.mms/com.android.mms.ui.ComposeMessageActivity paused=false}
02-13 18:48:56.173 D/PowerManagerService(  256): setTimeoutLocked now=118147 timeoutOverride=-1 nextState=3 when=124147
02-13 18:48:56.183 W/WindowManager(  256): updateFocusedWindowLocked newFocus=Window{408ec828 com.android.mms/com.android.mms.ui.ComposeMessageActivity paused=false} mode=3 mCurrentFocus = Window{408ec828 com.android.mms/com.android.mms.ui.ComposeMessageActivity paused=false}
02-13 18:48:56.243 W/WindowManager(  256): updateFocusedWindowLocked newFocus=Window{408ec828 com.android.mms/com.android.mms.ui.ComposeMessageActivity paused=false} mode=3 mCurrentFocus = Window{408ec828 com.android.mms/com.android.mms.ui.ComposeMessageActivity paused=false}
02-13 18:48:56.403 W/WindowManager(  256): updateFocusedWindowLocked newFocus=Window{408ec828 com.android.mms/com.android.mms.ui.ComposeMessageActivity paused=false} mode=3 mCurrentFocus = Window{408ec828 com.android.mms/com.android.mms.ui.ComposeMessageActivity paused=false}
02-13 18:48:56.443 D/PowerManagerService(  256): setTimeoutLocked now=118423 timeoutOverride=-1 nextState=3 when=124423
02-13 18:48:56.463 W/WindowManager(  256): updateFocusedWindowLocked newFocus=Window{408ec828 com.android.mms/com.android.mms.ui.ComposeMessageActivity paused=false} mode=3 mCurrentFocus = Window{408ec828 com.android.mms/com.android.mms.ui.ComposeMessageActivity paused=false}
02-13 18:48:56.633 W/WindowManager(  256): updateFocusedWindowLocked newFocus=Window{408ec828 com.android.mms/com.android.mms.ui.ComposeMessageActivity paused=false} mode=3 mCurrentFocus = Window{408ec828 com.android.mms/com.android.mms.ui.ComposeMessageActivity paused=false}
02-13 18:48:56.693 D/PowerManagerService(  256): setTimeoutLocked now=118674 timeoutOverride=-1 nextState=3 when=124674
02-13 18:48:56.783 W/WindowManager(  256): updateFocusedWindowLocked newFocus=Window{408ec828 com.android.mms/com.android.mms.ui.ComposeMessageActivity paused=false} mode=3 mCurrentFocus = Window{408ec828 com.android.mms/com.android.mms.ui.ComposeMessageActivity paused=false}
02-13 18:48:56.853 W/WindowManager(  256): updateFocusedWindowLocked newFocus=Window{408ec828 com.android.mms/com.android.mms.ui.ComposeMessageActivity paused=false} mode=3 mCurrentFocus = Window{408ec828 com.android.mms/com.android.mms.ui.ComposeMessageActivity paused=false}
02-13 18:48:56.913 W/WindowManager(  256): updateFocusedWindowLocked newFocus=Window{408ec828 com.android.mms/com.android.mms.ui.ComposeMessageActivity paused=false} mode=3 mCurrentFocus = Window{408ec828 com.android.mms/com.android.mms.ui.ComposeMessageActivity paused=false}
02-13 18:48:57.184 W/WindowManager(  256): updateFocusedWindowLocked newFocus=Window{408ec828 com.android.mms/com.android.mms.ui.ComposeMessageActivity paused=false} mode=3 mCurrentFocus = Window{408ec828 com.android.mms/com.android.mms.ui.ComposeMessageActivity paused=false}
02-13 18:48:57.224 D/PowerManagerService(  256): setTimeoutLocked now=119202 timeoutOverride=-1 nextState=3 when=125202
02-13 18:48:57.254 D/PowerManagerService(  256): setTimeoutLocked now=119238 timeoutOverride=-1 nextState=3 when=125238
02-13 18:48:57.274 W/WindowManager(  256): updateFocusedWindowLocked newFocus=Window{408ec828 com.android.mms/com.android.mms.ui.ComposeMessageActivity paused=false} mode=3 mCurrentFocus = Window{408ec828 com.android.mms/com.android.mms.ui.ComposeMessageActivity paused=false}
02-13 18:48:57.554 W/WindowManager(  256): updateFocusedWindowLocked newFocus=Window{408ec828 com.android.mms/com.android.mms.ui.ComposeMessageActivity paused=false} mode=3 mCurrentFocus = Window{408ec828 com.android.mms/com.android.mms.ui.ComposeMessageActivity paused=false}
02-13 18:48:57.654 W/WindowManager(  256): updateFocusedWindowLocked newFocus=Window{408ec828 com.android.mms/com.android.mms.ui.ComposeMessageActivity paused=false} mode=3 mCurrentFocus = Window{408ec828 com.android.mms/com.android.mms.ui.ComposeMessageActivity paused=false}
02-13 18:48:57.834 D/PowerManagerService(  256): setTimeoutLocked now=119815 timeoutOverride=-1 nextState=3 when=125815
02-13 18:48:57.844 W/WindowManager(  256): updateFocusedWindowLocked newFocus=Window{408ec828 com.android.mms/com.android.mms.ui.ComposeMessageActivity paused=false} mode=3 mCurrentFocus = Window{408ec828 com.android.mms/com.android.mms.ui.ComposeMessageActivity paused=false}
02-13 18:48:57.894 D/PowerManagerService(  256): setTimeoutLocked now=119878 timeoutOverride=-1 nextState=3 when=125878
02-13 18:48:57.934 W/WindowManager(  256): updateFocusedWindowLocked newFocus=Window{408ec828 com.android.mms/com.android.mms.ui.ComposeMessageActivity paused=false} mode=3 mCurrentFocus = Window{408ec828 com.android.mms/com.android.mms.ui.ComposeMessageActivity paused=false}
02-13 18:48:58.054 W/WindowManager(  256): updateFocusedWindowLocked newFocus=Window{408ec828 com.android.mms/com.android.mms.ui.ComposeMessageActivity paused=false} mode=3 mCurrentFocus = Window{408ec828 com.android.mms/com.android.mms.ui.ComposeMessageActivity paused=false}
02-13 18:48:58.155 W/WindowManager(  256): updateFocusedWindowLocked newFocus=Window{408ec828 com.android.mms/com.android.mms.ui.ComposeMessageActivity paused=false} mode=3 mCurrentFocus = Window{408ec828 com.android.mms/com.android.mms.ui.ComposeMessageActivity paused=false}
02-13 18:48:58.275 W/WindowManager(  256): updateFocusedWindowLocked newFocus=Window{408ec828 com.android.mms/com.android.mms.ui.ComposeMessageActivity paused=false} mode=3 mCurrentFocus = Window{408ec828 com.android.mms/com.android.mms.ui.ComposeMessageActivity paused=false}
02-13 18:48:58.345 D/PowerManagerService(  256): setTimeoutLocked now=120317 timeoutOverride=-1 nextState=3 when=126317
02-13 18:48:58.405 W/WindowManager(  256): updateFocusedWindowLocked newFocus=Window{408ec828 com.android.mms/com.android.mms.ui.ComposeMessageActivity paused=false} mode=3 mCurrentFocus = Window{408ec828 com.android.mms/com.android.mms.ui.ComposeMessageActivity paused=false}
02-13 18:48:58.565 W/WindowManager(  256): updateFocusedWindowLocked newFocus=Window{408ec828 com.android.mms/com.android.mms.ui.ComposeMessageActivity paused=false} mode=3 mCurrentFocus = Window{408ec828 com.android.mms/com.android.mms.ui.ComposeMessageActivity paused=false}
02-13 18:48:58.635 D/PowerManagerService(  256): setTimeoutLocked now=120618 timeoutOverride=-1 nextState=3 when=126618
02-13 18:48:58.665 W/WindowManager(  256): updateFocusedWindowLocked newFocus=Window{408ec828 com.android.mms/com.android.mms.ui.ComposeMessageActivity paused=false} mode=3 mCurrentFocus = Window{408ec828 com.android.mms/com.android.mms.ui.ComposeMessageActivity paused=false}
02-13 18:48:59.165 D/PowerManagerService(  256): setTimeoutLocked now=121145 timeoutOverride=-1 nextState=3 when=127145
02-13 18:48:59.186 W/WindowManager(  256): updateFocusedWindowLocked newFocus=Window{408ec828 com.android.mms/com.android.mms.ui.ComposeMessageActivity paused=false} mode=3 mCurrentFocus = Window{408ec828 com.android.mms/com.android.mms.ui.ComposeMessageActivity paused=false}
02-13 18:48:59.306 D/PowerManagerService(  256): setTimeoutLocked now=121283 timeoutOverride=-1 nextState=3 when=127283
02-13 18:48:59.326 W/WindowManager(  256): updateFocusedWindowLocked newFocus=Window{408ec828 com.android.mms/com.android.mms.ui.ComposeMessageActivity paused=false} mode=3 mCurrentFocus = Window{408ec828 com.android.mms/com.android.mms.ui.ComposeMessageActivity paused=false}
02-13 18:48:59.686 D/PowerManagerService(  256): setTimeoutLocked now=121661 timeoutOverride=-1 nextState=3 when=127661
02-13 18:48:59.726 W/WindowManager(  256): updateFocusedWindowLocked newFocus=Window{408ec828 com.android.mms/com.android.mms.ui.ComposeMessageActivity paused=false} mode=3 mCurrentFocus = Window{408ec828 com.android.mms/com.android.mms.ui.ComposeMessageActivity paused=false}
02-13 18:48:59.806 D/PowerManagerService(  256): setTimeoutLocked now=121786 timeoutOverride=-1 nextState=3 when=127786
02-13 18:48:59.856 W/WindowManager(  256): updateFocusedWindowLocked newFocus=Window{408ec828 com.android.mms/com.android.mms.ui.ComposeMessageActivity paused=false} mode=3 mCurrentFocus = Window{408ec828 com.android.mms/com.android.mms.ui.ComposeMessageActivity paused=false}
02-13 18:48:59.996 D/AlarmManager(  256): scheduleTimeTickEvent calendar=Mon Feb 13 18:50:00 CST 2012
02-13 18:48:59.996 D/AlarmManager(  256): calendar.getTimeInMillis()1329180600000
02-13 18:49:00.217 D/PowerManagerService(  256): setTimeoutLocked now=122199 timeoutOverride=-1 nextState=3 when=128199
02-13 18:49:00.227 W/WindowManager(  256): updateFocusedWindowLocked newFocus=Window{408ec828 com.android.mms/com.android.mms.ui.ComposeMessageActivity paused=false} mode=3 mCurrentFocus = Window{408ec828 com.android.mms/com.android.mms.ui.ComposeMessageActivity paused=false}
02-13 18:49:00.337 D/PowerManagerService(  256): setTimeoutLocked now=122324 timeoutOverride=-1 nextState=3 when=128324
02-13 18:49:00.357 W/WindowManager(  256): updateFocusedWindowLocked newFocus=Window{408ec828 com.android.mms/com.android.mms.ui.ComposeMessageActivity paused=false} mode=3 mCurrentFocus = Window{408ec828 com.android.mms/com.android.mms.ui.ComposeMessageActivity paused=false}
02-13 18:49:00.997 D/StatusBarPolicy(  326): updateDataIcon subscription =0
02-13 18:49:01.197 D/PowerManagerService(  256): setTimeoutLocked now=123172 timeoutOverride=-1 nextState=3 when=129172
02-13 18:49:01.197 W/WindowManager(  256): updateFocusedWindowLocked newFocus=Window{408ec828 com.android.mms/com.android.mms.ui.ComposeMessageActivity paused=false} mode=3 mCurrentFocus = Window{408ec828 com.android.mms/com.android.mms.ui.ComposeMessageActivity paused=false}
02-13 18:49:01.278 D/PowerManagerService(  256): setTimeoutLocked now=123260 timeoutOverride=-1 nextState=3 when=129260
02-13 18:49:01.288 W/WindowManager(  256): updateFocusedWindowLocked newFocus=Window{408ec828 com.android.mms/com.android.mms.ui.ComposeMessageActivity paused=false} mode=3 mCurrentFocus = Window{408ec828 com.android.mms/com.android.mms.ui.ComposeMessageActivity paused=false}
02-13 18:49:01.498 W/WindowManager(  256): updateFocusedWindowLocked newFocus=Window{408ec828 com.android.mms/com.android.mms.ui.ComposeMessageActivity paused=false} mode=3 mCurrentFocus = Window{408ec828 com.android.mms/com.android.mms.ui.ComposeMessageActivity paused=false}
02-13 18:49:01.628 W/WindowManager(  256): updateFocusedWindowLocked newFocus=Window{408ec828 com.android.mms/com.android.mms.ui.ComposeMessageActivity paused=false} mode=3 mCurrentFocus = Window{408ec828 com.android.mms/com.android.mms.ui.ComposeMessageActivity paused=false}
