02-13 18:49:02.198 D/PowerManagerService(  256): setTimeoutLocked now=124181 timeoutOverride=-1 nextState=3 when=130181
02-13 18:49:02.208 W/WindowManager(  256): updateFocusedWindowLocked newFocus=Window{408ec828 com.android.mms/com.android.mms.ui.ComposeMessageActivity paused=false} mode=3 mCurrentFocus = Window{408ec828 com.android.mms/com.android.mms.ui.ComposeMessageActivity paused=false}
02-13 18:49:02.259 D/PowerManagerService(  256): setTimeoutLocked now=124243 timeoutOverride=-1 nextState=3 when=130243
02-13 18:49:02.279 W/WindowManager(  256): updateFocusedWindowLocked newFocus=Window{408ec828 com.android.mms/com.android.mms.ui.ComposeMessageActivity paused=false} mode=3 mCurrentFocus = Window{408ec828 com.android.mms/com.android.mms.ui.ComposeMessageActivity paused=false}
02-13 18:49:02.699 D/PowerManagerService(  256): setTimeoutLocked now=124686 timeoutOverride=-1 nextState=3 when=130686
02-13 18:49:02.709 W/WindowManager(  256): updateFocusedWindowLocked newFocus=Window{408ec828 com.android.mms/com.android.mms.ui.ComposeMessageActivity paused=false} mode=3 mCurrentFocus = Window{408ec828 com.android.mms/com.android.mms.ui.ComposeMessageActivity paused=false}
02-13 18:49:02.809 D/PowerManagerService(  256): setTimeoutLocked now=124795 timeoutOverride=-1 nextState=3 when=130795
02-13 18:49:02.829 W/WindowManager(  256): updateFocusedWindowLocked newFocus=Window{408ec828 com.android.mms/com.android.mms.ui.ComposeMessageActivity paused=false} mode=3 mCurrentFocus = Window{408ec828 com.android.mms/com.android.mms.ui.ComposeMessageActivity paused=false}
02-13 18:49:03.049 W/WindowManager(  256): updateFocusedWindowLocked newFocus=Window{408ec828 com.android.mms/com.android.mms.ui.ComposeMessageActivity paused=false} mode=3 mCurrentFocus = Window{408ec828 com.android.mms/com.android.mms.ui.ComposeMessageActivity paused=false}
02-13 18:49:03.179 W/WindowManager(  256): updateFocusedWindowLocked newFocus=Window{408ec828 com.android.mms/com.android.mms.ui.ComposeMessageActivity paused=false} mode=3 mCurrentFocus = Window{408ec828 com.android.mms/com.android.mms.ui.ComposeMessageActivity paused=false}
02-13 18:49:03.920 D/StatusBarPolicy(  326): onSignalStrengthsChanged:SignalStrength: 99 0 -120 -90 -120 -30 8 99 2147483647 2147483647 2147483647 2147483647 cdma for subscription0
02-13 18:49:03.920 D/StatusBarPolicy(  326): updateSignalStrength on subscription :0
02-13 18:49:03.930 D/StatusBarPolicy(  326): StatusBarPolocy::getIconLevel -EVDO
02-13 18:49:03.930 D/StatusBarPolicy(  326): getEvdoLevel_band_six -evdoDbm:-120
02-13 18:49:03.930 D/StatusBarPolicy(  326): getEvdoLevel_band_six -evdoEcio:-30
02-13 18:49:03.980 D/StatusBarPolicy(  326): onSignalStrengthsChanged:SignalStrength: 99 0 -92 -90 -92 -30 8 99 2147483647 2147483647 2147483647 2147483647 cdma for subscription0
02-13 18:49:03.980 D/StatusBarPolicy(  326): updateSignalStrength on subscription :0
02-13 18:49:03.980 D/StatusBarPolicy(  326): StatusBarPolocy::getIconLevel -EVDO
02-13 18:49:03.980 D/StatusBarPolicy(  326): getEvdoLevel_band_six -evdoDbm:-92
02-13 18:49:03.980 D/StatusBarPolicy(  326): getEvdoLevel_band_six -evdoEcio:-30
02-13 18:49:04.130 D/PowerManagerService(  256): setTimeoutLocked now=126108 timeoutOverride=-1 nextState=3 when=132108
02-13 18:49:04.140 W/WindowManager(  256): updateFocusedWindowLocked newFocus=Window{408ec828 com.android.mms/com.android.mms.ui.ComposeMessageActivity paused=false} mode=3 mCurrentFocus = Window{408ec828 com.android.mms/com.android.mms.ui.ComposeMessageActivity paused=false}
02-13 18:49:04.260 D/PowerManagerService(  256): setTimeoutLocked now=126246 timeoutOverride=-1 nextState=3 when=132246
02-13 18:49:04.331 W/WindowManager(  256): updateFocusedWindowLocked newFocus=Window{408ec828 com.android.mms/com.android.mms.ui.ComposeMessageActivity paused=false} mode=3 mCurrentFocus = Window{408ec828 com.android.mms/com.android.mms.ui.ComposeMessageActivity paused=false}
02-13 18:49:04.911 D/PowerManagerService(  256): setTimeoutLocked now=126895 timeoutOverride=-1 nextState=3 when=132895
02-13 18:49:04.921 W/WindowManager(  256): updateFocusedWindowLocked newFocus=Window{408ec828 com.android.mms/com.android.mms.ui.ComposeMessageActivity paused=false} mode=3 mCurrentFocus = Window{408ec828 com.android.mms/com.android.mms.ui.ComposeMessageActivity paused=false}
02-13 18:49:05.021 W/WindowManager(  256): updateFocusedWindowLocked newFocus=Window{408ec828 com.android.mms/com.android.mms.ui.ComposeMessageActivity paused=false} mode=3 mCurrentFocus = Window{408ec828 com.android.mms/com.android.mms.ui.ComposeMessageActivity paused=false}
02-13 18:49:05.021 D/PowerManagerService(  256): setTimeoutLocked now=126993 timeoutOverride=-1 nextState=3 when=132993
02-13 18:49:05.261 W/WindowManager(  256): updateFocusedWindowLocked newFocus=Window{408ec828 com.android.mms/com.android.mms.ui.ComposeMessageActivity paused=false} mode=3 mCurrentFocus = Window{408ec828 com.android.mms/com.android.mms.ui.ComposeMessageActivity paused=false}
02-13 18:49:05.412 W/WindowManager(  256): updateFocusedWindowLocked newFocus=Window{408ec828 com.android.mms/com.android.mms.ui.ComposeMessageActivity paused=false} mode=3 mCurrentFocus = Window{408ec828 com.android.mms/com.android.mms.ui.ComposeMessageActivity paused=false}
02-13 18:49:05.682 D/PowerManagerService(  256): setTimeoutLocked now=127660 timeoutOverride=-1 nextState=3 when=133660
02-13 18:49:05.712 W/WindowManager(  256): updateFocusedWindowLocked newFocus=Window{408ec828 com.android.mms/com.android.mms.ui.ComposeMessageActivity paused=false} mode=3 mCurrentFocus = Window{408ec828 com.android.mms/com.android.mms.ui.ComposeMessageActivity paused=false}
02-13 18:49:05.802 D/PowerManagerService(  256): setTimeoutLocked now=127782 timeoutOverride=-1 nextState=3 when=133782
02-13 18:49:05.812 W/WindowManager(  256): updateFocusedWindowLocked newFocus=Window{408ec828 com.android.mms/com.android.mms.ui.ComposeMessageActivity paused=false} mode=3 mCurrentFocus = Window{408ec828 com.android.mms/com.android.mms.ui.ComposeMessageActivity paused=false}
02-13 18:49:06.723 D/PowerManagerService(  256): setTimeoutLocked now=128707 timeoutOverride=-1 nextState=3 when=134707
02-13 18:49:06.863 D/PowerManagerService(  256): setTimeoutLocked now=128841 timeoutOverride=-1 nextState=3 when=134841
02-13 18:49:07.984 D/PowerManagerService(  256): setTimeoutLocked now=129968 timeoutOverride=-1 nextState=3 when=135968
02-13 18:49:08.074 D/PowerManagerService(  256): setTimeoutLocked now=130052 timeoutOverride=-1 nextState=3 when=136052
02-13 18:49:08.384 D/StatusBarPolicy(  326): onSignalStrengthsChanged:SignalStrength: 99 0 -92 -80 -92 -30 8 99 2147483647 2147483647 2147483647 2147483647 cdma for subscription0
02-13 18:49:08.384 D/StatusBarPolicy(  326): updateSignalStrength on subscription :0
02-13 18:49:08.384 D/StatusBarPolicy(  326): StatusBarPolocy::getIconLevel -EVDO
02-13 18:49:08.384 D/StatusBarPolicy(  326): getEvdoLevel_band_six -evdoDbm:-92
02-13 18:49:08.384 D/StatusBarPolicy(  326): getEvdoLevel_band_six -evdoEcio:-30
02-13 18:49:08.955 D/PowerManagerService(  256): setTimeoutLocked now=130936 timeoutOverride=-1 nextState=3 when=136936
02-13 18:49:09.055 W/WindowManager(  256): updateFocusedWindowLocked newFocus=Window{408ec828 com.android.mms/com.android.mms.ui.ComposeMessageActivity paused=false} mode=3 mCurrentFocus = Window{408ec828 com.android.mms/com.android.mms.ui.ComposeMessageActivity paused=false}
02-13 18:49:10.637 D/StatusBarPolicy(  326): onSignalStrengthsChanged:SignalStrength: 99 0 -120 -90 -120 -20 8 99 2147483647 2147483647 2147483647 2147483647 cdma for subscription0
02-13 18:49:10.637 D/StatusBarPolicy(  326): updateSignalStrength on subscription :0
02-13 18:49:10.647 D/StatusBarPolicy(  326): StatusBarPolocy::getIconLevel -EVDO
02-13 18:49:10.647 D/StatusBarPolicy(  326): getEvdoLevel_band_six -evdoDbm:-120
02-13 18:49:10.647 D/StatusBarPolicy(  326): getEvdoLevel_band_six -evdoEcio:-20
02-13 18:49:10.677 D/StatusBarPolicy(  326): onSignalStrengthsChanged:SignalStrength: 99 0 -92 -90 -93 -20 8 99 2147483647 2147483647 2147483647 2147483647 cdma for subscription0
02-13 18:49:10.677 D/StatusBarPolicy(  326): updateSignalStrength on subscription :0
02-13 18:49:10.677 D/StatusBarPolicy(  326): StatusBarPolocy::getIconLevel -EVDO
02-13 18:49:10.677 D/StatusBarPolicy(  326): getEvdoLevel_band_six -evdoDbm:-93
02-13 18:49:10.677 D/StatusBarPolicy(  326): getEvdoLevel_band_six -evdoEcio:-20
02-13 18:49:10.707 D/PowerManagerService(  256): setTimeoutLocked now=132689 timeoutOverride=-1 nextState=3 when=138689
02-13 18:49:10.787 I/ActivityManager(  256): Starting: Intent { act=android.intent.action.MAIN cat=[android.intent.category.HOME] flg=0x10200000 cmp=com.android.launcher/com.android.launcher2.Launcher } from pid 256
02-13 18:49:10.797 W/WindowManager(  256): updateFocusedWindowLocked newFocus=null mode=3 mCurrentFocus = Window{408ec828 com.android.mms/com.android.mms.ui.ComposeMessageActivity paused=true}
02-13 18:49:10.817 W/WindowManager(  256): updateFocusedWindowLocked newFocus=null mode=0 mCurrentFocus = null
02-13 18:49:10.827 W/WindowManager(  256): updateFocusedWindowLocked newFocus=null mode=3 mCurrentFocus = null
02-13 18:49:10.877 W/WindowManager(  256): updateFocusedWindowLocked newFocus=Window{40823cd8 com.android.launcher/com.android.launcher2.Launcher paused=false} mode=2 mCurrentFocus = null
02-13 18:49:10.877 W/WindowManager(  256): updateFocusedWindowLocked newFocus=Window{40823cd8 com.android.launcher/com.android.launcher2.Launcher paused=false} mode=2 mCurrentFocus = Window{40823cd8 com.android.launcher/com.android.launcher2.Launcher paused=false}
02-13 18:49:10.937 W/WindowManager(  256): updateFocusedWindowLocked newFocus=Window{40823cd8 com.android.launcher/com.android.launcher2.Launcher paused=false} mode=3 mCurrentFocus = Window{40823cd8 com.android.launcher/com.android.launcher2.Launcher paused=false}
02-13 18:49:11.598 I/TelephonyRegistry(  256): notifyServiceState: 0 home Sprint  310099  EvDo rev. A CSS not supported 41 4139RoamInd: 1RoamStatus(sprint): 1DefRoamInd: 160EmergOnly: false
02-13 18:49:11.598 D/StatusBarPolicy(  326): onServiceStateChanged:0 home Sprint  310099  EvDo rev. A CSS not supported 41 4139RoamInd: 1RoamStatus(sprint): 1DefRoamInd: 160EmergOnly: falsefor subscription :0
02-13 18:49:11.598 D/StatusBarPolicy(  326): updateSignalStrength on subscription :0
02-13 18:49:11.598 D/StatusBarPolicy(  326): StatusBarPolocy::getIconLevel -EVDO
02-13 18:49:11.608 D/StatusBarPolicy(  326): getEvdoLevel_band_six -evdoDbm:-93
02-13 18:49:11.608 D/StatusBarPolicy(  326): getEvdoLevel_band_six -evdoEcio:-20
02-13 18:49:11.608 D/StatusBarPolicy(  326): updateDataIcon subscription =0
02-13 18:49:12.869 D/StatusBarPolicy(  326): onSignalStrengthsChanged:SignalStrength: 99 0 -92 -75 -93 -20 8 99 2147483647 2147483647 2147483647 2147483647 cdma for subscription0
02-13 18:49:12.869 D/StatusBarPolicy(  326): updateSignalStrength on subscription :0
02-13 18:49:12.869 D/StatusBarPolicy(  326): StatusBarPolocy::getIconLevel -EVDO
02-13 18:49:12.879 D/StatusBarPolicy(  326): getEvdoLevel_band_six -evdoDbm:-93
02-13 18:49:12.879 D/StatusBarPolicy(  326): getEvdoLevel_band_six -evdoEcio:-20
02-13 18:49:14.150 D/PowerManagerService(  256): setTimeoutLocked now=136122 timeoutOverride=-1 nextState=3 when=142122
02-13 18:49:14.601 D/StatusBarPolicy(  326): onSignalStrengthsChanged:SignalStrength: 99 0 -96 -85 -92 -15 8 99 2147483647 2147483647 2147483647 2147483647 cdma for subscription0
02-13 18:49:14.601 D/StatusBarPolicy(  326): updateSignalStrength on subscription :0
02-13 18:49:14.611 D/StatusBarPolicy(  326): StatusBarPolocy::getIconLevel -EVDO
02-13 18:49:14.621 D/StatusBarPolicy(  326): getEvdoLevel_band_six -evdoDbm:-92
02-13 18:49:14.621 D/StatusBarPolicy(  326): getEvdoLevel_band_six -evdoEcio:-15
02-13 18:49:14.631 I/TelephonyRegistry(  256): notifyServiceState: 0 home Sprint  310099  EvDo rev. A CSS not supported 41 4139RoamInd: 1RoamStatus(sprint): 1DefRoamInd: 160EmergOnly: false
02-13 18:49:14.631 D/StatusBarPolicy(  326): onServiceStateChanged:0 home Sprint  310099  EvDo rev. A CSS not supported 41 4139RoamInd: 1RoamStatus(sprint): 1DefRoamInd: 160EmergOnly: falsefor subscription :0
02-13 18:49:14.631 D/StatusBarPolicy(  326): updateSignalStrength on subscription :0
02-13 18:49:14.631 D/StatusBarPolicy(  326): StatusBarPolocy::getIconLevel -EVDO
02-13 18:49:14.631 D/StatusBarPolicy(  326): getEvdoLevel_band_six -evdoDbm:-92
02-13 18:49:14.631 D/StatusBarPolicy(  326): getEvdoLevel_band_six -evdoEcio:-15
02-13 18:49:14.631 D/StatusBarPolicy(  326): updateDataIcon subscription =0
02-13 18:49:14.641 D/PowerManagerService(  256): setTimeoutLocked now=136623 timeoutOverride=-1 nextState=3 when=142623
02-13 18:49:15.141 D/PowerManagerService(  256): setTimeoutLocked now=137128 timeoutOverride=-1 nextState=3 when=143128
02-13 18:49:15.662 D/PowerManagerService(  256): setTimeoutLocked now=137637 timeoutOverride=-1 nextState=3 when=143637
02-13 18:49:16.162 D/PowerManagerService(  256): setTimeoutLocked now=138145 timeoutOverride=-1 nextState=3 when=144145
02-13 18:49:16.262 W/WindowManager(  256): updateFocusedWindowLocked newFocus=Window{4064bec0 AtchDlg:com.android.launcher/com.android.launcher2.Launcher paused=false} mode=1 mCurrentFocus = Window{40823cd8 com.android.launcher/com.android.launcher2.Launcher paused=false}
02-13 18:49:16.272 W/WindowManager(  256): updateFocusedWindowLocked newFocus=Window{4064bec0 AtchDlg:com.android.launcher/com.android.launcher2.Launcher paused=false} mode=3 mCurrentFocus = Window{4064bec0 AtchDlg:com.android.launcher/com.android.launcher2.Launcher paused=false}
02-13 18:49:17.273 D/PowerManagerService(  256): setTimeoutLocked now=139257 timeoutOverride=-1 nextState=3 when=145257
02-13 18:49:17.353 D/StatusBarPolicy(  326): onSignalStrengthsChanged:SignalStrength: 99 0 -96 -105 -92 -15 8 99 2147483647 2147483647 2147483647 2147483647 cdma for subscription0
02-13 18:49:17.353 D/StatusBarPolicy(  326): updateSignalStrength on subscription :0
02-13 18:49:17.353 D/StatusBarPolicy(  326): StatusBarPolocy::getIconLevel -EVDO
02-13 18:49:17.363 D/StatusBarPolicy(  326): getEvdoLevel_band_six -evdoDbm:-92
02-13 18:49:17.363 D/StatusBarPolicy(  326): getEvdoLevel_band_six -evdoEcio:-15
02-13 18:49:17.393 W/WindowManager(  256): updateFocusedWindowLocked newFocus=Window{40823cd8 com.android.launcher/com.android.launcher2.Launcher paused=false} mode=3 mCurrentFocus = Window{4064bec0 AtchDlg:com.android.launcher/com.android.launcher2.Launcher paused=false}
02-13 18:49:17.393 W/InputManagerService(  256): Window already focused, ignoring focus gain of: com.android.internal.view.IInputMethodClient$Stub$Proxy@408bf700
02-13 18:49:19.525 D/WifiService(  256): ACTION_BATTERY_CHANGED pluggedType: 0
02-13 18:49:19.525 D/WifiService(  256): WifiHandler, MESSAGE_UPDATE_STATE
02-13 18:49:19.525 D/WifiService(  256): isAirplaneModeOn(): false
02-13 18:49:19.525 D/WifiService(  256): updateWifiState(), wifiEnabled: true, airplaneMode: false, wifiShouldBeEnabled: true, wifiShouldBeStarted: true, strongestLockMode: 1
02-13 18:49:19.525 D/WifiService(  256): WifiHandler, MESSAGE_ENABLE_WIFI, msg.arg1: 0, msg.arg2: 1000
02-13 18:49:19.545 D/WifiService(  256): WifiHandler, MESSAGE_START_WIFI, msg.arg1: 1
02-13 18:49:19.595 W/WindowManager(  256): updateFocusedWindowLocked newFocus=Window{4072c3e0  paused=false} mode=1 mCurrentFocus = Window{40823cd8 com.android.launcher/com.android.launcher2.Launcher paused=false}
02-13 18:49:19.635 W/WindowManager(  256): updateFocusedWindowLocked newFocus=Window{4072c3e0  paused=false} mode=3 mCurrentFocus = Window{4072c3e0  paused=false}
02-13 18:49:21.267 D/PowerManagerService(  256): setTimeoutLocked now=143244 timeoutOverride=-1 nextState=3 when=149244
02-13 18:49:21.407 D/PowerManagerService(  256): setTimeoutLocked now=143396 timeoutOverride=-1 nextState=3 when=149396
02-13 18:49:21.417 W/WindowManager(  256): updateFocusedWindowLocked newFocus=Window{40823cd8 com.android.launcher/com.android.launcher2.Launcher paused=false} mode=3 mCurrentFocus = Window{4072c3e0  paused=false}
02-13 18:49:21.417 W/InputManagerService(  256): Window already focused, ignoring focus gain of: com.android.internal.view.IInputMethodClient$Stub$Proxy@40697258
02-13 18:49:21.828 D/StatusBarPolicy(  326): onSignalStrengthsChanged:SignalStrength: 99 0 -96 -80 -92 -15 8 99 2147483647 2147483647 2147483647 2147483647 cdma for subscription0
02-13 18:49:21.828 D/StatusBarPolicy(  326): updateSignalStrength on subscription :0
02-13 18:49:21.838 D/StatusBarPolicy(  326): StatusBarPolocy::getIconLevel -EVDO
02-13 18:49:21.848 D/StatusBarPolicy(  326): getEvdoLevel_band_six -evdoDbm:-92
02-13 18:49:21.848 D/StatusBarPolicy(  326): getEvdoLevel_band_six -evdoEcio:-15
02-13 18:49:23.119 D/PowerManagerService(  256): setTimeoutLocked now=145106 timeoutOverride=-1 nextState=3 when=151106
02-13 18:49:23.629 D/PowerManagerService(  256): setTimeoutLocked now=145608 timeoutOverride=-1 nextState=3 when=151608
02-13 18:49:23.669 I/ActivityManager(  256): Starting: Intent { act=android.intent.action.SEARCH_LONG_PRESS flg=0x10000000 cmp=com.google.android.voicesearch/.RecognitionActivity } from pid 364
02-13 18:49:23.699 I/ActivityManager(  256): Start proc com.google.android.voicesearch for activity com.google.android.voicesearch/.RecognitionActivity: pid=808 uid=10004 gids={3003, 1015}
02-13 18:49:23.749 W/WindowManager(  256): updateFocusedWindowLocked newFocus=null mode=0 mCurrentFocus = Window{40823cd8 com.android.launcher/com.android.launcher2.Launcher paused=false}
02-13 18:49:24.050 D/StatusBarPolicy(  326): onSignalStrengthsChanged:SignalStrength: 99 0 -95 -90 -94 -30 8 99 2147483647 2147483647 2147483647 2147483647 cdma for subscription0
02-13 18:49:24.050 D/StatusBarPolicy(  326): updateSignalStrength on subscription :0
02-13 18:49:24.060 D/StatusBarPolicy(  326): StatusBarPolocy::getIconLevel -EVDO
02-13 18:49:24.060 D/StatusBarPolicy(  326): getEvdoLevel_band_six -evdoDbm:-94
02-13 18:49:24.060 D/StatusBarPolicy(  326): getEvdoLevel_band_six -evdoEcio:-30
02-13 18:49:24.330 I/ActivityManager(  256): Starting: Intent { act=com.google.android.gsf.action.SET_USE_LOCATION_FOR_SERVICES flg=0x4000000 cmp=com.google.android.gsf/.settings.UseLocationForServicesActivity } from pid 808
02-13 18:49:24.370 W/WindowManager(  256): updateFocusedWindowLocked newFocus=null mode=0 mCurrentFocus = null
02-13 18:49:24.370 W/WindowManager(  256): updateFocusedWindowLocked newFocus=null mode=3 mCurrentFocus = null
02-13 18:49:24.430 W/WindowManager(  256): updateFocusedWindowLocked newFocus=Window{407fafb8 com.google.android.gsf/com.google.android.gsf.settings.UseLocationForServicesActivity paused=false} mode=1 mCurrentFocus = null
02-13 18:49:24.440 D/PowerManagerService(  256): setTimeoutLocked now=146420 timeoutOverride=-1 nextState=3 when=152420
02-13 18:49:24.450 W/WindowManager(  256): updateFocusedWindowLocked newFocus=Window{407fafb8 com.google.android.gsf/com.google.android.gsf.settings.UseLocationForServicesActivity paused=false} mode=3 mCurrentFocus = Window{407fafb8 com.google.android.gsf/com.google.android.gsf.settings.UseLocationForServicesActivity paused=false}
02-13 18:49:24.470 W/WindowManager(  256): updateFocusedWindowLocked newFocus=Window{407fafb8 com.google.android.gsf/com.google.android.gsf.settings.UseLocationForServicesActivity paused=false} mode=3 mCurrentFocus = Window{407fafb8 com.google.android.gsf/com.google.android.gsf.settings.UseLocationForServicesActivity paused=false}
02-13 18:49:24.510 W/WindowManager(  256): updateFocusedWindowLocked newFocus=Window{407fafb8 com.google.android.gsf/com.google.android.gsf.settings.UseLocationForServicesActivity paused=false} mode=2 mCurrentFocus = Window{407fafb8 com.google.android.gsf/com.google.android.gsf.settings.UseLocationForServicesActivity paused=false}
02-13 18:49:24.510 W/WindowManager(  256): updateFocusedWindowLocked newFocus=Window{407fafb8 com.google.android.gsf/com.google.android.gsf.settings.UseLocationForServicesActivity paused=false} mode=2 mCurrentFocus = Window{407fafb8 com.google.android.gsf/com.google.android.gsf.settings.UseLocationForServicesActivity paused=false}
02-13 18:49:24.780 D/StatusBarPolicy(  326): onSignalStrengthsChanged:SignalStrength: 99 0 -96 -120 -94 -30 8 99 2147483647 2147483647 2147483647 2147483647 cdma for subscription0
02-13 18:49:24.780 D/StatusBarPolicy(  326): updateSignalStrength on subscription :0
02-13 18:49:24.790 D/StatusBarPolicy(  326): StatusBarPolocy::getIconLevel -EVDO
02-13 18:49:24.790 D/StatusBarPolicy(  326): getEvdoLevel_band_six -evdoDbm:-94
02-13 18:49:24.790 D/StatusBarPolicy(  326): getEvdoLevel_band_six -evdoEcio:-30
02-13 18:49:24.811 I/TelephonyRegistry(  256): notifyServiceState: 0 home Sprint  310099  EvDo rev. A CSS not supported 41 4139RoamInd: 1RoamStatus(sprint): 1DefRoamInd: 160EmergOnly: false
02-13 18:49:24.811 D/StatusBarPolicy(  326): onServiceStateChanged:0 home Sprint  310099  EvDo rev. A CSS not supported 41 4139RoamInd: 1RoamStatus(sprint): 1DefRoamInd: 160EmergOnly: falsefor subscription :0
02-13 18:49:24.811 D/StatusBarPolicy(  326): updateSignalStrength on subscription :0
02-13 18:49:24.811 D/StatusBarPolicy(  326): StatusBarPolocy::getIconLevel -EVDO
02-13 18:49:24.811 D/StatusBarPolicy(  326): getEvdoLevel_band_six -evdoDbm:-94
02-13 18:49:24.811 D/StatusBarPolicy(  326): getEvdoLevel_band_six -evdoEcio:-30
02-13 18:49:24.821 D/StatusBarPolicy(  326): updateDataIcon subscription =0
02-13 18:49:24.941 D/PowerManagerService(  256): setTimeoutLocked now=146929 timeoutOverride=-1 nextState=3 when=152929
02-13 18:49:26.612 D/PowerManagerService(  256): setTimeoutLocked now=148587 timeoutOverride=-1 nextState=3 when=154587
02-13 18:49:26.712 D/PowerManagerService(  256): setTimeoutLocked now=148696 timeoutOverride=-1 nextState=3 when=154696
02-13 18:49:26.843 W/WindowManager(  256): updateFocusedWindowLocked newFocus=Window{40824300 com.google.android.gsf/com.google.android.gsf.settings.UseLocationForServicesActivity paused=false} mode=3 mCurrentFocus = Window{407fafb8 com.google.android.gsf/com.google.android.gsf.settings.UseLocationForServicesActivity paused=false}
02-13 18:49:26.873 W/WindowManager(  256): updateFocusedWindowLocked newFocus=Window{40824300 com.google.android.gsf/com.google.android.gsf.settings.UseLocationForServicesActivity paused=true} mode=0 mCurrentFocus = Window{40824300 com.google.android.gsf/com.google.android.gsf.settings.UseLocationForServicesActivity paused=true}
02-13 18:49:26.883 W/InputManagerService(  256): Starting input on non-focused client com.android.internal.view.IInputMethodClient$Stub$Proxy@408ceea8 (uid=10027 pid=377)
02-13 18:49:26.883 W/InputManagerService(  256): Client not active, ignoring focus gain of: com.android.internal.view.IInputMethodClient$Stub$Proxy@4091fe88
02-13 18:49:26.893 W/WindowManager(  256): updateFocusedWindowLocked newFocus=Window{407ce148 com.google.android.voicesearch/com.google.android.voicesearch.RecognitionActivity paused=false} mode=2 mCurrentFocus = Window{40824300 com.google.android.gsf/com.google.android.gsf.settings.UseLocationForServicesActivity paused=true}
02-13 18:49:26.903 W/WindowManager(  256): updateFocusedWindowLocked newFocus=Window{407ce148 com.google.android.voicesearch/com.google.android.voicesearch.RecognitionActivity paused=false} mode=3 mCurrentFocus = Window{407ce148 com.google.android.voicesearch/com.google.android.voicesearch.RecognitionActivity paused=false}
02-13 18:49:26.933 W/WindowManager(  256): updateFocusedWindowLocked newFocus=Window{407ce148 com.google.android.voicesearch/com.google.android.voicesearch.RecognitionActivity paused=true} mode=0 mCurrentFocus = Window{407ce148 com.google.android.voicesearch/com.google.android.voicesearch.RecognitionActivity paused=true}
02-13 18:49:26.943 W/InputManagerService(  256): Starting input on non-focused client com.android.internal.view.IInputMethodClient$Stub$Proxy@407a3300 (uid=10004 pid=808)
02-13 18:49:26.943 W/InputManagerService(  256): Client not active, ignoring focus gain of: com.android.internal.view.IInputMethodClient$Stub$Proxy@4088e790
02-13 18:49:26.983 W/WindowManager(  256): updateFocusedWindowLocked newFocus=Window{40823cd8 com.android.launcher/com.android.launcher2.Launcher paused=false} mode=2 mCurrentFocus = Window{407ce148 com.google.android.voicesearch/com.google.android.voicesearch.RecognitionActivity paused=true}
02-13 18:49:26.993 W/WindowManager(  256): updateFocusedWindowLocked newFocus=Window{40823cd8 com.android.launcher/com.android.launcher2.Launcher paused=false} mode=3 mCurrentFocus = Window{40823cd8 com.android.launcher/com.android.launcher2.Launcher paused=false}
02-13 18:49:27.003 W/WindowManager(  256): updateFocusedWindowLocked newFocus=Window{40823cd8 com.android.launcher/com.android.launcher2.Launcher paused=false} mode=2 mCurrentFocus = Window{40823cd8 com.android.launcher/com.android.launcher2.Launcher paused=false}
02-13 18:49:27.013 W/WindowManager(  256): updateFocusedWindowLocked newFocus=Window{40823cd8 com.android.launcher/com.android.launcher2.Launcher paused=false} mode=3 mCurrentFocus = Window{40823cd8 com.android.launcher/com.android.launcher2.Launcher paused=false}
02-13 18:49:27.013 W/WindowManager(  256): updateFocusedWindowLocked newFocus=Window{40823cd8 com.android.launcher/com.android.launcher2.Launcher paused=false} mode=0 mCurrentFocus = Window{40823cd8 com.android.launcher/com.android.launcher2.Launcher paused=false}
02-13 18:49:27.023 W/InputManagerService(  256): Window already focused, ignoring focus gain of: com.android.internal.view.IInputMethodClient$Stub$Proxy@4079a120
02-13 18:49:27.383 D/StatusBarPolicy(  326): onSignalStrengthsChanged:SignalStrength: 99 0 -100 -70 -94 -30 8 99 2147483647 2147483647 2147483647 2147483647 cdma for subscription0
02-13 18:49:27.383 D/StatusBarPolicy(  326): updateSignalStrength on subscription :0
02-13 18:49:27.383 D/StatusBarPolicy(  326): StatusBarPolocy::getIconLevel -EVDO
02-13 18:49:27.383 D/StatusBarPolicy(  326): getEvdoLevel_band_six -evdoDbm:-94
02-13 18:49:27.383 D/StatusBarPolicy(  326): getEvdoLevel_band_six -evdoEcio:-30
02-13 18:49:27.403 I/TelephonyRegistry(  256): notifyServiceState: 0 home Sprint  310099  EvDo rev. A CSS not supported 41 4139RoamInd: 1RoamStatus(sprint): 1DefRoamInd: 160EmergOnly: false
02-13 18:49:27.403 D/StatusBarPolicy(  326): onServiceStateChanged:0 home Sprint  310099  EvDo rev. A CSS not supported 41 4139RoamInd: 1RoamStatus(sprint): 1DefRoamInd: 160EmergOnly: falsefor subscription :0
02-13 18:49:27.403 D/StatusBarPolicy(  326): updateSignalStrength on subscription :0
02-13 18:49:27.403 D/StatusBarPolicy(  326): StatusBarPolocy::getIconLevel -EVDO
02-13 18:49:27.403 D/StatusBarPolicy(  326): getEvdoLevel_band_six -evdoDbm:-94
02-13 18:49:27.403 D/StatusBarPolicy(  326): getEvdoLevel_band_six -evdoEcio:-30
02-13 18:49:27.403 D/StatusBarPolicy(  326): updateDataIcon subscription =0
02-13 18:49:28.955 D/PowerManagerService(  256): setTimeoutLocked now=150921 timeoutOverride=-1 nextState=3 when=156921
02-13 18:49:29.445 D/PowerManagerService(  256): setTimeoutLocked now=151422 timeoutOverride=-1 nextState=3 when=157422
02-13 18:49:29.475 I/ActivityManager(  256): Starting: Intent { act=android.intent.action.SEARCH_LONG_PRESS flg=0x10000000 cmp=com.google.android.voicesearch/.RecognitionActivity } from pid 364
02-13 18:49:29.495 W/WindowManager(  256): updateFocusedWindowLocked newFocus=null mode=0 mCurrentFocus = Window{40823cd8 com.android.launcher/com.android.launcher2.Launcher paused=true}
02-13 18:49:29.585 I/ActivityManager(  256): Starting: Intent { act=com.google.android.voicesearch.action.PERSONALIZATION_OPT_IN flg=0x4000000 cmp=com.google.android.voicesearch/.PersonalizationOptInActivity } from pid 808
02-13 18:49:29.615 W/WindowManager(  256): updateFocusedWindowLocked newFocus=null mode=0 mCurrentFocus = null
02-13 18:49:29.625 W/WindowManager(  256): updateFocusedWindowLocked newFocus=null mode=3 mCurrentFocus = null
02-13 18:49:29.695 W/WindowManager(  256): updateFocusedWindowLocked newFocus=Window{40857958 com.google.android.voicesearch/com.google.android.voicesearch.PersonalizationOptInActivity paused=false} mode=1 mCurrentFocus = null
02-13 18:49:29.735 W/WindowManager(  256): updateFocusedWindowLocked newFocus=Window{40857958 com.google.android.voicesearch/com.google.android.voicesearch.PersonalizationOptInActivity paused=false} mode=3 mCurrentFocus = Window{40857958 com.google.android.voicesearch/com.google.android.voicesearch.PersonalizationOptInActivity paused=false}
02-13 18:49:29.865 W/WindowManager(  256): updateFocusedWindowLocked newFocus=Window{40857958 com.google.android.voicesearch/com.google.android.voicesearch.PersonalizationOptInActivity paused=false} mode=3 mCurrentFocus = Window{40857958 com.google.android.voicesearch/com.google.android.voicesearch.PersonalizationOptInActivity paused=false}
02-13 18:49:29.885 W/WindowManager(  256): updateFocusedWindowLocked newFocus=Window{40857958 com.google.android.voicesearch/com.google.android.voicesearch.PersonalizationOptInActivity paused=false} mode=2 mCurrentFocus = Window{40857958 com.google.android.voicesearch/com.google.android.voicesearch.PersonalizationOptInActivity paused=false}
02-13 18:49:29.885 W/WindowManager(  256): updateFocusedWindowLocked newFocus=Window{40857958 com.google.android.voicesearch/com.google.android.voicesearch.PersonalizationOptInActivity paused=false} mode=2 mCurrentFocus = Window{40857958 com.google.android.voicesearch/com.google.android.voicesearch.PersonalizationOptInActivity paused=false}
02-13 18:49:29.966 D/PowerManagerService(  256): setTimeoutLocked now=151941 timeoutOverride=-1 nextState=3 when=157941
02-13 18:49:30.066 W/WindowManager(  256): updateFocusedWindowLocked newFocus=Window{40857958 com.google.android.voicesearch/com.google.android.voicesearch.PersonalizationOptInActivity paused=false} mode=3 mCurrentFocus = Window{40857958 com.google.android.voicesearch/com.google.android.voicesearch.PersonalizationOptInActivity paused=false}
02-13 18:49:30.076 W/WindowManager(  256): updateFocusedWindowLocked newFocus=Window{40857958 com.google.android.voicesearch/com.google.android.voicesearch.PersonalizationOptInActivity paused=false} mode=0 mCurrentFocus = Window{40857958 com.google.android.voicesearch/com.google.android.voicesearch.PersonalizationOptInActivity paused=false}
02-13 18:49:30.786 D/StatusBarPolicy(  326): onSignalStrengthsChanged:SignalStrength: 99 0 -99 -80 -97 -20 7 99 2147483647 2147483647 2147483647 2147483647 cdma for subscription0
02-13 18:49:30.786 D/StatusBarPolicy(  326): updateSignalStrength on subscription :0
02-13 18:49:30.786 D/StatusBarPolicy(  326): StatusBarPolocy::getIconLevel -EVDO
02-13 18:49:30.786 D/StatusBarPolicy(  326): getEvdoLevel_band_six -evdoDbm:-97
02-13 18:49:30.786 D/StatusBarPolicy(  326): getEvdoLevel_band_six -evdoEcio:-20
02-13 18:49:31.457 D/PowerManagerService(  256): setTimeoutLocked now=153442 timeoutOverride=-1 nextState=3 when=159442
02-13 18:49:31.527 D/PowerManagerService(  256): setTimeoutLocked now=153516 timeoutOverride=-1 nextState=3 when=159516
02-13 18:49:31.597 W/WindowManager(  256): updateFocusedWindowLocked newFocus=Window{40866800 com.google.android.voicesearch/com.google.android.voicesearch.PersonalizationOptInActivity paused=false} mode=3 mCurrentFocus = Window{40857958 com.google.android.voicesearch/com.google.android.voicesearch.PersonalizationOptInActivity paused=false}
02-13 18:49:31.607 W/WindowManager(  256): updateFocusedWindowLocked newFocus=Window{40866800 com.google.android.voicesearch/com.google.android.voicesearch.PersonalizationOptInActivity paused=true} mode=0 mCurrentFocus = Window{40866800 com.google.android.voicesearch/com.google.android.voicesearch.PersonalizationOptInActivity paused=true}
02-13 18:49:31.627 W/WindowManager(  256): updateFocusedWindowLocked newFocus=Window{40828b50 com.google.android.voicesearch/com.google.android.voicesearch.RecognitionActivity paused=false} mode=2 mCurrentFocus = Window{40866800 com.google.android.voicesearch/com.google.android.voicesearch.PersonalizationOptInActivity paused=true}
02-13 18:49:31.677 I/ActivityManager(  256): Starting: Intent { cmp=com.google.android.voicesearch/.HelpActivity (has extras) } from pid 808
02-13 18:49:31.687 W/WindowManager(  256): updateFocusedWindowLocked newFocus=null mode=0 mCurrentFocus = Window{40828b50 com.google.android.voicesearch/com.google.android.voicesearch.RecognitionActivity paused=true}
02-13 18:49:31.737 W/WindowManager(  256): updateFocusedWindowLocked newFocus=null mode=3 mCurrentFocus = null
02-13 18:49:31.767 W/WindowManager(  256): updateFocusedWindowLocked newFocus=null mode=2 mCurrentFocus = null
02-13 18:49:32.028 W/WindowManager(  256): updateFocusedWindowLocked newFocus=Window{408f87c8 com.google.android.voicesearch/com.google.android.voicesearch.HelpActivity paused=false} mode=1 mCurrentFocus = null
02-13 18:49:32.048 W/WindowManager(  256): updateFocusedWindowLocked newFocus=Window{408f87c8 com.google.android.voicesearch/com.google.android.voicesearch.HelpActivity paused=false} mode=3 mCurrentFocus = Window{408f87c8 com.google.android.voicesearch/com.google.android.voicesearch.HelpActivity paused=false}
02-13 18:49:32.068 W/WindowManager(  256): updateFocusedWindowLocked newFocus=Window{408f87c8 com.google.android.voicesearch/com.google.android.voicesearch.HelpActivity paused=false} mode=3 mCurrentFocus = Window{408f87c8 com.google.android.voicesearch/com.google.android.voicesearch.HelpActivity paused=false}
02-13 18:49:32.148 W/WindowManager(  256): updateFocusedWindowLocked newFocus=Window{408f87c8 com.google.android.voicesearch/com.google.android.voicesearch.HelpActivity paused=false} mode=2 mCurrentFocus = Window{408f87c8 com.google.android.voicesearch/com.google.android.voicesearch.HelpActivity paused=false}
02-13 18:49:32.148 W/WindowManager(  256): updateFocusedWindowLocked newFocus=Window{408f87c8 com.google.android.voicesearch/com.google.android.voicesearch.HelpActivity paused=false} mode=2 mCurrentFocus = Window{408f87c8 com.google.android.voicesearch/com.google.android.voicesearch.HelpActivity paused=false}
02-13 18:49:32.178 W/WindowManager(  256): updateFocusedWindowLocked newFocus=Window{408f87c8 com.google.android.voicesearch/com.google.android.voicesearch.HelpActivity paused=false} mode=3 mCurrentFocus = Window{408f87c8 com.google.android.voicesearch/com.google.android.voicesearch.HelpActivity paused=false}
02-13 18:49:32.858 W/WindowManager(  256): updateFocusedWindowLocked newFocus=Window{408f87c8 com.google.android.voicesearch/com.google.android.voicesearch.HelpActivity paused=false} mode=3 mCurrentFocus = Window{408f87c8 com.google.android.voicesearch/com.google.android.voicesearch.HelpActivity paused=false}
02-13 18:49:32.888 W/WindowManager(  256): updateFocusedWindowLocked newFocus=Window{408f87c8 com.google.android.voicesearch/com.google.android.voicesearch.HelpActivity paused=false} mode=0 mCurrentFocus = Window{408f87c8 com.google.android.voicesearch/com.google.android.voicesearch.HelpActivity paused=false}
02-13 18:49:32.888 W/WindowManager(  256): updateFocusedWindowLocked newFocus=Window{408f87c8 com.google.android.voicesearch/com.google.android.voicesearch.HelpActivity paused=false} mode=3 mCurrentFocus = Window{408f87c8 com.google.android.voicesearch/com.google.android.voicesearch.HelpActivity paused=false}
02-13 18:49:32.888 W/WindowManager(  256): updateFocusedWindowLocked newFocus=Window{408f87c8 com.google.android.voicesearch/com.google.android.voicesearch.HelpActivity paused=false} mode=0 mCurrentFocus = Window{408f87c8 com.google.android.voicesearch/com.google.android.voicesearch.HelpActivity paused=false}
02-13 18:49:33.059 D/StatusBarPolicy(  326): updateDataIcon subscription =0
02-13 18:49:33.059 D/StatusBarPolicy(  326): onSignalStrengthsChanged:SignalStrength: 99 0 -99 -80 -95 -10 8 99 2147483647 2147483647 2147483647 2147483647 cdma for subscription0
02-13 18:49:33.059 D/StatusBarPolicy(  326): updateSignalStrength on subscription :0
02-13 18:49:33.069 D/StatusBarPolicy(  326): StatusBarPolocy::getIconLevel -EVDO
02-13 18:49:33.069 D/StatusBarPolicy(  326): getEvdoLevel_band_six -evdoDbm:-95
02-13 18:49:33.069 D/StatusBarPolicy(  326): getEvdoLevel_band_six -evdoEcio:-10
02-13 18:49:34.070 D/StatusBarPolicy(  326): updateDataIcon subscription =0
02-13 18:49:34.190 D/PowerManagerService(  256): setTimeoutLocked now=156171 timeoutOverride=-1 nextState=3 when=162171
02-13 18:49:34.220 D/PowerManagerService(  256): setTimeoutLocked now=156207 timeoutOverride=-1 nextState=3 when=162207
02-13 18:49:34.220 I/ActivityManager(  256): Starting: Intent { cmp=com.google.android.voicesearch/.RecognitionActivity (has extras) } from pid 808
02-13 18:49:34.230 W/WindowManager(  256): updateFocusedWindowLocked newFocus=null mode=0 mCurrentFocus = Window{408f87c8 com.google.android.voicesearch/com.google.android.voicesearch.HelpActivity paused=true}
02-13 18:49:34.320 W/WindowManager(  256): updateFocusedWindowLocked newFocus=Window{40937fe8 com.google.android.voicesearch/com.google.android.voicesearch.RecognitionActivity paused=false} mode=3 mCurrentFocus = null
02-13 18:49:34.340 W/WindowManager(  256): updateFocusedWindowLocked newFocus=Window{40937fe8 com.google.android.voicesearch/com.google.android.voicesearch.RecognitionActivity paused=false} mode=2 mCurrentFocus = Window{40937fe8 com.google.android.voicesearch/com.google.android.voicesearch.RecognitionActivity paused=false}
02-13 18:49:34.340 W/WindowManager(  256): updateFocusedWindowLocked newFocus=Window{40937fe8 com.google.android.voicesearch/com.google.android.voicesearch.RecognitionActivity paused=false} mode=2 mCurrentFocus = Window{40937fe8 com.google.android.voicesearch/com.google.android.voicesearch.RecognitionActivity paused=false}
02-13 18:49:34.350 W/WindowManager(  256): updateFocusedWindowLocked newFocus=Window{40937fe8 com.google.android.voicesearch/com.google.android.voicesearch.RecognitionActivity paused=false} mode=3 mCurrentFocus = Window{40937fe8 com.google.android.voicesearch/com.google.android.voicesearch.RecognitionActivity paused=false}
02-13 18:49:34.350 W/WindowManager(  256): updateFocusedWindowLocked newFocus=Window{40937fe8 com.google.android.voicesearch/com.google.android.voicesearch.RecognitionActivity paused=false} mode=3 mCurrentFocus = Window{40937fe8 com.google.android.voicesearch/com.google.android.voicesearch.RecognitionActivity paused=false}
02-13 18:49:34.360 W/WindowManager(  256): updateFocusedWindowLocked newFocus=Window{40937fe8 com.google.android.voicesearch/com.google.android.voicesearch.RecognitionActivity paused=false} mode=3 mCurrentFocus = Window{40937fe8 com.google.android.voicesearch/com.google.android.voicesearch.RecognitionActivity paused=false}
02-13 18:49:34.370 W/WindowManager(  256): updateFocusedWindowLocked newFocus=Window{40937fe8 com.google.android.voicesearch/com.google.android.voicesearch.RecognitionActivity paused=false} mode=0 mCurrentFocus = Window{40937fe8 com.google.android.voicesearch/com.google.android.voicesearch.RecognitionActivity paused=false}
02-13 18:49:34.370 W/WindowManager(  256): updateFocusedWindowLocked newFocus=Window{40937fe8 com.google.android.voicesearch/com.google.android.voicesearch.RecognitionActivity paused=false} mode=3 mCurrentFocus = Window{40937fe8 com.google.android.voicesearch/com.google.android.voicesearch.RecognitionActivity paused=false}
02-13 18:49:34.380 W/WindowManager(  256): updateFocusedWindowLocked newFocus=Window{40937fe8 com.google.android.voicesearch/com.google.android.voicesearch.RecognitionActivity paused=false} mode=0 mCurrentFocus = Window{40937fe8 com.google.android.voicesearch/com.google.android.voicesearch.RecognitionActivity paused=false}
02-13 18:49:35.281 D/StatusBarPolicy(  326): onSignalStrengthsChanged:SignalStrength: 99 0 -99 -80 -93 -10 8 99 2147483647 2147483647 2147483647 2147483647 cdma for subscription0
02-13 18:49:35.291 D/StatusBarPolicy(  326): updateSignalStrength on subscription :0
02-13 18:49:35.291 D/StatusBarPolicy(  326): StatusBarPolocy::getIconLevel -EVDO
02-13 18:49:35.291 D/StatusBarPolicy(  326): getEvdoLevel_band_six -evdoDbm:-93
02-13 18:49:35.311 D/StatusBarPolicy(  326): getEvdoLevel_band_six -evdoEcio:-10
02-13 18:49:38.103 W/WindowManager(  256): updateFocusedWindowLocked newFocus=Window{4094af88 com.google.android.voicesearch/com.google.android.voicesearch.RecognitionActivity paused=false} mode=1 mCurrentFocus = Window{40937fe8 com.google.android.voicesearch/com.google.android.voicesearch.RecognitionActivity paused=false}
02-13 18:49:38.124 W/WindowManager(  256): updateFocusedWindowLocked newFocus=Window{4094af88 com.google.android.voicesearch/com.google.android.voicesearch.RecognitionActivity paused=false} mode=3 mCurrentFocus = Window{4094af88 com.google.android.voicesearch/com.google.android.voicesearch.RecognitionActivity paused=false}
02-13 18:49:39.735 D/StatusBarPolicy(  326): onSignalStrengthsChanged:SignalStrength: 99 0 -94 -90 -93 -10 8 99 2147483647 2147483647 2147483647 2147483647 cdma for subscription0
02-13 18:49:39.735 D/StatusBarPolicy(  326): updateSignalStrength on subscription :0
02-13 18:49:39.745 D/StatusBarPolicy(  326): StatusBarPolocy::getIconLevel -EVDO
02-13 18:49:39.745 D/StatusBarPolicy(  326): getEvdoLevel_band_six -evdoDbm:-93
02-13 18:49:39.745 D/StatusBarPolicy(  326): getEvdoLevel_band_six -evdoEcio:-10
02-13 18:49:40.115 D/StatusBarPolicy(  326): updateDataIcon subscription =0
02-13 18:49:40.236 D/PowerManagerService(  256): setTimeoutLocked now=162212 timeoutOverride=-1 nextState=1 when=269212
02-13 18:49:40.976 D/PowerManagerService(  256): setTimeoutLocked now=162952 timeoutOverride=-1 nextState=3 when=168952
02-13 18:49:41.026 D/PowerManagerService(  256): setTimeoutLocked now=163016 timeoutOverride=-1 nextState=3 when=169016
02-13 18:49:41.036 I/ActivityManager(  256): Starting: Intent { act=android.intent.action.CALL dat=tel:xxx-xxx-xxxx flg=0x14000000 cmp=com.android.phone/.OutgoingCallBroadcaster } from pid 808
02-13 18:49:41.056 W/WindowManager(  256): updateFocusedWindowLocked newFocus=Window{40937fe8 com.google.android.voicesearch/com.google.android.voicesearch.RecognitionActivity paused=true} mode=0 mCurrentFocus = Window{4094af88 com.google.android.voicesearch/com.google.android.voicesearch.RecognitionActivity paused=true}
02-13 18:49:41.076 D/PowerManagerService(  256): setTimeoutLocked now=163068 timeoutOverride=-1 nextState=3 when=169068
02-13 18:49:41.086 W/WindowManager(  256): updateFocusedWindowLocked newFocus=null mode=0 mCurrentFocus = Window{40937fe8 com.google.android.voicesearch/com.google.android.voicesearch.RecognitionActivity paused=false}
02-13 18:49:41.146 I/ActivityManager(  256): Starting: Intent { act=android.phone.extra.NEW_CALL_INTENT dat=tel:xxx-xxx-xxxx flg=0x10000000 cmp=com.android.phone/.SipCallOptionHandler (has extras) } from pid 342
02-13 18:49:41.146 W/WindowManager(  256): updateFocusedWindowLocked newFocus=null mode=0 mCurrentFocus = null
02-13 18:49:41.217 W/WindowManager(  256): updateFocusedWindowLocked newFocus=null mode=3 mCurrentFocus = null
02-13 18:49:41.227 I/ActivityManager(  256): Starting: Intent { act=android.intent.action.CALL dat=tel:xxx-xxx-xxxx flg=0x10000000 cmp=com.android.phone/.InCallScreen (has extras) } from pid 342
02-13 18:49:41.227 W/WindowManager(  256): updateFocusedWindowLocked newFocus=null mode=3 mCurrentFocus = null
02-13 18:49:41.247 W/WindowManager(  256): updateFocusedWindowLocked newFocus=null mode=0 mCurrentFocus = null
02-13 18:49:41.257 W/WindowManager(  256): updateFocusedWindowLocked newFocus=null mode=2 mCurrentFocus = null
02-13 18:49:41.257 W/WindowManager(  256): updateFocusedWindowLocked newFocus=null mode=2 mCurrentFocus = null
02-13 18:49:41.277 W/WindowManager(  256): updateFocusedWindowLocked newFocus=null mode=3 mCurrentFocus = null
02-13 18:49:41.297 W/WindowManager(  256): updateFocusedWindowLocked newFocus=null mode=3 mCurrentFocus = null
02-13 18:49:41.917 E/StatusBarPolicy(  326): onCallStateChanged Received on subscription :0
02-13 18:49:41.917 D/StatusBarPolicy(  326): updateSignalStrength on subscription :0
02-13 18:49:41.917 D/StatusBarPolicy(  326): getCdmaLevel_band_six -cdmaDbm:-94
02-13 18:49:41.917 D/StatusBarPolicy(  326): getCdmaLevel_band_six -cdmaEcio:-90
02-13 18:49:42.107 D/PowerManagerService(  256): setTimeoutLocked now=164093 timeoutOverride=-1 nextState=3 when=170093
02-13 18:49:42.207 D/StatusBarPolicy(  326): onSignalStrengthsChanged:SignalStrength: 99 0 -94 -90 -88 -10 8 99 2147483647 2147483647 2147483647 2147483647 cdma for subscription0
02-13 18:49:42.207 D/StatusBarPolicy(  326): updateSignalStrength on subscription :0
02-13 18:49:42.207 D/StatusBarPolicy(  326): getCdmaLevel_band_six -cdmaDbm:-94
02-13 18:49:42.207 D/StatusBarPolicy(  326): getCdmaLevel_band_six -cdmaEcio:-90
02-13 18:49:42.207 D/StatusBarPolicy(  326): updateDataIcon subscription =0
02-13 18:49:42.207 D/StatusBarPolicy(  326): updateDataIcon subscription =0
02-13 18:49:42.288 W/WindowManager(  256): updateFocusedWindowLocked newFocus=Window{40920e60 com.android.phone/com.android.phone.InCallScreen paused=false} mode=3 mCurrentFocus = null
02-13 18:49:42.328 D/StatusBarService(  326): Notification has fullScreenIntent; sending fullScreenIntent
02-13 18:49:42.328 I/ActivityManager(  256): Starting: Intent { act=android.intent.action.MAIN flg=0x10840000 cmp=com.android.phone/.InCallScreen (has extras) } from pid -1
02-13 18:49:42.398 I/TelephonyRegistry(  256): notifyDataConnection: anyState=3,default/INET,apnTypeState=3,iface=rmnet0,ip=173.155.101.96,gw=173.155.101.97,isDataConnectivityPossible=true,networkType=6,reason=2GVoiceCallStarted
02-13 18:49:42.428 D/ConnectivityService(  256): ConnectivityChange for mobile: SUSPENDED/SUSPENDED
02-13 18:49:42.428 D/ConnectivityService(  256): Got Network Disconnected from Driver nwtype=0
02-13 18:49:42.428 D/ConnectivityService(  256): getMobileDataEnabled returning true
02-13 18:49:42.428 D/ConnectivityService(  256): Attempting to switch to WIFI
02-13 18:49:42.458 I/TelephonyRegistry(  256): notifyDataConnection: anyState=3,default/INET6,apnTypeState=0,iface=null,ip=null,gw=null,isDataConnectivityPossible=true,networkType=6,reason=2GVoiceCallStarted
02-13 18:49:42.478 I/TelephonyRegistry(  256): notifyDataConnection: anyState=3,mms/INET,apnTypeState=3,iface=rmnet0,ip=173.155.101.96,gw=173.155.101.97,isDataConnectivityPossible=true,networkType=6,reason=2GVoiceCallStarted
02-13 18:49:42.518 D/StatusBarPolicy(  326): StatusBarPolicy onDataConnectionStateChanged to 3for nw : 6on subscription : 0
02-13 18:49:42.518 D/StatusBarPolicy(  326): Data network type changed to:6
02-13 18:49:42.518 D/StatusBarPolicy(  326): updateDataIcon subscription =0
02-13 18:49:42.528 I/TelephonyRegistry(  256): notifyDataConnection: anyState=3,mms/INET6,apnTypeState=0,iface=null,ip=null,gw=null,isDataConnectivityPossible=true,networkType=6,reason=2GVoiceCallStarted
02-13 18:49:42.538 D/StatusBarPolicy(  326): Data network type changed to:6
02-13 18:49:42.548 D/StatusBarPolicy(  326): updateDataIcon subscription =0
02-13 18:49:42.548 D/StatusBarPolicy(  326): updateSignalStrength on subscription :0
02-13 18:49:42.558 D/StatusBarPolicy(  326): getCdmaLevel_band_six -cdmaDbm:-94
02-13 18:49:42.558 D/StatusBarPolicy(  326): getCdmaLevel_band_six -cdmaEcio:-90
02-13 18:49:42.568 I/TelephonyRegistry(  256): notifyDataConnection: anyState=3,supl/INET,apnTypeState=3,iface=rmnet0,ip=173.155.101.96,gw=173.155.101.97,isDataConnectivityPossible=true,networkType=6,reason=2GVoiceCallStarted
02-13 18:49:42.648 I/TelephonyRegistry(  256): notifyDataConnection: anyState=3,supl/INET6,apnTypeState=0,iface=null,ip=null,gw=null,isDataConnectivityPossible=true,networkType=6,reason=2GVoiceCallStarted
02-13 18:49:42.678 I/TelephonyRegistry(  256): notifyDataConnection: anyState=3,dun/INET,apnTypeState=0,iface=null,ip=null,gw=null,isDataConnectivityPossible=true,networkType=6,reason=2GVoiceCallStarted
02-13 18:49:42.718 I/TelephonyRegistry(  256): notifyDataConnection: anyState=3,dun/INET6,apnTypeState=0,iface=null,ip=null,gw=null,isDataConnectivityPossible=true,networkType=6,reason=2GVoiceCallStarted
02-13 18:49:42.778 I/TelephonyRegistry(  256): notifyDataConnection: anyState=3,hipri/INET,apnTypeState=3,iface=rmnet0,ip=173.155.101.96,gw=173.155.101.97,isDataConnectivityPossible=true,networkType=6,reason=2GVoiceCallStarted
02-13 18:49:42.808 I/TelephonyRegistry(  256): notifyDataConnection: anyState=3,hipri/INET6,apnTypeState=0,iface=null,ip=null,gw=null,isDataConnectivityPossible=true,networkType=6,reason=2GVoiceCallStarted
02-13 18:49:42.828 D/ConnectivityService(  256): reportNetworkCondition(0, 0)
02-13 18:49:42.838 D/ConnectivityService(  256): Inet connectivity change, net=0, condition=0,mActiveDefaultNetwork=-1
02-13 18:49:42.838 D/ConnectivityService(  256): no active default network - aborting
02-13 18:49:43.038 W/WindowManager(  256): updateFocusedWindowLocked newFocus=Window{40920e60 com.android.phone/com.android.phone.InCallScreen paused=false} mode=3 mCurrentFocus = Window{40920e60 com.android.phone/com.android.phone.InCallScreen paused=false}
02-13 18:49:43.038 D/RPC     (  256): 3000008c:00050000 sending call (XID 8).
02-13 18:49:43.088 D/RPC     (  256): 3000008c:00050000 received REPLY (XID 8), grabbing mutex to wake up client.
02-13 18:49:43.088 D/RPC     (  256): 3000008c:00050000 waiting for XDR input buffer to be consumed.
02-13 18:49:43.088 D/RPC     (  256): 3000008c:00050000 call success.
02-13 18:49:43.088 D/RPC     (  256): 3000008c:00050000 received CALL.
