02-13 18:50:36.901 W/WindowManager(  256): updateFocusedWindowLocked newFocus=Window{408ec828 com.android.mms/com.android.mms.ui.ComposeMessageActivity paused=false} mode=3 mCurrentFocus = Window{408ec828 com.android.mms/com.android.mms.ui.ComposeMessageActivity paused=false}
02-13 18:50:36.911 W/WindowManager(  256): updateFocusedWindowLocked newFocus=Window{408ec828 com.android.mms/com.android.mms.ui.ComposeMessageActivity paused=false} mode=3 mCurrentFocus = Window{408ec828 com.android.mms/com.android.mms.ui.ComposeMessageActivity paused=false}
02-13 18:50:37.051 W/WindowManager(  256): updateFocusedWindowLocked newFocus=Window{408ec828 com.android.mms/com.android.mms.ui.ComposeMessageActivity paused=false} mode=3 mCurrentFocus = Window{408ec828 com.android.mms/com.android.mms.ui.ComposeMessageActivity paused=false}
02-13 18:50:37.121 D/PowerManagerService(  256): setTimeoutLocked now=219103 timeoutOverride=-1 nextState=3 when=225103
02-13 18:50:37.131 W/WindowManager(  256): updateFocusedWindowLocked newFocus=Window{408ec828 com.android.mms/com.android.mms.ui.ComposeMessageActivity paused=false} mode=3 mCurrentFocus = Window{408ec828 com.android.mms/com.android.mms.ui.ComposeMessageActivity paused=false}
02-13 18:50:37.221 D/PowerManagerService(  256): setTimeoutLocked now=219205 timeoutOverride=-1 nextState=3 when=225205
02-13 18:50:37.241 W/WindowManager(  256): updateFocusedWindowLocked newFocus=Window{408ec828 com.android.mms/com.android.mms.ui.ComposeMessageActivity paused=false} mode=3 mCurrentFocus = Window{408ec828 com.android.mms/com.android.mms.ui.ComposeMessageActivity paused=false}
02-13 18:50:37.341 W/WindowManager(  256): updateFocusedWindowLocked newFocus=Window{408ec828 com.android.mms/com.android.mms.ui.ComposeMessageActivity paused=false} mode=3 mCurrentFocus = Window{408ec828 com.android.mms/com.android.mms.ui.ComposeMessageActivity paused=false}
02-13 18:50:37.451 W/WindowManager(  256): updateFocusedWindowLocked newFocus=Window{408ec828 com.android.mms/com.android.mms.ui.ComposeMessageActivity paused=false} mode=3 mCurrentFocus = Window{408ec828 com.android.mms/com.android.mms.ui.ComposeMessageActivity paused=false}
02-13 18:50:37.632 D/PowerManagerService(  256): setTimeoutLocked now=219609 timeoutOverride=-1 nextState=3 when=225609
02-13 18:50:37.662 W/WindowManager(  256): updateFocusedWindowLocked newFocus=Window{408ec828 com.android.mms/com.android.mms.ui.ComposeMessageActivity paused=false} mode=3 mCurrentFocus = Window{408ec828 com.android.mms/com.android.mms.ui.ComposeMessageActivity paused=false}
02-13 18:50:37.722 D/PowerManagerService(  256): setTimeoutLocked now=219705 timeoutOverride=-1 nextState=3 when=225705
02-13 18:50:37.742 W/WindowManager(  256): updateFocusedWindowLocked newFocus=Window{408ec828 com.android.mms/com.android.mms.ui.ComposeMessageActivity paused=false} mode=3 mCurrentFocus = Window{408ec828 com.android.mms/com.android.mms.ui.ComposeMessageActivity paused=false}
02-13 18:50:37.792 W/WindowManager(  256): updateFocusedWindowLocked newFocus=Window{408ec828 com.android.mms/com.android.mms.ui.ComposeMessageActivity paused=false} mode=3 mCurrentFocus = Window{408ec828 com.android.mms/com.android.mms.ui.ComposeMessageActivity paused=false}
02-13 18:50:37.912 W/WindowManager(  256): updateFocusedWindowLocked newFocus=Window{408ec828 com.android.mms/com.android.mms.ui.ComposeMessageActivity paused=false} mode=3 mCurrentFocus = Window{408ec828 com.android.mms/com.android.mms.ui.ComposeMessageActivity paused=false}
02-13 18:50:38.022 W/WindowManager(  256): updateFocusedWindowLocked newFocus=Window{408ec828 com.android.mms/com.android.mms.ui.ComposeMessageActivity paused=false} mode=3 mCurrentFocus = Window{408ec828 com.android.mms/com.android.mms.ui.ComposeMessageActivity paused=false}
02-13 18:50:38.122 W/WindowManager(  256): updateFocusedWindowLocked newFocus=Window{408ec828 com.android.mms/com.android.mms.ui.ComposeMessageActivity paused=false} mode=3 mCurrentFocus = Window{408ec828 com.android.mms/com.android.mms.ui.ComposeMessageActivity paused=false}
02-13 18:50:38.412 D/PowerManagerService(  256): setTimeoutLocked now=220396 timeoutOverride=-1 nextState=3 when=226396
02-13 18:50:38.452 W/WindowManager(  256): updateFocusedWindowLocked newFocus=Window{408ec828 com.android.mms/com.android.mms.ui.ComposeMessageActivity paused=false} mode=3 mCurrentFocus = Window{408ec828 com.android.mms/com.android.mms.ui.ComposeMessageActivity paused=false}
02-13 18:50:38.522 D/PowerManagerService(  256): setTimeoutLocked now=220508 timeoutOverride=-1 nextState=3 when=226508
02-13 18:50:38.552 W/WindowManager(  256): updateFocusedWindowLocked newFocus=Window{408ec828 com.android.mms/com.android.mms.ui.ComposeMessageActivity paused=false} mode=3 mCurrentFocus = Window{408ec828 com.android.mms/com.android.mms.ui.ComposeMessageActivity paused=false}
02-13 18:50:38.653 W/WindowManager(  256): updateFocusedWindowLocked newFocus=Window{408ec828 com.android.mms/com.android.mms.ui.ComposeMessageActivity paused=false} mode=3 mCurrentFocus = Window{408ec828 com.android.mms/com.android.mms.ui.ComposeMessageActivity paused=false}
02-13 18:50:38.803 W/WindowManager(  256): updateFocusedWindowLocked newFocus=Window{408ec828 com.android.mms/com.android.mms.ui.ComposeMessageActivity paused=false} mode=3 mCurrentFocus = Window{408ec828 com.android.mms/com.android.mms.ui.ComposeMessageActivity paused=false}
02-13 18:50:39.153 D/PowerManagerService(  256): setTimeoutLocked now=221137 timeoutOverride=-1 nextState=3 when=227137
02-13 18:50:39.163 W/WindowManager(  256): updateFocusedWindowLocked newFocus=Window{408ec828 com.android.mms/com.android.mms.ui.ComposeMessageActivity paused=false} mode=3 mCurrentFocus = Window{408ec828 com.android.mms/com.android.mms.ui.ComposeMessageActivity paused=false}
02-13 18:50:39.253 D/PowerManagerService(  256): setTimeoutLocked now=221236 timeoutOverride=-1 nextState=3 when=227236
02-13 18:50:39.323 W/WindowManager(  256): updateFocusedWindowLocked newFocus=Window{408ec828 com.android.mms/com.android.mms.ui.ComposeMessageActivity paused=false} mode=3 mCurrentFocus = Window{408ec828 com.android.mms/com.android.mms.ui.ComposeMessageActivity paused=false}
02-13 18:50:39.443 W/WindowManager(  256): updateFocusedWindowLocked newFocus=Window{408ec828 com.android.mms/com.android.mms.ui.ComposeMessageActivity paused=false} mode=3 mCurrentFocus = Window{408ec828 com.android.mms/com.android.mms.ui.ComposeMessageActivity paused=false}
02-13 18:50:39.593 W/WindowManager(  256): updateFocusedWindowLocked newFocus=Window{408ec828 com.android.mms/com.android.mms.ui.ComposeMessageActivity paused=false} mode=3 mCurrentFocus = Window{408ec828 com.android.mms/com.android.mms.ui.ComposeMessageActivity paused=false}
02-13 18:50:39.704 D/PowerManagerService(  256): setTimeoutLocked now=221680 timeoutOverride=-1 nextState=3 when=227680
02-13 18:50:39.724 W/WindowManager(  256): updateFocusedWindowLocked newFocus=Window{408ec828 com.android.mms/com.android.mms.ui.ComposeMessageActivity paused=false} mode=3 mCurrentFocus = Window{408ec828 com.android.mms/com.android.mms.ui.ComposeMessageActivity paused=false}
02-13 18:50:39.784 D/PowerManagerService(  256): setTimeoutLocked now=221763 timeoutOverride=-1 nextState=3 when=227763
02-13 18:50:39.824 W/WindowManager(  256): updateFocusedWindowLocked newFocus=Window{408ec828 com.android.mms/com.android.mms.ui.ComposeMessageActivity paused=false} mode=3 mCurrentFocus = Window{408ec828 com.android.mms/com.android.mms.ui.ComposeMessageActivity paused=false}
02-13 18:50:39.874 W/WindowManager(  256): updateFocusedWindowLocked newFocus=Window{408ec828 com.android.mms/com.android.mms.ui.ComposeMessageActivity paused=false} mode=3 mCurrentFocus = Window{408ec828 com.android.mms/com.android.mms.ui.ComposeMessageActivity paused=false}
02-13 18:50:40.074 W/WindowManager(  256): updateFocusedWindowLocked newFocus=Window{408ec828 com.android.mms/com.android.mms.ui.ComposeMessageActivity paused=false} mode=3 mCurrentFocus = Window{408ec828 com.android.mms/com.android.mms.ui.ComposeMessageActivity paused=false}
02-13 18:50:40.134 W/WindowManager(  256): updateFocusedWindowLocked newFocus=Window{408ec828 com.android.mms/com.android.mms.ui.ComposeMessageActivity paused=false} mode=3 mCurrentFocus = Window{408ec828 com.android.mms/com.android.mms.ui.ComposeMessageActivity paused=false}
02-13 18:50:40.234 D/StatusBarPolicy(  326): onSignalStrengthsChanged:SignalStrength: 99 0 -91 -70 -87 -15 8 99 2147483647 2147483647 2147483647 2147483647 cdma for subscription0
02-13 18:50:40.234 D/StatusBarPolicy(  326): updateSignalStrength on subscription :0
02-13 18:50:40.234 D/StatusBarPolicy(  326): StatusBarPolocy::getIconLevel -EVDO
02-13 18:50:40.234 D/StatusBarPolicy(  326): getEvdoLevel_band_six -evdoDbm:-87
02-13 18:50:40.234 D/StatusBarPolicy(  326): getEvdoLevel_band_six -evdoEcio:-15
02-13 18:50:40.234 W/WindowManager(  256): updateFocusedWindowLocked newFocus=Window{408ec828 com.android.mms/com.android.mms.ui.ComposeMessageActivity paused=false} mode=3 mCurrentFocus = Window{408ec828 com.android.mms/com.android.mms.ui.ComposeMessageActivity paused=false}
02-13 18:50:40.364 D/PowerManagerService(  256): setTimeoutLocked now=222339 timeoutOverride=-1 nextState=3 when=228339
02-13 18:50:40.374 W/WindowManager(  256): updateFocusedWindowLocked newFocus=Window{408ec828 com.android.mms/com.android.mms.ui.ComposeMessageActivity paused=false} mode=3 mCurrentFocus = Window{408ec828 com.android.mms/com.android.mms.ui.ComposeMessageActivity paused=false}
02-13 18:50:40.464 D/PowerManagerService(  256): setTimeoutLocked now=222440 timeoutOverride=-1 nextState=3 when=228440
02-13 18:50:40.494 W/WindowManager(  256): updateFocusedWindowLocked newFocus=Window{408ec828 com.android.mms/com.android.mms.ui.ComposeMessageActivity paused=false} mode=3 mCurrentFocus = Window{408ec828 com.android.mms/com.android.mms.ui.ComposeMessageActivity paused=false}
02-13 18:50:40.544 W/WindowManager(  256): updateFocusedWindowLocked newFocus=Window{408ec828 com.android.mms/com.android.mms.ui.ComposeMessageActivity paused=false} mode=3 mCurrentFocus = Window{408ec828 com.android.mms/com.android.mms.ui.ComposeMessageActivity paused=false}
02-13 18:50:40.665 W/WindowManager(  256): updateFocusedWindowLocked newFocus=Window{408ec828 com.android.mms/com.android.mms.ui.ComposeMessageActivity paused=false} mode=3 mCurrentFocus = Window{408ec828 com.android.mms/com.android.mms.ui.ComposeMessageActivity paused=false}
02-13 18:50:40.745 W/WindowManager(  256): updateFocusedWindowLocked newFocus=Window{408ec828 com.android.mms/com.android.mms.ui.ComposeMessageActivity paused=false} mode=3 mCurrentFocus = Window{408ec828 com.android.mms/com.android.mms.ui.ComposeMessageActivity paused=false}
02-13 18:50:40.865 W/WindowManager(  256): updateFocusedWindowLocked newFocus=Window{408ec828 com.android.mms/com.android.mms.ui.ComposeMessageActivity paused=false} mode=3 mCurrentFocus = Window{408ec828 com.android.mms/com.android.mms.ui.ComposeMessageActivity paused=false}
02-13 18:50:41.175 D/PowerManagerService(  256): setTimeoutLocked now=223159 timeoutOverride=-1 nextState=3 when=229159
02-13 18:50:41.325 D/PowerManagerService(  256): setTimeoutLocked now=223306 timeoutOverride=-1 nextState=3 when=229306
02-13 18:50:42.176 D/PowerManagerService(  256): setTimeoutLocked now=224149 timeoutOverride=-1 nextState=3 when=230149
02-13 18:50:42.266 W/WindowManager(  256): updateFocusedWindowLocked newFocus=Window{408ec828 com.android.mms/com.android.mms.ui.ComposeMessageActivity paused=false} mode=3 mCurrentFocus = Window{408ec828 com.android.mms/com.android.mms.ui.ComposeMessageActivity paused=false}
02-13 18:50:42.486 D/StatusBarPolicy(  326): onSignalStrengthsChanged:SignalStrength: 99 0 -91 -70 -90 -20 8 99 2147483647 2147483647 2147483647 2147483647 cdma for subscription0
02-13 18:50:42.486 D/StatusBarPolicy(  326): updateSignalStrength on subscription :0
02-13 18:50:42.486 D/StatusBarPolicy(  326): StatusBarPolocy::getIconLevel -EVDO
02-13 18:50:42.486 D/StatusBarPolicy(  326): getEvdoLevel_band_six -evdoDbm:-90
02-13 18:50:42.486 D/StatusBarPolicy(  326): getEvdoLevel_band_six -evdoEcio:-20
02-13 18:50:44.428 I/TelephonyRegistry(  256): notifyServiceState: 0 home Sprint  310099  EvDo rev. A CSS not supported 41 4139RoamInd: 1RoamStatus(sprint): 1DefRoamInd: 160EmergOnly: false
02-13 18:50:44.428 D/StatusBarPolicy(  326): onServiceStateChanged:0 home Sprint  310099  EvDo rev. A CSS not supported 41 4139RoamInd: 1RoamStatus(sprint): 1DefRoamInd: 160EmergOnly: falsefor subscription :0
02-13 18:50:44.428 D/StatusBarPolicy(  326): updateSignalStrength on subscription :0
02-13 18:50:44.428 D/StatusBarPolicy(  326): StatusBarPolocy::getIconLevel -EVDO
02-13 18:50:44.428 D/StatusBarPolicy(  326): getEvdoLevel_band_six -evdoDbm:-90
02-13 18:50:44.428 D/StatusBarPolicy(  326): getEvdoLevel_band_six -evdoEcio:-20
02-13 18:50:44.428 D/StatusBarPolicy(  326): updateDataIcon subscription =0
02-13 18:50:44.718 D/StatusBarPolicy(  326): onSignalStrengthsChanged:SignalStrength: 99 0 -90 -90 -90 -20 8 99 2147483647 2147483647 2147483647 2147483647 cdma for subscription0
02-13 18:50:44.718 D/StatusBarPolicy(  326): updateSignalStrength on subscription :0
02-13 18:50:44.728 D/StatusBarPolicy(  326): StatusBarPolocy::getIconLevel -EVDO
02-13 18:50:44.728 D/StatusBarPolicy(  326): getEvdoLevel_band_six -evdoDbm:-90
02-13 18:50:44.738 D/StatusBarPolicy(  326): getEvdoLevel_band_six -evdoEcio:-20
02-13 18:50:44.789 D/PowerManagerService(  256): setTimeoutLocked now=226766 timeoutOverride=-1 nextState=3 when=232766
02-13 18:50:44.839 I/ActivityManager(  256): Starting: Intent { act=android.intent.action.MAIN cat=[android.intent.category.HOME] flg=0x10200000 cmp=com.android.launcher/com.android.launcher2.Launcher } from pid 256
02-13 18:50:44.859 W/WindowManager(  256): updateFocusedWindowLocked newFocus=Window{408ec828 com.android.mms/com.android.mms.ui.ComposeMessageActivity paused=true} mode=3 mCurrentFocus = Window{408ec828 com.android.mms/com.android.mms.ui.ComposeMessageActivity paused=true}
02-13 18:50:44.869 W/WindowManager(  256): updateFocusedWindowLocked newFocus=null mode=3 mCurrentFocus = Window{408ec828 com.android.mms/com.android.mms.ui.ComposeMessageActivity paused=true}
02-13 18:50:44.889 W/WindowManager(  256): updateFocusedWindowLocked newFocus=null mode=0 mCurrentFocus = null
02-13 18:50:44.929 W/WindowManager(  256): updateFocusedWindowLocked newFocus=Window{40823cd8 com.android.launcher/com.android.launcher2.Launcher paused=false} mode=2 mCurrentFocus = null
02-13 18:50:44.929 W/WindowManager(  256): updateFocusedWindowLocked newFocus=Window{40823cd8 com.android.launcher/com.android.launcher2.Launcher paused=false} mode=2 mCurrentFocus = Window{40823cd8 com.android.launcher/com.android.launcher2.Launcher paused=false}
02-13 18:50:44.929 W/WindowManager(  256): updateFocusedWindowLocked newFocus=Window{40823cd8 com.android.launcher/com.android.launcher2.Launcher paused=false} mode=3 mCurrentFocus = Window{40823cd8 com.android.launcher/com.android.launcher2.Launcher paused=false}
02-13 18:50:46.981 D/StatusBarPolicy(  326): onSignalStrengthsChanged:SignalStrength: 99 0 -91 -75 -92 -40 8 99 2147483647 2147483647 2147483647 2147483647 cdma for subscription0
02-13 18:50:46.981 D/StatusBarPolicy(  326): updateSignalStrength on subscription :0
02-13 18:50:46.991 D/StatusBarPolicy(  326): StatusBarPolocy::getIconLevel -EVDO
02-13 18:50:46.991 D/StatusBarPolicy(  326): getEvdoLevel_band_six -evdoDbm:-92
02-13 18:50:46.991 D/StatusBarPolicy(  326): getEvdoLevel_band_six -evdoEcio:-40
02-13 18:50:47.161 I/TelephonyRegistry(  256): notifyServiceState: 0 home Sprint  310099  EvDo rev. A CSS not supported 41 4139RoamInd: 1RoamStatus(sprint): 1DefRoamInd: 160EmergOnly: false
02-13 18:50:47.161 D/StatusBarPolicy(  326): onServiceStateChanged:0 home Sprint  310099  EvDo rev. A CSS not supported 41 4139RoamInd: 1RoamStatus(sprint): 1DefRoamInd: 160EmergOnly: falsefor subscription :0
02-13 18:50:47.161 D/StatusBarPolicy(  326): updateSignalStrength on subscription :0
02-13 18:50:47.161 D/StatusBarPolicy(  326): StatusBarPolocy::getIconLevel -EVDO
02-13 18:50:47.161 D/StatusBarPolicy(  326): getEvdoLevel_band_six -evdoDbm:-92
02-13 18:50:47.161 D/StatusBarPolicy(  326): getEvdoLevel_band_six -evdoEcio:-40
02-13 18:50:47.161 D/StatusBarPolicy(  326): updateDataIcon subscription =0
02-13 18:50:49.123 D/PowerManagerService(  256): setTimeoutLocked now=231104 timeoutOverride=-1 nextState=3 when=237104
02-13 18:50:49.213 D/PowerManagerService(  256): setTimeoutLocked now=231189 timeoutOverride=-1 nextState=3 when=237189
02-13 18:50:49.223 D/StatusBarPolicy(  326): onSignalStrengthsChanged:SignalStrength: 99 0 -91 -85 -92 -40 8 99 2147483647 2147483647 2147483647 2147483647 cdma for subscription0
02-13 18:50:49.223 D/StatusBarPolicy(  326): updateSignalStrength on subscription :0
02-13 18:50:49.233 D/StatusBarPolicy(  326): StatusBarPolocy::getIconLevel -EVDO
02-13 18:50:49.233 D/StatusBarPolicy(  326): getEvdoLevel_band_six -evdoDbm:-92
02-13 18:50:49.233 D/StatusBarPolicy(  326): getEvdoLevel_band_six -evdoEcio:-40
02-13 18:50:49.483 D/WifiService(  256): ACTION_BATTERY_CHANGED pluggedType: 0
02-13 18:50:49.483 D/WifiService(  256): WifiHandler, MESSAGE_UPDATE_STATE
02-13 18:50:49.483 D/WifiService(  256): isAirplaneModeOn(): false
02-13 18:50:49.483 D/WifiService(  256): updateWifiState(), wifiEnabled: true, airplaneMode: false, wifiShouldBeEnabled: true, wifiShouldBeStarted: true, strongestLockMode: 1
02-13 18:50:49.483 D/WifiService(  256): WifiHandler, MESSAGE_ENABLE_WIFI, msg.arg1: 0, msg.arg2: 1000
02-13 18:50:49.483 D/WifiService(  256): WifiHandler, MESSAGE_START_WIFI, msg.arg1: 1
02-13 18:50:51.425 D/PowerManagerService(  256): setTimeoutLocked now=233408 timeoutOverride=-1 nextState=3 when=239408
02-13 18:50:51.445 D/StatusBarPolicy(  326): onSignalStrengthsChanged:SignalStrength: 99 0 -92 -115 -94 -25 8 99 2147483647 2147483647 2147483647 2147483647 cdma for subscription0
02-13 18:50:51.445 D/StatusBarPolicy(  326): updateSignalStrength on subscription :0
02-13 18:50:51.445 D/StatusBarPolicy(  326): StatusBarPolocy::getIconLevel -EVDO
02-13 18:50:51.445 D/StatusBarPolicy(  326): getEvdoLevel_band_six -evdoDbm:-94
02-13 18:50:51.445 D/StatusBarPolicy(  326): getEvdoLevel_band_six -evdoEcio:-25
02-13 18:50:51.465 D/PowerManagerService(  256): setTimeoutLocked now=233442 timeoutOverride=-1 nextState=3 when=239442
02-13 18:50:51.655 I/ActivityManager(  256): Starting: Intent { act=android.intent.action.MAIN cat=[android.intent.category.LAUNCHER] flg=0x10200000 cmp=com.android.contacts/.DialtactsActivity } from pid 364
02-13 18:50:51.665 W/WindowManager(  256): updateFocusedWindowLocked newFocus=Window{40823cd8 com.android.launcher/com.android.launcher2.Launcher paused=false} mode=3 mCurrentFocus = Window{40823cd8 com.android.launcher/com.android.launcher2.Launcher paused=false}
02-13 18:50:51.685 W/WindowManager(  256): updateFocusedWindowLocked newFocus=null mode=0 mCurrentFocus = Window{40823cd8 com.android.launcher/com.android.launcher2.Launcher paused=true}
02-13 18:50:51.685 W/WindowManager(  256): updateFocusedWindowLocked newFocus=null mode=2 mCurrentFocus = null
02-13 18:50:51.685 W/WindowManager(  256): updateFocusedWindowLocked newFocus=null mode=2 mCurrentFocus = null
02-13 18:50:51.755 W/WindowManager(  256): updateFocusedWindowLocked newFocus=null mode=3 mCurrentFocus = null
02-13 18:50:51.835 D/StatusBarPolicy(  326): onSignalStrengthsChanged:SignalStrength: 99 0 -97 -90 -94 -25 8 99 2147483647 2147483647 2147483647 2147483647 cdma for subscription0
02-13 18:50:51.835 D/StatusBarPolicy(  326): updateSignalStrength on subscription :0
02-13 18:50:51.835 D/StatusBarPolicy(  326): StatusBarPolocy::getIconLevel -EVDO
02-13 18:50:51.835 D/StatusBarPolicy(  326): getEvdoLevel_band_six -evdoDbm:-94
02-13 18:50:51.835 D/StatusBarPolicy(  326): getEvdoLevel_band_six -evdoEcio:-25
02-13 18:50:51.845 I/TelephonyRegistry(  256): notifyServiceState: 0 home Sprint  310099  EvDo rev. A CSS not supported 41 4139RoamInd: 1RoamStatus(sprint): 1DefRoamInd: 160EmergOnly: false
02-13 18:50:51.845 D/StatusBarPolicy(  326): onServiceStateChanged:0 home Sprint  310099  EvDo rev. A CSS not supported 41 4139RoamInd: 1RoamStatus(sprint): 1DefRoamInd: 160EmergOnly: falsefor subscription :0
02-13 18:50:51.845 D/StatusBarPolicy(  326): updateSignalStrength on subscription :0
02-13 18:50:51.845 D/StatusBarPolicy(  326): StatusBarPolocy::getIconLevel -EVDO
02-13 18:50:51.845 D/StatusBarPolicy(  326): getEvdoLevel_band_six -evdoDbm:-94
02-13 18:50:51.845 D/StatusBarPolicy(  326): getEvdoLevel_band_six -evdoEcio:-25
02-13 18:50:51.845 D/StatusBarPolicy(  326): updateDataIcon subscription =0
02-13 18:50:52.166 W/WindowManager(  256): updateFocusedWindowLocked newFocus=Window{40985220 com.android.contacts/com.android.contacts.DialtactsActivity paused=false} mode=3 mCurrentFocus = null
02-13 18:50:52.266 W/WindowManager(  256): updateFocusedWindowLocked newFocus=Window{40985220 com.android.contacts/com.android.contacts.DialtactsActivity paused=false} mode=3 mCurrentFocus = Window{40985220 com.android.contacts/com.android.contacts.DialtactsActivity paused=false}
02-13 18:50:53.477 D/PowerManagerService(  256): setTimeoutLocked now=235463 timeoutOverride=-1 nextState=3 when=241463
02-13 18:50:53.617 D/PowerManagerService(  256): setTimeoutLocked now=235600 timeoutOverride=-1 nextState=3 when=241600
02-13 18:50:53.667 D/StatusBarPolicy(  326): onSignalStrengthsChanged:SignalStrength: 99 0 -94 -80 -94 -25 8 99 2147483647 2147483647 2147483647 2147483647 cdma for subscription0
02-13 18:50:53.667 D/StatusBarPolicy(  326): updateSignalStrength on subscription :0
02-13 18:50:53.677 D/StatusBarPolicy(  326): StatusBarPolocy::getIconLevel -EVDO
02-13 18:50:53.677 D/StatusBarPolicy(  326): getEvdoLevel_band_six -evdoDbm:-94
02-13 18:50:53.677 D/StatusBarPolicy(  326): getEvdoLevel_band_six -evdoEcio:-25
02-13 18:50:53.998 D/PowerManagerService(  256): setTimeoutLocked now=235976 timeoutOverride=-1 nextState=3 when=241976
02-13 18:50:54.388 I/TelephonyRegistry(  256): notifyServiceState: 0 home Sprint  310099  EvDo rev. A CSS not supported 41 4139RoamInd: 1RoamStatus(sprint): 1DefRoamInd: 160EmergOnly: false
02-13 18:50:54.398 D/StatusBarPolicy(  326): onServiceStateChanged:0 home Sprint  310099  EvDo rev. A CSS not supported 41 4139RoamInd: 1RoamStatus(sprint): 1DefRoamInd: 160EmergOnly: falsefor subscription :0
02-13 18:50:54.398 D/StatusBarPolicy(  326): updateSignalStrength on subscription :0
02-13 18:50:54.398 D/StatusBarPolicy(  326): StatusBarPolocy::getIconLevel -EVDO
02-13 18:50:54.398 D/StatusBarPolicy(  326): getEvdoLevel_band_six -evdoDbm:-94
02-13 18:50:54.398 D/StatusBarPolicy(  326): getEvdoLevel_band_six -evdoEcio:-25
02-13 18:50:54.398 D/StatusBarPolicy(  326): updateDataIcon subscription =0
02-13 18:50:54.408 D/PowerManagerService(  256): setTimeoutLocked now=236391 timeoutOverride=-1 nextState=3 when=242391
02-13 18:50:54.748 D/PowerManagerService(  256): setTimeoutLocked now=236733 timeoutOverride=-1 nextState=3 when=242733
02-13 18:50:55.099 D/PowerManagerService(  256): setTimeoutLocked now=237072 timeoutOverride=-1 nextState=3 when=243072
02-13 18:50:55.279 D/PowerManagerService(  256): setTimeoutLocked now=237260 timeoutOverride=-1 nextState=3 when=243260
02-13 18:50:55.609 D/PowerManagerService(  256): setTimeoutLocked now=237595 timeoutOverride=-1 nextState=3 when=243595
02-13 18:50:56.620 D/PowerManagerService(  256): setTimeoutLocked now=238595 timeoutOverride=-1 nextState=3 when=244595
02-13 18:50:56.660 D/PowerManagerService(  256): setTimeoutLocked now=238645 timeoutOverride=-1 nextState=3 when=244645
02-13 18:50:56.660 I/ActivityManager(  256): Starting: Intent { act=android.intent.action.CALL_PRIVILEGED dat=tel:xxx-xxx-xxxx flg=0x10000000 cmp=com.android.phone/.PrivilegedOutgoingCallBroadcaster (has extras) } from pid 404
02-13 18:50:56.700 D/PowerManagerService(  256): setTimeoutLocked now=238680 timeoutOverride=-1 nextState=3 when=244680
02-13 18:50:56.700 W/WindowManager(  256): updateFocusedWindowLocked newFocus=null mode=0 mCurrentFocus = Window{40985220 com.android.contacts/com.android.contacts.DialtactsActivity paused=true}
02-13 18:50:56.730 I/ActivityManager(  256): Starting: Intent { act=android.phone.extra.NEW_CALL_INTENT dat=tel:xxx-xxx-xxxx flg=0x10000000 cmp=com.android.phone/.SipCallOptionHandler (has extras) } from pid 342
02-13 18:50:56.740 W/WindowManager(  256): updateFocusedWindowLocked newFocus=null mode=0 mCurrentFocus = null
02-13 18:50:56.750 I/ActivityManager(  256): Starting: Intent { act=android.intent.action.CALL dat=tel:xxx-xxx-xxxx flg=0x10000000 cmp=com.android.phone/.InCallScreen (has extras) } from pid 342
02-13 18:50:56.750 W/WindowManager(  256): updateFocusedWindowLocked newFocus=null mode=0 mCurrentFocus = null
02-13 18:50:56.790 E/StatusBarPolicy(  326): onCallStateChanged Received on subscription :0
02-13 18:50:56.790 D/StatusBarPolicy(  326): updateSignalStrength on subscription :0
02-13 18:50:56.790 D/StatusBarPolicy(  326): getCdmaLevel_band_six -cdmaDbm:-94
02-13 18:50:56.790 D/StatusBarPolicy(  326): getCdmaLevel_band_six -cdmaEcio:-80
02-13 18:50:56.820 W/WindowManager(  256): updateFocusedWindowLocked newFocus=null mode=3 mCurrentFocus = null
02-13 18:50:57.000 W/WindowManager(  256): updateFocusedWindowLocked newFocus=null mode=3 mCurrentFocus = null
02-13 18:50:57.051 D/StatusBarService(  326): Notification has fullScreenIntent; sending fullScreenIntent
02-13 18:50:57.051 I/ActivityManager(  256): Starting: Intent { act=android.intent.action.MAIN flg=0x10840000 cmp=com.android.phone/.InCallScreen (has extras) } from pid -1
02-13 18:50:57.121 I/TelephonyRegistry(  256): notifyDataConnection: anyState=3,default/INET,apnTypeState=3,iface=rmnet0,ip=173.155.101.96,gw=173.155.101.97,isDataConnectivityPossible=true,networkType=6,reason=2GVoiceCallStarted
02-13 18:50:57.121 D/StatusBarPolicy(  326): StatusBarPolicy onDataConnectionStateChanged to 3for nw : 6on subscription : 0
02-13 18:50:57.121 D/StatusBarPolicy(  326): Data network type changed to:6
02-13 18:50:57.121 D/StatusBarPolicy(  326): updateDataIcon subscription =0
02-13 18:50:57.151 D/ConnectivityService(  256): ConnectivityChange for mobile: SUSPENDED/SUSPENDED
02-13 18:50:57.151 D/ConnectivityService(  256): Got Network Disconnected from Driver nwtype=0
02-13 18:50:57.151 D/ConnectivityService(  256): getMobileDataEnabled returning true
02-13 18:50:57.151 D/ConnectivityService(  256): Attempting to switch to WIFI
02-13 18:50:57.161 D/StatusBarPolicy(  326): Data network type changed to:6
02-13 18:50:57.171 D/StatusBarPolicy(  326): updateDataIcon subscription =0
02-13 18:50:57.181 I/TelephonyRegistry(  256): notifyDataConnection: anyState=3,default/INET6,apnTypeState=0,iface=null,ip=null,gw=null,isDataConnectivityPossible=true,networkType=6,reason=2GVoiceCallStarted
02-13 18:50:57.181 D/StatusBarPolicy(  326): updateSignalStrength on subscription :0
02-13 18:50:57.181 D/StatusBarPolicy(  326): getCdmaLevel_band_six -cdmaDbm:-94
02-13 18:50:57.181 D/StatusBarPolicy(  326): getCdmaLevel_band_six -cdmaEcio:-80
02-13 18:50:57.191 I/TelephonyRegistry(  256): notifyDataConnection: anyState=3,mms/INET,apnTypeState=3,iface=rmnet0,ip=173.155.101.96,gw=173.155.101.97,isDataConnectivityPossible=true,networkType=6,reason=2GVoiceCallStarted
02-13 18:50:57.251 I/TelephonyRegistry(  256): notifyDataConnection: anyState=3,mms/INET6,apnTypeState=0,iface=null,ip=null,gw=null,isDataConnectivityPossible=true,networkType=6,reason=2GVoiceCallStarted
02-13 18:50:57.291 I/TelephonyRegistry(  256): notifyDataConnection: anyState=3,supl/INET,apnTypeState=3,iface=rmnet0,ip=173.155.101.96,gw=173.155.101.97,isDataConnectivityPossible=true,networkType=6,reason=2GVoiceCallStarted
02-13 18:50:57.311 I/TelephonyRegistry(  256): notifyDataConnection: anyState=3,supl/INET6,apnTypeState=0,iface=null,ip=null,gw=null,isDataConnectivityPossible=true,networkType=6,reason=2GVoiceCallStarted
02-13 18:50:57.331 I/TelephonyRegistry(  256): notifyDataConnection: anyState=3,dun/INET,apnTypeState=0,iface=null,ip=null,gw=null,isDataConnectivityPossible=true,networkType=6,reason=2GVoiceCallStarted
02-13 18:50:57.361 I/TelephonyRegistry(  256): notifyDataConnection: anyState=3,dun/INET6,apnTypeState=0,iface=null,ip=null,gw=null,isDataConnectivityPossible=true,networkType=6,reason=2GVoiceCallStarted
02-13 18:50:57.381 I/TelephonyRegistry(  256): notifyDataConnection: anyState=3,hipri/INET,apnTypeState=3,iface=rmnet0,ip=173.155.101.96,gw=173.155.101.97,isDataConnectivityPossible=true,networkType=6,reason=2GVoiceCallStarted
02-13 18:50:57.401 I/TelephonyRegistry(  256): notifyDataConnection: anyState=3,hipri/INET6,apnTypeState=0,iface=null,ip=null,gw=null,isDataConnectivityPossible=true,networkType=6,reason=2GVoiceCallStarted
02-13 18:50:57.491 D/ConnectivityService(  256): reportNetworkCondition(0, 0)
02-13 18:50:57.491 D/ConnectivityService(  256): Inet connectivity change, net=0, condition=0,mActiveDefaultNetwork=-1
02-13 18:50:57.491 D/ConnectivityService(  256): no active default network - aborting
02-13 18:50:57.601 W/WindowManager(  256): updateFocusedWindowLocked newFocus=Window{40920e60 com.android.phone/com.android.phone.InCallScreen paused=false} mode=2 mCurrentFocus = null
02-13 18:50:57.601 W/WindowManager(  256): updateFocusedWindowLocked newFocus=Window{40920e60 com.android.phone/com.android.phone.InCallScreen paused=false} mode=2 mCurrentFocus = Window{40920e60 com.android.phone/com.android.phone.InCallScreen paused=false}
02-13 18:50:57.611 W/WindowManager(  256): updateFocusedWindowLocked newFocus=Window{40920e60 com.android.phone/com.android.phone.InCallScreen paused=false} mode=3 mCurrentFocus = Window{40920e60 com.android.phone/com.android.phone.InCallScreen paused=false}
02-13 18:50:57.701 W/InputManagerService(  256): Starting input on non-focused client com.android.internal.view.IInputMethodClient$Stub$Proxy@409535c0 (uid=10007 pid=404)
02-13 18:50:57.891 D/RPC     (  256): 3000008c:00050000 sending call (XID 12).
02-13 18:50:57.891 D/RPC     (  256): 3000008c:00050000 received REPLY (XID 12), grabbing mutex to wake up client.
02-13 18:50:57.891 D/RPC     (  256): 3000008c:00050000 call success.
02-13 18:50:57.891 D/RPC     (  256): 3000008c:00050000 received CALL.
02-13 18:50:57.891 D/RPC     (  256): 3000008c:00050000 dispatching RPC call (XID 20, xdr 0x37fb20) for callback client 3100008c:00050001.
02-13 18:50:57.891 D/RPC     (  256): 3100008c:327681 sending RPC reply (XID 20)
02-13 18:50:57.891 D/RPC     (  256): 3000008c:00050000 sending call (XID 13).
02-13 18:50:57.901 D/RPC     (  256): 3000008c:00050000 received REPLY (XID 13), grabbing mutex to wake up client.
02-13 18:50:57.901 D/RPC     (  256): 3000008c:00050000 call success.
02-13 18:50:57.911 D/RPC     (  256): 3000008c:00050000 received CALL.
02-13 18:50:57.911 D/RPC     (  256): 3000008c:00050000 dispatching RPC call (XID 21, xdr 0x37fb20) for callback client 3100008c:00050001.
02-13 18:50:57.911 D/RPC     (  256): 3100008c:327681 sending RPC reply (XID 21)
02-13 18:50:58.182 D/StatusBarPolicy(  326): updateDataIcon subscription =0
02-13 18:50:58.182 D/StatusBarPolicy(  326): onSignalStrengthsChanged:SignalStrength: 99 0 -86 -70 -91 -10 8 99 2147483647 2147483647 2147483647 2147483647 cdma for subscription0
02-13 18:50:58.182 D/StatusBarPolicy(  326): updateSignalStrength on subscription :0
02-13 18:50:58.182 D/StatusBarPolicy(  326): getCdmaLevel_band_six -cdmaDbm:-86
02-13 18:50:58.182 D/StatusBarPolicy(  326): getCdmaLevel_band_six -cdmaEcio:-70
02-13 18:50:58.592 D/PowerManagerService(  256): setTimeoutLocked now=240571 timeoutOverride=-1 nextState=3 when=246571
02-13 18:50:59.403 D/WifiService(  256): ACTION_SCREEN_OFF
02-13 18:50:59.423 D/WifiService(  256): setting ACTION_DEVICE_IDLE timer for 120,000 ms
02-13 18:50:59.483 D/WifiService(  256): ACTION_BATTERY_CHANGED pluggedType: 0
02-13 18:50:59.483 D/WifiService(  256): WifiHandler, MESSAGE_UPDATE_STATE
02-13 18:50:59.483 D/WifiService(  256): isAirplaneModeOn(): false
02-13 18:50:59.483 D/WifiService(  256): updateWifiState(), wifiEnabled: true, airplaneMode: false, wifiShouldBeEnabled: true, wifiShouldBeStarted: true, strongestLockMode: 1
02-13 18:50:59.483 D/WifiService(  256): WifiHandler, MESSAGE_ENABLE_WIFI, msg.arg1: 0, msg.arg2: 1000
02-13 18:50:59.483 D/WifiService(  256): WifiHandler, MESSAGE_START_WIFI, msg.arg1: 1
02-13 18:51:00.003 D/AlarmManager(  256): scheduleTimeTickEvent calendar=Mon Feb 13 18:52:00 CST 2012
02-13 18:51:00.003 D/AlarmManager(  256): calendar.getTimeInMillis()1329180720000
02-13 18:51:19.512 D/WifiService(  256): ACTION_BATTERY_CHANGED pluggedType: 0
02-13 18:51:19.512 D/WifiService(  256): WifiHandler, MESSAGE_UPDATE_STATE
02-13 18:51:19.512 D/WifiService(  256): isAirplaneModeOn(): false
02-13 18:51:19.512 D/WifiService(  256): updateWifiState(), wifiEnabled: true, airplaneMode: false, wifiShouldBeEnabled: true, wifiShouldBeStarted: true, strongestLockMode: 1
02-13 18:51:19.522 D/WifiService(  256): WifiHandler, MESSAGE_ENABLE_WIFI, msg.arg1: 0, msg.arg2: 1000
02-13 18:51:19.522 D/WifiService(  256): WifiHandler, MESSAGE_START_WIFI, msg.arg1: 1
02-13 18:51:31.534 D/PowerManagerService(  256): setTimeoutLocked now=273498 timeoutOverride=-1 nextState=3 when=279498
02-13 18:51:31.544 W/WindowManager(  256): updateFocusedWindowLocked newFocus=Window{40920e60 com.android.phone/com.android.phone.InCallScreen paused=false} mode=2 mCurrentFocus = Window{40920e60 com.android.phone/com.android.phone.InCallScreen paused=false}
02-13 18:51:31.544 W/WindowManager(  256): updateFocusedWindowLocked newFocus=Window{40920e60 com.android.phone/com.android.phone.InCallScreen paused=false} mode=2 mCurrentFocus = Window{40920e60 com.android.phone/com.android.phone.InCallScreen paused=false}
02-13 18:51:31.604 D/WifiService(  256): ACTION_SCREEN_ON
02-13 18:51:31.614 D/WifiService(  256): WifiHandler, MESSAGE_UPDATE_STATE
02-13 18:51:31.614 D/WifiService(  256): isAirplaneModeOn(): false
02-13 18:51:31.614 D/WifiService(  256): updateWifiState(), wifiEnabled: true, airplaneMode: false, wifiShouldBeEnabled: true, wifiShouldBeStarted: true, strongestLockMode: 1
02-13 18:51:31.614 D/WifiService(  256): WifiHandler, MESSAGE_ENABLE_WIFI, msg.arg1: 0, msg.arg2: 1000
02-13 18:51:31.614 D/WifiService(  256): WifiHandler, MESSAGE_START_WIFI, msg.arg1: 1
02-13 18:51:31.694 D/StatusBarPolicy(  326): onSignalStrengthsChanged:SignalStrength: 99 0 -78 -70 -86 -10 8 99 2147483647 2147483647 2147483647 2147483647 cdma for subscription0
02-13 18:51:31.694 D/StatusBarPolicy(  326): updateSignalStrength on subscription :0
02-13 18:51:31.694 D/StatusBarPolicy(  326): getCdmaLevel_band_six -cdmaDbm:-78
02-13 18:51:31.694 D/StatusBarPolicy(  326): getCdmaLevel_band_six -cdmaEcio:-70
02-13 18:51:31.774 I/TelephonyRegistry(  256): notifyServiceState: 0 home Sprint  310099  EvDo rev. A CSS not supported 41 4139RoamInd: 1RoamStatus(sprint): 1DefRoamInd: 160EmergOnly: false
02-13 18:51:31.774 D/StatusBarPolicy(  326): onServiceStateChanged:0 home Sprint  310099  EvDo rev. A CSS not supported 41 4139RoamInd: 1RoamStatus(sprint): 1DefRoamInd: 160EmergOnly: falsefor subscription :0
02-13 18:51:31.774 D/StatusBarPolicy(  326): updateSignalStrength on subscription :0
02-13 18:51:31.774 D/StatusBarPolicy(  326): getCdmaLevel_band_six -cdmaDbm:-78
02-13 18:51:31.774 D/StatusBarPolicy(  326): getCdmaLevel_band_six -cdmaEcio:-70
02-13 18:51:31.774 D/StatusBarPolicy(  326): updateDataIcon subscription =0
02-13 18:51:32.675 D/WifiService(  256): ACTION_SCREEN_OFF
02-13 18:51:32.685 D/WifiService(  256): setting ACTION_DEVICE_IDLE timer for 120,000 ms
02-13 18:51:32.936 W/WindowManager(  256): updateFocusedWindowLocked newFocus=Window{40920e60 com.android.phone/com.android.phone.InCallScreen paused=false} mode=3 mCurrentFocus = Window{40920e60 com.android.phone/com.android.phone.InCallScreen paused=false}
02-13 18:51:33.146 W/WindowManager(  256): updateFocusedWindowLocked newFocus=Window{40920e60 com.android.phone/com.android.phone.InCallScreen paused=false} mode=2 mCurrentFocus = Window{40920e60 com.android.phone/com.android.phone.InCallScreen paused=false}
02-13 18:51:33.146 W/WindowManager(  256): updateFocusedWindowLocked newFocus=Window{40920e60 com.android.phone/com.android.phone.InCallScreen paused=false} mode=2 mCurrentFocus = Window{40920e60 com.android.phone/com.android.phone.InCallScreen paused=false}
02-13 18:51:33.226 D/WifiService(  256): ACTION_SCREEN_ON
02-13 18:51:33.226 D/WifiService(  256): WifiHandler, MESSAGE_UPDATE_STATE
02-13 18:51:33.226 D/WifiService(  256): isAirplaneModeOn(): false
02-13 18:51:33.226 D/WifiService(  256): updateWifiState(), wifiEnabled: true, airplaneMode: false, wifiShouldBeEnabled: true, wifiShouldBeStarted: true, strongestLockMode: 1
02-13 18:51:33.226 D/WifiService(  256): WifiHandler, MESSAGE_ENABLE_WIFI, msg.arg1: 0, msg.arg2: 1000
02-13 18:51:33.226 D/WifiService(  256): WifiHandler, MESSAGE_START_WIFI, msg.arg1: 1
02-13 18:51:33.366 I/TelephonyRegistry(  256): notifyServiceState: 0 home Sprint  310099  EvDo rev. A CSS not supported 41 4139RoamInd: 1RoamStatus(sprint): 1DefRoamInd: 160EmergOnly: false
02-13 18:51:33.366 D/StatusBarPolicy(  326): onServiceStateChanged:0 home Sprint  310099  EvDo rev. A CSS not supported 41 4139RoamInd: 1RoamStatus(sprint): 1DefRoamInd: 160EmergOnly: falsefor subscription :0
02-13 18:51:33.366 D/StatusBarPolicy(  326): updateSignalStrength on subscription :0
02-13 18:51:33.366 D/StatusBarPolicy(  326): getCdmaLevel_band_six -cdmaDbm:-78
02-13 18:51:33.366 D/StatusBarPolicy(  326): getCdmaLevel_band_six -cdmaEcio:-70
02-13 18:51:33.366 D/StatusBarPolicy(  326): updateDataIcon subscription =0
02-13 18:51:36.269 D/StatusBarPolicy(  326): onSignalStrengthsChanged:SignalStrength: 99 0 -85 -85 -86 -10 8 99 2147483647 2147483647 2147483647 2147483647 cdma for subscription0
02-13 18:51:36.269 D/StatusBarPolicy(  326): updateSignalStrength on subscription :0
02-13 18:51:36.279 D/StatusBarPolicy(  326): getCdmaLevel_band_six -cdmaDbm:-85
02-13 18:51:36.279 D/StatusBarPolicy(  326): getCdmaLevel_band_six -cdmaEcio:-85
02-13 18:51:38.391 W/WindowManager(  256): updateFocusedWindowLocked newFocus=Window{40920e60 com.android.phone/com.android.phone.InCallScreen paused=false} mode=3 mCurrentFocus = Window{40920e60 com.android.phone/com.android.phone.InCallScreen paused=false}
02-13 18:51:38.411 D/WifiService(  256): ACTION_SCREEN_OFF
02-13 18:51:38.421 D/WifiService(  256): setting ACTION_DEVICE_IDLE timer for 120,000 ms
02-13 18:51:39.202 D/PowerManagerService(  256): setTimeoutLocked now=281160 timeoutOverride=-1 nextState=3 when=287160
02-13 18:51:39.252 W/WindowManager(  256): updateFocusedWindowLocked newFocus=Window{40920e60 com.android.phone/com.android.phone.InCallScreen paused=false} mode=2 mCurrentFocus = Window{40920e60 com.android.phone/com.android.phone.InCallScreen paused=false}
02-13 18:51:39.252 W/WindowManager(  256): updateFocusedWindowLocked newFocus=Window{40920e60 com.android.phone/com.android.phone.InCallScreen paused=false} mode=2 mCurrentFocus = Window{40920e60 com.android.phone/com.android.phone.InCallScreen paused=false}
02-13 18:51:39.322 D/WifiService(  256): ACTION_SCREEN_ON
02-13 18:51:39.322 D/WifiService(  256): WifiHandler, MESSAGE_UPDATE_STATE
02-13 18:51:39.322 D/WifiService(  256): isAirplaneModeOn(): false
02-13 18:51:39.322 D/WifiService(  256): updateWifiState(), wifiEnabled: true, airplaneMode: false, wifiShouldBeEnabled: true, wifiShouldBeStarted: true, strongestLockMode: 1
02-13 18:51:39.322 D/WifiService(  256): WifiHandler, MESSAGE_ENABLE_WIFI, msg.arg1: 0, msg.arg2: 1000
02-13 18:51:39.322 D/WifiService(  256): WifiHandler, MESSAGE_START_WIFI, msg.arg1: 1
02-13 18:51:39.442 D/StatusBarPolicy(  326): onSignalStrengthsChanged:SignalStrength: 99 0 -78 -70 -86 -10 8 99 2147483647 2147483647 2147483647 2147483647 cdma for subscription0
02-13 18:51:39.442 D/StatusBarPolicy(  326): updateSignalStrength on subscription :0
02-13 18:51:39.442 D/StatusBarPolicy(  326): getCdmaLevel_band_six -cdmaDbm:-78
02-13 18:51:39.442 D/StatusBarPolicy(  326): getCdmaLevel_band_six -cdmaEcio:-70
02-13 18:51:39.502 I/TelephonyRegistry(  256): notifyServiceState: 0 home Sprint  310099  EvDo rev. A CSS not supported 41 4139RoamInd: 1RoamStatus(sprint): 1DefRoamInd: 160EmergOnly: false
02-13 18:51:39.502 D/StatusBarPolicy(  326): onServiceStateChanged:0 home Sprint  310099  EvDo rev. A CSS not supported 41 4139RoamInd: 1RoamStatus(sprint): 1DefRoamInd: 160EmergOnly: falsefor subscription :0
02-13 18:51:39.502 D/StatusBarPolicy(  326): updateSignalStrength on subscription :0
02-13 18:51:39.502 D/StatusBarPolicy(  326): getCdmaLevel_band_six -cdmaDbm:-78
02-13 18:51:39.502 D/StatusBarPolicy(  326): getCdmaLevel_band_six -cdmaEcio:-70
02-13 18:51:39.502 D/StatusBarPolicy(  326): updateDataIcon subscription =0
02-13 18:51:45.177 D/PowerManagerService(  256): setTimeoutLocked now=287166 timeoutOverride=-1 nextState=1 when=394166
02-13 18:51:49.532 D/WifiService(  256): ACTION_BATTERY_CHANGED pluggedType: 0
02-13 18:51:49.532 D/WifiService(  256): WifiHandler, MESSAGE_UPDATE_STATE
02-13 18:51:49.532 D/WifiService(  256): isAirplaneModeOn(): false
02-13 18:51:49.532 D/WifiService(  256): updateWifiState(), wifiEnabled: true, airplaneMode: false, wifiShouldBeEnabled: true, wifiShouldBeStarted: true, strongestLockMode: 1
02-13 18:51:49.532 D/WifiService(  256): WifiHandler, MESSAGE_ENABLE_WIFI, msg.arg1: 0, msg.arg2: 1000
02-13 18:51:49.532 D/WifiService(  256): WifiHandler, MESSAGE_START_WIFI, msg.arg1: 1
02-13 18:51:49.622 W/WindowManager(  256): updateFocusedWindowLocked newFocus=Window{407c4790  paused=false} mode=1 mCurrentFocus = Window{40920e60 com.android.phone/com.android.phone.InCallScreen paused=false}
02-13 18:51:49.652 W/WindowManager(  256): updateFocusedWindowLocked newFocus=Window{407c4790  paused=false} mode=3 mCurrentFocus = Window{407c4790  paused=false}
02-13 18:51:55.808 D/StatusBarPolicy(  326): onSignalStrengthsChanged:SignalStrength: 99 0 -81 -70 -86 -10 8 99 2147483647 2147483647 2147483647 2147483647 cdma for subscription0
02-13 18:51:55.808 D/StatusBarPolicy(  326): updateSignalStrength on subscription :0
02-13 18:51:55.808 D/StatusBarPolicy(  326): getCdmaLevel_band_six -cdmaDbm:-81
02-13 18:51:55.808 D/StatusBarPolicy(  326): getCdmaLevel_band_six -cdmaEcio:-70
02-13 18:51:56.428 D/StatusBarPolicy(  326): onSignalStrengthsChanged:SignalStrength: 99 0 -83 -95 -120 -315 8 99 2147483647 2147483647 2147483647 2147483647 cdma for subscription0
02-13 18:51:56.428 D/StatusBarPolicy(  326): updateSignalStrength on subscription :0
02-13 18:51:56.428 D/StatusBarPolicy(  326): getCdmaLevel_band_six -cdmaDbm:-83
02-13 18:51:56.428 D/StatusBarPolicy(  326): getCdmaLevel_band_six -cdmaEcio:-95
02-13 18:51:58.671 D/StatusBarPolicy(  326): onSignalStrengthsChanged:SignalStrength: 99 0 -83 -70 -120 -315 8 99 2147483647 2147483647 2147483647 2147483647 cdma for subscription0
02-13 18:51:58.671 D/StatusBarPolicy(  326): updateSignalStrength on subscription :0
02-13 18:51:58.671 D/StatusBarPolicy(  326): getCdmaLevel_band_six -cdmaDbm:-83
02-13 18:51:58.671 D/StatusBarPolicy(  326): getCdmaLevel_band_six -cdmaEcio:-70
02-13 18:52:00.012 D/AlarmManager(  256): scheduleTimeTickEvent calendar=Mon Feb 13 18:53:00 CST 2012
02-13 18:52:00.012 D/AlarmManager(  256): calendar.getTimeInMillis()1329180780000
02-13 18:52:05.427 D/StatusBarPolicy(  326): onSignalStrengthsChanged:SignalStrength: 99 0 -78 -70 -120 -315 8 99 2147483647 2147483647 2147483647 2147483647 cdma for subscription0
02-13 18:52:05.427 D/StatusBarPolicy(  326): updateSignalStrength on subscription :0
02-13 18:52:05.427 D/StatusBarPolicy(  326): getCdmaLevel_band_six -cdmaDbm:-78
02-13 18:52:05.427 D/StatusBarPolicy(  326): getCdmaLevel_band_six -cdmaEcio:-70
02-13 18:52:07.039 W/WindowManager(  256): updateFocusedWindowLocked newFocus=Window{407c4790  paused=false} mode=3 mCurrentFocus = Window{407c4790  paused=false}
02-13 18:52:07.099 D/WifiService(  256): ACTION_SCREEN_OFF
02-13 18:52:07.109 D/WifiService(  256): setting ACTION_DEVICE_IDLE timer for 120,000 ms
02-13 18:52:09.121 D/PowerManagerService(  256): setTimeoutLocked now=311076 timeoutOverride=-1 nextState=3 when=317076
02-13 18:52:09.151 W/WindowManager(  256): updateFocusedWindowLocked newFocus=Window{407c4790  paused=false} mode=2 mCurrentFocus = Window{407c4790  paused=false}
02-13 18:52:09.151 W/WindowManager(  256): updateFocusedWindowLocked newFocus=Window{407c4790  paused=false} mode=2 mCurrentFocus = Window{407c4790  paused=false}
02-13 18:52:09.211 D/WifiService(  256): ACTION_SCREEN_ON
02-13 18:52:09.211 D/WifiService(  256): WifiHandler, MESSAGE_UPDATE_STATE
02-13 18:52:09.211 D/WifiService(  256): isAirplaneModeOn(): false
02-13 18:52:09.211 D/WifiService(  256): updateWifiState(), wifiEnabled: true, airplaneMode: false, wifiShouldBeEnabled: true, wifiShouldBeStarted: true, strongestLockMode: 1
02-13 18:52:09.211 D/WifiService(  256): WifiHandler, MESSAGE_ENABLE_WIFI, msg.arg1: 0, msg.arg2: 1000
02-13 18:52:09.211 D/WifiService(  256): WifiHandler, MESSAGE_START_WIFI, msg.arg1: 1
02-13 18:52:09.301 D/StatusBarPolicy(  326): onSignalStrengthsChanged:SignalStrength: 99 0 -78 -75 -120 -315 8 99 2147483647 2147483647 2147483647 2147483647 cdma for subscription0
02-13 18:52:09.301 D/StatusBarPolicy(  326): updateSignalStrength on subscription :0
02-13 18:52:09.301 D/StatusBarPolicy(  326): getCdmaLevel_band_six -cdmaDbm:-78
02-13 18:52:09.301 D/StatusBarPolicy(  326): getCdmaLevel_band_six -cdmaEcio:-75
02-13 18:52:09.371 I/TelephonyRegistry(  256): notifyServiceState: 0 home Sprint  310099  EvDo rev. A CSS not supported 41 4139RoamInd: 1RoamStatus(sprint): 1DefRoamInd: 160EmergOnly: false
02-13 18:52:09.371 D/StatusBarPolicy(  326): onServiceStateChanged:0 home Sprint  310099  EvDo rev. A CSS not supported 41 4139RoamInd: 1RoamStatus(sprint): 1DefRoamInd: 160EmergOnly: falsefor subscription :0
02-13 18:52:09.371 D/StatusBarPolicy(  326): updateSignalStrength on subscription :0
02-13 18:52:09.371 D/StatusBarPolicy(  326): getCdmaLevel_band_six -cdmaDbm:-78
02-13 18:52:09.371 D/StatusBarPolicy(  326): getCdmaLevel_band_six -cdmaEcio:-75
02-13 18:52:09.371 D/StatusBarPolicy(  326): updateDataIcon subscription =0
02-13 18:52:11.994 W/WindowManager(  256): updateFocusedWindowLocked newFocus=Window{40920e60 com.android.phone/com.android.phone.InCallScreen paused=false} mode=3 mCurrentFocus = Window{407c4790  paused=false}
02-13 18:52:12.004 W/InputManagerService(  256): Window already focused, ignoring focus gain of: com.android.internal.view.IInputMethodClient$Stub$Proxy@4070b080
02-13 18:52:12.114 D/StatusBarPolicy(  326): onSignalStrengthsChanged:SignalStrength: 99 0 -86 -90 -120 -315 8 99 2147483647 2147483647 2147483647 2147483647 cdma for subscription0
02-13 18:52:12.114 D/StatusBarPolicy(  326): updateSignalStrength on subscription :0
02-13 18:52:12.124 D/StatusBarPolicy(  326): getCdmaLevel_band_six -cdmaDbm:-86
02-13 18:52:12.124 D/StatusBarPolicy(  326): getCdmaLevel_band_six -cdmaEcio:-90
02-13 18:52:12.804 E/StatusBarPolicy(  326): onCallStateChanged Received on subscription :0
02-13 18:52:12.804 D/StatusBarPolicy(  326): updateSignalStrength on subscription :0
02-13 18:52:12.814 D/StatusBarPolicy(  326): StatusBarPolocy::getIconLevel -EVDO
02-13 18:52:12.814 D/StatusBarPolicy(  326): getEvdoLevel_band_six -evdoDbm:-120
02-13 18:52:12.814 D/StatusBarPolicy(  326): getEvdoLevel_band_six -evdoEcio:-315
02-13 18:52:12.854 I/PowerManagerService(  256): clearUserActivity for 10000ms from now
02-13 18:52:12.854 D/PowerManagerService(  256): setTimeoutLocked now=314835 timeoutOverride=3000 nextState=1 when=317835
02-13 18:52:12.905 I/TelephonyRegistry(  256): notifyDataConnection: anyState=2,default/INET,apnTypeState=2,iface=rmnet0,ip=173.155.101.96,gw=173.155.101.97,isDataConnectivityPossible=true,networkType=6,reason=2GVoiceCallEnded
02-13 18:52:12.905 D/StatusBarPolicy(  326): StatusBarPolicy onDataConnectionStateChanged to 2for nw : 6on subscription : 0
02-13 18:52:12.905 D/StatusBarPolicy(  326): Data network type changed to:6
02-13 18:52:12.905 D/StatusBarPolicy(  326): updateDataIcon subscription =0
02-13 18:52:12.935 D/ConnectivityService(  256): ConnectivityChange for mobile: CONNECTED/CONNECTED
02-13 18:52:12.935 D/ConnectivityService(  256): Got Network Connection Succ from Driver nwtype=0
02-13 18:52:12.935 D/ConnectivityService(  256): adding dns 68.28.67.132 for mobile
02-13 18:52:12.935 D/ConnectivityService(  256): adding dns 68.28.68.132 for mobile
02-13 18:52:12.945 D/NetdConnector(  256): SND -> {route replace def v4 rmnet0 173.155.101.97} {null}
02-13 18:52:12.945 I/TelephonyRegistry(  256): notifyDataConnection: anyState=2,default/INET6,apnTypeState=0,iface=null,ip=null,gw=null,isDataConnectivityPossible=true,networkType=6,reason=2GVoiceCallEnded
02-13 18:52:12.975 I/TelephonyRegistry(  256): notifyDataConnection: anyState=2,mms/INET,apnTypeState=2,iface=rmnet0,ip=173.155.101.96,gw=173.155.101.97,isDataConnectivityPossible=true,networkType=6,reason=2GVoiceCallEnded
02-13 18:52:12.995 I/TelephonyRegistry(  256): notifyDataConnection: anyState=2,mms/INET6,apnTypeState=0,iface=null,ip=null,gw=null,isDataConnectivityPossible=true,networkType=6,reason=2GVoiceCallEnded
02-13 18:52:13.015 I/TelephonyRegistry(  256): notifyDataConnection: anyState=2,supl/INET,apnTypeState=2,iface=rmnet0,ip=173.155.101.96,gw=173.155.101.97,isDataConnectivityPossible=true,networkType=6,reason=2GVoiceCallEnded
