02-13 18:49:43.108 D/RPC     (  256): 3000008c:00050000 dispatching RPC call (XID 15, xdr 0x37fb20) for callback client 3100008c:00050001.
02-13 18:49:43.108 D/RPC     (  256): 3100008c:327681 sending RPC reply (XID 15)
02-13 18:49:43.108 D/RPC     (  256): 3000008c:00050000 sending call (XID 9).
02-13 18:49:43.128 D/RPC     (  256): 3000008c:00050000 received REPLY (XID 9), grabbing mutex to wake up client.
02-13 18:49:43.128 D/RPC     (  256): 3000008c:00050000 waiting for XDR input buffer to be consumed.
02-13 18:49:43.128 D/RPC     (  256): 3000008c:00050000 call success.
02-13 18:49:43.128 D/RPC     (  256): 3000008c:00050000 received CALL.
02-13 18:49:43.128 D/RPC     (  256): 3000008c:00050000 dispatching RPC call (XID 16, xdr 0x37fb20) for callback client 3100008c:00050001.
02-13 18:49:43.128 D/RPC     (  256): 3100008c:327681 sending RPC reply (XID 16)
02-13 18:49:44.229 D/StatusBarPolicy(  326): onSignalStrengthsChanged:SignalStrength: 99 0 -88 -90 -88 -10 8 99 2147483647 2147483647 2147483647 2147483647 cdma for subscription0
02-13 18:49:44.229 D/StatusBarPolicy(  326): updateSignalStrength on subscription :0
02-13 18:49:44.229 D/StatusBarPolicy(  326): getCdmaLevel_band_six -cdmaDbm:-88
02-13 18:49:44.229 D/StatusBarPolicy(  326): getCdmaLevel_band_six -cdmaEcio:-90
02-13 18:49:44.480 D/WifiService(  256): ACTION_SCREEN_OFF
02-13 18:49:44.500 D/WifiService(  256): setting ACTION_DEVICE_IDLE timer for 120,000 ms
02-13 18:49:49.495 D/BatteryService(  256): updateBattery level:14 scale:100 status:3 health:2 present:true voltage: 3629 temperature: 250 technology: Li-ion AC powered:false USB powered:false icon:17302173
02-13 18:49:49.525 D/WifiService(  256): ACTION_BATTERY_CHANGED pluggedType: 0
02-13 18:49:49.525 D/WifiService(  256): WifiHandler, MESSAGE_UPDATE_STATE
02-13 18:49:49.525 D/WifiService(  256): isAirplaneModeOn(): false
02-13 18:49:49.525 D/WifiService(  256): updateWifiState(), wifiEnabled: true, airplaneMode: false, wifiShouldBeEnabled: true, wifiShouldBeStarted: true, strongestLockMode: 1
02-13 18:49:49.525 D/WifiService(  256): WifiHandler, MESSAGE_ENABLE_WIFI, msg.arg1: 0, msg.arg2: 1000
02-13 18:49:49.525 D/WifiService(  256): WifiHandler, MESSAGE_START_WIFI, msg.arg1: 1
02-13 18:49:59.484 D/WifiService(  256): ACTION_BATTERY_CHANGED pluggedType: 0
02-13 18:49:59.484 D/WifiService(  256): WifiHandler, MESSAGE_UPDATE_STATE
02-13 18:49:59.484 D/WifiService(  256): isAirplaneModeOn(): false
02-13 18:49:59.484 D/WifiService(  256): updateWifiState(), wifiEnabled: true, airplaneMode: false, wifiShouldBeEnabled: true, wifiShouldBeStarted: true, strongestLockMode: 1
02-13 18:49:59.484 D/WifiService(  256): WifiHandler, MESSAGE_ENABLE_WIFI, msg.arg1: 0, msg.arg2: 1000
02-13 18:49:59.484 D/WifiService(  256): WifiHandler, MESSAGE_START_WIFI, msg.arg1: 1
02-13 18:50:00.025 D/AlarmManager(  256): scheduleTimeTickEvent calendar=Mon Feb 13 18:51:00 CST 2012
02-13 18:50:00.025 D/AlarmManager(  256): calendar.getTimeInMillis()1329180660000
02-13 18:50:09.154 D/PowerManagerService(  256): setTimeoutLocked now=191104 timeoutOverride=-1 nextState=3 when=197104
02-13 18:50:09.174 W/WindowManager(  256): updateFocusedWindowLocked newFocus=Window{40920e60 com.android.phone/com.android.phone.InCallScreen paused=false} mode=2 mCurrentFocus = Window{40920e60 com.android.phone/com.android.phone.InCallScreen paused=false}
02-13 18:50:09.174 W/WindowManager(  256): updateFocusedWindowLocked newFocus=Window{40920e60 com.android.phone/com.android.phone.InCallScreen paused=false} mode=2 mCurrentFocus = Window{40920e60 com.android.phone/com.android.phone.InCallScreen paused=false}
02-13 18:50:09.244 D/WifiService(  256): ACTION_SCREEN_ON
02-13 18:50:09.244 D/WifiService(  256): WifiHandler, MESSAGE_UPDATE_STATE
02-13 18:50:09.244 D/WifiService(  256): isAirplaneModeOn(): false
02-13 18:50:09.244 D/WifiService(  256): updateWifiState(), wifiEnabled: true, airplaneMode: false, wifiShouldBeEnabled: true, wifiShouldBeStarted: true, strongestLockMode: 1
02-13 18:50:09.244 D/WifiService(  256): WifiHandler, MESSAGE_ENABLE_WIFI, msg.arg1: 0, msg.arg2: 1000
02-13 18:50:09.244 D/WifiService(  256): WifiHandler, MESSAGE_START_WIFI, msg.arg1: 1
02-13 18:50:09.344 D/StatusBarPolicy(  326): onSignalStrengthsChanged:SignalStrength: 99 0 -88 -90 -120 -315 8 99 2147483647 2147483647 2147483647 2147483647 cdma for subscription0
02-13 18:50:09.344 D/StatusBarPolicy(  326): updateSignalStrength on subscription :0
02-13 18:50:09.344 D/StatusBarPolicy(  326): getCdmaLevel_band_six -cdmaDbm:-88
02-13 18:50:09.344 D/StatusBarPolicy(  326): getCdmaLevel_band_six -cdmaEcio:-90
02-13 18:50:09.344 D/StatusBarPolicy(  326): updateDataIcon subscription =0
02-13 18:50:09.424 I/TelephonyRegistry(  256): notifyServiceState: 0 home Sprint  310099  EvDo rev. A CSS not supported 41 4139RoamInd: 1RoamStatus(sprint): 1DefRoamInd: 160EmergOnly: false
02-13 18:50:09.424 D/StatusBarPolicy(  326): onServiceStateChanged:0 home Sprint  310099  EvDo rev. A CSS not supported 41 4139RoamInd: 1RoamStatus(sprint): 1DefRoamInd: 160EmergOnly: falsefor subscription :0
02-13 18:50:09.424 D/StatusBarPolicy(  326): updateSignalStrength on subscription :0
02-13 18:50:09.424 D/StatusBarPolicy(  326): getCdmaLevel_band_six -cdmaDbm:-88
02-13 18:50:09.424 D/StatusBarPolicy(  326): getCdmaLevel_band_six -cdmaEcio:-90
02-13 18:50:09.424 D/StatusBarPolicy(  326): updateDataIcon subscription =0
02-13 18:50:11.136 D/StatusBarPolicy(  326): onSignalStrengthsChanged:SignalStrength: 99 0 -83 -80 -120 -315 8 99 2147483647 2147483647 2147483647 2147483647 cdma for subscription0
02-13 18:50:11.136 D/StatusBarPolicy(  326): updateSignalStrength on subscription :0
02-13 18:50:11.156 D/StatusBarPolicy(  326): getCdmaLevel_band_six -cdmaDbm:-83
02-13 18:50:11.156 D/StatusBarPolicy(  326): getCdmaLevel_band_six -cdmaEcio:-80
02-13 18:50:12.287 E/StatusBarPolicy(  326): onCallStateChanged Received on subscription :0
02-13 18:50:12.287 D/StatusBarPolicy(  326): updateSignalStrength on subscription :0
02-13 18:50:12.287 D/StatusBarPolicy(  326): StatusBarPolocy::getIconLevel -EVDO
02-13 18:50:12.287 D/StatusBarPolicy(  326): getEvdoLevel_band_six -evdoDbm:-120
02-13 18:50:12.287 D/StatusBarPolicy(  326): getEvdoLevel_band_six -evdoEcio:-315
02-13 18:50:12.357 I/PowerManagerService(  256): clearUserActivity for 10000ms from now
02-13 18:50:12.357 D/PowerManagerService(  256): setTimeoutLocked now=194341 timeoutOverride=3000 nextState=1 when=197341
02-13 18:50:12.407 I/TelephonyRegistry(  256): notifyDataConnection: anyState=2,default/INET,apnTypeState=2,iface=rmnet0,ip=173.155.101.96,gw=173.155.101.97,isDataConnectivityPossible=true,networkType=6,reason=2GVoiceCallEnded
02-13 18:50:12.407 D/StatusBarPolicy(  326): StatusBarPolicy onDataConnectionStateChanged to 2for nw : 6on subscription : 0
02-13 18:50:12.407 D/StatusBarPolicy(  326): Data network type changed to:6
02-13 18:50:12.407 D/StatusBarPolicy(  326): updateDataIcon subscription =0
02-13 18:50:12.437 D/ConnectivityService(  256): ConnectivityChange for mobile: CONNECTED/CONNECTED
02-13 18:50:12.437 D/ConnectivityService(  256): Got Network Connection Succ from Driver nwtype=0
02-13 18:50:12.447 D/ConnectivityService(  256): adding dns 68.28.67.132 for mobile
02-13 18:50:12.447 I/TelephonyRegistry(  256): notifyDataConnection: anyState=2,default/INET6,apnTypeState=0,iface=null,ip=null,gw=null,isDataConnectivityPossible=true,networkType=6,reason=2GVoiceCallEnded
02-13 18:50:12.447 D/ConnectivityService(  256): adding dns 68.28.68.132 for mobile
02-13 18:50:12.447 D/NetdConnector(  256): SND -> {route replace def v4 rmnet0 173.155.101.97} {null}
02-13 18:50:12.467 I/TelephonyRegistry(  256): notifyDataConnection: anyState=2,mms/INET,apnTypeState=2,iface=rmnet0,ip=173.155.101.96,gw=173.155.101.97,isDataConnectivityPossible=true,networkType=6,reason=2GVoiceCallEnded
02-13 18:50:12.487 I/TelephonyRegistry(  256): notifyDataConnection: anyState=2,mms/INET6,apnTypeState=0,iface=null,ip=null,gw=null,isDataConnectivityPossible=true,networkType=6,reason=2GVoiceCallEnded
02-13 18:50:12.497 I/TelephonyRegistry(  256): notifyDataConnection: anyState=2,supl/INET,apnTypeState=2,iface=rmnet0,ip=173.155.101.96,gw=173.155.101.97,isDataConnectivityPossible=true,networkType=6,reason=2GVoiceCallEnded
02-13 18:50:12.507 D/NetdConnector(  256): RCV <- {200 default route replace succeeded for [rmnet0 -4]}
02-13 18:50:12.507 D/NetdConnector(  256): RSP <- {200 default route replace succeeded for [rmnet0 -4]}
02-13 18:50:12.507 D/NetworkManagementService(  256): 200 default route replace succeeded for [rmnet0 -4]
02-13 18:50:12.517 D/StatusBarPolicy(  326): Data network type changed to:6
02-13 18:50:12.517 D/StatusBarPolicy(  326): updateDataIcon subscription =0
02-13 18:50:12.517 I/TelephonyRegistry(  256): notifyDataConnection: anyState=2,supl/INET6,apnTypeState=0,iface=null,ip=null,gw=null,isDataConnectivityPossible=true,networkType=6,reason=2GVoiceCallEnded
02-13 18:50:12.537 D/StatusBarPolicy(  326): updateSignalStrength on subscription :0
02-13 18:50:12.537 D/StatusBarPolicy(  326): StatusBarPolocy::getIconLevel -EVDO
02-13 18:50:12.537 D/StatusBarPolicy(  326): getEvdoLevel_band_six -evdoDbm:-120
02-13 18:50:12.537 D/StatusBarPolicy(  326): getEvdoLevel_band_six -evdoEcio:-315
02-13 18:50:12.547 I/TelephonyRegistry(  256): notifyDataConnection: anyState=2,dun/INET,apnTypeState=0,iface=null,ip=null,gw=null,isDataConnectivityPossible=true,networkType=6,reason=2GVoiceCallEnded
02-13 18:50:12.567 I/TelephonyRegistry(  256): notifyDataConnection: anyState=2,dun/INET6,apnTypeState=0,iface=null,ip=null,gw=null,isDataConnectivityPossible=true,networkType=6,reason=2GVoiceCallEnded
02-13 18:50:12.567 I/TelephonyRegistry(  256): notifyDataConnection: anyState=2,hipri/INET,apnTypeState=2,iface=rmnet0,ip=173.155.101.96,gw=173.155.101.97,isDataConnectivityPossible=true,networkType=6,reason=2GVoiceCallEnded
02-13 18:50:12.577 I/TelephonyRegistry(  256): notifyDataConnection: anyState=2,hipri/INET6,apnTypeState=0,iface=null,ip=null,gw=null,isDataConnectivityPossible=true,networkType=6,reason=2GVoiceCallEnded
02-13 18:50:12.717 D/StatusBarPolicy(  326): onSignalStrengthsChanged:SignalStrength: 99 0 -83 -70 -120 -315 8 99 2147483647 2147483647 2147483647 2147483647 cdma for subscription0
02-13 18:50:12.717 D/StatusBarPolicy(  326): updateSignalStrength on subscription :0
02-13 18:50:12.717 D/StatusBarPolicy(  326): StatusBarPolocy::getIconLevel -EVDO
02-13 18:50:12.717 D/StatusBarPolicy(  326): getEvdoLevel_band_six -evdoDbm:-120
02-13 18:50:12.717 D/StatusBarPolicy(  326): getEvdoLevel_band_six -evdoEcio:-315
02-13 18:50:12.827 D/RPC     (  256): 3000008c:00050000 sending call (XID 10).
02-13 18:50:12.837 D/RPC     (  256): 3000008c:00050000 received REPLY (XID 10), grabbing mutex to wake up client.
02-13 18:50:12.837 D/RPC     (  256): 3000008c:00050000 call success.
02-13 18:50:12.847 D/RPC     (  256): 3000008c:00050000 received CALL.
02-13 18:50:12.847 D/RPC     (  256): 3000008c:00050000 dispatching RPC call (XID 17, xdr 0x37fb20) for callback client 3100008c:00050001.
02-13 18:50:12.847 D/RPC     (  256): 3100008c:327681 sending RPC reply (XID 17)
02-13 18:50:12.847 D/RPC     (  256): 3000008c:00050000 sending call (XID 11).
02-13 18:50:12.847 D/RPC     (  256): 3000008c:00050000 received REPLY (XID 11), grabbing mutex to wake up client.
02-13 18:50:12.847 D/RPC     (  256): 3000008c:00050000 call success.
02-13 18:50:12.877 D/RPC     (  256): 3000008c:00050000 received CALL.
02-13 18:50:12.877 D/RPC     (  256): 3000008c:00050000 dispatching RPC call (XID 18, xdr 0x37fb20) for callback client 3100008c:00050001.
02-13 18:50:12.877 D/RPC     (  256): 3100008c:327681 sending RPC reply (XID 18)
02-13 18:50:13.908 I/ActivityManager(  256): moveTaskToBack: 9
02-13 18:50:13.978 D/PowerManagerService(  256): setTimeoutLocked now=195962 timeoutOverride=-1 nextState=3 when=201962
02-13 18:50:13.978 W/WindowManager(  256): updateFocusedWindowLocked newFocus=Window{40920e60 com.android.phone/com.android.phone.InCallScreen paused=true} mode=3 mCurrentFocus = Window{40920e60 com.android.phone/com.android.phone.InCallScreen paused=true}
02-13 18:50:13.988 W/WindowManager(  256): updateFocusedWindowLocked newFocus=null mode=0 mCurrentFocus = Window{40920e60 com.android.phone/com.android.phone.InCallScreen paused=true}
02-13 18:50:13.999 W/WindowManager(  256): updateFocusedWindowLocked newFocus=null mode=3 mCurrentFocus = null
02-13 18:50:14.009 W/WindowManager(  256): updateFocusedWindowLocked newFocus=null mode=3 mCurrentFocus = null
02-13 18:50:14.029 W/WindowManager(  256): updateFocusedWindowLocked newFocus=null mode=3 mCurrentFocus = null
02-13 18:50:14.069 W/WindowManager(  256): updateFocusedWindowLocked newFocus=null mode=1 mCurrentFocus = null
02-13 18:50:14.079 W/WindowManager(  256): updateFocusedWindowLocked newFocus=null mode=3 mCurrentFocus = null
02-13 18:50:14.119 W/WindowManager(  256): updateFocusedWindowLocked newFocus=null mode=3 mCurrentFocus = null
02-13 18:50:14.169 W/WindowManager(  256): updateFocusedWindowLocked newFocus=null mode=2 mCurrentFocus = null
02-13 18:50:14.169 W/WindowManager(  256): updateFocusedWindowLocked newFocus=Window{409541f8 com.google.android.voicesearch/com.google.android.voicesearch.RecognitionActivity paused=false} mode=2 mCurrentFocus = null
02-13 18:50:14.169 W/WindowManager(  256): updateFocusedWindowLocked newFocus=Window{409541f8 com.google.android.voicesearch/com.google.android.voicesearch.RecognitionActivity paused=false} mode=3 mCurrentFocus = Window{409541f8 com.google.android.voicesearch/com.google.android.voicesearch.RecognitionActivity paused=false}
02-13 18:50:14.499 I/ActivityManager(  256): moveTaskToBack: 9
02-13 18:50:14.499 W/WindowManager(  256): updateFocusedWindowLocked newFocus=Window{409541f8 com.google.android.voicesearch/com.google.android.voicesearch.RecognitionActivity paused=false} mode=2 mCurrentFocus = Window{409541f8 com.google.android.voicesearch/com.google.android.voicesearch.RecognitionActivity paused=false}
02-13 18:50:14.499 W/WindowManager(  256): updateFocusedWindowLocked newFocus=Window{409541f8 com.google.android.voicesearch/com.google.android.voicesearch.RecognitionActivity paused=false} mode=2 mCurrentFocus = Window{409541f8 com.google.android.voicesearch/com.google.android.voicesearch.RecognitionActivity paused=false}
02-13 18:50:15.680 D/PowerManagerService(  256): setTimeoutLocked now=197660 timeoutOverride=-1 nextState=3 when=203660
02-13 18:50:15.720 I/ActivityManager(  256): Starting: Intent { act=android.intent.action.MAIN cat=[android.intent.category.HOME] flg=0x10200000 cmp=com.android.launcher/com.android.launcher2.Launcher } from pid 256
02-13 18:50:15.760 W/WindowManager(  256): updateFocusedWindowLocked newFocus=null mode=0 mCurrentFocus = Window{409541f8 com.google.android.voicesearch/com.google.android.voicesearch.RecognitionActivity paused=true}
02-13 18:50:15.760 W/WindowManager(  256): updateFocusedWindowLocked newFocus=Window{40823cd8 com.android.launcher/com.android.launcher2.Launcher paused=false} mode=2 mCurrentFocus = null
02-13 18:50:15.760 W/WindowManager(  256): updateFocusedWindowLocked newFocus=Window{40823cd8 com.android.launcher/com.android.launcher2.Launcher paused=false} mode=2 mCurrentFocus = Window{40823cd8 com.android.launcher/com.android.launcher2.Launcher paused=false}
02-13 18:50:15.800 W/WindowManager(  256): updateFocusedWindowLocked newFocus=Window{40823cd8 com.android.launcher/com.android.launcher2.Launcher paused=false} mode=3 mCurrentFocus = Window{40823cd8 com.android.launcher/com.android.launcher2.Launcher paused=false}
02-13 18:50:15.800 W/WindowManager(  256): updateFocusedWindowLocked newFocus=Window{40823cd8 com.android.launcher/com.android.launcher2.Launcher paused=false} mode=3 mCurrentFocus = Window{40823cd8 com.android.launcher/com.android.launcher2.Launcher paused=false}
02-13 18:50:16.191 D/PowerManagerService(  256): setTimeoutLocked now=198175 timeoutOverride=-1 nextState=3 when=204175
02-13 18:50:16.201 W/WindowManager(  256): updateFocusedWindowLocked newFocus=Window{407f05b8 TrackingView paused=false} mode=3 mCurrentFocus = Window{40823cd8 com.android.launcher/com.android.launcher2.Launcher paused=false}
02-13 18:50:16.241 W/WindowManager(  256): updateFocusedWindowLocked newFocus=Window{4075e108 StatusBarExpanded paused=false} mode=3 mCurrentFocus = Window{407f05b8 TrackingView paused=false}
02-13 18:50:16.341 D/PowerManagerService(  256): setTimeoutLocked now=198324 timeoutOverride=-1 nextState=3 when=204324
02-13 18:50:16.611 D/StatusBarPolicy(  326): updateDataIcon subscription =0
02-13 18:50:17.232 I/ActivityManager(  256): No longer want com.android.calendar (pid 633): hidden #16
02-13 18:50:17.382 D/PowerManagerService(  256): setTimeoutLocked now=199367 timeoutOverride=-1 nextState=3 when=205367
02-13 18:50:17.432 D/PowerManagerService(  256): setTimeoutLocked now=199415 timeoutOverride=-1 nextState=3 when=205415
02-13 18:50:17.462 I/ActivityManager(  256): Starting: Intent { dat=content://mms-sms/conversations/1 flg=0x34000000 cmp=com.android.mms/.ui.ComposeMessageActivity bnds=[0,94][320,158] } from pid -1
02-13 18:50:17.472 W/WindowManager(  256): updateFocusedWindowLocked newFocus=Window{4075e108 StatusBarExpanded paused=false} mode=3 mCurrentFocus = Window{4075e108 StatusBarExpanded paused=false}
02-13 18:50:17.502 W/WindowManager(  256): updateFocusedWindowLocked newFocus=Window{4075e108 StatusBarExpanded paused=false} mode=0 mCurrentFocus = Window{4075e108 StatusBarExpanded paused=false}
02-13 18:50:17.532 W/InputManagerService(  256): Starting input on non-focused client com.android.internal.view.IInputMethodClient$Stub$Proxy@4069fd60 (uid=10030 pid=774)
02-13 18:50:17.572 W/WindowManager(  256): updateFocusedWindowLocked newFocus=Window{4075e108 StatusBarExpanded paused=false} mode=3 mCurrentFocus = Window{4075e108 StatusBarExpanded paused=false}
02-13 18:50:17.632 D/StatusBarPolicy(  326): updateDataIcon subscription =0
02-13 18:50:17.652 W/WindowManager(  256): updateFocusedWindowLocked newFocus=Window{4075e108 StatusBarExpanded paused=false} mode=2 mCurrentFocus = Window{4075e108 StatusBarExpanded paused=false}
02-13 18:50:17.652 W/WindowManager(  256): updateFocusedWindowLocked newFocus=Window{4075e108 StatusBarExpanded paused=false} mode=2 mCurrentFocus = Window{4075e108 StatusBarExpanded paused=false}
02-13 18:50:17.672 W/WindowManager(  256): updateFocusedWindowLocked newFocus=Window{4075e108 StatusBarExpanded paused=false} mode=3 mCurrentFocus = Window{4075e108 StatusBarExpanded paused=false}
02-13 18:50:17.732 W/WindowManager(  256): updateFocusedWindowLocked newFocus=Window{4075e108 StatusBarExpanded paused=false} mode=3 mCurrentFocus = Window{4075e108 StatusBarExpanded paused=false}
02-13 18:50:17.742 W/WindowManager(  256): updateFocusedWindowLocked newFocus=Window{408ec828 com.android.mms/com.android.mms.ui.ComposeMessageActivity paused=false} mode=3 mCurrentFocus = Window{4075e108 StatusBarExpanded paused=false}
02-13 18:50:18.533 D/ConnectivityService(  256): reportNetworkCondition(0, 100)
02-13 18:50:18.533 D/ConnectivityService(  256): Inet connectivity change, net=0, condition=100,mActiveDefaultNetwork=0
02-13 18:50:18.533 D/ConnectivityService(  256): starting a change hold
02-13 18:50:19.033 D/ConnectivityService(  256): Inet hold end, net=0, condition =100, published condition =0
02-13 18:50:19.033 D/StatusBarPolicy(  326): Data network type changed to:6
02-13 18:50:19.043 D/StatusBarPolicy(  326): updateDataIcon subscription =0
02-13 18:50:19.043 D/StatusBarPolicy(  326): updateSignalStrength on subscription :0
02-13 18:50:19.043 D/StatusBarPolicy(  326): StatusBarPolocy::getIconLevel -EVDO
02-13 18:50:19.043 D/StatusBarPolicy(  326): getEvdoLevel_band_six -evdoDbm:-120
02-13 18:50:19.043 D/StatusBarPolicy(  326): getEvdoLevel_band_six -evdoEcio:-315
02-13 18:50:19.524 D/WifiService(  256): ACTION_BATTERY_CHANGED pluggedType: 0
02-13 18:50:19.524 D/WifiService(  256): WifiHandler, MESSAGE_UPDATE_STATE
02-13 18:50:19.524 D/WifiService(  256): isAirplaneModeOn(): false
02-13 18:50:19.524 D/WifiService(  256): updateWifiState(), wifiEnabled: true, airplaneMode: false, wifiShouldBeEnabled: true, wifiShouldBeStarted: true, strongestLockMode: 1
02-13 18:50:19.524 D/WifiService(  256): WifiHandler, MESSAGE_ENABLE_WIFI, msg.arg1: 0, msg.arg2: 1000
02-13 18:50:19.524 D/WifiService(  256): WifiHandler, MESSAGE_START_WIFI, msg.arg1: 1
02-13 18:50:19.624 D/StatusBarPolicy(  326): updateDataIcon subscription =0
02-13 18:50:20.094 D/StatusBarPolicy(  326): onSignalStrengthsChanged:SignalStrength: 99 0 -84 -85 -87 -10 8 99 2147483647 2147483647 2147483647 2147483647 cdma for subscription0
02-13 18:50:20.094 D/StatusBarPolicy(  326): updateSignalStrength on subscription :0
02-13 18:50:20.094 D/StatusBarPolicy(  326): StatusBarPolocy::getIconLevel -EVDO
02-13 18:50:20.094 D/StatusBarPolicy(  326): getEvdoLevel_band_six -evdoDbm:-87
02-13 18:50:20.094 D/StatusBarPolicy(  326): getEvdoLevel_band_six -evdoEcio:-10
02-13 18:50:20.635 D/StatusBarPolicy(  326): updateDataIcon subscription =0
02-13 18:50:22.327 D/StatusBarPolicy(  326): onSignalStrengthsChanged:SignalStrength: 99 0 -85 -70 -87 -10 8 99 2147483647 2147483647 2147483647 2147483647 cdma for subscription0
02-13 18:50:22.327 D/StatusBarPolicy(  326): updateSignalStrength on subscription :0
02-13 18:50:22.337 D/StatusBarPolicy(  326): StatusBarPolocy::getIconLevel -EVDO
02-13 18:50:22.337 D/StatusBarPolicy(  326): getEvdoLevel_band_six -evdoDbm:-87
02-13 18:50:22.337 D/StatusBarPolicy(  326): getEvdoLevel_band_six -evdoEcio:-10
02-13 18:50:23.438 D/PowerManagerService(  256): setTimeoutLocked now=205421 timeoutOverride=-1 nextState=1 when=312421
02-13 18:50:23.478 D/PowerManagerService(  256): setTimeoutLocked now=205457 timeoutOverride=-1 nextState=3 when=211457
02-13 18:50:23.548 D/PowerManagerService(  256): setTimeoutLocked now=205530 timeoutOverride=-1 nextState=3 when=211530
02-13 18:50:23.558 W/WindowManager(  256): updateFocusedWindowLocked newFocus=Window{408ec828 com.android.mms/com.android.mms.ui.ComposeMessageActivity paused=false} mode=3 mCurrentFocus = Window{408ec828 com.android.mms/com.android.mms.ui.ComposeMessageActivity paused=false}
02-13 18:50:23.608 W/WindowManager(  256): updateFocusedWindowLocked newFocus=Window{408ec828 com.android.mms/com.android.mms.ui.ComposeMessageActivity paused=false} mode=3 mCurrentFocus = Window{408ec828 com.android.mms/com.android.mms.ui.ComposeMessageActivity paused=false}
02-13 18:50:24.569 D/StatusBarPolicy(  326): onSignalStrengthsChanged:SignalStrength: 99 0 -85 -70 -85 -10 8 99 2147483647 2147483647 2147483647 2147483647 cdma for subscription0
02-13 18:50:24.569 D/StatusBarPolicy(  326): updateSignalStrength on subscription :0
02-13 18:50:24.569 D/StatusBarPolicy(  326): StatusBarPolocy::getIconLevel -EVDO
02-13 18:50:24.569 D/StatusBarPolicy(  326): getEvdoLevel_band_six -evdoDbm:-85
02-13 18:50:24.579 D/StatusBarPolicy(  326): getEvdoLevel_band_six -evdoEcio:-10
02-13 18:50:24.869 D/PowerManagerService(  256): setTimeoutLocked now=206850 timeoutOverride=-1 nextState=3 when=212850
02-13 18:50:24.929 W/WindowManager(  256): updateFocusedWindowLocked newFocus=Window{408ec828 com.android.mms/com.android.mms.ui.ComposeMessageActivity paused=false} mode=3 mCurrentFocus = Window{408ec828 com.android.mms/com.android.mms.ui.ComposeMessageActivity paused=false}
02-13 18:50:25.019 D/PowerManagerService(  256): setTimeoutLocked now=207000 timeoutOverride=-1 nextState=3 when=213000
02-13 18:50:25.029 W/WindowManager(  256): updateFocusedWindowLocked newFocus=Window{408ec828 com.android.mms/com.android.mms.ui.ComposeMessageActivity paused=false} mode=3 mCurrentFocus = Window{408ec828 com.android.mms/com.android.mms.ui.ComposeMessageActivity paused=false}
02-13 18:50:25.059 W/WindowManager(  256): updateFocusedWindowLocked newFocus=Window{408ec828 com.android.mms/com.android.mms.ui.ComposeMessageActivity paused=false} mode=3 mCurrentFocus = Window{408ec828 com.android.mms/com.android.mms.ui.ComposeMessageActivity paused=false}
02-13 18:50:25.630 D/PowerManagerService(  256): setTimeoutLocked now=207608 timeoutOverride=-1 nextState=3 when=213608
02-13 18:50:25.630 W/WindowManager(  256): updateFocusedWindowLocked newFocus=Window{408ec828 com.android.mms/com.android.mms.ui.ComposeMessageActivity paused=false} mode=3 mCurrentFocus = Window{408ec828 com.android.mms/com.android.mms.ui.ComposeMessageActivity paused=false}
02-13 18:50:25.720 D/PowerManagerService(  256): setTimeoutLocked now=207707 timeoutOverride=-1 nextState=3 when=213707
02-13 18:50:25.740 W/WindowManager(  256): updateFocusedWindowLocked newFocus=Window{408ec828 com.android.mms/com.android.mms.ui.ComposeMessageActivity paused=false} mode=3 mCurrentFocus = Window{408ec828 com.android.mms/com.android.mms.ui.ComposeMessageActivity paused=false}
02-13 18:50:26.331 D/PowerManagerService(  256): setTimeoutLocked now=208315 timeoutOverride=-1 nextState=3 when=214315
02-13 18:50:26.351 W/WindowManager(  256): updateFocusedWindowLocked newFocus=Window{408ec828 com.android.mms/com.android.mms.ui.ComposeMessageActivity paused=false} mode=3 mCurrentFocus = Window{408ec828 com.android.mms/com.android.mms.ui.ComposeMessageActivity paused=false}
02-13 18:50:26.441 D/PowerManagerService(  256): setTimeoutLocked now=208429 timeoutOverride=-1 nextState=3 when=214429
02-13 18:50:26.461 W/WindowManager(  256): updateFocusedWindowLocked newFocus=Window{408ec828 com.android.mms/com.android.mms.ui.ComposeMessageActivity paused=false} mode=3 mCurrentFocus = Window{408ec828 com.android.mms/com.android.mms.ui.ComposeMessageActivity paused=false}
02-13 18:50:26.671 W/WindowManager(  256): updateFocusedWindowLocked newFocus=Window{408ec828 com.android.mms/com.android.mms.ui.ComposeMessageActivity paused=false} mode=3 mCurrentFocus = Window{408ec828 com.android.mms/com.android.mms.ui.ComposeMessageActivity paused=false}
02-13 18:50:26.811 W/WindowManager(  256): updateFocusedWindowLocked newFocus=Window{408ec828 com.android.mms/com.android.mms.ui.ComposeMessageActivity paused=false} mode=3 mCurrentFocus = Window{408ec828 com.android.mms/com.android.mms.ui.ComposeMessageActivity paused=false}
02-13 18:50:27.091 D/PowerManagerService(  256): setTimeoutLocked now=209069 timeoutOverride=-1 nextState=3 when=215069
02-13 18:50:27.091 W/WindowManager(  256): updateFocusedWindowLocked newFocus=Window{408ec828 com.android.mms/com.android.mms.ui.ComposeMessageActivity paused=false} mode=3 mCurrentFocus = Window{408ec828 com.android.mms/com.android.mms.ui.ComposeMessageActivity paused=false}
02-13 18:50:27.221 D/PowerManagerService(  256): setTimeoutLocked now=209205 timeoutOverride=-1 nextState=3 when=215205
02-13 18:50:27.241 W/WindowManager(  256): updateFocusedWindowLocked newFocus=Window{408ec828 com.android.mms/com.android.mms.ui.ComposeMessageActivity paused=false} mode=3 mCurrentFocus = Window{408ec828 com.android.mms/com.android.mms.ui.ComposeMessageActivity paused=false}
02-13 18:50:27.552 W/WindowManager(  256): updateFocusedWindowLocked newFocus=Window{408ec828 com.android.mms/com.android.mms.ui.ComposeMessageActivity paused=false} mode=3 mCurrentFocus = Window{408ec828 com.android.mms/com.android.mms.ui.ComposeMessageActivity paused=false}
02-13 18:50:27.652 D/PowerManagerService(  256): setTimeoutLocked now=209631 timeoutOverride=-1 nextState=3 when=215631
02-13 18:50:27.712 W/WindowManager(  256): updateFocusedWindowLocked newFocus=Window{408ec828 com.android.mms/com.android.mms.ui.ComposeMessageActivity paused=false} mode=3 mCurrentFocus = Window{408ec828 com.android.mms/com.android.mms.ui.ComposeMessageActivity paused=false}
02-13 18:50:27.812 W/WindowManager(  256): updateFocusedWindowLocked newFocus=Window{408ec828 com.android.mms/com.android.mms.ui.ComposeMessageActivity paused=false} mode=3 mCurrentFocus = Window{408ec828 com.android.mms/com.android.mms.ui.ComposeMessageActivity paused=false}
02-13 18:50:27.902 D/PowerManagerService(  256): setTimeoutLocked now=209884 timeoutOverride=-1 nextState=3 when=215884
02-13 18:50:27.922 W/WindowManager(  256): updateFocusedWindowLocked newFocus=Window{408ec828 com.android.mms/com.android.mms.ui.ComposeMessageActivity paused=false} mode=3 mCurrentFocus = Window{408ec828 com.android.mms/com.android.mms.ui.ComposeMessageActivity paused=false}
02-13 18:50:28.122 W/WindowManager(  256): updateFocusedWindowLocked newFocus=Window{408ec828 com.android.mms/com.android.mms.ui.ComposeMessageActivity paused=false} mode=3 mCurrentFocus = Window{408ec828 com.android.mms/com.android.mms.ui.ComposeMessageActivity paused=false}
02-13 18:50:28.172 D/PowerManagerService(  256): setTimeoutLocked now=210158 timeoutOverride=-1 nextState=3 when=216158
02-13 18:50:28.252 W/WindowManager(  256): updateFocusedWindowLocked newFocus=Window{408ec828 com.android.mms/com.android.mms.ui.ComposeMessageActivity paused=false} mode=3 mCurrentFocus = Window{408ec828 com.android.mms/com.android.mms.ui.ComposeMessageActivity paused=false}
02-13 18:50:28.423 W/WindowManager(  256): updateFocusedWindowLocked newFocus=Window{408ec828 com.android.mms/com.android.mms.ui.ComposeMessageActivity paused=false} mode=3 mCurrentFocus = Window{408ec828 com.android.mms/com.android.mms.ui.ComposeMessageActivity paused=false}
02-13 18:50:28.563 D/PowerManagerService(  256): setTimeoutLocked now=210547 timeoutOverride=-1 nextState=3 when=216547
02-13 18:50:28.603 W/WindowManager(  256): updateFocusedWindowLocked newFocus=Window{408ec828 com.android.mms/com.android.mms.ui.ComposeMessageActivity paused=false} mode=3 mCurrentFocus = Window{408ec828 com.android.mms/com.android.mms.ui.ComposeMessageActivity paused=false}
02-13 18:50:28.683 D/PowerManagerService(  256): setTimeoutLocked now=210661 timeoutOverride=-1 nextState=3 when=216661
02-13 18:50:28.693 W/WindowManager(  256): updateFocusedWindowLocked newFocus=Window{408ec828 com.android.mms/com.android.mms.ui.ComposeMessageActivity paused=false} mode=3 mCurrentFocus = Window{408ec828 com.android.mms/com.android.mms.ui.ComposeMessageActivity paused=false}
02-13 18:50:28.823 W/WindowManager(  256): updateFocusedWindowLocked newFocus=Window{408ec828 com.android.mms/com.android.mms.ui.ComposeMessageActivity paused=false} mode=3 mCurrentFocus = Window{408ec828 com.android.mms/com.android.mms.ui.ComposeMessageActivity paused=false}
02-13 18:50:28.943 W/WindowManager(  256): updateFocusedWindowLocked newFocus=Window{408ec828 com.android.mms/com.android.mms.ui.ComposeMessageActivity paused=false} mode=3 mCurrentFocus = Window{408ec828 com.android.mms/com.android.mms.ui.ComposeMessageActivity paused=false}
02-13 18:50:29.043 D/StatusBarPolicy(  326): onSignalStrengthsChanged:SignalStrength: 99 0 -87 -80 -86 -10 8 99 2147483647 2147483647 2147483647 2147483647 cdma for subscription0
02-13 18:50:29.043 D/StatusBarPolicy(  326): updateSignalStrength on subscription :0
02-13 18:50:29.043 D/StatusBarPolicy(  326): StatusBarPolocy::getIconLevel -EVDO
02-13 18:50:29.043 D/StatusBarPolicy(  326): getEvdoLevel_band_six -evdoDbm:-86
02-13 18:50:29.043 D/StatusBarPolicy(  326): getEvdoLevel_band_six -evdoEcio:-10
02-13 18:50:29.063 D/PowerManagerService(  256): setTimeoutLocked now=211049 timeoutOverride=-1 nextState=3 when=217049
02-13 18:50:29.093 W/WindowManager(  256): updateFocusedWindowLocked newFocus=Window{408ec828 com.android.mms/com.android.mms.ui.ComposeMessageActivity paused=false} mode=3 mCurrentFocus = Window{408ec828 com.android.mms/com.android.mms.ui.ComposeMessageActivity paused=false}
02-13 18:50:29.253 D/PowerManagerService(  256): setTimeoutLocked now=211238 timeoutOverride=-1 nextState=3 when=217238
02-13 18:50:29.263 W/WindowManager(  256): updateFocusedWindowLocked newFocus=Window{408ec828 com.android.mms/com.android.mms.ui.ComposeMessageActivity paused=false} mode=3 mCurrentFocus = Window{408ec828 com.android.mms/com.android.mms.ui.ComposeMessageActivity paused=false}
02-13 18:50:29.404 W/WindowManager(  256): updateFocusedWindowLocked newFocus=Window{408ec828 com.android.mms/com.android.mms.ui.ComposeMessageActivity paused=false} mode=3 mCurrentFocus = Window{408ec828 com.android.mms/com.android.mms.ui.ComposeMessageActivity paused=false}
02-13 18:50:29.684 W/WindowManager(  256): updateFocusedWindowLocked newFocus=Window{408ec828 com.android.mms/com.android.mms.ui.ComposeMessageActivity paused=false} mode=3 mCurrentFocus = Window{408ec828 com.android.mms/com.android.mms.ui.ComposeMessageActivity paused=false}
02-13 18:50:29.754 D/PowerManagerService(  256): setTimeoutLocked now=211739 timeoutOverride=-1 nextState=3 when=217739
02-13 18:50:29.814 W/WindowManager(  256): updateFocusedWindowLocked newFocus=Window{408ec828 com.android.mms/com.android.mms.ui.ComposeMessageActivity paused=false} mode=3 mCurrentFocus = Window{408ec828 com.android.mms/com.android.mms.ui.ComposeMessageActivity paused=false}
02-13 18:50:29.914 D/PowerManagerService(  256): setTimeoutLocked now=211890 timeoutOverride=-1 nextState=3 when=217890
02-13 18:50:29.934 W/WindowManager(  256): updateFocusedWindowLocked newFocus=Window{408ec828 com.android.mms/com.android.mms.ui.ComposeMessageActivity paused=false} mode=3 mCurrentFocus = Window{408ec828 com.android.mms/com.android.mms.ui.ComposeMessageActivity paused=false}
02-13 18:50:29.944 D/StatusBarPolicy(  326): updateDataIcon subscription =0
02-13 18:50:30.044 W/WindowManager(  256): updateFocusedWindowLocked newFocus=Window{408ec828 com.android.mms/com.android.mms.ui.ComposeMessageActivity paused=false} mode=3 mCurrentFocus = Window{408ec828 com.android.mms/com.android.mms.ui.ComposeMessageActivity paused=false}
02-13 18:50:30.174 W/WindowManager(  256): updateFocusedWindowLocked newFocus=Window{408ec828 com.android.mms/com.android.mms.ui.ComposeMessageActivity paused=false} mode=3 mCurrentFocus = Window{408ec828 com.android.mms/com.android.mms.ui.ComposeMessageActivity paused=false}
02-13 18:50:30.264 D/PowerManagerService(  256): setTimeoutLocked now=212242 timeoutOverride=-1 nextState=3 when=218242
02-13 18:50:30.294 W/WindowManager(  256): updateFocusedWindowLocked newFocus=Window{408ec828 com.android.mms/com.android.mms.ui.ComposeMessageActivity paused=false} mode=3 mCurrentFocus = Window{408ec828 com.android.mms/com.android.mms.ui.ComposeMessageActivity paused=false}
02-13 18:50:30.354 W/WindowManager(  256): updateFocusedWindowLocked newFocus=Window{408ec828 com.android.mms/com.android.mms.ui.ComposeMessageActivity paused=false} mode=3 mCurrentFocus = Window{408ec828 com.android.mms/com.android.mms.ui.ComposeMessageActivity paused=false}
02-13 18:50:30.435 D/PowerManagerService(  256): setTimeoutLocked now=212417 timeoutOverride=-1 nextState=3 when=218417
02-13 18:50:30.535 W/WindowManager(  256): updateFocusedWindowLocked newFocus=Window{408ec828 com.android.mms/com.android.mms.ui.ComposeMessageActivity paused=false} mode=3 mCurrentFocus = Window{408ec828 com.android.mms/com.android.mms.ui.ComposeMessageActivity paused=false}
02-13 18:50:30.695 W/WindowManager(  256): updateFocusedWindowLocked newFocus=Window{408ec828 com.android.mms/com.android.mms.ui.ComposeMessageActivity paused=false} mode=3 mCurrentFocus = Window{408ec828 com.android.mms/com.android.mms.ui.ComposeMessageActivity paused=false}
02-13 18:50:30.805 D/PowerManagerService(  256): setTimeoutLocked now=212782 timeoutOverride=-1 nextState=3 when=218782
02-13 18:50:30.865 W/WindowManager(  256): updateFocusedWindowLocked newFocus=Window{408ec828 com.android.mms/com.android.mms.ui.ComposeMessageActivity paused=false} mode=3 mCurrentFocus = Window{408ec828 com.android.mms/com.android.mms.ui.ComposeMessageActivity paused=false}
02-13 18:50:30.885 W/WindowManager(  256): updateFocusedWindowLocked newFocus=Window{408ec828 com.android.mms/com.android.mms.ui.ComposeMessageActivity paused=false} mode=3 mCurrentFocus = Window{408ec828 com.android.mms/com.android.mms.ui.ComposeMessageActivity paused=false}
02-13 18:50:30.945 W/WindowManager(  256): updateFocusedWindowLocked newFocus=Window{408ec828 com.android.mms/com.android.mms.ui.ComposeMessageActivity paused=false} mode=3 mCurrentFocus = Window{408ec828 com.android.mms/com.android.mms.ui.ComposeMessageActivity paused=false}
02-13 18:50:31.185 D/PowerManagerService(  256): setTimeoutLocked now=213160 timeoutOverride=-1 nextState=3 when=219160
02-13 18:50:31.215 W/WindowManager(  256): updateFocusedWindowLocked newFocus=Window{408ec828 com.android.mms/com.android.mms.ui.ComposeMessageActivity paused=false} mode=3 mCurrentFocus = Window{408ec828 com.android.mms/com.android.mms.ui.ComposeMessageActivity paused=false}
02-13 18:50:31.275 D/StatusBarPolicy(  326): onSignalStrengthsChanged:SignalStrength: 99 0 -87 -80 -87 -10 8 99 2147483647 2147483647 2147483647 2147483647 cdma for subscription0
02-13 18:50:31.275 D/StatusBarPolicy(  326): updateSignalStrength on subscription :0
02-13 18:50:31.275 D/StatusBarPolicy(  326): StatusBarPolocy::getIconLevel -EVDO
02-13 18:50:31.275 D/StatusBarPolicy(  326): getEvdoLevel_band_six -evdoDbm:-87
02-13 18:50:31.275 D/StatusBarPolicy(  326): getEvdoLevel_band_six -evdoEcio:-10
02-13 18:50:31.295 W/WindowManager(  256): updateFocusedWindowLocked newFocus=Window{408ec828 com.android.mms/com.android.mms.ui.ComposeMessageActivity paused=false} mode=3 mCurrentFocus = Window{408ec828 com.android.mms/com.android.mms.ui.ComposeMessageActivity paused=false}
02-13 18:50:31.375 W/WindowManager(  256): updateFocusedWindowLocked newFocus=Window{408ec828 com.android.mms/com.android.mms.ui.ComposeMessageActivity paused=false} mode=3 mCurrentFocus = Window{408ec828 com.android.mms/com.android.mms.ui.ComposeMessageActivity paused=false}
02-13 18:50:31.496 D/PowerManagerService(  256): setTimeoutLocked now=213470 timeoutOverride=-1 nextState=3 when=219470
02-13 18:50:31.506 W/WindowManager(  256): updateFocusedWindowLocked newFocus=Window{408ec828 com.android.mms/com.android.mms.ui.ComposeMessageActivity paused=false} mode=3 mCurrentFocus = Window{408ec828 com.android.mms/com.android.mms.ui.ComposeMessageActivity paused=false}
02-13 18:50:31.626 W/WindowManager(  256): updateFocusedWindowLocked newFocus=Window{408ec828 com.android.mms/com.android.mms.ui.ComposeMessageActivity paused=false} mode=3 mCurrentFocus = Window{408ec828 com.android.mms/com.android.mms.ui.ComposeMessageActivity paused=false}
02-13 18:50:31.696 D/PowerManagerService(  256): setTimeoutLocked now=213670 timeoutOverride=-1 nextState=3 when=219670
02-13 18:50:31.726 W/WindowManager(  256): updateFocusedWindowLocked newFocus=Window{408ec828 com.android.mms/com.android.mms.ui.ComposeMessageActivity paused=false} mode=3 mCurrentFocus = Window{408ec828 com.android.mms/com.android.mms.ui.ComposeMessageActivity paused=false}
02-13 18:50:31.896 W/WindowManager(  256): updateFocusedWindowLocked newFocus=Window{408ec828 com.android.mms/com.android.mms.ui.ComposeMessageActivity paused=false} mode=3 mCurrentFocus = Window{408ec828 com.android.mms/com.android.mms.ui.ComposeMessageActivity paused=false}
02-13 18:50:31.996 D/PowerManagerService(  256): setTimeoutLocked now=213973 timeoutOverride=-1 nextState=3 when=219973
02-13 18:50:32.016 W/WindowManager(  256): updateFocusedWindowLocked newFocus=Window{408ec828 com.android.mms/com.android.mms.ui.ComposeMessageActivity paused=false} mode=3 mCurrentFocus = Window{408ec828 com.android.mms/com.android.mms.ui.ComposeMessageActivity paused=false}
02-13 18:50:32.286 D/PowerManagerService(  256): setTimeoutLocked now=214264 timeoutOverride=-1 nextState=3 when=220264
02-13 18:50:32.286 W/WindowManager(  256): updateFocusedWindowLocked newFocus=Window{408ec828 com.android.mms/com.android.mms.ui.ComposeMessageActivity paused=false} mode=3 mCurrentFocus = Window{408ec828 com.android.mms/com.android.mms.ui.ComposeMessageActivity paused=false}
02-13 18:50:32.426 W/WindowManager(  256): updateFocusedWindowLocked newFocus=Window{408ec828 com.android.mms/com.android.mms.ui.ComposeMessageActivity paused=false} mode=3 mCurrentFocus = Window{408ec828 com.android.mms/com.android.mms.ui.ComposeMessageActivity paused=false}
02-13 18:50:32.637 D/PowerManagerService(  256): setTimeoutLocked now=214615 timeoutOverride=-1 nextState=3 when=220615
02-13 18:50:32.647 W/WindowManager(  256): updateFocusedWindowLocked newFocus=Window{408ec828 com.android.mms/com.android.mms.ui.ComposeMessageActivity paused=false} mode=3 mCurrentFocus = Window{408ec828 com.android.mms/com.android.mms.ui.ComposeMessageActivity paused=false}
02-13 18:50:32.737 D/PowerManagerService(  256): setTimeoutLocked now=214712 timeoutOverride=-1 nextState=3 when=220712
02-13 18:50:32.757 W/WindowManager(  256): updateFocusedWindowLocked newFocus=Window{408ec828 com.android.mms/com.android.mms.ui.ComposeMessageActivity paused=false} mode=3 mCurrentFocus = Window{408ec828 com.android.mms/com.android.mms.ui.ComposeMessageActivity paused=false}
02-13 18:50:32.967 D/PowerManagerService(  256): setTimeoutLocked now=214941 timeoutOverride=-1 nextState=3 when=220941
02-13 18:50:32.977 W/WindowManager(  256): updateFocusedWindowLocked newFocus=Window{408ec828 com.android.mms/com.android.mms.ui.ComposeMessageActivity paused=false} mode=3 mCurrentFocus = Window{408ec828 com.android.mms/com.android.mms.ui.ComposeMessageActivity paused=false}
02-13 18:50:33.107 W/WindowManager(  256): updateFocusedWindowLocked newFocus=Window{408ec828 com.android.mms/com.android.mms.ui.ComposeMessageActivity paused=false} mode=3 mCurrentFocus = Window{408ec828 com.android.mms/com.android.mms.ui.ComposeMessageActivity paused=false}
02-13 18:50:33.498 D/PowerManagerService(  256): setTimeoutLocked now=215481 timeoutOverride=-1 nextState=3 when=221481
02-13 18:50:33.518 D/StatusBarPolicy(  326): onSignalStrengthsChanged:SignalStrength: 99 0 -89 -70 -87 -15 8 99 2147483647 2147483647 2147483647 2147483647 cdma for subscription0
02-13 18:50:33.518 D/StatusBarPolicy(  326): updateSignalStrength on subscription :0
02-13 18:50:33.518 D/StatusBarPolicy(  326): StatusBarPolocy::getIconLevel -EVDO
02-13 18:50:33.518 D/StatusBarPolicy(  326): getEvdoLevel_band_six -evdoDbm:-87
02-13 18:50:33.518 D/StatusBarPolicy(  326): getEvdoLevel_band_six -evdoEcio:-15
02-13 18:50:33.538 W/WindowManager(  256): updateFocusedWindowLocked newFocus=Window{408ec828 com.android.mms/com.android.mms.ui.ComposeMessageActivity paused=false} mode=3 mCurrentFocus = Window{408ec828 com.android.mms/com.android.mms.ui.ComposeMessageActivity paused=false}
02-13 18:50:33.578 D/PowerManagerService(  256): setTimeoutLocked now=215567 timeoutOverride=-1 nextState=3 when=221567
02-13 18:50:33.628 W/WindowManager(  256): updateFocusedWindowLocked newFocus=Window{408ec828 com.android.mms/com.android.mms.ui.ComposeMessageActivity paused=false} mode=3 mCurrentFocus = Window{408ec828 com.android.mms/com.android.mms.ui.ComposeMessageActivity paused=false}
02-13 18:50:33.738 W/WindowManager(  256): updateFocusedWindowLocked newFocus=Window{408ec828 com.android.mms/com.android.mms.ui.ComposeMessageActivity paused=false} mode=3 mCurrentFocus = Window{408ec828 com.android.mms/com.android.mms.ui.ComposeMessageActivity paused=false}
02-13 18:50:33.878 W/WindowManager(  256): updateFocusedWindowLocked newFocus=Window{408ec828 com.android.mms/com.android.mms.ui.ComposeMessageActivity paused=false} mode=3 mCurrentFocus = Window{408ec828 com.android.mms/com.android.mms.ui.ComposeMessageActivity paused=false}
02-13 18:50:34.058 D/PowerManagerService(  256): setTimeoutLocked now=216043 timeoutOverride=-1 nextState=3 when=222043
02-13 18:50:34.078 W/WindowManager(  256): updateFocusedWindowLocked newFocus=Window{408ec828 com.android.mms/com.android.mms.ui.ComposeMessageActivity paused=false} mode=3 mCurrentFocus = Window{408ec828 com.android.mms/com.android.mms.ui.ComposeMessageActivity paused=false}
02-13 18:50:34.198 D/PowerManagerService(  256): setTimeoutLocked now=216184 timeoutOverride=-1 nextState=3 when=222184
02-13 18:50:34.348 W/WindowManager(  256): updateFocusedWindowLocked newFocus=Window{408ec828 com.android.mms/com.android.mms.ui.ComposeMessageActivity paused=false} mode=3 mCurrentFocus = Window{408ec828 com.android.mms/com.android.mms.ui.ComposeMessageActivity paused=false}
02-13 18:50:34.559 W/WindowManager(  256): updateFocusedWindowLocked newFocus=Window{408ec828 com.android.mms/com.android.mms.ui.ComposeMessageActivity paused=false} mode=3 mCurrentFocus = Window{408ec828 com.android.mms/com.android.mms.ui.ComposeMessageActivity paused=false}
02-13 18:50:34.579 D/PowerManagerService(  256): setTimeoutLocked now=216569 timeoutOverride=-1 nextState=3 when=222569
02-13 18:50:34.709 W/WindowManager(  256): updateFocusedWindowLocked newFocus=Window{408ec828 com.android.mms/com.android.mms.ui.ComposeMessageActivity paused=false} mode=3 mCurrentFocus = Window{408ec828 com.android.mms/com.android.mms.ui.ComposeMessageActivity paused=false}
02-13 18:50:34.849 W/WindowManager(  256): updateFocusedWindowLocked newFocus=Window{408ec828 com.android.mms/com.android.mms.ui.ComposeMessageActivity paused=false} mode=3 mCurrentFocus = Window{408ec828 com.android.mms/com.android.mms.ui.ComposeMessageActivity paused=false}
02-13 18:50:34.939 D/PowerManagerService(  256): setTimeoutLocked now=216921 timeoutOverride=-1 nextState=3 when=222921
02-13 18:50:34.989 W/WindowManager(  256): updateFocusedWindowLocked newFocus=Window{408ec828 com.android.mms/com.android.mms.ui.ComposeMessageActivity paused=false} mode=3 mCurrentFocus = Window{408ec828 com.android.mms/com.android.mms.ui.ComposeMessageActivity paused=false}
02-13 18:50:35.079 W/WindowManager(  256): updateFocusedWindowLocked newFocus=Window{408ec828 com.android.mms/com.android.mms.ui.ComposeMessageActivity paused=false} mode=3 mCurrentFocus = Window{408ec828 com.android.mms/com.android.mms.ui.ComposeMessageActivity paused=false}
02-13 18:50:35.099 D/PowerManagerService(  256): setTimeoutLocked now=217083 timeoutOverride=-1 nextState=3 when=223083
02-13 18:50:35.169 W/WindowManager(  256): updateFocusedWindowLocked newFocus=Window{408ec828 com.android.mms/com.android.mms.ui.ComposeMessageActivity paused=false} mode=3 mCurrentFocus = Window{408ec828 com.android.mms/com.android.mms.ui.ComposeMessageActivity paused=false}
02-13 18:50:35.359 W/WindowManager(  256): updateFocusedWindowLocked newFocus=Window{408ec828 com.android.mms/com.android.mms.ui.ComposeMessageActivity paused=false} mode=3 mCurrentFocus = Window{408ec828 com.android.mms/com.android.mms.ui.ComposeMessageActivity paused=false}
02-13 18:50:35.459 D/PowerManagerService(  256): setTimeoutLocked now=217447 timeoutOverride=-1 nextState=3 when=223447
02-13 18:50:35.489 W/WindowManager(  256): updateFocusedWindowLocked newFocus=Window{408ec828 com.android.mms/com.android.mms.ui.ComposeMessageActivity paused=false} mode=3 mCurrentFocus = Window{408ec828 com.android.mms/com.android.mms.ui.ComposeMessageActivity paused=false}
02-13 18:50:35.590 W/WindowManager(  256): updateFocusedWindowLocked newFocus=Window{408ec828 com.android.mms/com.android.mms.ui.ComposeMessageActivity paused=false} mode=3 mCurrentFocus = Window{408ec828 com.android.mms/com.android.mms.ui.ComposeMessageActivity paused=false}
02-13 18:50:35.600 D/PowerManagerService(  256): setTimeoutLocked now=217585 timeoutOverride=-1 nextState=3 when=223585
02-13 18:50:35.710 W/WindowManager(  256): updateFocusedWindowLocked newFocus=Window{408ec828 com.android.mms/com.android.mms.ui.ComposeMessageActivity paused=false} mode=3 mCurrentFocus = Window{408ec828 com.android.mms/com.android.mms.ui.ComposeMessageActivity paused=false}
02-13 18:50:35.750 D/StatusBarPolicy(  326): onSignalStrengthsChanged:SignalStrength: 99 0 -90 -80 -87 -15 8 99 2147483647 2147483647 2147483647 2147483647 cdma for subscription0
02-13 18:50:35.750 D/StatusBarPolicy(  326): updateSignalStrength on subscription :0
02-13 18:50:35.750 D/StatusBarPolicy(  326): StatusBarPolocy::getIconLevel -EVDO
02-13 18:50:35.750 D/StatusBarPolicy(  326): getEvdoLevel_band_six -evdoDbm:-87
02-13 18:50:35.750 D/StatusBarPolicy(  326): getEvdoLevel_band_six -evdoEcio:-15
02-13 18:50:35.900 W/WindowManager(  256): updateFocusedWindowLocked newFocus=Window{408ec828 com.android.mms/com.android.mms.ui.ComposeMessageActivity paused=false} mode=3 mCurrentFocus = Window{408ec828 com.android.mms/com.android.mms.ui.ComposeMessageActivity paused=false}
02-13 18:50:36.010 D/PowerManagerService(  256): setTimeoutLocked now=217999 timeoutOverride=-1 nextState=3 when=223999
02-13 18:50:36.030 W/WindowManager(  256): updateFocusedWindowLocked newFocus=Window{408ec828 com.android.mms/com.android.mms.ui.ComposeMessageActivity paused=false} mode=3 mCurrentFocus = Window{408ec828 com.android.mms/com.android.mms.ui.ComposeMessageActivity paused=false}
02-13 18:50:36.540 D/PowerManagerService(  256): setTimeoutLocked now=218529 timeoutOverride=-1 nextState=3 when=224529
02-13 18:50:36.551 W/WindowManager(  256): updateFocusedWindowLocked newFocus=Window{408ec828 com.android.mms/com.android.mms.ui.ComposeMessageActivity paused=false} mode=3 mCurrentFocus = Window{408ec828 com.android.mms/com.android.mms.ui.ComposeMessageActivity paused=false}
02-13 18:50:36.681 D/PowerManagerService(  256): setTimeoutLocked now=218664 timeoutOverride=-1 nextState=3 when=224664
02-13 18:50:36.711 W/WindowManager(  256): updateFocusedWindowLocked newFocus=Window{408ec828 com.android.mms/com.android.mms.ui.ComposeMessageActivity paused=false} mode=3 mCurrentFocus = Window{408ec828 com.android.mms/com.android.mms.ui.ComposeMessageActivity paused=false}
02-13 18:50:36.751 W/WindowManager(  256): updateFocusedWindowLocked newFocus=Window{408ec828 com.android.mms/com.android.mms.ui.ComposeMessageActivity paused=false} mode=3 mCurrentFocus = Window{408ec828 com.android.mms/com.android.mms.ui.ComposeMessageActivity paused=false}
