02-13 18:47:01.381 I/Vold    (  109): Vold 2.1 (the revenge) firing up
02-13 18:47:01.381 D/Vold    (  109): Volume sdcard state changing -1 (Initializing) -> 0 (No-Media)
02-13 18:47:01.471 W/DirectVolume(  109): Kernel block uevent 'PARTN' 1 pendingparts 0
02-13 18:47:01.471 D/Vold    (  109): Volume sdcard state changing 0 (No-Media) -> 2 (Pending)
02-13 18:47:01.471 W/DirectVolume(  109): Kernel block uevent 'PARTN' 1, 1 minor 33
02-13 18:47:01.471 D/Vold    (  109): Volume sdcard state changing 2 (Pending) -> 1 (Idle-Unmounted)
02-13 18:47:01.711 E/NetlinkEvent(  109): NetlinkEvent::FindParam(): Parameter 'SWITCH_NAME' not found
02-13 18:47:01.711 E/NetlinkEvent(  109): NetlinkEvent::FindParam(): Parameter 'SWITCH_STATE' not found
02-13 18:47:01.711 W/Vold    (  109): Switch /devices/virtual/switch/usb_mass_storage event missing name/state info
02-13 18:47:01.741 D/Vold    (  109): usb_mass_storage function disabled
02-13 18:47:01.741 E/NetlinkEvent(  109): NetlinkEvent::FindParam(): Parameter 'SWITCH_NAME' not found
02-13 18:47:01.741 E/NetlinkEvent(  109): NetlinkEvent::FindParam(): Parameter 'SWITCH_STATE' not found
02-13 18:47:01.741 W/Vold    (  109): Switch /devices/virtual/switch/usb_connected event missing name/state info
02-13 18:47:01.751 E/NetlinkEvent(  109): NetlinkEvent::FindParam(): Parameter 'SWITCH_NAME' not found
02-13 18:47:01.751 E/NetlinkEvent(  109): NetlinkEvent::FindParam(): Parameter 'SWITCH_STATE' not found
02-13 18:47:01.751 W/Vold    (  109): Switch /devices/virtual/switch/usb_configuration event missing name/state info
02-13 18:47:01.751 E/NetlinkEvent(  109): NetlinkEvent::FindParam(): Parameter 'SWITCH_NAME' not found
02-13 18:47:01.751 E/NetlinkEvent(  109): NetlinkEvent::FindParam(): Parameter 'SWITCH_STATE' not found
02-13 18:47:01.751 W/Vold    (  109): Switch /devices/virtual/switch/usb_connected event missing name/state info
02-13 18:47:01.751 E/NetlinkEvent(  109): NetlinkEvent::FindParam(): Parameter 'SWITCH_NAME' not found
02-13 18:47:01.751 E/NetlinkEvent(  109): NetlinkEvent::FindParam(): Parameter 'SWITCH_STATE' not found
02-13 18:47:01.751 W/Vold    (  109): Switch /devices/virtual/switch/usb_configuration event missing name/state info
02-13 18:47:01.781 E/NetlinkEvent(  109): NetlinkEvent::FindParam(): Parameter 'SWITCH_NAME' not found
02-13 18:47:01.781 E/NetlinkEvent(  109): NetlinkEvent::FindParam(): Parameter 'SWITCH_STATE' not found
02-13 18:47:01.781 W/Vold    (  109): Switch /devices/virtual/switch/usb_mass_storage event missing name/state info
02-13 18:47:01.781 D/Vold    (  109): usb_mass_storage function enabled
02-13 18:47:09.609 I/SystemServer(  256): Entered the Android system server!
02-13 18:47:09.619 I/SystemServer(  256): Entropy Service
02-13 18:47:09.639 I/SystemServer(  256): Power Manager
02-13 18:47:09.639 I/SystemServer(  256): Activity Manager
02-13 18:47:09.669 I/ActivityManager(  256): Memory class: 32
02-13 18:47:09.909 I/SystemServer(  256): Telephony Registry
02-13 18:47:09.919 I/SystemServer(  256): Package Manager
02-13 18:47:09.989 I/Installer(  256): connecting...
02-13 18:47:14.383 I/PackageManager(  256): Unpacking native libraries for /data/app/com.sprint.widget.tutorial-1.apk
02-13 18:47:14.563 I/PackageManager(  256): Unpacking native libraries for /data/app/com.google.android.apps.plus-1.apk
02-13 18:47:17.516 I/PackageManager(  256): Unpacking native libraries for /data/app/com.android.vending-1.apk
02-13 18:47:17.586 I/PackageManager(  256): Unpacking native libraries for /data/app/com.sprint.voicemail-1.apk
02-13 18:47:17.717 W/PackageManager(  256): Unable to update from com.android.music to com.google.android.music: old package still exists
02-13 18:47:17.717 I/PackageManager(  256): Unpacking native libraries for /data/app/com.google.android.music-1.apk
02-13 18:47:17.887 I/PackageManager(  256): Unpacking native libraries for /data/app/com.google.android.googlequicksearchbox-1.apk
02-13 18:47:18.097 I/PackageManager(  256): Unpacking native libraries for /data/app/com.google.android.apps.maps-1.apk
02-13 18:47:18.347 I/PackageManager(  256): Unpacking native libraries for /data/app/com.google.android.apps.books-1.apk
02-13 18:47:18.397 I/PackageManager(  256): Unpacking native libraries for /data/app-private/com.locationlabs.v3client-1.apk
02-13 18:47:18.407 I/PackageManager(  256): Time to scan packages: 7.939 seconds
02-13 18:47:18.417 W/PackageManager(  256): Unknown permission com.android.vending.permission.UPDATE_MARKET_FAILURE in package com.android.vending.updater
02-13 18:47:18.417 W/PackageManager(  256): Unknown permission android.permission.ADD_SYSTEM_SERVICE in package com.android.phone
02-13 18:47:18.417 W/PackageManager(  256): Unknown permission com.google.android.apps.googlevoice.permission.AUTO_SEND in package com.google.android.voicesearch
02-13 18:47:18.417 W/PackageManager(  256): Not granting permission android.permission.SEND_DOWNLOAD_COMPLETED_INTENTS to package com.android.browser (protectionLevel=2 flags=0x9be45)
02-13 18:47:18.417 W/PackageManager(  256): Unknown permission com.android.email.provider.AttachmentProvider in package com.android.music
02-13 18:47:18.417 W/PackageManager(  256): Not granting permission android.permission.SEND_DOWNLOAD_COMPLETED_INTENTS to package com.android.music (protectionLevel=2 flags=0x8be65)
02-13 18:47:18.427 W/PackageManager(  256): Unknown permission android.permission.READ_OWNER_DATA in package com.android.setupwizard
02-13 18:47:18.427 W/PackageManager(  256): Unknown permission android.permission.WRITE_OWNER_DATA in package com.android.setupwizard
02-13 18:47:18.427 W/PackageManager(  256): Not granting permission android.permission.ACCESS_DRM to package com.android.mms (protectionLevel=2 flags=0x8be65)
02-13 18:47:18.427 W/PackageManager(  256): Unknown permission android.permission.RECEIVE_EMERGENCY_BROADCAST in package com.android.mms
02-13 18:47:18.427 W/PackageManager(  256): Not granting permission android.permission.SET_PREFERRED_APPLICATIONS to package com.sprint.w.installer (protectionLevel=2 flags=0x8be45)
02-13 18:47:18.427 W/PackageManager(  256): Unknown permission android.intent.action.REBOOT in package com.redbend.vdmc
02-13 18:47:18.427 W/PackageManager(  256): Not granting permission com.google.android.gm.permission.READ_GMAIL to package com.google.android.apps.uploader (protectionLevel=2 flags=0xbe45)
02-13 18:47:18.427 W/PackageManager(  256): Unknown permission android.permission.READ_PROFILE in package com.google.android.apps.plus
02-13 18:47:18.427 W/PackageManager(  256): Unknown permission android.permission.WRITE_PROFILE in package com.google.android.apps.plus
02-13 18:47:18.427 W/PackageManager(  256): Unknown permission android.permission.READ_SOCIAL_STREAM in package com.google.android.apps.plus
02-13 18:47:18.427 W/PackageManager(  256): Unknown permission android.permission.WRITE_SOCIAL_STREAM in package com.google.android.apps.plus
02-13 18:47:18.437 W/PackageManager(  256): Unknown permission android.permission.READ_EXTERNAL_STORAGE in package com.android.vending
02-13 18:47:18.437 W/PackageManager(  256): Not granting permission android.permission.SEND_DOWNLOAD_COMPLETED_INTENTS to package com.android.vending (protectionLevel=2 flags=0xabec5)
02-13 18:47:18.437 W/PackageManager(  256): Not granting permission android.permission.ACCOUNT_MANAGER to package com.google.android.music (protectionLevel=2 flags=0x8bee5)
02-13 18:47:18.437 W/PackageManager(  256): Unknown permission android.permission.READ_OWNER_DATA in package com.android.email
02-13 18:47:18.437 W/PackageManager(  256): Unknown permission android.intent.action.REBOOT in package com.android.email
02-13 18:47:18.437 W/PackageManager(  256): Not granting permission android.permission.BROADCAST_WAP_PUSH to package com.android.email (protectionLevel=2 flags=0x8be45)
02-13 18:47:18.437 W/PackageManager(  256): Unknown permission com.android.providers.im.permission.READ_ONLY in package com.google.android.apps.maps
02-13 18:47:18.437 W/PackageManager(  256): Unknown permission com.google.android.providers.gmail.permission.READ_GMAIL in package com.dataviz.docstogo
02-13 18:47:18.637 I/SystemServer(  256): Account Manager
02-13 18:47:18.728 I/SystemServer(  256): Content Manager
02-13 18:47:18.818 I/SystemServer(  256): System Content Providers
02-13 18:47:18.838 I/SystemServer(  256): Battery Service
02-13 18:47:18.878 I/SystemServer(  256): Lights Service
02-13 18:47:18.878 I/SystemServer(  256): Vibrator Service
02-13 18:47:18.898 I/SystemServer(  256): Alarm Manager
02-13 18:47:18.898 D/AlarmManager(  256): scheduleTimeTickEvent calendar=Mon Feb 13 18:48:00 CST 2012
02-13 18:47:18.898 D/AlarmManager(  256): calendar.getTimeInMillis()1329180480000
02-13 18:47:18.898 I/SystemServer(  256): Init Watchdog
02-13 18:47:18.898 I/SystemServer(  256): Window Manager
02-13 18:47:18.898 E/AlarmManager(  256): system is not ready, just wait!
02-13 18:47:18.908 I/InputManager(  256): Initializing input manager
02-13 18:47:18.918 I/InputManager(  256): Starting input manager
02-13 18:47:18.918 I/SystemServer(  256): Bluetooth Service
02-13 18:47:18.938 I/InputManager-Callbacks(  256): No input device calibration properties found for device synaptics-rmi4-ts.
02-13 18:47:18.938 I/InputManager-Callbacks(  256): No input device calibration properties found for device 7k_handset.
02-13 18:47:18.938 I/InputManager-Callbacks(  256): No input device calibration properties found for device sean_keypad.
02-13 18:47:18.938 I/SystemServer(  256): DynamicMemoryManager Service
02-13 18:47:18.938 I/SystemServer(  256): Device Policy
02-13 18:47:18.938 I/SystemServer(  256): Status Bar
02-13 18:47:18.938 I/SystemServer(  256): Clipboard Service
02-13 18:47:18.938 I/SystemServer(  256): Input Method Service
02-13 18:47:18.958 I/InputManagerService(  256): Enabled input methods: com.swype.android.inputmethod/.SwypeInputMethod:com.android.inputmethod.latin/.LatinIME
02-13 18:47:18.958 I/SystemServer(  256): NetStat Service
02-13 18:47:18.958 I/SystemServer(  256): NetworkManagement Service
02-13 18:47:18.958 D/NetworkManagementService(  256): Creating NetworkManagementService
02-13 18:47:18.958 D/NetworkManagementService(  256): Awaiting socket connection
02-13 18:47:18.958 D/NetworkManagementService(  256): onConnected
02-13 18:47:18.958 D/NetworkManagementService(  256): Connected
02-13 18:47:18.958 I/SystemServer(  256): Connectivity Service
02-13 18:47:18.958 D/ConnectivityService(  256): ConnectivityService starting up
02-13 18:47:18.958 D/ConnectivityService(  256): getMobileDataEnabled returning true
02-13 18:47:19.008 D/WifiService(  256): isAirplaneModeOn(): false
02-13 18:47:19.008 I/WifiService(  256): WifiService starting up with Wi-Fi enabled
02-13 18:47:19.008 D/WifiService(  256): isAirplaneModeOn(): false
02-13 18:47:19.008 D/NetworkManagementService(  256): Registering observer
02-13 18:47:19.008 D/WifiService(  256): WifiHandler, MESSAGE_ENABLE_WIFI, msg.arg1: 1, msg.arg2: 1000
02-13 18:47:19.008 D/WifiService(  256): isAirplaneModeOn(): false
02-13 18:47:19.018 E/WifiService(  256): jht getWifiConfiguration() Settings.Secure.WIFI_IDLE_MS=-1834574848
02-13 18:47:19.048 I/SystemServer(  256): Throttle Service
02-13 18:47:19.048 I/SystemServer(  256): Accessibility Manager
02-13 18:47:19.048 I/SystemServer(  256): Mount Service
02-13 18:47:19.058 I/SystemServer(  256): Notification Manager
02-13 18:47:19.058 I/SystemServer(  256): HDMI Service
02-13 18:47:19.058 I/SystemServer(  256): Device Storage Monitor
02-13 18:47:19.058 I/SystemServer(  256): Location Manager
02-13 18:47:19.058 I/SystemServer(  256): Search Service
02-13 18:47:19.058 I/SystemServer(  256): DropBox Service
02-13 18:47:19.058 I/SystemServer(  256): Wallpaper Service
02-13 18:47:19.068 D/VoldConnector(  256): SND -> {volume list} {null}
02-13 18:47:19.068 D/VoldCmdListener(  109): volume list
02-13 18:47:19.068 D/VoldConnector(  256): RCV <- {110 sdcard /mnt/sdcard 1}
02-13 18:47:19.068 D/VoldConnector(  256): RCV <- {200 Volumes listed.}
02-13 18:47:19.068 I/SystemServer(  256): Audio Service
02-13 18:47:19.068 D/VoldConnector(  256): RSP <- {110 sdcard /mnt/sdcard 1}
02-13 18:47:19.078 D/VoldConnector(  256): RSP <- {200 Volumes listed.}
02-13 18:47:19.078 D/VoldConnector(  256): List terminated with {200 Volumes listed.}
02-13 18:47:19.078 D/MountService(  256): mount list sdcard /mnt/sdcard 1
02-13 18:47:19.088 D/VoldConnector(  256): SND -> {share status ums} {null}
02-13 18:47:19.088 D/VoldCmdListener(  109): share status ums
02-13 18:47:19.088 D/VoldConnector(  256): RCV <- {210 Share unavailable}
02-13 18:47:19.088 D/VoldConnector(  256): RSP <- {210 Share unavailable}
02-13 18:47:19.118 I/SystemServer(  256): Headset Observer
02-13 18:47:19.118 I/SystemServer(  256): Dock Observer
02-13 18:47:19.128 W/DockObserver(  256): This kernel does not have dock station support
02-13 18:47:19.128 I/SystemServer(  256): USB Service
02-13 18:47:19.138 I/SystemServer(  256): UI Mode Manager Service
02-13 18:47:19.148 I/SystemServer(  256): Backup Service
02-13 18:47:19.428 I/BackupManagerService(  256): Found stale backup journal, scheduling
02-13 18:47:19.428 I/BackupManagerService(  256):   com.android.providers.settings
02-13 18:47:19.488 I/BackupManagerService(  256): Backup enabled => true
02-13 18:47:19.488 I/SystemServer(  256): AppWidget Service
02-13 18:47:19.488 I/SystemServer(  256): Recognition Service
02-13 18:47:19.488 I/SystemServer(  256): DiskStats Service
02-13 18:47:19.498 I/SystemServer(  256): AtCmdFwd Service
02-13 18:47:19.508 I/SystemServer(  256): BT FM Power Management Service
02-13 18:47:19.528 E/SystemServer(  256): Failure starting BT FM Power Management Service
02-13 18:47:19.528 E/SystemServer(  256): java.lang.ExceptionInInitializerError
02-13 18:47:19.528 E/SystemServer(  256): 	at com.android.server.ServerThread.run(SystemServer.java:489)
02-13 18:47:19.528 E/SystemServer(  256): Caused by: java.lang.UnsatisfiedLinkError: classInitNative
02-13 18:47:19.528 E/SystemServer(  256): 	at com.broadcom.bt.service.framework.PowerManagementService.classInitNative(Native Method)
02-13 18:47:19.528 E/SystemServer(  256): 	at com.broadcom.bt.service.framework.PowerManagementService.<clinit>(PowerManagementService.java:58)
02-13 18:47:19.528 E/SystemServer(  256): 	... 1 more
02-13 18:47:19.528 D/PowerManagerService(  256): system ready!
02-13 18:47:19.538 I/ActivityManager(  256): System now ready
02-13 18:47:19.538 I/SystemServer(  256): Making services ready
02-13 18:47:19.538 I/StatusBarManagerService(  256): Starting service: ComponentInfo{com.android.systemui/com.android.systemui.statusbar.StatusBarService}
02-13 18:47:19.548 W/WindowManager(  256): updateFocusedWindowLocked newFocus=Window{4072e118 Keyguard paused=false} mode=1 mCurrentFocus = null
02-13 18:47:19.558 I/ActivityManager(  256): Start proc com.android.systemui for service com.android.systemui/.statusbar.StatusBarService: pid=326 uid=1000 gids={3002, 3001, 3003, 1015}
02-13 18:47:19.558 I/ActivityManager(  256): Config changed: { scale=1.0 imsi=0/0 loc=en_US touch=0 keys=0/0/0 nav=0/0 orien=0 layout=0 uiMode=17 seq=2}
02-13 18:47:19.568 I/ActivityManager(  256): Config changed: { scale=1.0 imsi=0/0 loc=en_US touch=3 keys=1/1/2 nav=1/1 orien=1 layout=18 uiMode=17 seq=3}
02-13 18:47:19.749 I/ActivityManager(  256): Start proc com.android.inputmethod.latin for service com.android.inputmethod.latin/.LatinIME: pid=336 uid=10038 gids={}
02-13 18:47:19.769 D/NetworkManagementService(  256): Registering observer
02-13 18:47:19.789 I/ActivityManager(  256): Start proc com.android.phone for added application com.android.phone: pid=342 uid=1001 gids={3002, 3001, 3003, 1015}
02-13 18:47:19.829 I/ActivityManager(  256): Start proc com.broadcom.bt.app.system for added application com.broadcom.bt.app.system: pid=346 uid=1002 gids={3001, 3002}
02-13 18:47:19.839 I/ActivityManager(  256): Starting: Intent { act=android.intent.action.MAIN cat=[android.intent.category.HOME] flg=0x10000000 cmp=com.android.launcher/com.android.launcher2.Launcher } from pid 0
02-13 18:47:19.999 I/ActivityManager(  256): Start proc com.android.launcher for activity com.android.launcher/com.android.launcher2.Launcher: pid=364 uid=10037 gids={}
02-13 18:47:20.059 D/NetdConnector(  256): RCV <- {600 Iface added wlan0}
02-13 18:47:20.169 D/NetdConnector(  256): SND -> {interface readrxcounter rmnet0} {null}
02-13 18:47:20.169 D/NetdConnector(  256): RCV <- {216 0}
02-13 18:47:20.179 D/NetdConnector(  256): RSP <- {216 0}
02-13 18:47:20.179 D/NetdConnector(  256): SND -> {interface readtxcounter rmnet0} {null}
02-13 18:47:20.179 D/NetdConnector(  256): RCV <- {217 0}
02-13 18:47:20.179 D/NetdConnector(  256): RSP <- {217 0}
02-13 18:47:20.219 D/NetdConnector(  256): SND -> {interface setthrottle rmnet0 -1 -1} {null}
02-13 18:47:20.279 W/WindowManager(  256): updateFocusedWindowLocked newFocus=Window{4072e118 Keyguard paused=false} mode=0 mCurrentFocus = Window{4072e118 Keyguard paused=false}
02-13 18:47:20.419 D/NetdConnector(  256): RCV <- {200 Interface throttling set}
02-13 18:47:20.419 D/NetdConnector(  256): RSP <- {200 Interface throttling set}
02-13 18:47:20.429 I/ActivityManager(  256): Start proc com.google.process.gapps for service com.google.android.gsf/.loginservice.GoogleLoginService: pid=377 uid=10027 gids={3003, 1015, 2001, 1007}
02-13 18:47:20.539 I/StatusBarManagerService(  256): registerStatusBar bar=com.android.internal.statusbar.IStatusBar$Stub$Proxy@40821388
02-13 18:47:20.569 W/WindowManager(  256): updateFocusedWindowLocked newFocus=Window{4072e118 Keyguard paused=false} mode=3 mCurrentFocus = Window{4072e118 Keyguard paused=false}
02-13 18:47:20.609 D/VoldConnector(  256): SND -> {share status ums} {null}
02-13 18:47:20.609 D/VoldCmdListener(  109): share status ums
02-13 18:47:20.609 D/VoldConnector(  256): RCV <- {210 Share unavailable}
02-13 18:47:20.609 D/VoldConnector(  256): RSP <- {210 Share unavailable}
02-13 18:47:20.609 D/StorageNotification(  326): Startup with UMS connection false (media state unmounted)
02-13 18:47:20.639 I/StorageNotification(  326): UMS connection changed to false (media state unmounted)
02-13 18:47:20.780 W/WindowManager(  256): updateFocusedWindowLocked newFocus=Window{4072e118 Keyguard paused=false} mode=2 mCurrentFocus = Window{4072e118 Keyguard paused=false}
02-13 18:47:20.950 W/WindowManager(  256): updateFocusedWindowLocked newFocus=Window{4072e118 Keyguard paused=false} mode=3 mCurrentFocus = Window{4072e118 Keyguard paused=false}
02-13 18:47:21.110 W/WindowManager(  256): updateFocusedWindowLocked newFocus=Window{4072e118 Keyguard paused=false} mode=3 mCurrentFocus = Window{4072e118 Keyguard paused=false}
02-13 18:47:21.240 W/WindowManager(  256): updateFocusedWindowLocked newFocus=Window{4072e118 Keyguard paused=false} mode=3 mCurrentFocus = Window{4072e118 Keyguard paused=false}
02-13 18:47:21.430 I/ActivityManager(  256): Start proc android.process.acore for content provider com.android.providers.userdictionary/.UserDictionaryProvider: pid=404 uid=10007 gids={3003, 1015}
02-13 18:47:21.520 D/ConnectivityService(  256): getMobileDataEnabled returning true
02-13 18:47:21.580 W/WindowManager(  256): updateFocusedWindowLocked newFocus=Window{4072e118 Keyguard paused=false} mode=3 mCurrentFocus = Window{4072e118 Keyguard paused=false}
02-13 18:47:21.620 I/WifiService(  256): WifiService trying to setNumAllowed to 11 with persist set to true
02-13 18:47:21.620 D/WifiService(  256): WifiHandler, MESSAGE_SET_CHANNELS, msg.arg1: 11, msg.arg2: 1
02-13 18:47:21.620 I/ActivityManager(  256): Config changed: { scale=1.0 imsi=310/120 loc=en_US touch=3 keys=1/1/2 nav=1/1 orien=1 layout=18 uiMode=17 seq=4}
02-13 18:47:21.650 I/TelephonyRegistry(  256): notifyMessageWaitingChanged: false
02-13 18:47:21.660 D/StatusBarPolicy(  326): updateSimState for subscription :0
02-13 18:47:21.660 D/StatusBarPolicy(  326): updateDataIcon subscription =0
02-13 18:47:21.750 W/ActivityManager(  256): Unable to start service Intent { act=com.android.ussd.IExtendedNetworkService }: not found
02-13 18:47:21.811 W/WindowManager(  256): updateFocusedWindowLocked newFocus=Window{4072e118 Keyguard paused=false} mode=0 mCurrentFocus = Window{4072e118 Keyguard paused=false}
02-13 18:47:21.841 I/TelephonyRegistry(  256): notifyDataConnection: anyState=0,default/INET,apnTypeState=0,iface=null,ip=null,gw=null,isDataConnectivityPossible=false,networkType=0,reason=dataNetworkDetached
02-13 18:47:21.871 I/TelephonyRegistry(  256): notifyDataConnection: anyState=0,default/INET6,apnTypeState=0,iface=null,ip=null,gw=null,isDataConnectivityPossible=false,networkType=0,reason=dataNetworkDetached
02-13 18:47:21.881 I/TelephonyRegistry(  256): notifyDataConnection: anyState=0,mms/INET,apnTypeState=0,iface=null,ip=null,gw=null,isDataConnectivityPossible=false,networkType=0,reason=dataNetworkDetached
02-13 18:47:21.891 I/TelephonyRegistry(  256): notifyDataConnection: anyState=0,mms/INET6,apnTypeState=0,iface=null,ip=null,gw=null,isDataConnectivityPossible=false,networkType=0,reason=dataNetworkDetached
02-13 18:47:21.891 I/TelephonyRegistry(  256): notifyDataConnection: anyState=0,supl/INET,apnTypeState=0,iface=null,ip=null,gw=null,isDataConnectivityPossible=false,networkType=0,reason=dataNetworkDetached
02-13 18:47:21.911 I/TelephonyRegistry(  256): notifyDataConnection: anyState=0,supl/INET6,apnTypeState=0,iface=null,ip=null,gw=null,isDataConnectivityPossible=false,networkType=0,reason=dataNetworkDetached
02-13 18:47:22.231 I/TelephonyRegistry(  256): notifyDataConnection: anyState=0,dun/INET,apnTypeState=0,iface=null,ip=null,gw=null,isDataConnectivityPossible=false,networkType=0,reason=dataNetworkDetached
02-13 18:47:22.241 I/TelephonyRegistry(  256): notifyDataConnection: anyState=0,dun/INET6,apnTypeState=0,iface=null,ip=null,gw=null,isDataConnectivityPossible=false,networkType=0,reason=dataNetworkDetached
02-13 18:47:22.251 I/TelephonyRegistry(  256): notifyDataConnection: anyState=0,hipri/INET,apnTypeState=0,iface=null,ip=null,gw=null,isDataConnectivityPossible=false,networkType=0,reason=dataNetworkDetached
02-13 18:47:22.251 I/TelephonyRegistry(  256): notifyDataConnection: anyState=0,hipri/INET6,apnTypeState=0,iface=null,ip=null,gw=null,isDataConnectivityPossible=false,networkType=0,reason=dataNetworkDetached
02-13 18:47:22.291 I/TelephonyRegistry(  256): notifyServiceState: 3 home null null null  Unknown CSS not supported -1 -1RoamInd: -1RoamStatus(sprint): -1DefRoamInd: -1EmergOnly: false
02-13 18:47:22.301 D/StatusBarPolicy(  326): onServiceStateChanged:3 home null null null  Unknown CSS not supported -1 -1RoamInd: -1RoamStatus(sprint): -1DefRoamInd: -1EmergOnly: falsefor subscription :0
02-13 18:47:22.301 D/StatusBarPolicy(  326): updateSignalStrength on subscription :0
02-13 18:47:22.301 D/StatusBarPolicy(  326): updateDataIcon subscription =0
02-13 18:47:22.341 I/WifiService(  256): WifiService trying to setNumAllowed to 11 with persist set to true
02-13 18:47:22.341 D/WifiService(  256): WifiHandler, MESSAGE_SET_CHANNELS, msg.arg1: 11, msg.arg2: 1
02-13 18:47:22.421 W/WindowManager(  256): updateFocusedWindowLocked newFocus=Window{4072e118 Keyguard paused=false} mode=3 mCurrentFocus = Window{4072e118 Keyguard paused=false}
02-13 18:47:22.962 I/TelephonyRegistry(  256): notifyServiceState: 1 home Searching for Service null null  Unknown CSS not supported 0 0RoamInd: 2RoamStatus(sprint): 0DefRoamInd: 0EmergOnly: false
02-13 18:47:22.972 D/StatusBarPolicy(  326): onServiceStateChanged:1 home Searching for Service null null  Unknown CSS not supported 0 0RoamInd: 2RoamStatus(sprint): 0DefRoamInd: 0EmergOnly: falsefor subscription :0
02-13 18:47:22.972 D/StatusBarPolicy(  326): updateSignalStrength on subscription :0
02-13 18:47:22.972 D/StatusBarPolicy(  326): updateDataIcon subscription =0
02-13 18:47:22.982 I/TelephonyRegistry(  256): notifyServiceState: 1 home Searching for Service null null  Unknown CSS not supported 0 0RoamInd: 2RoamStatus(sprint): 0DefRoamInd: 0EmergOnly: false
02-13 18:47:22.982 D/StatusBarPolicy(  326): onServiceStateChanged:1 home Searching for Service null null  Unknown CSS not supported 0 0RoamInd: 2RoamStatus(sprint): 0DefRoamInd: 0EmergOnly: falsefor subscription :0
02-13 18:47:22.982 D/StatusBarPolicy(  326): updateSignalStrength on subscription :0
02-13 18:47:22.982 D/StatusBarPolicy(  326): updateDataIcon subscription =0
02-13 18:47:23.022 I/WifiService(  256): WifiService trying to setNumAllowed to 11 with persist set to true
02-13 18:47:23.022 D/WifiService(  256): WifiHandler, MESSAGE_SET_CHANNELS, msg.arg1: 11, msg.arg2: 1
02-13 18:47:23.032 I/TelephonyRegistry(  256): notifyServiceState: 1 home Searching for Service null null  Unknown CSS not supported 0 0RoamInd: 2RoamStatus(sprint): 0DefRoamInd: 0EmergOnly: false
02-13 18:47:23.032 D/StatusBarPolicy(  326): onServiceStateChanged:1 home Searching for Service null null  Unknown CSS not supported 0 0RoamInd: 2RoamStatus(sprint): 0DefRoamInd: 0EmergOnly: falsefor subscription :0
02-13 18:47:23.032 D/StatusBarPolicy(  326): updateSignalStrength on subscription :0
02-13 18:47:23.032 D/StatusBarPolicy(  326): updateDataIcon subscription =0
02-13 18:47:23.462 D/StatusBarPolicy(  326): onSignalStrengthsChanged:SignalStrength: 99 0 -79 -70 -125 -25 8 99 2147483647 2147483647 2147483647 2147483647 cdma for subscription0
02-13 18:47:23.462 D/StatusBarPolicy(  326): updateSignalStrength on subscription :0
02-13 18:47:23.482 D/WifiService(  256): ACTION_BATTERY_CHANGED pluggedType: 0
02-13 18:47:23.482 D/WifiService(  256): WifiHandler, MESSAGE_UPDATE_STATE
02-13 18:47:23.482 D/WifiService(  256): isAirplaneModeOn(): false
02-13 18:47:23.492 D/WifiService(  256): updateWifiState(), wifiEnabled: true, airplaneMode: false, wifiShouldBeEnabled: true, wifiShouldBeStarted: true, strongestLockMode: 1
02-13 18:47:23.492 D/WifiService(  256): WifiHandler, MESSAGE_ENABLE_WIFI, msg.arg1: 0, msg.arg2: 1000
02-13 18:47:23.492 D/WifiService(  256): WifiHandler, MESSAGE_START_WIFI, msg.arg1: 1
02-13 18:47:23.702 I/TelephonyRegistry(  256): notifyServiceState: 0 home Sprint  310099  IS95A CSS not supported 41 4139RoamInd: 1RoamStatus(sprint): 1DefRoamInd: 160EmergOnly: false
02-13 18:47:23.702 D/StatusBarPolicy(  326): onServiceStateChanged:0 home Sprint  310099  IS95A CSS not supported 41 4139RoamInd: 1RoamStatus(sprint): 1DefRoamInd: 160EmergOnly: falsefor subscription :0
02-13 18:47:23.702 D/StatusBarPolicy(  326): updateSignalStrength on subscription :0
02-13 18:47:23.702 D/StatusBarPolicy(  326): StatusBarPolocy::getIconLevel -CDMA
02-13 18:47:23.702 D/StatusBarPolicy(  326): getCdmaLevel_band_six -cdmaDbm:-79
02-13 18:47:23.702 D/StatusBarPolicy(  326): getCdmaLevel_band_six -cdmaEcio:-70
02-13 18:47:23.702 D/StatusBarPolicy(  326): updateDataIcon subscription =0
02-13 18:47:23.712 I/TelephonyRegistry(  256): notifyServiceState: 0 home Sprint  310099  IS95A CSS not supported 41 4139RoamInd: 1RoamStatus(sprint): 1DefRoamInd: 160EmergOnly: false
02-13 18:47:23.722 D/StatusBarPolicy(  326): onServiceStateChanged:0 home Sprint  310099  IS95A CSS not supported 41 4139RoamInd: 1RoamStatus(sprint): 1DefRoamInd: 160EmergOnly: falsefor subscription :0
02-13 18:47:23.722 D/StatusBarPolicy(  326): updateSignalStrength on subscription :0
02-13 18:47:23.722 D/StatusBarPolicy(  326): StatusBarPolocy::getIconLevel -CDMA
02-13 18:47:23.722 D/StatusBarPolicy(  326): getCdmaLevel_band_six -cdmaDbm:-79
02-13 18:47:23.722 D/StatusBarPolicy(  326): getCdmaLevel_band_six -cdmaEcio:-70
02-13 18:47:23.722 D/StatusBarPolicy(  326): updateDataIcon subscription =0
02-13 18:47:23.722 I/TelephonyRegistry(  256): notifyServiceState: 0 home Sprint  310099  IS95A CSS not supported 41 4139RoamInd: 1RoamStatus(sprint): 1DefRoamInd: 160EmergOnly: false
02-13 18:47:23.752 D/StatusBarPolicy(  326): onServiceStateChanged:0 home Sprint  310099  IS95A CSS not supported 41 4139RoamInd: 1RoamStatus(sprint): 1DefRoamInd: 160EmergOnly: falsefor subscription :0
02-13 18:47:23.752 D/StatusBarPolicy(  326): updateSignalStrength on subscription :0
02-13 18:47:23.752 D/StatusBarPolicy(  326): StatusBarPolocy::getIconLevel -CDMA
02-13 18:47:23.752 D/StatusBarPolicy(  326): getCdmaLevel_band_six -cdmaDbm:-79
02-13 18:47:23.752 D/StatusBarPolicy(  326): getCdmaLevel_band_six -cdmaEcio:-70
02-13 18:47:23.752 D/StatusBarPolicy(  326): updateDataIcon subscription =0
02-13 18:47:23.772 I/TelephonyRegistry(  256): notifyDataConnection: anyState=0,default/INET,apnTypeState=0,iface=null,ip=null,gw=null,isDataConnectivityPossible=true,networkType=4,reason=dataNetworkAttached
02-13 18:47:23.772 D/StatusBarPolicy(  326): StatusBarPolicy onDataConnectionStateChanged to 0for nw : 4on subscription : 0
02-13 18:47:23.772 D/StatusBarPolicy(  326): Data network type changed to:4
02-13 18:47:23.772 D/StatusBarPolicy(  326): updateDataIcon subscription =0
02-13 18:47:23.782 I/TelephonyRegistry(  256): notifyDataConnection: anyState=0,default/INET6,apnTypeState=0,iface=null,ip=null,gw=null,isDataConnectivityPossible=true,networkType=4,reason=dataNetworkAttached
02-13 18:47:23.802 I/TelephonyRegistry(  256): notifyDataConnection: anyState=0,mms/INET,apnTypeState=0,iface=null,ip=null,gw=null,isDataConnectivityPossible=true,networkType=4,reason=dataNetworkAttached
02-13 18:47:23.822 I/TelephonyRegistry(  256): notifyDataConnection: anyState=0,mms/INET6,apnTypeState=0,iface=null,ip=null,gw=null,isDataConnectivityPossible=true,networkType=4,reason=dataNetworkAttached
02-13 18:47:23.822 I/TelephonyRegistry(  256): notifyDataConnection: anyState=0,supl/INET,apnTypeState=0,iface=null,ip=null,gw=null,isDataConnectivityPossible=true,networkType=4,reason=dataNetworkAttached
02-13 18:47:23.853 I/TelephonyRegistry(  256): notifyDataConnection: anyState=0,supl/INET6,apnTypeState=0,iface=null,ip=null,gw=null,isDataConnectivityPossible=true,networkType=4,reason=dataNetworkAttached
02-13 18:47:23.863 I/TelephonyRegistry(  256): notifyDataConnection: anyState=0,dun/INET,apnTypeState=0,iface=null,ip=null,gw=null,isDataConnectivityPossible=true,networkType=4,reason=dataNetworkAttached
02-13 18:47:23.863 I/TelephonyRegistry(  256): notifyDataConnection: anyState=0,dun/INET6,apnTypeState=0,iface=null,ip=null,gw=null,isDataConnectivityPossible=true,networkType=4,reason=dataNetworkAttached
02-13 18:47:23.873 I/TelephonyRegistry(  256): notifyDataConnection: anyState=0,hipri/INET,apnTypeState=0,iface=null,ip=null,gw=null,isDataConnectivityPossible=true,networkType=4,reason=dataNetworkAttached
02-13 18:47:23.883 I/TelephonyRegistry(  256): notifyDataConnection: anyState=0,hipri/INET6,apnTypeState=0,iface=null,ip=null,gw=null,isDataConnectivityPossible=true,networkType=4,reason=dataNetworkAttached
02-13 18:47:23.903 I/TelephonyRegistry(  256): notifyDataConnection: anyState=0,default/INET,apnTypeState=0,iface=null,ip=null,gw=null,isDataConnectivityPossible=true,networkType=4,reason=radioTechnologyChanged
02-13 18:47:23.913 I/TelephonyRegistry(  256): notifyDataConnection: anyState=0,default/INET6,apnTypeState=0,iface=null,ip=null,gw=null,isDataConnectivityPossible=true,networkType=4,reason=radioTechnologyChanged
02-13 18:47:23.923 I/TelephonyRegistry(  256): notifyDataConnection: anyState=0,mms/INET,apnTypeState=0,iface=null,ip=null,gw=null,isDataConnectivityPossible=true,networkType=4,reason=radioTechnologyChanged
02-13 18:47:23.933 I/TelephonyRegistry(  256): notifyDataConnection: anyState=0,mms/INET6,apnTypeState=0,iface=null,ip=null,gw=null,isDataConnectivityPossible=true,networkType=4,reason=radioTechnologyChanged
02-13 18:47:23.943 I/TelephonyRegistry(  256): notifyDataConnection: anyState=0,supl/INET,apnTypeState=0,iface=null,ip=null,gw=null,isDataConnectivityPossible=true,networkType=4,reason=radioTechnologyChanged
02-13 18:47:23.953 I/TelephonyRegistry(  256): notifyDataConnection: anyState=0,supl/INET6,apnTypeState=0,iface=null,ip=null,gw=null,isDataConnectivityPossible=true,networkType=4,reason=radioTechnologyChanged
02-13 18:47:23.963 I/TelephonyRegistry(  256): notifyDataConnection: anyState=0,dun/INET,apnTypeState=0,iface=null,ip=null,gw=null,isDataConnectivityPossible=true,networkType=4,reason=radioTechnologyChanged
02-13 18:47:23.973 I/TelephonyRegistry(  256): notifyDataConnection: anyState=0,dun/INET6,apnTypeState=0,iface=null,ip=null,gw=null,isDataConnectivityPossible=true,networkType=4,reason=radioTechnologyChanged
02-13 18:47:23.983 I/TelephonyRegistry(  256): notifyDataConnection: anyState=0,hipri/INET,apnTypeState=0,iface=null,ip=null,gw=null,isDataConnectivityPossible=true,networkType=4,reason=radioTechnologyChanged
02-13 18:47:23.993 I/TelephonyRegistry(  256): notifyDataConnection: anyState=0,hipri/INET6,apnTypeState=0,iface=null,ip=null,gw=null,isDataConnectivityPossible=true,networkType=4,reason=radioTechnologyChanged
02-13 18:47:24.073 D/PowerManagerService(  256): bootCompleted
02-13 18:47:24.073 D/PowerManagerService(  256): setTimeoutLocked now=26056 timeoutOverride=-1 nextState=3 when=32056
02-13 18:47:24.083 D/NetdConnector(  256): SND -> {interface list} {null}
02-13 18:47:24.083 D/NetdConnector(  256): RCV <- {110 lo}
02-13 18:47:24.083 D/NetdConnector(  256): RCV <- {110 dummy0}
02-13 18:47:24.083 D/NetdConnector(  256): RCV <- {110 rmnet0}
02-13 18:47:24.083 D/NetdConnector(  256): RCV <- {110 rmnet1}
02-13 18:47:24.083 D/NetdConnector(  256): RCV <- {110 rmnet2}
02-13 18:47:24.083 D/NetdConnector(  256): RCV <- {110 rmnet3}
02-13 18:47:24.083 D/NetdConnector(  256): RCV <- {110 rmnet4}
02-13 18:47:24.083 D/NetdConnector(  256): RCV <- {110 rmnet5}
02-13 18:47:24.083 D/NetdConnector(  256): RCV <- {110 rmnet6}
02-13 18:47:24.083 D/NetdConnector(  256): RCV <- {110 rmnet7}
02-13 18:47:24.083 D/NetdConnector(  256): RCV <- {110 tunl0}
02-13 18:47:24.083 D/NetdConnector(  256): RSP <- {110 lo}
02-13 18:47:24.083 D/NetdConnector(  256): RSP <- {110 dummy0}
02-13 18:47:24.083 D/NetdConnector(  256): RSP <- {110 rmnet0}
02-13 18:47:24.083 D/NetdConnector(  256): RSP <- {110 rmnet1}
02-13 18:47:24.093 D/NetdConnector(  256): RSP <- {110 rmnet2}
02-13 18:47:24.093 D/NetdConnector(  256): RSP <- {110 rmnet3}
02-13 18:47:24.093 D/NetdConnector(  256): RSP <- {110 rmnet4}
02-13 18:47:24.093 D/NetdConnector(  256): RSP <- {110 rmnet5}
02-13 18:47:24.093 D/NetdConnector(  256): RSP <- {110 rmnet6}
02-13 18:47:24.093 D/NetdConnector(  256): RSP <- {110 rmnet7}
02-13 18:47:24.093 D/NetdConnector(  256): RCV <- {110 gre0}
02-13 18:47:24.103 D/NetdConnector(  256): RCV <- {110 sit0}
02-13 18:47:24.103 D/NetdConnector(  256): RCV <- {110 ip6tnl0}
02-13 18:47:24.103 D/NetdConnector(  256): RSP <- {110 tunl0}
02-13 18:47:24.103 D/NetdConnector(  256): RSP <- {110 gre0}
02-13 18:47:24.103 D/NetdConnector(  256): RSP <- {110 sit0}
02-13 18:47:24.103 D/NetdConnector(  256): RSP <- {110 ip6tnl0}
02-13 18:47:24.103 D/NetdConnector(  256): RCV <- {110 usb0}
02-13 18:47:24.113 D/NetdConnector(  256): RSP <- {110 usb0}
02-13 18:47:24.113 D/NetdConnector(  256): RCV <- {110 wlan0}
02-13 18:47:24.113 D/NetdConnector(  256): RSP <- {110 wlan0}
02-13 18:47:24.113 D/NetdConnector(  256): RCV <- {200 Interface list completed}
02-13 18:47:24.113 D/NetdConnector(  256): RSP <- {200 Interface list completed}
02-13 18:47:24.113 D/NetdConnector(  256): List terminated with {200 Interface list completed}
02-13 18:47:24.123 D/VoldConnector(  256): SND -> {volume mount /mnt/sdcard} {null}
02-13 18:47:24.123 D/VoldCmdListener(  109): volume mount /mnt/sdcard
02-13 18:47:24.123 E/DirectVolume(  109): getDeviceNodes i 0 j 0 33
02-13 18:47:24.123 I/Vold    (  109): /dev/block/vold/179:33 being considered for volume sdcard
02-13 18:47:24.123 D/Vold    (  109): Volume sdcard state changing 1 (Idle-Unmounted) -> 3 (Checking)
02-13 18:47:24.123 D/VoldConnector(  256): RCV <- {605 Volume sdcard /mnt/sdcard state changed from 1 (Idle-Unmounted) to 3 (Checking)}
02-13 18:47:24.123 I/StorageNotification(  326): Media {/mnt/sdcard} state changed from {unmounted} -> {checking}
02-13 18:47:24.143 I/TelephonyRegistry(  256): notifyDataConnection: anyState=0,default/INET,apnTypeState=1,iface=null,ip=null,gw=null,isDataConnectivityPossible=true,networkType=4,reason=radioTechnologyChanged
02-13 18:47:24.313 I/TelephonyRegistry(  256): notifyServiceState: 0 home Sprint  310099  IS95A CSS not supported 41 4139RoamInd: 1RoamStatus(sprint): 1DefRoamInd: 160EmergOnly: false
02-13 18:47:24.333 I/ActivityManager(  256): Start proc com.android.settings for broadcast com.android.settings/.widget.SettingsAppWidgetProvider: pid=446 uid=1000 gids={3002, 3001, 3003, 1015}
02-13 18:47:24.383 I/TelephonyRegistry(  256): notifyServiceState: 0 home Sprint  310099  1xRTT CSS not supported 41 4139RoamInd: 1RoamStatus(sprint): 1DefRoamInd: 160EmergOnly: false
02-13 18:47:24.703 I/TelephonyRegistry(  256): notifyDataConnection: anyState=0,default/INET,apnTypeState=1,iface=null,ip=null,gw=null,isDataConnectivityPossible=true,networkType=7,reason=radioTechnologyChanged
02-13 18:47:24.723 I/TelephonyRegistry(  256): notifyDataConnection: anyState=0,default/INET6,apnTypeState=0,iface=null,ip=null,gw=null,isDataConnectivityPossible=true,networkType=7,reason=radioTechnologyChanged
02-13 18:47:24.733 I/TelephonyRegistry(  256): notifyDataConnection: anyState=0,mms/INET,apnTypeState=0,iface=null,ip=null,gw=null,isDataConnectivityPossible=true,networkType=7,reason=radioTechnologyChanged
02-13 18:47:24.743 I/TelephonyRegistry(  256): notifyDataConnection: anyState=0,mms/INET6,apnTypeState=0,iface=null,ip=null,gw=null,isDataConnectivityPossible=true,networkType=7,reason=radioTechnologyChanged
02-13 18:47:24.753 I/TelephonyRegistry(  256): notifyDataConnection: anyState=0,supl/INET,apnTypeState=0,iface=null,ip=null,gw=null,isDataConnectivityPossible=true,networkType=7,reason=radioTechnologyChanged
02-13 18:47:24.763 I/TelephonyRegistry(  256): notifyDataConnection: anyState=0,supl/INET6,apnTypeState=0,iface=null,ip=null,gw=null,isDataConnectivityPossible=true,networkType=7,reason=radioTechnologyChanged
02-13 18:47:24.773 D/StatusBarPolicy(  326): onSignalStrengthsChanged:SignalStrength: 99 0 -80 -80 -125 -25 8 99 2147483647 2147483647 2147483647 2147483647 cdma for subscription0
02-13 18:47:24.773 D/StatusBarPolicy(  326): updateSignalStrength on subscription :0
02-13 18:47:24.773 D/StatusBarPolicy(  326): StatusBarPolocy::getIconLevel -CDMA
02-13 18:47:24.773 D/StatusBarPolicy(  326): getCdmaLevel_band_six -cdmaDbm:-80
02-13 18:47:24.773 D/StatusBarPolicy(  326): getCdmaLevel_band_six -cdmaEcio:-80
02-13 18:47:24.773 D/StatusBarPolicy(  326): onServiceStateChanged:0 home Sprint  310099  IS95A CSS not supported 41 4139RoamInd: 1RoamStatus(sprint): 1DefRoamInd: 160EmergOnly: falsefor subscription :0
02-13 18:47:24.773 D/StatusBarPolicy(  326): updateSignalStrength on subscription :0
02-13 18:47:24.773 D/StatusBarPolicy(  326): StatusBarPolocy::getIconLevel -CDMA
02-13 18:47:24.773 D/StatusBarPolicy(  326): getCdmaLevel_band_six -cdmaDbm:-80
02-13 18:47:24.773 D/StatusBarPolicy(  326): getCdmaLevel_band_six -cdmaEcio:-80
02-13 18:47:24.783 I/TelephonyRegistry(  256): notifyDataConnection: anyState=0,dun/INET,apnTypeState=0,iface=null,ip=null,gw=null,isDataConnectivityPossible=true,networkType=7,reason=radioTechnologyChanged
02-13 18:47:24.783 D/StatusBarPolicy(  326): updateDataIcon subscription =0
02-13 18:47:24.783 D/StatusBarPolicy(  326): onServiceStateChanged:0 home Sprint  310099  1xRTT CSS not supported 41 4139RoamInd: 1RoamStatus(sprint): 1DefRoamInd: 160EmergOnly: falsefor subscription :0
02-13 18:47:24.783 D/StatusBarPolicy(  326): updateSignalStrength on subscription :0
02-13 18:47:24.793 I/TelephonyRegistry(  256): notifyDataConnection: anyState=0,dun/INET6,apnTypeState=0,iface=null,ip=null,gw=null,isDataConnectivityPossible=true,networkType=7,reason=radioTechnologyChanged
02-13 18:47:24.803 D/StatusBarPolicy(  326): StatusBarPolocy::getIconLevel -CDMA
02-13 18:47:24.803 D/StatusBarPolicy(  326): getCdmaLevel_band_six -cdmaDbm:-80
02-13 18:47:24.803 D/StatusBarPolicy(  326): getCdmaLevel_band_six -cdmaEcio:-80
02-13 18:47:24.803 D/StatusBarPolicy(  326): updateDataIcon subscription =0
02-13 18:47:24.813 I/TelephonyRegistry(  256): notifyDataConnection: anyState=0,hipri/INET,apnTypeState=0,iface=null,ip=null,gw=null,isDataConnectivityPossible=true,networkType=7,reason=radioTechnologyChanged
02-13 18:47:24.823 D/StatusBarPolicy(  326): StatusBarPolicy onDataConnectionStateChanged to 0for nw : 7on subscription : 0
02-13 18:47:24.823 D/StatusBarPolicy(  326): Data network type changed to:7
02-13 18:47:24.823 D/StatusBarPolicy(  326): updateDataIcon subscription =0
02-13 18:47:24.823 I/TelephonyRegistry(  256): notifyDataConnection: anyState=0,hipri/INET6,apnTypeState=0,iface=null,ip=null,gw=null,isDataConnectivityPossible=true,networkType=7,reason=radioTechnologyChanged
02-13 18:47:24.863 W/WindowManager(  256): updateFocusedWindowLocked newFocus=Window{4072e118 Keyguard paused=false} mode=3 mCurrentFocus = Window{4072e118 Keyguard paused=false}
02-13 18:47:24.894 W/WindowManager(  256): updateFocusedWindowLocked newFocus=Window{4072e118 Keyguard paused=false} mode=3 mCurrentFocus = Window{4072e118 Keyguard paused=false}
02-13 18:47:25.244 I/ActivityManager(  256): Start proc com.google.android.partnersetup for broadcast com.google.android.partnersetup/.PhoneStateReceiver: pid=456 uid=10041 gids={3003}
02-13 18:47:25.324 D/StatusBarPolicy(  326): onSignalStrengthsChanged:SignalStrength: 99 0 -81 -70 -125 -25 8 99 2147483647 2147483647 2147483647 2147483647 cdma for subscription0
02-13 18:47:25.324 D/StatusBarPolicy(  326): updateSignalStrength on subscription :0
02-13 18:47:25.324 D/StatusBarPolicy(  326): StatusBarPolocy::getIconLevel -CDMA
02-13 18:47:25.324 D/StatusBarPolicy(  326): getCdmaLevel_band_six -cdmaDbm:-81
02-13 18:47:25.324 D/StatusBarPolicy(  326): getCdmaLevel_band_six -cdmaEcio:-70
02-13 18:47:25.574 D/BatteryService(  256): updateBattery level:18 scale:100 status:2 health:2 present:true voltage: 3702 temperature: 220 technology: Li-ion AC powered:true USB powered:false icon:17302195
02-13 18:47:25.714 D/ConnectivityService(  256): ConnectivityChange for mobile: CONNECTING/CONNECTING
02-13 18:47:25.955 D/PowerManagerService(  256): setTimeoutLocked now=27936 timeoutOverride=-1 nextState=3 when=33936
02-13 18:47:25.985 I/ActivityManager(  256): Start proc com.redbend.vdmc for broadcast com.redbend.vdmc/.MyConnectionChangeReceiver: pid=467 uid=1000 gids={3002, 3001, 3003, 1015}
02-13 18:47:25.985 D/WifiService(  256): ACTION_BATTERY_CHANGED pluggedType: 1
02-13 18:47:25.985 D/WifiService(  256): WifiHandler, MESSAGE_UPDATE_STATE
02-13 18:47:25.985 D/WifiService(  256): isAirplaneModeOn(): false
02-13 18:47:25.985 D/WifiService(  256): updateWifiState(), wifiEnabled: true, airplaneMode: false, wifiShouldBeEnabled: true, wifiShouldBeStarted: true, strongestLockMode: 1
02-13 18:47:25.985 D/WifiService(  256): WifiHandler, MESSAGE_ENABLE_WIFI, msg.arg1: 0, msg.arg2: 1000
02-13 18:47:25.985 D/WifiService(  256): WifiHandler, MESSAGE_START_WIFI, msg.arg1: 1
02-13 18:47:26.065 I/ActivityManager(  256): Start proc com.qualcomm.privinit for broadcast com.qualcomm.privinit/.BootReciever: pid=475 uid=1000 gids={3002, 3001, 3003, 1015}
02-13 18:47:26.095 I/ActivityManager(  256): Start proc com.cooliris.media for broadcast com.cooliris.media/com.cooliris.cache.BootReceiver: pid=482 uid=10046 gids={1015, 3003}
02-13 18:47:26.275 I/BootReceiver(  256): Copying /proc/last_kmsg to DropBox (SYSTEM_LAST_KMSG)
02-13 18:47:26.625 I/ActivityManager(  256): Start proc android.process.media for content provider com.android.providers.downloads/.DownloadProvider: pid=492 uid=10024 gids={1015, 2001, 3003}
02-13 18:47:26.645 I/ActivityManager(  256): Start proc zte.com.cn.alarmclock for broadcast zte.com.cn.alarmclock/.AlarmInitReceiver: pid=493 uid=10001 gids={}
02-13 18:47:26.645 D/ConnectivityService(  256): ConnectivityChange for WIFI: DISCONNECTED/IDLE
02-13 18:47:26.645 D/ConnectivityService(  256): Got Network Disconnected from Driver nwtype=1
02-13 18:47:26.645 D/ConnectivityService(  256): getMobileDataEnabled returning true
02-13 18:47:26.655 D/ConnectivityService(  256): Attempting to switch to mobile
02-13 18:47:26.665 D/StatusBarPolicy(  326): updateSignalStrength on subscription :0
02-13 18:47:26.665 D/StatusBarPolicy(  326): StatusBarPolocy::getIconLevel -CDMA
02-13 18:47:26.665 D/StatusBarPolicy(  326): getCdmaLevel_band_six -cdmaDbm:-81
02-13 18:47:26.665 D/StatusBarPolicy(  326): getCdmaLevel_band_six -cdmaEcio:-70
02-13 18:47:26.855 I/ActivityManager(  256): Start proc com.sprint.zone for broadcast com.sprint.zone/.BootCompleteReceiver: pid=508 uid=10002 gids={3003, 3002, 3001}
02-13 18:47:27.136 I/ActivityManager(  256): Start proc com.android.email for content provider com.android.email/com.android.exchange.provider.ExchangeProvider: pid=515 uid=10048 gids={3003, 1015}
02-13 18:47:27.546 D/BatteryService(  256): updateBattery level:18 scale:100 status:3 health:2 present:true voltage: 3702 temperature: 220 technology: Li-ion AC powered:false USB powered:false icon:17302173
02-13 18:47:27.636 D/StatusBarPolicy(  326): onSignalStrengthsChanged:SignalStrength: 99 0 -81 -80 -125 -25 8 99 2147483647 2147483647 2147483647 2147483647 cdma for subscription0
02-13 18:47:27.636 D/StatusBarPolicy(  326): updateSignalStrength on subscription :0
02-13 18:47:27.636 D/StatusBarPolicy(  326): StatusBarPolocy::getIconLevel -CDMA
02-13 18:47:27.636 D/StatusBarPolicy(  326): getCdmaLevel_band_six -cdmaDbm:-81
02-13 18:47:27.636 D/StatusBarPolicy(  326): getCdmaLevel_band_six -cdmaEcio:-80
02-13 18:47:27.796 D/PowerManagerService(  256): setTimeoutLocked now=29781 timeoutOverride=-1 nextState=3 when=35781
02-13 18:47:27.796 D/WifiService(  256): ACTION_BATTERY_CHANGED pluggedType: 0
02-13 18:47:27.796 D/WifiService(  256): WifiHandler, MESSAGE_UPDATE_STATE
02-13 18:47:27.796 D/WifiService(  256): isAirplaneModeOn(): false
02-13 18:47:27.796 D/WifiService(  256): updateWifiState(), wifiEnabled: true, airplaneMode: false, wifiShouldBeEnabled: true, wifiShouldBeStarted: true, strongestLockMode: 1
02-13 18:47:27.796 D/WifiService(  256): WifiHandler, MESSAGE_ENABLE_WIFI, msg.arg1: 0, msg.arg2: 1000
02-13 18:47:27.796 D/WifiService(  256): WifiHandler, MESSAGE_START_WIFI, msg.arg1: 1
02-13 18:47:27.856 I/Vold    (  109): Filesystem check completed OK
02-13 18:47:27.866 I/Vold    (  109): Device /dev/block/vold/179:33, target /mnt/sdcard mounted @ /mnt/secure/staging
02-13 18:47:27.876 D/Vold    (  109): Volume sdcard state changing 3 (Checking) -> 4 (Mounted)
02-13 18:47:27.876 D/VoldConnector(  256): RCV <- {605 Volume sdcard /mnt/sdcard state changed from 3 (Checking) to 4 (Mounted)}
02-13 18:47:27.876 I/StorageNotification(  326): Media {/mnt/sdcard} state changed from {checking} -> {mounted}
02-13 18:47:27.886 D/VoldConnector(  256): RCV <- {200 volume operation succeeded}
02-13 18:47:27.886 D/VoldConnector(  256): RSP <- {200 volume operation succeeded}
02-13 18:47:27.916 W/WindowManager(  256): updateFocusedWindowLocked newFocus=Window{4072e118 Keyguard paused=false} mode=3 mCurrentFocus = Window{4072e118 Keyguard paused=false}
02-13 18:47:28.057 D/VoldConnector(  256): SND -> {asec list} {null}
02-13 18:47:28.067 I/TelephonyRegistry(  256): notifyServiceState: 0 home Sprint  310099  1xRTT CSS not supported 41 4139RoamInd: 1RoamStatus(sprint): 1DefRoamInd: 160EmergOnly: false
02-13 18:47:28.087 D/StatusBarPolicy(  326): onSignalStrengthsChanged:SignalStrength: 99 0 -81 -80 -118 -315 5 99 2147483647 2147483647 2147483647 2147483647 cdma for subscription0
02-13 18:47:28.087 D/StatusBarPolicy(  326): updateSignalStrength on subscription :0
02-13 18:47:28.087 D/StatusBarPolicy(  326): StatusBarPolocy::getIconLevel -CDMA
02-13 18:47:28.087 D/StatusBarPolicy(  326): getCdmaLevel_band_six -cdmaDbm:-81
02-13 18:47:28.087 D/StatusBarPolicy(  326): getCdmaLevel_band_six -cdmaEcio:-80
02-13 18:47:28.097 D/StatusBarPolicy(  326): onServiceStateChanged:0 home Sprint  310099  1xRTT CSS not supported 41 4139RoamInd: 1RoamStatus(sprint): 1DefRoamInd: 160EmergOnly: falsefor subscription :0
02-13 18:47:28.097 D/StatusBarPolicy(  326): updateSignalStrength on subscription :0
02-13 18:47:28.097 D/StatusBarPolicy(  326): StatusBarPolocy::getIconLevel -CDMA
02-13 18:47:28.097 D/StatusBarPolicy(  326): getCdmaLevel_band_six -cdmaDbm:-81
02-13 18:47:28.097 D/StatusBarPolicy(  326): getCdmaLevel_band_six -cdmaEcio:-80
02-13 18:47:28.097 D/StatusBarPolicy(  326): updateDataIcon subscription =0
02-13 18:47:28.107 D/VoldCmdListener(  109): asec list
02-13 18:47:28.107 D/VoldConnector(  256): RCV <- {200 asec operation succeeded}
02-13 18:47:28.137 D/VoldConnector(  256): RSP <- {200 asec operation succeeded}
02-13 18:47:28.157 D/VoldConnector(  256): List terminated with {200 asec operation succeeded}
02-13 18:47:28.177 D/RPC     (  256): 3000008c:00050000 sending call (XID 1).
02-13 18:47:28.177 D/RPC     (  256): 3000008c:00050000 received REPLY (XID 1), grabbing mutex to wake up client.
02-13 18:47:28.197 D/RPC     (  256): 3000008c:00050000 call success.
02-13 18:47:28.197 D/RPC     (  256): 3000008c:00050000 sending call (XID 2).
02-13 18:47:28.247 D/RPC     (  256): 3000008c:00050000 received REPLY (XID 2), grabbing mutex to wake up client.
02-13 18:47:28.347 D/RPC     (  256): 3000008c:00050000 waiting for XDR input buffer to be consumed.
02-13 18:47:28.347 D/RPC     (  256): 3000008c:00050000 call success.
02-13 18:47:28.347 D/RPC     (  256): 3000008c:00050000 received CALL.
02-13 18:47:28.367 D/RPC     (  256): 3000008c:00050000 dispatching RPC call (XID 8, xdr 0x37fb20) for callback client 3100008c:00050001.
02-13 18:47:28.367 D/RPC     (  256): 3100008c:327681 sending RPC reply (XID 8)
02-13 18:47:28.367 D/RPC     (  256): 3000008c:00050000 sending call (XID 3).
