02-13 18:52:13.015 I/TelephonyRegistry(  256): notifyDataConnection: anyState=2,supl/INET6,apnTypeState=0,iface=null,ip=null,gw=null,isDataConnectivityPossible=true,networkType=6,reason=2GVoiceCallEnded
02-13 18:52:13.025 I/TelephonyRegistry(  256): notifyDataConnection: anyState=2,dun/INET,apnTypeState=0,iface=null,ip=null,gw=null,isDataConnectivityPossible=true,networkType=6,reason=2GVoiceCallEnded
02-13 18:52:13.055 I/TelephonyRegistry(  256): notifyDataConnection: anyState=2,dun/INET6,apnTypeState=0,iface=null,ip=null,gw=null,isDataConnectivityPossible=true,networkType=6,reason=2GVoiceCallEnded
02-13 18:52:13.055 I/TelephonyRegistry(  256): notifyDataConnection: anyState=2,hipri/INET,apnTypeState=2,iface=rmnet0,ip=173.155.101.96,gw=173.155.101.97,isDataConnectivityPossible=true,networkType=6,reason=2GVoiceCallEnded
02-13 18:52:13.065 I/TelephonyRegistry(  256): notifyDataConnection: anyState=2,hipri/INET6,apnTypeState=0,iface=null,ip=null,gw=null,isDataConnectivityPossible=true,networkType=6,reason=2GVoiceCallEnded
02-13 18:52:13.075 D/NetdConnector(  256): RCV <- {200 default route replace succeeded for [rmnet0 -4]}
02-13 18:52:13.075 D/NetdConnector(  256): RSP <- {200 default route replace succeeded for [rmnet0 -4]}
02-13 18:52:13.075 D/NetworkManagementService(  256): 200 default route replace succeeded for [rmnet0 -4]
02-13 18:52:13.135 D/StatusBarPolicy(  326): Data network type changed to:6
02-13 18:52:13.135 D/StatusBarPolicy(  326): updateDataIcon subscription =0
02-13 18:52:13.135 D/StatusBarPolicy(  326): updateSignalStrength on subscription :0
02-13 18:52:13.145 D/StatusBarPolicy(  326): StatusBarPolocy::getIconLevel -EVDO
02-13 18:52:13.145 D/StatusBarPolicy(  326): getEvdoLevel_band_six -evdoDbm:-120
02-13 18:52:13.145 D/StatusBarPolicy(  326): getEvdoLevel_band_six -evdoEcio:-315
02-13 18:52:13.305 D/StatusBarPolicy(  326): onSignalStrengthsChanged:SignalStrength: 99 0 -85 -80 -120 -315 8 99 2147483647 2147483647 2147483647 2147483647 cdma for subscription0
02-13 18:52:13.305 D/StatusBarPolicy(  326): updateSignalStrength on subscription :0
02-13 18:52:13.305 D/StatusBarPolicy(  326): StatusBarPolocy::getIconLevel -EVDO
02-13 18:52:13.305 D/StatusBarPolicy(  326): getEvdoLevel_band_six -evdoDbm:-120
02-13 18:52:13.305 D/StatusBarPolicy(  326): getEvdoLevel_band_six -evdoEcio:-315
02-13 18:52:13.545 D/RPC     (  256): 3000008c:00050000 sending call (XID 14).
02-13 18:52:13.545 D/RPC     (  256): 3000008c:00050000 received REPLY (XID 14), grabbing mutex to wake up client.
02-13 18:52:13.545 D/RPC     (  256): 3000008c:00050000 waiting for XDR input buffer to be consumed.
02-13 18:52:13.545 D/RPC     (  256): 3000008c:00050000 call success.
02-13 18:52:13.545 D/RPC     (  256): 3000008c:00050000 received CALL.
02-13 18:52:13.545 D/RPC     (  256): 3000008c:00050000 dispatching RPC call (XID 27, xdr 0x37fb20) for callback client 3100008c:00050001.
02-13 18:52:13.565 D/RPC     (  256): 3100008c:327681 sending RPC reply (XID 27)
02-13 18:52:13.565 D/RPC     (  256): 3000008c:00050000 sending call (XID 15).
02-13 18:52:13.565 D/RPC     (  256): 3000008c:00050000 received REPLY (XID 15), grabbing mutex to wake up client.
02-13 18:52:13.565 D/RPC     (  256): 3000008c:00050000 call success.
02-13 18:52:13.585 D/RPC     (  256): 3000008c:00050000 received CALL.
02-13 18:52:13.585 D/RPC     (  256): 3000008c:00050000 dispatching RPC call (XID 28, xdr 0x37fb20) for callback client 3100008c:00050001.
02-13 18:52:13.585 D/RPC     (  256): 3100008c:327681 sending RPC reply (XID 28)
02-13 18:52:14.376 D/StatusBarPolicy(  326): onSignalStrengthsChanged:SignalStrength: 99 0 -85 -80 -90 -10 8 99 2147483647 2147483647 2147483647 2147483647 cdma for subscription0
02-13 18:52:14.376 D/StatusBarPolicy(  326): updateSignalStrength on subscription :0
02-13 18:52:14.376 D/StatusBarPolicy(  326): StatusBarPolocy::getIconLevel -EVDO
02-13 18:52:14.386 D/StatusBarPolicy(  326): getEvdoLevel_band_six -evdoDbm:-90
02-13 18:52:14.386 D/StatusBarPolicy(  326): getEvdoLevel_band_six -evdoEcio:-10
02-13 18:52:14.406 I/ActivityManager(  256): moveTaskToBack: 9
02-13 18:52:14.416 D/PowerManagerService(  256): setTimeoutLocked now=316395 timeoutOverride=-1 nextState=3 when=322395
02-13 18:52:14.426 W/WindowManager(  256): updateFocusedWindowLocked newFocus=null mode=3 mCurrentFocus = Window{40920e60 com.android.phone/com.android.phone.InCallScreen paused=true}
02-13 18:52:14.426 D/PowerManagerService(  256): setTimeoutLocked now=316403 timeoutOverride=-1 nextState=0 when=323403
02-13 18:52:14.426 W/WindowManager(  256): updateFocusedWindowLocked newFocus=Window{4072e118 Keyguard paused=false} mode=2 mCurrentFocus = null
02-13 18:52:14.446 W/WindowManager(  256): updateFocusedWindowLocked newFocus=Window{4072e118 Keyguard paused=false} mode=0 mCurrentFocus = Window{4072e118 Keyguard paused=false}
02-13 18:52:14.476 W/WindowManager(  256): updateFocusedWindowLocked newFocus=Window{4072e118 Keyguard paused=false} mode=3 mCurrentFocus = Window{4072e118 Keyguard paused=false}
02-13 18:52:14.486 W/WindowManager(  256): updateFocusedWindowLocked newFocus=Window{4072e118 Keyguard paused=false} mode=3 mCurrentFocus = Window{4072e118 Keyguard paused=false}
02-13 18:52:14.516 W/WindowManager(  256): updateFocusedWindowLocked newFocus=Window{4072e118 Keyguard paused=false} mode=2 mCurrentFocus = Window{4072e118 Keyguard paused=false}
02-13 18:52:14.526 W/WindowManager(  256): updateFocusedWindowLocked newFocus=Window{4072e118 Keyguard paused=false} mode=3 mCurrentFocus = Window{4072e118 Keyguard paused=false}
02-13 18:52:14.526 I/ActivityManager(  256): moveTaskToBack: 9
02-13 18:52:14.526 W/WindowManager(  256): updateFocusedWindowLocked newFocus=Window{4072e118 Keyguard paused=false} mode=2 mCurrentFocus = Window{4072e118 Keyguard paused=false}
02-13 18:52:14.756 W/WindowManager(  256): updateFocusedWindowLocked newFocus=Window{4072e118 Keyguard paused=false} mode=2 mCurrentFocus = Window{4072e118 Keyguard paused=false}
02-13 18:52:15.367 D/StatusBarPolicy(  326): updateDataIcon subscription =0
02-13 18:52:15.637 D/StatusBarPolicy(  326): onSignalStrengthsChanged:SignalStrength: 99 0 -90 -110 -125 -25 8 99 2147483647 2147483647 2147483647 2147483647 cdma for subscription0
02-13 18:52:15.637 D/StatusBarPolicy(  326): updateSignalStrength on subscription :0
02-13 18:52:15.637 D/StatusBarPolicy(  326): StatusBarPolocy::getIconLevel -EVDO
02-13 18:52:15.637 D/StatusBarPolicy(  326): getEvdoLevel_band_six -evdoDbm:-125
02-13 18:52:15.637 D/StatusBarPolicy(  326): getEvdoLevel_band_six -evdoEcio:-25
02-13 18:52:15.677 I/TelephonyRegistry(  256): notifyServiceState: 0 home Sprint  310099  EvDo rev. A CSS not supported 41 4139RoamInd: 1RoamStatus(sprint): 1DefRoamInd: 160EmergOnly: false
02-13 18:52:15.677 D/StatusBarPolicy(  326): onServiceStateChanged:0 home Sprint  310099  EvDo rev. A CSS not supported 41 4139RoamInd: 1RoamStatus(sprint): 1DefRoamInd: 160EmergOnly: falsefor subscription :0
02-13 18:52:15.677 D/StatusBarPolicy(  326): updateSignalStrength on subscription :0
02-13 18:52:15.687 D/StatusBarPolicy(  326): StatusBarPolocy::getIconLevel -EVDO
02-13 18:52:15.687 D/StatusBarPolicy(  326): getEvdoLevel_band_six -evdoDbm:-125
02-13 18:52:15.687 D/StatusBarPolicy(  326): getEvdoLevel_band_six -evdoEcio:-25
02-13 18:52:15.697 D/StatusBarPolicy(  326): updateDataIcon subscription =0
02-13 18:52:15.707 I/TelephonyRegistry(  256): notifyServiceState: 0 home Sprint  310099  1xRTT CSS not supported 41 4139RoamInd: 1RoamStatus(sprint): 1DefRoamInd: 160EmergOnly: false
02-13 18:52:15.707 D/StatusBarPolicy(  326): onServiceStateChanged:0 home Sprint  310099  1xRTT CSS not supported 41 4139RoamInd: 1RoamStatus(sprint): 1DefRoamInd: 160EmergOnly: falsefor subscription :0
02-13 18:52:15.707 D/StatusBarPolicy(  326): updateSignalStrength on subscription :0
02-13 18:52:15.707 D/StatusBarPolicy(  326): StatusBarPolocy::getIconLevel -CDMA
02-13 18:52:15.707 D/StatusBarPolicy(  326): getCdmaLevel_band_six -cdmaDbm:-90
02-13 18:52:15.707 D/StatusBarPolicy(  326): getCdmaLevel_band_six -cdmaEcio:-110
02-13 18:52:15.707 D/StatusBarPolicy(  326): updateDataIcon subscription =0
02-13 18:52:15.767 I/TelephonyRegistry(  256): notifyDataConnection: anyState=2,default/INET,apnTypeState=2,iface=rmnet0,ip=173.155.101.96,gw=173.155.101.97,isDataConnectivityPossible=true,networkType=7,reason=radioTechnologyChanged
02-13 18:52:15.767 D/StatusBarPolicy(  326): StatusBarPolicy onDataConnectionStateChanged to 2for nw : 7on subscription : 0
02-13 18:52:15.767 D/StatusBarPolicy(  326): Data network type changed to:7
02-13 18:52:15.767 D/StatusBarPolicy(  326): updateDataIcon subscription =0
02-13 18:52:15.797 I/TelephonyRegistry(  256): notifyDataConnection: anyState=2,default/INET6,apnTypeState=0,iface=null,ip=null,gw=null,isDataConnectivityPossible=true,networkType=7,reason=radioTechnologyChanged
02-13 18:52:15.837 I/TelephonyRegistry(  256): notifyDataConnection: anyState=2,mms/INET,apnTypeState=2,iface=rmnet0,ip=173.155.101.96,gw=173.155.101.97,isDataConnectivityPossible=true,networkType=7,reason=radioTechnologyChanged
02-13 18:52:15.857 D/PowerManagerService(  256): setTimeoutLocked now=317840 timeoutOverride=-1 nextState=3 when=323840
02-13 18:52:15.857 W/WindowManager(  256): updateFocusedWindowLocked newFocus=null mode=3 mCurrentFocus = Window{4072e118 Keyguard paused=false}
02-13 18:52:15.867 W/WindowManager(  256): updateFocusedWindowLocked newFocus=Window{40985220 com.android.contacts/com.android.contacts.DialtactsActivity paused=false} mode=2 mCurrentFocus = null
02-13 18:52:15.927 I/TelephonyRegistry(  256): notifyDataConnection: anyState=2,mms/INET6,apnTypeState=0,iface=null,ip=null,gw=null,isDataConnectivityPossible=true,networkType=7,reason=radioTechnologyChanged
02-13 18:52:15.957 I/TelephonyRegistry(  256): notifyDataConnection: anyState=2,supl/INET,apnTypeState=2,iface=rmnet0,ip=173.155.101.96,gw=173.155.101.97,isDataConnectivityPossible=true,networkType=7,reason=radioTechnologyChanged
02-13 18:52:15.978 I/TelephonyRegistry(  256): notifyDataConnection: anyState=2,supl/INET6,apnTypeState=0,iface=null,ip=null,gw=null,isDataConnectivityPossible=true,networkType=7,reason=radioTechnologyChanged
02-13 18:52:16.008 I/TelephonyRegistry(  256): notifyDataConnection: anyState=2,dun/INET,apnTypeState=0,iface=null,ip=null,gw=null,isDataConnectivityPossible=true,networkType=7,reason=radioTechnologyChanged
02-13 18:52:16.048 I/TelephonyRegistry(  256): notifyDataConnection: anyState=2,dun/INET6,apnTypeState=0,iface=null,ip=null,gw=null,isDataConnectivityPossible=true,networkType=7,reason=radioTechnologyChanged
02-13 18:52:16.068 I/TelephonyRegistry(  256): notifyDataConnection: anyState=2,hipri/INET,apnTypeState=2,iface=rmnet0,ip=173.155.101.96,gw=173.155.101.97,isDataConnectivityPossible=true,networkType=7,reason=radioTechnologyChanged
02-13 18:52:16.088 I/TelephonyRegistry(  256): notifyDataConnection: anyState=2,hipri/INET6,apnTypeState=0,iface=null,ip=null,gw=null,isDataConnectivityPossible=true,networkType=7,reason=radioTechnologyChanged
02-13 18:52:16.378 D/StatusBarPolicy(  326): updateDataIcon subscription =0
02-13 18:52:16.448 D/PowerManagerService(  256): setTimeoutLocked now=318430 timeoutOverride=-1 nextState=3 when=324430
02-13 18:52:16.568 D/PowerManagerService(  256): setTimeoutLocked now=318555 timeoutOverride=-1 nextState=3 when=324555
02-13 18:52:16.928 D/StatusBarPolicy(  326): onSignalStrengthsChanged:SignalStrength: 99 0 -90 -110 -118 -315 6 99 2147483647 2147483647 2147483647 2147483647 cdma for subscription0
02-13 18:52:16.928 D/StatusBarPolicy(  326): updateSignalStrength on subscription :0
02-13 18:52:16.928 D/StatusBarPolicy(  326): StatusBarPolocy::getIconLevel -CDMA
02-13 18:52:16.928 D/StatusBarPolicy(  326): getCdmaLevel_band_six -cdmaDbm:-90
02-13 18:52:16.928 D/StatusBarPolicy(  326): getCdmaLevel_band_six -cdmaEcio:-110
02-13 18:52:16.948 I/TelephonyRegistry(  256): notifyServiceState: 0 home Sprint  310099  1xRTT CSS not supported 41 4139RoamInd: 1RoamStatus(sprint): 1DefRoamInd: 160EmergOnly: false
02-13 18:52:16.948 D/StatusBarPolicy(  326): onServiceStateChanged:0 home Sprint  310099  1xRTT CSS not supported 41 4139RoamInd: 1RoamStatus(sprint): 1DefRoamInd: 160EmergOnly: falsefor subscription :0
02-13 18:52:16.948 D/StatusBarPolicy(  326): updateSignalStrength on subscription :0
02-13 18:52:16.948 D/StatusBarPolicy(  326): StatusBarPolocy::getIconLevel -CDMA
02-13 18:52:16.948 D/StatusBarPolicy(  326): getCdmaLevel_band_six -cdmaDbm:-90
02-13 18:52:16.948 D/StatusBarPolicy(  326): getCdmaLevel_band_six -cdmaEcio:-110
02-13 18:52:16.948 D/StatusBarPolicy(  326): updateDataIcon subscription =0
02-13 18:52:17.419 D/PowerManagerService(  256): setTimeoutLocked now=319396 timeoutOverride=-1 nextState=3 when=325396
02-13 18:52:17.419 W/WindowManager(  256): updateFocusedWindowLocked newFocus=Window{40985220 com.android.contacts/com.android.contacts.DialtactsActivity paused=true} mode=0 mCurrentFocus = Window{40985220 com.android.contacts/com.android.contacts.DialtactsActivity paused=true}
02-13 18:52:17.429 W/WindowManager(  256): updateFocusedWindowLocked newFocus=null mode=3 mCurrentFocus = Window{40985220 com.android.contacts/com.android.contacts.DialtactsActivity paused=true}
02-13 18:52:17.439 W/WindowManager(  256): updateFocusedWindowLocked newFocus=Window{40823cd8 com.android.launcher/com.android.launcher2.Launcher paused=false} mode=3 mCurrentFocus = null
02-13 18:52:17.499 W/WindowManager(  256): updateFocusedWindowLocked newFocus=Window{40823cd8 com.android.launcher/com.android.launcher2.Launcher paused=false} mode=2 mCurrentFocus = Window{40823cd8 com.android.launcher/com.android.launcher2.Launcher paused=false}
02-13 18:52:17.499 W/WindowManager(  256): updateFocusedWindowLocked newFocus=Window{40823cd8 com.android.launcher/com.android.launcher2.Launcher paused=false} mode=2 mCurrentFocus = Window{40823cd8 com.android.launcher/com.android.launcher2.Launcher paused=false}
02-13 18:52:17.499 W/InputManagerService(  256): Starting input on non-focused client com.android.internal.view.IInputMethodClient$Stub$Proxy@409535c0 (uid=10007 pid=404)
02-13 18:52:17.509 W/WindowManager(  256): updateFocusedWindowLocked newFocus=Window{40823cd8 com.android.launcher/com.android.launcher2.Launcher paused=false} mode=3 mCurrentFocus = Window{40823cd8 com.android.launcher/com.android.launcher2.Launcher paused=false}
02-13 18:52:17.589 I/TelephonyRegistry(  256): notifyServiceState: 0 home Sprint  310099  1xRTT CSS not supported 41 4139RoamInd: 1RoamStatus(sprint): 1DefRoamInd: 160EmergOnly: false
02-13 18:52:17.589 D/StatusBarPolicy(  326): onServiceStateChanged:0 home Sprint  310099  1xRTT CSS not supported 41 4139RoamInd: 1RoamStatus(sprint): 1DefRoamInd: 160EmergOnly: falsefor subscription :0
02-13 18:52:17.589 D/StatusBarPolicy(  326): updateSignalStrength on subscription :0
02-13 18:52:17.589 D/StatusBarPolicy(  326): StatusBarPolocy::getIconLevel -CDMA
02-13 18:52:17.589 D/StatusBarPolicy(  326): getCdmaLevel_band_six -cdmaDbm:-90
02-13 18:52:17.589 D/StatusBarPolicy(  326): getCdmaLevel_band_six -cdmaEcio:-110
02-13 18:52:17.589 D/StatusBarPolicy(  326): updateDataIcon subscription =0
02-13 18:52:17.609 I/TelephonyRegistry(  256): notifyServiceState: 0 home Sprint  310099  EvDo rev. A CSS not supported 41 4139RoamInd: 1RoamStatus(sprint): 1DefRoamInd: 160EmergOnly: false
02-13 18:52:17.619 D/StatusBarPolicy(  326): onServiceStateChanged:0 home Sprint  310099  EvDo rev. A CSS not supported 41 4139RoamInd: 1RoamStatus(sprint): 1DefRoamInd: 160EmergOnly: falsefor subscription :0
02-13 18:52:17.619 D/StatusBarPolicy(  326): updateSignalStrength on subscription :0
02-13 18:52:17.619 D/StatusBarPolicy(  326): StatusBarPolocy::getIconLevel -EVDO
02-13 18:52:17.619 D/StatusBarPolicy(  326): getEvdoLevel_band_six -evdoDbm:-118
02-13 18:52:17.619 D/StatusBarPolicy(  326): getEvdoLevel_band_six -evdoEcio:-315
02-13 18:52:17.619 D/StatusBarPolicy(  326): updateDataIcon subscription =0
02-13 18:52:17.659 I/TelephonyRegistry(  256): notifyDataConnection: anyState=2,default/INET,apnTypeState=2,iface=rmnet0,ip=173.155.101.96,gw=173.155.101.97,isDataConnectivityPossible=true,networkType=6,reason=radioTechnologyChanged
02-13 18:52:17.659 D/StatusBarPolicy(  326): StatusBarPolicy onDataConnectionStateChanged to 2for nw : 6on subscription : 0
02-13 18:52:17.659 D/StatusBarPolicy(  326): Data network type changed to:6
02-13 18:52:17.659 D/StatusBarPolicy(  326): updateDataIcon subscription =0
02-13 18:52:17.709 I/TelephonyRegistry(  256): notifyDataConnection: anyState=2,default/INET6,apnTypeState=0,iface=null,ip=null,gw=null,isDataConnectivityPossible=true,networkType=6,reason=radioTechnologyChanged
02-13 18:52:17.719 I/TelephonyRegistry(  256): notifyDataConnection: anyState=2,mms/INET,apnTypeState=2,iface=rmnet0,ip=173.155.101.96,gw=173.155.101.97,isDataConnectivityPossible=true,networkType=6,reason=radioTechnologyChanged
02-13 18:52:17.729 I/TelephonyRegistry(  256): notifyDataConnection: anyState=2,mms/INET6,apnTypeState=0,iface=null,ip=null,gw=null,isDataConnectivityPossible=true,networkType=6,reason=radioTechnologyChanged
02-13 18:52:17.739 I/TelephonyRegistry(  256): notifyDataConnection: anyState=2,supl/INET,apnTypeState=2,iface=rmnet0,ip=173.155.101.96,gw=173.155.101.97,isDataConnectivityPossible=true,networkType=6,reason=radioTechnologyChanged
02-13 18:52:17.759 I/TelephonyRegistry(  256): notifyDataConnection: anyState=2,supl/INET6,apnTypeState=0,iface=null,ip=null,gw=null,isDataConnectivityPossible=true,networkType=6,reason=radioTechnologyChanged
02-13 18:52:17.769 I/TelephonyRegistry(  256): notifyDataConnection: anyState=2,dun/INET,apnTypeState=0,iface=null,ip=null,gw=null,isDataConnectivityPossible=true,networkType=6,reason=radioTechnologyChanged
02-13 18:52:17.779 I/TelephonyRegistry(  256): notifyDataConnection: anyState=2,dun/INET6,apnTypeState=0,iface=null,ip=null,gw=null,isDataConnectivityPossible=true,networkType=6,reason=radioTechnologyChanged
02-13 18:52:17.799 I/TelephonyRegistry(  256): notifyDataConnection: anyState=2,hipri/INET,apnTypeState=2,iface=rmnet0,ip=173.155.101.96,gw=173.155.101.97,isDataConnectivityPossible=true,networkType=6,reason=radioTechnologyChanged
02-13 18:52:17.809 I/TelephonyRegistry(  256): notifyDataConnection: anyState=2,hipri/INET6,apnTypeState=0,iface=null,ip=null,gw=null,isDataConnectivityPossible=true,networkType=6,reason=radioTechnologyChanged
02-13 18:52:17.869 W/WindowManager(  256): updateFocusedWindowLocked newFocus=Window{40823cd8 com.android.launcher/com.android.launcher2.Launcher paused=false} mode=3 mCurrentFocus = Window{40823cd8 com.android.launcher/com.android.launcher2.Launcher paused=false}
02-13 18:52:17.879 W/WindowManager(  256): updateFocusedWindowLocked newFocus=Window{40823cd8 com.android.launcher/com.android.launcher2.Launcher paused=false} mode=0 mCurrentFocus = Window{40823cd8 com.android.launcher/com.android.launcher2.Launcher paused=false}
02-13 18:52:18.280 D/StatusBarPolicy(  326): updateDataIcon subscription =0
02-13 18:52:18.400 D/StatusBarPolicy(  326): updateDataIcon subscription =0
02-13 18:52:18.590 D/PowerManagerService(  256): setTimeoutLocked now=320574 timeoutOverride=-1 nextState=3 when=326574
02-13 18:52:18.600 W/WindowManager(  256): updateFocusedWindowLocked newFocus=Window{407f05b8 TrackingView paused=false} mode=3 mCurrentFocus = Window{40823cd8 com.android.launcher/com.android.launcher2.Launcher paused=false}
02-13 18:52:18.610 W/WindowManager(  256): updateFocusedWindowLocked newFocus=Window{4075e108 StatusBarExpanded paused=false} mode=3 mCurrentFocus = Window{407f05b8 TrackingView paused=false}
02-13 18:52:18.700 D/PowerManagerService(  256): setTimeoutLocked now=320687 timeoutOverride=-1 nextState=3 when=326687
02-13 18:52:18.860 D/StatusBarPolicy(  326): onSignalStrengthsChanged:SignalStrength: 99 0 -91 -315 -120 -10 7 99 2147483647 2147483647 2147483647 2147483647 cdma for subscription0
02-13 18:52:18.860 D/StatusBarPolicy(  326): updateSignalStrength on subscription :0
02-13 18:52:18.860 D/StatusBarPolicy(  326): StatusBarPolocy::getIconLevel -EVDO
02-13 18:52:18.860 D/StatusBarPolicy(  326): getEvdoLevel_band_six -evdoDbm:-120
02-13 18:52:18.870 D/StatusBarPolicy(  326): getEvdoLevel_band_six -evdoEcio:-10
02-13 18:52:19.411 D/StatusBarPolicy(  326): updateDataIcon subscription =0
02-13 18:52:19.491 D/BatteryService(  256): updateBattery level:9 scale:100 status:3 health:2 present:true voltage: 3630 temperature: 210 technology: Li-ion AC powered:false USB powered:false icon:17302173
02-13 18:52:19.521 D/WifiService(  256): ACTION_BATTERY_CHANGED pluggedType: 0
02-13 18:52:19.521 D/WifiService(  256): WifiHandler, MESSAGE_UPDATE_STATE
02-13 18:52:19.521 D/WifiService(  256): isAirplaneModeOn(): false
02-13 18:52:19.521 D/WifiService(  256): updateWifiState(), wifiEnabled: true, airplaneMode: false, wifiShouldBeEnabled: true, wifiShouldBeStarted: true, strongestLockMode: 1
02-13 18:52:19.521 D/WifiService(  256): WifiHandler, MESSAGE_ENABLE_WIFI, msg.arg1: 0, msg.arg2: 1000
02-13 18:52:19.521 D/WifiService(  256): WifiHandler, MESSAGE_START_WIFI, msg.arg1: 1
02-13 18:52:19.571 D/ConnectivityService(  256): reportNetworkCondition(0, 100)
02-13 18:52:19.571 D/ConnectivityService(  256): Inet connectivity change, net=0, condition=100,mActiveDefaultNetwork=0
02-13 18:52:19.571 D/ConnectivityService(  256): starting a change hold
02-13 18:52:20.072 D/PowerManagerService(  256): setTimeoutLocked now=322048 timeoutOverride=-1 nextState=3 when=328048
02-13 18:52:20.072 D/ConnectivityService(  256): Inet hold end, net=0, condition =100, published condition =0
02-13 18:52:20.072 D/StatusBarPolicy(  326): Data network type changed to:6
02-13 18:52:20.072 D/StatusBarPolicy(  326): updateDataIcon subscription =0
02-13 18:52:20.082 D/StatusBarPolicy(  326): updateSignalStrength on subscription :0
02-13 18:52:20.082 D/StatusBarPolicy(  326): StatusBarPolocy::getIconLevel -EVDO
02-13 18:52:20.082 D/StatusBarPolicy(  326): getEvdoLevel_band_six -evdoDbm:-120
02-13 18:52:20.082 D/StatusBarPolicy(  326): getEvdoLevel_band_six -evdoEcio:-10
02-13 18:52:20.112 D/PowerManagerService(  256): setTimeoutLocked now=322098 timeoutOverride=-1 nextState=3 when=328098
02-13 18:52:20.122 I/ActivityManager(  256): Starting: Intent { dat=content://mms-sms/conversations/1 flg=0x34000000 cmp=com.android.mms/.ui.ComposeMessageActivity bnds=[0,94][320,158] } from pid -1
02-13 18:52:20.122 W/WindowManager(  256): updateFocusedWindowLocked newFocus=Window{4075e108 StatusBarExpanded paused=false} mode=3 mCurrentFocus = Window{4075e108 StatusBarExpanded paused=false}
02-13 18:52:20.142 W/WindowManager(  256): updateFocusedWindowLocked newFocus=Window{4075e108 StatusBarExpanded paused=false} mode=0 mCurrentFocus = Window{4075e108 StatusBarExpanded paused=false}
02-13 18:52:20.162 W/InputManagerService(  256): Starting input on non-focused client com.android.internal.view.IInputMethodClient$Stub$Proxy@4069fd60 (uid=10030 pid=774)
02-13 18:52:20.212 W/WindowManager(  256): updateFocusedWindowLocked newFocus=Window{4075e108 StatusBarExpanded paused=false} mode=3 mCurrentFocus = Window{4075e108 StatusBarExpanded paused=false}
02-13 18:52:20.292 W/WindowManager(  256): updateFocusedWindowLocked newFocus=Window{4075e108 StatusBarExpanded paused=false} mode=2 mCurrentFocus = Window{4075e108 StatusBarExpanded paused=false}
02-13 18:52:20.292 W/WindowManager(  256): updateFocusedWindowLocked newFocus=Window{4075e108 StatusBarExpanded paused=false} mode=2 mCurrentFocus = Window{4075e108 StatusBarExpanded paused=false}
02-13 18:52:20.292 W/WindowManager(  256): updateFocusedWindowLocked newFocus=Window{4075e108 StatusBarExpanded paused=false} mode=3 mCurrentFocus = Window{4075e108 StatusBarExpanded paused=false}
02-13 18:52:20.392 W/WindowManager(  256): updateFocusedWindowLocked newFocus=Window{4075e108 StatusBarExpanded paused=false} mode=3 mCurrentFocus = Window{4075e108 StatusBarExpanded paused=false}
02-13 18:52:20.402 W/WindowManager(  256): updateFocusedWindowLocked newFocus=Window{408ec828 com.android.mms/com.android.mms.ui.ComposeMessageActivity paused=false} mode=3 mCurrentFocus = Window{4075e108 StatusBarExpanded paused=false}
02-13 18:52:21.093 D/StatusBarPolicy(  326): onSignalStrengthsChanged:SignalStrength: 99 0 -92 -115 -112 -10 8 99 2147483647 2147483647 2147483647 2147483647 cdma for subscription0
02-13 18:52:21.093 D/StatusBarPolicy(  326): updateSignalStrength on subscription :0
02-13 18:52:21.093 D/StatusBarPolicy(  326): StatusBarPolocy::getIconLevel -EVDO
02-13 18:52:21.103 D/StatusBarPolicy(  326): getEvdoLevel_band_six -evdoDbm:-112
02-13 18:52:21.103 D/StatusBarPolicy(  326): getEvdoLevel_band_six -evdoEcio:-10
02-13 18:52:21.243 D/PowerManagerService(  256): setTimeoutLocked now=323222 timeoutOverride=-1 nextState=3 when=329222
02-13 18:52:21.373 D/PowerManagerService(  256): setTimeoutLocked now=323350 timeoutOverride=-1 nextState=3 when=329350
02-13 18:52:21.383 W/WindowManager(  256): updateFocusedWindowLocked newFocus=Window{408ec828 com.android.mms/com.android.mms.ui.ComposeMessageActivity paused=false} mode=3 mCurrentFocus = Window{408ec828 com.android.mms/com.android.mms.ui.ComposeMessageActivity paused=false}
02-13 18:52:21.423 W/WindowManager(  256): updateFocusedWindowLocked newFocus=Window{408ec828 com.android.mms/com.android.mms.ui.ComposeMessageActivity paused=false} mode=3 mCurrentFocus = Window{408ec828 com.android.mms/com.android.mms.ui.ComposeMessageActivity paused=false}
02-13 18:52:21.423 D/StatusBarPolicy(  326): updateDataIcon subscription =0
02-13 18:52:21.543 D/StatusBarPolicy(  326): onSignalStrengthsChanged:SignalStrength: 99 0 -93 -95 -100 -15 8 99 2147483647 2147483647 2147483647 2147483647 cdma for subscription0
02-13 18:52:21.543 D/StatusBarPolicy(  326): updateSignalStrength on subscription :0
02-13 18:52:21.543 D/StatusBarPolicy(  326): StatusBarPolocy::getIconLevel -EVDO
02-13 18:52:21.543 D/StatusBarPolicy(  326): getEvdoLevel_band_six -evdoDbm:-100
02-13 18:52:21.543 D/StatusBarPolicy(  326): getEvdoLevel_band_six -evdoEcio:-15
02-13 18:52:21.563 I/TelephonyRegistry(  256): notifyServiceState: 0 home Sprint  310099  EvDo rev. A CSS not supported 41 4139RoamInd: 1RoamStatus(sprint): 1DefRoamInd: 160EmergOnly: false
02-13 18:52:21.583 D/StatusBarPolicy(  326): onServiceStateChanged:0 home Sprint  310099  EvDo rev. A CSS not supported 41 4139RoamInd: 1RoamStatus(sprint): 1DefRoamInd: 160EmergOnly: falsefor subscription :0
02-13 18:52:21.583 D/StatusBarPolicy(  326): updateSignalStrength on subscription :0
02-13 18:52:21.583 D/StatusBarPolicy(  326): StatusBarPolocy::getIconLevel -EVDO
02-13 18:52:21.583 D/StatusBarPolicy(  326): getEvdoLevel_band_six -evdoDbm:-100
02-13 18:52:21.583 D/StatusBarPolicy(  326): getEvdoLevel_band_six -evdoEcio:-15
02-13 18:52:21.583 D/StatusBarPolicy(  326): updateDataIcon subscription =0
02-13 18:52:22.614 D/PowerManagerService(  256): setTimeoutLocked now=324590 timeoutOverride=-1 nextState=3 when=330590
02-13 18:52:22.624 W/WindowManager(  256): updateFocusedWindowLocked newFocus=Window{408ec828 com.android.mms/com.android.mms.ui.ComposeMessageActivity paused=false} mode=3 mCurrentFocus = Window{408ec828 com.android.mms/com.android.mms.ui.ComposeMessageActivity paused=false}
02-13 18:52:22.744 D/PowerManagerService(  256): setTimeoutLocked now=324726 timeoutOverride=-1 nextState=3 when=330726
02-13 18:52:22.764 W/WindowManager(  256): updateFocusedWindowLocked newFocus=Window{408ec828 com.android.mms/com.android.mms.ui.ComposeMessageActivity paused=false} mode=3 mCurrentFocus = Window{408ec828 com.android.mms/com.android.mms.ui.ComposeMessageActivity paused=false}
02-13 18:52:22.784 W/WindowManager(  256): updateFocusedWindowLocked newFocus=Window{408ec828 com.android.mms/com.android.mms.ui.ComposeMessageActivity paused=false} mode=3 mCurrentFocus = Window{408ec828 com.android.mms/com.android.mms.ui.ComposeMessageActivity paused=false}
02-13 18:52:22.884 W/WindowManager(  256): updateFocusedWindowLocked newFocus=Window{408ec828 com.android.mms/com.android.mms.ui.ComposeMessageActivity paused=false} mode=3 mCurrentFocus = Window{408ec828 com.android.mms/com.android.mms.ui.ComposeMessageActivity paused=false}
02-13 18:52:23.004 W/WindowManager(  256): updateFocusedWindowLocked newFocus=Window{408ec828 com.android.mms/com.android.mms.ui.ComposeMessageActivity paused=false} mode=3 mCurrentFocus = Window{408ec828 com.android.mms/com.android.mms.ui.ComposeMessageActivity paused=false}
02-13 18:52:23.175 D/PowerManagerService(  256): setTimeoutLocked now=325154 timeoutOverride=-1 nextState=3 when=331154
02-13 18:52:23.185 W/WindowManager(  256): updateFocusedWindowLocked newFocus=Window{408ec828 com.android.mms/com.android.mms.ui.ComposeMessageActivity paused=false} mode=3 mCurrentFocus = Window{408ec828 com.android.mms/com.android.mms.ui.ComposeMessageActivity paused=false}
02-13 18:52:23.295 I/TelephonyRegistry(  256): notifyServiceState: 0 home Sprint  310099  EvDo rev. A CSS not supported 41 4139RoamInd: 1RoamStatus(sprint): 1DefRoamInd: 160EmergOnly: false
02-13 18:52:23.295 D/StatusBarPolicy(  326): onServiceStateChanged:0 home Sprint  310099  EvDo rev. A CSS not supported 41 4139RoamInd: 1RoamStatus(sprint): 1DefRoamInd: 160EmergOnly: falsefor subscription :0
02-13 18:52:23.295 D/StatusBarPolicy(  326): updateSignalStrength on subscription :0
02-13 18:52:23.305 D/PowerManagerService(  256): setTimeoutLocked now=325281 timeoutOverride=-1 nextState=3 when=331281
02-13 18:52:23.305 D/StatusBarPolicy(  326): StatusBarPolocy::getIconLevel -EVDO
02-13 18:52:23.305 D/StatusBarPolicy(  326): getEvdoLevel_band_six -evdoDbm:-100
02-13 18:52:23.305 D/StatusBarPolicy(  326): getEvdoLevel_band_six -evdoEcio:-15
02-13 18:52:23.305 D/StatusBarPolicy(  326): updateDataIcon subscription =0
02-13 18:52:23.335 D/StatusBarPolicy(  326): onSignalStrengthsChanged:SignalStrength: 99 0 -97 -80 -97 -30 8 99 2147483647 2147483647 2147483647 2147483647 cdma for subscription0
02-13 18:52:23.335 D/StatusBarPolicy(  326): updateSignalStrength on subscription :0
02-13 18:52:23.335 D/StatusBarPolicy(  326): StatusBarPolocy::getIconLevel -EVDO
02-13 18:52:23.335 D/StatusBarPolicy(  326): getEvdoLevel_band_six -evdoDbm:-97
02-13 18:52:23.335 D/StatusBarPolicy(  326): getEvdoLevel_band_six -evdoEcio:-30
02-13 18:52:23.355 W/WindowManager(  256): updateFocusedWindowLocked newFocus=Window{408ec828 com.android.mms/com.android.mms.ui.ComposeMessageActivity paused=false} mode=3 mCurrentFocus = Window{408ec828 com.android.mms/com.android.mms.ui.ComposeMessageActivity paused=false}
02-13 18:52:23.815 D/PowerManagerService(  256): setTimeoutLocked now=325793 timeoutOverride=-1 nextState=3 when=331793
02-13 18:52:23.825 W/WindowManager(  256): updateFocusedWindowLocked newFocus=Window{408ec828 com.android.mms/com.android.mms.ui.ComposeMessageActivity paused=false} mode=3 mCurrentFocus = Window{408ec828 com.android.mms/com.android.mms.ui.ComposeMessageActivity paused=false}
02-13 18:52:23.935 D/PowerManagerService(  256): setTimeoutLocked now=325918 timeoutOverride=-1 nextState=3 when=331918
02-13 18:52:23.975 W/WindowManager(  256): updateFocusedWindowLocked newFocus=Window{408ec828 com.android.mms/com.android.mms.ui.ComposeMessageActivity paused=false} mode=3 mCurrentFocus = Window{408ec828 com.android.mms/com.android.mms.ui.ComposeMessageActivity paused=false}
02-13 18:52:24.035 W/WindowManager(  256): updateFocusedWindowLocked newFocus=Window{408ec828 com.android.mms/com.android.mms.ui.ComposeMessageActivity paused=false} mode=3 mCurrentFocus = Window{408ec828 com.android.mms/com.android.mms.ui.ComposeMessageActivity paused=false}
02-13 18:52:24.145 W/WindowManager(  256): updateFocusedWindowLocked newFocus=Window{408ec828 com.android.mms/com.android.mms.ui.ComposeMessageActivity paused=false} mode=3 mCurrentFocus = Window{408ec828 com.android.mms/com.android.mms.ui.ComposeMessageActivity paused=false}
02-13 18:52:24.226 W/WindowManager(  256): updateFocusedWindowLocked newFocus=Window{408ec828 com.android.mms/com.android.mms.ui.ComposeMessageActivity paused=false} mode=3 mCurrentFocus = Window{408ec828 com.android.mms/com.android.mms.ui.ComposeMessageActivity paused=false}
02-13 18:52:24.366 W/WindowManager(  256): updateFocusedWindowLocked newFocus=Window{408ec828 com.android.mms/com.android.mms.ui.ComposeMessageActivity paused=false} mode=3 mCurrentFocus = Window{408ec828 com.android.mms/com.android.mms.ui.ComposeMessageActivity paused=false}
02-13 18:52:24.566 D/PowerManagerService(  256): setTimeoutLocked now=326547 timeoutOverride=-1 nextState=3 when=332547
02-13 18:52:24.576 W/WindowManager(  256): updateFocusedWindowLocked newFocus=Window{408ec828 com.android.mms/com.android.mms.ui.ComposeMessageActivity paused=false} mode=3 mCurrentFocus = Window{408ec828 com.android.mms/com.android.mms.ui.ComposeMessageActivity paused=false}
02-13 18:52:24.716 D/PowerManagerService(  256): setTimeoutLocked now=326696 timeoutOverride=-1 nextState=3 when=332696
02-13 18:52:24.736 W/WindowManager(  256): updateFocusedWindowLocked newFocus=Window{408ec828 com.android.mms/com.android.mms.ui.ComposeMessageActivity paused=false} mode=3 mCurrentFocus = Window{408ec828 com.android.mms/com.android.mms.ui.ComposeMessageActivity paused=false}
02-13 18:52:25.026 W/WindowManager(  256): updateFocusedWindowLocked newFocus=Window{408ec828 com.android.mms/com.android.mms.ui.ComposeMessageActivity paused=false} mode=3 mCurrentFocus = Window{408ec828 com.android.mms/com.android.mms.ui.ComposeMessageActivity paused=false}
02-13 18:52:25.076 D/PowerManagerService(  256): setTimeoutLocked now=327061 timeoutOverride=-1 nextState=3 when=333061
02-13 18:52:25.106 W/WindowManager(  256): updateFocusedWindowLocked newFocus=Window{408ec828 com.android.mms/com.android.mms.ui.ComposeMessageActivity paused=false} mode=3 mCurrentFocus = Window{408ec828 com.android.mms/com.android.mms.ui.ComposeMessageActivity paused=false}
02-13 18:52:25.557 D/StatusBarPolicy(  326): onSignalStrengthsChanged:SignalStrength: 99 0 -98 -95 -96 -15 8 99 2147483647 2147483647 2147483647 2147483647 cdma for subscription0
02-13 18:52:25.557 D/StatusBarPolicy(  326): updateSignalStrength on subscription :0
02-13 18:52:25.557 D/StatusBarPolicy(  326): StatusBarPolocy::getIconLevel -EVDO
02-13 18:52:25.557 D/StatusBarPolicy(  326): getEvdoLevel_band_six -evdoDbm:-96
02-13 18:52:25.557 D/StatusBarPolicy(  326): getEvdoLevel_band_six -evdoEcio:-15
02-13 18:52:25.557 I/TelephonyRegistry(  256): notifyServiceState: 0 home Sprint  310099  EvDo rev. A CSS not supported 41 4139RoamInd: 1RoamStatus(sprint): 1DefRoamInd: 160EmergOnly: false
02-13 18:52:25.567 D/StatusBarPolicy(  326): onServiceStateChanged:0 home Sprint  310099  EvDo rev. A CSS not supported 41 4139RoamInd: 1RoamStatus(sprint): 1DefRoamInd: 160EmergOnly: falsefor subscription :0
02-13 18:52:25.567 D/StatusBarPolicy(  326): updateSignalStrength on subscription :0
02-13 18:52:25.567 D/StatusBarPolicy(  326): StatusBarPolocy::getIconLevel -EVDO
02-13 18:52:25.567 D/StatusBarPolicy(  326): getEvdoLevel_band_six -evdoDbm:-96
02-13 18:52:25.567 D/StatusBarPolicy(  326): getEvdoLevel_band_six -evdoEcio:-15
02-13 18:52:25.577 D/StatusBarPolicy(  326): updateDataIcon subscription =0
02-13 18:52:25.897 D/PowerManagerService(  256): setTimeoutLocked now=327878 timeoutOverride=-1 nextState=3 when=333878
02-13 18:52:25.917 W/WindowManager(  256): updateFocusedWindowLocked newFocus=Window{408ec828 com.android.mms/com.android.mms.ui.ComposeMessageActivity paused=false} mode=3 mCurrentFocus = Window{408ec828 com.android.mms/com.android.mms.ui.ComposeMessageActivity paused=false}
02-13 18:52:25.967 D/PowerManagerService(  256): setTimeoutLocked now=327953 timeoutOverride=-1 nextState=3 when=333953
02-13 18:52:25.977 W/WindowManager(  256): updateFocusedWindowLocked newFocus=Window{408ec828 com.android.mms/com.android.mms.ui.ComposeMessageActivity paused=false} mode=3 mCurrentFocus = Window{408ec828 com.android.mms/com.android.mms.ui.ComposeMessageActivity paused=false}
02-13 18:52:26.177 W/WindowManager(  256): updateFocusedWindowLocked newFocus=Window{408ec828 com.android.mms/com.android.mms.ui.ComposeMessageActivity paused=false} mode=3 mCurrentFocus = Window{408ec828 com.android.mms/com.android.mms.ui.ComposeMessageActivity paused=false}
02-13 18:52:26.298 W/WindowManager(  256): updateFocusedWindowLocked newFocus=Window{408ec828 com.android.mms/com.android.mms.ui.ComposeMessageActivity paused=false} mode=3 mCurrentFocus = Window{408ec828 com.android.mms/com.android.mms.ui.ComposeMessageActivity paused=false}
02-13 18:52:26.668 D/PowerManagerService(  256): setTimeoutLocked now=328657 timeoutOverride=-1 nextState=3 when=334657
02-13 18:52:26.678 W/WindowManager(  256): updateFocusedWindowLocked newFocus=Window{408ec828 com.android.mms/com.android.mms.ui.ComposeMessageActivity paused=false} mode=3 mCurrentFocus = Window{408ec828 com.android.mms/com.android.mms.ui.ComposeMessageActivity paused=false}
02-13 18:52:26.748 D/PowerManagerService(  256): setTimeoutLocked now=328733 timeoutOverride=-1 nextState=3 when=334733
02-13 18:52:26.758 W/WindowManager(  256): updateFocusedWindowLocked newFocus=Window{408ec828 com.android.mms/com.android.mms.ui.ComposeMessageActivity paused=false} mode=3 mCurrentFocus = Window{408ec828 com.android.mms/com.android.mms.ui.ComposeMessageActivity paused=false}
02-13 18:52:27.198 D/PowerManagerService(  256): setTimeoutLocked now=329184 timeoutOverride=-1 nextState=3 when=335184
02-13 18:52:27.218 W/WindowManager(  256): updateFocusedWindowLocked newFocus=Window{408ec828 com.android.mms/com.android.mms.ui.ComposeMessageActivity paused=false} mode=3 mCurrentFocus = Window{408ec828 com.android.mms/com.android.mms.ui.ComposeMessageActivity paused=false}
02-13 18:52:27.319 D/PowerManagerService(  256): setTimeoutLocked now=329307 timeoutOverride=-1 nextState=3 when=335307
02-13 18:52:27.339 W/WindowManager(  256): updateFocusedWindowLocked newFocus=Window{408ec828 com.android.mms/com.android.mms.ui.ComposeMessageActivity paused=false} mode=3 mCurrentFocus = Window{408ec828 com.android.mms/com.android.mms.ui.ComposeMessageActivity paused=false}
02-13 18:52:27.759 D/PowerManagerService(  256): setTimeoutLocked now=329735 timeoutOverride=-1 nextState=3 when=335735
02-13 18:52:27.759 W/WindowManager(  256): updateFocusedWindowLocked newFocus=Window{408ec828 com.android.mms/com.android.mms.ui.ComposeMessageActivity paused=false} mode=3 mCurrentFocus = Window{408ec828 com.android.mms/com.android.mms.ui.ComposeMessageActivity paused=false}
02-13 18:52:27.779 D/StatusBarPolicy(  326): onSignalStrengthsChanged:SignalStrength: 99 0 -97 -105 -96 -15 8 99 2147483647 2147483647 2147483647 2147483647 cdma for subscription0
02-13 18:52:27.779 D/StatusBarPolicy(  326): updateSignalStrength on subscription :0
02-13 18:52:27.779 D/StatusBarPolicy(  326): StatusBarPolocy::getIconLevel -EVDO
02-13 18:52:27.779 D/StatusBarPolicy(  326): getEvdoLevel_band_six -evdoDbm:-96
02-13 18:52:27.779 D/StatusBarPolicy(  326): getEvdoLevel_band_six -evdoEcio:-15
02-13 18:52:27.859 D/PowerManagerService(  256): setTimeoutLocked now=329847 timeoutOverride=-1 nextState=3 when=335847
02-13 18:52:27.899 W/WindowManager(  256): updateFocusedWindowLocked newFocus=Window{408ec828 com.android.mms/com.android.mms.ui.ComposeMessageActivity paused=false} mode=3 mCurrentFocus = Window{408ec828 com.android.mms/com.android.mms.ui.ComposeMessageActivity paused=false}
02-13 18:52:28.470 D/PowerManagerService(  256): setTimeoutLocked now=330456 timeoutOverride=-1 nextState=3 when=336456
02-13 18:52:28.480 W/WindowManager(  256): updateFocusedWindowLocked newFocus=Window{408ec828 com.android.mms/com.android.mms.ui.ComposeMessageActivity paused=false} mode=3 mCurrentFocus = Window{408ec828 com.android.mms/com.android.mms.ui.ComposeMessageActivity paused=false}
02-13 18:52:28.560 D/PowerManagerService(  256): setTimeoutLocked now=330542 timeoutOverride=-1 nextState=3 when=336542
02-13 18:52:28.590 W/WindowManager(  256): updateFocusedWindowLocked newFocus=Window{408ec828 com.android.mms/com.android.mms.ui.ComposeMessageActivity paused=false} mode=3 mCurrentFocus = Window{408ec828 com.android.mms/com.android.mms.ui.ComposeMessageActivity paused=false}
02-13 18:52:29.180 D/StatusBarPolicy(  326): onSignalStrengthsChanged:SignalStrength: 99 0 -120 -85 -120 -15 8 99 2147483647 2147483647 2147483647 2147483647 cdma for subscription0
02-13 18:52:29.180 D/StatusBarPolicy(  326): updateSignalStrength on subscription :0
02-13 18:52:29.180 D/StatusBarPolicy(  326): StatusBarPolocy::getIconLevel -EVDO
02-13 18:52:29.180 D/StatusBarPolicy(  326): getEvdoLevel_band_six -evdoDbm:-120
02-13 18:52:29.180 D/StatusBarPolicy(  326): getEvdoLevel_band_six -evdoEcio:-15
02-13 18:52:29.190 D/StatusBarPolicy(  326): onSignalStrengthsChanged:SignalStrength: 99 0 -97 -85 -84 -15 8 99 2147483647 2147483647 2147483647 2147483647 cdma for subscription0
02-13 18:52:29.190 D/StatusBarPolicy(  326): updateSignalStrength on subscription :0
02-13 18:52:29.190 D/StatusBarPolicy(  326): StatusBarPolocy::getIconLevel -EVDO
02-13 18:52:29.190 D/StatusBarPolicy(  326): getEvdoLevel_band_six -evdoDbm:-84
02-13 18:52:29.190 D/StatusBarPolicy(  326): getEvdoLevel_band_six -evdoEcio:-15
02-13 18:52:29.200 I/TelephonyRegistry(  256): notifyServiceState: 0 home Sprint  310099  EvDo rev. A CSS not supported 41 4139RoamInd: 1RoamStatus(sprint): 1DefRoamInd: 160EmergOnly: false
02-13 18:52:29.220 D/StatusBarPolicy(  326): onServiceStateChanged:0 home Sprint  310099  EvDo rev. A CSS not supported 41 4139RoamInd: 1RoamStatus(sprint): 1DefRoamInd: 160EmergOnly: falsefor subscription :0
02-13 18:52:29.220 D/StatusBarPolicy(  326): updateSignalStrength on subscription :0
02-13 18:52:29.220 D/StatusBarPolicy(  326): StatusBarPolocy::getIconLevel -EVDO
02-13 18:52:29.220 D/StatusBarPolicy(  326): getEvdoLevel_band_six -evdoDbm:-84
02-13 18:52:29.230 D/StatusBarPolicy(  326): getEvdoLevel_band_six -evdoEcio:-15
02-13 18:52:29.230 D/StatusBarPolicy(  326): updateDataIcon subscription =0
02-13 18:52:29.521 D/PowerManagerService(  256): setTimeoutLocked now=331506 timeoutOverride=-1 nextState=3 when=337506
02-13 18:52:29.531 W/WindowManager(  256): updateFocusedWindowLocked newFocus=Window{408ec828 com.android.mms/com.android.mms.ui.ComposeMessageActivity paused=false} mode=3 mCurrentFocus = Window{408ec828 com.android.mms/com.android.mms.ui.ComposeMessageActivity paused=false}
02-13 18:52:29.631 D/PowerManagerService(  256): setTimeoutLocked now=331617 timeoutOverride=-1 nextState=3 when=337617
02-13 18:52:29.651 W/WindowManager(  256): updateFocusedWindowLocked newFocus=Window{408ec828 com.android.mms/com.android.mms.ui.ComposeMessageActivity paused=false} mode=3 mCurrentFocus = Window{408ec828 com.android.mms/com.android.mms.ui.ComposeMessageActivity paused=false}
02-13 18:52:29.961 W/WindowManager(  256): updateFocusedWindowLocked newFocus=Window{408ec828 com.android.mms/com.android.mms.ui.ComposeMessageActivity paused=false} mode=3 mCurrentFocus = Window{408ec828 com.android.mms/com.android.mms.ui.ComposeMessageActivity paused=false}
02-13 18:52:30.021 D/StatusBarPolicy(  326): onSignalStrengthsChanged:SignalStrength: 99 0 -97 -85 -85 -15 8 99 2147483647 2147483647 2147483647 2147483647 cdma for subscription0
02-13 18:52:30.021 D/StatusBarPolicy(  326): updateSignalStrength on subscription :0
02-13 18:52:30.031 D/PowerManagerService(  256): setTimeoutLocked now=332010 timeoutOverride=-1 nextState=3 when=338010
02-13 18:52:30.031 D/StatusBarPolicy(  326): StatusBarPolocy::getIconLevel -EVDO
02-13 18:52:30.031 D/StatusBarPolicy(  326): getEvdoLevel_band_six -evdoDbm:-85
02-13 18:52:30.031 D/StatusBarPolicy(  326): getEvdoLevel_band_six -evdoEcio:-15
02-13 18:52:30.081 W/WindowManager(  256): updateFocusedWindowLocked newFocus=Window{408ec828 com.android.mms/com.android.mms.ui.ComposeMessageActivity paused=false} mode=3 mCurrentFocus = Window{408ec828 com.android.mms/com.android.mms.ui.ComposeMessageActivity paused=false}
02-13 18:52:30.352 W/WindowManager(  256): updateFocusedWindowLocked newFocus=Window{408ec828 com.android.mms/com.android.mms.ui.ComposeMessageActivity paused=false} mode=3 mCurrentFocus = Window{408ec828 com.android.mms/com.android.mms.ui.ComposeMessageActivity paused=false}
02-13 18:52:30.462 D/PowerManagerService(  256): setTimeoutLocked now=332444 timeoutOverride=-1 nextState=3 when=338444
02-13 18:52:30.482 W/WindowManager(  256): updateFocusedWindowLocked newFocus=Window{408ec828 com.android.mms/com.android.mms.ui.ComposeMessageActivity paused=false} mode=3 mCurrentFocus = Window{408ec828 com.android.mms/com.android.mms.ui.ComposeMessageActivity paused=false}
02-13 18:52:30.522 W/WindowManager(  256): updateFocusedWindowLocked newFocus=Window{408ec828 com.android.mms/com.android.mms.ui.ComposeMessageActivity paused=false} mode=3 mCurrentFocus = Window{408ec828 com.android.mms/com.android.mms.ui.ComposeMessageActivity paused=false}
02-13 18:52:30.542 D/PowerManagerService(  256): setTimeoutLocked now=332521 timeoutOverride=-1 nextState=3 when=338521
02-13 18:52:30.622 W/WindowManager(  256): updateFocusedWindowLocked newFocus=Window{408ec828 com.android.mms/com.android.mms.ui.ComposeMessageActivity paused=false} mode=3 mCurrentFocus = Window{408ec828 com.android.mms/com.android.mms.ui.ComposeMessageActivity paused=false}
02-13 18:52:30.852 W/WindowManager(  256): updateFocusedWindowLocked newFocus=Window{408ec828 com.android.mms/com.android.mms.ui.ComposeMessageActivity paused=false} mode=3 mCurrentFocus = Window{408ec828 com.android.mms/com.android.mms.ui.ComposeMessageActivity paused=false}
02-13 18:52:30.932 W/WindowManager(  256): updateFocusedWindowLocked newFocus=Window{408ec828 com.android.mms/com.android.mms.ui.ComposeMessageActivity paused=false} mode=3 mCurrentFocus = Window{408ec828 com.android.mms/com.android.mms.ui.ComposeMessageActivity paused=false}
02-13 18:52:30.942 D/StatusBarPolicy(  326): updateDataIcon subscription =0
02-13 18:52:31.523 D/PowerManagerService(  256): setTimeoutLocked now=333507 timeoutOverride=-1 nextState=3 when=339507
02-13 18:52:31.533 W/WindowManager(  256): updateFocusedWindowLocked newFocus=Window{408ec828 com.android.mms/com.android.mms.ui.ComposeMessageActivity paused=false} mode=3 mCurrentFocus = Window{408ec828 com.android.mms/com.android.mms.ui.ComposeMessageActivity paused=false}
02-13 18:52:31.623 D/PowerManagerService(  256): setTimeoutLocked now=333603 timeoutOverride=-1 nextState=3 when=339603
02-13 18:52:31.633 W/WindowManager(  256): updateFocusedWindowLocked newFocus=Window{408ec828 com.android.mms/com.android.mms.ui.ComposeMessageActivity paused=false} mode=3 mCurrentFocus = Window{408ec828 com.android.mms/com.android.mms.ui.ComposeMessageActivity paused=false}
02-13 18:52:31.843 W/WindowManager(  256): updateFocusedWindowLocked newFocus=Window{408ec828 com.android.mms/com.android.mms.ui.ComposeMessageActivity paused=false} mode=3 mCurrentFocus = Window{408ec828 com.android.mms/com.android.mms.ui.ComposeMessageActivity paused=false}
02-13 18:52:32.003 W/WindowManager(  256): updateFocusedWindowLocked newFocus=Window{408ec828 com.android.mms/com.android.mms.ui.ComposeMessageActivity paused=false} mode=3 mCurrentFocus = Window{408ec828 com.android.mms/com.android.mms.ui.ComposeMessageActivity paused=false}
02-13 18:52:32.303 D/StatusBarPolicy(  326): onSignalStrengthsChanged:SignalStrength: 99 0 -120 -105 -120 -15 8 99 2147483647 2147483647 2147483647 2147483647 cdma for subscription0
02-13 18:52:32.303 D/StatusBarPolicy(  326): updateSignalStrength on subscription :0
02-13 18:52:32.303 D/StatusBarPolicy(  326): StatusBarPolocy::getIconLevel -EVDO
02-13 18:52:32.303 D/StatusBarPolicy(  326): getEvdoLevel_band_six -evdoDbm:-120
02-13 18:52:32.313 D/StatusBarPolicy(  326): getEvdoLevel_band_six -evdoEcio:-15
02-13 18:52:32.323 D/StatusBarPolicy(  326): onSignalStrengthsChanged:SignalStrength: 99 0 -97 -105 -86 -15 8 99 2147483647 2147483647 2147483647 2147483647 cdma for subscription0
02-13 18:52:32.323 D/StatusBarPolicy(  326): updateSignalStrength on subscription :0
02-13 18:52:32.323 D/StatusBarPolicy(  326): StatusBarPolocy::getIconLevel -EVDO
02-13 18:52:32.323 D/StatusBarPolicy(  326): getEvdoLevel_band_six -evdoDbm:-86
02-13 18:52:32.323 D/StatusBarPolicy(  326): getEvdoLevel_band_six -evdoEcio:-15
02-13 18:52:32.394 D/PowerManagerService(  256): setTimeoutLocked now=334368 timeoutOverride=-1 nextState=3 when=340368
02-13 18:52:32.404 W/WindowManager(  256): updateFocusedWindowLocked newFocus=Window{408ec828 com.android.mms/com.android.mms.ui.ComposeMessageActivity paused=false} mode=3 mCurrentFocus = Window{408ec828 com.android.mms/com.android.mms.ui.ComposeMessageActivity paused=false}
02-13 18:52:32.514 D/PowerManagerService(  256): setTimeoutLocked now=334494 timeoutOverride=-1 nextState=3 when=340494
02-13 18:52:32.534 W/WindowManager(  256): updateFocusedWindowLocked newFocus=Window{408ec828 com.android.mms/com.android.mms.ui.ComposeMessageActivity paused=false} mode=3 mCurrentFocus = Window{408ec828 com.android.mms/com.android.mms.ui.ComposeMessageActivity paused=false}
02-13 18:52:32.844 W/WindowManager(  256): updateFocusedWindowLocked newFocus=Window{408ec828 com.android.mms/com.android.mms.ui.ComposeMessageActivity paused=false} mode=3 mCurrentFocus = Window{408ec828 com.android.mms/com.android.mms.ui.ComposeMessageActivity paused=false}
02-13 18:52:32.924 D/PowerManagerService(  256): setTimeoutLocked now=334907 timeoutOverride=-1 nextState=3 when=340907
