02-13 18:47:28.377 D/RPC     (  256): 3000008c:00050000 received REPLY (XID 3), grabbing mutex to wake up client.
02-13 18:47:28.387 D/RPC     (  256): 3000008c:00050000 call success.
02-13 18:47:28.387 D/RPC     (  256): 3000008c:00050000 received CALL.
02-13 18:47:28.387 D/RPC     (  256): 3000008c:00050000 dispatching RPC call (XID 9, xdr 0x37fb20) for callback client 3100008c:00050001.
02-13 18:47:28.387 D/RPC     (  256): 3100008c:327681 sending RPC reply (XID 9)
02-13 18:47:28.387 D/RPC     (  256): 3000008c:00050000 sending call (XID 4).
02-13 18:47:28.397 D/RPC     (  256): 3000008c:00050000 received REPLY (XID 4), grabbing mutex to wake up client.
02-13 18:47:28.397 D/RPC     (  256): 3000008c:00050000 call success.
02-13 18:47:28.457 D/RPC     (  256): 3000008c:00050000 received CALL.
02-13 18:47:28.457 D/RPC     (  256): 3000008c:00050000 dispatching RPC call (XID 10, xdr 0x37fb20) for callback client 3100008c:00050001.
02-13 18:47:28.457 D/RPC     (  256): 3100008c:327681 sending RPC reply (XID 10)
02-13 18:47:28.517 W/PackageManager(  256): Unknown permission com.android.vending.permission.UPDATE_MARKET_FAILURE in package com.android.vending.updater
02-13 18:47:28.557 W/PackageManager(  256): Unknown permission android.permission.ADD_SYSTEM_SERVICE in package com.android.phone
02-13 18:47:28.707 W/PackageManager(  256): Unknown permission com.google.android.apps.googlevoice.permission.AUTO_SEND in package com.google.android.voicesearch
02-13 18:47:28.827 W/PackageManager(  256): Not granting permission android.permission.SEND_DOWNLOAD_COMPLETED_INTENTS to package com.android.browser (protectionLevel=2 flags=0x9be45)
02-13 18:47:28.837 W/PackageManager(  256): Unknown permission com.android.email.provider.AttachmentProvider in package com.android.music
02-13 18:47:28.867 W/PackageManager(  256): Not granting permission android.permission.SEND_DOWNLOAD_COMPLETED_INTENTS to package com.android.music (protectionLevel=2 flags=0x8be65)
02-13 18:47:28.988 W/PackageManager(  256): Unknown permission android.permission.READ_OWNER_DATA in package com.android.setupwizard
02-13 18:47:29.018 W/PackageManager(  256): Unknown permission android.permission.WRITE_OWNER_DATA in package com.android.setupwizard
02-13 18:47:29.058 W/PackageManager(  256): Not granting permission android.permission.ACCESS_DRM to package com.android.mms (protectionLevel=2 flags=0x8be65)
02-13 18:47:29.058 W/PackageManager(  256): Unknown permission android.permission.RECEIVE_EMERGENCY_BROADCAST in package com.android.mms
02-13 18:47:29.338 W/PackageManager(  256): Not granting permission android.permission.SET_PREFERRED_APPLICATIONS to package com.sprint.w.installer (protectionLevel=2 flags=0x8be45)
02-13 18:47:29.358 W/PackageManager(  256): Unknown permission android.intent.action.REBOOT in package com.redbend.vdmc
02-13 18:47:29.358 W/PackageManager(  256): Not granting permission com.google.android.gm.permission.READ_GMAIL to package com.google.android.apps.uploader (protectionLevel=2 flags=0xbe45)
02-13 18:47:29.358 W/PackageManager(  256): Unknown permission android.permission.READ_PROFILE in package com.google.android.apps.plus
02-13 18:47:29.368 W/PackageManager(  256): Unknown permission android.permission.WRITE_PROFILE in package com.google.android.apps.plus
02-13 18:47:29.368 W/PackageManager(  256): Unknown permission android.permission.READ_SOCIAL_STREAM in package com.google.android.apps.plus
02-13 18:47:29.368 W/PackageManager(  256): Unknown permission android.permission.WRITE_SOCIAL_STREAM in package com.google.android.apps.plus
02-13 18:47:29.368 W/PackageManager(  256): Unknown permission android.permission.READ_EXTERNAL_STORAGE in package com.android.vending
02-13 18:47:29.368 W/PackageManager(  256): Not granting permission android.permission.SEND_DOWNLOAD_COMPLETED_INTENTS to package com.android.vending (protectionLevel=2 flags=0xabec5)
02-13 18:47:29.368 W/PackageManager(  256): Not granting permission android.permission.ACCOUNT_MANAGER to package com.google.android.music (protectionLevel=2 flags=0x8bee5)
02-13 18:47:29.378 W/PackageManager(  256): Unknown permission android.permission.READ_OWNER_DATA in package com.android.email
02-13 18:47:29.378 W/PackageManager(  256): Unknown permission android.intent.action.REBOOT in package com.android.email
02-13 18:47:29.378 W/PackageManager(  256): Not granting permission android.permission.BROADCAST_WAP_PUSH to package com.android.email (protectionLevel=2 flags=0x8be45)
02-13 18:47:29.378 W/PackageManager(  256): Unknown permission com.android.providers.im.permission.READ_ONLY in package com.google.android.apps.maps
02-13 18:47:29.378 W/PackageManager(  256): Unknown permission com.google.android.providers.gmail.permission.READ_GMAIL in package com.dataviz.docstogo
02-13 18:47:29.578 D/BatteryService(  256): updateBattery level:18 scale:100 status:2 health:2 present:true voltage: 3702 temperature: 220 technology: Li-ion AC powered:true USB powered:false icon:17302195
02-13 18:47:29.578 D/PowerManagerService(  256): setTimeoutLocked now=31564 timeoutOverride=-1 nextState=3 when=37564
02-13 18:47:29.578 D/WifiService(  256): ACTION_BATTERY_CHANGED pluggedType: 1
02-13 18:47:29.578 D/WifiService(  256): WifiHandler, MESSAGE_UPDATE_STATE
02-13 18:47:29.578 D/WifiService(  256): isAirplaneModeOn(): false
02-13 18:47:29.578 D/WifiService(  256): updateWifiState(), wifiEnabled: true, airplaneMode: false, wifiShouldBeEnabled: true, wifiShouldBeStarted: true, strongestLockMode: 1
02-13 18:47:29.578 D/WifiService(  256): WifiHandler, MESSAGE_ENABLE_WIFI, msg.arg1: 0, msg.arg2: 1000
02-13 18:47:29.578 D/WifiService(  256): WifiHandler, MESSAGE_START_WIFI, msg.arg1: 1
02-13 18:47:29.868 D/StatusBarPolicy(  326): onSignalStrengthsChanged:SignalStrength: 99 0 -120 -95 -120 -10 8 99 2147483647 2147483647 2147483647 2147483647 cdma for subscription0
02-13 18:47:29.868 D/StatusBarPolicy(  326): updateSignalStrength on subscription :0
02-13 18:47:29.868 D/StatusBarPolicy(  326): StatusBarPolocy::getIconLevel -CDMA
02-13 18:47:29.868 D/StatusBarPolicy(  326): getCdmaLevel_band_six -cdmaDbm:-120
02-13 18:47:29.868 D/StatusBarPolicy(  326): getCdmaLevel_band_six -cdmaEcio:-95
02-13 18:47:29.868 D/StatusBarPolicy(  326): onSignalStrengthsChanged:SignalStrength: 99 0 -81 -95 -110 -10 8 99 2147483647 2147483647 2147483647 2147483647 cdma for subscription0
02-13 18:47:29.868 D/StatusBarPolicy(  326): updateSignalStrength on subscription :0
02-13 18:47:29.868 D/StatusBarPolicy(  326): StatusBarPolocy::getIconLevel -CDMA
02-13 18:47:29.868 D/StatusBarPolicy(  326): getCdmaLevel_band_six -cdmaDbm:-81
02-13 18:47:29.868 D/StatusBarPolicy(  326): getCdmaLevel_band_six -cdmaEcio:-95
02-13 18:47:29.878 I/TelephonyRegistry(  256): notifyServiceState: 0 home Sprint  310099  1xRTT CSS not supported 41 4139RoamInd: 1RoamStatus(sprint): 1DefRoamInd: 160EmergOnly: false
02-13 18:47:29.888 D/StatusBarPolicy(  326): onServiceStateChanged:0 home Sprint  310099  1xRTT CSS not supported 41 4139RoamInd: 1RoamStatus(sprint): 1DefRoamInd: 160EmergOnly: falsefor subscription :0
02-13 18:47:29.888 D/StatusBarPolicy(  326): updateSignalStrength on subscription :0
02-13 18:47:29.888 D/StatusBarPolicy(  326): StatusBarPolocy::getIconLevel -CDMA
02-13 18:47:29.888 D/StatusBarPolicy(  326): getCdmaLevel_band_six -cdmaDbm:-81
02-13 18:47:29.888 D/StatusBarPolicy(  326): getCdmaLevel_band_six -cdmaEcio:-95
02-13 18:47:29.888 D/StatusBarPolicy(  326): updateDataIcon subscription =0
02-13 18:47:30.059 I/ActivityManager(  256): Start proc com.android.voicedialer for broadcast com.android.voicedialer/.VoiceDialerReceiver: pid=528 uid=10005 gids={3002}
02-13 18:47:30.099 I/ActivityManager(  256): Start proc com.swype.android.inputmethod for broadcast com.swype.android.inputmethod/.SwypeDataInitializer: pid=535 uid=10010 gids={1015}
02-13 18:47:30.279 I/ActivityManager(  256): Start proc com.sprint.ce.updater for broadcast com.sprint.ce.updater/.BootCompletedReceiver: pid=543 uid=10012 gids={3003}
02-13 18:47:30.319 I/ActivityManager(  256): Start proc com.sprint.w.installer for broadcast com.sprint.w.installer/.BootListener: pid=550 uid=10014 gids={3003, 1015}
02-13 18:47:30.629 I/ActivityManager(  256): Start proc com.irdeto.providers.drm for broadcast com.irdeto.providers.drm/.OmaDrmReceiver: pid=558 uid=10024 gids={1015, 2001, 3003}
02-13 18:47:30.689 I/ActivityManager(  256): Start proc com.android.mms for broadcast com.android.mms/.transaction.MmsSystemEventReceiver: pid=566 uid=10030 gids={3003, 1015}
02-13 18:47:31.030 I/ActivityManager(  256): Start proc com.android.zte.HiddenMenu for broadcast com.android.zte.HiddenMenu/.CommandReceiver: pid=584 uid=1000 gids={3002, 3001, 3003, 1015}
02-13 18:47:31.170 I/ActivityManager(  256): Starting: Intent { flg=0x10000000 cmp=com.google.android.gsf/.update.SystemUpdateInstallDialog } from pid 377
02-13 18:47:31.180 W/WindowManager(  256): updateFocusedWindowLocked newFocus=Window{4072e118 Keyguard paused=false} mode=0 mCurrentFocus = Window{4072e118 Keyguard paused=false}
02-13 18:47:31.390 W/WindowManager(  256): updateFocusedWindowLocked newFocus=Window{4072e118 Keyguard paused=false} mode=0 mCurrentFocus = Window{4072e118 Keyguard paused=false}
02-13 18:47:31.420 W/WindowManager(  256): updateFocusedWindowLocked newFocus=Window{4072e118 Keyguard paused=false} mode=3 mCurrentFocus = Window{4072e118 Keyguard paused=false}
02-13 18:47:31.430 W/WindowManager(  256): updateFocusedWindowLocked newFocus=Window{4072e118 Keyguard paused=false} mode=2 mCurrentFocus = Window{4072e118 Keyguard paused=false}
02-13 18:47:31.430 W/WindowManager(  256): updateFocusedWindowLocked newFocus=Window{4072e118 Keyguard paused=false} mode=2 mCurrentFocus = Window{4072e118 Keyguard paused=false}
02-13 18:47:31.500 D/BatteryService(  256): updateBattery level:18 scale:100 status:3 health:2 present:true voltage: 3702 temperature: 220 technology: Li-ion AC powered:false USB powered:false icon:17302173
02-13 18:47:31.500 D/PowerManagerService(  256): setTimeoutLocked now=33485 timeoutOverride=-1 nextState=3 when=39485
02-13 18:47:31.500 D/WifiService(  256): ACTION_BATTERY_CHANGED pluggedType: 0
02-13 18:47:31.500 D/WifiService(  256): WifiHandler, MESSAGE_UPDATE_STATE
02-13 18:47:31.500 D/WifiService(  256): isAirplaneModeOn(): false
02-13 18:47:31.500 D/WifiService(  256): updateWifiState(), wifiEnabled: true, airplaneMode: false, wifiShouldBeEnabled: true, wifiShouldBeStarted: true, strongestLockMode: 1
02-13 18:47:31.500 D/WifiService(  256): WifiHandler, MESSAGE_ENABLE_WIFI, msg.arg1: 0, msg.arg2: 1000
02-13 18:47:31.500 D/WifiService(  256): WifiHandler, MESSAGE_START_WIFI, msg.arg1: 1
02-13 18:47:31.790 I/ActivityManager(  256): Start proc com.google.android.gm for broadcast com.google.android.gm/.MailIntentReceiver: pid=596 uid=10043 gids={3003, 1015}
02-13 18:47:31.990 I/ActivityManager(  256): Start proc com.dataviz.docstogo for broadcast com.dataviz.docstogo/com.dataviz.dxtg.common.android.DTGPhoneBootReceiver: pid=607 uid=10049 gids={3003, 1015}
02-13 18:47:32.040 D/StatusBarPolicy(  326): onSignalStrengthsChanged:SignalStrength: 99 0 -81 -95 -105 -10 8 99 2147483647 2147483647 2147483647 2147483647 cdma for subscription0
02-13 18:47:32.040 D/StatusBarPolicy(  326): updateSignalStrength on subscription :0
02-13 18:47:32.040 D/StatusBarPolicy(  326): StatusBarPolocy::getIconLevel -CDMA
02-13 18:47:32.040 D/StatusBarPolicy(  326): getCdmaLevel_band_six -cdmaDbm:-81
02-13 18:47:32.040 D/StatusBarPolicy(  326): getCdmaLevel_band_six -cdmaEcio:-95
02-13 18:47:32.251 I/ActivityManager(  256): Process com.dataviz.docstogo (pid 607) has died.
02-13 18:47:32.411 I/ActivityManager(  256): Start proc com.android.camera for broadcast com.android.camera/.BootCamera: pid=616 uid=10052 gids={1006, 1015}
02-13 18:47:32.471 I/ActivityManager(  256): Start proc com.android.providers.calendar for broadcast com.android.providers.calendar/.CalendarReceiver: pid=624 uid=10053 gids={3003}
02-13 18:47:32.601 I/ActivityManager(  256): Start proc com.android.calendar for broadcast com.android.calendar/.AlertReceiver: pid=633 uid=10054 gids={3003}
02-13 18:47:32.661 I/ActivityManager(  256): Start proc com.google.android.apps.maps:FriendService for broadcast com.google.android.apps.maps/com.google.googlenav.friend.android.ServiceReceiver: pid=640 uid=10033 gids={3003, 1015}
02-13 18:47:33.051 I/ActivityManager(  256): Start proc com.locationlabs.v3client for broadcast com.locationlabs.v3client/.BootCompletedReceiver: pid=648 uid=10016 gids={3003}
02-13 18:47:33.412 I/ActivityManager(  256): Start proc com.google.android.googlequicksearchbox for broadcast com.google.android.googlequicksearchbox/.SearchWidgetProvider: pid=655 uid=10040 gids={3003}
02-13 18:47:33.682 I/ActivityManager(  256): Start proc com.google.android.apps.plus for broadcast com.google.android.apps.plus/com.google.android.picasasync.BatteryReceiver: pid=667 uid=10020 gids={3003, 3002, 1015, 1006}
02-13 18:47:34.243 I/ActivityManager(  256): No longer want com.qualcomm.privinit (pid 475): hidden #16
02-13 18:47:34.293 D/StatusBarPolicy(  326): onSignalStrengthsChanged:SignalStrength: 99 0 -82 -75 -99 -10 8 99 2147483647 2147483647 2147483647 2147483647 cdma for subscription0
02-13 18:47:34.293 D/StatusBarPolicy(  326): updateSignalStrength on subscription :0
02-13 18:47:34.293 D/StatusBarPolicy(  326): StatusBarPolocy::getIconLevel -CDMA
02-13 18:47:34.293 D/StatusBarPolicy(  326): getCdmaLevel_band_six -cdmaDbm:-82
02-13 18:47:34.293 D/StatusBarPolicy(  326): getCdmaLevel_band_six -cdmaEcio:-75
02-13 18:47:34.303 I/ActivityManager(  256): Start proc com.google.android.apps.maps for broadcast com.google.android.apps.maps/com.google.googlenav.android.MapServiceReceiver: pid=677 uid=10033 gids={3003, 1015}
02-13 18:47:34.303 I/ActivityManager(  256): No longer want com.cooliris.media (pid 482): hidden #16
02-13 18:47:34.683 I/ActivityManager(  256): No longer want zte.com.cn.alarmclock (pid 493): hidden #16
02-13 18:47:35.023 I/ActivityManager(  256): Start proc com.google.android.apps.uploader for broadcast com.google.android.apps.uploader/.ConnectivityBroadcastReceiver: pid=688 uid=10031 gids={3003}
02-13 18:47:35.103 I/ActivityManager(  256): No longer want com.android.voicedialer (pid 528): hidden #16
02-13 18:47:35.134 D/ConnectivityService(  256): reportNetworkCondition(0, 0)
02-13 18:47:35.134 D/ConnectivityService(  256): Inet connectivity change, net=0, condition=0,mActiveDefaultNetwork=-1
02-13 18:47:35.134 D/ConnectivityService(  256): no active default network - aborting
02-13 18:47:35.224 I/ActivityManager(  256): Start proc com.cooliris.media for broadcast com.cooliris.media/com.cooliris.cache.BootReceiver: pid=701 uid=10046 gids={1015, 3003}
02-13 18:47:35.434 I/ActivityManager(  256): No longer want com.swype.android.inputmethod (pid 535): hidden #16
02-13 18:47:35.474 I/ActivityManager(  256): Start proc com.google.android.music:main for broadcast com.google.android.music/.store.MediaStoreImportService$Receiver: pid=713 uid=10028 gids={3003, 1015}
02-13 18:47:35.544 D/StatusBarPolicy(  326): onSignalStrengthsChanged:SignalStrength: 99 0 -82 -75 -96 -10 8 99 2147483647 2147483647 2147483647 2147483647 cdma for subscription0
02-13 18:47:35.544 D/StatusBarPolicy(  326): updateSignalStrength on subscription :0
02-13 18:47:35.544 D/StatusBarPolicy(  326): StatusBarPolocy::getIconLevel -CDMA
02-13 18:47:35.544 D/StatusBarPolicy(  326): getCdmaLevel_band_six -cdmaDbm:-82
02-13 18:47:35.544 D/StatusBarPolicy(  326): getCdmaLevel_band_six -cdmaEcio:-75
02-13 18:47:35.834 I/TelephonyRegistry(  256): notifyServiceState: 0 home Sprint  310099  1xRTT CSS not supported 41 4139RoamInd: 1RoamStatus(sprint): 1DefRoamInd: 160EmergOnly: false
02-13 18:47:35.884 D/StatusBarPolicy(  326): onServiceStateChanged:0 home Sprint  310099  1xRTT CSS not supported 41 4139RoamInd: 1RoamStatus(sprint): 1DefRoamInd: 160EmergOnly: falsefor subscription :0
02-13 18:47:35.884 D/StatusBarPolicy(  326): updateSignalStrength on subscription :0
02-13 18:47:35.884 D/StatusBarPolicy(  326): StatusBarPolocy::getIconLevel -CDMA
02-13 18:47:35.884 D/StatusBarPolicy(  326): getCdmaLevel_band_six -cdmaDbm:-82
02-13 18:47:35.884 D/StatusBarPolicy(  326): getCdmaLevel_band_six -cdmaEcio:-75
02-13 18:47:35.884 D/StatusBarPolicy(  326): updateDataIcon subscription =0
02-13 18:47:35.904 I/TelephonyRegistry(  256): notifyServiceState: 0 home Sprint  310099  EvDo rev. A CSS not supported 41 4139RoamInd: 1RoamStatus(sprint): 1DefRoamInd: 160EmergOnly: false
02-13 18:47:35.904 D/StatusBarPolicy(  326): onServiceStateChanged:0 home Sprint  310099  EvDo rev. A CSS not supported 41 4139RoamInd: 1RoamStatus(sprint): 1DefRoamInd: 160EmergOnly: falsefor subscription :0
02-13 18:47:35.904 D/StatusBarPolicy(  326): updateSignalStrength on subscription :0
02-13 18:47:35.914 D/StatusBarPolicy(  326): StatusBarPolocy::getIconLevel -EVDO
02-13 18:47:35.914 D/StatusBarPolicy(  326): getEvdoLevel_band_six -evdoDbm:-96
02-13 18:47:35.914 D/StatusBarPolicy(  326): getEvdoLevel_band_six -evdoEcio:-10
02-13 18:47:35.914 D/StatusBarPolicy(  326): updateDataIcon subscription =0
02-13 18:47:35.974 I/TelephonyRegistry(  256): notifyDataConnection: anyState=0,default/INET,apnTypeState=1,iface=null,ip=null,gw=null,isDataConnectivityPossible=true,networkType=6,reason=radioTechnologyChanged
02-13 18:47:35.994 D/StatusBarPolicy(  326): StatusBarPolicy onDataConnectionStateChanged to 0for nw : 6on subscription : 0
02-13 18:47:35.994 D/StatusBarPolicy(  326): Data network type changed to:6
02-13 18:47:35.994 D/StatusBarPolicy(  326): updateDataIcon subscription =0
02-13 18:47:35.994 I/TelephonyRegistry(  256): notifyDataConnection: anyState=0,default/INET6,apnTypeState=0,iface=null,ip=null,gw=null,isDataConnectivityPossible=true,networkType=6,reason=radioTechnologyChanged
02-13 18:47:36.014 I/TelephonyRegistry(  256): notifyDataConnection: anyState=0,mms/INET,apnTypeState=0,iface=null,ip=null,gw=null,isDataConnectivityPossible=true,networkType=6,reason=radioTechnologyChanged
02-13 18:47:36.014 I/TelephonyRegistry(  256): notifyDataConnection: anyState=0,mms/INET6,apnTypeState=0,iface=null,ip=null,gw=null,isDataConnectivityPossible=true,networkType=6,reason=radioTechnologyChanged
02-13 18:47:36.034 I/TelephonyRegistry(  256): notifyDataConnection: anyState=0,supl/INET,apnTypeState=0,iface=null,ip=null,gw=null,isDataConnectivityPossible=true,networkType=6,reason=radioTechnologyChanged
02-13 18:47:36.044 I/TelephonyRegistry(  256): notifyDataConnection: anyState=0,supl/INET6,apnTypeState=0,iface=null,ip=null,gw=null,isDataConnectivityPossible=true,networkType=6,reason=radioTechnologyChanged
02-13 18:47:36.054 I/TelephonyRegistry(  256): notifyDataConnection: anyState=0,dun/INET,apnTypeState=0,iface=null,ip=null,gw=null,isDataConnectivityPossible=true,networkType=6,reason=radioTechnologyChanged
02-13 18:47:36.064 I/TelephonyRegistry(  256): notifyDataConnection: anyState=0,dun/INET6,apnTypeState=0,iface=null,ip=null,gw=null,isDataConnectivityPossible=true,networkType=6,reason=radioTechnologyChanged
02-13 18:47:36.074 I/TelephonyRegistry(  256): notifyDataConnection: anyState=0,hipri/INET,apnTypeState=0,iface=null,ip=null,gw=null,isDataConnectivityPossible=true,networkType=6,reason=radioTechnologyChanged
02-13 18:47:36.074 I/TelephonyRegistry(  256): notifyDataConnection: anyState=0,hipri/INET6,apnTypeState=0,iface=null,ip=null,gw=null,isDataConnectivityPossible=true,networkType=6,reason=radioTechnologyChanged
02-13 18:47:36.335 I/ActivityManager(  256): Start proc com.google.android.apps.maps:LocationFriendService for broadcast com.google.android.apps.maps/com.google.googlenav.friend.reporting.LocationReportingIntentReceiver: pid=725 uid=10033 gids={3003, 1015}
02-13 18:47:36.335 I/ActivityManager(  256): No longer want com.sprint.zone (pid 508): hidden #16
02-13 18:47:36.535 D/StatusBarPolicy(  326): onSignalStrengthsChanged:SignalStrength: 99 0 -82 -75 -93 -10 8 99 2147483647 2147483647 2147483647 2147483647 cdma for subscription0
02-13 18:47:36.535 D/StatusBarPolicy(  326): updateSignalStrength on subscription :0
02-13 18:47:36.535 D/StatusBarPolicy(  326): StatusBarPolocy::getIconLevel -EVDO
02-13 18:47:36.535 D/StatusBarPolicy(  326): getEvdoLevel_band_six -evdoDbm:-93
02-13 18:47:36.535 D/StatusBarPolicy(  326): getEvdoLevel_band_six -evdoEcio:-10
02-13 18:47:36.645 I/ActivityManager(  256): Starting: Intent { flg=0x10000000 cmp=com.google.android.apps.maps/com.google.googlenav.login.AndroidLoginActivitySdk5 (has extras) } from pid 725
02-13 18:47:36.675 W/WindowManager(  256): updateFocusedWindowLocked newFocus=Window{4072e118 Keyguard paused=false} mode=0 mCurrentFocus = Window{4072e118 Keyguard paused=false}
02-13 18:47:36.675 W/WindowManager(  256): updateFocusedWindowLocked newFocus=Window{4072e118 Keyguard paused=false} mode=0 mCurrentFocus = Window{4072e118 Keyguard paused=false}
02-13 18:47:36.675 W/WindowManager(  256): updateFocusedWindowLocked newFocus=Window{4072e118 Keyguard paused=false} mode=2 mCurrentFocus = Window{4072e118 Keyguard paused=false}
02-13 18:47:36.675 W/WindowManager(  256): updateFocusedWindowLocked newFocus=Window{4072e118 Keyguard paused=false} mode=2 mCurrentFocus = Window{4072e118 Keyguard paused=false}
02-13 18:47:36.705 I/ActivityManager(  256): No longer want com.android.mms (pid 566): hidden #16
02-13 18:47:37.186 I/ActivityManager(  256): No longer want com.android.zte.HiddenMenu (pid 584): hidden #16
02-13 18:47:37.516 D/PowerManagerService(  256): setTimeoutLocked now=39491 timeoutOverride=-1 nextState=1 when=146491
02-13 18:47:38.016 I/ActivityManager(  256): No longer want com.android.camera (pid 616): hidden #16
02-13 18:47:38.767 D/StatusBarPolicy(  326): onSignalStrengthsChanged:SignalStrength: 99 0 -120 -85 -120 -5 8 99 2147483647 2147483647 2147483647 2147483647 cdma for subscription0
02-13 18:47:38.767 D/StatusBarPolicy(  326): updateSignalStrength on subscription :0
02-13 18:47:38.767 D/StatusBarPolicy(  326): StatusBarPolocy::getIconLevel -EVDO
02-13 18:47:38.767 D/StatusBarPolicy(  326): getEvdoLevel_band_six -evdoDbm:-120
02-13 18:47:38.767 D/StatusBarPolicy(  326): getEvdoLevel_band_six -evdoEcio:-5
02-13 18:47:38.797 D/StatusBarPolicy(  326): onSignalStrengthsChanged:SignalStrength: 99 0 -82 -85 -90 -5 8 99 2147483647 2147483647 2147483647 2147483647 cdma for subscription0
02-13 18:47:38.797 D/StatusBarPolicy(  326): updateSignalStrength on subscription :0
02-13 18:47:38.807 D/StatusBarPolicy(  326): StatusBarPolocy::getIconLevel -EVDO
02-13 18:47:38.807 D/StatusBarPolicy(  326): getEvdoLevel_band_six -evdoDbm:-90
02-13 18:47:38.807 D/StatusBarPolicy(  326): getEvdoLevel_band_six -evdoEcio:-5
02-13 18:47:39.548 D/BatteryService(  256): updateBattery level:18 scale:100 status:2 health:2 present:true voltage: 3702 temperature: 220 technology: Li-ion AC powered:true USB powered:false icon:17302195
02-13 18:47:39.558 D/PowerManagerService(  256): setTimeoutLocked now=41540 timeoutOverride=-1 nextState=3 when=47540
02-13 18:47:39.558 D/WifiService(  256): ACTION_BATTERY_CHANGED pluggedType: 1
02-13 18:47:39.558 D/WifiService(  256): WifiHandler, MESSAGE_UPDATE_STATE
02-13 18:47:39.558 D/WifiService(  256): isAirplaneModeOn(): false
02-13 18:47:39.558 D/WifiService(  256): updateWifiState(), wifiEnabled: true, airplaneMode: false, wifiShouldBeEnabled: true, wifiShouldBeStarted: true, strongestLockMode: 1
02-13 18:47:39.558 D/WifiService(  256): WifiHandler, MESSAGE_ENABLE_WIFI, msg.arg1: 0, msg.arg2: 1000
02-13 18:47:39.558 D/WifiService(  256): WifiHandler, MESSAGE_START_WIFI, msg.arg1: 1
02-13 18:47:39.958 I/TelephonyRegistry(  256): notifyDataConnection: anyState=2,default/INET,apnTypeState=2,iface=rmnet0,ip=173.155.101.96,gw=173.155.101.97,isDataConnectivityPossible=true,networkType=6,reason=radioTechnologyChanged
02-13 18:47:39.958 D/StatusBarPolicy(  326): StatusBarPolicy onDataConnectionStateChanged to 2for nw : 6on subscription : 0
02-13 18:47:39.958 D/StatusBarPolicy(  326): Data network type changed to:6
02-13 18:47:39.958 D/StatusBarPolicy(  326): updateDataIcon subscription =0
02-13 18:47:39.998 I/TelephonyRegistry(  256): notifyDataConnection: anyState=2,mms/INET,apnTypeState=2,iface=rmnet0,ip=173.155.101.96,gw=173.155.101.97,isDataConnectivityPossible=true,networkType=6,reason=radioTechnologyChanged
02-13 18:47:39.998 D/ConnectivityService(  256): ConnectivityChange for mobile: CONNECTED/CONNECTED
02-13 18:47:39.998 D/ConnectivityService(  256): Got Network Connection Succ from Driver nwtype=0
02-13 18:47:40.008 D/ConnectivityService(  256): adding dns 68.28.67.132 for mobile
02-13 18:47:40.008 D/ConnectivityService(  256): adding dns 68.28.68.132 for mobile
02-13 18:47:40.028 I/TelephonyRegistry(  256): notifyDataConnection: anyState=2,supl/INET,apnTypeState=2,iface=rmnet0,ip=173.155.101.96,gw=173.155.101.97,isDataConnectivityPossible=true,networkType=6,reason=radioTechnologyChanged
02-13 18:47:40.028 D/NetdConnector(  256): SND -> {route replace def v4 rmnet0 173.155.101.97} {null}
02-13 18:47:40.058 I/TelephonyRegistry(  256): notifyDataConnection: anyState=2,hipri/INET,apnTypeState=2,iface=rmnet0,ip=173.155.101.96,gw=173.155.101.97,isDataConnectivityPossible=true,networkType=6,reason=radioTechnologyChanged
02-13 18:47:40.088 D/StatusBarPolicy(  326): updateDataIcon subscription =0
02-13 18:47:40.128 W/ProcessStats(  256): Skipping unknown process pid 739
02-13 18:47:40.349 D/NetdConnector(  256): RCV <- {200 default route replace succeeded for [rmnet0 -4]}
02-13 18:47:40.359 D/NetdConnector(  256): RSP <- {200 default route replace succeeded for [rmnet0 -4]}
02-13 18:47:40.359 D/NetworkManagementService(  256): 200 default route replace succeeded for [rmnet0 -4]
02-13 18:47:40.389 D/StatusBarPolicy(  326): Data network type changed to:6
02-13 18:47:40.419 D/StatusBarPolicy(  326): updateDataIcon subscription =0
02-13 18:47:40.429 D/StatusBarPolicy(  326): updateSignalStrength on subscription :0
02-13 18:47:40.429 D/StatusBarPolicy(  326): StatusBarPolocy::getIconLevel -EVDO
02-13 18:47:40.429 D/StatusBarPolicy(  326): getEvdoLevel_band_six -evdoDbm:-90
02-13 18:47:40.429 D/StatusBarPolicy(  326): getEvdoLevel_band_six -evdoEcio:-5
02-13 18:47:40.599 D/RPC     (  256): 3000008c:00050000 sending call (XID 5).
02-13 18:47:40.599 D/RPC     (  256): 3000008c:00050000 received REPLY (XID 5), grabbing mutex to wake up client.
02-13 18:47:40.599 D/RPC     (  256): 3000008c:00050000 call success.
02-13 18:47:40.599 D/RPC     (  256): 3000008c:00050000 received CALL.
02-13 18:47:40.599 D/RPC     (  256): 3000008c:00050000 dispatching RPC call (XID 11, xdr 0x37fb20) for callback client 3100008c:00050001.
02-13 18:47:40.599 D/RPC     (  256): 3100008c:327681 sending RPC reply (XID 11)
02-13 18:47:40.599 D/RPC     (  256): 3000008c:00050000 sending call (XID 6).
02-13 18:47:40.599 D/RPC     (  256): 3000008c:00050000 received REPLY (XID 6), grabbing mutex to wake up client.
02-13 18:47:40.599 D/RPC     (  256): 3000008c:00050000 call success.
02-13 18:47:40.609 D/RPC     (  256): 3000008c:00050000 received CALL.
02-13 18:47:40.609 D/RPC     (  256): 3000008c:00050000 dispatching RPC call (XID 12, xdr 0x37fb20) for callback client 3100008c:00050001.
02-13 18:47:40.619 D/RPC     (  256): 3100008c:327681 sending RPC reply (XID 12)
02-13 18:47:40.939 D/RPC     (  256): 3000008c:00050000 sending call (XID 7).
02-13 18:47:40.939 D/RPC     (  256): 3000008c:00050000 received REPLY (XID 7), grabbing mutex to wake up client.
02-13 18:47:40.949 D/RPC     (  256): 3000008c:00050000 waiting for XDR input buffer to be consumed.
02-13 18:47:40.949 D/RPC     (  256): 3000008c:00050000 call success.
02-13 18:47:40.949 D/RPC     (  256): 3000008c:00050000 received CALL.
02-13 18:47:40.949 D/RPC     (  256): 3000008c:00050000 dispatching RPC call (XID 13, xdr 0x37fb20) for callback client 3100008c:00050001.
02-13 18:47:40.949 D/RPC     (  256): 3100008c:327681 sending RPC reply (XID 13)
02-13 18:47:41.089 D/StatusBarPolicy(  326): updateDataIcon subscription =0
02-13 18:47:41.540 D/BatteryService(  256): updateBattery level:18 scale:100 status:3 health:2 present:true voltage: 3702 temperature: 220 technology: Li-ion AC powered:false USB powered:false icon:17302173
02-13 18:47:41.540 D/PowerManagerService(  256): setTimeoutLocked now=43524 timeoutOverride=-1 nextState=3 when=49524
02-13 18:47:41.540 D/WifiService(  256): ACTION_BATTERY_CHANGED pluggedType: 0
02-13 18:47:41.540 D/WifiService(  256): WifiHandler, MESSAGE_UPDATE_STATE
02-13 18:47:41.540 D/WifiService(  256): isAirplaneModeOn(): false
02-13 18:47:41.540 D/WifiService(  256): updateWifiState(), wifiEnabled: true, airplaneMode: false, wifiShouldBeEnabled: true, wifiShouldBeStarted: true, strongestLockMode: 1
02-13 18:47:41.540 D/WifiService(  256): WifiHandler, MESSAGE_ENABLE_WIFI, msg.arg1: 0, msg.arg2: 1000
02-13 18:47:41.540 D/WifiService(  256): WifiHandler, MESSAGE_START_WIFI, msg.arg1: 1
02-13 18:47:42.851 D/ConnectivityService(  256): reportNetworkCondition(0, 100)
02-13 18:47:42.851 D/ConnectivityService(  256): Inet connectivity change, net=0, condition=100,mActiveDefaultNetwork=0
02-13 18:47:42.851 D/ConnectivityService(  256): starting a change hold
02-13 18:47:43.251 D/StatusBarPolicy(  326): onSignalStrengthsChanged:SignalStrength: 99 0 -82 -85 -86 -5 8 99 2147483647 2147483647 2147483647 2147483647 cdma for subscription0
02-13 18:47:43.251 D/StatusBarPolicy(  326): updateSignalStrength on subscription :0
02-13 18:47:43.261 D/StatusBarPolicy(  326): StatusBarPolocy::getIconLevel -EVDO
02-13 18:47:43.271 D/StatusBarPolicy(  326): getEvdoLevel_band_six -evdoDbm:-86
02-13 18:47:43.271 D/StatusBarPolicy(  326): getEvdoLevel_band_six -evdoEcio:-5
02-13 18:47:43.352 D/ConnectivityService(  256): Inet hold end, net=0, condition =100, published condition =0
02-13 18:47:43.362 D/StatusBarPolicy(  326): Data network type changed to:6
02-13 18:47:43.372 D/StatusBarPolicy(  326): updateDataIcon subscription =0
02-13 18:47:43.402 D/StatusBarPolicy(  326): updateSignalStrength on subscription :0
02-13 18:47:43.402 D/StatusBarPolicy(  326): StatusBarPolocy::getIconLevel -EVDO
02-13 18:47:43.402 D/StatusBarPolicy(  326): getEvdoLevel_band_six -evdoDbm:-86
02-13 18:47:43.402 D/StatusBarPolicy(  326): getEvdoLevel_band_six -evdoEcio:-5
02-13 18:47:44.132 D/StatusBarPolicy(  326): updateDataIcon subscription =0
02-13 18:47:45.484 D/StatusBarPolicy(  326): onSignalStrengthsChanged:SignalStrength: 99 0 -82 -85 -94 -5 8 99 2147483647 2147483647 2147483647 2147483647 cdma for subscription0
02-13 18:47:45.484 D/StatusBarPolicy(  326): updateSignalStrength on subscription :0
02-13 18:47:45.484 D/StatusBarPolicy(  326): StatusBarPolocy::getIconLevel -EVDO
02-13 18:47:45.484 D/StatusBarPolicy(  326): getEvdoLevel_band_six -evdoDbm:-94
02-13 18:47:45.484 D/StatusBarPolicy(  326): getEvdoLevel_band_six -evdoEcio:-5
02-13 18:47:47.556 D/PowerManagerService(  256): setTimeoutLocked now=49530 timeoutOverride=-1 nextState=1 when=156530
02-13 18:47:47.746 D/StatusBarPolicy(  326): onSignalStrengthsChanged:SignalStrength: 99 0 -82 -85 -91 -5 8 99 2147483647 2147483647 2147483647 2147483647 cdma for subscription0
02-13 18:47:47.746 D/StatusBarPolicy(  326): updateSignalStrength on subscription :0
02-13 18:47:47.756 D/StatusBarPolicy(  326): StatusBarPolocy::getIconLevel -EVDO
02-13 18:47:47.756 D/StatusBarPolicy(  326): getEvdoLevel_band_six -evdoDbm:-91
02-13 18:47:47.756 D/StatusBarPolicy(  326): getEvdoLevel_band_six -evdoEcio:-5
02-13 18:47:50.418 I/ActivityManager(  256): No longer want com.sprint.ce.updater (pid 543): hidden #16
02-13 18:47:50.438 D/StatusBarPolicy(  326): onSignalStrengthsChanged:SignalStrength: 99 0 -83 -95 -96 -10 8 99 2147483647 2147483647 2147483647 2147483647 cdma for subscription0
02-13 18:47:50.438 D/StatusBarPolicy(  326): updateSignalStrength on subscription :0
02-13 18:47:50.438 D/StatusBarPolicy(  326): StatusBarPolocy::getIconLevel -EVDO
02-13 18:47:50.438 D/StatusBarPolicy(  326): getEvdoLevel_band_six -evdoDbm:-96
02-13 18:47:50.438 D/StatusBarPolicy(  326): getEvdoLevel_band_six -evdoEcio:-10
02-13 18:47:50.448 I/TelephonyRegistry(  256): notifyServiceState: 0 home Sprint  310099  EvDo rev. A CSS not supported 41 4139RoamInd: 1RoamStatus(sprint): 1DefRoamInd: 160EmergOnly: false
02-13 18:47:50.468 D/StatusBarPolicy(  326): onServiceStateChanged:0 home Sprint  310099  EvDo rev. A CSS not supported 41 4139RoamInd: 1RoamStatus(sprint): 1DefRoamInd: 160EmergOnly: falsefor subscription :0
02-13 18:47:50.468 D/StatusBarPolicy(  326): updateSignalStrength on subscription :0
02-13 18:47:50.468 D/StatusBarPolicy(  326): StatusBarPolocy::getIconLevel -EVDO
02-13 18:47:50.468 D/StatusBarPolicy(  326): getEvdoLevel_band_six -evdoDbm:-96
02-13 18:47:50.468 D/StatusBarPolicy(  326): getEvdoLevel_band_six -evdoEcio:-10
02-13 18:47:50.478 D/StatusBarPolicy(  326): updateDataIcon subscription =0
02-13 18:47:52.230 D/StatusBarPolicy(  326): onSignalStrengthsChanged:SignalStrength: 99 0 -83 -95 -93 -10 8 99 2147483647 2147483647 2147483647 2147483647 cdma for subscription0
02-13 18:47:52.230 D/StatusBarPolicy(  326): updateSignalStrength on subscription :0
02-13 18:47:52.230 D/StatusBarPolicy(  326): StatusBarPolocy::getIconLevel -EVDO
02-13 18:47:52.230 D/StatusBarPolicy(  326): getEvdoLevel_band_six -evdoDbm:-93
02-13 18:47:52.230 D/StatusBarPolicy(  326): getEvdoLevel_band_six -evdoEcio:-10
02-13 18:47:54.232 D/StatusBarPolicy(  326): updateDataIcon subscription =0
02-13 18:47:56.725 D/StatusBarPolicy(  326): onSignalStrengthsChanged:SignalStrength: 99 0 -120 -70 -120 -10 8 99 2147483647 2147483647 2147483647 2147483647 cdma for subscription0
02-13 18:47:56.725 D/StatusBarPolicy(  326): updateSignalStrength on subscription :0
02-13 18:47:56.725 D/StatusBarPolicy(  326): StatusBarPolocy::getIconLevel -EVDO
02-13 18:47:56.725 D/StatusBarPolicy(  326): getEvdoLevel_band_six -evdoDbm:-120
02-13 18:47:56.725 D/StatusBarPolicy(  326): getEvdoLevel_band_six -evdoEcio:-10
02-13 18:47:56.735 D/StatusBarPolicy(  326): onSignalStrengthsChanged:SignalStrength: 99 0 -83 -70 -88 -10 8 99 2147483647 2147483647 2147483647 2147483647 cdma for subscription0
02-13 18:47:56.735 D/StatusBarPolicy(  326): updateSignalStrength on subscription :0
02-13 18:47:56.735 D/StatusBarPolicy(  326): StatusBarPolocy::getIconLevel -EVDO
02-13 18:47:56.735 D/StatusBarPolicy(  326): getEvdoLevel_band_six -evdoDbm:-88
02-13 18:47:56.735 D/StatusBarPolicy(  326): getEvdoLevel_band_six -evdoEcio:-10
02-13 18:47:58.256 D/StatusBarPolicy(  326): updateDataIcon subscription =0
02-13 18:47:59.487 D/BatteryService(  256): updateBattery level:18 scale:100 status:3 health:2 present:true voltage: 3689 temperature: 250 technology: Li-ion AC powered:false USB powered:false icon:17302173
02-13 18:47:59.517 D/WifiService(  256): ACTION_BATTERY_CHANGED pluggedType: 0
02-13 18:47:59.517 D/WifiService(  256): WifiHandler, MESSAGE_UPDATE_STATE
02-13 18:47:59.517 D/WifiService(  256): isAirplaneModeOn(): false
02-13 18:47:59.517 D/WifiService(  256): updateWifiState(), wifiEnabled: true, airplaneMode: false, wifiShouldBeEnabled: true, wifiShouldBeStarted: true, strongestLockMode: 1
02-13 18:47:59.517 D/WifiService(  256): WifiHandler, MESSAGE_ENABLE_WIFI, msg.arg1: 0, msg.arg2: 1000
02-13 18:47:59.517 D/WifiService(  256): WifiHandler, MESSAGE_START_WIFI, msg.arg1: 1
02-13 18:47:59.998 D/AlarmManager(  256): scheduleTimeTickEvent calendar=Mon Feb 13 18:49:00 CST 2012
02-13 18:47:59.998 D/AlarmManager(  256): calendar.getTimeInMillis()1329180540000
02-13 18:48:00.378 D/StatusBarPolicy(  326): onSignalStrengthsChanged:SignalStrength: 99 0 -120 -85 -120 -10 8 99 2147483647 2147483647 2147483647 2147483647 cdma for subscription0
02-13 18:48:00.378 D/StatusBarPolicy(  326): updateSignalStrength on subscription :0
02-13 18:48:00.378 D/StatusBarPolicy(  326): StatusBarPolocy::getIconLevel -EVDO
02-13 18:48:00.378 D/StatusBarPolicy(  326): getEvdoLevel_band_six -evdoDbm:-120
02-13 18:48:00.378 D/StatusBarPolicy(  326): getEvdoLevel_band_six -evdoEcio:-10
02-13 18:48:00.388 D/StatusBarPolicy(  326): onSignalStrengthsChanged:SignalStrength: 99 0 -83 -85 -79 -10 8 99 2147483647 2147483647 2147483647 2147483647 cdma for subscription0
02-13 18:48:00.388 D/StatusBarPolicy(  326): updateSignalStrength on subscription :0
02-13 18:48:00.388 D/StatusBarPolicy(  326): StatusBarPolocy::getIconLevel -EVDO
02-13 18:48:00.388 D/StatusBarPolicy(  326): getEvdoLevel_band_six -evdoDbm:-79
02-13 18:48:00.388 D/StatusBarPolicy(  326): getEvdoLevel_band_six -evdoEcio:-10
02-13 18:48:00.398 I/TelephonyRegistry(  256): notifyServiceState: 0 home Sprint  310099  EvDo rev. A CSS not supported 41 4139RoamInd: 1RoamStatus(sprint): 1DefRoamInd: 160EmergOnly: false
02-13 18:48:00.398 D/StatusBarPolicy(  326): onServiceStateChanged:0 home Sprint  310099  EvDo rev. A CSS not supported 41 4139RoamInd: 1RoamStatus(sprint): 1DefRoamInd: 160EmergOnly: falsefor subscription :0
02-13 18:48:00.398 D/StatusBarPolicy(  326): updateSignalStrength on subscription :0
02-13 18:48:00.408 D/StatusBarPolicy(  326): StatusBarPolocy::getIconLevel -EVDO
02-13 18:48:00.408 D/StatusBarPolicy(  326): getEvdoLevel_band_six -evdoDbm:-79
02-13 18:48:00.408 D/StatusBarPolicy(  326): getEvdoLevel_band_six -evdoEcio:-10
02-13 18:48:00.408 D/StatusBarPolicy(  326): updateDataIcon subscription =0
02-13 18:48:05.673 D/StatusBarPolicy(  326): onSignalStrengthsChanged:SignalStrength: 99 0 -83 -75 -79 -10 8 99 2147483647 2147483647 2147483647 2147483647 cdma for subscription0
02-13 18:48:05.673 D/StatusBarPolicy(  326): updateSignalStrength on subscription :0
02-13 18:48:05.673 D/StatusBarPolicy(  326): StatusBarPolocy::getIconLevel -EVDO
02-13 18:48:05.673 D/StatusBarPolicy(  326): getEvdoLevel_band_six -evdoDbm:-79
02-13 18:48:05.683 D/StatusBarPolicy(  326): getEvdoLevel_band_six -evdoEcio:-10
02-13 18:48:08.006 D/StatusBarPolicy(  326): updateDataIcon subscription =0
02-13 18:48:10.148 D/StatusBarPolicy(  326): onSignalStrengthsChanged:SignalStrength: 99 0 -83 -75 -80 -10 8 99 2147483647 2147483647 2147483647 2147483647 cdma for subscription0
02-13 18:48:10.148 D/StatusBarPolicy(  326): updateSignalStrength on subscription :0
02-13 18:48:10.148 D/StatusBarPolicy(  326): StatusBarPolocy::getIconLevel -EVDO
02-13 18:48:10.158 D/StatusBarPolicy(  326): getEvdoLevel_band_six -evdoDbm:-80
02-13 18:48:10.158 D/StatusBarPolicy(  326): getEvdoLevel_band_six -evdoEcio:-10
02-13 18:48:12.390 D/StatusBarPolicy(  326): onSignalStrengthsChanged:SignalStrength: 99 0 -83 -75 -82 -10 8 99 2147483647 2147483647 2147483647 2147483647 cdma for subscription0
02-13 18:48:12.390 D/StatusBarPolicy(  326): updateSignalStrength on subscription :0
02-13 18:48:12.390 D/StatusBarPolicy(  326): StatusBarPolocy::getIconLevel -EVDO
02-13 18:48:12.400 D/StatusBarPolicy(  326): getEvdoLevel_band_six -evdoDbm:-82
02-13 18:48:12.400 D/StatusBarPolicy(  326): getEvdoLevel_band_six -evdoEcio:-10
02-13 18:48:19.096 D/StatusBarPolicy(  326): onSignalStrengthsChanged:SignalStrength: 99 0 -83 -75 -84 -10 8 99 2147483647 2147483647 2147483647 2147483647 cdma for subscription0
02-13 18:48:19.096 D/StatusBarPolicy(  326): updateSignalStrength on subscription :0
02-13 18:48:19.106 D/StatusBarPolicy(  326): StatusBarPolocy::getIconLevel -EVDO
02-13 18:48:19.116 D/StatusBarPolicy(  326): getEvdoLevel_band_six -evdoDbm:-84
02-13 18:48:19.116 D/StatusBarPolicy(  326): getEvdoLevel_band_six -evdoEcio:-10
02-13 18:48:19.547 D/WifiService(  256): ACTION_BATTERY_CHANGED pluggedType: 0
02-13 18:48:19.547 D/WifiService(  256): WifiHandler, MESSAGE_UPDATE_STATE
02-13 18:48:19.547 D/WifiService(  256): isAirplaneModeOn(): false
02-13 18:48:19.547 D/WifiService(  256): updateWifiState(), wifiEnabled: true, airplaneMode: false, wifiShouldBeEnabled: true, wifiShouldBeStarted: true, strongestLockMode: 1
02-13 18:48:19.547 D/WifiService(  256): WifiHandler, MESSAGE_ENABLE_WIFI, msg.arg1: 0, msg.arg2: 1000
02-13 18:48:19.547 D/WifiService(  256): WifiHandler, MESSAGE_START_WIFI, msg.arg1: 1
02-13 18:48:21.329 D/StatusBarPolicy(  326): onSignalStrengthsChanged:SignalStrength: 99 0 -82 -90 -84 -5 8 99 2147483647 2147483647 2147483647 2147483647 cdma for subscription0
02-13 18:48:21.329 D/StatusBarPolicy(  326): updateSignalStrength on subscription :0
02-13 18:48:21.329 D/StatusBarPolicy(  326): StatusBarPolocy::getIconLevel -EVDO
02-13 18:48:21.329 D/StatusBarPolicy(  326): getEvdoLevel_band_six -evdoDbm:-84
02-13 18:48:21.329 D/StatusBarPolicy(  326): getEvdoLevel_band_six -evdoEcio:-5
02-13 18:48:25.993 D/StatusBarPolicy(  326): onSignalStrengthsChanged:SignalStrength: 99 0 -84 -75 -84 -5 8 99 2147483647 2147483647 2147483647 2147483647 cdma for subscription0
02-13 18:48:25.993 D/StatusBarPolicy(  326): updateSignalStrength on subscription :0
02-13 18:48:25.993 D/StatusBarPolicy(  326): StatusBarPolocy::getIconLevel -EVDO
02-13 18:48:25.993 D/StatusBarPolicy(  326): getEvdoLevel_band_six -evdoDbm:-84
02-13 18:48:25.993 D/StatusBarPolicy(  326): getEvdoLevel_band_six -evdoEcio:-5
02-13 18:48:26.003 I/TelephonyRegistry(  256): notifyServiceState: 0 home Sprint  310099  EvDo rev. A CSS not supported 41 4139RoamInd: 1RoamStatus(sprint): 1DefRoamInd: 160EmergOnly: false
02-13 18:48:26.003 D/StatusBarPolicy(  326): onServiceStateChanged:0 home Sprint  310099  EvDo rev. A CSS not supported 41 4139RoamInd: 1RoamStatus(sprint): 1DefRoamInd: 160EmergOnly: falsefor subscription :0
02-13 18:48:26.003 D/StatusBarPolicy(  326): updateSignalStrength on subscription :0
02-13 18:48:26.003 D/StatusBarPolicy(  326): StatusBarPolocy::getIconLevel -EVDO
02-13 18:48:26.003 D/StatusBarPolicy(  326): getEvdoLevel_band_six -evdoDbm:-84
02-13 18:48:26.003 D/StatusBarPolicy(  326): getEvdoLevel_band_six -evdoEcio:-5
02-13 18:48:26.003 D/StatusBarPolicy(  326): updateDataIcon subscription =0
02-13 18:48:28.075 I/TelephonyRegistry(  256): notifyServiceState: 0 home Sprint  310099  EvDo rev. A CSS not supported 41 4139RoamInd: 1RoamStatus(sprint): 1DefRoamInd: 160EmergOnly: false
02-13 18:48:28.085 D/StatusBarPolicy(  326): onServiceStateChanged:0 home Sprint  310099  EvDo rev. A CSS not supported 41 4139RoamInd: 1RoamStatus(sprint): 1DefRoamInd: 160EmergOnly: falsefor subscription :0
02-13 18:48:28.085 D/StatusBarPolicy(  326): updateSignalStrength on subscription :0
02-13 18:48:28.085 D/StatusBarPolicy(  326): StatusBarPolocy::getIconLevel -EVDO
02-13 18:48:28.085 D/StatusBarPolicy(  326): getEvdoLevel_band_six -evdoDbm:-84
02-13 18:48:28.085 D/StatusBarPolicy(  326): getEvdoLevel_band_six -evdoEcio:-5
02-13 18:48:28.085 D/StatusBarPolicy(  326): updateDataIcon subscription =0
02-13 18:48:29.336 D/PowerManagerService(  256): setTimeoutLocked now=91320 timeoutOverride=-1 nextState=3 when=97320
02-13 18:48:29.336 W/WindowManager(  256): updateFocusedWindowLocked newFocus=null mode=3 mCurrentFocus = Window{4072e118 Keyguard paused=false}
02-13 18:48:29.336 W/WindowManager(  256): updateFocusedWindowLocked newFocus=Window{40823cd8 com.android.launcher/com.android.launcher2.Launcher paused=false} mode=2 mCurrentFocus = null
02-13 18:48:29.356 D/PowerManagerService(  256): setTimeoutLocked now=91339 timeoutOverride=-1 nextState=3 when=97339
02-13 18:48:30.988 I/ActivityManager(  256): Start proc com.android.mms for service com.android.mms/.transaction.TransactionService: pid=774 uid=10030 gids={3003, 1015}
02-13 18:48:32.560 D/StatusBarPolicy(  326): onSignalStrengthsChanged:SignalStrength: 99 0 -88 -90 -84 -10 8 99 2147483647 2147483647 2147483647 2147483647 cdma for subscription0
02-13 18:48:32.560 D/StatusBarPolicy(  326): updateSignalStrength on subscription :0
02-13 18:48:32.560 D/StatusBarPolicy(  326): StatusBarPolocy::getIconLevel -EVDO
02-13 18:48:32.570 D/StatusBarPolicy(  326): getEvdoLevel_band_six -evdoDbm:-84
02-13 18:48:32.570 D/StatusBarPolicy(  326): getEvdoLevel_band_six -evdoEcio:-10
02-13 18:48:33.320 D/PowerManagerService(  256): setTimeoutLocked now=95303 timeoutOverride=-1 nextState=3 when=101303
02-13 18:48:33.370 D/PowerManagerService(  256): setTimeoutLocked now=95354 timeoutOverride=-1 nextState=3 when=101354
02-13 18:48:33.370 I/ActivityManager(  256): Starting: Intent { act=android.intent.action.MAIN cat=[android.intent.category.LAUNCHER] flg=0x10200000 cmp=com.android.mms/.ui.ConversationList bnds=[163,337][237,416] } from pid 364
02-13 18:48:33.390 W/WindowManager(  256): updateFocusedWindowLocked newFocus=Window{40823cd8 com.android.launcher/com.android.launcher2.Launcher paused=false} mode=3 mCurrentFocus = Window{40823cd8 com.android.launcher/com.android.launcher2.Launcher paused=false}
02-13 18:48:33.420 W/WindowManager(  256): updateFocusedWindowLocked newFocus=null mode=0 mCurrentFocus = Window{40823cd8 com.android.launcher/com.android.launcher2.Launcher paused=true}
02-13 18:48:33.430 W/WindowManager(  256): updateFocusedWindowLocked newFocus=null mode=2 mCurrentFocus = null
02-13 18:48:33.430 W/WindowManager(  256): updateFocusedWindowLocked newFocus=null mode=2 mCurrentFocus = null
02-13 18:48:33.450 W/WindowManager(  256): updateFocusedWindowLocked newFocus=null mode=3 mCurrentFocus = null
02-13 18:48:34.812 D/StatusBarPolicy(  326): onSignalStrengthsChanged:SignalStrength: 99 0 -88 -90 -87 -10 8 99 2147483647 2147483647 2147483647 2147483647 cdma for subscription0
02-13 18:48:34.822 D/StatusBarPolicy(  326): updateSignalStrength on subscription :0
02-13 18:48:34.822 D/StatusBarPolicy(  326): StatusBarPolocy::getIconLevel -EVDO
02-13 18:48:34.832 D/StatusBarPolicy(  326): getEvdoLevel_band_six -evdoDbm:-87
02-13 18:48:34.832 D/StatusBarPolicy(  326): getEvdoLevel_band_six -evdoEcio:-10
02-13 18:48:35.462 W/WindowManager(  256): updateFocusedWindowLocked newFocus=Window{40901900 com.android.mms/com.android.mms.ui.ConversationList paused=false} mode=3 mCurrentFocus = null
02-13 18:48:35.653 W/WindowManager(  256): updateFocusedWindowLocked newFocus=Window{40901900 com.android.mms/com.android.mms.ui.ConversationList paused=false} mode=3 mCurrentFocus = Window{40901900 com.android.mms/com.android.mms.ui.ConversationList paused=false}
02-13 18:48:36.243 D/StatusBarPolicy(  326): onSignalStrengthsChanged:SignalStrength: 99 0 -91 -100 -87 -10 8 99 2147483647 2147483647 2147483647 2147483647 cdma for subscription0
02-13 18:48:36.243 D/StatusBarPolicy(  326): updateSignalStrength on subscription :0
02-13 18:48:36.243 D/StatusBarPolicy(  326): StatusBarPolocy::getIconLevel -EVDO
02-13 18:48:36.243 D/StatusBarPolicy(  326): getEvdoLevel_band_six -evdoDbm:-87
02-13 18:48:36.243 D/StatusBarPolicy(  326): getEvdoLevel_band_six -evdoEcio:-10
02-13 18:48:36.253 I/TelephonyRegistry(  256): notifyServiceState: 0 home Sprint  310099  EvDo rev. A CSS not supported 41 4139RoamInd: 1RoamStatus(sprint): 1DefRoamInd: 160EmergOnly: false
02-13 18:48:36.253 D/StatusBarPolicy(  326): onServiceStateChanged:0 home Sprint  310099  EvDo rev. A CSS not supported 41 4139RoamInd: 1RoamStatus(sprint): 1DefRoamInd: 160EmergOnly: falsefor subscription :0
02-13 18:48:36.253 D/StatusBarPolicy(  326): updateSignalStrength on subscription :0
02-13 18:48:36.253 D/StatusBarPolicy(  326): StatusBarPolocy::getIconLevel -EVDO
02-13 18:48:36.253 D/StatusBarPolicy(  326): getEvdoLevel_band_six -evdoDbm:-87
02-13 18:48:36.253 D/StatusBarPolicy(  326): getEvdoLevel_band_six -evdoEcio:-10
02-13 18:48:36.253 D/StatusBarPolicy(  326): updateDataIcon subscription =0
02-13 18:48:36.383 D/PowerManagerService(  256): setTimeoutLocked now=98365 timeoutOverride=-1 nextState=3 when=104365
02-13 18:48:36.423 D/PowerManagerService(  256): setTimeoutLocked now=98399 timeoutOverride=-1 nextState=3 when=104399
02-13 18:48:36.603 I/ActivityManager(  256): Starting: Intent { dat=content://mms-sms/conversations/1 cmp=com.android.mms/.ui.ComposeMessageActivity } from pid 774
02-13 18:48:36.613 W/WindowManager(  256): updateFocusedWindowLocked newFocus=null mode=0 mCurrentFocus = Window{40901900 com.android.mms/com.android.mms.ui.ConversationList paused=true}
02-13 18:48:36.834 W/WindowManager(  256): updateFocusedWindowLocked newFocus=Window{408ec828 com.android.mms/com.android.mms.ui.ComposeMessageActivity paused=false} mode=3 mCurrentFocus = null
02-13 18:48:36.884 W/WindowManager(  256): updateFocusedWindowLocked newFocus=Window{408ec828 com.android.mms/com.android.mms.ui.ComposeMessageActivity paused=false} mode=2 mCurrentFocus = Window{408ec828 com.android.mms/com.android.mms.ui.ComposeMessageActivity paused=false}
02-13 18:48:36.884 W/WindowManager(  256): updateFocusedWindowLocked newFocus=Window{408ec828 com.android.mms/com.android.mms.ui.ComposeMessageActivity paused=false} mode=2 mCurrentFocus = Window{408ec828 com.android.mms/com.android.mms.ui.ComposeMessageActivity paused=false}
02-13 18:48:36.894 W/WindowManager(  256): updateFocusedWindowLocked newFocus=Window{408ec828 com.android.mms/com.android.mms.ui.ComposeMessageActivity paused=false} mode=3 mCurrentFocus = Window{408ec828 com.android.mms/com.android.mms.ui.ComposeMessageActivity paused=false}
02-13 18:48:37.624 D/PowerManagerService(  256): setTimeoutLocked now=99607 timeoutOverride=-1 nextState=3 when=105607
02-13 18:48:37.795 D/PowerManagerService(  256): setTimeoutLocked now=99779 timeoutOverride=-1 nextState=3 when=105779
02-13 18:48:37.815 W/WindowManager(  256): updateFocusedWindowLocked newFocus=Window{408ec828 com.android.mms/com.android.mms.ui.ComposeMessageActivity paused=false} mode=3 mCurrentFocus = Window{408ec828 com.android.mms/com.android.mms.ui.ComposeMessageActivity paused=false}
02-13 18:48:38.335 W/WindowManager(  256): updateFocusedWindowLocked newFocus=Window{408ec828 com.android.mms/com.android.mms.ui.ComposeMessageActivity paused=false} mode=3 mCurrentFocus = Window{408ec828 com.android.mms/com.android.mms.ui.ComposeMessageActivity paused=false}
