02-13 18:51:33.346 I/RILC    (  112): qmi_ril(0/112): [main] qcril_qmi_nas_util_convert_nas_srv_status_to_ril_reg_status ... srv_capability_valid, srv_capability 1, 3
02-13 18:51:33.346 I/RILC    (  112): qmi_ril(0/112): [main] qcril_qmi_nas_util_convert_nas_srv_status_to_ril_reg_status ... srv_domain_valid, srv_domain 1, 3
02-13 18:51:33.346 I/RILC    (  112): qmi_ril(0/112): [main] qcril_qmi_nas_util_convert_nas_srv_status_to_ril_reg_status ... intermediate res 2 5
02-13 18:51:33.346 I/RILC    (  112): qmi_ril(0/112): [main] qcril_qmi_nas_util_convert_nas_srv_status_to_ril_reg_status ... hdr_only_sys_info 0
02-13 18:51:33.346 I/RILC    (  112): qmi_ril(0/112): [main] qcril_qmi_nas_util_convert_nas_srv_status_to_ril_reg_status ... intermediate res 3 5
02-13 18:51:33.346 I/RILC    (  112): qmi_ril(0/112): [main] qcril_qmi_nas_util_convert_nas_srv_status_to_ril_reg_status ... is_sys_forbidden_valid, is_sys_forbidden 1, 0
02-13 18:51:33.346 I/RILC    (  112): qmi_ril(0/112): [main] qcril_qmi_nas_util_convert_nas_srv_status_to_ril_reg_status qcril_qmi_nas_util_convert_nas_srv_status_to_ril_reg_status complete with 5
02-13 18:51:33.346 I/RILC    (  112): qmi_ril(0/112): [main] qcril_qmi_nas_util_convert_nas_srv_status_to_ril_reg_status  qcril_qmi_nas_util_convert_nas_srv_status_to_ril_reg_status entered
02-13 18:51:33.346 D/RILC    (  112): qmi_ril(0/112): [main] qcril_qmi_util_retrieve_srv_status qcril_qmi_util_retrieve_srv_status completed with 2
02-13 18:51:33.346 I/RILC    (  112): qmi_ril(0/112): [main] qcril_qmi_nas_util_convert_nas_srv_status_to_ril_reg_status ... nas_srv_status 2, is_data 0, is_3gpp 0, is_hdr 1
02-13 18:51:33.346 I/RILC    (  112): qmi_ril(0/112): [main] qcril_qmi_nas_util_convert_nas_srv_status_to_ril_reg_status ... intermediate res 1 1
02-13 18:51:33.346 I/RILC    (  112): qmi_ril(0/112): [main] qcril_qmi_nas_util_convert_nas_srv_status_to_ril_reg_status ... common_sys_info 112592
02-13 18:51:33.346 I/RILC    (  112): qmi_ril(0/112): [main] qcril_qmi_nas_util_convert_nas_srv_status_to_ril_reg_status ... srv_capability_valid, srv_capability 1, 2
02-13 18:51:33.346 I/RILC    (  112): qmi_ril(0/112): [main] qcril_qmi_nas_util_convert_nas_srv_status_to_ril_reg_status ... srv_domain_valid, srv_domain 1, 2
02-13 18:51:33.346 I/RILC    (  112): qmi_ril(0/112): [main] qcril_qmi_nas_util_convert_nas_srv_status_to_ril_reg_status ... intermediate res 2 0
02-13 18:51:33.346 I/RILC    (  112): qmi_ril(0/112): [main] qcril_qmi_nas_util_convert_nas_srv_status_to_ril_reg_status ... hdr_only_sys_info 112624
02-13 18:51:33.346 I/RILC    (  112): qmi_ril(0/112): [main] qcril_qmi_nas_util_convert_nas_srv_status_to_ril_reg_status ... intermediate res 3 0
02-13 18:51:33.346 I/RILC    (  112): qmi_ril(0/112): [main] qcril_qmi_nas_util_convert_nas_srv_status_to_ril_reg_status ... is_sys_forbidden_valid, is_sys_forbidden 1, 0
02-13 18:51:33.346 I/RILC    (  112): qmi_ril(0/112): [main] qcril_qmi_nas_util_convert_nas_srv_status_to_ril_reg_status qcril_qmi_nas_util_convert_nas_srv_status_to_ril_reg_status complete with 0
02-13 18:51:33.346 I/RILC    (  112): qmi_ril(0/112): [main] qmi_ril_nwr_update_reg_rej_from_sys_info .. 1x reg 5
02-13 18:51:33.346 I/RILC    (  112): qmi_ril(0/112): [main] qmi_ril_nwr_update_reg_rej_from_sys_info .. gsm reg 0
02-13 18:51:33.346 I/RILC    (  112): qmi_ril(0/112): [main] qmi_ril_nwr_update_reg_rej_from_sys_info .. wcdma reg 0
02-13 18:51:33.346 I/RILC    (  112): qmi_ril(0/112): [main] qmi_ril_nwr_update_reg_rej_from_sys_info .. lte reg 0
02-13 18:51:33.346 I/RILC    (  112): qmi_ril(0/112): [main] qmi_ril_nwr_update_reg_rej_from_sys_info .. hdr reg 0
02-13 18:51:33.346 I/RILC    (  112): qmi_ril(0/112): [main] qmi_ril_nwr_update_reg_rej_from_sys_info .. ext info is_reject_case 0, is_managed_roaming 0, reject_cause 0
02-13 18:51:33.346 I/RILC    (  112): qmi_ril(0/112): [main] qmi_ril_nwr_update_reg_rej_from_sys_info .. rte 1 reje CS cs_rejected 0
02-13 18:51:33.346 I/RILC    (  112): qmi_ril(0/112): [main] qmi_ril_nwr_update_reg_rej_from_sys_info .. rte 1 reje CS cs_reject_cause 0
02-13 18:51:33.346 I/RILC    (  112): qmi_ril(0/112): [main] qmi_ril_nwr_util_log_mccmnc_str .. reje mcc - 
02-13 18:51:33.346 I/RILC    (  112): qmi_ril(0/112): [main] qmi_ril_nwr_util_log_mccmnc_str .. reje mnc - 
02-13 18:51:33.346 I/RILC    (  112): qmi_ril(0/112): [main] qmi_ril_nwr_update_reg_rej_from_sys_info .. ext info is_reject_case 0, is_managed_roaming 0, reject_cause 0
02-13 18:51:33.346 I/RILC    (  112): qmi_ril(0/112): [main] qmi_ril_nwr_update_reg_rej_from_sys_info .. rte 2 reje CS cs_rejected 0
02-13 18:51:33.346 I/RILC    (  112): qmi_ril(0/112): [main] qmi_ril_nwr_update_reg_rej_from_sys_info .. rte 2 reje CS cs_reject_cause 0
02-13 18:51:33.346 I/RILC    (  112): qmi_ril(0/112): [main] qmi_ril_nwr_util_log_mccmnc_str .. reje mcc - 
02-13 18:51:33.346 I/RILC    (  112): qmi_ril(0/112): [main] qmi_ril_nwr_util_log_mccmnc_str .. reje mnc - 
02-13 18:51:33.346 I/RILC    (  112): qmi_ril(0/112): [main] qmi_ril_nwr_update_reg_rej_from_sys_info .. ext info is_reject_case 0, is_managed_roaming 0, reject_cause 0
02-13 18:51:33.346 I/RILC    (  112): qmi_ril(0/112): [main] qmi_ril_nwr_update_reg_rej_from_sys_info .. rte 3 reje CS cs_rejected 0
02-13 18:51:33.346 I/RILC    (  112): qmi_ril(0/112): [main] qmi_ril_nwr_update_reg_rej_from_sys_info .. rte 3 reje CS cs_reject_cause 0
02-13 18:51:33.346 I/RILC    (  112): qmi_ril(0/112): [main] qmi_ril_nwr_util_log_mccmnc_str .. reje mcc - 
02-13 18:51:33.346 I/RILC    (  112): qmi_ril(0/112): [main] qmi_ril_nwr_util_log_mccmnc_str .. reje mnc - 
02-13 18:51:33.346 I/RILC    (  112): qmi_ril(0/112): [main] qmi_ril_nwr_update_reg_rej_from_sys_info .. ext info is_reject_case 0, is_managed_roaming 0, reject_cause 0
02-13 18:51:33.346 I/RILC    (  112): qmi_ril(0/112): [main] qmi_ril_nwr_update_reg_rej_from_sys_info .. rte 4 reje CS cs_rejected 0
02-13 18:51:33.346 I/RILC    (  112): qmi_ril(0/112): [main] qmi_ril_nwr_update_reg_rej_from_sys_info .. rte 4 reje CS cs_reject_cause 0
02-13 18:51:33.346 I/RILC    (  112): qmi_ril(0/112): [main] qmi_ril_nwr_util_log_mccmnc_str .. reje mcc - 
02-13 18:51:33.346 I/RILC    (  112): qmi_ril(0/112): [main] qmi_ril_nwr_util_log_mccmnc_str .. reje mnc - 
02-13 18:51:33.346 I/RILC    (  112): qmi_ril(0/112): [main] qmi_ril_nwr_update_reg_rej_from_sys_info .. ext info is_reject_case 0, is_managed_roaming 0, reject_cause 0
02-13 18:51:33.346 I/RILC    (  112): qmi_ril(0/112): [main] qmi_ril_nwr_update_reg_rej_from_sys_info .. rte 5 reje CS cs_rejected 0
02-13 18:51:33.346 I/RILC    (  112): qmi_ril(0/112): [main] qmi_ril_nwr_update_reg_rej_from_sys_info .. rte 5 reje CS cs_reject_cause 0
02-13 18:51:33.346 I/RILC    (  112): qmi_ril(0/112): [main] qmi_ril_nwr_util_log_mccmnc_str .. reje mcc - 
02-13 18:51:33.346 I/RILC    (  112): qmi_ril(0/112): [main] qmi_ril_nwr_util_log_mccmnc_str .. reje mnc - 
02-13 18:51:33.346 I/RILC    (  112): qmi_ril(0/112): [main] qcril_qmi_nas_util_convert_nas_srv_status_to_ril_reg_status  qcril_qmi_nas_util_convert_nas_srv_status_to_ril_reg_status entered
02-13 18:51:33.346 D/RILC    (  112): qmi_ril(0/112): [main] qcril_qmi_util_retrieve_srv_status qcril_qmi_util_retrieve_srv_status completed with 2
02-13 18:51:33.346 I/RILC    (  112): qmi_ril(0/112): [main] qcril_qmi_nas_util_convert_nas_srv_status_to_ril_reg_status ... nas_srv_status 2, is_data 1, is_3gpp 0, is_hdr 0
02-13 18:51:33.346 I/RILC    (  112): qmi_ril(0/112): [main] qcril_qmi_nas_util_convert_nas_srv_status_to_ril_reg_status ... intermediate res 1 5
02-13 18:51:33.346 I/RILC    (  112): qmi_ril(0/112): [main] qcril_qmi_nas_util_convert_nas_srv_status_to_ril_reg_status ... common_sys_info 112512
02-13 18:51:33.346 I/RILC    (  112): qmi_ril(0/112): [main] qcril_qmi_nas_util_convert_nas_srv_status_to_ril_reg_status ... srv_capability_valid, srv_capability 1, 3
02-13 18:51:33.346 I/RILC    (  112): qmi_ril(0/112): [main] qcril_qmi_nas_util_convert_nas_srv_status_to_ril_reg_status ... srv_domain_valid, srv_domain 1, 3
02-13 18:51:33.346 I/RILC    (  112): qmi_ril(0/112): [main] qcril_qmi_nas_util_convert_nas_srv_status_to_ril_reg_status ... intermediate res 2 5
02-13 18:51:33.346 I/RILC    (  112): qmi_ril(0/112): [main] qcril_qmi_nas_util_convert_nas_srv_status_to_ril_reg_status ... hdr_only_sys_info 0
02-13 18:51:33.346 I/RILC    (  112): qmi_ril(0/112): [main] qcril_qmi_nas_util_convert_nas_srv_status_to_ril_reg_status ... intermediate res 3 5
02-13 18:51:33.346 I/RILC    (  112): qmi_ril(0/112): [main] qcril_qmi_nas_util_convert_nas_srv_status_to_ril_reg_status ... is_sys_forbidden_valid, is_sys_forbidden 1, 0
02-13 18:51:33.346 I/RILC    (  112): qmi_ril(0/112): [main] qcril_qmi_nas_util_convert_nas_srv_status_to_ril_reg_status qcril_qmi_nas_util_convert_nas_srv_status_to_ril_reg_status complete with 5
02-13 18:51:33.346 I/RILC    (  112): qmi_ril(0/112): [main] qcril_qmi_nas_util_convert_nas_srv_status_to_ril_reg_status  qcril_qmi_nas_util_convert_nas_srv_status_to_ril_reg_status entered
02-13 18:51:33.346 D/RILC    (  112): qmi_ril(0/112): [main] qcril_qmi_util_retrieve_srv_status qcril_qmi_util_retrieve_srv_status completed with 2
02-13 18:51:33.346 I/RILC    (  112): qmi_ril(0/112): [main] qcril_qmi_nas_util_convert_nas_srv_status_to_ril_reg_status ... nas_srv_status 2, is_data 1, is_3gpp 0, is_hdr 1
02-13 18:51:33.346 I/RILC    (  112): qmi_ril(0/112): [main] qcril_qmi_nas_util_convert_nas_srv_status_to_ril_reg_status ... intermediate res 1 1
02-13 18:51:33.346 I/RILC    (  112): qmi_ril(0/112): [main] qcril_qmi_nas_util_convert_nas_srv_status_to_ril_reg_status ... common_sys_info 112592
02-13 18:51:33.346 I/RILC    (  112): qmi_ril(0/112): [main] qcril_qmi_nas_util_convert_nas_srv_status_to_ril_reg_status ... srv_capability_valid, srv_capability 1, 2
02-13 18:51:33.346 I/RILC    (  112): qmi_ril(0/112): [main] qcril_qmi_nas_util_convert_nas_srv_status_to_ril_reg_status ... srv_domain_valid, srv_domain 1, 2
02-13 18:51:33.346 I/RILC    (  112): qmi_ril(0/112): [main] qcril_qmi_nas_util_convert_nas_srv_status_to_ril_reg_status ... intermediate res 2 1
02-13 18:51:33.346 I/RILC    (  112): qmi_ril(0/112): [main] qcril_qmi_nas_util_convert_nas_srv_status_to_ril_reg_status ... hdr_only_sys_info 112624
02-13 18:51:33.346 I/RILC    (  112): qmi_ril(0/112): [main] qcril_qmi_nas_util_convert_nas_srv_status_to_ril_reg_status ... hdr_active_prot_valid, hdr_personality_valid 1, 1
02-13 18:51:33.346 I/RILC    (  112): qmi_ril(0/112): [main] qcril_qmi_nas_util_convert_nas_srv_status_to_ril_reg_status ... intermediate res 3 1
02-13 18:51:33.346 I/RILC    (  112): qmi_ril(0/112): [main] qcril_qmi_nas_util_convert_nas_srv_status_to_ril_reg_status ... is_sys_forbidden_valid, is_sys_forbidden 1, 0
02-13 18:51:33.346 I/RILC    (  112): qmi_ril(0/112): [main] qcril_qmi_nas_util_convert_nas_srv_status_to_ril_reg_status qcril_qmi_nas_util_convert_nas_srv_status_to_ril_reg_status complete with 1
02-13 18:51:33.346 I/RILC    (  112): qmi_ril(0/112): [main] qmi_ril_nwr_update_reg_rej_from_sys_info .. 1x reg data 5
02-13 18:51:33.346 I/RILC    (  112): qmi_ril(0/112): [main] qmi_ril_nwr_update_reg_rej_from_sys_info .. gsm reg data 0
02-13 18:51:33.346 I/RILC    (  112): qmi_ril(0/112): [main] qmi_ril_nwr_update_reg_rej_from_sys_info .. wcdma reg data  0
02-13 18:51:33.346 I/RILC    (  112): qmi_ril(0/112): [main] qmi_ril_nwr_update_reg_rej_from_sys_info .. lte reg data 0
02-13 18:51:33.346 I/RILC    (  112): qmi_ril(0/112): [main] qmi_ril_nwr_update_reg_rej_from_sys_info .. hdr reg data 1
02-13 18:51:33.346 I/RILC    (  112): qmi_ril(0/112): [main] qmi_ril_nwr_update_reg_rej_from_sys_info .. rte 1 reje PS ps_rejected 0
02-13 18:51:33.346 I/RILC    (  112): qmi_ril(0/112): [main] qmi_ril_nwr_update_reg_rej_from_sys_info .. rte 1 reje PS ps_reject_cause 0
02-13 18:51:33.346 I/RILC    (  112): qmi_ril(0/112): [main] qmi_ril_nwr_util_log_mccmnc_str .. data reje mcc - 
02-13 18:51:33.346 I/RILC    (  112): qmi_ril(0/112): [main] qmi_ril_nwr_util_log_mccmnc_str .. data reje mnc - 
02-13 18:51:33.346 I/RILC    (  112): qmi_ril(0/112): [main] qmi_ril_nwr_update_reg_rej_from_sys_info .. rte 2 reje PS ps_rejected 0
02-13 18:51:33.346 I/RILC    (  112): qmi_ril(0/112): [main] qmi_ril_nwr_update_reg_rej_from_sys_info .. rte 2 reje PS ps_reject_cause 0
02-13 18:51:33.346 I/RILC    (  112): qmi_ril(0/112): [main] qmi_ril_nwr_util_log_mccmnc_str .. data reje mcc - 
02-13 18:51:33.346 I/RILC    (  112): qmi_ril(0/112): [main] qmi_ril_nwr_util_log_mccmnc_str .. data reje mnc - 
02-13 18:51:33.346 I/RILC    (  112): qmi_ril(0/112): [main] qmi_ril_nwr_update_reg_rej_from_sys_info .. rte 3 reje PS ps_rejected 0
02-13 18:51:33.346 I/RILC    (  112): qmi_ril(0/112): [main] qmi_ril_nwr_update_reg_rej_from_sys_info .. rte 3 reje PS ps_reject_cause 0
02-13 18:51:33.346 I/RILC    (  112): qmi_ril(0/112): [main] qmi_ril_nwr_util_log_mccmnc_str .. data reje mcc - 
02-13 18:51:33.346 I/RILC    (  112): qmi_ril(0/112): [main] qmi_ril_nwr_util_log_mccmnc_str .. data reje mnc - 
02-13 18:51:33.346 I/RILC    (  112): qmi_ril(0/112): [main] qmi_ril_nwr_update_reg_rej_from_sys_info .. rte 4 reje PS ps_rejected 0
02-13 18:51:33.346 I/RILC    (  112): qmi_ril(0/112): [main] qmi_ril_nwr_update_reg_rej_from_sys_info .. rte 4 reje PS ps_reject_cause 0
02-13 18:51:33.346 I/RILC    (  112): qmi_ril(0/112): [main] qmi_ril_nwr_util_log_mccmnc_str .. data reje mcc - 
02-13 18:51:33.346 I/RILC    (  112): qmi_ril(0/112): [main] qmi_ril_nwr_util_log_mccmnc_str .. data reje mnc - 
02-13 18:51:33.346 I/RILC    (  112): qmi_ril(0/112): [main] qmi_ril_nwr_update_reg_rej_from_sys_info .. rte 5 reje PS ps_rejected 0
02-13 18:51:33.346 I/RILC    (  112): qmi_ril(0/112): [main] qmi_ril_nwr_update_reg_rej_from_sys_info .. rte 5 reje PS ps_reject_cause 0
02-13 18:51:33.346 I/RILC    (  112): qmi_ril(0/112): [main] qmi_ril_nwr_util_log_mccmnc_str .. data reje mcc - 
02-13 18:51:33.346 I/RILC    (  112): qmi_ril(0/112): [main] qmi_ril_nwr_util_log_mccmnc_str .. data reje mnc - 
02-13 18:51:33.346 I/RILC    (  112): qmi_ril(0/112): [main] qmi_ril_nwr_update_reg_rej_from_sys_info qmi_ril_nwr_update_reg_rej_from_sys_info completed
02-13 18:51:33.346 I/RILC    (  112): qmi_ril(0/112): [main] qcril_qmi_nas_fetch_sys_info qcril_qmi_nas_fetch_sys_info res 0 
02-13 18:51:33.346 I/RILC    (  112): qmi_ril(0/112): [main] qcril_qmi_nas_request_registration_state qcril_qmi_nas_request_registration_state forming response
02-13 18:51:33.346 I/RILC    (  112): qmi_ril(0/112): [main] qcril_qmi_nas_request_registration_state ***zyj*** qcril_qmi_nas_request_registration_state nas_cached_info.serving_system->registration_state=1
02-13 18:51:33.346 I/RILC    (  112): qmi_ril(0/112): [main] qcril_qmi_nas_request_registration_state pre - cur reg state 1
02-13 18:51:33.346 I/RILC    (  112): qmi_ril(0/112): [main] qcril_qmi_nas_request_registration_state qcril_qmi_nas_request_registration_state cur reg state 1
02-13 18:51:33.346 I/RILC    (  112): qmi_ril(0/112): [main] qcril_qmi_nas_is_in_service_of_technology qcril_qmi_nas_is_in_service_of_technology entered
02-13 18:51:33.346 I/RILC    (  112): qmi_ril(0/112): [main] qcril_qmi_nas_is_in_service_of_technology qcril_qmi_nas_is_in_service_of_technology completed with 0
02-13 18:51:33.346 I/RILC    (  112): qmi_ril(0/112): [main] qcril_qmi_nas_is_in_service_of_technology qcril_qmi_nas_is_in_service_of_technology entered
02-13 18:51:33.346 I/RILC    (  112): qmi_ril(0/112): [main] qcril_qmi_nas_is_in_service_of_technology qcril_qmi_nas_is_in_service_of_technology completed with 0
02-13 18:51:33.346 I/RILC    (  112): qmi_ril(0/112): [main] qcril_qmi_nas_request_registration_state .. cdma p_rev valid 1
02-13 18:51:33.346 I/RILC    (  112): qmi_ril(0/112): [main] qcril_qmi_nas_request_registration_state .. cdma p_rev 6
02-13 18:51:33.346 I/RILC    (  112): qmi_ril(0/112): [main] qcril_qmi_nas_is_in_service_of_technology qcril_qmi_nas_is_in_service_of_technology entered
02-13 18:51:33.346 I/RILC    (  112): qmi_ril(0/112): [main] qcril_qmi_nas_is_in_service_of_technology qcril_qmi_nas_is_in_service_of_technology completed with 1
02-13 18:51:33.346 I/RILC    (  112): qmi_ril(0/112): [main] qcril_qmi_nas_request_registration_state .. rg 0 - 1
02-13 18:51:33.346 I/RILC    (  112): qmi_ril(0/112): [main] qcril_qmi_nas_request_registration_state .. rg 1 - 
02-13 18:51:33.346 I/RILC    (  112): qmi_ril(0/112): [main] qcril_qmi_nas_request_registration_state .. rg 2 - 
02-13 18:51:33.346 I/RILC    (  112): qmi_ril(0/112): [main] qcril_qmi_nas_request_registration_state .. rg 3 - 6
02-13 18:51:33.346 I/RILC    (  112): qmi_ril(0/112): [main] qcril_qmi_nas_request_registration_state .. rg 4 - 5171
02-13 18:51:33.346 I/RILC    (  112): qmi_ril(0/112): [main] qcril_qmi_nas_request_registration_state .. rg 5 - 560135
02-13 18:51:33.346 I/RILC    (  112): qmi_ril(0/112): [main] qcril_qmi_nas_request_registration_state .. rg 6 - -1363474
02-13 18:51:33.346 I/RILC    (  112): qmi_ril(0/112): [main] qcril_qmi_nas_request_registration_state .. rg 7 - 0
02-13 18:51:33.346 I/RILC    (  112): qmi_ril(0/112): [main] qcril_qmi_nas_request_registration_state .. rg 8 - 4139
02-13 18:51:33.346 I/RILC    (  112): qmi_ril(0/112): [main] qcril_qmi_nas_request_registration_state .. rg 9 - 41
02-13 18:51:33.346 I/RILC    (  112): qmi_ril(0/112): [main] qcril_qmi_nas_request_registration_state .. rg 10 - 1
02-13 18:51:33.346 I/RILC    (  112): qmi_ril(0/112): [main] qcril_qmi_nas_request_registration_state .. rg 11 - 1
02-13 18:51:33.346 I/RILC    (  112): qmi_ril(0/112): [main] qcril_qmi_nas_request_registration_state .. rg 12 - 160
02-13 18:51:33.346 I/RILC    (  112): qmi_ril(0/112): [main] qcril_qmi_nas_request_registration_state .. rg 13 - 0
02-13 18:51:33.346 I/RILC    (  112): qmi_ril(0/112): [main] qcril_qmi_nas_request_registration_state .. rg 14 - 0
02-13 18:51:33.346 I/RILC    (  112): qmi_ril(0/112): [main] qcril_reqlist_find [RID 0] Not found ReqList entry : token id 144
02-13 18:51:33.346 D/RILC    (  112): qmi_ril(0/112): [main] qcril_send_request_response UI <--- RIL_REQUEST_REGISTRATION_STATE (20) Complete --- RIL [RID 0, Token 144, Success, Len 60 ]
02-13 18:51:33.356 D/RILJ    (  342): [0144]< REGISTRATION_STATE {1,null,null,6,5171,560135,-1363474,0,4139,41,1,1,160,0,0}
02-13 18:51:33.356 I/RILC    (  112): qmi_ril(0/112): [main] qcril_qmi_nas_request_registration_state .. need to report cs/ps bar 0
02-13 18:51:33.356 I/RILC    (  112): qmi_ril(0/112): [main] qcril_qmi_nas_request_registration_state qcril_qmi_nas_request_registration_state completed with 0
02-13 18:51:33.356 D/RILC    (  112): qmi_ril(0/112): [main] onRequest UI --- RIL_REQUEST_DATA_REGISTRATION_STATE (21) ---> RIL [RID 0, token id 145, data len 0]
02-13 18:51:33.356 I/RILC    (  112): qmi_ril(0/112): [main] qcril_qmi_nas_request_data_registration_state qcril_qmi_nas_request_data_registration_state entered
02-13 18:51:33.356 I/RILC    (  112): qmi_ril(0/112): [main] qcril_qmi_nas_is_in_service_of_technology qcril_qmi_nas_is_in_service_of_technology entered
02-13 18:51:33.356 I/RILC    (  112): qmi_ril(0/112): [main] qcril_qmi_nas_is_in_service_of_technology qcril_qmi_nas_is_in_service_of_technology completed with 0
02-13 18:51:33.356 I/RILC    (  112): qmi_ril(0/112): [main] qcril_qmi_nas_is_in_service_of_technology qcril_qmi_nas_is_in_service_of_technology entered
02-13 18:51:33.356 I/RILC    (  112): qmi_ril(0/112): [main] qcril_qmi_nas_is_in_service_of_technology qcril_qmi_nas_is_in_service_of_technology completed with 1
02-13 18:51:33.356 I/RILC    (  112): qmi_ril(0/112): [main] qcril_qmi_nas_request_data_registration_state  ... QMI NAS reg_state 1
02-13 18:51:33.356 I/RILC    (  112): qmi_ril(0/112): [main] qcril_qmi_nas_request_data_registration_state  ... cache valid for data_caps 1
02-13 18:51:33.356 I/RILC    (  112): qmi_ril(0/112): [main] qcril_qmi_nas_request_data_registration_state  ... cache valid for data_caps_len 2
02-13 18:51:33.356 I/RILC    (  112): qmi_ril(0/112): [main] qcril_qmi_nas_request_data_registration_state  ... ps attach state 1
02-13 18:51:33.356 I/RILC    (  112): qmi_ril(0/112): [main] qcril_qmi_nas_request_data_registration_state Xinjingqcril_qmi_nas_request_data_registration_state cur reg state 1
02-13 18:51:33.356 I/RILC    (  112): qmi_ril(0/112): [main] qcril_qmi_nas_request_data_registration_state .. pre  cur reg state 1
02-13 18:51:33.356 I/RILC    (  112): qmi_ril(0/112): [main] qcril_qmi_nas_request_data_registration_state qcril_qmi_nas_request_data_registration_state cur reg state 1
02-13 18:51:33.356 I/RILC    (  112): qmi_ril(0/112): [main] qcril_qmi_nas_is_in_service_of_technology qcril_qmi_nas_is_in_service_of_technology entered
02-13 18:51:33.356 I/RILC    (  112): qmi_ril(0/112): [main] qcril_qmi_nas_is_in_service_of_technology qcril_qmi_nas_is_in_service_of_technology completed with 0
02-13 18:51:33.356 I/RILC    (  112): qmi_ril(0/112): [main] qcril_qmi_nas_is_in_service_of_technology qcril_qmi_nas_is_in_service_of_technology entered
02-13 18:51:33.356 I/RILC    (  112): qmi_ril(0/112): [main] qcril_qmi_nas_is_in_service_of_technology qcril_qmi_nas_is_in_service_of_technology completed with 0
02-13 18:51:33.356 I/RILC    (  112): qmi_ril(0/112): [main] qcril_qmi_nas_request_data_registration_state .. data caps 1, 2
02-13 18:51:33.356 I/RILC    (  112): qmi_ril(0/112): [main] qcril_qmi_nas_request_data_registration_state .. detailed info val 1
02-13 18:51:33.356 I/RILC    (  112): qmi_ril(0/112): [main] qcril_qmi_nas_request_data_registration_state .. detailed info srv_cap 3
02-13 18:51:33.356 I/RILC    (  112): qmi_ril(0/112): [main] qcril_qmi_nas_request_data_registration_state .. legacy data cap 6
02-13 18:51:33.356 I/RILC    (  112): qmi_ril(0/112): [main] qcril_qmi_nas_request_data_registration_state .. final legacy data cap 8
02-13 18:51:33.356 I/RILC    (  112): qmi_ril(0/112): [main] qcril_qmi_nas_request_data_registration_state .. ehrpd adjustment check 8
02-13 18:51:33.356 I/RILC    (  112): qmi_ril(0/112): [main] qcril_qmi_nas_request_data_registration_state .. detailed_service_info val, nas_cached_info.hdr_personality val  1, 1
02-13 18:51:33.356 I/RILC    (  112): qmi_ril(0/112): [main] qcril_qmi_nas_request_data_registration_state .. hdr status, hdr_hybrid  2, 1
02-13 18:51:33.356 I/RILC    (  112): qmi_ril(0/112): [main] qcril_qmi_nas_request_data_registration_state .. hdr_personality check 1
02-13 18:51:33.356 I/RILC    (  112): qmi_ril(0/112): [main] qcril_qmi_nas_request_data_registration_state .. rg 0 - 1
02-13 18:51:33.356 I/RILC    (  112): qmi_ril(0/112): [main] qcril_qmi_nas_request_data_registration_state .. rg 1 - 
02-13 18:51:33.356 I/RILC    (  112): qmi_ril(0/112): [main] qcril_qmi_nas_request_data_registration_state .. rg 2 - 
02-13 18:51:33.356 I/RILC    (  112): qmi_ril(0/112): [main] qcril_qmi_nas_request_data_registration_state .. rg 3 - 8
02-13 18:51:33.356 I/RILC    (  112): qmi_ril(0/112): [main] qcril_qmi_nas_request_data_registration_state .. rg 4 - 0
02-13 18:51:33.356 I/RILC    (  112): qmi_ril(0/112): [main] qcril_qmi_nas_request_data_registration_state .. rg 5 - 20
02-13 18:51:33.356 I/RILC    (  112): qmi_ril(0/112): [main] qcril_reqlist_find [RID 0] Not found ReqList entry : token id 145
02-13 18:51:33.356 D/RILC    (  112): qmi_ril(0/112): [main] qcril_send_request_response UI <--- RIL_REQUEST_DATA_REGISTRATION_STATE (21) Complete --- RIL [RID 0, Token 145, Success, Len 24 ]
02-13 18:51:33.356 D/RILJ    (  342): [0145]< DATA_REGISTRATION_STATE {1,null,null,8,0,20}
02-13 18:51:33.356 I/RILC    (  112): qmi_ril(0/112): [main] qcril_qmi_nas_request_data_registration_state qcril_qmi_nas_request_data_registration_state complete with 0
02-13 18:51:33.366 D/CDMA    (  342): [CdmaServiceStateTracker] ***zyj*** roamingstaus:1
02-13 18:51:33.366 D/CDMA    (  342): [CdmaServiceStateTracker] ***zyj*** namMatch && mIsInPrll
02-13 18:51:33.366 D/CDMA    (  342): [CdmaServiceStateTracker] ***zyj*** ind <=2 set ind off
02-13 18:51:33.366 D/CDMA    (  342): [CdmaServiceStateTracker] Set CDMA Roaming Indicator to: 1. mCdmaRoaming = false, isPrlLoaded = true. namMatch = true , mIsInPrl = true, mRoamingIndicator = 1, mDefaultRoamingIndicator= 160
02-13 18:51:33.366 D/CDMA    (  342): [CdmaServiceStateTracker] Poll ServiceState done: oldSS=[0 home Sprint  310099  1xRTT CSS not supported 41 4139RoamInd: 1RoamStatus(sprint): 1DefRoamInd: 160EmergOnly: false] newSS=[0 home null  310099  1xRTT CSS not supported 41 4139RoamInd: 1RoamStatus(sprint): 1DefRoamInd: 160EmergOnly: false]
02-13 18:51:36.249 I/RILC    (  112): qmi_ril(0/112): [qmi_cb] qcril_qmi_nas_unsolicited_indication_cb invoked msg 0x2
02-13 18:51:36.249 I/RILC    (  112): qmi_ril(0/112): [qmi_cb] qcril_qmi_nas_is_considered_registered qcril_qmi_nas_is_considered_registered entered
02-13 18:51:36.249 I/RILC    (  112): qmi_ril(0/112): [qmi_cb] qcril_qmi_nas_is_considered_registered qcril_qmi_nas_is_considered_registered completed with 1
02-13 18:51:36.249 I/RILC    (  112): qmi_ril(0/112): [qmi_cb] qcril_qmi_nas_event_report_ind_conv_qmi2ril qcril_qmi_nas_event_report_ind_conv_qmi2ril entered
02-13 18:51:36.249 I/RILC    (  112): qmi_ril(0/112): [qmi_cb] qcril_qmi_nas_event_report_ind_conv_qmi2ril .. reg reject valid 0
02-13 18:51:36.249 I/RILC    (  112): qmi_ril(0/112): [qmi_cb] qcril_qmi_nas_event_report_ind_conv_qmi2ril qcril_qmi_nas_event_report_ind_conv_qmi2ril completed
02-13 18:51:36.249 I/RILC    (  112): qmi_ril(0/112): [qmi_cb] qcril_qmi_nas_is_considered_registered qcril_qmi_nas_is_considered_registered entered
02-13 18:51:36.249 I/RILC    (  112): qmi_ril(0/112): [qmi_cb] qcril_qmi_nas_is_considered_registered qcril_qmi_nas_is_considered_registered completed with 1
02-13 18:51:36.249 D/RILC    (  112): qmi_ril(0/112): [qmi_cb] qcril_event_queue Event [<Unknown event> ?, 655370] data was NULL!
02-13 18:51:36.249 D/RILC    (  112): qmi_ril(0/112): [event] qcril_event_main qcril_event_main(): 1 items on queue
02-13 18:51:36.249 D/RILC    (  112): qmi_ril(0/112): [event] qcril_event_main RID 0 MID 0 De-queued event <Unknown event> ? (655370)
02-13 18:51:36.249 D/RILC    (  112): qmi_ril(0/112): [event] qcril_process_event RIL <--- <Unknown event> ?(655370), RID 0, MID 0 --- AMSS
02-13 18:51:36.249 I/RILC    (  112): qmi_ril(0/112): [event] qcril_qmi_trigger_propagate_known_signal_strength_ind qcril_qmi_trigger_propagate_known_signal_strength_ind received
02-13 18:51:36.249 I/RILC    (  112): qmi_ril(0/112): [event] qcril_qmi_nas_propagate_known_signal_strength_ind qcril_qmi_nas_propagate_known_signal_strength_ind entered
02-13 18:51:36.249 I/RILC    (  112): qmi_ril(0/112): [event] qcril_qmi_nas_fetch_signal_strength_observations qcril_qmi_nas_fetch_signal_strength_observations entered
02-13 18:51:36.249 I/RILC    (  112): qmi_ril(0/112): [event] qcril_qmi_nas_fetch_signal_strength_observations ..req mask 35
02-13 18:51:36.249 I/RILC    (  112): qmi_ril(0/112): [event] qcril_qmi_nas_fetch_signal_strength_observations qcril_qmi_nas_request_signal_strength entered IF 35
02-13 18:51:36.249 I/RILC    (  112): qmi_ril(0/112): [event] qcril_qmi_nas_fetch_signal_strength_observations qcril_qmi_nas_request_signal_strength entered RIL_REQ_RES qmi_request.request__mask = 35
02-13 18:51:36.249 I/RILC    (  112): qmi_ril(0/112): [event] qcril_qmi_nas_fetch_signal_strength_observations qcril_qmi_nas_request_signal_strength entered IF QMI RESPONSE 35
02-13 18:51:36.249 D/RILC    (  112): qmi_ril(0/112): [qmi_cb] qcril_event_queue RID 0 MID 0 Queued event <Unknown event> ? (0 bytes)
02-13 18:51:36.249 I/RILC    (  112): qmi_ril(0/112): [qmi_cb] qcril_qmi_nas_unsolicited_indication_cb .. operational state 3
02-13 18:51:36.249 I/RILC    (  112): qmi_ril(0/112): [qmi_cb] qcril_qmi_nas_unsolicited_indication_cb qcril_qmi_nas_unsolicited_indication_cb completed
02-13 18:51:36.249 I/RILC    (  112): qmi_ril(0/112): [event] qcril_qmi_util_convert_qmi_response_codes_to_ril_result_ex qcril_qmi_util_convert_qmi_response_codes_to_ril_result_ex ctx check 0
02-13 18:51:36.249 I/RILC    (  112): qmi_ril(0/112): [event] qcril_qmi_nas_fetch_signal_strength_observations qcril_qmi_nas_request_signal_strength entered IF UTIL_RES = SUCCESS 35
02-13 18:51:36.249 I/RILC    (  112): qmi_ril(0/112): [event] qcril_qmi_nas_fetch_signal_strength_observations qcril_qmi_nas_fetch_signal_strength_observations completed 0
02-13 18:51:36.249 I/RILC    (  112): qmi_ril(0/112): [event] qcril_qmi_nas_propagate_known_signal_strength_ind .. subfetch sig strength info 0
02-13 18:51:36.249 I/RILC    (  112): qmi_ril(0/112): [event] qcril_qmi_nas_dump_sign_strength_report qcril_qmi_nas_dump_sign_strength_report entered
02-13 18:51:36.249 I/RILC    (  112): qmi_ril(0/112): [event] qcril_qmi_nas_dump_sign_strength_report ..GW
02-13 18:51:36.249 I/RILC    (  112): qmi_ril(0/112): [event] qcril_qmi_nas_dump_sign_strength_report .. signalStrength 99, bitErrorRate 0
02-13 18:51:36.249 I/RILC    (  112): qmi_ril(0/112): [event] qcril_qmi_nas_dump_sign_strength_report ..CDMA
02-13 18:51:36.249 I/RILC    (  112): qmi_ril(0/112): [event] qcril_qmi_nas_dump_sign_strength_report .. dbm 85, ecio 85 
02-13 18:51:36.249 I/RILC    (  112): qmi_ril(0/112): [event] qcril_qmi_nas_dump_sign_strength_report ..EVDO
02-13 18:51:36.249 I/RILC    (  112): qmi_ril(0/112): [event] qcril_qmi_nas_dump_sign_strength_report .. dbm 86, ecio 10, signalNoiseRatio 8
02-13 18:51:36.249 I/RILC    (  112): qmi_ril(0/112): [event] qcril_qmi_nas_dump_sign_strength_report ..LTE
02-13 18:51:36.249 I/RILC    (  112): qmi_ril(0/112): [event] qcril_qmi_nas_dump_sign_strength_report .. signalStrength 99, rsrp 2147483647, rsrq 2147483647, rsnnr 2147483647
02-13 18:51:36.249 I/RILC    (  112): qmi_ril(0/112): [event] qcril_qmi_nas_dump_sign_strength_report qcril_qmi_nas_dump_sign_strength_report completed
02-13 18:51:36.249 I/RILC    (  112): qmi_ril(0/112): [event] qcril_qmi_nas_propagate_known_signal_strength_ind .. conf res 0
02-13 18:51:36.249 D/RILC    (  112): qmi_ril(0/112): [event] qcril_send_unsol_response UI <--- RIL_UNSOL_SIGNAL_STRENGTH (1009) --- RIL [RID 0, Len 48, (null)]
02-13 18:51:36.279 I/RILC    (  112): qmi_ril(0/112): [event] qcril_qmi_nas_propagate_known_signal_strength_ind qcril_qmi_nas_propagate_known_signal_strength_ind completed 0
02-13 18:51:36.279 I/RILC    (  112): qmi_ril(0/112): [event] qcril_process_event Exit qcril_process_event() : <Unknown event> ?, err_no 0
02-13 18:51:36.289 D/RILC    (  112): qmi_ril(0/112): [event] qcril_event_main qcril_event_main(): Waiting...
02-13 18:51:38.121 I/RILC    (  112): qmi_ril(0/112): [qmi_cb] qcril_qmi_nas_unsolicited_indication_cb invoked msg 0x2
02-13 18:51:38.121 I/RILC    (  112): qmi_ril(0/112): [qmi_cb] qcril_qmi_nas_is_considered_registered qcril_qmi_nas_is_considered_registered entered
02-13 18:51:38.121 I/RILC    (  112): qmi_ril(0/112): [qmi_cb] qcril_qmi_nas_is_considered_registered qcril_qmi_nas_is_considered_registered completed with 1
02-13 18:51:38.121 I/RILC    (  112): qmi_ril(0/112): [qmi_cb] qcril_qmi_nas_event_report_ind_conv_qmi2ril qcril_qmi_nas_event_report_ind_conv_qmi2ril entered
02-13 18:51:38.121 I/RILC    (  112): qmi_ril(0/112): [qmi_cb] qcril_qmi_nas_event_report_ind_conv_qmi2ril .. reg reject valid 0
02-13 18:51:38.121 I/RILC    (  112): qmi_ril(0/112): [qmi_cb] qcril_qmi_nas_event_report_ind_conv_qmi2ril qcril_qmi_nas_event_report_ind_conv_qmi2ril completed
02-13 18:51:38.121 I/RILC    (  112): qmi_ril(0/112): [qmi_cb] qcril_qmi_nas_is_considered_registered qcril_qmi_nas_is_considered_registered entered
02-13 18:51:38.121 I/RILC    (  112): qmi_ril(0/112): [qmi_cb] qcril_qmi_nas_is_considered_registered qcril_qmi_nas_is_considered_registered completed with 1
02-13 18:51:38.121 D/RILC    (  112): qmi_ril(0/112): [qmi_cb] qcril_event_queue Event [<Unknown event> ?, 655370] data was NULL!
02-13 18:51:38.121 D/RILC    (  112): qmi_ril(0/112): [event] qcril_event_main qcril_event_main(): 1 items on queue
02-13 18:51:38.121 D/RILC    (  112): qmi_ril(0/112): [event] qcril_event_main RID 0 MID 0 De-queued event <Unknown event> ? (655370)
02-13 18:51:38.121 D/RILC    (  112): qmi_ril(0/112): [event] qcril_process_event RIL <--- <Unknown event> ?(655370), RID 0, MID 0 --- AMSS
02-13 18:51:38.121 I/RILC    (  112): qmi_ril(0/112): [event] qcril_qmi_trigger_propagate_known_signal_strength_ind qcril_qmi_trigger_propagate_known_signal_strength_ind received
02-13 18:51:38.121 I/RILC    (  112): qmi_ril(0/112): [event] qcril_qmi_nas_propagate_known_signal_strength_ind qcril_qmi_nas_propagate_known_signal_strength_ind entered
02-13 18:51:38.121 I/RILC    (  112): qmi_ril(0/112): [event] qcril_qmi_nas_fetch_signal_strength_observations qcril_qmi_nas_fetch_signal_strength_observations entered
02-13 18:51:38.121 I/RILC    (  112): qmi_ril(0/112): [event] qcril_qmi_nas_fetch_signal_strength_observations ..req mask 48
02-13 18:51:38.121 I/RILC    (  112): qmi_ril(0/112): [event] qcril_qmi_nas_fetch_signal_strength_observations qcril_qmi_nas_request_signal_strength entered IF 48
02-13 18:51:38.121 I/RILC    (  112): qmi_ril(0/112): [event] qcril_qmi_nas_fetch_signal_strength_observations qcril_qmi_nas_request_signal_strength entered RIL_REQ_RES qmi_request.request__mask = 48
02-13 18:51:38.121 I/RILC    (  112): qmi_ril(0/112): [event] qcril_qmi_nas_fetch_signal_strength_observations qcril_qmi_nas_request_signal_strength entered IF QMI RESPONSE 48
02-13 18:51:38.141 D/RILC    (  112): qmi_ril(0/112): [qmi_cb] qcril_event_queue RID 0 MID 0 Queued event <Unknown event> ? (0 bytes)
02-13 18:51:38.141 I/RILC    (  112): qmi_ril(0/112): [qmi_cb] qcril_qmi_nas_unsolicited_indication_cb .. operational state 3
02-13 18:51:38.141 I/RILC    (  112): qmi_ril(0/112): [qmi_cb] qcril_qmi_nas_unsolicited_indication_cb qcril_qmi_nas_unsolicited_indication_cb completed
02-13 18:51:38.141 I/RILC    (  112): qmi_ril(0/112): [event] qcril_qmi_util_convert_qmi_response_codes_to_ril_result_ex qcril_qmi_util_convert_qmi_response_codes_to_ril_result_ex ctx check 0
02-13 18:51:38.141 I/RILC    (  112): qmi_ril(0/112): [event] qcril_qmi_nas_fetch_signal_strength_observations qcril_qmi_nas_request_signal_strength entered IF UTIL_RES = SUCCESS 48
02-13 18:51:38.141 I/RILC    (  112): qmi_ril(0/112): [event] qcril_qmi_nas_fetch_signal_strength_observations qcril_qmi_nas_fetch_signal_strength_observations completed 0
02-13 18:51:38.141 I/RILC    (  112): qmi_ril(0/112): [event] qcril_qmi_nas_propagate_known_signal_strength_ind .. subfetch sig strength info 0
02-13 18:51:38.141 I/RILC    (  112): qmi_ril(0/112): [event] qcril_qmi_nas_dump_sign_strength_report qcril_qmi_nas_dump_sign_strength_report entered
02-13 18:51:38.141 I/RILC    (  112): qmi_ril(0/112): [event] qcril_qmi_nas_dump_sign_strength_report ..GW
02-13 18:51:38.141 I/RILC    (  112): qmi_ril(0/112): [event] qcril_qmi_nas_dump_sign_strength_report .. signalStrength 99, bitErrorRate 0
02-13 18:51:38.141 I/RILC    (  112): qmi_ril(0/112): [event] qcril_qmi_nas_dump_sign_strength_report ..CDMA
02-13 18:51:38.141 I/RILC    (  112): qmi_ril(0/112): [event] qcril_qmi_nas_dump_sign_strength_report .. dbm 85, ecio 85 
02-13 18:51:38.141 I/RILC    (  112): qmi_ril(0/112): [event] qcril_qmi_nas_dump_sign_strength_report ..EVDO
02-13 18:51:38.141 I/RILC    (  112): qmi_ril(0/112): [event] qcril_qmi_nas_dump_sign_strength_report .. dbm 86, ecio 10, signalNoiseRatio 8
02-13 18:51:38.141 I/RILC    (  112): qmi_ril(0/112): [event] qcril_qmi_nas_dump_sign_strength_report ..LTE
02-13 18:51:38.141 I/RILC    (  112): qmi_ril(0/112): [event] qcril_qmi_nas_dump_sign_strength_report .. signalStrength 99, rsrp 2147483647, rsrq 2147483647, rsnnr 2147483647
02-13 18:51:38.141 I/RILC    (  112): qmi_ril(0/112): [event] qcril_qmi_nas_dump_sign_strength_report qcril_qmi_nas_dump_sign_strength_report completed
02-13 18:51:38.141 I/RILC    (  112): qmi_ril(0/112): [event] qcril_qmi_nas_propagate_known_signal_strength_ind .. conf res 0
02-13 18:51:38.141 D/RILC    (  112): qmi_ril(0/112): [event] qcril_send_unsol_response UI <--- RIL_UNSOL_SIGNAL_STRENGTH (1009) --- RIL [RID 0, Len 48, (null)]
02-13 18:51:38.171 I/RILC    (  112): qmi_ril(0/112): [event] qcril_qmi_nas_propagate_known_signal_strength_ind qcril_qmi_nas_propagate_known_signal_strength_ind completed 0
02-13 18:51:38.171 I/RILC    (  112): qmi_ril(0/112): [event] qcril_process_event Exit qcril_process_event() : <Unknown event> ?, err_no 0
02-13 18:51:38.171 D/RILC    (  112): qmi_ril(0/112): [event] qcril_event_main qcril_event_main(): Waiting...
02-13 18:51:38.411 D/RILJ    (  342): [0146]> SCREEN_STATE: false
02-13 18:51:38.411 D/RILC    (  112): qmi_ril(0/112): [main] onRequest UI --- RIL_REQUEST_SCREEN_STATE (61) ---> RIL [RID 0, token id 146, data len 4]
02-13 18:51:38.411 I/RILC    (  112): qmi_ril(0/112): [main] qcril_qmi_nas_request_screen_state qcril_qmi_nas_request_screen_state entered 
02-13 18:51:38.411 I/RILC    (  112): qmi_ril(0/112): [main] qcril_qmi_util_enable_networking_indications qcril_qmi_util_enable_networking_indications, param 0 
02-13 18:51:38.411 I/RILC    (  112): qmi_ril(0/112): [main] qcril_qmi_util_convert_qmi_response_codes_to_ril_result_ex qcril_qmi_util_convert_qmi_response_codes_to_ril_result_ex ctx check 0
02-13 18:51:38.411 I/RILC    (  112): qmi_ril(0/112): [main] qcril_qmi_util_enable_networking_indications .. requested nas event report 0, 0
02-13 18:51:38.411 I/RILC    (  112): qmi_ril(0/112): [main] qcril_qmi_util_convert_qmi_response_codes_to_ril_result_ex qcril_qmi_util_convert_qmi_response_codes_to_ril_result_ex ctx check 0
02-13 18:51:38.411 I/RILC    (  112): qmi_ril(0/112): [main] qcril_qmi_util_enable_networking_indications .. requested nas indication reports 0, 0
02-13 18:51:38.411 I/RILC    (  112): qmi_ril(0/112): [main] qcril_qmi_util_enable_networking_indications qcril_qmi_util_enable_networking_indications completed with 0
02-13 18:51:38.411 I/RILC    (  112): qmi_ril(0/112): [main] qcril_data_toggle_dormancy_indications >>>>>> LOCK QCRIL_DATA MUTEX 80211c14
02-13 18:51:38.421 I/RILC    (  112): qmi_ril(0/112): [main] qcril_data_toggle_dormancy_indications LOCK QCRIL_DATA MUTEX 80211c14 result=0
02-13 18:51:38.421 D/RILC    (  112): qmi_ril(0/112): [main] qcril_data_toggle_dormancy_indications Switch ON/OFF dormancy indications on all active interfaces
02-13 18:51:38.421 D/RILC    (  112): qmi_ril(0/112): [main] qcril_data_toggle_dormancy_indications selected index = 0
02-13 18:51:38.421 D/RILC    (  112): qmi_ril(0/112): [main] qcril_data_iface_ioctl setting dormancy event report on wds client [196864]
02-13 18:51:38.421 I/RILC    (  112): qmi_ril(0/112): [main] qcril_data_toggle_dormancy_indications <<<<<< UNLOCK QCRIL_DATA MUTEX 80211c14
02-13 18:51:38.421 I/RILC    (  112): qmi_ril(0/112): [main] qcril_data_toggle_dormancy_indications UNLOCK QCRIL_DATA MUTEX 80211c14 result=0
02-13 18:51:38.421 I/RILC    (  112): qmi_ril(0/112): [main] qcril_data_toggle_dormancy_indications qcril_data_toggle_dormancy_indications: EXIT with SUCCESS
02-13 18:51:38.421 I/RILC    (  112): qmi_ril(0/112): [main] qcril_qmi_nas_request_screen_state .. data dormancy req 1, 0
02-13 18:51:38.421 I/RILC    (  112): qmi_ril(0/112): [main] qcril_reqlist_find [RID 0] Not found ReqList entry : token id 146
02-13 18:51:38.421 D/RILC    (  112): qmi_ril(0/112): [main] qcril_send_request_response UI <--- RIL_REQUEST_SCREEN_STATE (61) Complete --- RIL [RID 0, Token 146, Success, Len 0 ]
02-13 18:51:38.421 I/RILC    (  112): qmi_ril(0/112): [main] qcril_qmi_nas_request_screen_state qcril_qmi_nas_request_screen_state complete with 0
02-13 18:51:38.421 D/RILJ    (  342): [0146]< SCREEN_STATE 
02-13 18:51:38.441 I/RILC    (  112): qmi_ril(0/112): [qmi_cb] qcril_qmi_sms_unsol_ind_cb qcril_qmi_sms_unsol_ind_cb for msg_id 1 (QMI_WMS_EVENT_REPORT_IND)
02-13 18:51:38.441 I/RILC    (  112): qmi_ril(0/112): [qmi_cb] qcril_qmi_sms_unsol_ind_cb .. operational state 3
02-13 18:51:38.441 I/RILC    (  112): qmi_ril(0/112): [qmi_cb] qcril_sms_process_event_report_ind qcril_sms_process_event_report_ind entered
02-13 18:51:38.441 I/RILC    (  112): qmi_ril(0/112): [qmi_cb] qcril_sms_process_event_report_ind .. transfer_route_mt_message_valid 1
02-13 18:51:38.441 I/RILC    (  112): qmi_ril(0/112): [qmi_cb] qcril_sms_process_event_report_ind .. transfer_route_mt_message.format 0
02-13 18:51:38.441 D/RILC    (  112): qmi_ril(0/112): [qmi_cb] qcril_send_unsol_response UI <--- RIL_UNSOL_RESPONSE_CDMA_NEW_SMS (1020) --- RIL [RID 0, Len 372, (null)]
02-13 18:51:38.441 I/RILC    (  112): qmi_ril(0/112): [qmi_cb] qcril_sms_process_event_report_ind qcril_sms_process_event_report_ind completed
02-13 18:51:38.441 D/RILJ    (  342): [UNSL]< UNSOL_RESPONSE_CDMA_NEW_SMS
02-13 18:51:38.441 D/SMS     (  342): EVENT_NEW_SMS phone id :0
02-13 18:51:38.441 D/SMS     (  342): New SMS Message Received
02-13 18:51:38.471 D/RILJ    (  342): [0147]> RIL_REQUEST_CDMA_SMS_ACKNOWLEDGE true 0
02-13 18:51:38.471 D/RILC    (  112): qmi_ril(0/112): [main] onRequest UI --- RIL_REQUEST_CDMA_SMS_ACKNOWLEDGE (88) ---> RIL [RID 0, token id 147, data len 8]
02-13 18:51:38.471 I/RILC    (  112): qmi_ril(0/112): [main] qcril_reqlist_find [RID 0] Not found ReqList entry : token id 147
02-13 18:51:38.471 I/RILC    (  112): qmi_ril(0/112): [main] qcril_reqlist_new_all [RID 0] Event RIL_REQUEST_CDMA_SMS_ACKNOWLEDGE(88), token id 147 [ 0x1b850], req id 12 : 
02-13 18:51:38.471 I/RILC    (  112): qmi_ril(0/112): [main] qcril_reqlist_new_all                        MID 0, pending receipt of <none>, state QCRIL_REQ_AWAITING_CALLBACK(2)
02-13 18:51:38.471 D/RILC    (  112): qmi_ril(0/112): [main] qcril_reqlist_print_all [RID 0] ReqList entries :
02-13 18:51:38.471 D/RILC    (  112): qmi_ril(0/112): [main] qcril_reqlist_print_all     RIL_REQUEST_CDMA_SMS_ACKNOWLEDGE (88), token id 147
02-13 18:51:38.481 W/CDMA    (  774): getProtocolIdentifier: is not supported in CDMA mode.
02-13 18:51:38.481 W/CDMA    (  774): isReplace: is not supported in CDMA mode.
02-13 18:51:38.481 W/CDMA    (  774): getProtocolIdentifier: is not supported in CDMA mode.
02-13 18:51:38.481 W/CDMA    (  774): isReplyPathPresent: is not supported in CDMA mode.
02-13 18:51:38.811 I/RILC    (  112): qmi_ril(0/112): [qmi_cb] qcril_qmi_sms_command_cb qcril_qmi_sms_command_cb for msg_id 55 (QMI_WMS_SEND_ACK_REQ)
02-13 18:51:38.811 I/RILC    (  112): qmi_ril(0/112): [qmi_cb] qcril_reqlist_find_by_req_id [RID 0] Found ReqList entry : RIL_REQUEST_CDMA_SMS_ACKNOWLEDGE(88), token id 147
02-13 18:51:38.811 I/RILC    (  112): qmi_ril(0/112): [qmi_cb] qcril_ack_cb QMI_WMS_SEND_ACK_RESP received: SUCCESS
02-13 18:51:38.811 I/RILC    (  112): qmi_ril(0/112): [qmi_cb] qcril_reqlist_find [RID 0] Found ReqList entry : RIL_REQUEST_CDMA_SMS_ACKNOWLEDGE(88), token id 147
02-13 18:51:38.811 I/RILC    (  112): qmi_ril(0/112): [qmi_cb] qcril_reqlist_free [RID 0] Deleted ReqList entry : token id 147 [0x1b850]
02-13 18:51:38.811 D/RILC    (  112): qmi_ril(0/112): [qmi_cb] qcril_reqlist_print_all [RID 0] ReqList entries : Empty 
02-13 18:51:38.811 D/RILC    (  112): qmi_ril(0/112): [qmi_cb] qcril_send_request_response UI <--- RIL_REQUEST_CDMA_SMS_ACKNOWLEDGE (88) Complete --- RIL [RID 0, Token 147, Success, Len 0 ]
02-13 18:51:38.811 D/RILJ    (  342): [0147]< RIL_REQUEST_CDMA_SMS_ACKNOWLEDGE 
02-13 18:51:39.252 D/CDMA    (  342): [CdmaCallTracker] update phone state, old=OFFHOOK new=OFFHOOK
02-13 18:51:39.322 D/RILJ    (  342): [0148]> SCREEN_STATE: true
02-13 18:51:39.322 D/RILC    (  112): qmi_ril(0/112): [main] onRequest UI --- RIL_REQUEST_SCREEN_STATE (61) ---> RIL [RID 0, token id 148, data len 4]
02-13 18:51:39.322 I/RILC    (  112): qmi_ril(0/112): [main] qcril_qmi_nas_request_screen_state qcril_qmi_nas_request_screen_state entered 
02-13 18:51:39.322 I/RILC    (  112): qmi_ril(0/112): [main] qcril_qmi_util_enable_networking_indications qcril_qmi_util_enable_networking_indications, param 1 
02-13 18:51:39.322 I/RILC    (  112): qmi_ril(0/112): [main] qcril_qmi_util_convert_qmi_response_codes_to_ril_result_ex qcril_qmi_util_convert_qmi_response_codes_to_ril_result_ex ctx check 0
02-13 18:51:39.322 I/RILC    (  112): qmi_ril(0/112): [main] qcril_qmi_util_enable_networking_indications .. requested nas event report 0, 0
02-13 18:51:39.332 I/RILC    (  112): qmi_ril(0/112): [main] qcril_qmi_util_convert_qmi_response_codes_to_ril_result_ex qcril_qmi_util_convert_qmi_response_codes_to_ril_result_ex ctx check 0
02-13 18:51:39.332 I/RILC    (  112): qmi_ril(0/112): [main] qcril_qmi_util_enable_networking_indications .. requested nas indication reports 0, 0
02-13 18:51:39.332 I/RILC    (  112): qmi_ril(0/112): [main] qcril_qmi_nas_drop_nw_info_cache  qcril_qmi_nas_drop_nw_info_cache entry 
02-13 18:51:39.332 I/RILC    (  112): qmi_ril(0/112): [main] qcril_qmi_nas_drop_nw_info_cache qcril_qmi_nas_drop_nw_info_cache complete 
02-13 18:51:39.332 I/RILC    (  112): qmi_ril(0/112): [main] qcril_qmi_util_convert_qmi_response_codes_to_ril_result_ex qcril_qmi_util_convert_qmi_response_codes_to_ril_result_ex ctx check 0
02-13 18:51:39.332 I/RILC    (  112): qmi_ril(0/112): [main] qcril_qmi_voice_technology_updated qcril_qmi_voice_technology_updated entered
02-13 18:51:39.332 I/RILC    (  112): qmi_ril(0/112): [main] qcril_qmi_voice_technology_updated ..nas_cached_info.serving_system valid 1
02-13 18:51:39.332 I/RILC    (  112): qmi_ril(0/112): [main] qcril_qmi_voice_technology_updated .. selected NW 1
02-13 18:51:39.332 I/RILC    (  112): qmi_ril(0/112): [main] qcril_qmi_voice_technology_updated .. NW state 1
02-13 18:51:39.332 I/RILC    (  112): qmi_ril(0/112): [main] qcril_qmi_mgr_voice_technology_updated qcril_qmi_mgr_voice_technology_updated entered
02-13 18:51:39.332 I/RILC    (  112): qmi_ril(0/112): [main] qcril_qmi_mgr_voice_technology_updated qcril_qmi_mgr_voice_technology_updated left 2
02-13 18:51:39.332 I/RILC    (  112): qmi_ril(0/112): [main] qcril_qmi_voice_technology_updated qcril_qmi_voice_technology_updated completed for 2
02-13 18:51:39.332 I/RILC    (  112): qmi_ril(0/112): [main] qmi_ril_nwr_update_reg_rej_legacy qmi_ril_nwr_update_reg_rej_legacy entered
02-13 18:51:39.332 I/RILC    (  112): qmi_ril(0/112): [main] qmi_ril_nwr_update_reg_rej_legacy .. ss srv reg state 1
02-13 18:51:39.332 I/RILC    (  112): qmi_ril(0/112): [main] qmi_ril_nwr_update_reg_rej_legacy .. reje CS cs_rejected 0
02-13 18:51:39.332 I/RILC    (  112): qmi_ril(0/112): [main] qmi_ril_nwr_update_reg_rej_legacy .. reje CS cs_reject_cause 0
02-13 18:51:39.332 I/RILC    (  112): qmi_ril(0/112): [main] qmi_ril_nwr_update_reg_rej_legacy .. reje PS ps_rejected 0
02-13 18:51:39.332 I/RILC    (  112): qmi_ril(0/112): [main] qmi_ril_nwr_update_reg_rej_legacy .. reje PS ps_reject_cause 0
02-13 18:51:39.332 I/RILC    (  112): qmi_ril(0/112): [main] qmi_ril_nwr_util_log_mccmnc_str .. reje mcc - 
02-13 18:51:39.332 I/RILC    (  112): qmi_ril(0/112): [main] qmi_ril_nwr_util_log_mccmnc_str .. reje mnc - 
02-13 18:51:39.332 I/RILC    (  112): qmi_ril(0/112): [main] qmi_ril_nwr_update_reg_rej_legacy qmi_ril_nwr_update_reg_rej_legacy completed
02-13 18:51:39.332 I/RILC    (  112): qmi_ril(0/112): [main] qcril_qmi_nas_fetch_serving_system_info qcril_qmi_nas_fetch_serving_system_info res 0 
02-13 18:51:39.332 I/RILC    (  112): qmi_ril(0/112): [main] qcril_qmi_nas_fetch_signal_strength_observations qcril_qmi_nas_fetch_signal_strength_observations entered
02-13 18:51:39.332 I/RILC    (  112): qmi_ril(0/112): [main] qcril_qmi_nas_fetch_signal_strength_observations ..req mask 115
02-13 18:51:39.332 I/RILC    (  112): qmi_ril(0/112): [main] qcril_qmi_nas_fetch_signal_strength_observations qcril_qmi_nas_request_signal_strength entered IF 115
02-13 18:51:39.332 I/RILC    (  112): qmi_ril(0/112): [main] qcril_qmi_nas_fetch_signal_strength_observations qcril_qmi_nas_request_signal_strength entered RIL_REQ_RES qmi_request.request__mask = 51
02-13 18:51:39.332 I/RILC    (  112): qmi_ril(0/112): [main] qcril_qmi_nas_fetch_signal_strength_observations qcril_qmi_nas_request_signal_strength entered IF QMI RESPONSE 115
02-13 18:51:39.332 I/RILC    (  112): qmi_ril(0/112): [main] qcril_qmi_util_convert_qmi_response_codes_to_ril_result_ex qcril_qmi_util_convert_qmi_response_codes_to_ril_result_ex ctx check 0
02-13 18:51:39.332 I/RILC    (  112): qmi_ril(0/112): [main] qcril_qmi_nas_fetch_signal_strength_observations qcril_qmi_nas_request_signal_strength entered IF UTIL_RES = SUCCESS 115
02-13 18:51:39.332 I/RILC    (  112): qmi_ril(0/112): [main] qcril_qmi_nas_fetch_signal_strength_observations qcril_qmi_nas_fetch_signal_strength_observations completed 0
02-13 18:51:39.332 I/RILC    (  112): qmi_ril(0/112): [main] qcril_qmi_util_enable_networking_indications .. new / old rte 2 / 2
02-13 18:51:39.332 D/RILC    (  112): qmi_ril(0/112): [main] qcril_send_unsol_response UI <--- RIL_UNSOL_RESPONSE_NETWORK_STATE_CHANGED (1002) --- RIL [RID 0, Len 0, (null)]
02-13 18:51:39.332 D/RILC    (  112): qmi_ril(0/112): [main] qcril_send_unsol_response UI <--- RIL_UNSOL_RESPONSE_DATA_NETWORK_STATE_CHANGED (1037) --- RIL [RID 0, Len 0, (null)]
02-13 18:51:39.332 I/RILC    (  112): qmi_ril(0/112): [main] qcril_qmi_util_enable_networking_indications .. restrict status info 0
02-13 18:51:39.332 I/RILC    (  112): qmi_ril(0/112): [main] qcril_qmi_nas_fill_up_restricted_state_details  .. restricted_state_changed_local, restricted_state_details_local 0, 0
02-13 18:51:39.332 D/RILC    (  112): qmi_ril(0/112): [main] qcril_event_queue Event [<Unknown event> ?, 655370] data was NULL!
02-13 18:51:39.332 D/RILC    (  112): qmi_ril(0/112): [main] qcril_event_queue RID 0 MID 0 Queued event <Unknown event> ? (0 bytes)
02-13 18:51:39.332 I/RILC    (  112): qmi_ril(0/112): [main] qcril_qmi_util_enable_networking_indications qcril_qmi_util_enable_networking_indications completed with 0
