02-13 18:52:09.331 I/RILC    (  112): qmi_ril(0/112): [main] qcril_qmi_nas_util_convert_nas_srv_status_to_ril_reg_status  qcril_qmi_nas_util_convert_nas_srv_status_to_ril_reg_status entered
02-13 18:52:09.331 D/RILC    (  112): qmi_ril(0/112): [main] qcril_qmi_util_retrieve_srv_status qcril_qmi_util_retrieve_srv_status completed with 2
02-13 18:52:09.331 I/RILC    (  112): qmi_ril(0/112): [main] qcril_qmi_nas_util_convert_nas_srv_status_to_ril_reg_status ... nas_srv_status 2, is_data 1, is_3gpp 0, is_hdr 0
02-13 18:52:09.331 I/RILC    (  112): qmi_ril(0/112): [main] qcril_qmi_nas_util_convert_nas_srv_status_to_ril_reg_status ... intermediate res 1 5
02-13 18:52:09.331 I/RILC    (  112): qmi_ril(0/112): [main] qcril_qmi_nas_util_convert_nas_srv_status_to_ril_reg_status ... common_sys_info 88752
02-13 18:52:09.331 I/RILC    (  112): qmi_ril(0/112): [main] qcril_qmi_nas_util_convert_nas_srv_status_to_ril_reg_status ... srv_capability_valid, srv_capability 1, 3
02-13 18:52:09.331 I/RILC    (  112): qmi_ril(0/112): [main] qcril_qmi_nas_util_convert_nas_srv_status_to_ril_reg_status ... srv_domain_valid, srv_domain 1, 3
02-13 18:52:09.331 I/RILC    (  112): qmi_ril(0/112): [main] qcril_qmi_nas_util_convert_nas_srv_status_to_ril_reg_status ... intermediate res 2 5
02-13 18:52:09.331 I/RILC    (  112): qmi_ril(0/112): [main] qcril_qmi_nas_util_convert_nas_srv_status_to_ril_reg_status ... hdr_only_sys_info 0
02-13 18:52:09.331 I/RILC    (  112): qmi_ril(0/112): [main] qcril_qmi_nas_util_convert_nas_srv_status_to_ril_reg_status ... intermediate res 3 5
02-13 18:52:09.331 I/RILC    (  112): qmi_ril(0/112): [main] qcril_qmi_nas_util_convert_nas_srv_status_to_ril_reg_status ... is_sys_forbidden_valid, is_sys_forbidden 1, 0
02-13 18:52:09.331 I/RILC    (  112): qmi_ril(0/112): [main] qcril_qmi_nas_util_convert_nas_srv_status_to_ril_reg_status qcril_qmi_nas_util_convert_nas_srv_status_to_ril_reg_status complete with 5
02-13 18:52:09.331 I/RILC    (  112): qmi_ril(0/112): [main] qcril_qmi_nas_util_convert_nas_srv_status_to_ril_reg_status  qcril_qmi_nas_util_convert_nas_srv_status_to_ril_reg_status entered
02-13 18:52:09.331 D/RILC    (  112): qmi_ril(0/112): [main] qcril_qmi_util_retrieve_srv_status qcril_qmi_util_retrieve_srv_status completed with 2
02-13 18:52:09.331 I/RILC    (  112): qmi_ril(0/112): [main] qcril_qmi_nas_util_convert_nas_srv_status_to_ril_reg_status ... nas_srv_status 2, is_data 1, is_3gpp 0, is_hdr 1
02-13 18:52:09.331 I/RILC    (  112): qmi_ril(0/112): [main] qcril_qmi_nas_util_convert_nas_srv_status_to_ril_reg_status ... intermediate res 1 1
02-13 18:52:09.331 I/RILC    (  112): qmi_ril(0/112): [main] qcril_qmi_nas_util_convert_nas_srv_status_to_ril_reg_status ... common_sys_info 88832
02-13 18:52:09.331 I/RILC    (  112): qmi_ril(0/112): [main] qcril_qmi_nas_util_convert_nas_srv_status_to_ril_reg_status ... srv_capability_valid, srv_capability 1, 2
02-13 18:52:09.331 I/RILC    (  112): qmi_ril(0/112): [main] qcril_qmi_nas_util_convert_nas_srv_status_to_ril_reg_status ... srv_domain_valid, srv_domain 1, 2
02-13 18:52:09.331 I/RILC    (  112): qmi_ril(0/112): [main] qcril_qmi_nas_util_convert_nas_srv_status_to_ril_reg_status ... intermediate res 2 1
02-13 18:52:09.331 I/RILC    (  112): qmi_ril(0/112): [main] qcril_qmi_nas_util_convert_nas_srv_status_to_ril_reg_status ... hdr_only_sys_info 88864
02-13 18:52:09.331 I/RILC    (  112): qmi_ril(0/112): [main] qcril_qmi_nas_util_convert_nas_srv_status_to_ril_reg_status ... hdr_active_prot_valid, hdr_personality_valid 1, 1
02-13 18:52:09.331 I/RILC    (  112): qmi_ril(0/112): [main] qcril_qmi_nas_util_convert_nas_srv_status_to_ril_reg_status ... intermediate res 3 1
02-13 18:52:09.331 I/RILC    (  112): qmi_ril(0/112): [main] qcril_qmi_nas_util_convert_nas_srv_status_to_ril_reg_status ... is_sys_forbidden_valid, is_sys_forbidden 1, 0
02-13 18:52:09.331 I/RILC    (  112): qmi_ril(0/112): [main] qcril_qmi_nas_util_convert_nas_srv_status_to_ril_reg_status qcril_qmi_nas_util_convert_nas_srv_status_to_ril_reg_status complete with 1
02-13 18:52:09.331 I/RILC    (  112): qmi_ril(0/112): [main] qmi_ril_nwr_update_reg_rej_from_sys_info .. 1x reg data 5
02-13 18:52:09.331 I/RILC    (  112): qmi_ril(0/112): [main] qmi_ril_nwr_update_reg_rej_from_sys_info .. gsm reg data 0
02-13 18:52:09.331 I/RILC    (  112): qmi_ril(0/112): [main] qmi_ril_nwr_update_reg_rej_from_sys_info .. wcdma reg data  0
02-13 18:52:09.331 I/RILC    (  112): qmi_ril(0/112): [main] qmi_ril_nwr_update_reg_rej_from_sys_info .. lte reg data 0
02-13 18:52:09.331 I/RILC    (  112): qmi_ril(0/112): [main] qmi_ril_nwr_update_reg_rej_from_sys_info .. hdr reg data 1
02-13 18:52:09.331 I/RILC    (  112): qmi_ril(0/112): [main] qmi_ril_nwr_update_reg_rej_from_sys_info .. rte 1 reje PS ps_rejected 0
02-13 18:52:09.331 I/RILC    (  112): qmi_ril(0/112): [main] qmi_ril_nwr_update_reg_rej_from_sys_info .. rte 1 reje PS ps_reject_cause 0
02-13 18:52:09.331 I/RILC    (  112): qmi_ril(0/112): [main] qmi_ril_nwr_util_log_mccmnc_str .. data reje mcc - 
02-13 18:52:09.331 I/RILC    (  112): qmi_ril(0/112): [main] qmi_ril_nwr_util_log_mccmnc_str .. data reje mnc - 
02-13 18:52:09.331 I/RILC    (  112): qmi_ril(0/112): [main] qmi_ril_nwr_update_reg_rej_from_sys_info .. rte 2 reje PS ps_rejected 0
02-13 18:52:09.331 I/RILC    (  112): qmi_ril(0/112): [main] qmi_ril_nwr_update_reg_rej_from_sys_info .. rte 2 reje PS ps_reject_cause 0
02-13 18:52:09.331 I/RILC    (  112): qmi_ril(0/112): [main] qmi_ril_nwr_util_log_mccmnc_str .. data reje mcc - 
02-13 18:52:09.331 I/RILC    (  112): qmi_ril(0/112): [main] qmi_ril_nwr_util_log_mccmnc_str .. data reje mnc - 
02-13 18:52:09.331 I/RILC    (  112): qmi_ril(0/112): [main] qmi_ril_nwr_update_reg_rej_from_sys_info .. rte 3 reje PS ps_rejected 0
02-13 18:52:09.331 I/RILC    (  112): qmi_ril(0/112): [main] qmi_ril_nwr_update_reg_rej_from_sys_info .. rte 3 reje PS ps_reject_cause 0
02-13 18:52:09.341 I/RILC    (  112): qmi_ril(0/112): [main] qmi_ril_nwr_util_log_mccmnc_str .. data reje mcc - 
02-13 18:52:09.341 I/RILC    (  112): qmi_ril(0/112): [main] qmi_ril_nwr_util_log_mccmnc_str .. data reje mnc - 
02-13 18:52:09.341 I/RILC    (  112): qmi_ril(0/112): [main] qmi_ril_nwr_update_reg_rej_from_sys_info .. rte 4 reje PS ps_rejected 0
02-13 18:52:09.341 I/RILC    (  112): qmi_ril(0/112): [main] qmi_ril_nwr_update_reg_rej_from_sys_info .. rte 4 reje PS ps_reject_cause 0
02-13 18:52:09.341 I/RILC    (  112): qmi_ril(0/112): [main] qmi_ril_nwr_util_log_mccmnc_str .. data reje mcc - 
02-13 18:52:09.341 I/RILC    (  112): qmi_ril(0/112): [main] qmi_ril_nwr_util_log_mccmnc_str .. data reje mnc - 
02-13 18:52:09.341 I/RILC    (  112): qmi_ril(0/112): [main] qmi_ril_nwr_update_reg_rej_from_sys_info .. rte 5 reje PS ps_rejected 0
02-13 18:52:09.341 I/RILC    (  112): qmi_ril(0/112): [main] qmi_ril_nwr_update_reg_rej_from_sys_info .. rte 5 reje PS ps_reject_cause 0
02-13 18:52:09.341 I/RILC    (  112): qmi_ril(0/112): [main] qmi_ril_nwr_util_log_mccmnc_str .. data reje mcc - 
02-13 18:52:09.341 I/RILC    (  112): qmi_ril(0/112): [main] qmi_ril_nwr_util_log_mccmnc_str .. data reje mnc - 
02-13 18:52:09.341 I/RILC    (  112): qmi_ril(0/112): [main] qmi_ril_nwr_update_reg_rej_from_sys_info qmi_ril_nwr_update_reg_rej_from_sys_info completed
02-13 18:52:09.341 I/RILC    (  112): qmi_ril(0/112): [main] qcril_qmi_nas_fetch_sys_info qcril_qmi_nas_fetch_sys_info res 0 
02-13 18:52:09.341 I/RILC    (  112): qmi_ril(0/112): [main] qcril_qmi_nas_request_registration_state qcril_qmi_nas_request_registration_state forming response
02-13 18:52:09.341 I/RILC    (  112): qmi_ril(0/112): [main] qcril_qmi_nas_request_registration_state ***zyj*** qcril_qmi_nas_request_registration_state nas_cached_info.serving_system->registration_state=1
02-13 18:52:09.341 I/RILC    (  112): qmi_ril(0/112): [main] qcril_qmi_nas_request_registration_state pre - cur reg state 1
02-13 18:52:09.341 I/RILC    (  112): qmi_ril(0/112): [main] qcril_qmi_nas_request_registration_state qcril_qmi_nas_request_registration_state cur reg state 1
02-13 18:52:09.341 I/RILC    (  112): qmi_ril(0/112): [main] qcril_qmi_nas_is_in_service_of_technology qcril_qmi_nas_is_in_service_of_technology entered
02-13 18:52:09.341 I/RILC    (  112): qmi_ril(0/112): [main] qcril_qmi_nas_is_in_service_of_technology qcril_qmi_nas_is_in_service_of_technology completed with 0
02-13 18:52:09.341 I/RILC    (  112): qmi_ril(0/112): [main] qcril_qmi_nas_is_in_service_of_technology qcril_qmi_nas_is_in_service_of_technology entered
02-13 18:52:09.341 I/RILC    (  112): qmi_ril(0/112): [main] qcril_qmi_nas_is_in_service_of_technology qcril_qmi_nas_is_in_service_of_technology completed with 0
02-13 18:52:09.341 I/RILC    (  112): qmi_ril(0/112): [main] qcril_qmi_nas_request_registration_state .. cdma p_rev valid 1
02-13 18:52:09.341 I/RILC    (  112): qmi_ril(0/112): [main] qcril_qmi_nas_request_registration_state .. cdma p_rev 6
02-13 18:52:09.341 I/RILC    (  112): qmi_ril(0/112): [main] qcril_qmi_nas_is_in_service_of_technology qcril_qmi_nas_is_in_service_of_technology entered
02-13 18:52:09.341 I/RILC    (  112): qmi_ril(0/112): [main] qcril_qmi_nas_is_in_service_of_technology qcril_qmi_nas_is_in_service_of_technology completed with 1
02-13 18:52:09.341 I/RILC    (  112): qmi_ril(0/112): [main] qcril_qmi_nas_request_registration_state .. rg 0 - 1
02-13 18:52:09.341 I/RILC    (  112): qmi_ril(0/112): [main] qcril_qmi_nas_request_registration_state .. rg 1 - 
02-13 18:52:09.341 I/RILC    (  112): qmi_ril(0/112): [main] qcril_qmi_nas_request_registration_state .. rg 2 - 
02-13 18:52:09.341 I/RILC    (  112): qmi_ril(0/112): [main] qcril_qmi_nas_request_registration_state .. rg 3 - 6
02-13 18:52:09.341 I/RILC    (  112): qmi_ril(0/112): [main] qcril_qmi_nas_request_registration_state .. rg 4 - 5171
02-13 18:52:09.341 I/RILC    (  112): qmi_ril(0/112): [main] qcril_qmi_nas_request_registration_state .. rg 5 - 560135
02-13 18:52:09.341 I/RILC    (  112): qmi_ril(0/112): [main] qcril_qmi_nas_request_registration_state .. rg 6 - -1363474
02-13 18:52:09.341 I/RILC    (  112): qmi_ril(0/112): [main] qcril_qmi_nas_request_registration_state .. rg 7 - 0
02-13 18:52:09.341 I/RILC    (  112): qmi_ril(0/112): [main] qcril_qmi_nas_request_registration_state .. rg 8 - 4139
02-13 18:52:09.341 I/RILC    (  112): qmi_ril(0/112): [main] qcril_qmi_nas_request_registration_state .. rg 9 - 41
02-13 18:52:09.341 I/RILC    (  112): qmi_ril(0/112): [main] qcril_qmi_nas_request_registration_state .. rg 10 - 1
02-13 18:52:09.341 I/RILC    (  112): qmi_ril(0/112): [main] qcril_qmi_nas_request_registration_state .. rg 11 - 1
02-13 18:52:09.341 I/RILC    (  112): qmi_ril(0/112): [main] qcril_qmi_nas_request_registration_state .. rg 12 - 160
02-13 18:52:09.341 I/RILC    (  112): qmi_ril(0/112): [main] qcril_qmi_nas_request_registration_state .. rg 13 - 0
02-13 18:52:09.341 I/RILC    (  112): qmi_ril(0/112): [main] qcril_qmi_nas_request_registration_state .. rg 14 - 0
02-13 18:52:09.341 I/RILC    (  112): qmi_ril(0/112): [main] qcril_reqlist_find [RID 0] Not found ReqList entry : token id 155
02-13 18:52:09.341 D/RILC    (  112): qmi_ril(0/112): [main] qcril_send_request_response UI <--- RIL_REQUEST_REGISTRATION_STATE (20) Complete --- RIL [RID 0, Token 155, Success, Len 60 ]
02-13 18:52:09.341 D/RILJ    (  342): [0155]< REGISTRATION_STATE {1,null,null,6,5171,560135,-1363474,0,4139,41,1,1,160,0,0}
02-13 18:52:09.341 I/RILC    (  112): qmi_ril(0/112): [main] qcril_qmi_nas_request_registration_state .. need to report cs/ps bar 0
02-13 18:52:09.341 I/RILC    (  112): qmi_ril(0/112): [main] qcril_qmi_nas_request_registration_state qcril_qmi_nas_request_registration_state completed with 0
02-13 18:52:09.341 D/RILC    (  112): qmi_ril(0/112): [main] onRequest UI --- RIL_REQUEST_DATA_REGISTRATION_STATE (21) ---> RIL [RID 0, token id 156, data len 0]
02-13 18:52:09.341 I/RILC    (  112): qmi_ril(0/112): [main] qcril_qmi_nas_request_data_registration_state qcril_qmi_nas_request_data_registration_state entered
02-13 18:52:09.341 I/RILC    (  112): qmi_ril(0/112): [main] qcril_qmi_nas_is_in_service_of_technology qcril_qmi_nas_is_in_service_of_technology entered
02-13 18:52:09.341 I/RILC    (  112): qmi_ril(0/112): [main] qcril_qmi_nas_is_in_service_of_technology qcril_qmi_nas_is_in_service_of_technology completed with 0
02-13 18:52:09.341 I/RILC    (  112): qmi_ril(0/112): [main] qcril_qmi_nas_is_in_service_of_technology qcril_qmi_nas_is_in_service_of_technology entered
02-13 18:52:09.341 I/RILC    (  112): qmi_ril(0/112): [main] qcril_qmi_nas_is_in_service_of_technology qcril_qmi_nas_is_in_service_of_technology completed with 1
02-13 18:52:09.341 I/RILC    (  112): qmi_ril(0/112): [main] qcril_qmi_nas_request_data_registration_state  ... QMI NAS reg_state 1
02-13 18:52:09.341 I/RILC    (  112): qmi_ril(0/112): [main] qcril_qmi_nas_request_data_registration_state  ... cache valid for data_caps 1
02-13 18:52:09.341 I/RILC    (  112): qmi_ril(0/112): [main] qcril_qmi_nas_request_data_registration_state  ... cache valid for data_caps_len 2
02-13 18:52:09.341 I/RILC    (  112): qmi_ril(0/112): [main] qcril_qmi_nas_request_data_registration_state  ... ps attach state 1
02-13 18:52:09.341 I/RILC    (  112): qmi_ril(0/112): [main] qcril_qmi_nas_request_data_registration_state Xinjingqcril_qmi_nas_request_data_registration_state cur reg state 1
02-13 18:52:09.341 I/RILC    (  112): qmi_ril(0/112): [main] qcril_qmi_nas_request_data_registration_state .. pre  cur reg state 1
02-13 18:52:09.341 I/RILC    (  112): qmi_ril(0/112): [main] qcril_qmi_nas_request_data_registration_state qcril_qmi_nas_request_data_registration_state cur reg state 1
02-13 18:52:09.341 I/RILC    (  112): qmi_ril(0/112): [main] qcril_qmi_nas_is_in_service_of_technology qcril_qmi_nas_is_in_service_of_technology entered
02-13 18:52:09.341 I/RILC    (  112): qmi_ril(0/112): [main] qcril_qmi_nas_is_in_service_of_technology qcril_qmi_nas_is_in_service_of_technology completed with 0
02-13 18:52:09.341 I/RILC    (  112): qmi_ril(0/112): [main] qcril_qmi_nas_is_in_service_of_technology qcril_qmi_nas_is_in_service_of_technology entered
02-13 18:52:09.341 I/RILC    (  112): qmi_ril(0/112): [main] qcril_qmi_nas_is_in_service_of_technology qcril_qmi_nas_is_in_service_of_technology completed with 0
02-13 18:52:09.341 I/RILC    (  112): qmi_ril(0/112): [main] qcril_qmi_nas_request_data_registration_state .. data caps 1, 2
02-13 18:52:09.341 I/RILC    (  112): qmi_ril(0/112): [main] qcril_qmi_nas_request_data_registration_state .. detailed info val 1
02-13 18:52:09.341 I/RILC    (  112): qmi_ril(0/112): [main] qcril_qmi_nas_request_data_registration_state .. detailed info srv_cap 3
02-13 18:52:09.341 I/RILC    (  112): qmi_ril(0/112): [main] qcril_qmi_nas_request_data_registration_state .. legacy data cap 6
02-13 18:52:09.341 I/RILC    (  112): qmi_ril(0/112): [main] qcril_qmi_nas_request_data_registration_state .. final legacy data cap 8
02-13 18:52:09.341 I/RILC    (  112): qmi_ril(0/112): [main] qcril_qmi_nas_request_data_registration_state .. ehrpd adjustment check 8
02-13 18:52:09.341 I/RILC    (  112): qmi_ril(0/112): [main] qcril_qmi_nas_request_data_registration_state .. detailed_service_info val, nas_cached_info.hdr_personality val  1, 1
02-13 18:52:09.341 I/RILC    (  112): qmi_ril(0/112): [main] qcril_qmi_nas_request_data_registration_state .. hdr status, hdr_hybrid  2, 1
02-13 18:52:09.341 I/RILC    (  112): qmi_ril(0/112): [main] qcril_qmi_nas_request_data_registration_state .. hdr_personality check 1
02-13 18:52:09.341 I/RILC    (  112): qmi_ril(0/112): [main] qcril_qmi_nas_request_data_registration_state .. rg 0 - 1
02-13 18:52:09.341 I/RILC    (  112): qmi_ril(0/112): [main] qcril_qmi_nas_request_data_registration_state .. rg 1 - 
02-13 18:52:09.341 I/RILC    (  112): qmi_ril(0/112): [main] qcril_qmi_nas_request_data_registration_state .. rg 2 - 
02-13 18:52:09.341 I/RILC    (  112): qmi_ril(0/112): [main] qcril_qmi_nas_request_data_registration_state .. rg 3 - 8
02-13 18:52:09.341 I/RILC    (  112): qmi_ril(0/112): [main] qcril_qmi_nas_request_data_registration_state .. rg 4 - 0
02-13 18:52:09.341 I/RILC    (  112): qmi_ril(0/112): [main] qcril_qmi_nas_request_data_registration_state .. rg 5 - 20
02-13 18:52:09.341 I/RILC    (  112): qmi_ril(0/112): [main] qcril_reqlist_find [RID 0] Not found ReqList entry : token id 156
02-13 18:52:09.341 D/RILC    (  112): qmi_ril(0/112): [main] qcril_send_request_response UI <--- RIL_REQUEST_DATA_REGISTRATION_STATE (21) Complete --- RIL [RID 0, Token 156, Success, Len 24 ]
02-13 18:52:09.341 D/RILJ    (  342): [0156]< DATA_REGISTRATION_STATE {1,null,null,8,0,20}
02-13 18:52:09.341 I/RILC    (  112): qmi_ril(0/112): [main] qcril_qmi_nas_request_data_registration_state qcril_qmi_nas_request_data_registration_state complete with 0
02-13 18:52:09.361 D/CDMA    (  342): [CdmaServiceStateTracker] ***zyj*** roamingstaus:1
02-13 18:52:09.361 D/CDMA    (  342): [CdmaServiceStateTracker] ***zyj*** namMatch && mIsInPrll
02-13 18:52:09.361 D/CDMA    (  342): [CdmaServiceStateTracker] ***zyj*** ind <=2 set ind off
02-13 18:52:09.361 D/CDMA    (  342): [CdmaServiceStateTracker] Set CDMA Roaming Indicator to: 1. mCdmaRoaming = false, isPrlLoaded = true. namMatch = true , mIsInPrl = true, mRoamingIndicator = 1, mDefaultRoamingIndicator= 160
02-13 18:52:09.361 D/CDMA    (  342): [CdmaServiceStateTracker] Poll ServiceState done: oldSS=[0 home Sprint  310099  1xRTT CSS not supported 41 4139RoamInd: 1RoamStatus(sprint): 1DefRoamInd: 160EmergOnly: false] newSS=[0 home null  310099  1xRTT CSS not supported 41 4139RoamInd: 1RoamStatus(sprint): 1DefRoamInd: 160EmergOnly: false]
02-13 18:52:12.104 I/RILC    (  112): qmi_ril(0/112): [qmi_cb] qcril_qmi_nas_unsolicited_indication_cb invoked msg 0x2
02-13 18:52:12.104 I/RILC    (  112): qmi_ril(0/112): [qmi_cb] qcril_qmi_nas_is_considered_registered qcril_qmi_nas_is_considered_registered entered
02-13 18:52:12.104 I/RILC    (  112): qmi_ril(0/112): [qmi_cb] qcril_qmi_nas_is_considered_registered qcril_qmi_nas_is_considered_registered completed with 1
02-13 18:52:12.104 I/RILC    (  112): qmi_ril(0/112): [qmi_cb] qcril_qmi_nas_event_report_ind_conv_qmi2ril qcril_qmi_nas_event_report_ind_conv_qmi2ril entered
02-13 18:52:12.104 I/RILC    (  112): qmi_ril(0/112): [qmi_cb] qcril_qmi_nas_event_report_ind_conv_qmi2ril .. reg reject valid 0
02-13 18:52:12.104 I/RILC    (  112): qmi_ril(0/112): [qmi_cb] qcril_qmi_nas_event_report_ind_conv_qmi2ril qcril_qmi_nas_event_report_ind_conv_qmi2ril completed
02-13 18:52:12.104 I/RILC    (  112): qmi_ril(0/112): [qmi_cb] qcril_qmi_nas_is_considered_registered qcril_qmi_nas_is_considered_registered entered
02-13 18:52:12.104 I/RILC    (  112): qmi_ril(0/112): [qmi_cb] qcril_qmi_nas_is_considered_registered qcril_qmi_nas_is_considered_registered completed with 1
02-13 18:52:12.104 D/RILC    (  112): qmi_ril(0/112): [qmi_cb] qcril_event_queue Event [<Unknown event> ?, 655370] data was NULL!
02-13 18:52:12.104 D/RILC    (  112): qmi_ril(0/112): [qmi_cb] qcril_event_queue RID 0 MID 0 Queued event <Unknown event> ? (0 bytes)
02-13 18:52:12.104 I/RILC    (  112): qmi_ril(0/112): [qmi_cb] qcril_qmi_nas_unsolicited_indication_cb .. operational state 3
02-13 18:52:12.104 I/RILC    (  112): qmi_ril(0/112): [qmi_cb] qcril_qmi_nas_unsolicited_indication_cb qcril_qmi_nas_unsolicited_indication_cb completed
02-13 18:52:12.104 D/RILC    (  112): qmi_ril(0/112): [event] qcril_event_main qcril_event_main(): 1 items on queue
02-13 18:52:12.104 D/RILC    (  112): qmi_ril(0/112): [event] qcril_event_main RID 0 MID 0 De-queued event <Unknown event> ? (655370)
02-13 18:52:12.104 D/RILC    (  112): qmi_ril(0/112): [event] qcril_process_event RIL <--- <Unknown event> ?(655370), RID 0, MID 0 --- AMSS
02-13 18:52:12.104 I/RILC    (  112): qmi_ril(0/112): [event] qcril_qmi_trigger_propagate_known_signal_strength_ind qcril_qmi_trigger_propagate_known_signal_strength_ind received
02-13 18:52:12.104 I/RILC    (  112): qmi_ril(0/112): [event] qcril_qmi_nas_propagate_known_signal_strength_ind qcril_qmi_nas_propagate_known_signal_strength_ind entered
02-13 18:52:12.104 I/RILC    (  112): qmi_ril(0/112): [event] qcril_qmi_nas_fetch_signal_strength_observations qcril_qmi_nas_fetch_signal_strength_observations entered
02-13 18:52:12.104 I/RILC    (  112): qmi_ril(0/112): [event] qcril_qmi_nas_fetch_signal_strength_observations ..req mask 35
02-13 18:52:12.104 I/RILC    (  112): qmi_ril(0/112): [event] qcril_qmi_nas_fetch_signal_strength_observations qcril_qmi_nas_request_signal_strength entered IF 35
02-13 18:52:12.104 I/RILC    (  112): qmi_ril(0/112): [event] qcril_qmi_nas_fetch_signal_strength_observations qcril_qmi_nas_request_signal_strength entered RIL_REQ_RES qmi_request.request__mask = 35
02-13 18:52:12.104 I/RILC    (  112): qmi_ril(0/112): [event] qcril_qmi_nas_fetch_signal_strength_observations qcril_qmi_nas_request_signal_strength entered IF QMI RESPONSE 35
02-13 18:52:12.104 I/RILC    (  112): qmi_ril(0/112): [event] qcril_qmi_util_convert_qmi_response_codes_to_ril_result_ex qcril_qmi_util_convert_qmi_response_codes_to_ril_result_ex ctx check 0
02-13 18:52:12.104 I/RILC    (  112): qmi_ril(0/112): [event] qcril_qmi_nas_fetch_signal_strength_observations qcril_qmi_nas_request_signal_strength entered IF UTIL_RES = SUCCESS 35
02-13 18:52:12.104 I/RILC    (  112): qmi_ril(0/112): [event] qcril_qmi_nas_fetch_signal_strength_observations qcril_qmi_nas_fetch_signal_strength_observations completed 0
02-13 18:52:12.104 I/RILC    (  112): qmi_ril(0/112): [event] qcril_qmi_nas_propagate_known_signal_strength_ind .. subfetch sig strength info 0
02-13 18:52:12.104 I/RILC    (  112): qmi_ril(0/112): [event] qcril_qmi_nas_dump_sign_strength_report qcril_qmi_nas_dump_sign_strength_report entered
02-13 18:52:12.104 I/RILC    (  112): qmi_ril(0/112): [event] qcril_qmi_nas_dump_sign_strength_report ..GW
02-13 18:52:12.104 I/RILC    (  112): qmi_ril(0/112): [event] qcril_qmi_nas_dump_sign_strength_report .. signalStrength 99, bitErrorRate 0
02-13 18:52:12.104 I/RILC    (  112): qmi_ril(0/112): [event] qcril_qmi_nas_dump_sign_strength_report ..CDMA
02-13 18:52:12.104 I/RILC    (  112): qmi_ril(0/112): [event] qcril_qmi_nas_dump_sign_strength_report .. dbm 86, ecio 90 
02-13 18:52:12.104 I/RILC    (  112): qmi_ril(0/112): [event] qcril_qmi_nas_dump_sign_strength_report ..EVDO
02-13 18:52:12.104 I/RILC    (  112): qmi_ril(0/112): [event] qcril_qmi_nas_dump_sign_strength_report .. dbm 0, ecio 315, signalNoiseRatio 8
02-13 18:52:12.104 I/RILC    (  112): qmi_ril(0/112): [event] qcril_qmi_nas_dump_sign_strength_report ..LTE
02-13 18:52:12.104 I/RILC    (  112): qmi_ril(0/112): [event] qcril_qmi_nas_dump_sign_strength_report .. signalStrength 99, rsrp 2147483647, rsrq 2147483647, rsnnr 2147483647
02-13 18:52:12.104 I/RILC    (  112): qmi_ril(0/112): [event] qcril_qmi_nas_dump_sign_strength_report qcril_qmi_nas_dump_sign_strength_report completed
02-13 18:52:12.104 I/RILC    (  112): qmi_ril(0/112): [event] qcril_qmi_nas_propagate_known_signal_strength_ind .. conf res 0
02-13 18:52:12.104 D/RILC    (  112): qmi_ril(0/112): [event] qcril_send_unsol_response UI <--- RIL_UNSOL_SIGNAL_STRENGTH (1009) --- RIL [RID 0, Len 48, (null)]
02-13 18:52:12.104 I/RILC    (  112): qmi_ril(0/112): [event] qcril_qmi_nas_propagate_known_signal_strength_ind qcril_qmi_nas_propagate_known_signal_strength_ind completed 0
02-13 18:52:12.104 I/RILC    (  112): qmi_ril(0/112): [event] qcril_process_event Exit qcril_process_event() : <Unknown event> ?, err_no 0
02-13 18:52:12.104 D/RILC    (  112): qmi_ril(0/112): [event] qcril_event_main qcril_event_main(): Waiting...
02-13 18:52:12.684 D/CDMA    (  342): [CdmaCallTracker] hangupForegroundResumeBackground
02-13 18:52:12.684 D/CDMA    (  342): [CdmaCallTracker] obtainCompleteMessage: pendingOperations=1, needsPoll=true
02-13 18:52:12.684 D/RILJ    (  342): [0157]> HANGUP_FOREGROUND_RESUME_BACKGROUND
02-13 18:52:12.684 D/RILC    (  112): qmi_ril(0/112): [main] onRequest UI --- RIL_REQUEST_HANGUP_FOREGROUND_RESUME_BACKGROUND (14) ---> RIL [RID 0, token id 157, data len 0]
02-13 18:52:12.684 I/RILC    (  112): qmi_ril(0/112): [main] qcril_qmi_voice_request_manage_calls_hangup_foreground_resume_background qcril_qmi_voice_request_manage_calls_hangup_foreground_resume_background entered
02-13 18:52:12.684 I/RILC    (  112): qmi_ril(0/112): [main] qcril_reqlist_find [RID 0] Not found ReqList entry : token id 157
02-13 18:52:12.684 I/RILC    (  112): qmi_ril(0/112): [main] qcril_reqlist_new_all [RID 0] Event RIL_REQUEST_HANGUP_FOREGROUND_RESUME_BACKGROUND(14), token id 157 [ 0x1b9f0], req id 13 : 
02-13 18:52:12.684 I/RILC    (  112): qmi_ril(0/112): [main] qcril_reqlist_new_all                        MID 0, pending receipt of <none>, state QCRIL_REQ_AWAITING_CALLBACK(2)
02-13 18:52:12.684 D/RILC    (  112): qmi_ril(0/112): [main] qcril_reqlist_print_all [RID 0] ReqList entries :
02-13 18:52:12.684 D/RILC    (  112): qmi_ril(0/112): [main] qcril_reqlist_print_all     RIL_REQUEST_HANGUP_FOREGROUND_RESUME_BACKGROUND (14), token id 157
02-13 18:52:12.684 I/RILC    (  112): qmi_ril(0/112): [main] qcril_qmi_util_convert_qmi_response_codes_to_ril_result_ex qcril_qmi_util_convert_qmi_response_codes_to_ril_result_ex ctx check 0
02-13 18:52:12.684 I/RILC    (  112): qmi_ril(0/112): [main] qcril_qmi_voice_request_manage_calls_hangup_foreground_resume_background qcril_qmi_voice_request_manage_calls_hangup_foreground_resume_background completed
02-13 18:52:12.714 I/RILC    (  112): qmi_ril(0/112): [qmi_cb] qcril_qmi_voice_command_cb qcril_qmi_voice_command_cb for msg_id 0021 (END CALL RESP)
02-13 18:52:12.714 I/RILC    (  112): qmi_ril(0/112): [qmi_cb] qcril_reqlist_find_by_req_id [RID 0] Found ReqList entry : RIL_REQUEST_HANGUP_FOREGROUND_RESUME_BACKGROUND(14), token id 157
02-13 18:52:12.714 I/RILC    (  112): qmi_ril(0/112): [qmi_cb] qcril_qmi_voice_end_call_resp_hdlr END CALL RESP SUCCESS received with call id 1
02-13 18:52:12.714 I/RILC    (  112): qmi_ril(0/112): [qmi_cb] qcril_reqlist_find [RID 0] Found ReqList entry : RIL_REQUEST_HANGUP_FOREGROUND_RESUME_BACKGROUND(14), token id 157
02-13 18:52:12.714 I/RILC    (  112): qmi_ril(0/112): [qmi_cb] qcril_reqlist_free [RID 0] Deleted ReqList entry : token id 157 [0x1b9f0]
02-13 18:52:12.714 D/RILC    (  112): qmi_ril(0/112): [qmi_cb] qcril_reqlist_print_all [RID 0] ReqList entries : Empty 
02-13 18:52:12.714 D/RILC    (  112): qmi_ril(0/112): [qmi_cb] qcril_send_request_response UI <--- RIL_REQUEST_HANGUP_FOREGROUND_RESUME_BACKGROUND (14) Complete --- RIL [RID 0, Token 157, Success, Len 0 ]
02-13 18:52:12.714 D/RILJ    (  342): [0157]< HANGUP_FOREGROUND_RESUME_BACKGROUND 
02-13 18:52:12.724 I/RILC    (  112): qmi_ril(0/112): [qmi_cb] qcril_qmi_voice_unsol_ind_cb .. operational state 3
02-13 18:52:12.724 I/RILC    (  112): qmi_ril(0/112): [qmi_cb] qcril_qmi_voice_all_call_status_ind_hdlr qcril_qmi_voice_all_call_status_ind_hdlr entered
02-13 18:52:12.724 I/RILC    (  112): qmi_ril(0/112): [qmi_cb] qcril_qmi_voice_all_call_status_ind_hdlr qcril_qmi_voice_all_call_status_ind_hdlr - Call state 9, IsMT=1
02-13 18:52:12.724 I/RILC    (  112): qmi_ril(0/112): [qmi_cb] qcril_qmi_voice_all_call_status_ind_hdlr Call state END for conn id 1
02-13 18:52:12.724 I/RILC    (  112): qmi_ril(0/112): [qmi_cb] qcril_qmi_voice_all_call_status_ind_hdlr Call failure cause 29
02-13 18:52:12.724 I/RILC    (  112): qmi_ril(0/112): [qmi_cb] qcril_qmi_voice_handle_new_last_call_failure_cause function entry
02-13 18:52:12.724 I/RILC    (  112): qmi_ril(0/112): [qmi_cb] qcril_qmi_voice_map_qmi_to_ril_last_call_failure_cause map qmi reason: 29 to ril reason: 16
02-13 18:52:12.724 I/RILC    (  112): qmi_ril(0/112): [qmi_cb] qcril_qmi_voice_store_last_call_failure_cause store ril reason: 16
02-13 18:52:12.724 I/RILC    (  112): qmi_ril(0/112): [qmi_cb] qcril_qmi_voice_respond_ril_last_call_failure_request function entry
02-13 18:52:12.724 I/RILC    (  112): qmi_ril(0/112): [qmi_cb] qcril_qmi_voice_respond_ril_last_call_failure_request last_call_failure_cause is valid. Will send the response if there is any pending ril request.
02-13 18:52:12.724 I/RILC    (  112): qmi_ril(0/112): [qmi_cb] qcril_reqlist_find_by_request [RID 0] Not found ReqList entry for RIL_REQUEST_LAST_CALL_FAIL_CAUSE(18)
02-13 18:52:12.724 I/RILC    (  112): qmi_ril(0/112): [qmi_cb] qcril_qmi_voice_handle_new_last_call_failure_cause function exit
02-13 18:52:12.724 I/RILC    (  112): qmi_ril(0/112): [qmi_cb] qcril_qmi_voice_all_call_status_ind_hdlr Call mode 1, call type 0
02-13 18:52:12.724 I/RILC    (  112): qmi_ril(0/112): [qmi_cb] qcril_qmi_voice_voip_find_call_info_entry_by_call_qmi_id qcril_qmi_voice_voip_find_call_info_entry_by_call_qmi_id entry with id 1
02-13 18:52:12.724 I/RILC    (  112): qmi_ril(0/112): [qmi_cb] qcril_qmi_voice_voip_find_call_info_entry_by_call_qmi_id qcril_qmi_voice_voip_find_call_info_entry_by_call_qmi_id completing with res 109360
02-13 18:52:12.724 I/RILC    (  112): qmi_ril(0/112): [qmi_cb] qcril_qmi_voice_voip_update_call_info_entry_mainstream qcril_qmi_voice_voip_update_call_info_entry_mainstream entry with param 109360
02-13 18:52:12.724 I/RILC    (  112): qmi_ril(0/112): [qmi_cb] qcril_qmi_voice_voip_update_call_info_entry_mainstream call android id 1, call qmi id 1
02-13 18:52:12.724 I/RILC    (  112): qmi_ril(0/112): [qmi_cb] qcril_qmi_voice_voip_update_call_info_entry_mainstream .. call state 9, call type 0
02-13 18:52:12.724 I/RILC    (  112): qmi_ril(0/112): [qmi_cb] qcril_qmi_voice_voip_update_call_info_entry_mainstream qcril_qmi_voice_voip_update_call_info_entry_mainstream completed
02-13 18:52:12.724 I/RILC    (  112): qmi_ril(0/112): [qmi_cb] qcril_qmi_voice_voip_destroy_call_info_entry qcril_qmi_voice_voip_destroy_call_info_entry entered
02-13 18:52:12.724 I/RILC    (  112): qmi_ril(0/112): [qmi_cb] qcril_qmi_voice_voip_destroy_call_info_entry .. entry 109360
02-13 18:52:12.724 I/RILC    (  112): qmi_ril(0/112): [qmi_cb] qcril_qmi_voice_voip_destroy_call_info_entry .. entry found 1
02-13 18:52:12.724 I/RILC    (  112): qmi_ril(0/112): [qmi_cb] qcril_qmi_voice_voip_destroy_call_info_entry qcril_qmi_voice_voip_destroy_call_info_entry completed
02-13 18:52:12.724 I/RILC    (  112): qmi_ril(0/112): [qmi_cb] qcril_qmi_voice_all_call_status_ind_hdlr -- final call dump start --
02-13 18:52:12.724 I/RILC    (  112): qmi_ril(0/112): [qmi_cb] qcril_qmi_voice_all_call_status_ind_hdlr -- final call dump end --
02-13 18:52:12.724 D/RILC    (  112): qmi_ril(0/112): [qmi_cb] qcril_send_unsol_response UI <--- RIL_UNSOL_RESPONSE_CALL_STATE_CHANGED (1001) --- RIL [RID 0, Len 0, (null)]
02-13 18:52:12.724 I/RILC    (  112): qmi_ril(0/112): [qmi_cb] qcril_qmi_voice_all_call_status_ind_hdlr qcril_qmi_voice_all_call_status_ind_hdlr completed
02-13 18:52:12.724 D/RILJ    (  342): [UNSL]< UNSOL_RESPONSE_CALL_STATE_CHANGED
02-13 18:52:12.774 D/CDMA    (  342): [CdmaCallTracker] handleMessage msg.id = 4
02-13 18:52:12.774 D/CDMA    (  342): [CdmaCallTracker] operationComplete: pendingOperations=0, needsPoll=true
02-13 18:52:12.774 D/RILJ    (  342): [0158]> GET_CURRENT_CALLS
02-13 18:52:12.774 D/RILC    (  112): qmi_ril(0/112): [main] onRequest UI --- RIL_REQUEST_GET_CURRENT_CALLS (9) ---> RIL [RID 0, token id 158, data len 0]
02-13 18:52:12.774 I/RILC    (  112): qmi_ril(0/112): [main] qcril_qmi_voice_request_get_current_calls qcril_qmi_voice_request_get_current_calls entered
02-13 18:52:12.774 I/RILC    (  112): qmi_ril(0/112): [main] qcril_qmi_voice_request_get_current_calls Reply to RIL --> Number of calls : 0
02-13 18:52:12.774 I/RILC    (  112): qmi_ril(0/112): [main] qcril_reqlist_find [RID 0] Not found ReqList entry : token id 158
02-13 18:52:12.774 D/RILC    (  112): qmi_ril(0/112): [main] qcril_send_request_response UI <--- RIL_REQUEST_GET_CURRENT_CALLS (9) Complete --- RIL [RID 0, Token 158, Success, Len 0 ]
02-13 18:52:12.774 I/RILC    (  112): qmi_ril(0/112): [main] qcril_qmi_voice_request_get_current_calls qcril_qmi_voice_request_get_current_calls completed
02-13 18:52:12.774 D/RILJ    (  342): [0158]< GET_CURRENT_CALLS  
02-13 18:52:12.774 D/CDMA    (  342): [CdmaCallTracker] handleMessage msg.id = 2
02-13 18:52:12.784 D/RILJ    (  342): [0159]> GET_CURRENT_CALLS
02-13 18:52:12.784 D/RILC    (  112): qmi_ril(0/112): [main] onRequest UI --- RIL_REQUEST_GET_CURRENT_CALLS (9) ---> RIL [RID 0, token id 159, data len 0]
02-13 18:52:12.784 I/RILC    (  112): qmi_ril(0/112): [main] qcril_qmi_voice_request_get_current_calls qcril_qmi_voice_request_get_current_calls entered
02-13 18:52:12.784 I/RILC    (  112): qmi_ril(0/112): [main] qcril_qmi_voice_request_get_current_calls Reply to RIL --> Number of calls : 0
02-13 18:52:12.784 I/RILC    (  112): qmi_ril(0/112): [main] qcril_reqlist_find [RID 0] Not found ReqList entry : token id 159
02-13 18:52:12.784 D/RILC    (  112): qmi_ril(0/112): [main] qcril_send_request_response UI <--- RIL_REQUEST_GET_CURRENT_CALLS (9) Complete --- RIL [RID 0, Token 159, Success, Len 0 ]
02-13 18:52:12.784 I/RILC    (  112): qmi_ril(0/112): [main] qcril_qmi_voice_request_get_current_calls qcril_qmi_voice_request_get_current_calls completed
02-13 18:52:12.784 D/RILJ    (  342): [0159]< GET_CURRENT_CALLS  
02-13 18:52:12.804 D/CDMA    (  342): [CdmaCallTracker] handleMessage msg.id = 1
02-13 18:52:12.804 D/CDMA    (  342): Event EVENT_POLL_CALLS_RESULT Received
02-13 18:52:12.804 D/CDMA    (  342): [CdmaCallTracker] handleMessage msg.id = 1
02-13 18:52:12.804 D/CDMA    (  342): Event EVENT_POLL_CALLS_RESULT Received
02-13 18:52:12.804 D/CDMA    (  342): [CdmaCallTracker] handle EVENT_POLL_CALL_RESULT: set needsPoll=F
02-13 18:52:12.804 D/CDMA    (  342): >handlePollCalls
02-13 18:52:12.804 D/CDMA    (  342): Connections:
02-13 18:52:12.804 D/CDMA    (  342): Connection 0: 
02-13 18:52:12.804 D/CDMA    (  342): [conn] number: 4864351 index: 0 incoming: false alive: false ringing: false
02-13 18:52:12.804 D/CDMA    (  342): Connection 1: NULL
02-13 18:52:12.804 D/CDMA    (  342): Driver Calls:
02-13 18:52:12.804 D/CDMA    (  342): [CdmaCallTracker] poll: conn[i=0]= incoming: false state: DISCONNECTING post dial state: COMPLETE, dc=null
02-13 18:52:12.804 D/CDMA    (  342): [CdmaCallTracker] adding fgCall cn 0 to droppedDuringPoll
02-13 18:52:12.804 D/CDMA    (  342): [CdmaCallTracker] poll: conn[i=1]=null, dc=null
02-13 18:52:12.804 D/CDMA    (  342): [CDMAConn] onDisconnect: cause=LOCAL
02-13 18:52:12.804 D/CDMA    (  342): [CdmaCallTracker] update phone state, old=OFFHOOK new=IDLE
02-13 18:52:12.834 D/CDMA    (  342): <handlePollCalls
02-13 18:52:12.864 D/CDMA    (  342): extractSelCodeFromOtaSpNum -1
02-13 18:52:12.864 D/CDMA    (  342): extractSelCodeFromOtaSpNum -1
02-13 18:52:12.864 D/CDMA    (  342): isOtaSpNumber false
02-13 18:52:12.985 I/RILC    (  112): qmi_ril(0/112): [qmi_cb] qcril_qmi_nas_unsolicited_indication_cb invoked msg 0x2
02-13 18:52:12.985 I/RILC    (  112): qmi_ril(0/112): [qmi_cb] qcril_qmi_nas_is_considered_registered qcril_qmi_nas_is_considered_registered entered
02-13 18:52:12.985 I/RILC    (  112): qmi_ril(0/112): [qmi_cb] qcril_qmi_nas_is_considered_registered qcril_qmi_nas_is_considered_registered completed with 1
02-13 18:52:12.985 I/RILC    (  112): qmi_ril(0/112): [qmi_cb] qcril_qmi_nas_event_report_ind_conv_qmi2ril qcril_qmi_nas_event_report_ind_conv_qmi2ril entered
02-13 18:52:12.985 I/RILC    (  112): qmi_ril(0/112): [qmi_cb] qcril_qmi_nas_event_report_ind_conv_qmi2ril .. reg reject valid 0
02-13 18:52:12.985 I/RILC    (  112): qmi_ril(0/112): [qmi_cb] qcril_qmi_nas_event_report_ind_conv_qmi2ril qcril_qmi_nas_event_report_ind_conv_qmi2ril completed
02-13 18:52:12.985 I/RILC    (  112): qmi_ril(0/112): [qmi_cb] qcril_qmi_nas_is_considered_registered qcril_qmi_nas_is_considered_registered entered
02-13 18:52:12.985 I/RILC    (  112): qmi_ril(0/112): [qmi_cb] qcril_qmi_nas_is_considered_registered qcril_qmi_nas_is_considered_registered completed with 1
02-13 18:52:12.985 D/RILC    (  112): qmi_ril(0/112): [qmi_cb] qcril_event_queue Event [<Unknown event> ?, 655370] data was NULL!
02-13 18:52:12.985 D/RILC    (  112): qmi_ril(0/112): [qmi_cb] qcril_event_queue RID 0 MID 0 Queued event <Unknown event> ? (0 bytes)
02-13 18:52:12.985 I/RILC    (  112): qmi_ril(0/112): [qmi_cb] qcril_qmi_nas_unsolicited_indication_cb .. operational state 3
02-13 18:52:12.985 I/RILC    (  112): qmi_ril(0/112): [qmi_cb] qcril_qmi_nas_unsolicited_indication_cb qcril_qmi_nas_unsolicited_indication_cb completed
02-13 18:52:12.985 D/RILC    (  112): qmi_ril(0/112): [event] qcril_event_main qcril_event_main(): 1 items on queue
02-13 18:52:12.985 D/RILC    (  112): qmi_ril(0/112): [event] qcril_event_main RID 0 MID 0 De-queued event <Unknown event> ? (655370)
02-13 18:52:12.985 D/RILC    (  112): qmi_ril(0/112): [event] qcril_process_event RIL <--- <Unknown event> ?(655370), RID 0, MID 0 --- AMSS
02-13 18:52:12.985 I/RILC    (  112): qmi_ril(0/112): [event] qcril_qmi_trigger_propagate_known_signal_strength_ind qcril_qmi_trigger_propagate_known_signal_strength_ind received
02-13 18:52:12.985 I/RILC    (  112): qmi_ril(0/112): [event] qcril_qmi_nas_propagate_known_signal_strength_ind qcril_qmi_nas_propagate_known_signal_strength_ind entered
02-13 18:52:12.985 I/RILC    (  112): qmi_ril(0/112): [event] qcril_qmi_nas_fetch_signal_strength_observations qcril_qmi_nas_fetch_signal_strength_observations entered
02-13 18:52:12.985 I/RILC    (  112): qmi_ril(0/112): [event] qcril_qmi_nas_fetch_signal_strength_observations ..req mask 35
02-13 18:52:12.985 I/RILC    (  112): qmi_ril(0/112): [event] qcril_qmi_nas_fetch_signal_strength_observations qcril_qmi_nas_request_signal_strength entered IF 35
02-13 18:52:12.985 I/RILC    (  112): qmi_ril(0/112): [event] qcril_qmi_nas_fetch_signal_strength_observations qcril_qmi_nas_request_signal_strength entered RIL_REQ_RES qmi_request.request__mask = 35
02-13 18:52:12.985 I/RILC    (  112): qmi_ril(0/112): [event] qcril_qmi_nas_fetch_signal_strength_observations qcril_qmi_nas_request_signal_strength entered IF QMI RESPONSE 35
02-13 18:52:12.985 I/RILC    (  112): qmi_ril(0/112): [qmi_cb] qcril_qmi_nas_unsolicited_indication_cb invoked msg 0x4c
02-13 18:52:12.985 I/RILC    (  112): qmi_ril(0/112): [qmi_cb] qcril_qmi_nas_is_considered_registered qcril_qmi_nas_is_considered_registered entered
02-13 18:52:12.985 I/RILC    (  112): qmi_ril(0/112): [qmi_cb] qcril_qmi_nas_is_considered_registered qcril_qmi_nas_is_considered_registered completed with 1
02-13 18:52:12.985 I/RILC    (  112): qmi_ril(0/112): [qmi_cb] qcril_qmi_nas_network_time_ind_conv_qmi2ril qcril_qmi_nas_network_time_ind_conv_qmi2ril entry
02-13 18:52:12.985 I/RILC    (  112): qmi_ril(0/112): [qmi_cb] qcril_qmi_nas_network_time_ind_conv_qmi2ril ril_nitz_time_msg is: 12/02/14,00:52:28-24,00
02-13 18:52:12.985 I/RILC    (  112): qmi_ril(0/112): [qmi_cb] qcril_qmi_nas_unsolicited_indication_cb .. operational state 3
02-13 18:52:12.985 D/RILC    (  112): qmi_ril(0/112): [qmi_cb] qcril_send_unsol_response UI <--- RIL_UNSOL_NITZ_TIME_RECEIVED (1008) --- RIL [RID 0, Len 24, (null)]
02-13 18:52:12.985 I/RILC    (  112): qmi_ril(0/112): [qmi_cb] qcril_qmi_nas_unsolicited_indication_cb posted RIL indication 1008
02-13 18:52:12.985 I/RILC    (  112): qmi_ril(0/112): [qmi_cb] qcril_qmi_nas_unsolicited_indication_cb qcril_qmi_nas_unsolicited_indication_cb completed
02-13 18:52:12.985 D/RILJ    (  342): [UNSL]< UNSOL_NITZ_TIME_RECEIVED 12/02/14,00:52:28-24,00
02-13 18:52:12.985 I/RILC    (  112): qmi_ril(0/112): [event] qcril_qmi_util_convert_qmi_response_codes_to_ril_result_ex qcril_qmi_util_convert_qmi_response_codes_to_ril_result_ex ctx check 0
02-13 18:52:12.985 I/RILC    (  112): qmi_ril(0/112): [event] qcril_qmi_nas_fetch_signal_strength_observations qcril_qmi_nas_request_signal_strength entered IF UTIL_RES = SUCCESS 35
02-13 18:52:12.985 I/RILC    (  112): qmi_ril(0/112): [event] qcril_qmi_nas_fetch_signal_strength_observations qcril_qmi_nas_fetch_signal_strength_observations completed 0
02-13 18:52:12.985 I/RILC    (  112): qmi_ril(0/112): [event] qcril_qmi_nas_propagate_known_signal_strength_ind .. subfetch sig strength info 0
02-13 18:52:12.985 I/RILC    (  112): qmi_ril(0/112): [event] qcril_qmi_nas_dump_sign_strength_report qcril_qmi_nas_dump_sign_strength_report entered
02-13 18:52:12.985 I/RILC    (  112): qmi_ril(0/112): [event] qcril_qmi_nas_dump_sign_strength_report ..GW
02-13 18:52:12.985 I/RILC    (  112): qmi_ril(0/112): [event] qcril_qmi_nas_dump_sign_strength_report .. signalStrength 99, bitErrorRate 0
02-13 18:52:12.985 I/RILC    (  112): qmi_ril(0/112): [event] qcril_qmi_nas_dump_sign_strength_report ..CDMA
02-13 18:52:12.985 I/RILC    (  112): qmi_ril(0/112): [event] qcril_qmi_nas_dump_sign_strength_report .. dbm 85, ecio 80 
02-13 18:52:12.985 I/RILC    (  112): qmi_ril(0/112): [event] qcril_qmi_nas_dump_sign_strength_report ..EVDO
02-13 18:52:12.985 I/RILC    (  112): qmi_ril(0/112): [event] qcril_qmi_nas_dump_sign_strength_report .. dbm 0, ecio 315, signalNoiseRatio 8
02-13 18:52:12.985 I/RILC    (  112): qmi_ril(0/112): [event] qcril_qmi_nas_dump_sign_strength_report ..LTE
02-13 18:52:12.985 I/RILC    (  112): qmi_ril(0/112): [event] qcril_qmi_nas_dump_sign_strength_report .. signalStrength 99, rsrp 2147483647, rsrq 2147483647, rsnnr 2147483647
02-13 18:52:12.985 I/RILC    (  112): qmi_ril(0/112): [event] qcril_qmi_nas_dump_sign_strength_report qcril_qmi_nas_dump_sign_strength_report completed
02-13 18:52:12.985 I/RILC    (  112): qmi_ril(0/112): [event] qcril_qmi_nas_propagate_known_signal_strength_ind .. conf res 0
02-13 18:52:12.985 D/RILC    (  112): qmi_ril(0/112): [event] qcril_send_unsol_response UI <--- RIL_UNSOL_SIGNAL_STRENGTH (1009) --- RIL [RID 0, Len 48, (null)]
02-13 18:52:12.985 I/RILC    (  112): qmi_ril(0/112): [event] qcril_qmi_nas_propagate_known_signal_strength_ind qcril_qmi_nas_propagate_known_signal_strength_ind completed 0
02-13 18:52:12.985 I/RILC    (  112): qmi_ril(0/112): [event] qcril_process_event Exit qcril_process_event() : <Unknown event> ?, err_no 0
02-13 18:52:12.985 D/RILC    (  112): qmi_ril(0/112): [event] qcril_event_main qcril_event_main(): Waiting...
02-13 18:52:13.105 I/CDMA    (  342): NITZ: 12/02/14,00:52:28-24,00,314956 start=315072 delay=116
02-13 18:52:13.105 I/CDMA    (  342):  dst: 0
02-13 18:52:13.105 I/CDMA    (  342):  tzOffset: -21600000
02-13 18:52:13.105 I/CDMA    (  342):  iso: us
02-13 18:52:13.105 I/CDMA    (  342): mGotCountryCode: true
02-13 18:52:13.245 I/CDMA    (  342):  zone id : America/Chicago name : Central Standard Time
02-13 18:52:13.265 I/CDMA    (  342): set zone id: America/Chicago
02-13 18:52:13.285 I/CDMA    (  342):  millisSinceNitzReceived: 295
02-13 18:52:13.285 I/CDMA    (  342):  gained=15008
02-13 18:52:13.285 I/CDMA    (  342):  timeSinceLastUpdate=17469
02-13 18:52:13.285 I/CDMA    (  342):  nitzUpdateSpacing=600000  nitzUpdateDiff=2000
02-13 18:52:13.285 I/CDMA    (  342): NITZ: Auto updating time of day to Mon Feb 13 18:52:28 CST 2012 NITZ receive delay=295ms gained=15008ms from 12/02/14,00:52:28-24,00
02-13 18:52:13.295 I/CDMA    (  342): NITZ: update nitz time property
02-13 18:52:13.295 I/CDMA    (  342):  mSavedTime=1329180748295 mSavedAtTime=315261
02-13 18:52:13.295 I/CDMA    (  342): NITZ: end=315261 dur=189
02-13 18:52:14.336 I/RILC    (  112): qmi_ril(0/112): [qmi_cb] qcril_qmi_nas_unsolicited_indication_cb invoked msg 0x2
02-13 18:52:14.336 I/RILC    (  112): qmi_ril(0/112): [qmi_cb] qcril_qmi_nas_is_considered_registered qcril_qmi_nas_is_considered_registered entered
02-13 18:52:14.336 I/RILC    (  112): qmi_ril(0/112): [qmi_cb] qcril_qmi_nas_is_considered_registered qcril_qmi_nas_is_considered_registered completed with 1
02-13 18:52:14.336 I/RILC    (  112): qmi_ril(0/112): [qmi_cb] qcril_qmi_nas_event_report_ind_conv_qmi2ril qcril_qmi_nas_event_report_ind_conv_qmi2ril entered
02-13 18:52:14.336 I/RILC    (  112): qmi_ril(0/112): [qmi_cb] qcril_qmi_nas_event_report_ind_conv_qmi2ril .. reg reject valid 0
02-13 18:52:14.336 I/RILC    (  112): qmi_ril(0/112): [qmi_cb] qcril_qmi_nas_event_report_ind_conv_qmi2ril qcril_qmi_nas_event_report_ind_conv_qmi2ril completed
02-13 18:52:14.336 I/RILC    (  112): qmi_ril(0/112): [qmi_cb] qcril_qmi_nas_is_considered_registered qcril_qmi_nas_is_considered_registered entered
02-13 18:52:14.336 I/RILC    (  112): qmi_ril(0/112): [qmi_cb] qcril_qmi_nas_is_considered_registered qcril_qmi_nas_is_considered_registered completed with 1
02-13 18:52:14.336 D/RILC    (  112): qmi_ril(0/112): [qmi_cb] qcril_event_queue Event [<Unknown event> ?, 655370] data was NULL!
02-13 18:52:14.336 D/RILC    (  112): qmi_ril(0/112): [event] qcril_event_main qcril_event_main(): 1 items on queue
02-13 18:52:14.336 D/RILC    (  112): qmi_ril(0/112): [event] qcril_event_main RID 0 MID 0 De-queued event <Unknown event> ? (655370)
02-13 18:52:14.336 D/RILC    (  112): qmi_ril(0/112): [event] qcril_process_event RIL <--- <Unknown event> ?(655370), RID 0, MID 0 --- AMSS
02-13 18:52:14.336 I/RILC    (  112): qmi_ril(0/112): [event] qcril_qmi_trigger_propagate_known_signal_strength_ind qcril_qmi_trigger_propagate_known_signal_strength_ind received
02-13 18:52:14.336 I/RILC    (  112): qmi_ril(0/112): [event] qcril_qmi_nas_propagate_known_signal_strength_ind qcril_qmi_nas_propagate_known_signal_strength_ind entered
02-13 18:52:14.336 I/RILC    (  112): qmi_ril(0/112): [event] qcril_qmi_nas_fetch_signal_strength_observations qcril_qmi_nas_fetch_signal_strength_observations entered
02-13 18:52:14.336 I/RILC    (  112): qmi_ril(0/112): [event] qcril_qmi_nas_fetch_signal_strength_observations ..req mask 99
02-13 18:52:14.336 I/RILC    (  112): qmi_ril(0/112): [event] qcril_qmi_nas_fetch_signal_strength_observations qcril_qmi_nas_request_signal_strength entered IF 99
02-13 18:52:14.336 I/RILC    (  112): qmi_ril(0/112): [event] qcril_qmi_nas_fetch_signal_strength_observations qcril_qmi_nas_request_signal_strength entered RIL_REQ_RES qmi_request.request__mask = 35
02-13 18:52:14.336 I/RILC    (  112): qmi_ril(0/112): [event] qcril_qmi_nas_fetch_signal_strength_observations qcril_qmi_nas_request_signal_strength entered IF QMI RESPONSE 99
02-13 18:52:14.336 D/RILC    (  112): qmi_ril(0/112): [qmi_cb] qcril_event_queue RID 0 MID 0 Queued event <Unknown event> ? (0 bytes)
02-13 18:52:14.336 I/RILC    (  112): qmi_ril(0/112): [qmi_cb] qcril_qmi_nas_unsolicited_indication_cb .. operational state 3
02-13 18:52:14.336 I/RILC    (  112): qmi_ril(0/112): [qmi_cb] qcril_qmi_nas_unsolicited_indication_cb qcril_qmi_nas_unsolicited_indication_cb completed
02-13 18:52:14.346 I/RILC    (  112): qmi_ril(0/112): [event] qcril_qmi_util_convert_qmi_response_codes_to_ril_result_ex qcril_qmi_util_convert_qmi_response_codes_to_ril_result_ex ctx check 0
02-13 18:52:14.346 I/RILC    (  112): qmi_ril(0/112): [event] qcril_qmi_nas_fetch_signal_strength_observations qcril_qmi_nas_request_signal_strength entered IF UTIL_RES = SUCCESS 99
02-13 18:52:14.346 I/RILC    (  112): qmi_ril(0/112): [event] qcril_qmi_nas_fetch_signal_strength_observations qcril_qmi_nas_fetch_signal_strength_observations completed 0
02-13 18:52:14.346 I/RILC    (  112): qmi_ril(0/112): [event] qcril_qmi_nas_propagate_known_signal_strength_ind .. subfetch sig strength info 0
02-13 18:52:14.346 I/RILC    (  112): qmi_ril(0/112): [event] qcril_qmi_nas_dump_sign_strength_report qcril_qmi_nas_dump_sign_strength_report entered
02-13 18:52:14.346 I/RILC    (  112): qmi_ril(0/112): [event] qcril_qmi_nas_dump_sign_strength_report ..GW
02-13 18:52:14.346 I/RILC    (  112): qmi_ril(0/112): [event] qcril_qmi_nas_dump_sign_strength_report .. signalStrength 99, bitErrorRate 0
02-13 18:52:14.346 I/RILC    (  112): qmi_ril(0/112): [event] qcril_qmi_nas_dump_sign_strength_report ..CDMA
02-13 18:52:14.346 I/RILC    (  112): qmi_ril(0/112): [event] qcril_qmi_nas_dump_sign_strength_report .. dbm 85, ecio 80 
02-13 18:52:14.346 I/RILC    (  112): qmi_ril(0/112): [event] qcril_qmi_nas_dump_sign_strength_report ..EVDO
02-13 18:52:14.346 I/RILC    (  112): qmi_ril(0/112): [event] qcril_qmi_nas_dump_sign_strength_report .. dbm 90, ecio 10, signalNoiseRatio 8
02-13 18:52:14.346 I/RILC    (  112): qmi_ril(0/112): [event] qcril_qmi_nas_dump_sign_strength_report ..LTE
02-13 18:52:14.346 I/RILC    (  112): qmi_ril(0/112): [event] qcril_qmi_nas_dump_sign_strength_report .. signalStrength 99, rsrp 2147483647, rsrq 2147483647, rsnnr 2147483647
02-13 18:52:14.346 I/RILC    (  112): qmi_ril(0/112): [event] qcril_qmi_nas_dump_sign_strength_report qcril_qmi_nas_dump_sign_strength_report completed
02-13 18:52:14.346 I/RILC    (  112): qmi_ril(0/112): [event] qcril_qmi_nas_propagate_known_signal_strength_ind .. conf res 0
02-13 18:52:14.366 D/RILC    (  112): qmi_ril(0/112): [event] qcril_send_unsol_response UI <--- RIL_UNSOL_SIGNAL_STRENGTH (1009) --- RIL [RID 0, Len 48, (null)]
02-13 18:52:14.376 I/RILC    (  112): qmi_ril(0/112): [event] qcril_qmi_nas_propagate_known_signal_strength_ind qcril_qmi_nas_propagate_known_signal_strength_ind completed 0
02-13 18:52:14.376 I/RILC    (  112): qmi_ril(0/112): [event] qcril_process_event Exit qcril_process_event() : <Unknown event> ?, err_no 0
02-13 18:52:14.386 D/RILC    (  112): qmi_ril(0/112): [event] qcril_event_main qcril_event_main(): Waiting...
02-13 18:52:14.406 D/CDMA    (  342): [CdmaCallTracker] update phone state, old=IDLE new=IDLE
02-13 18:52:14.456 D/PHONE   (  342): VM: PhoneSubInfo.getVoiceMailNUmber: 
02-13 18:52:15.627 I/RILC    (  112): qmi_ril(0/112): [qmi_cb] qcril_qmi_nas_unsolicited_indication_cb invoked msg 0x24
02-13 18:52:15.627 I/RILC    (  112): qmi_ril(0/112): [qmi_cb] qcril_qmi_nas_is_considered_registered qcril_qmi_nas_is_considered_registered entered
02-13 18:52:15.627 I/RILC    (  112): qmi_ril(0/112): [qmi_cb] qcril_qmi_nas_is_considered_registered qcril_qmi_nas_is_considered_registered completed with 1
