02-13 18:47:02.562 I/boot_progress_start(  113): 4543
02-13 18:47:04.133 I/boot_progress_preload_start(  113): 6119
02-13 18:47:04.173 I/dvm_gc_info(  113): [8825198673194411208,-9063934019012815298,-4012584086963382722,0]
02-13 18:47:07.436 I/dvm_gc_info(  113): [8825198673194543148,-8859841571167975388,-4012560997233768412,0]
02-13 18:47:07.777 I/dvm_gc_info(  113): [8825198673194526760,-8886300218978715608,-4012560997233706968,0]
02-13 18:47:08.978 I/dvm_gc_info(  113): [8825198673194526717,-8895588893210089427,-4012560997233629139,0]
02-13 18:47:09.008 I/dvm_gc_info(  113): [8825198673194476646,-9066162729096759251,-4012560997233641427,0]
02-13 18:47:09.138 I/dvm_gc_info(  113): [8825198673194480791,-9068696003887138771,-4012560997233625043,6825601]
02-13 18:47:09.198 I/boot_progress_preload_end(  113): 11184
02-13 18:47:09.218 I/dvm_gc_info(  113): [8825198673194484876,-9098813826395170770,-4010027722443220946,7358131]
02-13 18:47:09.248 I/dvm_gc_info(  113): [8825198673194480690,-9133435248530589650,-4010027722443229138,7358131]
02-13 18:47:09.268 I/dvm_gc_info(  113): [8825198673194480199,-9214781516799969234,-4010027722443229138,7358131]
02-13 18:47:09.609 I/boot_progress_system_run(  256): 11595
02-13 18:47:09.889 I/dvm_gc_info(  256): [8320808730291693095,-9040266481248577485,-4005524122815858643,7358131]
02-13 18:47:09.979 I/boot_progress_pms_start(  256): 11960
02-13 18:47:10.109 I/dvm_gc_info(  256): [8320808730291656226,-9032384769483126727,-4003835272955594707,7358131]
02-13 18:47:10.459 I/dvm_gc_info(  256): [8320808730291660445,-8938934664898250696,-4004398222909016019,7358131]
02-13 18:47:10.469 I/boot_progress_pms_system_scan_start(  256): 12457
02-13 18:47:11.220 I/dvm_gc_info(  256): [8320808730291705397,-8996355560096815044,-4002990848025462739,7358131]
02-13 18:47:12.011 I/dvm_gc_info(  256): [8320808730291701310,-9005644028102657984,-4001864948118620115,7358131]
02-13 18:47:12.812 I/dvm_gc_info(  256): [8320808730291664447,-8995229179002472380,-4000457573235066835,7358131]
02-13 18:47:13.653 I/dvm_gc_info(  256): [8320808730291697273,-8924578616217139130,-3999894623281645523,7358131]
02-13 18:47:14.373 I/boot_progress_pms_data_scan_start(  256): 16352
02-13 18:47:14.553 I/dvm_gc_info(  256): [8320808730291672650,-8984251173740083125,-3998205773421381587,7358131]
02-13 18:47:17.616 I/dvm_gc_info(  256): [8320808730291676753,-8984250761305692080,-3996235448584406995,7358131]
02-13 18:47:17.917 I/dvm_gc_info(  256): [8320808730291676798,-8948221483166451628,-3994828073700853715,7358131]
02-13 18:47:18.227 I/dvm_gc_info(  256): [8320808730291680855,-8983124036530055076,-3992294798910457811,7358131]
02-13 18:47:18.407 I/boot_progress_pms_scan_end(  256): 20396
02-13 18:47:18.567 I/boot_progress_pms_ready(  256): 20557
02-13 18:47:18.637 I/dvm_gc_info(  256): [8320808730291873515,-8919791754503669672,-3993702173794011091,7358131]
02-13 18:47:18.878 I/battery_status(  256): [3,2,1,0,Li-ion]
02-13 18:47:18.878 I/battery_level(  256): [18,3702,220]
02-13 18:47:19.058 I/free_storage_left(  256): [2714603520,35962880,292564992]
02-13 18:47:19.058 I/free_storage_changed(  256): 2714603520
02-13 18:47:19.298 I/dvm_gc_info(  256): [8320808730291746539,-8919510279526967209,-3993983648770721747,7358131]
02-13 18:47:19.428 I/am_create_service(  256): [1080672584,com.google.android.backup/.BackupTransportService,,256]
02-13 18:47:19.428 I/backup_data_changed(  256): com.android.providers.settings
02-13 18:47:19.528 I/power_screen_state(  256): [1,3,0,0]
02-13 18:47:19.528 I/power_screen_broadcast_send(  256): 1
02-13 18:47:19.538 I/boot_progress_ams_ready(  256): 21522
02-13 18:47:19.548 I/screen_toggled(  256): 1
02-13 18:47:19.558 I/am_proc_start(  256): [326,1000,com.android.systemui,service,com.android.systemui/.statusbar.StatusBarService]
02-13 18:47:19.558 I/configuration_changed(  256): 512
02-13 18:47:19.568 I/configuration_changed(  256): 504
02-13 18:47:19.668 I/dvm_gc_madvise_info(  326): [380928,135168]
02-13 18:47:19.728 I/am_proc_bound(  256): [326,com.android.systemui]
02-13 18:47:19.728 I/am_create_service(  256): [1082434640,com.android.systemui/.statusbar.StatusBarService,,326]
02-13 18:47:19.738 I/am_create_service(  256): [1081706080,android/com.android.internal.service.wallpaper.ImageWallpaper,act=android.service.wallpaper.WallpaperService,256]
02-13 18:47:19.749 I/am_proc_start(  256): [336,10038,com.android.inputmethod.latin,service,com.android.inputmethod.latin/.LatinIME]
02-13 18:47:19.789 I/am_proc_start(  256): [342,1001,com.android.phone,added application,com.android.phone]
02-13 18:47:19.819 I/am_proc_start(  256): [346,1002,com.broadcom.bt.app.system,added application,com.broadcom.bt.app.system]
02-13 18:47:19.879 I/dvm_gc_madvise_info(  336): [376832,135168]
02-13 18:47:19.919 I/dvm_gc_madvise_info(  342): [376832,135168]
02-13 18:47:19.929 I/dvm_gc_madvise_info(  346): [376832,135168]
02-13 18:47:19.989 I/dvm_gc_info(  256): [8320808730292127381,-8950754001941817255,-3993983648770721747,7358211]
02-13 18:47:19.989 I/am_create_task(  256): 2
02-13 18:47:19.989 I/am_create_activity(  256): [1081153104,2,com.android.launcher/com.android.launcher2.Launcher,android.intent.action.MAIN,NULL,NULL,268435456]
02-13 18:47:19.999 I/binder_sample(  326): [android.content.pm.IPackageManager,1,101,com.android.systemui,20]
02-13 18:47:19.999 I/am_proc_start(  256): [364,10037,com.android.launcher,activity,com.android.launcher/com.android.launcher2.Launcher]
02-13 18:47:20.009 I/am_proc_bound(  256): [346,com.broadcom.bt.app.system]
02-13 18:47:20.119 I/dvm_gc_madvise_info(  364): [376832,135168]
02-13 18:47:20.129 I/am_proc_bound(  256): [336,com.android.inputmethod.latin]
02-13 18:47:20.129 I/am_create_service(  256): [1080800704,com.android.inputmethod.latin/.LatinIME,act=android.view.InputMethod,336]
02-13 18:47:20.129 I/am_proc_bound(  256): [342,com.android.phone]
02-13 18:47:20.129 I/binder_sample(  342): [android.app.IActivityManager,17,174,<pre-initialized>,34]
02-13 18:47:20.269 I/am_proc_bound(  256): [364,com.android.launcher]
02-13 18:47:20.269 I/am_restart_activity(  256): [1081153104,2,com.android.launcher/com.android.launcher2.Launcher]
02-13 18:47:20.419 I/notification_cancel(  256): [android,17302240,0]
02-13 18:47:20.429 I/am_proc_start(  256): [377,10027,com.google.process.gapps,service,com.google.android.gsf/.loginservice.GoogleLoginService]
02-13 18:47:20.539 I/dvm_gc_madvise_info(  377): [372736,135168]
02-13 18:47:20.629 I/am_proc_bound(  256): [377,com.google.process.gapps]
02-13 18:47:20.629 I/am_create_service(  256): [1081896392,com.google.android.gsf/.loginservice.GoogleLoginService,act=android.accounts.AccountAuthenticator,377]
02-13 18:47:21.120 I/dvm_gc_info(  336): [7809651225003779619,-9041673993655011279,-4010027722443229139,7358207]
02-13 18:47:21.150 I/db_sample(  377): [/data/data/com.google.android.gsf/databases/subscribedfeeds.db,select version from _sync_state_metadata,1,com.google.process.gapps,1]
02-13 18:47:21.220 I/dvm_gc_info(  364): [7809652345805555166,-9047303630628186064,-4010027722443229139,7358210]
02-13 18:47:21.360 I/dvm_gc_info(  326): [8320808730291721767,-9034918525444134863,-4004961172862437331,7358189]
02-13 18:47:21.430 I/am_proc_start(  256): [404,10007,android.process.acore,content provider,com.android.providers.userdictionary/.UserDictionaryProvider]
02-13 18:47:21.480 I/dvm_gc_madvise_info(  404): [372736,135168]
02-13 18:47:21.500 I/dvm_gc_info(  364): [7809652345805243546,-9068977203834894288,-4010027722443229139,7903112]
02-13 18:47:21.540 I/am_proc_bound(  256): [404,android.process.acore]
02-13 18:47:21.570 I/am_on_resume_called(  364): com.android.launcher2.Launcher
02-13 18:47:21.580 I/dvm_gc_info(  342): [8099846449757558313,-9027881582290094030,-4005805597792569299,7358131]
02-13 18:47:21.620 I/configuration_changed(  256): 3
02-13 18:47:21.630 I/am_relaunch_resume_activity(  256): [1081153104,2,com.android.launcher/com.android.launcher2.Launcher]
02-13 18:47:21.700 I/notification_cancel(  256): [com.android.phone,2,0]
02-13 18:47:21.720 I/am_create_service(  256): [1082579264,com.android.phone/.BluetoothHeadsetService,act=android.bluetooth.IBluetoothHeadset,342]
02-13 18:47:21.750 I/db_sample(  404): [:memory:,CREATE TRIGGER applicationsLookup_delete DELETE ON applications ,0,android.process.acore,1]
02-13 18:47:21.811 I/am_on_paused_called(  364): com.android.launcher2.Launcher
02-13 18:47:21.871 I/binder_sample(  342): [com.android.internal.telephony.ITelephonyRegistry,14,26,com.android.phone,5]
02-13 18:47:22.031 I/dvm_gc_info(  364): [7809652345805190582,-9050399717933021135,-4010027722443229139,8525856]
02-13 18:47:22.221 I/binder_sample(  404): [android.app.IActivityManager,12,187,android.process.acore,37]
02-13 18:47:22.231 I/am_on_resume_called(  364): com.android.launcher2.Launcher
02-13 18:47:22.291 I/cdma_service_state_change(  342): [1,3]
02-13 18:47:22.391 I/binder_sample(  342): [android.app.IActivityManager,12,21,com.android.phone,4]
02-13 18:47:22.391 I/dvm_gc_info(  364): [7809652345805571199,-9067569691361372110,-3996798398537828307,8554534]
02-13 18:47:22.401 I/notification_cancel(  256): [com.android.phone,5,0]
02-13 18:47:22.401 I/notification_cancel(  256): [com.android.phone,6,0]
02-13 18:47:22.451 I/notification_cancel(  256): [com.android.phone,111,0]
02-13 18:47:22.481 I/boot_progress_enable_screen(  256): 24461
02-13 18:47:22.521 I/notification_cancel(  256): [com.android.phone,7,0]
02-13 18:47:22.521 I/notification_cancel(  256): [com.android.phone,7,0]
02-13 18:47:22.531 I/notification_cancel(  256): [com.android.phone,7,0]
02-13 18:47:22.531 I/notification_cancel(  256): [com.android.phone,7,0]
02-13 18:47:22.531 I/notification_cancel(  256): [com.android.phone,7,0]
02-13 18:47:22.531 I/notification_cancel(  256): [com.android.phone,7,0]
02-13 18:47:22.531 I/notification_cancel(  256): [com.android.phone,7,0]
02-13 18:47:22.541 I/notification_cancel(  256): [com.android.phone,7,0]
02-13 18:47:22.541 I/notification_cancel(  256): [com.android.phone,7,0]
02-13 18:47:22.541 I/notification_cancel(  256): [com.android.phone,7,0]
02-13 18:47:22.661 I/dvm_gc_info(  404): [7017575181484881453,-9033229675583866831,-4006087072769279955,7358131]
02-13 18:47:22.721 I/dvm_gc_info(  256): [8320808730292807271,-8948783676970538914,-3987791199283087315,7898972]
02-13 18:47:22.811 I/binder_sample(  342): [android.app.IActivityManager,53,5,com.android.phone,1]
02-13 18:47:22.942 I/cdma_service_state_change(  342): [3,1]
02-13 18:47:22.952 I/dvm_gc_info(  342): [8099846449757529659,-9007333565325662154,-4004679697885726675,7358131]
02-13 18:47:23.012 I/notification_cancel(  256): [com.android.phone,111,0]
02-13 18:47:23.012 I/notification_cancel(  256): [com.android.phone,111,0]
02-13 18:47:23.052 I/notification_cancel(  256): [com.android.phone,111,0]
02-13 18:47:23.062 I/am_create_service(  256): [1082524656,com.google.android.location/.NetworkLocationService,act=com.google.android.location.NetworkLocationProvider,377]
02-13 18:47:23.122 I/am_create_service(  256): [1082494616,com.google.android.location/.internal.server.NetworkLocationService,act=com.google.android.location.internal.ANDROID_NLP,377]
02-13 18:47:23.152 I/content_query_sample(  336): [content://user_dictionary/words,_id/word/frequency,(locale IS NULL) or (locale=?),,450,,91]
02-13 18:47:23.212 I/dvm_gc_info(  377): [7449358886915556930,-9013526358494648271,-4006087072769279955,7358131]
02-13 18:47:23.242 I/content_query_sample(  336): [content://com.android.contacts/contacts,_id/display_name,,,315,,64]
02-13 18:47:23.372 I/db_sample(  404): [:memory:,INSERT INTO applications ('_id', 'name', 'description', 'package,44,,9]
02-13 18:47:23.382 I/dvm_gc_info(  336): [7809651225003132121,-9057155117290149837,-4003835272955594707,7882525]
02-13 18:47:23.472 I/cdma_service_state_change(  342): [1,0]
02-13 18:47:23.492 I/db_sample(  404): [:memory:,INSERT INTO applications ('_id', 'name', 'description', 'package,97,,20]
02-13 18:47:23.622 I/am_destroy_service(  256): [1081896392,com.google.android.gsf/.loginservice.GoogleLoginService,377]
02-13 18:47:23.732 I/notification_cancel(  256): [com.android.phone,111,0]
02-13 18:47:23.752 I/notification_cancel(  256): [com.android.phone,111,0]
02-13 18:47:23.893 I/notification_cancel(  256): [com.android.phone,111,0]
02-13 18:47:24.123 I/notification_enqueue(  256): [com.android.systemui,17301675,Notification(vibrate=null,sound=null,defaults=0x0,flags=0x2)]
02-13 18:47:24.173 I/notification_cancel(  256): [com.android.phone,7,0]
02-13 18:47:24.173 I/notification_cancel(  256): [com.android.phone,7,0]
02-13 18:47:24.183 I/notification_cancel(  256): [com.android.phone,7,0]
02-13 18:47:24.183 I/notification_cancel(  256): [com.android.phone,7,0]
02-13 18:47:24.183 I/notification_cancel(  256): [com.android.phone,7,0]
02-13 18:47:24.193 I/notification_cancel(  256): [com.android.phone,7,0]
02-13 18:47:24.193 I/notification_cancel(  256): [com.android.phone,7,0]
02-13 18:47:24.213 I/notification_cancel(  256): [com.android.phone,7,0]
02-13 18:47:24.213 I/notification_cancel(  256): [com.android.phone,7,0]
02-13 18:47:24.213 I/notification_cancel(  256): [com.android.phone,7,0]
02-13 18:47:24.223 I/notification_cancel(  256): [com.android.phone,7,0]
02-13 18:47:24.223 I/notification_cancel(  256): [com.android.phone,7,0]
02-13 18:47:24.223 I/notification_cancel(  256): [com.android.phone,7,0]
02-13 18:47:24.223 I/notification_cancel(  256): [com.android.phone,7,0]
02-13 18:47:24.223 I/notification_cancel(  256): [com.android.phone,7,0]
02-13 18:47:24.223 I/notification_cancel(  256): [com.android.phone,7,0]
02-13 18:47:24.223 I/notification_cancel(  256): [com.android.phone,7,0]
02-13 18:47:24.223 I/notification_cancel(  256): [com.android.phone,7,0]
02-13 18:47:24.233 I/notification_cancel(  256): [com.android.phone,7,0]
02-13 18:47:24.233 I/notification_cancel(  256): [com.android.phone,7,0]
02-13 18:47:24.323 I/power_screen_broadcast_done(  256): [1,4770,1]
02-13 18:47:24.333 I/am_proc_start(  256): [446,1000,com.android.settings,broadcast,com.android.settings/.widget.SettingsAppWidgetProvider]
02-13 18:47:24.353 I/notification_cancel(  256): [com.android.phone,7,0]
02-13 18:47:24.393 I/notification_cancel(  256): [com.android.phone,111,0]
02-13 18:47:24.423 I/notification_cancel(  256): [com.android.phone,111,0]
02-13 18:47:24.483 I/dvm_gc_madvise_info(  446): [372736,135168]
02-13 18:47:24.533 I/dvm_gc_info(  256): [8320808730291681017,-8916976454812805024,-3987791199283087315,7898941]
02-13 18:47:24.623 I/dvm_gc_info(  256): [8320808730291922157,-9059121318051706785,-3987791199283087315,7898941]
02-13 18:47:24.703 I/dvm_gc_info(  256): [8320808730291872810,-9153133960205961121,-3981598749795452883,8587303]
02-13 18:47:24.703 I/am_proc_bound(  256): [446,com.android.settings]
02-13 18:47:24.713 I/binder_sample(  342): [com.android.internal.telephony.ITelephonyRegistry,14,277,com.android.phone,55]
02-13 18:47:24.894 I/notification_cancel(  256): [com.android.phone,7,0]
02-13 18:47:24.894 I/notification_cancel(  256): [com.android.phone,7,0]
02-13 18:47:24.894 I/notification_cancel(  256): [com.android.phone,7,0]
02-13 18:47:24.894 I/notification_cancel(  256): [com.android.phone,7,0]
02-13 18:47:24.904 I/notification_cancel(  256): [com.android.phone,7,0]
02-13 18:47:24.904 I/notification_cancel(  256): [com.android.phone,7,0]
02-13 18:47:24.904 I/notification_cancel(  256): [com.android.phone,7,0]
02-13 18:47:24.904 I/notification_cancel(  256): [com.android.phone,7,0]
02-13 18:47:24.904 I/notification_cancel(  256): [com.android.phone,7,0]
02-13 18:47:24.904 I/notification_cancel(  256): [com.android.phone,7,0]
02-13 18:47:25.244 I/am_proc_start(  256): [456,10041,com.google.android.partnersetup,broadcast,com.google.android.partnersetup/.PhoneStateReceiver]
02-13 18:47:25.394 I/dvm_gc_madvise_info(  456): [368640,135168]
02-13 18:47:25.484 I/dvm_gc_info(  113): [8825198673195377708,-9140190372892407762,-4006087072769275858,7358131]
02-13 18:47:25.494 I/am_proc_bound(  256): [456,com.google.android.partnersetup]
02-13 18:47:25.514 I/dvm_gc_info(  342): [8099846449757566575,-8937246089966274506,-4004679697885726675,7358131]
02-13 18:47:25.574 I/battery_status(  256): [2,2,1,1,Li-ion]
02-13 18:47:25.714 I/connectivity_state_changed(  256): 3600
02-13 18:47:25.724 I/dvm_gc_info(  113): [8825198673195266096,-9222662541068629970,-4006087072769275858,7358131]
02-13 18:47:25.754 I/db_sample(  377): [/data/data/com.google.android.gsf/databases/googlesettings.db,INSERT INTO partner(value, name) VALUES(?, ?);,67,,14]
02-13 18:47:25.764 I/dvm_gc_info(  113): [8825198673194532912,-9222662541068629970,-4006087072769275858,7358131]
02-13 18:47:25.824 I/binder_sample(  446): [android.app.IActivityManager,16,487,com.android.settings,97]
02-13 18:47:25.935 I/content_update_sample(  456): [content://com.google.settings/partner,insert,,40,com.google.android.partnersetup,9]
02-13 18:47:25.985 I/am_proc_start(  256): [467,1000,com.redbend.vdmc,broadcast,com.redbend.vdmc/.MyConnectionChangeReceiver]
02-13 18:47:25.995 I/am_proc_bound(  256): [467,com.redbend.vdmc]
02-13 18:47:26.065 I/am_proc_start(  256): [475,1000,com.qualcomm.privinit,broadcast,com.qualcomm.privinit/.BootReciever]
02-13 18:47:26.075 I/am_proc_bound(  256): [475,com.qualcomm.privinit]
02-13 18:47:26.095 I/am_proc_start(  256): [482,10046,com.cooliris.media,broadcast,com.cooliris.media/com.cooliris.cache.BootReceiver]
02-13 18:47:26.105 I/am_proc_bound(  256): [482,com.cooliris.media]
02-13 18:47:26.355 I/dvm_gc_info(  256): [8320808730291898081,-8918102011055191967,-3984132024585848787,8587220]
02-13 18:47:26.375 I/dvm_gc_madvise_info(  326): [176128,135168]
02-13 18:47:26.425 I/dvm_gc_info(  256): [8320808730291884583,-9218998554950121373,-3983287599655716819,8587220]
02-13 18:47:26.485 I/dvm_gc_info(  256): [8320808730291836464,-9164110934508324766,-3983850549609138131,8587220]
02-13 18:47:26.535 I/dvm_gc_info(  256): [8320808730291790288,-9219561298711562140,-3983006124679006163,8587220]
02-13 18:47:26.625 I/am_create_service(  256): [1082818640,com.redbend.vdmc/.Vdmc,,467]
02-13 18:47:26.625 I/am_proc_start(  256): [492,10024,android.process.media,content provider,com.android.providers.downloads/.DownloadProvider]
02-13 18:47:26.635 I/binder_sample(  467): [android.app.IActivityManager,34,382,com.redbend.vdmc,76]
02-13 18:47:26.645 I/wifi_supplicant_connection_state_changed(  256): 1
02-13 18:47:26.645 I/am_proc_start(  256): [493,10001,zte.com.cn.alarmclock,broadcast,zte.com.cn.alarmclock/.AlarmInitReceiver]
02-13 18:47:26.645 I/connectivity_state_changed(  256): 1
02-13 18:47:26.695 I/am_proc_bound(  256): [492,android.process.media]
02-13 18:47:26.695 I/am_proc_bound(  256): [493,zte.com.cn.alarmclock]
02-13 18:47:26.855 I/am_proc_start(  256): [508,10002,com.sprint.zone,broadcast,com.sprint.zone/.BootCompleteReceiver]
02-13 18:47:26.885 I/am_proc_bound(  256): [508,com.sprint.zone]
02-13 18:47:27.096 I/content_query_sample(  508): [content://com.sprint.zone.provider.ZoneProvider/features_tbl,,sid IN ( 1,900,2,3,4 ),,28,com.sprint.zone,6]
02-13 18:47:27.136 I/am_proc_start(  256): [515,10048,com.android.email,content provider,com.android.email/com.android.exchange.provider.ExchangeProvider]
02-13 18:47:27.156 I/dvm_gc_info(  508): [3349111792835130922,-9046177593232046031,-4006087072769279955,7358172]
02-13 18:47:27.166 I/am_proc_bound(  256): [515,com.android.email]
02-13 18:47:27.406 I/dvm_gc_info(  508): [3349111792835777843,-9068695522649429967,-4006087072769279955,8546268]
02-13 18:47:27.426 I/dvm_gc_madvise_info(  364): [147456,135168]
02-13 18:47:27.536 I/battery_status(  256): [3,2,1,0,Li-ion]
02-13 18:47:27.586 I/content_query_sample(  515): [content://com.android.email.provider/account,_id,,,203,,41]
02-13 18:47:27.696 I/dvm_gc_madvise_info(  404): [135168,135168]
02-13 18:47:27.696 I/dvm_gc_info(  515): [7308604875703653971,-8980312105050757069,-4005524122815858643,7358131]
02-13 18:47:27.756 I/dvm_gc_info(  508): [3349111792835286605,-9058843692306118607,-4006087072769279955,8624185]
02-13 18:47:27.786 I/content_query_sample(  256): [content://com.android.exchange.provider/policy/AllowBluetooth,,,,418,,84]
02-13 18:47:27.876 I/notification_cancel(  256): [com.android.systemui,17301675,0]
02-13 18:47:27.906 I/dvm_gc_info(  508): [3349111792835216952,-9063628766910187470,-4006087072769279955,8702018]
02-13 18:47:28.017 I/dvm_gc_info(  508): [3349111792835073585,-9062221392026630094,-4006087072769279955,8812646]
02-13 18:47:28.077 I/notification_cancel(  256): [com.android.phone,111,0]
02-13 18:47:28.167 I/content_query_sample(  256): [content://telephony/carriers/preferapn,apn,,name ASC,1270,,100]
02-13 18:47:28.217 I/dvm_gc_madvise_info(  377): [188416,135168]
02-13 18:47:28.247 I/dvm_gc_info(  508): [3349111792835036768,-9048710523988826062,-3968650900866762707,8931447]
02-13 18:47:28.367 I/dvm_gc_info(  508): [3349111792835114584,-9030414650502641614,-3968650900866762707,8812646]
02-13 18:47:28.387 I/dvm_gc_madvise_info(  336): [167936,135168]
02-13 18:47:28.497 I/dvm_gc_info(  508): [3349111792835085929,-9045332618109872077,-3968650900866762707,8931447]
02-13 18:47:28.607 I/dvm_gc_info(  508): [3349111792835085903,-9033792144064739278,-3968650900866762707,8812646]
02-13 18:47:28.727 I/dvm_gc_info(  508): [3349111792835085929,-9045332618109872077,-3968650900866762707,8931447]
02-13 18:47:28.837 I/dvm_gc_info(  508): [3349111792835102287,-9033792144064739278,-3968650900866762707,8812646]
02-13 18:47:28.998 I/db_sample(  508): [/data/data/com.sprint.zone/databases/zone.db,SELECT categories_tbl.*, pages_tbl.page_order  FROM categories_t,0,com.sprint.zone,1]
02-13 18:47:29.148 I/force_gc(  256): Binder
02-13 18:47:29.218 I/dvm_gc_info(  256): [8320808730291885768,-8983122318274590625,-3984694974539270099,8587220]
02-13 18:47:29.228 I/binder_sample(  508): [android.content.IContentService,1,76,com.sprint.zone,15]
02-13 18:47:29.228 I/db_sample(  508): [/data/data/com.sprint.zone/databases/zone.db,SELECT icon, enabled, sid, desc, visible, expiration, extra, uri,1,com.sprint.zone,1]
02-13 18:47:29.278 I/content_query_sample(  508): [content://com.sprint.zone.provider.ZoneProvider/features_tbl,,sid IN ( 400,300,700 ),,2,com.sprint.zone,1]
02-13 18:47:29.458 I/dvm_gc_info(  364): [7809652345805071913,-9039984937485264845,-3996798398537828307,8554536]
02-13 18:47:29.578 I/battery_status(  256): [2,2,1,1,Li-ion]
02-13 18:47:29.708 I/dvm_gc_info(  364): [7809652345805075959,-9038296087625009101,-3996798398537828307,8534051]
02-13 18:47:29.838 I/binder_sample(  508): [android.content.pm.IPackageManager,1,485,com.sprint.zone,97]
02-13 18:47:29.898 I/binder_sample(  342): [com.android.internal.telephony.ITelephonyRegistry,6,18,com.android.phone,3]
02-13 18:47:29.898 I/notification_cancel(  256): [com.android.phone,111,0]
02-13 18:47:30.059 I/am_proc_start(  256): [528,10005,com.android.voicedialer,broadcast,com.android.voicedialer/.VoiceDialerReceiver]
02-13 18:47:30.079 I/am_proc_bound(  256): [528,com.android.voicedialer]
02-13 18:47:30.099 I/am_proc_start(  256): [535,10010,com.swype.android.inputmethod,broadcast,com.swype.android.inputmethod/.SwypeDataInitializer]
02-13 18:47:30.109 I/am_proc_bound(  256): [535,com.swype.android.inputmethod]
02-13 18:47:30.269 I/am_proc_start(  256): [543,10012,com.sprint.ce.updater,broadcast,com.sprint.ce.updater/.BootCompletedReceiver]
02-13 18:47:30.289 I/am_proc_bound(  256): [543,com.sprint.ce.updater]
02-13 18:47:30.319 I/am_create_service(  256): [1082307960,com.sprint.ce.updater/.UpdaterService,act=com.sprint.action.CLEANUP_FILES,543]
02-13 18:47:30.319 I/am_proc_start(  256): [550,10014,com.sprint.w.installer,broadcast,com.sprint.w.installer/.BootListener]
02-13 18:47:30.359 I/am_proc_bound(  256): [550,com.sprint.w.installer]
02-13 18:47:30.369 I/dvm_gc_info(  113): [8825198673194583087,-9135405298288326610,-4006087072769275858,7358131]
02-13 18:47:30.449 I/am_create_service(  256): [1081928800,com.sprint.w.installer/com.sprint.id.updater.UpdaterService,,550]
02-13 18:47:30.479 I/dvm_gc_info(  113): [8825198673194819632,-9222662541068629970,-4006087072769275858,7358131]
02-13 18:47:30.519 I/dvm_gc_madvise_info(  342): [294912,135168]
02-13 18:47:30.539 I/dvm_gc_info(  113): [8825198673194643512,-9222662541068629970,-4006087072769275858,7358131]
02-13 18:47:30.549 I/dvm_gc_info(  364): [7809652345805288801,-9051525411530422222,-3997361348491249619,8550436]
02-13 18:47:30.569 I/am_create_service(  256): [1082273504,com.sprint.w.installer/.DownloadService,act=com.sprint.action.ACTION_CLEANUP,550]
02-13 18:47:30.619 I/am_create_service(  256): [1082406240,com.android.qualcomm/.DunService,,446]
02-13 18:47:30.629 I/am_proc_start(  256): [558,10024,com.irdeto.providers.drm,broadcast,com.irdeto.providers.drm/.OmaDrmReceiver]
02-13 18:47:30.659 I/am_destroy_service(  256): [1082273504,com.sprint.w.installer/.DownloadService,550]
02-13 18:47:30.659 I/am_proc_bound(  256): [558,com.irdeto.providers.drm]
02-13 18:47:30.689 I/am_create_service(  256): [1082847312,com.irdeto.providers.drm/.OmaDrmService,act=android.intent.action.BOOT_COMPLETED,558]
02-13 18:47:30.689 I/am_proc_start(  256): [566,10030,com.android.mms,broadcast,com.android.mms/.transaction.MmsSystemEventReceiver]
02-13 18:47:30.719 I/am_proc_bound(  256): [566,com.android.mms]
02-13 18:47:30.799 I/dvm_gc_madvise_info(  467): [249856,135168]
02-13 18:47:30.969 I/notification_cancel(  256): [com.android.mms,123,0]
02-13 18:47:30.999 I/am_create_service(  256): [1082295560,com.android.mms/.transaction.SmsReceiverService,act=android.intent.action.BOOT_COMPLETED,566]
02-13 18:47:31.020 I/dvm_gc_madvise_info(  492): [229376,135168]
02-13 18:47:31.030 I/am_create_service(  256): [1082393056,com.android.providers.media/.MediaScannerService,,492]
02-13 18:47:31.030 I/am_proc_start(  256): [584,1000,com.android.zte.HiddenMenu,broadcast,com.android.zte.HiddenMenu/.CommandReceiver]
02-13 18:47:31.040 I/am_proc_bound(  256): [584,com.android.zte.HiddenMenu]
02-13 18:47:31.120 I/am_create_service(  256): [1082399000,com.google.android.gsf/.checkin.CheckinService,,377]
02-13 18:47:31.150 I/am_create_service(  256): [1082840632,com.google.android.gsf/.update.SystemUpdateService,,377]
02-13 18:47:31.180 I/am_create_task(  256): 3
02-13 18:47:31.180 I/am_create_activity(  256): [1082850472,3,com.google.android.gsf/.update.SystemUpdateInstallDialog,NULL,NULL,NULL,276824064]
02-13 18:47:31.180 I/am_pause_activity(  256): [1081153104,com.android.launcher/com.android.launcher2.Launcher]
02-13 18:47:31.180 I/am_on_paused_called(  364): com.android.launcher2.Launcher
02-13 18:47:31.180 I/am_restart_activity(  256): [1082850472,3,com.google.android.gsf/.update.SystemUpdateInstallDialog]
02-13 18:47:31.190 I/notification_cancel(  256): [com.google.android.gsf,2130837525,0]
02-13 18:47:31.190 I/notification_cancel(  256): [com.google.android.gsf,2130837526,0]
02-13 18:47:31.190 I/am_destroy_service(  256): [1082840632,com.google.android.gsf/.update.SystemUpdateService,377]
02-13 18:47:31.190 I/system_update(  377): [512,0,-1,NULL]
02-13 18:47:31.240 I/dvm_gc_madvise_info(  493): [278528,135168]
02-13 18:47:31.300 I/dvm_gc_madvise_info(  535): [241664,135168]
02-13 18:47:31.300 I/dvm_gc_madvise_info(  550): [147456,135168]
02-13 18:47:31.320 I/dvm_gc_madvise_info(  528): [319488,135168]
02-13 18:47:31.330 I/dvm_gc_madvise_info(  475): [339968,135168]
02-13 18:47:31.340 I/dvm_gc_madvise_info(  543): [307200,135168]
02-13 18:47:31.340 I/dvm_gc_info(  446): [8315180330336183860,-9034355575490721743,-4006368547745990611,7358131]
02-13 18:47:31.340 I/dvm_gc_madvise_info(  482): [184320,135168]
02-13 18:47:31.340 I/binder_sample(  377): [android.app.IActivityManager,16,73,com.google.process.gapps,14]
02-13 18:47:31.390 I/am_finish_activity(  256): [1082850472,3,com.google.android.gsf/.update.SystemUpdateInstallDialog,app-request]
02-13 18:47:31.390 I/am_pause_activity(  256): [1082850472,com.google.android.gsf/.update.SystemUpdateInstallDialog]
02-13 18:47:31.410 I/am_resume_activity(  256): [1081153104,2,com.android.launcher/com.android.launcher2.Launcher]
02-13 18:47:31.420 I/am_on_resume_called(  364): com.android.launcher2.Launcher
02-13 18:47:31.420 I/content_update_sample(  456): [content://com.google.settings/partner,insert,,59,com.google.android.partnersetup,12]
02-13 18:47:31.430 I/activity_launch_time(  256): [1081153104,com.android.launcher/com.android.launcher2.Launcher,11443,11443]
02-13 18:47:31.430 I/am_destroy_activity(  256): [1082850472,3,com.google.android.gsf/.update.SystemUpdateInstallDialog]
02-13 18:47:31.450 I/db_sample(  377): [/data/data/com.google.android.gsf/databases/gservices.db,SELECT value FROM main WHERE name = ?,7,,2]
02-13 18:47:31.460 I/am_destroy_service(  256): [1082399000,com.google.android.gsf/.checkin.CheckinService,377]
02-13 18:47:31.490 I/binder_sample(  456): [android.content.IContentProvider,3,34,com.google.android.partnersetup,6]
02-13 18:47:31.500 I/battery_status(  256): [3,2,1,0,Li-ion]
02-13 18:47:31.540 I/notification_cancel(  256): [com.android.mms,123,0]
02-13 18:47:31.550 I/am_destroy_service(  256): [1082295560,com.android.mms/.transaction.SmsReceiverService,566]
02-13 18:47:31.710 I/db_sample(  377): [/data/data/com.google.android.gsf/databases/googlesettings.db,GETLOCK:SELECT value FROM partner WHERE (name=?),1,,1]
02-13 18:47:31.710 I/am_create_service(  256): [1082942400,com.google.android.partnersetup/.AppHiderService,,456]
02-13 18:47:31.760 I/am_destroy_service(  256): [1082942400,com.google.android.partnersetup/.AppHiderService,456]
02-13 18:47:31.790 I/am_create_service(  256): [1082070880,com.google.android.partnersetup/.RlzPingService,,456]
02-13 18:47:31.790 I/am_proc_start(  256): [596,10043,com.google.android.gm,broadcast,com.google.android.gm/.MailIntentReceiver]
02-13 18:47:31.810 I/am_destroy_service(  256): [1082070880,com.google.android.partnersetup/.RlzPingService,456]
02-13 18:47:31.830 I/am_proc_bound(  256): [596,com.google.android.gm]
02-13 18:47:31.940 I/am_destroy_service(  256): [1082393056,com.android.providers.media/.MediaScannerService,492]
02-13 18:47:31.950 I/am_create_service(  256): [1082607984,com.google.android.gm/.MailIntentService,act=android.intent.action.BOOT_COMPLETED,596]
02-13 18:47:31.970 I/am_create_service(  256): [1082612448,com.google.android.gm/.downloadprovider.DownloadService,,596]
02-13 18:47:31.980 I/am_create_service(  256): [1083014248,com.android.email/.service.EmailBroadcastProcessorService,,515]
02-13 18:47:31.990 I/am_create_service(  256): [1082993672,com.android.providers.downloads/.DownloadService,,492]
02-13 18:47:31.990 I/am_proc_start(  256): [607,10049,com.dataviz.docstogo,broadcast,com.dataviz.docstogo/com.dataviz.dxtg.common.android.DTGPhoneBootReceiver]
02-13 18:47:32.000 I/notification_cancel_all(  256): [com.android.providers.downloads,0]
02-13 18:47:32.020 I/am_proc_bound(  256): [607,com.dataviz.docstogo]
02-13 18:47:32.171 I/am_create_service(  256): [1082313848,com.google.android.gsf/.loginservice.GoogleLoginService,act=android.accounts.AccountAuthenticator,377]
02-13 18:47:32.201 I/db_sample(  256): [/data/system/accounts.db,SELECT value FROM extras WHERE accounts_id=(select _id FROM acco,0,,1]
02-13 18:47:32.211 I/am_destroy_service(  256): [1082313848,com.google.android.gsf/.loginservice.GoogleLoginService,377]
02-13 18:47:32.231 I/am_destroy_service(  256): [1082607984,com.google.android.gm/.MailIntentService,596]
02-13 18:47:32.251 I/am_proc_died(  256): [607,com.dataviz.docstogo]
02-13 18:47:32.251 I/am_broadcast_discard_app(  256): [1082250768,android.intent.action.BOOT_COMPLETED,27,ResolveInfo{4081cf10 com.dataviz.dxtg.common.android.DTGPhoneBootReceiver p=0 o=0 m=0x108000}]
02-13 18:47:32.401 I/am_create_service(  256): [1083046576,com.android.contacts/.LoadGroupService,,404]
02-13 18:47:32.411 I/am_proc_start(  256): [616,10052,com.android.camera,broadcast,com.android.camera/.BootCamera]
02-13 18:47:32.431 I/am_proc_bound(  256): [616,com.android.camera]
02-13 18:47:32.471 I/am_proc_start(  256): [624,10053,com.android.providers.calendar,broadcast,com.android.providers.calendar/.CalendarReceiver]
02-13 18:47:32.481 I/am_proc_bound(  256): [624,com.android.providers.calendar]
02-13 18:47:32.601 I/am_proc_start(  256): [633,10054,com.android.calendar,broadcast,com.android.calendar/.AlertReceiver]
02-13 18:47:32.611 I/am_proc_bound(  256): [633,com.android.calendar]
02-13 18:47:32.661 I/am_create_service(  256): [1082199656,com.android.calendar/.AlertService,,633]
02-13 18:47:32.661 I/am_proc_start(  256): [640,10033,com.google.android.apps.maps:FriendService,broadcast,com.google.android.apps.maps/com.google.googlenav.friend.android.ServiceReceiver]
02-13 18:47:32.681 I/am_proc_bound(  256): [640,com.google.android.apps.maps:FriendService]
02-13 18:47:32.831 I/dvm_gc_info(  640): [7881704463071761963,-9037451594008930251,-4004961172862437331,7358131]
02-13 18:47:32.861 I/dvm_gc_info(  404): [7017575181485827652,-8994948735086659531,-4004961172862437331,7358131]
02-13 18:47:32.911 I/am_create_service(  256): [1083230520,com.android.providers.calendar/.EmptyService,,624]
02-13 18:47:33.051 I/am_proc_start(  256): [648,10016,com.locationlabs.v3client,broadcast,com.locationlabs.v3client/.BootCompletedReceiver]
02-13 18:47:33.061 I/am_proc_bound(  256): [648,com.locationlabs.v3client]
02-13 18:47:33.172 I/content_query_sample(  515): [content://com.android.email.provider/account,_id,,,195,,40]
02-13 18:47:33.242 I/db_sample(  648): [/data/data/com.locationlabs.v3client/databases/V3Client_DEBUGDATA,PRAGMA user_version;,0,com.locationlabs.v3client,1]
02-13 18:47:33.262 I/am_create_service(  256): [1082746496,com.android.email/com.android.exchange.SyncManager,,515]
02-13 18:47:33.282 I/db_sample(  492): [/data/data/com.android.providers.downloads/databases/downloads.db,SELECT _id FROM downloads WHERE (status >= '200') ORDER BY lastm,827,,100]
02-13 18:47:33.292 I/dvm_gc_info(  515): [7308604875703658063,-9005081696792479690,-4004679697885726675,7358131]
02-13 18:47:33.312 I/am_destroy_service(  256): [1083014248,com.android.email/.service.EmailBroadcastProcessorService,515]
02-13 18:47:33.312 I/force_gc(  256): Binder
02-13 18:47:33.332 I/content_query_sample(  492): [content://downloads/all_downloads,_id,status >= '200',lastmod,1266,,100]
02-13 18:47:33.382 I/dvm_gc_info(  256): [8320808730291893948,-8920071923491362719,-3984132024585848787,8587220]
02-13 18:47:33.412 I/am_proc_start(  256): [655,10040,com.google.android.googlequicksearchbox,broadcast,com.google.android.googlequicksearchbox/.SearchWidgetProvider]
02-13 18:47:33.472 I/am_destroy_service(  256): [1082746496,com.android.email/com.android.exchange.SyncManager,515]
02-13 18:47:33.492 I/am_proc_bound(  256): [655,com.google.android.googlequicksearchbox]
02-13 18:47:33.512 I/dvm_gc_info(  113): [8825198673194783792,-9134279398381483986,-4006087072769275858,7358131]
02-13 18:47:33.542 I/dvm_gc_info(  113): [8825198673194500152,-9222662541068629970,-4006087072769275858,7358131]
02-13 18:47:33.622 I/dvm_gc_info(  113): [8825198673194737712,-9222662541068629970,-4006087072769275858,7358131]
02-13 18:47:33.682 I/am_proc_start(  256): [667,10020,com.google.android.apps.plus,broadcast,com.google.android.apps.plus/com.google.android.picasasync.BatteryReceiver]
02-13 18:47:33.722 I/am_proc_bound(  256): [667,com.google.android.apps.plus]
02-13 18:47:33.792 I/content_query_sample(  492): [content://downloads/all_downloads,_data,,,272,,55]
02-13 18:47:34.002 I/dvm_gc_madvise_info(  508): [163840,135168]
02-13 18:47:34.052 I/dvm_gc_info(  667): [3346293774832690777,-8978623255190501325,-4005524122815858643,7358131]
02-13 18:47:34.103 I/content_query_sample(  633): [content://com.android.calendar/calendar_alerts,alarmTime,state=0 AND alarmTime<? AND alarmTime>? AND end>=?,alarmTime ASC,101,,21]
02-13 18:47:34.103 I/content_query_sample(  492): [content://downloads/all_downloads,,,,268,,54]
02-13 18:47:34.133 I/am_destroy_service(  256): [1082993672,com.android.providers.downloads/.DownloadService,492]
02-13 18:47:34.163 I/dvm_gc_info(  667): [3346293774832686720,-8925142803457038285,-4005524122815858643,7358131]
02-13 18:47:34.183 I/dvm_gc_info(  667): [3346293774832706397,-9194232881192425421,-4005524122815858643,7358131]
02-13 18:47:34.203 I/dvm_gc_info(  667): [3346293774832750944,-9221535885197105100,-4005242647839147987,7358131]
02-13 18:47:34.233 I/notification_cancel(  256): [com.android.calendar,0,0]
02-13 18:47:34.233 I/am_destroy_service(  256): [1082199656,com.android.calendar/.AlertService,633]
02-13 18:47:34.243 I/am_kill (  256): [475,com.qualcomm.privinit,12,too many background]
02-13 18:47:34.243 I/am_proc_died(  256): [475,com.qualcomm.privinit]
02-13 18:47:34.243 I/content_query_sample(  596): [content://gmail-downloads/download,_id,status >= '200',lastmod,2184,,100]
02-13 18:47:34.303 I/am_proc_start(  256): [677,10033,com.google.android.apps.maps,broadcast,com.google.android.apps.maps/com.google.googlenav.android.MapServiceReceiver]
02-13 18:47:34.303 I/am_kill (  256): [482,com.cooliris.media,12,too many background]
02-13 18:47:34.323 I/am_proc_died(  256): [482,com.cooliris.media]
02-13 18:47:34.323 I/am_proc_bound(  256): [677,com.google.android.apps.maps]
02-13 18:47:34.333 I/am_create_service(  256): [1082888096,com.android.providers.media/.MediaScannerService,act=android.media.IMediaScannerService,492]
02-13 18:47:34.493 I/dvm_gc_info(  677): [3345437233799816745,-9040829225009977291,-4004961172862437331,7358131]
02-13 18:47:34.623 I/dvm_gc_info(  667): [3346293774832764462,-9014651777264392137,-4004398222909016019,7358131]
02-13 18:47:34.653 I/am_destroy_service(  256): [1082612448,com.google.android.gm/.downloadprovider.DownloadService,596]
02-13 18:47:34.683 I/am_kill (  256): [493,zte.com.cn.alarmclock,12,too many background]
02-13 18:47:34.723 I/am_proc_died(  256): [493,zte.com.cn.alarmclock]
02-13 18:47:34.723 I/content_query_sample(  667): [content://media/external/fs_id,,,,227,,46]
02-13 18:47:34.883 I/content_update_sample(  492): [content://media/,insert,,334,,67]
02-13 18:47:35.003 I/content_query_sample(  667): [content://media/external/fs_id,,,,99,,20]
02-13 18:47:35.023 I/am_proc_start(  256): [688,10031,com.google.android.apps.uploader,broadcast,com.google.android.apps.uploader/.ConnectivityBroadcastReceiver]
02-13 18:47:35.053 I/am_proc_bound(  256): [688,com.google.android.apps.uploader]
02-13 18:47:35.083 I/dvm_gc_info(  467): [3347973793971762814,-8960045906777995216,-4006368547745990611,7358131]
02-13 18:47:35.103 I/am_kill (  256): [528,com.android.voicedialer,12,too many background]
02-13 18:47:35.103 I/am_create_service(  256): [1081320240,com.google.android.gsf/.checkin.CheckinService,,377]
02-13 18:47:35.113 I/am_create_service(  256): [1081796352,com.google.android.gsf/.gtalkservice.service.GTalkService,act=com.google.android.gtalkservice.IGTalkService,377]
02-13 18:47:35.124 I/gtalkservice(  377): 3
02-13 18:47:35.154 I/am_proc_died(  256): [528,com.android.voicedialer]
02-13 18:47:35.224 I/am_proc_start(  256): [701,10046,com.cooliris.media,broadcast,com.cooliris.media/com.cooliris.cache.BootReceiver]
02-13 18:47:35.254 I/dvm_gc_info(  377): [7449358886915647048,-9000296828397221837,-4005524122815858643,7358132]
02-13 18:47:35.264 I/am_proc_bound(  256): [701,com.cooliris.media]
02-13 18:47:35.334 I/am_create_service(  256): [1081474696,com.google.android.gsf/.loginservice.GoogleLoginService,act=android.accounts.AccountAuthenticator,377]
02-13 18:47:35.374 I/db_sample(  377): [/data/data/com.google.android.gsf/databases/gservices.db,SELECT value FROM main WHERE name = ?,0,,1]
02-13 18:47:35.374 I/am_destroy_service(  256): [1081474696,com.google.android.gsf/.loginservice.GoogleLoginService,377]
02-13 18:47:35.434 I/am_kill (  256): [535,com.swype.android.inputmethod,12,too many background]
02-13 18:47:35.454 I/content_query_sample(  377): [content://com.google.android.providers.talk/outgoingHighestRmqId,rmq_id,,,3,,1]
02-13 18:47:35.474 I/am_proc_start(  256): [713,10028,com.google.android.music:main,broadcast,com.google.android.music/.store.MediaStoreImportService$Receiver]
02-13 18:47:35.494 I/am_create_service(  256): [1082417624,com.sprint.w.installer/.AlarmService,,550]
02-13 18:47:35.514 I/am_proc_bound(  256): [713,com.google.android.music:main]
02-13 18:47:35.524 I/am_proc_died(  256): [535,com.swype.android.inputmethod]
02-13 18:47:35.584 I/dvm_gc_madvise_info(  364): [208896,135168]
02-13 18:47:35.704 I/dvm_gc_madvise_info(  624): [217088,135168]
02-13 18:47:35.734 I/dvm_gc_info(  713): [7887337218879055404,-9041673649940121547,-4004961172862437331,7358131]
02-13 18:47:35.764 I/content_query_sample(  377): [content://com.google.android.providers.talk/providers,_id/name,name=?,,233,,47]
02-13 18:47:35.964 I/notification_cancel(  256): [com.android.phone,111,0]
02-13 18:47:35.974 I/notification_cancel(  256): [com.android.phone,111,0]
02-13 18:47:36.034 I/gtalkservice(  377): 0
02-13 18:47:36.034 I/gtalkservice(  377): 1
02-13 18:47:36.034 I/gtalk_connection(  377): 65541
02-13 18:47:36.114 I/notification_cancel(  256): [com.android.phone,7,0]
02-13 18:47:36.114 I/notification_cancel(  256): [com.android.phone,7,0]
02-13 18:47:36.124 I/notification_cancel(  256): [com.android.phone,7,0]
02-13 18:47:36.124 I/notification_cancel(  256): [com.android.phone,7,0]
02-13 18:47:36.124 I/notification_cancel(  256): [com.android.phone,7,0]
02-13 18:47:36.124 I/notification_cancel(  256): [com.android.phone,7,0]
02-13 18:47:36.124 I/notification_cancel(  256): [com.android.phone,7,0]
02-13 18:47:36.124 I/notification_cancel(  256): [com.android.phone,7,0]
02-13 18:47:36.124 I/notification_cancel(  256): [com.android.phone,7,0]
02-13 18:47:36.124 I/notification_cancel(  256): [com.android.phone,7,0]
02-13 18:47:36.205 I/am_destroy_service(  256): [1081320240,com.google.android.gsf/.checkin.CheckinService,377]
02-13 18:47:36.205 I/dvm_gc_madvise_info(  655): [188416,135168]
02-13 18:47:36.215 I/dvm_gc_madvise_info(  633): [253952,135168]
02-13 18:47:36.225 I/am_destroy_service(  256): [1082417624,com.sprint.w.installer/.AlarmService,550]
02-13 18:47:36.225 I/dvm_gc_madvise_info(  616): [286720,135168]
02-13 18:47:36.225 I/dvm_gc_madvise_info(  648): [176128,135168]
02-13 18:47:36.225 I/dvm_gc_madvise_info(  596): [188416,135168]
02-13 18:47:36.235 I/dvm_gc_madvise_info(  566): [159744,135168]
02-13 18:47:36.245 I/dvm_gc_madvise_info(  584): [266240,135168]
02-13 18:47:36.285 I/dvm_gc_madvise_info(  558): [278528,135168]
02-13 18:47:36.335 I/am_proc_start(  256): [725,10033,com.google.android.apps.maps:LocationFriendService,broadcast,com.google.android.apps.maps/com.google.googlenav.friend.reporting.LocationReportingIntentReceiver]
02-13 18:47:36.335 I/am_kill (  256): [508,com.sprint.zone,12,too many background]
02-13 18:47:36.345 I/am_proc_bound(  256): [725,com.google.android.apps.maps:LocationFriendService]
02-13 18:47:36.425 I/dvm_gc_madvise_info(  446): [196608,135168]
02-13 18:47:36.455 I/am_proc_died(  256): [508,com.sprint.zone]
02-13 18:47:36.505 I/dvm_gc_info(  725): [7881704463071766060,-9037170050312738763,-4004961172862437331,7358131]
02-13 18:47:36.585 I/dvm_gc_info(  342): [8099846449757435491,-8970741612194830282,-4004679697885726675,7358131]
02-13 18:47:36.645 I/am_create_task(  256): 4
02-13 18:47:36.645 I/am_create_activity(  256): [1082960608,4,com.google.android.apps.maps/com.google.googlenav.login.AndroidLoginActivitySdk5,NULL,NULL,NULL,268435456]
02-13 18:47:36.645 I/am_pause_activity(  256): [1081153104,com.android.launcher/com.android.launcher2.Launcher]
02-13 18:47:36.645 I/am_on_paused_called(  364): com.android.launcher2.Launcher
02-13 18:47:36.655 I/am_restart_activity(  256): [1082960608,4,com.google.android.apps.maps/com.google.googlenav.login.AndroidLoginActivitySdk5]
02-13 18:47:36.675 I/am_finish_activity(  256): [1082960608,4,com.google.android.apps.maps/com.google.googlenav.login.AndroidLoginActivitySdk5,app-request]
02-13 18:47:36.675 I/am_pause_activity(  256): [1082960608,com.google.android.apps.maps/com.google.googlenav.login.AndroidLoginActivitySdk5]
02-13 18:47:36.675 I/am_resume_activity(  256): [1081153104,2,com.android.launcher/com.android.launcher2.Launcher]
02-13 18:47:36.705 I/am_on_resume_called(  364): com.android.launcher2.Launcher
02-13 18:47:36.705 I/am_destroy_activity(  256): [1082960608,4,com.google.android.apps.maps/com.google.googlenav.login.AndroidLoginActivitySdk5]
02-13 18:47:36.705 I/am_kill (  256): [566,com.android.mms,12,too many background]
02-13 18:47:36.715 I/content_query_sample(  667): [content://com.google.android.apps.plus.content.EsGooglePhotoProvider/settings,sync_picasa_on_wifi_only,,,83,,17]
02-13 18:47:36.715 I/am_proc_died(  256): [566,com.android.mms]
02-13 18:47:36.735 I/am_create_service(  256): [1082752728,com.google.android.music/.store.MediaStoreImportService,act=MediaStoreImportService.import_pending,713]
02-13 18:47:36.755 I/am_destroy_service(  256): [1082752728,com.google.android.music/.store.MediaStoreImportService,713]
02-13 18:47:36.755 I/db_sample(  492): [/data/data/com.android.providers.media/databases/external-e82ff9f2.db,SELECT _id, _data, date_modified FROM audio,1,,1]
02-13 18:47:37.055 I/am_create_service(  256): [1082970144,com.google.android.music/.store.MediaStoreImportService,act=MediaStoreImportService.import_pending,713]
02-13 18:47:37.065 I/am_destroy_service(  256): [1082888096,com.android.providers.media/.MediaScannerService,492]
02-13 18:47:37.165 I/dvm_gc_info(  713): [7887337218879096360,-9042517731205715911,-4003835272955594707,7358131]
02-13 18:47:37.186 I/am_destroy_service(  256): [1082970144,com.google.android.music/.store.MediaStoreImportService,713]
02-13 18:47:37.186 I/am_kill (  256): [584,com.android.zte.HiddenMenu,14,too many background]
02-13 18:47:37.196 I/am_proc_died(  256): [584,com.android.zte.HiddenMenu]
02-13 18:47:37.886 I/dvm_gc_madvise_info(  404): [163840,135168]
02-13 18:47:37.886 I/dvm_gc_madvise_info(  640): [172032,135168]
02-13 18:47:38.016 I/am_destroy_service(  256): [1083230520,com.android.providers.calendar/.EmptyService,624]
02-13 18:47:38.016 I/am_kill (  256): [616,com.android.camera,14,too many background]
02-13 18:47:38.016 I/am_proc_died(  256): [616,com.android.camera]
02-13 18:47:38.327 I/dvm_gc_madvise_info(  515): [208896,135168]
02-13 18:47:38.447 I/dvm_gc_madvise_info(  256): [966656,135168]
02-13 18:47:38.677 I/dvm_gc_madvise_info(  688): [274432,135168]
02-13 18:47:38.677 I/dvm_gc_madvise_info(  701): [180224,135168]
02-13 18:47:39.548 I/battery_status(  256): [2,2,1,1,Li-ion]
02-13 18:47:39.588 I/dvm_gc_madvise_info(  677): [147456,135168]
02-13 18:47:39.628 I/dvm_gc_madvise_info(  667): [245760,135168]
02-13 18:47:39.998 I/connectivity_state_changed(  256): 3112
02-13 18:47:40.118 I/notification_cancel(  256): [com.android.phone,7,0]
02-13 18:47:40.128 I/notification_cancel(  256): [com.android.phone,7,0]
02-13 18:47:40.128 I/notification_cancel(  256): [com.android.phone,7,0]
02-13 18:47:40.128 I/notification_cancel(  256): [com.android.phone,7,0]
02-13 18:47:40.138 I/dvm_gc_madvise_info(  467): [376832,135168]
02-13 18:47:40.289 I/dvm_gc_madvise_info(  377): [200704,135168]
02-13 18:47:40.449 I/gtalk_connection(  377): 131077
02-13 18:47:40.449 I/am_create_service(  256): [1083543808,com.google.android.gsf/.checkin.CheckinService,,377]
02-13 18:47:40.449 I/force_gc(  256): Binder
02-13 18:47:40.529 I/dvm_gc_info(  256): [8320808730291914502,-8911064724236601246,-3983850549609138131,8587220]
02-13 18:47:40.539 I/binder_sample(  377): [android.app.IActivityManager,34,85,com.google.process.gapps,17]
02-13 18:47:40.549 I/am_create_service(  256): [1083207168,com.google.android.gm/.downloadprovider.DownloadService,,596]
02-13 18:47:40.559 I/am_create_service(  256): [1082995480,com.android.providers.downloads/.DownloadService,,492]
02-13 18:47:40.559 I/notification_cancel_all(  256): [com.android.providers.downloads,0]
02-13 18:47:40.579 I/content_update_sample(  377): [content://com.google.android.providers.talk/accountStatus,insert,,128,,26]
02-13 18:47:40.609 I/am_destroy_service(  256): [1083543808,com.google.android.gsf/.checkin.CheckinService,377]
02-13 18:47:40.619 I/am_destroy_service(  256): [1082995480,com.android.providers.downloads/.DownloadService,492]
02-13 18:47:40.629 I/am_destroy_service(  256): [1083207168,com.google.android.gm/.downloadprovider.DownloadService,596]
02-13 18:47:41.219 I/dvm_gc_info(  377): [7449358886915642954,-9005644715482179531,-4004961172862437331,7358131]
02-13 18:47:41.530 I/battery_status(  256): [3,2,1,0,Li-ion]
02-13 18:47:41.570 I/dvm_gc_madvise_info(  725): [147456,135168]
02-13 18:47:41.590 I/dvm_gc_madvise_info(  342): [270336,135168]
02-13 18:47:41.610 I/c2dm    (  377): [-1,NULL,1,-1]
02-13 18:47:42.190 I/dvm_gc_madvise_info(  713): [184320,135168]
02-13 18:47:42.821 I/c2dm    (  377): [1,NULL,1,-1]
02-13 18:47:42.831 I/gtalk_connection(  377): 196609
02-13 18:47:42.841 I/c2dm    (  377): [-4,NULL,2,1]
02-13 18:47:43.392 I/binder_sample(  326): [com.android.internal.telephony.ITelephony,83,8,com.android.systemui,1]
02-13 18:47:45.524 I/dvm_gc_info(  326): [8320808730291734080,-9004800496777627597,-4004961172862437331,7358211]
02-13 18:47:45.544 I/dvm_gc_madvise_info(  256): [827392,135168]
02-13 18:47:46.264 I/dvm_gc_madvise_info(  377): [200704,135168]
02-13 18:47:50.418 I/am_destroy_service(  256): [1082307960,com.sprint.ce.updater/.UpdaterService,543]
02-13 18:47:50.418 I/am_kill (  256): [543,com.sprint.ce.updater,14,too many background]
02-13 18:47:50.468 I/notification_cancel(  256): [com.android.phone,111,0]
02-13 18:47:50.478 I/am_proc_died(  256): [543,com.sprint.ce.updater]
02-13 18:47:50.529 I/dvm_gc_madvise_info(  326): [221184,135168]
