02-13 18:47:53.401 I/am_create_service(  256): [1082740752,com.google.android.gsf/.gtalkservice.PushMessagingRegistrar,act=com.google.android.c2dm.intent.REGISTER,377]
02-13 18:47:53.411 I/am_create_service(  256): [1082683608,com.locationlabs.v3client/.AccountService,act=com.locationlabs.action.GET_ACCOUNT pkg=com.locationlabs.v3client,648]
02-13 18:47:53.521 I/dvm_gc_info(  648): [8517260637557048943,-8982000954927835086,-4005805597792569299,7358131]
02-13 18:47:53.561 I/am_create_service(  256): [1082678376,com.locationlabs.v3client/.V3ApiService,act=com.locationlabs.v3client.action.NOTIFICATION pkg=com.locationlabs.v3client,648]
02-13 18:47:53.572 I/am_create_service(  256): [1082607048,com.locationlabs.v3client/.RadioSignalService,pkg=com.locationlabs.v3client,648]
02-13 18:47:53.582 I/am_create_service(  256): [1082605160,com.locationlabs.v3client/.HeartbeatService,act=com.locationlabs.v3client.action.ACTION_UPDATE_HEARTBEAT pkg=com.locationlabs.v3client,648]
02-13 18:47:53.582 I/am_create_service(  256): [1082489672,com.locationlabs.v3client/.GpsStateService,act=com.locationlabs.action.TURN_OFF_GPS_DETECTION pkg=com.locationlabs.v3client,648]
02-13 18:47:53.592 I/am_create_service(  256): [1082404752,com.locationlabs.v3client/.FeatureService,act=com.locationlabs.v3client.action.RESTART pkg=com.locationlabs.v3client,648]
02-13 18:47:53.612 I/am_destroy_service(  256): [1082683608,com.locationlabs.v3client/.AccountService,648]
02-13 18:47:53.612 I/am_destroy_service(  256): [1082489672,com.locationlabs.v3client/.GpsStateService,648]
02-13 18:47:53.632 I/am_destroy_service(  256): [1082404752,com.locationlabs.v3client/.FeatureService,648]
02-13 18:47:53.702 I/am_destroy_service(  256): [1082605160,com.locationlabs.v3client/.HeartbeatService,648]
02-13 18:47:53.792 I/dvm_gc_info(  648): [8517260637557069416,-8956105119597901772,-4005242647839147987,7358131]
02-13 18:47:53.882 I/dvm_gc_info(  377): [7449358886915602025,-8937527564926195657,-4004398222909016019,7358131]
02-13 18:47:54.352 I/google_http_request(  377): [850,200,AndroidC2DM/1.0,1]
02-13 18:47:54.603 I/dvm_gc_info(  648): [8517260637557069414,-8953008757381543882,-4004679697885726675,7358131]
02-13 18:47:54.963 I/dvm_gc_info(  648): [8517260637557196330,-9023377364103493577,-4004679697885726675,7358131]
02-13 18:47:54.993 I/dvm_gc_info(  648): [8517260637557080623,-9217032010624698312,-4004116747932305363,7358131]
02-13 18:47:55.423 I/am_create_service(  256): [1082923104,com.locationlabs.v3client/.ConfigurationService,act=com.locationlabs.v3client.action.CHECK_CONFIGURATION pkg=com.locationlabs.v3client,648]
02-13 18:47:55.423 I/am_destroy_service(  256): [1082923104,com.locationlabs.v3client/.ConfigurationService,648]
02-13 18:47:56.114 I/dvm_gc_info(  648): [8517260637557028497,-8940905058471516105,-4004398222909016019,7358131]
02-13 18:47:56.735 I/am_create_service(  256): [1082258056,com.locationlabs.v3client/.ConfigurationService,act=com.locationlabs.v3client.action.CHECK_CONFIGURATION pkg=com.locationlabs.v3client,648]
02-13 18:47:56.755 I/am_destroy_service(  256): [1082258056,com.locationlabs.v3client/.ConfigurationService,648]
02-13 18:47:56.765 I/am_destroy_service(  256): [1082678376,com.locationlabs.v3client/.V3ApiService,648]
02-13 18:47:58.917 I/dvm_gc_madvise_info(  377): [176128,135168]
02-13 18:47:59.487 I/battery_level(  256): [18,3689,250]
02-13 18:48:00.428 I/notification_cancel(  256): [com.android.phone,111,0]
02-13 18:48:01.149 I/dvm_gc_madvise_info(  648): [200704,135168]
02-13 18:48:19.487 I/battery_level(  256): [17,3673,250]
02-13 18:48:26.023 I/binder_sample(  342): [com.android.internal.telephony.ITelephonyRegistry,6,20,com.android.phone,4]
02-13 18:48:26.023 I/notification_cancel(  256): [com.android.phone,111,0]
02-13 18:48:28.115 I/notification_cancel(  256): [com.android.phone,111,0]
02-13 18:48:29.316 I/screen_toggled(  256): 2
02-13 18:48:30.988 I/am_proc_start(  256): [774,10030,com.android.mms,service,com.android.mms/.transaction.TransactionService]
02-13 18:48:31.008 I/dvm_gc_madvise_info(  774): [372736,135168]
02-13 18:48:31.018 I/am_proc_bound(  256): [774,com.android.mms]
02-13 18:48:31.018 I/am_create_service(  256): [1082138240,com.android.mms/.transaction.TransactionService,act=android.intent.action.ACTION_ONALARM,774]
02-13 18:48:31.158 I/am_destroy_service(  256): [1082138240,com.android.mms/.transaction.TransactionService,774]
02-13 18:48:33.380 I/am_create_task(  256): 5
02-13 18:48:33.380 I/am_create_activity(  256): [1083079552,5,com.android.mms/.ui.ConversationList,android.intent.action.MAIN,NULL,NULL,270532608]
02-13 18:48:33.390 I/am_pause_activity(  256): [1081153104,com.android.launcher/com.android.launcher2.Launcher]
02-13 18:48:33.410 I/am_on_paused_called(  364): com.android.launcher2.Launcher
02-13 18:48:33.420 I/am_restart_activity(  256): [1083079552,5,com.android.mms/.ui.ConversationList]
02-13 18:48:34.822 I/binder_sample(  342): [com.android.internal.telephony.ITelephonyRegistry,8,38,com.android.phone,7]
02-13 18:48:35.422 I/notification_cancel(  256): [com.android.mms,239,0]
02-13 18:48:35.442 I/am_on_resume_called(  774): com.android.mms.ui.ConversationList
02-13 18:48:35.482 I/binder_sample(  774): [android.view.IWindowSession,4,20,com.android.mms,4]
02-13 18:48:35.492 I/notification_cancel(  256): [com.android.mms,789,0]
02-13 18:48:35.512 I/am_create_service(  256): [1083017312,com.sprint.w.installer/.delivery.ReportPostService,,550]
02-13 18:48:35.532 I/notification_cancel(  256): [com.android.mms,531,0]
02-13 18:48:35.532 I/notification_cancel(  256): [com.android.mms,999,0]
02-13 18:48:35.552 I/notification_cancel(  256): [com.android.mms,123,0]
02-13 18:48:35.653 I/activity_launch_time(  256): [1083079552,com.android.mms/.ui.ConversationList,2235,59004]
02-13 18:48:35.663 I/am_destroy_service(  256): [1083017312,com.sprint.w.installer/.delivery.ReportPostService,550]
02-13 18:48:36.283 I/notification_cancel(  256): [com.android.phone,111,0]
02-13 18:48:36.323 I/dvm_gc_info(  342): [8099846449757558368,-8967645387434219465,-4004398222909016019,7358131]
02-13 18:48:36.423 I/dvm_gc_info(  774): [7218827569569744461,-8993260022698944461,-4004679697885726675,7358183]
02-13 18:48:36.603 I/am_create_activity(  256): [1081978408,5,com.android.mms/.ui.ComposeMessageActivity,NULL,NULL,content://mms-sms/conversations/1,0]
02-13 18:48:36.603 I/am_pause_activity(  256): [1083079552,com.android.mms/.ui.ConversationList]
02-13 18:48:36.603 I/am_on_paused_called(  774): com.android.mms.ui.ConversationList
02-13 18:48:36.603 I/am_restart_activity(  256): [1081978408,5,com.android.mms/.ui.ComposeMessageActivity]
02-13 18:48:36.664 I/dvm_gc_info(  774): [7218827569569838476,-9054621567621867469,-4004679697885726675,7358189]
02-13 18:48:36.814 I/am_on_resume_called(  774): com.android.mms.ui.ComposeMessageActivity
02-13 18:48:37.054 I/activity_launch_time(  256): [1081978408,com.android.mms/.ui.ComposeMessageActivity,451,451]
02-13 18:48:37.634 I/content_query_sample(  774): [content://mms-sms/conversations/1,_id/read,(read=0 OR seen=0),,8,,2]
02-13 18:48:37.645 I/notification_cancel(  256): [com.android.mms,999,0]
02-13 18:48:37.655 I/notification_cancel(  256): [com.android.mms,789,0]
02-13 18:48:37.675 I/notification_cancel(  256): [com.android.mms,531,0]
02-13 18:48:37.685 I/notification_cancel(  256): [com.android.mms,123,0]
02-13 18:48:37.995 I/dvm_gc_info(  336): [7809651225003177384,-9043081162296137675,-4003835272955594707,7882627]
02-13 18:48:38.205 I/force_gc(  256): Binder
02-13 18:48:38.315 I/dvm_gc_info(  256): [8320808730292065971,-8917820123677648798,-3983569074632427475,8587220]
02-13 18:48:38.445 I/dvm_gc_info(  336): [7809651225003386304,-9039140512622188491,-4003835272955594707,8370142]
02-13 18:48:38.515 I/dvm_gc_info(  774): [7218827569569809984,-8991289491636389834,-4002146423095330771,7943996]
02-13 18:48:41.328 I/dvm_gc_madvise_info(  342): [196608,135168]
02-13 18:48:41.378 I/notification_cancel(  256): [com.android.phone,111,0]
02-13 18:48:42.589 I/binder_sample(  336): [android.view.IWindowSession,4,12,com.android.inputmethod.latin,2]
02-13 18:48:43.330 I/dvm_gc_madvise_info(  256): [847872,135168]
02-13 18:48:43.460 I/dvm_gc_madvise_info(  336): [192512,135168]
02-13 18:48:43.520 I/dvm_gc_madvise_info(  774): [192512,135168]
02-13 18:48:46.373 I/force_gc(  364): bg
02-13 18:48:46.413 I/dvm_gc_info(  364): [7809652345805141223,-9061658510675212237,-3997642823467960275,8550434]
02-13 18:48:49.486 I/battery_level(  256): [16,3659,250]
02-13 18:48:51.428 I/dvm_gc_madvise_info(  364): [208896,135168]
02-13 18:48:52.459 I/binder_sample(  336): [android.view.IWindowSession,4,25,com.android.inputmethod.latin,5]
02-13 18:48:52.499 I/dvm_gc_info(  336): [7809651225003103810,-8965956743682054091,-3998768723374802899,8529864]
02-13 18:48:55.482 I/force_gc(  550): bg
02-13 18:48:55.542 I/dvm_gc_info(  550): [7597136565101631022,-9036607444040673232,-4006368547745990611,7358131]
02-13 18:48:57.514 I/dvm_gc_madvise_info(  336): [192512,135168]
02-13 18:49:00.567 I/dvm_gc_madvise_info(  550): [233472,135168]
02-13 18:49:08.124 I/db_sample(  342): [/data/data/com.android.providers.telephony/databases/mmssms.db,INSERT INTO words(table_to_use, _id, index_text, source_id) VALU,9,,2]
02-13 18:49:08.174 I/am_create_service(  256): [1082730104,com.android.mms/.transaction.SmsReceiverService,act=com.android.mms.transaction.SEND_MESSAGE,774]
02-13 18:49:08.244 I/content_query_sample(  774): [content://mms-sms/conversations/1,transport_type/_id/thread_id/address/body/date/read/type/status/locked/error_code/dest_port/service_date/expiry/sub/sub_cs/date/read/m_type/msg_box/d_rpt/rr/err_type/locked/m_size/recipient_cc_ids/recipient_bcc_ids/pri,,,74,,15]
02-13 18:49:08.304 I/dvm_gc_info(  336): [7809651225003382338,-8966801168612173770,-3998768723374802899,8529954]
02-13 18:49:08.415 I/dvm_gc_info(  774): [7218827569569789562,-8921764897510942666,-4001864948118620115,7943997]
02-13 18:49:08.465 I/dvm_gc_info(  336): [7809651225003152757,-9044206787207612362,-3998768723374802899,8550436]
02-13 18:49:08.605 I/dvm_gc_info(  342): [8099846449757484644,-8998326091159410632,-4004116747932305363,7358131]
02-13 18:49:08.655 I/am_destroy_service(  256): [1082730104,com.android.mms/.transaction.SmsReceiverService,774]
02-13 18:49:10.787 I/am_pause_activity(  256): [1081978408,com.android.mms/.ui.ComposeMessageActivity]
02-13 18:49:10.787 I/am_task_to_front(  256): 2
02-13 18:49:10.787 I/am_new_intent(  256): [1083433152,2,com.android.launcher/com.android.launcher2.Launcher,android.intent.action.MAIN,NULL,NULL,274726912]
02-13 18:49:10.797 I/am_on_paused_called(  774): com.android.mms.ui.ComposeMessageActivity
02-13 18:49:10.817 I/am_resume_activity(  256): [1081153104,2,com.android.launcher/com.android.launcher2.Launcher]
02-13 18:49:10.817 I/am_on_resume_called(  364): com.android.launcher2.Launcher
02-13 18:49:10.857 I/am_create_service(  256): [1083522384,com.android.mms/.transaction.SmsReceiverService,act=com.android.mms.transaction.MESSAGE_SENT dat=content://sms/53,774]
02-13 18:49:10.897 I/notification_cancel(  256): [com.android.mms,999,0]
02-13 18:49:10.967 I/notification_cancel(  256): [com.android.mms,789,0]
02-13 18:49:10.987 I/notification_cancel(  256): [com.android.mms,531,0]
02-13 18:49:11.007 I/notification_cancel(  256): [com.android.mms,123,0]
02-13 18:49:11.097 I/force_gc(  256): Binder
02-13 18:49:11.167 I/dvm_gc_info(  256): [8320808730291881727,-8914723898933811102,-3984413499562559443,8533934]
02-13 18:49:11.297 I/content_query_sample(  774): [content://com.android.contacts/phone_lookup/9137446943,_id/lookup,,raw_contacts.mode_id,13,,3]
02-13 18:49:11.297 I/notification_cancel(  256): [com.android.mms,789,0]
02-13 18:49:11.297 I/am_destroy_service(  256): [1083522384,com.android.mms/.transaction.SmsReceiverService,774]
02-13 18:49:11.628 I/notification_cancel(  256): [com.android.phone,111,0]
02-13 18:49:13.469 I/dvm_gc_madvise_info(  774): [200704,135168]
02-13 18:49:13.479 I/dvm_gc_madvise_info(  336): [151552,135168]
02-13 18:49:13.620 I/dvm_gc_madvise_info(  342): [212992,135168]
02-13 18:49:14.651 I/notification_cancel(  256): [com.android.phone,111,0]
02-13 18:49:16.202 I/dvm_gc_madvise_info(  256): [679936,135168]
02-13 18:49:16.232 I/menu_opened(  364): 0
02-13 18:49:19.065 I/free_storage_changed(  256): 2712313856
02-13 18:49:19.495 I/battery_level(  256): [15,3641,250]
02-13 18:49:19.655 I/binder_sample(  326): [android.view.IWindowSession,4,23,com.android.systemui,4]
02-13 18:49:23.689 I/am_create_task(  256): 6
02-13 18:49:23.689 I/am_create_activity(  256): [1080745360,6,com.google.android.voicesearch/.RecognitionActivity,android.intent.action.SEARCH_LONG_PRESS,NULL,NULL,268435456]
02-13 18:49:23.689 I/am_pause_activity(  256): [1081153104,com.android.launcher/com.android.launcher2.Launcher]
02-13 18:49:23.689 I/am_on_paused_called(  364): com.android.launcher2.Launcher
02-13 18:49:23.699 I/am_proc_start(  256): [808,10004,com.google.android.voicesearch,activity,com.google.android.voicesearch/.RecognitionActivity]
02-13 18:49:23.729 I/dvm_gc_madvise_info(  808): [372736,135168]
02-13 18:49:23.739 I/am_proc_bound(  256): [808,com.google.android.voicesearch]
02-13 18:49:23.749 I/am_restart_activity(  256): [1080745360,6,com.google.android.voicesearch/.RecognitionActivity]
02-13 18:49:23.910 I/binder_sample(  364): [android.view.IWindowManager,38,40,com.android.launcher,8]
02-13 18:49:24.260 I/dvm_gc_info(  808): [8534155694507677252,-9018874314332657614,-4006087072769279955,7358211]
02-13 18:49:24.280 I/db_sample(  256): [/data/system/accounts.db,SELECT _id, name, type FROM accounts WHERE type=?,0,,1]
02-13 18:49:24.330 I/am_create_activity(  256): [1081121352,6,com.google.android.gsf/.settings.UseLocationForServicesActivity,com.google.android.gsf.action.SET_USE_LOCATION_FOR_SERVICES,NULL,NULL,75497472]
02-13 18:49:24.330 I/am_pause_activity(  256): [1080745360,com.google.android.voicesearch/.RecognitionActivity]
02-13 18:49:24.340 I/am_on_resume_called(  808): com.google.android.voicesearch.RecognitionActivity
02-13 18:49:24.360 I/am_on_paused_called(  808): com.google.android.voicesearch.RecognitionActivity
02-13 18:49:24.360 I/am_restart_activity(  256): [1081121352,6,com.google.android.gsf/.settings.UseLocationForServicesActivity]
02-13 18:49:24.440 I/am_on_resume_called(  377): com.google.android.gsf.settings.UseLocationForServicesActivity
02-13 18:49:24.851 I/activity_launch_time(  256): [1080745360,com.google.android.voicesearch/.RecognitionActivity,1149,1149]
02-13 18:49:24.851 I/activity_launch_time(  256): [1081121352,com.google.android.gsf/.settings.UseLocationForServicesActivity,488,488]
02-13 18:49:24.851 I/notification_cancel(  256): [com.android.phone,111,0]
02-13 18:49:26.762 I/backup_data_changed(  256): com.android.providers.settings
02-13 18:49:26.822 I/db_sample(  377): [/data/data/com.google.android.gsf/databases/googlesettings.db,INSERT INTO partner(value, name) VALUES(?, ?);,51,com.google.process.gapps,11]
02-13 18:49:26.832 I/content_update_sample(  377): [content://com.google.settings/partner,insert,,65,com.google.process.gapps,14]
02-13 18:49:26.863 I/am_finish_activity(  256): [1081121352,6,com.google.android.gsf/.settings.UseLocationForServicesActivity,app-request]
02-13 18:49:26.873 I/am_pause_activity(  256): [1081121352,com.google.android.gsf/.settings.UseLocationForServicesActivity]
02-13 18:49:26.883 I/am_on_paused_called(  377): com.google.android.gsf.settings.UseLocationForServicesActivity
02-13 18:49:26.883 I/am_resume_activity(  256): [1080745360,6,com.google.android.voicesearch/.RecognitionActivity]
02-13 18:49:26.933 I/am_finish_activity(  256): [1080745360,6,com.google.android.voicesearch/.RecognitionActivity,app-request]
02-13 18:49:26.933 I/am_pause_activity(  256): [1080745360,com.google.android.voicesearch/.RecognitionActivity]
02-13 18:49:26.943 I/am_on_resume_called(  808): com.google.android.voicesearch.RecognitionActivity
02-13 18:49:26.953 I/am_on_paused_called(  808): com.google.android.voicesearch.RecognitionActivity
02-13 18:49:26.963 I/am_resume_activity(  256): [1081153104,2,com.android.launcher/com.android.launcher2.Launcher]
02-13 18:49:26.963 I/am_on_resume_called(  364): com.android.launcher2.Launcher
02-13 18:49:26.993 I/am_destroy_activity(  256): [1081121352,6,com.google.android.gsf/.settings.UseLocationForServicesActivity]
02-13 18:49:27.003 I/binder_sample(  808): [android.app.IActivityManager,19,46,com.google.android.voicesearch,9]
02-13 18:49:27.423 I/notification_cancel(  256): [com.android.phone,111,0]
02-13 18:49:29.285 I/dvm_gc_madvise_info(  808): [188416,135168]
02-13 18:49:29.485 I/am_create_task(  256): 7
02-13 18:49:29.485 I/am_create_activity(  256): [1082758728,7,com.google.android.voicesearch/.RecognitionActivity,android.intent.action.SEARCH_LONG_PRESS,NULL,NULL,268435456]
02-13 18:49:29.485 I/am_pause_activity(  256): [1081153104,com.android.launcher/com.android.launcher2.Launcher]
02-13 18:49:29.495 I/am_on_paused_called(  364): com.android.launcher2.Launcher
02-13 18:49:29.495 I/am_restart_activity(  256): [1082758728,7,com.google.android.voicesearch/.RecognitionActivity]
02-13 18:49:29.575 I/dvm_gc_info(  808): [8534155694507668861,-9059406642259494861,-4006087072769279955,7899013]
02-13 18:49:29.585 I/am_create_activity(  256): [1083340240,7,com.google.android.voicesearch/.PersonalizationOptInActivity,com.google.android.voicesearch.action.PERSONALIZATION_OPT_IN,NULL,NULL,67108864]
02-13 18:49:29.585 I/am_pause_activity(  256): [1082758728,com.google.android.voicesearch/.RecognitionActivity]
02-13 18:49:29.595 I/am_on_resume_called(  808): com.google.android.voicesearch.RecognitionActivity
02-13 18:49:29.615 I/am_on_paused_called(  808): com.google.android.voicesearch.RecognitionActivity
02-13 18:49:29.615 I/am_restart_activity(  256): [1083340240,7,com.google.android.voicesearch/.PersonalizationOptInActivity]
02-13 18:49:29.705 I/am_on_resume_called(  808): com.google.android.voicesearch.PersonalizationOptInActivity
02-13 18:49:29.875 I/activity_launch_time(  256): [1082758728,com.google.android.voicesearch/.RecognitionActivity,385,385]
02-13 18:49:30.046 I/activity_launch_time(  256): [1083340240,com.google.android.voicesearch/.PersonalizationOptInActivity,434,434]
02-13 18:49:30.046 I/am_destroy_activity(  256): [1080745360,6,com.google.android.voicesearch/.RecognitionActivity]
02-13 18:49:30.066 I/am_create_service(  256): [1082741096,com.google.android.voicesearch/.logging.LoggingService,,808]
02-13 18:49:30.146 I/dvm_gc_info(  808): [8534155694507664943,-9038295950152480715,-3999331673328224211,8525761]
02-13 18:49:30.146 I/am_destroy_service(  256): [1082741096,com.google.android.voicesearch/.logging.LoggingService,808]
02-13 18:49:31.587 I/am_create_service(  256): [1082172800,com.google.android.voicesearch/.logging.LoggingService,,808]
02-13 18:49:31.607 I/am_finish_activity(  256): [1083340240,7,com.google.android.voicesearch/.PersonalizationOptInActivity,app-request]
02-13 18:49:31.607 I/am_pause_activity(  256): [1083340240,com.google.android.voicesearch/.PersonalizationOptInActivity]
02-13 18:49:31.627 I/am_on_paused_called(  808): com.google.android.voicesearch.PersonalizationOptInActivity
02-13 18:49:31.627 I/am_resume_activity(  256): [1082758728,7,com.google.android.voicesearch/.RecognitionActivity]
02-13 18:49:31.677 I/am_create_activity(  256): [1083498440,7,com.google.android.voicesearch/.HelpActivity,NULL,NULL,NULL,0]
02-13 18:49:31.677 I/am_pause_activity(  256): [1082758728,com.google.android.voicesearch/.RecognitionActivity]
02-13 18:49:31.687 I/am_finish_activity(  256): [1082758728,7,com.google.android.voicesearch/.RecognitionActivity,app-request]
02-13 18:49:31.687 I/am_on_resume_called(  808): com.google.android.voicesearch.RecognitionActivity
02-13 18:49:31.707 I/am_create_service(  256): [1083207424,com.google.android.gsf/.loginservice.GoogleLoginService,act=android.accounts.AccountAuthenticator,377]
02-13 18:49:31.727 I/am_on_paused_called(  808): com.google.android.voicesearch.RecognitionActivity
02-13 18:49:31.727 I/am_restart_activity(  256): [1083498440,7,com.google.android.voicesearch/.HelpActivity]
02-13 18:49:32.028 I/am_on_resume_called(  808): com.google.android.voicesearch.HelpActivity
02-13 18:49:32.128 I/dvm_gc_info(  808): [8534155694507689575,-8980874573867112392,-3999331673328224211,8525856]
02-13 18:49:32.148 I/activity_launch_time(  256): [1083498440,com.google.android.voicesearch/.HelpActivity,420,420]
02-13 18:49:32.848 I/am_destroy_activity(  256): [1082758728,7,com.google.android.voicesearch/.RecognitionActivity]
02-13 18:49:32.848 I/am_destroy_activity(  256): [1083340240,7,com.google.android.voicesearch/.PersonalizationOptInActivity]
02-13 18:49:33.329 I/dvm_gc_info(  377): [7449358886915638883,-8952164126242613191,-4003272323002173395,7358174]
02-13 18:49:33.469 I/am_destroy_service(  256): [1082172800,com.google.android.voicesearch/.logging.LoggingService,808]
02-13 18:49:33.709 I/google_http_request(  377): [1907,200,GoogleLoginService/1.0,1]
02-13 18:49:33.719 I/notification_cancel(  256): [android,2,0]
02-13 18:49:33.789 I/notification_cancel(  256): [android,2,0]
02-13 18:49:33.859 I/notification_cancel(  256): [android,2,0]
02-13 18:49:33.929 I/gls_authenticate(  377): [0,speechpersonalization]
02-13 18:49:33.929 I/notification_cancel(  256): [android,2,0]
02-13 18:49:34.220 I/am_create_activity(  256): [1083243240,7,com.google.android.voicesearch/.RecognitionActivity,NULL,NULL,NULL,0]
02-13 18:49:34.220 I/am_pause_activity(  256): [1083498440,com.google.android.voicesearch/.HelpActivity]
02-13 18:49:34.230 I/am_finish_activity(  256): [1083498440,7,com.google.android.voicesearch/.HelpActivity,app-request]
02-13 18:49:34.230 I/am_on_paused_called(  808): com.google.android.voicesearch.HelpActivity
02-13 18:49:34.240 I/am_restart_activity(  256): [1083243240,7,com.google.android.voicesearch/.RecognitionActivity]
02-13 18:49:34.280 I/am_create_service(  256): [1082921224,com.google.android.voicesearch/.logging.LoggingService,,808]
02-13 18:49:34.290 I/am_on_resume_called(  808): com.google.android.voicesearch.RecognitionActivity
02-13 18:49:34.340 I/activity_launch_time(  256): [1083243240,com.google.android.voicesearch/.RecognitionActivity,109,109]
02-13 18:49:34.360 I/am_destroy_activity(  256): [1083498440,7,com.google.android.voicesearch/.HelpActivity]
02-13 18:49:35.030 I/am_destroy_service(  256): [1082921224,com.google.android.voicesearch/.logging.LoggingService,808]
02-13 18:49:35.071 I/db_sample(  256): [/data/system/accounts.db,COMMIT;INSERT INTO authtokens(authtoken, type, accounts_id) VALU,1119,,100]
02-13 18:49:35.071 I/notification_cancel(  256): [android,2,0]
02-13 18:49:35.071 I/am_destroy_service(  256): [1083207424,com.google.android.gsf/.loginservice.GoogleLoginService,377]
02-13 18:49:36.472 I/db_sample(  256): [/data/system/accounts.db,SELECT _id, name, type FROM accounts WHERE type=?,0,,1]
02-13 18:49:36.682 I/dvm_gc_info(  808): [8534155694507636309,-9003111028156762053,-3995672498630985683,8550392]
02-13 18:49:38.063 I/db_sample(  404): [/data/data/com.android.providers.contacts/databases/contacts2.db,SELECT data1, data2, is_super_primary, contact_id FROM view_data,1,,1]
02-13 18:49:38.113 I/am_create_service(  256): [1082290648,com.google.android.voicesearch/.logging.LoggingService,,808]
02-13 18:49:38.374 I/dvm_gc_madvise_info(  377): [192512,135168]
02-13 18:49:41.036 I/am_create_task(  256): 8
02-13 18:49:41.036 I/am_create_activity(  256): [1083324664,8,com.android.phone/.OutgoingCallBroadcaster,android.intent.action.CALL,NULL,tel:%2B19138514350,335544320]
02-13 18:49:41.036 I/am_pause_activity(  256): [1083243240,com.google.android.voicesearch/.RecognitionActivity]
02-13 18:49:41.066 I/am_on_paused_called(  808): com.google.android.voicesearch.RecognitionActivity
02-13 18:49:41.076 I/am_restart_activity(  256): [1083324664,8,com.android.phone/.OutgoingCallBroadcaster]
02-13 18:49:41.096 I/am_on_resume_called(  342): com.android.phone.OutgoingCallBroadcaster
02-13 18:49:41.146 I/am_create_activity(  256): [1083539712,8,com.android.phone/.SipCallOptionHandler,android.phone.extra.NEW_CALL_INTENT,NULL,tel:%2B19138514350,268435456]
02-13 18:49:41.146 I/am_pause_activity(  256): [1083324664,com.android.phone/.OutgoingCallBroadcaster]
02-13 18:49:41.146 I/am_finish_activity(  256): [1083324664,8,com.android.phone/.OutgoingCallBroadcaster,app-request]
02-13 18:49:41.146 I/am_on_paused_called(  342): com.android.phone.OutgoingCallBroadcaster
02-13 18:49:41.156 I/am_restart_activity(  256): [1083539712,8,com.android.phone/.SipCallOptionHandler]
02-13 18:49:41.197 I/dvm_gc_info(  342): [8099846449757480569,-8951319632592992199,-4003835272955594707,7358131]
02-13 18:49:41.227 I/am_create_task(  256): 9
02-13 18:49:41.227 I/am_create_activity(  256): [1083471872,9,com.android.phone/.InCallScreen,android.intent.action.CALL,NULL,tel:%2B19138514350,276824064]
02-13 18:49:41.227 I/am_pause_activity(  256): [1083539712,com.android.phone/.SipCallOptionHandler]
02-13 18:49:41.237 I/am_finish_activity(  256): [1083539712,8,com.android.phone/.SipCallOptionHandler,app-request]
02-13 18:49:41.247 I/am_restart_activity(  256): [1083471872,9,com.android.phone/.InCallScreen]
02-13 18:49:41.447 I/dvm_gc_info(  342): [8099846449757591100,-9011273802632349638,-4003835272955594707,7358208]
02-13 18:49:41.587 I/dvm_gc_info(  342): [8099846449757615327,-9059406023649863621,-4003835272955594707,7894911]
02-13 18:49:41.707 I/dvm_gc_info(  342): [8099846449757550114,-9030132626071930819,-4003835272955594707,8525857]
02-13 18:49:41.857 I/dvm_gc_info(  648): [8517260637557941871,-8991289079302744010,-4004679697885726675,7358131]
02-13 18:49:41.867 I/dvm_gc_madvise_info(  808): [208896,135168]
02-13 18:49:41.987 I/dvm_gc_info(  326): [8320808730291619398,-9000578303373936589,-4003272323002173395,7808811]
02-13 18:49:42.147 I/db_sample(  404): [/data/data/com.android.providers.contacts/databases/contacts2.db,SELECT contacts_view.times_contacted AS times_contacted, contact,0,,1]
02-13 18:49:42.167 I/dvm_gc_info(  342): [8099846449757488693,-9023658632636426178,-3992294798910457811,8558629]
02-13 18:49:42.177 I/phone_ui_enter(  342): []
02-13 18:49:42.187 I/am_on_resume_called(  342): com.android.phone.InCallScreen
02-13 18:49:42.328 I/notification_enqueue(  256): [com.android.phone,2,Notification(vibrate=null,sound=null,defaults=0x0,flags=0x2)]
02-13 18:49:42.328 I/am_new_intent(  256): [1083520336,9,com.android.phone/.InCallScreen,android.intent.action.MAIN,NULL,NULL,277086208]
02-13 18:49:42.368 I/dvm_gc_info(  404): [7017575181484942944,-8956104982125373386,-4004961172862437331,7358131]
02-13 18:49:42.428 I/connectivity_state_changed(  256): 3120
02-13 18:49:42.468 I/binder_sample(  342): [com.android.internal.telephony.ITelephonyRegistry,14,14,com.android.phone,2]
02-13 18:49:42.548 I/am_create_service(  256): [1083665880,com.google.android.gsf/.checkin.CheckinService,,377]
02-13 18:49:42.778 I/dvm_gc_info(  256): [8320808730291636015,-8907124074562615196,-3984132024585848787,8533934]
02-13 18:49:42.848 I/notification_enqueue(  256): [com.android.phone,2,Notification(vibrate=null,sound=null,defaults=0x0,flags=0x2)]
02-13 18:49:42.918 I/notification_enqueue(  256): [com.android.phone,2,Notification(vibrate=null,sound=null,defaults=0x0,flags=0x2)]
02-13 18:49:43.008 I/content_query_sample(  256): [content://telephony/carriers/preferapn,apn,,name ASC,400,,81]
02-13 18:49:43.008 I/gtalk_conn_close(  377): [1,120]
02-13 18:49:43.038 I/activity_launch_time(  256): [1083471872,com.android.phone/.InCallScreen,1793,1963]
02-13 18:49:43.038 I/am_destroy_service(  256): [1083665880,com.google.android.gsf/.checkin.CheckinService,377]
02-13 18:49:43.048 I/phone_ui_exit(  342): []
02-13 18:49:43.058 I/gtalk_connection(  377): 65794
02-13 18:49:43.098 I/phone_ui_enter(  342): []
02-13 18:49:43.188 I/notification_cancel(  256): [com.android.phone,7,0]
02-13 18:49:43.188 I/notification_cancel(  256): [com.android.phone,7,0]
02-13 18:49:43.188 I/notification_cancel(  256): [com.android.phone,7,0]
02-13 18:49:43.188 I/notification_cancel(  256): [com.android.phone,7,0]
02-13 18:49:43.188 I/notification_cancel(  256): [com.android.phone,7,0]
02-13 18:49:43.188 I/notification_cancel(  256): [com.android.phone,7,0]
02-13 18:49:43.188 I/notification_cancel(  256): [com.android.phone,7,0]
02-13 18:49:43.188 I/notification_cancel(  256): [com.android.phone,7,0]
02-13 18:49:43.198 I/notification_cancel(  256): [com.android.phone,7,0]
02-13 18:49:43.198 I/notification_cancel(  256): [com.android.phone,7,0]
02-13 18:49:43.208 I/notification_enqueue(  256): [com.android.phone,2,Notification(vibrate=null,sound=null,defaults=0x0,flags=0x2)]
02-13 18:49:43.279 I/notification_enqueue(  256): [com.android.phone,2,Notification(vibrate=null,sound=null,defaults=0x0,flags=0x2)]
02-13 18:49:43.369 I/am_destroy_activity(  256): [1083324664,8,com.android.phone/.OutgoingCallBroadcaster]
02-13 18:49:43.369 I/am_destroy_activity(  256): [1083539712,8,com.android.phone/.SipCallOptionHandler]
02-13 18:49:44.149 I/power_sleep_requested(  256): 1
02-13 18:49:44.380 I/power_screen_state(  256): [0,4,0,0]
02-13 18:49:44.380 I/power_screen_broadcast_send(  256): 1
02-13 18:49:44.380 I/screen_toggled(  256): 0
02-13 18:49:44.390 I/am_pause_activity(  256): [1083471872,com.android.phone/.InCallScreen]
02-13 18:49:44.460 I/phone_ui_exit(  342): []
02-13 18:49:44.460 I/am_on_paused_called(  342): com.android.phone.InCallScreen
02-13 18:49:44.510 I/power_screen_broadcast_done(  256): [0,125,1]
02-13 18:49:44.520 I/notification_enqueue(  256): [com.android.phone,2,Notification(vibrate=null,sound=null,defaults=0x0,flags=0x2)]
02-13 18:49:45.070 I/content_update_sample(  256): [content://settings/system,insert,,2,,1]
02-13 18:49:46.852 I/dvm_gc_madvise_info(  648): [421888,135168]
02-13 18:49:47.032 I/dvm_gc_madvise_info(  326): [208896,135168]
02-13 18:49:47.222 I/dvm_gc_madvise_info(  342): [184320,135168]
02-13 18:49:47.413 I/dvm_gc_madvise_info(  404): [253952,135168]
02-13 18:49:47.843 I/dvm_gc_madvise_info(  256): [544768,135168]
02-13 18:49:49.495 I/battery_level(  256): [14,3629,250]
02-13 18:49:54.590 I/force_gc(  404): bg
02-13 18:49:54.620 I/dvm_gc_info(  404): [7017575181484930440,-9047021399619700683,-4004961172862437331,7358131]
02-13 18:49:59.074 I/am_create_service(  256): [1083120776,com.android.mms/.transaction.SmsReceiverService,act=android.provider.Telephony.SMS_RECEIVED,774]
02-13 18:49:59.114 I/am_create_service(  256): [1082266656,com.google.android.gsf/.loginservice.GoogleLoginService,act=android.accounts.AccountAuthenticator,377]
02-13 18:49:59.134 I/am_destroy_service(  256): [1082266656,com.google.android.gsf/.loginservice.GoogleLoginService,377]
02-13 18:49:59.324 I/notification_cancel(  256): [com.android.mms,999,0]
02-13 18:49:59.344 I/notification_cancel(  256): [com.android.mms,123,0]
02-13 18:49:59.354 I/notification_enqueue(  256): [com.android.mms,123,Notification(vibrate=default,sound=null,defaults=0x6,flags=0x1)]
02-13 18:49:59.404 I/am_destroy_service(  256): [1083120776,com.android.mms/.transaction.SmsReceiverService,774]
02-13 18:49:59.484 I/battery_level(  256): [14,3630,200]
02-13 18:49:59.695 I/dvm_gc_madvise_info(  404): [270336,135168]
02-13 18:50:05.080 I/force_gc(  446): bg
02-13 18:50:05.150 I/dvm_gc_info(  446): [8315180330336388213,-9069258472619620304,-4006368547745990611,7358131]
02-13 18:50:08.223 I/gtalk_connection(  377): 131330
02-13 18:50:08.233 I/gtalk_connection(  377): 65794
02-13 18:50:08.483 I/db_sample(  404): [/data/data/com.android.providers.contacts/databases/contacts2.db,COMMIT;UPDATE presence SET mode=? WHERE protocol=? AND im_accoun,58,,12]
02-13 18:50:08.483 I/content_update_sample(  377): [content://com.android.contacts/status_updates,update,protocol=? AND im_account=? AND im_handle=?,76,,16]
02-13 18:50:09.154 I/power_screen_state(  256): [1,2,0,0]
02-13 18:50:09.154 I/power_screen_broadcast_send(  256): 1
02-13 18:50:09.154 I/screen_toggled(  256): 1
02-13 18:50:09.154 I/am_resume_activity(  256): [1083471872,9,com.android.phone/.InCallScreen]
02-13 18:50:09.204 I/phone_ui_enter(  342): []
02-13 18:50:09.204 I/am_on_resume_called(  342): com.android.phone.InCallScreen
02-13 18:50:09.274 I/notification_enqueue(  256): [com.android.phone,2,Notification(vibrate=null,sound=null,defaults=0x0,flags=0x2)]
02-13 18:50:09.334 I/power_screen_broadcast_done(  256): [1,179,1]
02-13 18:50:09.444 I/notification_cancel(  256): [com.android.phone,111,0]
02-13 18:50:10.205 I/dvm_gc_madvise_info(  446): [196608,135168]
02-13 18:50:12.217 I/notification_enqueue(  256): [com.android.phone,2,Notification(vibrate=null,sound=null,defaults=0x0,flags=0x2)]
02-13 18:50:12.317 I/dvm_gc_info(  342): [8099846449757488897,-8916415635700713409,-3992294798910457811,8558628]
02-13 18:50:12.347 I/notification_cancel(  256): [com.android.phone,2,0]
02-13 18:50:12.437 I/connectivity_state_changed(  256): 3112
02-13 18:50:12.517 I/gtalk_connection(  377): 131074
02-13 18:50:12.737 I/notification_cancel(  256): [com.android.phone,7,0]
02-13 18:50:12.737 I/notification_cancel(  256): [com.android.phone,7,0]
02-13 18:50:12.737 I/notification_cancel(  256): [com.android.phone,7,0]
02-13 18:50:12.737 I/notification_cancel(  256): [com.android.phone,7,0]
02-13 18:50:12.737 I/notification_cancel(  256): [com.android.phone,7,0]
02-13 18:50:12.747 I/am_create_service(  256): [1082886416,com.google.android.gsf/.checkin.CheckinService,,377]
02-13 18:50:12.757 I/notification_cancel(  256): [com.android.phone,7,0]
02-13 18:50:12.757 I/notification_cancel(  256): [com.android.phone,7,0]
02-13 18:50:12.757 I/notification_cancel(  256): [com.android.phone,7,0]
02-13 18:50:12.757 I/notification_cancel(  256): [com.android.phone,7,0]
02-13 18:50:12.757 I/notification_cancel(  256): [com.android.phone,7,0]
02-13 18:50:12.767 I/am_create_service(  256): [1083189352,com.google.android.gm/.downloadprovider.DownloadService,,596]
02-13 18:50:12.777 I/am_create_service(  256): [1083400688,com.android.providers.downloads/.DownloadService,,492]
02-13 18:50:12.777 I/notification_cancel_all(  256): [com.android.providers.downloads,0]
02-13 18:50:12.807 I/db_sample(  404): [/data/data/com.android.providers.contacts/databases/contacts2.db,SELECT _id, contact_id FROM raw_contacts WHERE contact_id=13,242,,49]
02-13 18:50:12.837 I/content_update_sample(  377): [content://com.google.android.providers.talk/accountStatus,insert,,308,,62]
02-13 18:50:12.837 I/am_destroy_service(  256): [1082886416,com.google.android.gsf/.checkin.CheckinService,377]
02-13 18:50:12.857 I/am_destroy_service(  256): [1083400688,com.android.providers.downloads/.DownloadService,492]
02-13 18:50:12.867 I/am_destroy_service(  256): [1083189352,com.google.android.gm/.downloadprovider.DownloadService,596]
02-13 18:50:12.957 I/content_update_sample(  342): [content://com.android.contacts/contacts/13,update,,574,,100]
02-13 18:50:13.028 I/content_update_sample(  377): [content://com.android.contacts/status_updates,update,protocol=? AND im_account=? AND im_handle=?,181,,37]
02-13 18:50:13.908 I/am_pause_activity(  256): [1083471872,com.android.phone/.InCallScreen]
02-13 18:50:13.958 I/phone_ui_exit(  342): []
02-13 18:50:13.978 I/am_on_paused_called(  342): com.android.phone.InCallScreen
02-13 18:50:13.988 I/am_resume_activity(  256): [1083243240,7,com.google.android.voicesearch/.RecognitionActivity]
02-13 18:50:14.079 I/am_on_resume_called(  808): com.google.android.voicesearch.RecognitionActivity
02-13 18:50:15.720 I/am_pause_activity(  256): [1083243240,com.google.android.voicesearch/.RecognitionActivity]
02-13 18:50:15.720 I/am_task_to_front(  256): 2
02-13 18:50:15.720 I/am_new_intent(  256): [1082819408,2,com.android.launcher/com.android.launcher2.Launcher,android.intent.action.MAIN,NULL,NULL,274726912]
02-13 18:50:15.730 I/am_on_paused_called(  808): com.google.android.voicesearch.RecognitionActivity
02-13 18:50:15.740 I/am_resume_activity(  256): [1081153104,2,com.android.launcher/com.android.launcher2.Launcher]
02-13 18:50:15.750 I/am_on_resume_called(  364): com.android.launcher2.Launcher
02-13 18:50:16.351 I/dvm_gc_info(  326): [8320808730291668564,-8973838043113883595,-4003553797978884051,7804688]
02-13 18:50:17.232 I/am_destroy_service(  256): [1082290648,com.google.android.voicesearch/.logging.LoggingService,808]
02-13 18:50:17.232 I/am_kill (  256): [633,com.android.calendar,14,too many background]
02-13 18:50:17.242 I/am_proc_died(  256): [633,com.android.calendar]
02-13 18:50:17.362 I/dvm_gc_madvise_info(  342): [765952,135168]
02-13 18:50:17.462 I/am_pause_activity(  256): [1081153104,com.android.launcher/com.android.launcher2.Launcher]
02-13 18:50:17.462 I/am_on_paused_called(  364): com.android.launcher2.Launcher
02-13 18:50:17.472 I/am_task_to_front(  256): 5
02-13 18:50:17.472 I/am_new_intent(  256): [1083676824,5,com.android.mms/.ui.ComposeMessageActivity,NULL,NULL,content://mms-sms/conversations/1,876609536]
02-13 18:50:17.492 I/binder_sample(  326): [android.content.IIntentSender,1,29,com.android.systemui,5]
02-13 18:50:17.492 I/notification_cancel(  256): [com.android.mms,123,16]
02-13 18:50:17.502 I/am_resume_activity(  256): [1081978408,5,com.android.mms/.ui.ComposeMessageActivity]
02-13 18:50:17.542 I/am_on_resume_called(  774): com.android.mms.ui.ComposeMessageActivity
02-13 18:50:17.662 I/dvm_gc_info(  377): [7449358886915733102,-8963704531568273351,-4003835272955594707,7358131]
02-13 18:50:17.832 I/dvm_gc_info(  774): [7218827569569834610,-8925142597197891529,-4001301998165198803,7944002]
02-13 18:50:17.912 I/notification_cancel(  256): [com.android.mms,999,0]
02-13 18:50:17.922 I/notification_cancel(  256): [com.android.mms,789,0]
02-13 18:50:17.952 I/notification_cancel(  256): [com.android.mms,531,0]
02-13 18:50:17.962 I/notification_cancel(  256): [com.android.mms,123,0]
02-13 18:50:17.972 I/content_query_sample(  774): [content://mms-sms/conversations/1,transport_type/_id/thread_id/address/body/date/read/type/status/locked/error_code/dest_port/service_date/expiry/sub/sub_cs/date/read/m_type/msg_box/d_rpt/rr/err_type/locked/m_size/recipient_cc_ids/recipient_bcc_ids/pri,,,81,,17]
02-13 18:50:18.303 I/c2dm    (  377): [-1,NULL,1,-1]
02-13 18:50:18.483 I/c2dm    (  377): [1,NULL,1,-1]
02-13 18:50:18.483 I/gtalk_connection(  377): 196609
02-13 18:50:18.533 I/c2dm    (  377): [-4,NULL,2,1]
02-13 18:50:19.494 I/battery_level(  256): [13,3630,200]
02-13 18:50:19.604 I/dvm_gc_info(  256): [8320808730291676972,-8907405549539334045,-3984132024585848787,8533934]
02-13 18:50:21.406 I/dvm_gc_madvise_info(  326): [188416,135168]
02-13 18:50:22.357 I/binder_sample(  326): [com.android.internal.statusbar.IStatusBarService,4,16,com.android.systemui,3]
02-13 18:50:22.687 I/dvm_gc_madvise_info(  377): [258048,135168]
02-13 18:50:22.877 I/dvm_gc_madvise_info(  774): [155648,135168]
02-13 18:50:23.488 I/notification_cancel(  256): [com.android.mms,999,0]
02-13 18:50:23.488 I/db_sample(  342): [/data/data/com.android.providers.telephony/databases/mmssms.db,SELECT thread_id FROM (SELECT thread_id AS tid, date * 1 AS norm,0,,1]
02-13 18:50:23.498 I/notification_cancel(  256): [com.android.mms,789,0]
02-13 18:50:23.518 I/notification_cancel(  256): [com.android.mms,531,0]
02-13 18:50:23.528 I/notification_cancel(  256): [com.android.mms,123,0]
02-13 18:50:24.619 I/dvm_gc_madvise_info(  256): [483328,135168]
02-13 18:50:33.558 I/binder_sample(  336): [android.view.IWindowSession,4,21,com.android.inputmethod.latin,4]
02-13 18:50:36.721 I/binder_sample(  336): [android.view.IWindowSession,3,11,com.android.inputmethod.latin,2]
02-13 18:50:41.455 I/am_create_service(  256): [1082913792,com.android.mms/.transaction.SmsReceiverService,act=com.android.mms.transaction.SEND_MESSAGE,774]
02-13 18:50:41.555 I/dvm_gc_info(  336): [7809651225003447908,-8924579784666621898,-3998768723374802899,8546342]
02-13 18:50:41.635 I/content_query_sample(  774): [content://sms/queued,_id/thread_id/address/body/status,,date ASC,145,,30]
02-13 18:50:41.796 I/dvm_gc_info(  774): [7218827569569789590,-8919512960241510345,-4001583473141909459,7944002]
02-13 18:50:41.816 I/am_destroy_service(  256): [1082913792,com.android.mms/.transaction.SmsReceiverService,774]
02-13 18:50:43.958 I/am_create_service(  256): [1082351096,com.android.mms/.transaction.SmsReceiverService,act=com.android.mms.transaction.MESSAGE_SENT dat=content://sms/55,774]
02-13 18:50:44.398 I/content_update_sample(  774): [content://sms/55,update,,433,,87]
02-13 18:50:44.458 I/notification_cancel(  256): [com.android.phone,111,0]
02-13 18:50:44.518 I/notification_cancel(  256): [com.android.mms,789,0]
02-13 18:50:44.518 I/am_destroy_service(  256): [1082351096,com.android.mms/.transaction.SmsReceiverService,774]
02-13 18:50:44.839 I/am_pause_activity(  256): [1081978408,com.android.mms/.ui.ComposeMessageActivity]
02-13 18:50:44.839 I/am_task_to_front(  256): 2
02-13 18:50:44.839 I/am_new_intent(  256): [1083247040,2,com.android.launcher/com.android.launcher2.Launcher,android.intent.action.MAIN,NULL,NULL,274726912]
02-13 18:50:44.849 I/am_on_paused_called(  774): com.android.mms.ui.ComposeMessageActivity
02-13 18:50:44.869 I/am_resume_activity(  256): [1081153104,2,com.android.launcher/com.android.launcher2.Launcher]
02-13 18:50:44.869 I/am_on_resume_called(  364): com.android.launcher2.Launcher
02-13 18:50:44.969 I/notification_cancel(  256): [com.android.mms,999,0]
02-13 18:50:45.009 I/notification_cancel(  256): [com.android.mms,789,0]
02-13 18:50:45.029 I/force_gc(  342): Binder
02-13 18:50:45.089 I/dvm_gc_info(  342): [8099846449757644504,-8922889560131475391,-3991731848957036499,8558628]
02-13 18:50:45.109 I/notification_cancel(  256): [com.android.mms,531,0]
02-13 18:50:45.109 I/content_query_sample(  774): [content://mms,thread_id/date/_id/sub/sub_cs,(msg_box=1 AND seen=0 AND (m_type=130 OR m_type=160 OR m_type=161 OR m_type=132)),date desc,77,,16]
02-13 18:50:45.119 I/notification_cancel(  256): [com.android.mms,123,0]
02-13 18:50:46.540 I/dvm_gc_madvise_info(  336): [143360,135168]
02-13 18:50:46.851 I/dvm_gc_madvise_info(  774): [155648,135168]
02-13 18:50:47.191 I/notification_cancel(  256): [com.android.phone,111,0]
02-13 18:50:49.283 I/dvm_gc_info(  364): [7809652345805059422,-9048429186769795020,-3997642823467960275,8550435]
02-13 18:50:49.483 I/battery_level(  256): [12,3623,200]
02-13 18:50:50.134 I/dvm_gc_madvise_info(  342): [569344,135168]
02-13 18:50:51.665 I/am_create_task(  256): 10
02-13 18:50:51.665 I/am_create_activity(  256): [1082288952,10,com.android.contacts/.DialtactsActivity,android.intent.action.MAIN,NULL,NULL,270532608]
02-13 18:50:51.665 I/am_pause_activity(  256): [1081153104,com.android.launcher/com.android.launcher2.Launcher]
02-13 18:50:51.685 I/am_on_paused_called(  364): com.android.launcher2.Launcher
02-13 18:50:51.685 I/am_restart_activity(  256): [1082288952,10,com.android.contacts/.DialtactsActivity]
02-13 18:50:51.875 I/notification_cancel(  256): [com.android.phone,111,0]
02-13 18:50:51.936 I/dvm_gc_info(  404): [7017575181485159976,-9027318151249934282,-4004961172862437331,7358177]
02-13 18:50:52.056 I/dvm_gc_info(  404): [7017575181484946976,-9034355025667696585,-4004961172862437331,7886720]
02-13 18:50:52.126 I/am_on_resume_called(  404): com.android.contacts.smartdialer.DialerApp
02-13 18:50:52.126 I/am_on_resume_called(  404): com.android.contacts.DialtactsActivity
02-13 18:50:52.266 I/activity_launch_time(  256): [1082288952,com.android.contacts/.DialtactsActivity,580,580]
02-13 18:50:52.997 I/am_create_service(  256): [1082751632,com.google.android.gsf/.checkin.EventLogService,,377]
02-13 18:50:53.017 I/force_gc(  256): Binder
02-13 18:50:53.087 I/dvm_gc_info(  256): [8320808730291906281,-8915005373910517661,-3984132024585848787,8533934]
02-13 18:50:53.167 I/aggregation(  377): 1329180653186
02-13 18:50:53.207 I/am_destroy_service(  256): [1082751632,com.google.android.gsf/.checkin.EventLogService,377]
02-13 18:50:53.777 I/dvm_gc_info(  404): [7017575181484881448,-9023377501408176071,-3997079873514538963,8521684]
02-13 18:50:54.318 I/dvm_gc_madvise_info(  364): [200704,135168]
02-13 18:50:54.428 I/notification_cancel(  256): [com.android.phone,111,0]
02-13 18:50:56.660 I/am_create_task(  256): 11
02-13 18:50:56.660 I/am_create_activity(  256): [1080645552,11,com.android.phone/.PrivilegedOutgoingCallBroadcaster,android.intent.action.CALL_PRIVILEGED,NULL,tel:486-4351,268435456]
02-13 18:50:56.670 I/am_pause_activity(  256): [1082288952,com.android.contacts/.DialtactsActivity]
02-13 18:50:56.690 I/am_on_paused_called(  404): com.android.contacts.smartdialer.DialerApp
02-13 18:50:56.690 I/am_on_paused_called(  404): com.android.contacts.DialtactsActivity
02-13 18:50:56.690 I/am_restart_activity(  256): [1080645552,11,com.android.phone/.PrivilegedOutgoingCallBroadcaster]
02-13 18:50:56.710 I/am_on_resume_called(  342): com.android.phone.PrivilegedOutgoingCallBroadcaster
02-13 18:50:56.730 I/am_create_activity(  256): [1080737264,11,com.android.phone/.SipCallOptionHandler,android.phone.extra.NEW_CALL_INTENT,NULL,tel:486-4351,268435456]
02-13 18:50:56.730 I/am_pause_activity(  256): [1080645552,com.android.phone/.PrivilegedOutgoingCallBroadcaster]
02-13 18:50:56.740 I/am_finish_activity(  256): [1080645552,11,com.android.phone/.PrivilegedOutgoingCallBroadcaster,app-request]
02-13 18:50:56.740 I/am_on_paused_called(  342): com.android.phone.PrivilegedOutgoingCallBroadcaster
02-13 18:50:56.740 I/am_restart_activity(  256): [1080737264,11,com.android.phone/.SipCallOptionHandler]
02-13 18:50:56.750 I/am_pause_activity(  256): [1080737264,com.android.phone/.SipCallOptionHandler]
02-13 18:50:56.750 I/am_task_to_front(  256): 9
02-13 18:50:56.750 I/am_new_intent(  256): [1081071152,9,com.android.phone/.InCallScreen,android.intent.action.CALL,NULL,tel:486-4351,281018368]
02-13 18:50:56.750 I/am_finish_activity(  256): [1080737264,11,com.android.phone/.SipCallOptionHandler,app-request]
02-13 18:50:56.760 I/am_resume_activity(  256): [1083471872,9,com.android.phone/.InCallScreen]
02-13 18:50:56.820 I/content_query_sample(  404): [content://com.android.contacts/data/phones,display_name/data1/data2/dialer_number_full/dialer_number_header/_id,mode_id<>24 AND mode_id<>8,sort_key,100,,21]
02-13 18:50:56.980 I/phone_ui_enter(  342): []
02-13 18:50:56.990 I/am_on_resume_called(  342): com.android.phone.InCallScreen
02-13 18:50:57.051 I/notification_enqueue(  256): [com.android.phone,2,Notification(vibrate=null,sound=null,defaults=0x0,flags=0x2)]
02-13 18:50:57.051 I/am_new_intent(  256): [1081192240,9,com.android.phone/.InCallScreen,android.intent.action.MAIN,NULL,NULL,277086208]
02-13 18:50:57.151 I/connectivity_state_changed(  256): 3120
02-13 18:50:57.221 I/am_create_service(  256): [1083699944,com.google.android.gsf/.checkin.CheckinService,,377]
02-13 18:50:57.241 I/binder_sample(  342): [com.android.internal.telephony.ITelephonyRegistry,14,42,com.android.phone,8]
02-13 18:50:57.421 I/notification_enqueue(  256): [com.android.phone,2,Notification(vibrate=null,sound=null,defaults=0x0,flags=0x2)]
02-13 18:50:57.511 I/notification_enqueue(  256): [com.android.phone,2,Notification(vibrate=null,sound=null,defaults=0x0,flags=0x2)]
02-13 18:50:57.611 I/phone_ui_exit(  342): []
02-13 18:50:57.661 I/phone_ui_enter(  342): []
02-13 18:50:57.681 I/gtalk_conn_close(  377): [1,39]
02-13 18:50:57.731 I/gtalk_connection(  377): 65794
02-13 18:50:57.731 I/notification_cancel(  256): [com.android.phone,7,0]
02-13 18:50:57.731 I/notification_cancel(  256): [com.android.phone,7,0]
02-13 18:50:57.731 I/notification_cancel(  256): [com.android.phone,7,0]
02-13 18:50:57.731 I/notification_cancel(  256): [com.android.phone,7,0]
02-13 18:50:57.741 I/notification_cancel(  256): [com.android.phone,7,0]
02-13 18:50:57.741 I/notification_cancel(  256): [com.android.phone,7,0]
02-13 18:50:57.741 I/notification_cancel(  256): [com.android.phone,7,0]
02-13 18:50:57.741 I/notification_cancel(  256): [com.android.phone,7,0]
02-13 18:50:57.741 I/notification_cancel(  256): [com.android.phone,7,0]
02-13 18:50:57.741 I/notification_cancel(  256): [com.android.phone,7,0]
02-13 18:50:57.751 I/notification_enqueue(  256): [com.android.phone,2,Notification(vibrate=null,sound=null,defaults=0x0,flags=0x2)]
02-13 18:50:57.811 I/notification_enqueue(  256): [com.android.phone,2,Notification(vibrate=null,sound=null,defaults=0x0,flags=0x2)]
02-13 18:50:57.881 I/am_destroy_activity(  256): [1080645552,11,com.android.phone/.PrivilegedOutgoingCallBroadcaster]
02-13 18:50:57.881 I/am_destroy_activity(  256): [1080737264,11,com.android.phone/.SipCallOptionHandler]
02-13 18:50:57.891 I/am_destroy_service(  256): [1083699944,com.google.android.gsf/.checkin.CheckinService,377]
02-13 18:50:58.172 I/dvm_gc_madvise_info(  256): [507904,135168]
02-13 18:50:58.532 I/notification_enqueue(  256): [com.android.phone,2,Notification(vibrate=null,sound=null,defaults=0x0,flags=0x2)]
02-13 18:50:58.542 I/binder_sample(  342): [android.app.INotificationManager,6,8,com.android.phone,1]
02-13 18:50:58.822 I/dvm_gc_madvise_info(  404): [135168,135168]
02-13 18:50:59.042 I/power_sleep_requested(  256): 0
02-13 18:50:59.273 I/power_screen_state(  256): [0,4,0,0]
02-13 18:50:59.283 I/power_screen_broadcast_send(  256): 1
02-13 18:50:59.283 I/screen_toggled(  256): 0
02-13 18:50:59.293 I/am_pause_activity(  256): [1083471872,com.android.phone/.InCallScreen]
02-13 18:50:59.393 I/phone_ui_exit(  342): []
02-13 18:50:59.393 I/am_on_paused_called(  342): com.android.phone.InCallScreen
02-13 18:50:59.423 I/power_screen_broadcast_done(  256): [0,142,1]
02-13 18:50:59.483 I/battery_level(  256): [12,3621,210]
02-13 18:51:05.048 I/force_gc(  467): bg
