02-13 18:51:05.118 I/dvm_gc_info(  467): [3347973793972004291,-9039703325187110864,-4006650022722701267,7358131]
02-13 18:51:10.053 I/force_gc(  492): bg
02-13 18:51:10.123 I/dvm_gc_madvise_info(  467): [385024,135168]
02-13 18:51:10.133 I/dvm_gc_info(  492): [7882817126543976042,-8953572051033098191,-4006368547745990611,7358131]
02-13 18:51:13.176 I/gtalk_connection(  377): 131330
02-13 18:51:13.176 I/gtalk_connection(  377): 65794
02-13 18:51:13.426 I/db_sample(  377): [/data/data/com.google.android.gsf/databases/talk.db,COMMIT;INSERT OR REPLACE  INTO accountStatus(account, connStatus,92,,19]
02-13 18:51:15.168 I/dvm_gc_madvise_info(  492): [335872,135168]
02-13 18:51:18.231 I/force_gc(  596): bg
02-13 18:51:18.261 I/dvm_gc_info(  596): [7594245893398832681,-9033511219280054223,-4006087072769279955,7358131]
02-13 18:51:19.492 I/battery_level(  256): [11,3620,210]
02-13 18:51:23.306 I/dvm_gc_madvise_info(  596): [143360,135168]
02-13 18:51:24.587 I/force_gc(  648): bg
02-13 18:51:24.627 I/dvm_gc_info(  648): [8517260637557122596,-9057435698829752266,-4004679697885726675,7358131]
02-13 18:51:29.602 I/force_gc(  655): bg
02-13 18:51:29.652 I/dvm_gc_madvise_info(  648): [450560,135168]
02-13 18:51:29.652 I/dvm_gc_info(  655): [7453298398305863208,-9038577837613909969,-4006650022722701267,7358131]
02-13 18:51:31.534 I/power_screen_state(  256): [1,2,0,0]
02-13 18:51:31.534 I/power_screen_broadcast_send(  256): 1
02-13 18:51:31.534 I/screen_toggled(  256): 1
02-13 18:51:31.534 I/am_resume_activity(  256): [1083471872,9,com.android.phone/.InCallScreen]
02-13 18:51:31.584 I/phone_ui_enter(  342): []
02-13 18:51:31.584 I/am_on_resume_called(  342): com.android.phone.InCallScreen
02-13 18:51:31.644 I/notification_enqueue(  256): [com.android.phone,2,Notification(vibrate=null,sound=null,defaults=0x0,flags=0x2)]
02-13 18:51:31.684 I/power_screen_broadcast_done(  256): [1,152,1]
02-13 18:51:31.714 I/binder_sample(  342): [com.android.internal.telephony.ITelephonyRegistry,8,19,com.android.phone,3]
02-13 18:51:31.794 I/notification_cancel(  256): [com.android.phone,111,0]
02-13 18:51:32.365 I/power_sleep_requested(  256): 1
02-13 18:51:32.605 I/power_screen_state(  256): [0,2,0,0]
02-13 18:51:32.605 I/power_screen_broadcast_send(  256): 1
02-13 18:51:32.605 I/screen_toggled(  256): 0
02-13 18:51:32.605 I/am_pause_activity(  256): [1083471872,com.android.phone/.InCallScreen]
02-13 18:51:32.665 I/phone_ui_exit(  342): []
02-13 18:51:32.665 I/am_on_paused_called(  342): com.android.phone.InCallScreen
02-13 18:51:32.735 I/power_screen_broadcast_done(  256): [0,133,1]
02-13 18:51:32.815 I/dvm_gc_info(  342): [8099846449757493034,-8911348948664199105,-3992294798910457811,8558628]
02-13 18:51:32.855 I/binder_sample(  342): [android.media.IAudioService,22,14,com.android.phone,2]
02-13 18:51:32.855 I/dvm_gc_info(  256): [8320808730291918582,-8912190624143411100,-3984132024585848787,8534051]
02-13 18:51:32.905 I/am_create_service(  256): [1083337176,com.google.android.gsf/.loginservice.GoogleLoginService,act=android.accounts.AccountAuthenticator,377]
02-13 18:51:32.956 I/am_destroy_service(  256): [1083337176,com.google.android.gsf/.loginservice.GoogleLoginService,377]
02-13 18:51:33.006 I/dvm_gc_info(  377): [7449358886915561055,-8984815154804774854,-4003835272955594707,7358131]
02-13 18:51:33.126 I/power_screen_state(  256): [1,3,0,0]
02-13 18:51:33.126 I/power_screen_broadcast_send(  256): 1
02-13 18:51:33.126 I/screen_toggled(  256): 1
02-13 18:51:33.126 I/am_resume_activity(  256): [1083471872,9,com.android.phone/.InCallScreen]
02-13 18:51:33.196 I/phone_ui_enter(  342): []
02-13 18:51:33.196 I/am_on_resume_called(  342): com.android.phone.InCallScreen
02-13 18:51:33.246 I/notification_enqueue(  256): [com.android.phone,2,Notification(vibrate=null,sound=null,defaults=0x0,flags=0x2)]
02-13 18:51:33.306 I/power_screen_broadcast_done(  256): [1,176,1]
02-13 18:51:33.396 I/notification_cancel(  256): [com.android.phone,111,0]
02-13 18:51:34.687 I/dvm_gc_madvise_info(  655): [196608,135168]
02-13 18:51:37.880 I/dvm_gc_madvise_info(  342): [671744,135168]
02-13 18:51:37.900 I/dvm_gc_madvise_info(  256): [544768,135168]
02-13 18:51:38.020 I/dvm_gc_madvise_info(  377): [266240,135168]
02-13 18:51:38.181 I/power_sleep_requested(  256): 0
02-13 18:51:38.361 I/power_screen_state(  256): [0,3,0,0]
02-13 18:51:38.371 I/power_screen_broadcast_send(  256): 1
02-13 18:51:38.371 I/screen_toggled(  256): 0
02-13 18:51:38.371 I/am_pause_activity(  256): [1083471872,com.android.phone/.InCallScreen]
02-13 18:51:38.391 I/phone_ui_exit(  342): []
02-13 18:51:38.401 I/am_on_paused_called(  342): com.android.phone.InCallScreen
02-13 18:51:38.441 I/power_screen_broadcast_done(  256): [0,69,1]
02-13 18:51:38.461 I/am_create_service(  256): [1083144048,com.android.mms/.transaction.SmsReceiverService,act=android.provider.Telephony.SMS_RECEIVED,774]
02-13 18:51:38.551 I/notification_cancel(  256): [com.android.mms,999,0]
02-13 18:51:38.591 I/notification_cancel(  256): [com.android.mms,123,0]
02-13 18:51:38.601 I/notification_enqueue(  256): [com.android.mms,123,Notification(vibrate=default,sound=null,defaults=0x6,flags=0x1)]
02-13 18:51:38.651 I/am_destroy_service(  256): [1083144048,com.android.mms/.transaction.SmsReceiverService,774]
02-13 18:51:39.202 I/power_screen_state(  256): [1,2,0,0]
02-13 18:51:39.202 I/power_screen_broadcast_send(  256): 1
02-13 18:51:39.202 I/screen_toggled(  256): 1
02-13 18:51:39.232 I/am_resume_activity(  256): [1083471872,9,com.android.phone/.InCallScreen]
02-13 18:51:39.292 I/phone_ui_enter(  342): []
02-13 18:51:39.292 I/am_on_resume_called(  342): com.android.phone.InCallScreen
02-13 18:51:39.352 I/notification_enqueue(  256): [com.android.phone,2,Notification(vibrate=null,sound=null,defaults=0x0,flags=0x2)]
02-13 18:51:39.432 I/power_screen_broadcast_done(  256): [1,234,1]
02-13 18:51:39.522 I/notification_cancel(  256): [com.android.phone,111,0]
02-13 18:51:44.517 I/force_gc(  667): bg
02-13 18:51:44.587 I/dvm_gc_info(  667): [3346293774832961086,-9003392778195969993,-4004679697885726675,7358131]
02-13 18:51:49.482 I/battery_level(  256): [10,3625,210]
02-13 18:51:49.662 I/dvm_gc_info(  326): [8320808730291680873,-8925987090864285642,-4001583473141909459,7804746]
02-13 18:51:49.702 I/dvm_gc_madvise_info(  667): [225280,135168]
02-13 18:51:54.597 I/force_gc(  688): bg
02-13 18:51:54.627 I/dvm_gc_info(  688): [8462382925453833599,-9056029354906240978,-4006931497699411923,7358131]
02-13 18:51:54.657 I/dvm_gc_madvise_info(  326): [217088,135168]
02-13 18:51:58.701 I/binder_sample(  342): [com.android.internal.telephony.ITelephonyRegistry,8,37,com.android.phone,7]
02-13 18:51:59.662 I/dvm_gc_madvise_info(  688): [270336,135168]
02-13 18:52:05.067 I/force_gc(  774): bg
02-13 18:52:05.157 I/dvm_gc_info(  774): [7218827569570100819,-8964548956515231690,-4001864948118620115,7943997]
02-13 18:52:06.738 I/power_sleep_requested(  256): 0
02-13 18:52:06.969 I/power_screen_state(  256): [0,4,0,0]
02-13 18:52:06.979 I/power_screen_broadcast_send(  256): 1
02-13 18:52:06.989 I/screen_toggled(  256): 0
02-13 18:52:07.009 I/am_pause_activity(  256): [1083471872,com.android.phone/.InCallScreen]
02-13 18:52:07.059 I/phone_ui_exit(  342): []
02-13 18:52:07.069 I/am_on_paused_called(  342): com.android.phone.InCallScreen
02-13 18:52:07.119 I/power_screen_broadcast_done(  256): [0,128,1]
02-13 18:52:09.111 I/power_screen_state(  256): [1,2,0,0]
02-13 18:52:09.111 I/power_screen_broadcast_send(  256): 1
02-13 18:52:09.121 I/screen_toggled(  256): 1
02-13 18:52:09.131 I/am_resume_activity(  256): [1083471872,9,com.android.phone/.InCallScreen]
02-13 18:52:09.181 I/phone_ui_enter(  342): []
02-13 18:52:09.191 I/am_on_resume_called(  342): com.android.phone.InCallScreen
02-13 18:52:09.231 I/notification_enqueue(  256): [com.android.phone,2,Notification(vibrate=null,sound=null,defaults=0x0,flags=0x2)]
02-13 18:52:09.291 I/power_screen_broadcast_done(  256): [1,174,1]
02-13 18:52:09.411 I/notification_cancel(  256): [com.android.phone,111,0]
02-13 18:52:10.222 I/dvm_gc_madvise_info(  774): [245760,135168]
02-13 18:52:12.724 I/notification_enqueue(  256): [com.android.phone,2,Notification(vibrate=null,sound=null,defaults=0x0,flags=0x2)]
02-13 18:52:12.844 I/notification_cancel(  256): [com.android.phone,2,0]
02-13 18:52:12.935 I/connectivity_state_changed(  256): 3112
02-13 18:52:13.135 I/gtalk_connection(  377): 131074
02-13 18:52:13.255 I/am_create_service(  256): [1083635800,com.google.android.gsf/.checkin.CheckinService,,377]
02-13 18:52:13.285 I/am_create_service(  256): [1083715368,com.google.android.gm/.downloadprovider.DownloadService,,596]
02-13 18:52:13.305 I/am_create_service(  256): [1083549344,com.android.providers.downloads/.DownloadService,,492]
02-13 18:52:13.315 I/notification_cancel_all(  256): [com.android.providers.downloads,0]
02-13 18:52:13.345 I/notification_cancel(  256): [com.android.phone,7,0]
02-13 18:52:13.345 I/notification_cancel(  256): [com.android.phone,7,0]
02-13 18:52:13.345 I/notification_cancel(  256): [com.android.phone,7,0]
02-13 18:52:13.345 I/notification_cancel(  256): [com.android.phone,7,0]
02-13 18:52:13.345 I/notification_cancel(  256): [com.android.phone,7,0]
02-13 18:52:13.345 I/notification_cancel(  256): [com.android.phone,7,0]
02-13 18:52:13.355 I/notification_cancel(  256): [com.android.phone,7,0]
02-13 18:52:13.355 I/notification_cancel(  256): [com.android.phone,7,0]
02-13 18:52:13.355 I/notification_cancel(  256): [com.android.phone,7,0]
02-13 18:52:13.355 I/notification_cancel(  256): [com.android.phone,7,0]
02-13 18:52:13.495 I/dvm_gc_info(  256): [8320808730291816211,-8910783249226295195,-3980472849888610259,8562724]
02-13 18:52:13.535 I/am_destroy_service(  256): [1083635800,com.google.android.gsf/.checkin.CheckinService,377]
02-13 18:52:13.575 I/am_destroy_service(  256): [1083549344,com.android.providers.downloads/.DownloadService,492]
02-13 18:52:13.575 I/am_destroy_service(  256): [1083715368,com.google.android.gm/.downloadprovider.DownloadService,596]
02-13 18:52:14.406 I/am_pause_activity(  256): [1083471872,com.android.phone/.InCallScreen]
02-13 18:52:14.416 I/phone_ui_exit(  342): []
02-13 18:52:14.416 I/am_on_paused_called(  342): com.android.phone.InCallScreen
02-13 18:52:14.426 I/am_resume_activity(  256): [1082288952,10,com.android.contacts/.DialtactsActivity]
02-13 18:52:14.466 I/am_on_resume_called(  404): com.android.contacts.smartdialer.DialerApp
02-13 18:52:14.466 I/am_on_resume_called(  404): com.android.contacts.DialtactsActivity
02-13 18:52:14.576 I/db_sample(  377): [/data/data/com.google.android.gsf/databases/talk.db,COMMIT;INSERT OR REPLACE  INTO accountStatus(account, connStatus,1064,,100]
02-13 18:52:14.576 I/content_update_sample(  377): [content://com.google.android.providers.talk/accountStatus,insert,,1195,,100]
02-13 18:52:14.596 I/db_sample(  404): [/data/data/com.android.providers.contacts/databases/contacts2.db,COMMIT;UPDATE raw_contacts SET times_contacted= CASE WHEN times_,1066,,100]
02-13 18:52:14.606 I/content_update_sample(  342): [content://com.android.contacts/contacts/179,update,,1712,,100]
02-13 18:52:14.776 I/db_sample(  404): [/data/data/com.android.providers.contacts/databases/contacts2.db,INSERT INTO calls ('_id', 'number', 'date', 'duration', 'type', ,173,,35]
02-13 18:52:14.776 I/content_query_sample(  404): [content://call_log/dialer_calls,name/number/type/_id,(UPPER(number) GLOB ? OR UPPER(number) GLOB ? OR UPPER(name) GLOB ? OR UPPER(name) GLOB ?)AND UPPER(number)<> ? AND UPPER(number)<> ? AND UPPER(number)<> ? ,date DESC,327,,66]
02-13 18:52:15.737 I/notification_cancel(  256): [com.android.phone,111,0]
02-13 18:52:15.747 I/notification_cancel(  256): [com.android.phone,111,0]
02-13 18:52:15.817 I/screen_toggled(  256): 2
02-13 18:52:15.998 I/binder_sample(  342): [com.android.internal.telephony.ITelephonyRegistry,14,17,com.android.phone,3]
02-13 18:52:16.128 I/notification_cancel(  256): [com.android.phone,7,0]
02-13 18:52:16.138 I/notification_cancel(  256): [com.android.phone,7,0]
02-13 18:52:16.148 I/notification_cancel(  256): [com.android.phone,7,0]
02-13 18:52:16.148 I/notification_cancel(  256): [com.android.phone,7,0]
02-13 18:52:16.158 I/notification_cancel(  256): [com.android.phone,7,0]
02-13 18:52:16.158 I/notification_cancel(  256): [com.android.phone,7,0]
02-13 18:52:16.168 I/notification_cancel(  256): [com.android.phone,7,0]
02-13 18:52:16.168 I/notification_cancel(  256): [com.android.phone,7,0]
02-13 18:52:16.168 I/notification_cancel(  256): [com.android.phone,7,0]
02-13 18:52:16.168 I/notification_cancel(  256): [com.android.phone,7,0]
02-13 18:52:16.978 I/notification_cancel(  256): [com.android.phone,111,0]
02-13 18:52:17.029 I/dvm_gc_info(  342): [8099846449757484804,-8913600748477888449,-3992576273887168467,8558628]
02-13 18:52:17.419 I/am_finish_activity(  256): [1082288952,10,com.android.contacts/.DialtactsActivity,app-request]
02-13 18:52:17.419 I/am_pause_activity(  256): [1082288952,com.android.contacts/.DialtactsActivity]
02-13 18:52:17.419 I/am_on_paused_called(  404): com.android.contacts.smartdialer.DialerApp
02-13 18:52:17.419 I/am_on_paused_called(  404): com.android.contacts.DialtactsActivity
02-13 18:52:17.429 I/am_resume_activity(  256): [1081153104,2,com.android.launcher/com.android.launcher2.Launcher]
02-13 18:52:17.439 I/am_on_resume_called(  364): com.android.launcher2.Launcher
02-13 18:52:17.649 I/notification_cancel(  256): [com.android.phone,111,0]
02-13 18:52:17.659 I/notification_cancel(  256): [com.android.phone,111,0]
02-13 18:52:17.799 I/am_destroy_activity(  256): [1082288952,10,com.android.contacts/.DialtactsActivity]
02-13 18:52:17.849 I/notification_cancel(  256): [com.android.phone,7,0]
02-13 18:52:17.859 I/notification_cancel(  256): [com.android.phone,7,0]
02-13 18:52:17.859 I/notification_cancel(  256): [com.android.phone,7,0]
02-13 18:52:17.859 I/notification_cancel(  256): [com.android.phone,7,0]
02-13 18:52:17.859 I/notification_cancel(  256): [com.android.phone,7,0]
02-13 18:52:17.859 I/notification_cancel(  256): [com.android.phone,7,0]
02-13 18:52:17.879 I/binder_sample(  774): [,2,142,com.android.mms,28]
02-13 18:52:18.570 I/dvm_gc_madvise_info(  256): [507904,135168]
02-13 18:52:19.081 I/free_storage_changed(  256): 2709614592
02-13 18:52:19.281 I/c2dm    (  377): [-1,NULL,1,-1]
02-13 18:52:19.491 I/battery_level(  256): [9,3630,210]
02-13 18:52:19.551 I/c2dm    (  377): [1,NULL,1,-1]
02-13 18:52:19.551 I/gtalk_connection(  377): 196609
02-13 18:52:19.561 I/c2dm    (  377): [-4,NULL,2,1]
02-13 18:52:19.651 I/db_sample(  404): [/data/data/com.android.providers.contacts/databases/contacts2.db,COMMIT;UPDATE presence SET mode=? WHERE protocol=? AND im_accoun,36,,8]
02-13 18:52:20.122 I/am_pause_activity(  256): [1081153104,com.android.launcher/com.android.launcher2.Launcher]
02-13 18:52:20.122 I/am_on_paused_called(  364): com.android.launcher2.Launcher
02-13 18:52:20.122 I/am_task_to_front(  256): 5
02-13 18:52:20.122 I/am_new_intent(  256): [1083643432,5,com.android.mms/.ui.ComposeMessageActivity,NULL,NULL,content://mms-sms/conversations/1,876609536]
02-13 18:52:20.132 I/notification_cancel(  256): [com.android.mms,123,16]
02-13 18:52:20.132 I/am_resume_activity(  256): [1081978408,5,com.android.mms/.ui.ComposeMessageActivity]
02-13 18:52:20.172 I/am_on_resume_called(  774): com.android.mms.ui.ComposeMessageActivity
02-13 18:52:20.262 I/db_sample(  342): [/data/data/com.android.providers.telephony/databases/mmssms.db,SELECT transport_type, _id, thread_id, address, body, date, read,105,,22]
02-13 18:52:20.582 I/notification_cancel(  256): [com.android.mms,999,0]
02-13 18:52:20.612 I/notification_cancel(  256): [com.android.mms,789,0]
02-13 18:52:20.632 I/notification_cancel(  256): [com.android.mms,531,0]
02-13 18:52:20.642 I/notification_cancel(  256): [com.android.mms,123,0]
02-13 18:52:21.263 I/notification_cancel(  256): [com.android.mms,999,0]
02-13 18:52:21.273 I/notification_cancel(  256): [com.android.mms,789,0]
02-13 18:52:21.283 I/notification_cancel(  256): [com.android.mms,531,0]
02-13 18:52:21.303 I/notification_cancel(  256): [com.android.mms,123,0]
02-13 18:52:21.603 I/notification_cancel(  256): [com.android.phone,111,0]
02-13 18:52:21.643 I/dvm_gc_info(  336): [7809651225003693601,-9032103225770112971,-3998768723374802899,8546338]
02-13 18:52:22.053 I/dvm_gc_madvise_info(  342): [647168,135168]
02-13 18:52:23.335 I/notification_cancel(  256): [com.android.phone,111,0]
02-13 18:52:25.587 I/notification_cancel(  256): [com.android.phone,111,0]
02-13 18:52:26.668 I/dvm_gc_madvise_info(  336): [184320,135168]
02-13 18:52:29.220 I/notification_cancel(  256): [com.android.phone,111,0]
02-13 18:52:33.795 I/binder_sample(  336): [android.view.IWindowSession,4,19,com.android.inputmethod.latin,3]
02-13 18:52:34.165 I/dvm_gc_info(  256): [8320808730291677018,-8903464831112325019,-3980472849888610259,8562723]
02-13 18:52:34.996 I/binder_sample(  336): [android.view.IWindowSession,4,25,com.android.inputmethod.latin,5]
02-13 18:52:37.709 I/dvm_gc_info(  774): [7218827569569748590,-8923735084892178378,-4001583473141909459,7944001]
02-13 18:52:39.190 I/dvm_gc_madvise_info(  256): [221184,135168]
02-13 18:52:42.734 I/dvm_gc_madvise_info(  774): [294912,135168]
