02-02 10:47:33.806 I/RILC    (  119): qmi_ril(0/119): [qmi_cb] qcril_qmi_nas_is_considered_registered qcril_qmi_nas_is_considered_registered entered
02-02 10:47:33.806 I/RILC    (  119): qmi_ril(0/119): [qmi_cb] qcril_qmi_nas_is_considered_registered qcril_qmi_nas_is_considered_registered completed with 1
02-02 10:47:33.806 I/RILC    (  119): qmi_ril(0/119): [qmi_cb] qcril_qmi_nas_event_report_ind_conv_qmi2ril qcril_qmi_nas_event_report_ind_conv_qmi2ril entered
02-02 10:47:33.806 I/RILC    (  119): qmi_ril(0/119): [qmi_cb] qcril_qmi_nas_event_report_ind_conv_qmi2ril .. reg reject valid 0
02-02 10:47:33.806 I/RILC    (  119): qmi_ril(0/119): [qmi_cb] qcril_qmi_nas_event_report_ind_conv_qmi2ril qcril_qmi_nas_event_report_ind_conv_qmi2ril completed
02-02 10:47:33.806 I/RILC    (  119): qmi_ril(0/119): [qmi_cb] qcril_qmi_nas_is_considered_registered qcril_qmi_nas_is_considered_registered entered
02-02 10:47:33.806 I/RILC    (  119): qmi_ril(0/119): [qmi_cb] qcril_qmi_nas_is_considered_registered qcril_qmi_nas_is_considered_registered completed with 1
02-02 10:47:33.806 D/RILC    (  119): qmi_ril(0/119): [qmi_cb] qcril_event_queue Event [<Unknown event> ?, 655370] data was NULL!
02-02 10:47:33.806 D/RILC    (  119): qmi_ril(0/119): [qmi_cb] qcril_event_queue RID 0 MID 0 Queued event <Unknown event> ? (0 bytes)
02-02 10:47:33.806 I/RILC    (  119): qmi_ril(0/119): [qmi_cb] qcril_qmi_nas_unsolicited_indication_cb .. operational state 3
02-02 10:47:33.806 I/RILC    (  119): qmi_ril(0/119): [qmi_cb] qcril_qmi_nas_unsolicited_indication_cb qcril_qmi_nas_unsolicited_indication_cb completed
02-02 10:47:33.806 I/RILC    (  119): qmi_ril(0/119): [qmi_cb] qcril_qmi_nas_unsolicited_indication_cb invoked msg 0x4c
02-02 10:47:33.806 I/RILC    (  119): qmi_ril(0/119): [qmi_cb] qcril_qmi_nas_is_considered_registered qcril_qmi_nas_is_considered_registered entered
02-02 10:47:33.806 I/RILC    (  119): qmi_ril(0/119): [qmi_cb] qcril_qmi_nas_is_considered_registered qcril_qmi_nas_is_considered_registered completed with 1
02-02 10:47:33.806 I/RILC    (  119): qmi_ril(0/119): [qmi_cb] qcril_qmi_nas_network_time_ind_conv_qmi2ril qcril_qmi_nas_network_time_ind_conv_qmi2ril entry
02-02 10:47:33.806 I/RILC    (  119): qmi_ril(0/119): [qmi_cb] qcril_qmi_nas_network_time_ind_conv_qmi2ril ril_nitz_time_msg is: 12/02/02,16:48:03-24,00
02-02 10:47:33.806 I/RILC    (  119): qmi_ril(0/119): [qmi_cb] qcril_qmi_nas_unsolicited_indication_cb .. operational state 3
02-02 10:47:33.806 D/RILC    (  119): qmi_ril(0/119): [qmi_cb] qcril_send_unsol_response UI <--- RIL_UNSOL_NITZ_TIME_RECEIVED (1008) --- RIL [RID 0, Len 24, (null)]
02-02 10:47:33.806 I/RILC    (  119): qmi_ril(0/119): [qmi_cb] qcril_qmi_nas_unsolicited_indication_cb posted RIL indication 1008
02-02 10:47:33.806 I/RILC    (  119): qmi_ril(0/119): [qmi_cb] qcril_qmi_nas_unsolicited_indication_cb qcril_qmi_nas_unsolicited_indication_cb completed
02-02 10:47:33.806 D/RILJ    (  422): [UNSL]< UNSOL_NITZ_TIME_RECEIVED 12/02/02,16:48:03-24,00
02-02 10:47:33.806 I/CDMA    (  422): NITZ: 12/02/02,16:48:03-24,00,409960 start=409961 delay=1
02-02 10:47:33.806 I/CDMA    (  422):  dst: 0
02-02 10:47:33.806 I/CDMA    (  422):  tzOffset: -21600000
02-02 10:47:33.806 I/CDMA    (  422):  iso: us
02-02 10:47:33.806 I/CDMA    (  422): mGotCountryCode: true
02-02 10:47:33.816 I/RILC    (  119): qmi_ril(0/119): [event] qcril_qmi_util_convert_qmi_response_codes_to_ril_result_ex qcril_qmi_util_convert_qmi_response_codes_to_ril_result_ex ctx check 0
02-02 10:47:33.816 I/RILC    (  119): qmi_ril(0/119): [event] qcril_qmi_nas_fetch_signal_strength_observations qcril_qmi_nas_request_signal_strength entered IF UTIL_RES = SUCCESS 35
02-02 10:47:33.816 I/RILC    (  119): qmi_ril(0/119): [event] qcril_qmi_nas_fetch_signal_strength_observations qcril_qmi_nas_fetch_signal_strength_observations completed 0
02-02 10:47:33.816 I/RILC    (  119): qmi_ril(0/119): [event] qcril_qmi_nas_propagate_known_signal_strength_ind .. subfetch sig strength info 0
02-02 10:47:33.816 I/RILC    (  119): qmi_ril(0/119): [event] qcril_qmi_nas_dump_sign_strength_report qcril_qmi_nas_dump_sign_strength_report entered
02-02 10:47:33.816 I/RILC    (  119): qmi_ril(0/119): [event] qcril_qmi_nas_dump_sign_strength_report ..GW
02-02 10:47:33.816 I/RILC    (  119): qmi_ril(0/119): [event] qcril_qmi_nas_dump_sign_strength_report .. signalStrength 99, bitErrorRate 0
02-02 10:47:33.816 I/RILC    (  119): qmi_ril(0/119): [event] qcril_qmi_nas_dump_sign_strength_report ..CDMA
02-02 10:47:33.816 I/RILC    (  119): qmi_ril(0/119): [event] qcril_qmi_nas_dump_sign_strength_report .. dbm 91, ecio 80 
02-02 10:47:33.816 I/RILC    (  119): qmi_ril(0/119): [event] qcril_qmi_nas_dump_sign_strength_report ..EVDO
02-02 10:47:33.816 I/RILC    (  119): qmi_ril(0/119): [event] qcril_qmi_nas_dump_sign_strength_report .. dbm 89, ecio 15, signalNoiseRatio 8
02-02 10:47:33.816 I/RILC    (  119): qmi_ril(0/119): [event] qcril_qmi_nas_dump_sign_strength_report ..LTE
02-02 10:47:33.816 I/RILC    (  119): qmi_ril(0/119): [event] qcril_qmi_nas_dump_sign_strength_report .. signalStrength 99, rsrp 2147483647, rsrq 2147483647, rsnnr 2147483647
02-02 10:47:33.816 I/RILC    (  119): qmi_ril(0/119): [event] qcril_qmi_nas_dump_sign_strength_report qcril_qmi_nas_dump_sign_strength_report completed
02-02 10:47:33.816 I/RILC    (  119): qmi_ril(0/119): [event] qcril_qmi_nas_propagate_known_signal_strength_ind .. conf res 0
02-02 10:47:33.816 D/RILC    (  119): qmi_ril(0/119): [event] qcril_send_unsol_response UI <--- RIL_UNSOL_SIGNAL_STRENGTH (1009) --- RIL [RID 0, Len 48, (null)]
02-02 10:47:33.816 I/RILC    (  119): qmi_ril(0/119): [event] qcril_qmi_nas_propagate_known_signal_strength_ind qcril_qmi_nas_propagate_known_signal_strength_ind completed 0
02-02 10:47:33.816 I/RILC    (  119): qmi_ril(0/119): [event] qcril_process_event Exit qcril_process_event() : <Unknown event> ?, err_no 0
02-02 10:47:33.816 D/RILC    (  119): qmi_ril(0/119): [event] qcril_event_main RID 0 MID 0 De-queued event <Unknown event> ? (655370)
02-02 10:47:33.816 D/RILC    (  119): qmi_ril(0/119): [event] qcril_process_event RIL <--- <Unknown event> ?(655370), RID 0, MID 0 --- AMSS
02-02 10:47:33.816 I/RILC    (  119): qmi_ril(0/119): [event] qcril_qmi_trigger_propagate_known_signal_strength_ind qcril_qmi_trigger_propagate_known_signal_strength_ind received
02-02 10:47:33.816 I/RILC    (  119): qmi_ril(0/119): [event] qcril_qmi_nas_propagate_known_signal_strength_ind qcril_qmi_nas_propagate_known_signal_strength_ind entered
02-02 10:47:33.816 I/RILC    (  119): qmi_ril(0/119): [event] qcril_qmi_nas_fetch_signal_strength_observations qcril_qmi_nas_fetch_signal_strength_observations entered
02-02 10:47:33.816 I/RILC    (  119): qmi_ril(0/119): [event] qcril_qmi_nas_fetch_signal_strength_observations ..req mask 32
02-02 10:47:33.816 I/RILC    (  119): qmi_ril(0/119): [event] qcril_qmi_nas_fetch_signal_strength_observations qcril_qmi_nas_request_signal_strength entered IF 32
02-02 10:47:33.816 I/RILC    (  119): qmi_ril(0/119): [event] qcril_qmi_nas_fetch_signal_strength_observations qcril_qmi_nas_request_signal_strength entered RIL_REQ_RES qmi_request.request__mask = 32
02-02 10:47:33.816 I/RILC    (  119): qmi_ril(0/119): [event] qcril_qmi_nas_fetch_signal_strength_observations qcril_qmi_nas_request_signal_strength entered IF QMI RESPONSE 32
02-02 10:47:33.816 I/RILC    (  119): qmi_ril(0/119): [event] qcril_qmi_util_convert_qmi_response_codes_to_ril_result_ex qcril_qmi_util_convert_qmi_response_codes_to_ril_result_ex ctx check 0
02-02 10:47:33.816 I/RILC    (  119): qmi_ril(0/119): [event] qcril_qmi_nas_fetch_signal_strength_observations qcril_qmi_nas_request_signal_strength entered IF UTIL_RES = SUCCESS 32
02-02 10:47:33.816 I/RILC    (  119): qmi_ril(0/119): [event] qcril_qmi_nas_fetch_signal_strength_observations qcril_qmi_nas_fetch_signal_strength_observations completed 0
02-02 10:47:33.816 I/RILC    (  119): qmi_ril(0/119): [event] qcril_qmi_nas_propagate_known_signal_strength_ind .. subfetch sig strength info 0
02-02 10:47:33.816 I/RILC    (  119): qmi_ril(0/119): [event] qcril_qmi_nas_dump_sign_strength_report qcril_qmi_nas_dump_sign_strength_report entered
02-02 10:47:33.816 I/RILC    (  119): qmi_ril(0/119): [event] qcril_qmi_nas_dump_sign_strength_report ..GW
02-02 10:47:33.816 I/RILC    (  119): qmi_ril(0/119): [event] qcril_qmi_nas_dump_sign_strength_report .. signalStrength 99, bitErrorRate 0
02-02 10:47:33.816 I/RILC    (  119): qmi_ril(0/119): [event] qcril_qmi_nas_dump_sign_strength_report ..CDMA
02-02 10:47:33.816 I/RILC    (  119): qmi_ril(0/119): [event] qcril_qmi_nas_dump_sign_strength_report .. dbm 91, ecio 80 
02-02 10:47:33.816 I/RILC    (  119): qmi_ril(0/119): [event] qcril_qmi_nas_dump_sign_strength_report ..EVDO
02-02 10:47:33.816 I/RILC    (  119): qmi_ril(0/119): [event] qcril_qmi_nas_dump_sign_strength_report .. dbm 89, ecio 15, signalNoiseRatio 8
02-02 10:47:33.816 I/RILC    (  119): qmi_ril(0/119): [event] qcril_qmi_nas_dump_sign_strength_report ..LTE
02-02 10:47:33.816 I/RILC    (  119): qmi_ril(0/119): [event] qcril_qmi_nas_dump_sign_strength_report .. signalStrength 99, rsrp 2147483647, rsrq 2147483647, rsnnr 2147483647
02-02 10:47:33.816 I/RILC    (  119): qmi_ril(0/119): [event] qcril_qmi_nas_dump_sign_strength_report qcril_qmi_nas_dump_sign_strength_report completed
02-02 10:47:33.816 I/RILC    (  119): qmi_ril(0/119): [event] qcril_qmi_nas_propagate_known_signal_strength_ind .. conf res 0
02-02 10:47:33.816 D/RILC    (  119): qmi_ril(0/119): [event] qcril_send_unsol_response UI <--- RIL_UNSOL_SIGNAL_STRENGTH (1009) --- RIL [RID 0, Len 48, (null)]
02-02 10:47:33.816 I/RILC    (  119): qmi_ril(0/119): [event] qcril_qmi_nas_propagate_known_signal_strength_ind qcril_qmi_nas_propagate_known_signal_strength_ind completed 0
02-02 10:47:33.816 I/RILC    (  119): qmi_ril(0/119): [event] qcril_process_event Exit qcril_process_event() : <Unknown event> ?, err_no 0
02-02 10:47:33.816 D/RILC    (  119): qmi_ril(0/119): [event] qcril_event_main qcril_event_main(): Waiting...
02-02 10:47:33.816 D/RILC    (  119): qmi_ril(0/119): [event] qcril_event_main qcril_event_main(): 1 items on queue
02-02 10:47:33.816 D/RILC    (  119): qmi_ril(0/119): [event] qcril_event_main qcril_event_main(): Waiting...
02-02 10:47:33.866 I/CDMA    (  422):  zone id : America/Chicago name : Central Standard Time
02-02 10:47:33.866 I/CDMA    (  422): set zone id: America/Chicago
02-02 10:47:33.866 I/CDMA    (  422):  millisSinceNitzReceived: 61
02-02 10:47:33.866 I/CDMA    (  422):  gained=29188
02-02 10:47:33.866 I/CDMA    (  422):  timeSinceLastUpdate=13542
02-02 10:47:33.866 I/CDMA    (  422):  nitzUpdateSpacing=600000  nitzUpdateDiff=2000
02-02 10:47:33.866 I/CDMA    (  422): NITZ: Auto updating time of day to Thu Feb 02 10:48:03 CST 2012 NITZ receive delay=61ms gained=29188ms from 12/02/02,16:48:03-24,00
02-02 10:47:33.876 I/CDMA    (  422): NITZ: update nitz time property
02-02 10:47:33.876 I/CDMA    (  422):  mSavedTime=1328201283061 mSavedAtTime=410029
02-02 10:47:33.876 I/CDMA    (  422): NITZ: end=410029 dur=68
02-02 10:47:35.517 I/RILC    (  119): qmi_ril(0/119): [qmi_cb] qcril_qmi_nas_unsolicited_indication_cb invoked msg 0x24
02-02 10:47:35.517 I/RILC    (  119): qmi_ril(0/119): [qmi_cb] qcril_qmi_nas_is_considered_registered qcril_qmi_nas_is_considered_registered entered
02-02 10:47:35.517 I/RILC    (  119): qmi_ril(0/119): [qmi_cb] qcril_qmi_nas_is_considered_registered qcril_qmi_nas_is_considered_registered completed with 1
02-02 10:47:35.517 I/RILC    (  119): qmi_ril(0/119): [qmi_cb] qcril_qmi_nas_serving_system_ind_conv_qmi2ril qcril_qmi_nas_serving_system_ind_conv_qmi2ril entered
02-02 10:47:35.517 I/RILC    (  119): qmi_ril(0/119): [qmi_cb] qcril_qmi_nas_serving_system_ind_conv_qmi2ril .. fundamental change 0
02-02 10:47:35.517 I/RILC    (  119): qmi_ril(0/119): [qmi_cb] qcril_qmi_voice_technology_updated qcril_qmi_voice_technology_updated entered
02-02 10:47:35.517 I/RILC    (  119): qmi_ril(0/119): [qmi_cb] qcril_qmi_voice_technology_updated ..nas_cached_info.serving_system valid 1
02-02 10:47:35.517 I/RILC    (  119): qmi_ril(0/119): [qmi_cb] qcril_qmi_voice_technology_updated .. selected NW 1
02-02 10:47:35.517 I/RILC    (  119): qmi_ril(0/119): [qmi_cb] qcril_qmi_voice_technology_updated .. NW state 1
02-02 10:47:35.517 I/RILC    (  119): qmi_ril(0/119): [qmi_cb] qcril_qmi_mgr_voice_technology_updated qcril_qmi_mgr_voice_technology_updated entered
02-02 10:47:35.517 I/RILC    (  119): qmi_ril(0/119): [qmi_cb] qcril_qmi_mgr_voice_technology_updated qcril_qmi_mgr_voice_technology_updated left 2
02-02 10:47:35.517 I/RILC    (  119): qmi_ril(0/119): [qmi_cb] qcril_qmi_voice_technology_updated qcril_qmi_voice_technology_updated completed for 2
02-02 10:47:35.517 I/RILC    (  119): qmi_ril(0/119): [qmi_cb] qmi_ril_nwr_update_reg_rej_legacy qmi_ril_nwr_update_reg_rej_legacy entered
02-02 10:47:35.517 I/RILC    (  119): qmi_ril(0/119): [qmi_cb] qmi_ril_nwr_update_reg_rej_legacy .. ss srv reg state 1
02-02 10:47:35.517 I/RILC    (  119): qmi_ril(0/119): [qmi_cb] qmi_ril_nwr_update_reg_rej_legacy .. reje CS cs_rejected 0
02-02 10:47:35.517 I/RILC    (  119): qmi_ril(0/119): [qmi_cb] qmi_ril_nwr_update_reg_rej_legacy .. reje CS cs_reject_cause 0
02-02 10:47:35.517 I/RILC    (  119): qmi_ril(0/119): [qmi_cb] qmi_ril_nwr_update_reg_rej_legacy .. reje PS ps_rejected 0
02-02 10:47:35.517 I/RILC    (  119): qmi_ril(0/119): [qmi_cb] qmi_ril_nwr_update_reg_rej_legacy .. reje PS ps_reject_cause 0
02-02 10:47:35.517 I/RILC    (  119): qmi_ril(0/119): [qmi_cb] qmi_ril_nwr_util_log_mccmnc_str .. reje mcc - 
02-02 10:47:35.517 I/RILC    (  119): qmi_ril(0/119): [qmi_cb] qmi_ril_nwr_util_log_mccmnc_str .. reje mnc - 
02-02 10:47:35.517 I/RILC    (  119): qmi_ril(0/119): [qmi_cb] qmi_ril_nwr_update_reg_rej_legacy qmi_ril_nwr_update_reg_rej_legacy completed
02-02 10:47:35.517 I/RILC    (  119): qmi_ril(0/119): [qmi_cb] qcril_qmi_nas_serving_system_ind_conv_qmi2ril qcril_qmi_nas_serving_system_ind_conv_qmi2ril serving_system cached 1
02-02 10:47:35.517 I/RILC    (  119): qmi_ril(0/119): [qmi_cb] qcril_qmi_nas_serving_system_ind_conv_qmi2ril qcril_qmi_nas_serving_system_ind_conv_qmi2ril roaming_indicator cached 1
02-02 10:47:35.517 I/RILC    (  119): qmi_ril(0/119): [qmi_cb] qcril_qmi_nas_serving_system_ind_conv_qmi2ril qcril_qmi_nas_serving_system_ind_conv_qmi2ril data_capabilities cached 1
02-02 10:47:35.517 I/RILC    (  119): qmi_ril(0/119): [qmi_cb] qcril_qmi_nas_serving_system_ind_conv_qmi2ril qcril_qmi_nas_serving_system_ind_conv_qmi2ril current_plmn cached 0
02-02 10:47:35.517 I/RILC    (  119): qmi_ril(0/119): [qmi_cb] qcril_qmi_nas_serving_system_ind_conv_qmi2ril qcril_qmi_nas_serving_system_ind_conv_qmi2ril mnc_includes_pcs_digit cached 0
02-02 10:47:35.517 I/RILC    (  119): qmi_ril(0/119): [qmi_cb] qcril_qmi_nas_serving_system_ind_conv_qmi2ril qcril_qmi_nas_serving_system_ind_conv_qmi2ril completed
02-02 10:47:35.517 I/RILC    (  119): qmi_ril(0/119): [qmi_cb] qcril_qmi_nas_is_considered_registered qcril_qmi_nas_is_considered_registered entered
02-02 10:47:35.517 I/RILC    (  119): qmi_ril(0/119): [qmi_cb] qcril_qmi_nas_is_considered_registered qcril_qmi_nas_is_considered_registered completed with 1
02-02 10:47:35.517 I/RILC    (  119): qmi_ril(0/119): [qmi_cb] qcril_qmi_nas_unsolicited_indication_cb .. operational state 3
02-02 10:47:35.517 D/RILC    (  119): qmi_ril(0/119): [qmi_cb] qcril_send_unsol_response UI <--- RIL_UNSOL_RESPONSE_NETWORK_STATE_CHANGED (1002) --- RIL [RID 0, Len 0, (null)]
02-02 10:47:35.527 D/RILJ    (  422): [UNSL]< UNSOL_RESPONSE_NETWORK_STATE_CHANGED
02-02 10:47:35.527 D/RILJ    (  422): [0150]> OPERATOR
02-02 10:47:35.537 D/RILC    (  119): qmi_ril(0/119): [main] onRequest UI --- RIL_REQUEST_OPERATOR (22) ---> RIL [RID 0, token id 150, data len 0]
02-02 10:47:35.537 I/RILC    (  119): qmi_ril(0/119): [main] qcril_qmi_nas_request_operator qcril_qmi_nas_request_operator entered
02-02 10:47:35.537 I/RILC    (  119): qmi_ril(0/119): [main] qcril_qmi_nas_is_considered_registered qcril_qmi_nas_is_considered_registered entered
02-02 10:47:35.537 I/RILC    (  119): qmi_ril(0/119): [main] qcril_qmi_nas_is_considered_registered qcril_qmi_nas_is_considered_registered completed with 1
02-02 10:47:35.537 I/RILC    (  119): qmi_ril(0/119): [main] qcril_qmi_nas_is_in_service_of_technology qcril_qmi_nas_is_in_service_of_technology entered
02-02 10:47:35.537 I/RILC    (  119): qmi_ril(0/119): [main] qcril_qmi_nas_is_in_service_of_technology qcril_qmi_nas_is_in_service_of_technology completed with 0
02-02 10:47:35.537 I/RILC    (  119): qmi_ril(0/119): [main] qcril_qmi_nas_request_operator .. everything cached non sys_info 1
02-02 10:47:35.537 I/RILC    (  119): qmi_ril(0/119): [main] qcril_qmi_nas_request_operator ..mcc_mnc_ascii 310099
02-02 10:47:35.537 I/RILC    (  119): qmi_ril(0/119): [main] qcril_qmi_nas_fill_up_3gpp2_operator_name qcril_qmi_nas_fill_up_3gpp2_operator_name mcc 310 mnc 099 sid 4139 nid 41
02-02 10:47:35.537 D/RILC    (  119): qmi_ril(0/119): [main] qcril_qmi_nas2_find_3gpp2_static_operator_name UE Memory List does not contain the specified operator
02-02 10:47:35.537 I/RILC    (  119): qmi_ril(0/119): [main] qcril_qmi_nas_fill_up_3gpp2_operator_name ..will return static , 
02-02 10:47:35.537 I/RILC    (  119): qmi_ril(0/119): [main] qcril_qmi_nas_fill_up_3gpp2_operator_name qcril_qmi_nas_fill_up_3gpp2_operator_name completed with 0
02-02 10:47:35.537 D/RILJ    (  422): [0151]> REGISTRATION_STATE
02-02 10:47:35.537 I/RILC    (  119): qmi_ril(0/119): [qmi_cb] qcril_qmi_nas_unsolicited_indication_cb posted RIL indication 1002
02-02 10:47:35.537 D/RILC    (  119): qmi_ril(0/119): [qmi_cb] qcril_send_unsol_response UI <--- RIL_UNSOL_RESPONSE_DATA_NETWORK_STATE_CHANGED (1037) --- RIL [RID 0, Len 0, (null)]
02-02 10:47:35.537 I/RILC    (  119): qmi_ril(0/119): [qmi_cb] qcril_qmi_nas_unsolicited_indication_cb posted RIL indication 1037
02-02 10:47:35.537 I/RILC    (  119): qmi_ril(0/119): [qmi_cb] qcril_qmi_nas_unsolicited_indication_cb qcril_qmi_nas_unsolicited_indication_cb completed
02-02 10:47:35.537 D/RILJ    (  422): [UNSL]< RIL_UNSOL_RESPONSE_DATA_NETWORK_STATE_CHANGED
02-02 10:47:35.537 I/RILC    (  119): qmi_ril(0/119): [qmi_cb] qcril_qmi_nas_unsolicited_indication_cb invoked msg 0x2
02-02 10:47:35.537 I/RILC    (  119): qmi_ril(0/119): [qmi_cb] qcril_qmi_nas_is_considered_registered qcril_qmi_nas_is_considered_registered entered
02-02 10:47:35.537 I/RILC    (  119): qmi_ril(0/119): [qmi_cb] qcril_qmi_nas_is_considered_registered qcril_qmi_nas_is_considered_registered completed with 1
02-02 10:47:35.537 I/RILC    (  119): qmi_ril(0/119): [qmi_cb] qcril_qmi_nas_event_report_ind_conv_qmi2ril qcril_qmi_nas_event_report_ind_conv_qmi2ril entered
02-02 10:47:35.537 I/RILC    (  119): qmi_ril(0/119): [qmi_cb] qcril_qmi_nas_event_report_ind_conv_qmi2ril .. reg reject valid 0
02-02 10:47:35.537 I/RILC    (  119): qmi_ril(0/119): [qmi_cb] qcril_qmi_nas_event_report_ind_conv_qmi2ril qcril_qmi_nas_event_report_ind_conv_qmi2ril completed
02-02 10:47:35.537 I/RILC    (  119): qmi_ril(0/119): [qmi_cb] qcril_qmi_nas_is_considered_registered qcril_qmi_nas_is_considered_registered entered
02-02 10:47:35.537 I/RILC    (  119): qmi_ril(0/119): [qmi_cb] qcril_qmi_nas_is_considered_registered qcril_qmi_nas_is_considered_registered completed with 1
02-02 10:47:35.537 D/RILC    (  119): qmi_ril(0/119): [qmi_cb] qcril_event_queue Event [<Unknown event> ?, 655370] data was NULL!
02-02 10:47:35.537 D/RILC    (  119): qmi_ril(0/119): [event] qcril_event_main qcril_event_main(): 1 items on queue
02-02 10:47:35.537 D/RILC    (  119): qmi_ril(0/119): [event] qcril_event_main RID 0 MID 0 De-queued event <Unknown event> ? (655370)
02-02 10:47:35.537 D/RILC    (  119): qmi_ril(0/119): [event] qcril_process_event RIL <--- <Unknown event> ?(655370), RID 0, MID 0 --- AMSS
02-02 10:47:35.537 I/RILC    (  119): qmi_ril(0/119): [event] qcril_qmi_trigger_propagate_known_signal_strength_ind qcril_qmi_trigger_propagate_known_signal_strength_ind received
02-02 10:47:35.537 I/RILC    (  119): qmi_ril(0/119): [event] qcril_qmi_nas_propagate_known_signal_strength_ind qcril_qmi_nas_propagate_known_signal_strength_ind entered
02-02 10:47:35.537 I/RILC    (  119): qmi_ril(0/119): [event] qcril_qmi_nas_fetch_signal_strength_observations qcril_qmi_nas_fetch_signal_strength_observations entered
02-02 10:47:35.537 I/RILC    (  119): qmi_ril(0/119): [event] qcril_qmi_nas_fetch_signal_strength_observations ..req mask 35
02-02 10:47:35.537 I/RILC    (  119): qmi_ril(0/119): [event] qcril_qmi_nas_fetch_signal_strength_observations qcril_qmi_nas_request_signal_strength entered IF 35
02-02 10:47:35.537 I/RILC    (  119): qmi_ril(0/119): [event] qcril_qmi_nas_fetch_signal_strength_observations qcril_qmi_nas_request_signal_strength entered RIL_REQ_RES qmi_request.request__mask = 35
02-02 10:47:35.537 I/RILC    (  119): qmi_ril(0/119): [event] qcril_qmi_nas_fetch_signal_strength_observations qcril_qmi_nas_request_signal_strength entered IF QMI RESPONSE 35
02-02 10:47:35.537 D/RILC    (  119): qmi_ril(0/119): [qmi_cb] qcril_event_queue RID 0 MID 0 Queued event <Unknown event> ? (0 bytes)
02-02 10:47:35.537 I/RILC    (  119): qmi_ril(0/119): [qmi_cb] qcril_qmi_nas_unsolicited_indication_cb .. operational state 3
02-02 10:47:35.537 I/RILC    (  119): qmi_ril(0/119): [qmi_cb] qcril_qmi_nas_unsolicited_indication_cb qcril_qmi_nas_unsolicited_indication_cb completed
02-02 10:47:35.547 I/RILC    (  119): qmi_ril(0/119): [qmi_cb] qcril_qmi_nas_unsolicited_indication_cb invoked msg 0x4c
02-02 10:47:35.547 I/RILC    (  119): qmi_ril(0/119): [qmi_cb] qcril_qmi_nas_is_considered_registered qcril_qmi_nas_is_considered_registered entered
02-02 10:47:35.547 I/RILC    (  119): qmi_ril(0/119): [qmi_cb] qcril_qmi_nas_is_considered_registered qcril_qmi_nas_is_considered_registered completed with 1
02-02 10:47:35.547 I/RILC    (  119): qmi_ril(0/119): [qmi_cb] qcril_qmi_nas_network_time_ind_conv_qmi2ril qcril_qmi_nas_network_time_ind_conv_qmi2ril entry
02-02 10:47:35.547 I/RILC    (  119): qmi_ril(0/119): [qmi_cb] qcril_qmi_nas_network_time_ind_conv_qmi2ril ril_nitz_time_msg is: 12/02/02,16:48:05-24,00
02-02 10:47:35.547 I/RILC    (  119): qmi_ril(0/119): [qmi_cb] qcril_qmi_nas_unsolicited_indication_cb .. operational state 3
02-02 10:47:35.547 D/RILC    (  119): qmi_ril(0/119): [qmi_cb] qcril_send_unsol_response UI <--- RIL_UNSOL_NITZ_TIME_RECEIVED (1008) --- RIL [RID 0, Len 24, (null)]
02-02 10:47:35.547 D/RILJ    (  422): [UNSL]< UNSOL_NITZ_TIME_RECEIVED 12/02/02,16:48:05-24,00
02-02 10:47:35.547 I/RILC    (  119): qmi_ril(0/119): [qmi_cb] qcril_qmi_nas_unsolicited_indication_cb posted RIL indication 1008
02-02 10:47:35.547 I/RILC    (  119): qmi_ril(0/119): [qmi_cb] qcril_qmi_nas_unsolicited_indication_cb qcril_qmi_nas_unsolicited_indication_cb completed
02-02 10:47:35.567 D/RILJ    (  422): [0152]> DATA_REGISTRATION_STATE
02-02 10:47:35.567 I/RILC    (  119): qmi_ril(0/119): [main] qcril_qmi_util_convert_qmi_response_codes_to_ril_result_ex qcril_qmi_util_convert_qmi_response_codes_to_ril_result_ex ctx check 4
02-02 10:47:35.567 I/RILC    (  119): qmi_ril(0/119): [main] qcril_qmi_nas_request_operator 0, 0, 0
02-02 10:47:35.567 I/RILC    (  119): qmi_ril(0/119): [main] qcril_qmi_nas_request_operator nam name valid 1, len 12
02-02 10:47:35.567 I/RILC    (  119): qmi_ril(0/119): [main] qcril_qmi_nas_request_operator .. used_nam_name_len 12
02-02 10:47:35.567 I/RILC    (  119): qmi_ril(0/119): [main] qcril_qmi_nas_request_operator .. nam             
02-02 10:47:35.567 I/RILC    (  119): qmi_ril(0/119): [main] qcril_qmi_nas_request_operator .. res long             
02-02 10:47:35.567 I/RILC    (  119): qmi_ril(0/119): [main] qcril_qmi_nas_request_operator .. res short 
02-02 10:47:35.567 I/RILC    (  119): qmi_ril(0/119): [main] qcril_qmi_nas_request_operator .. res mcc_mnc 310099
02-02 10:47:35.567 I/RILC    (  119): qmi_ril(0/119): [main] qcril_qmi_nas_request_operator qcril_qmi_nas_request_operator long             
02-02 10:47:35.567 I/RILC    (  119): qmi_ril(0/119): [main] qcril_qmi_nas_request_operator qcril_qmi_nas_request_operator short 
02-02 10:47:35.567 I/RILC    (  119): qmi_ril(0/119): [main] qcril_qmi_nas_request_operator qcril_qmi_nas_request_operator mcc_mnc 310099
02-02 10:47:35.567 I/RILC    (  119): qmi_ril(0/119): [main] qcril_reqlist_find [RID 0] Not found ReqList entry : token id 150
02-02 10:47:35.567 D/RILC    (  119): qmi_ril(0/119): [main] qcril_send_request_response UI <--- RIL_REQUEST_OPERATOR (22) Complete --- RIL [RID 0, Token 150, Success, Len 12 ]
02-02 10:47:35.567 I/RILC    (  119): qmi_ril(0/119): [main] qcril_qmi_nas_request_operator qcril_qmi_nas_request_operator complete with 0
02-02 10:47:35.567 D/RILC    (  119): qmi_ril(0/119): [main] onRequest UI --- RIL_REQUEST_REGISTRATION_STATE (20) ---> RIL [RID 0, token id 151, data len 0]
02-02 10:47:35.567 I/RILC    (  119): qmi_ril(0/119): [main] qcril_qmi_nas_request_registration_state qcril_qmi_nas_request_registration_state entered
02-02 10:47:35.567 I/RILC    (  119): qmi_ril(0/119): [main] qcril_qmi_nas_is_in_service_of_technology qcril_qmi_nas_is_in_service_of_technology entered
02-02 10:47:35.567 I/RILC    (  119): qmi_ril(0/119): [main] qcril_qmi_nas_is_in_service_of_technology qcril_qmi_nas_is_in_service_of_technology completed with 0
02-02 10:47:35.567 I/RILC    (  119): qmi_ril(0/119): [main] qcril_qmi_nas_is_in_service_of_technology qcril_qmi_nas_is_in_service_of_technology entered
02-02 10:47:35.567 I/RILC    (  119): qmi_ril(0/119): [main] qcril_qmi_nas_is_in_service_of_technology qcril_qmi_nas_is_in_service_of_technology completed with 1
02-02 10:47:35.567 I/RILC    (  119): qmi_ril(0/119): [main] qcril_qmi_nas_request_registration_state qcril_qmi_nas_request_registration_state cache subrequest need 1
02-02 10:47:35.577 D/RILJ    (  422): [0150]< OPERATOR {            , , 310099}
02-02 10:47:35.577 I/RILC    (  119): qmi_ril(0/119): [event] qcril_qmi_util_convert_qmi_response_codes_to_ril_result_ex qcril_qmi_util_convert_qmi_response_codes_to_ril_result_ex ctx check 0
02-02 10:47:35.577 I/RILC    (  119): qmi_ril(0/119): [event] qcril_qmi_nas_fetch_signal_strength_observations qcril_qmi_nas_request_signal_strength entered IF UTIL_RES = SUCCESS 35
02-02 10:47:35.577 I/RILC    (  119): qmi_ril(0/119): [event] qcril_qmi_nas_fetch_signal_strength_observations qcril_qmi_nas_fetch_signal_strength_observations completed 0
02-02 10:47:35.577 I/RILC    (  119): qmi_ril(0/119): [event] qcril_qmi_nas_propagate_known_signal_strength_ind .. subfetch sig strength info 0
02-02 10:47:35.577 I/RILC    (  119): qmi_ril(0/119): [event] qcril_qmi_nas_dump_sign_strength_report qcril_qmi_nas_dump_sign_strength_report entered
02-02 10:47:35.577 I/RILC    (  119): qmi_ril(0/119): [event] qcril_qmi_nas_dump_sign_strength_report ..GW
02-02 10:47:35.577 I/RILC    (  119): qmi_ril(0/119): [event] qcril_qmi_nas_dump_sign_strength_report .. signalStrength 99, bitErrorRate 0
02-02 10:47:35.577 I/RILC    (  119): qmi_ril(0/119): [event] qcril_qmi_nas_dump_sign_strength_report ..CDMA
02-02 10:47:35.577 I/RILC    (  119): qmi_ril(0/119): [event] qcril_qmi_nas_dump_sign_strength_report .. dbm 93, ecio 105 
02-02 10:47:35.577 I/RILC    (  119): qmi_ril(0/119): [event] qcril_qmi_nas_dump_sign_strength_report ..EVDO
02-02 10:47:35.577 I/RILC    (  119): qmi_ril(0/119): [event] qcril_qmi_nas_dump_sign_strength_report .. dbm 89, ecio 15, signalNoiseRatio 8
02-02 10:47:35.577 I/RILC    (  119): qmi_ril(0/119): [event] qcril_qmi_nas_dump_sign_strength_report ..LTE
02-02 10:47:35.577 I/RILC    (  119): qmi_ril(0/119): [event] qcril_qmi_nas_dump_sign_strength_report .. signalStrength 99, rsrp 2147483647, rsrq 2147483647, rsnnr 2147483647
02-02 10:47:35.577 I/RILC    (  119): qmi_ril(0/119): [event] qcril_qmi_nas_dump_sign_strength_report qcril_qmi_nas_dump_sign_strength_report completed
02-02 10:47:35.577 I/RILC    (  119): qmi_ril(0/119): [event] qcril_qmi_nas_propagate_known_signal_strength_ind .. conf res 0
02-02 10:47:35.577 D/RILC    (  119): qmi_ril(0/119): [event] qcril_send_unsol_response UI <--- RIL_UNSOL_SIGNAL_STRENGTH (1009) --- RIL [RID 0, Len 48, (null)]
02-02 10:47:35.577 I/RILC    (  119): qmi_ril(0/119): [event] qcril_qmi_nas_propagate_known_signal_strength_ind qcril_qmi_nas_propagate_known_signal_strength_ind completed 0
02-02 10:47:35.577 I/RILC    (  119): qmi_ril(0/119): [event] qcril_process_event Exit qcril_process_event() : <Unknown event> ?, err_no 0
02-02 10:47:35.577 D/RILC    (  119): qmi_ril(0/119): [event] qcril_event_main qcril_event_main(): Waiting...
02-02 10:47:35.577 I/RILC    (  119): qmi_ril(0/119): [main] qcril_qmi_util_convert_qmi_response_codes_to_ril_result_ex qcril_qmi_util_convert_qmi_response_codes_to_ril_result_ex ctx check 0
02-02 10:47:35.577 I/RILC    (  119): qmi_ril(0/119): [main] qcril_qmi_voice_technology_updated qcril_qmi_voice_technology_updated entered
02-02 10:47:35.577 I/RILC    (  119): qmi_ril(0/119): [main] qcril_qmi_voice_technology_updated ..nas_cached_info.serving_system valid 1
02-02 10:47:35.577 I/RILC    (  119): qmi_ril(0/119): [main] qcril_qmi_voice_technology_updated .. selected NW 1
02-02 10:47:35.577 I/RILC    (  119): qmi_ril(0/119): [main] qcril_qmi_voice_technology_updated .. NW state 1
02-02 10:47:35.577 I/RILC    (  119): qmi_ril(0/119): [main] qcril_qmi_mgr_voice_technology_updated qcril_qmi_mgr_voice_technology_updated entered
02-02 10:47:35.577 I/RILC    (  119): qmi_ril(0/119): [main] qcril_qmi_mgr_voice_technology_updated qcril_qmi_mgr_voice_technology_updated left 2
02-02 10:47:35.577 I/RILC    (  119): qmi_ril(0/119): [main] qcril_qmi_voice_technology_updated qcril_qmi_voice_technology_updated completed for 2
02-02 10:47:35.577 I/RILC    (  119): qmi_ril(0/119): [main] qmi_ril_nwr_update_reg_rej_legacy qmi_ril_nwr_update_reg_rej_legacy entered
02-02 10:47:35.577 I/RILC    (  119): qmi_ril(0/119): [main] qmi_ril_nwr_update_reg_rej_legacy .. ss srv reg state 1
02-02 10:47:35.577 I/RILC    (  119): qmi_ril(0/119): [main] qmi_ril_nwr_update_reg_rej_legacy .. reje CS cs_rejected 0
02-02 10:47:35.577 I/RILC    (  119): qmi_ril(0/119): [main] qmi_ril_nwr_update_reg_rej_legacy .. reje CS cs_reject_cause 0
02-02 10:47:35.577 I/RILC    (  119): qmi_ril(0/119): [main] qmi_ril_nwr_update_reg_rej_legacy .. reje PS ps_rejected 0
02-02 10:47:35.577 I/RILC    (  119): qmi_ril(0/119): [main] qmi_ril_nwr_update_reg_rej_legacy .. reje PS ps_reject_cause 0
02-02 10:47:35.577 I/RILC    (  119): qmi_ril(0/119): [main] qmi_ril_nwr_util_log_mccmnc_str .. reje mcc - 
02-02 10:47:35.577 I/RILC    (  119): qmi_ril(0/119): [main] qmi_ril_nwr_util_log_mccmnc_str .. reje mnc - 
02-02 10:47:35.577 I/RILC    (  119): qmi_ril(0/119): [main] qmi_ril_nwr_update_reg_rej_legacy qmi_ril_nwr_update_reg_rej_legacy completed
02-02 10:47:35.577 I/RILC    (  119): qmi_ril(0/119): [main] qcril_qmi_nas_fetch_serving_system_info qcril_qmi_nas_fetch_serving_system_info res 0 
02-02 10:47:35.577 I/RILC    (  119): qmi_ril(0/119): [main] qcril_qmi_util_convert_qmi_response_codes_to_ril_result_ex qcril_qmi_util_convert_qmi_response_codes_to_ril_result_ex ctx check 0
02-02 10:47:35.577 I/RILC    (  119): qmi_ril(0/119): [main] qcril_qmi_nas_update_voice_rte qcril_qmi_nas_update_voice_rte entered
02-02 10:47:35.577 I/RILC    (  119): qmi_ril(0/119): [main] qcril_qmi_nas_util_convert_nas_srv_status_to_ril_reg_status  qcril_qmi_nas_util_convert_nas_srv_status_to_ril_reg_status entered
02-02 10:47:35.577 D/RILC    (  119): qmi_ril(0/119): [main] qcril_qmi_util_retrieve_srv_status qcril_qmi_util_retrieve_srv_status completed with 2
02-02 10:47:35.577 I/RILC    (  119): qmi_ril(0/119): [main] qcril_qmi_nas_util_convert_nas_srv_status_to_ril_reg_status ... nas_srv_status 2, is_data 0, is_3gpp 0, is_hdr 0
02-02 10:47:35.577 I/RILC    (  119): qmi_ril(0/119): [main] qcril_qmi_nas_util_convert_nas_srv_status_to_ril_reg_status ... intermediate res 1 5
02-02 10:47:35.577 I/RILC    (  119): qmi_ril(0/119): [main] qcril_qmi_nas_util_convert_nas_srv_status_to_ril_reg_status ... common_sys_info 114416
02-02 10:47:35.577 I/RILC    (  119): qmi_ril(0/119): [main] qcril_qmi_nas_util_convert_nas_srv_status_to_ril_reg_status ... srv_capability_valid, srv_capability 1, 3
02-02 10:47:35.577 I/RILC    (  119): qmi_ril(0/119): [main] qcril_qmi_nas_util_convert_nas_srv_status_to_ril_reg_status ... srv_domain_valid, srv_domain 1, 3
02-02 10:47:35.577 I/RILC    (  119): qmi_ril(0/119): [main] qcril_qmi_nas_util_convert_nas_srv_status_to_ril_reg_status ... intermediate res 2 5
02-02 10:47:35.577 I/RILC    (  119): qmi_ril(0/119): [main] qcril_qmi_nas_util_convert_nas_srv_status_to_ril_reg_status ... hdr_only_sys_info 0
02-02 10:47:35.577 I/RILC    (  119): qmi_ril(0/119): [main] qcril_qmi_nas_util_convert_nas_srv_status_to_ril_reg_status ... intermediate res 3 5
02-02 10:47:35.577 I/RILC    (  119): qmi_ril(0/119): [main] qcril_qmi_nas_util_convert_nas_srv_status_to_ril_reg_status ... is_sys_forbidden_valid, is_sys_forbidden 1, 0
02-02 10:47:35.577 I/RILC    (  119): qmi_ril(0/119): [main] qcril_qmi_nas_util_convert_nas_srv_status_to_ril_reg_status qcril_qmi_nas_util_convert_nas_srv_status_to_ril_reg_status complete with 5
02-02 10:47:35.577 I/RILC    (  119): qmi_ril(0/119): [main] qcril_qmi_nas_util_convert_nas_srv_status_to_ril_reg_status  qcril_qmi_nas_util_convert_nas_srv_status_to_ril_reg_status entered
02-02 10:47:35.577 D/RILC    (  119): qmi_ril(0/119): [main] qcril_qmi_util_retrieve_srv_status qcril_qmi_util_retrieve_srv_status completed with 2
02-02 10:47:35.577 I/RILC    (  119): qmi_ril(0/119): [main] qcril_qmi_nas_util_convert_nas_srv_status_to_ril_reg_status ... nas_srv_status 2, is_data 1, is_3gpp 0, is_hdr 1
02-02 10:47:35.577 I/RILC    (  119): qmi_ril(0/119): [main] qcril_qmi_nas_util_convert_nas_srv_status_to_ril_reg_status ... intermediate res 1 1
02-02 10:47:35.577 I/RILC    (  119): qmi_ril(0/119): [main] qcril_qmi_nas_util_convert_nas_srv_status_to_ril_reg_status ... common_sys_info 89624
02-02 10:47:35.577 I/RILC    (  119): qmi_ril(0/119): [main] qcril_qmi_nas_util_convert_nas_srv_status_to_ril_reg_status ... srv_capability_valid, srv_capability 1, 2
02-02 10:47:35.577 I/RILC    (  119): qmi_ril(0/119): [main] qcril_qmi_nas_util_convert_nas_srv_status_to_ril_reg_status ... srv_domain_valid, srv_domain 1, 2
02-02 10:47:35.577 I/RILC    (  119): qmi_ril(0/119): [main] qcril_qmi_nas_util_convert_nas_srv_status_to_ril_reg_status ... intermediate res 2 1
02-02 10:47:35.577 I/RILC    (  119): qmi_ril(0/119): [main] qcril_qmi_nas_util_convert_nas_srv_status_to_ril_reg_status ... hdr_only_sys_info 89656
02-02 10:47:35.577 I/RILC    (  119): qmi_ril(0/119): [main] qcril_qmi_nas_util_convert_nas_srv_status_to_ril_reg_status ... hdr_active_prot_valid, hdr_personality_valid 1, 1
02-02 10:47:35.577 I/RILC    (  119): qmi_ril(0/119): [main] qcril_qmi_nas_util_convert_nas_srv_status_to_ril_reg_status ... intermediate res 3 1
02-02 10:47:35.577 I/RILC    (  119): qmi_ril(0/119): [main] qcril_qmi_nas_util_convert_nas_srv_status_to_ril_reg_status ... is_sys_forbidden_valid, is_sys_forbidden 1, 0
02-02 10:47:35.577 I/RILC    (  119): qmi_ril(0/119): [main] qcril_qmi_nas_util_convert_nas_srv_status_to_ril_reg_status qcril_qmi_nas_util_convert_nas_srv_status_to_ril_reg_status complete with 1
02-02 10:47:35.577 I/RILC    (  119): qmi_ril(0/119): [main] qcril_qmi_nas_update_voice_rte .. 1x reg 5
02-02 10:47:35.577 I/RILC    (  119): qmi_ril(0/119): [main] qcril_qmi_nas_update_voice_rte .. gsm reg 0
02-02 10:47:35.577 I/RILC    (  119): qmi_ril(0/119): [main] qcril_qmi_nas_update_voice_rte .. wcdma reg 0
02-02 10:47:35.577 I/RILC    (  119): qmi_ril(0/119): [main] qcril_qmi_nas_update_voice_rte .. lte reg 0
02-02 10:47:35.577 I/RILC    (  119): qmi_ril(0/119): [main] qcril_qmi_nas_update_voice_rte .. hdr reg 1
02-02 10:47:35.577 I/RILC    (  119): qmi_ril(0/119): [main] qcril_qmi_nas_update_voice_rte qcril_qmi_nas_update_voice_rte completed, new vrte 1
02-02 10:47:35.577 I/RILC    (  119): qmi_ril(0/119): [main] qcril_qmi_voice_technology_updated qcril_qmi_voice_technology_updated entered
02-02 10:47:35.577 I/RILC    (  119): qmi_ril(0/119): [main] qcril_qmi_voice_technology_updated ..nas_cached_info.serving_system valid 1
02-02 10:47:35.577 I/RILC    (  119): qmi_ril(0/119): [main] qcril_qmi_voice_technology_updated .. selected NW 1
02-02 10:47:35.577 I/RILC    (  119): qmi_ril(0/119): [main] qcril_qmi_voice_technology_updated .. NW state 1
02-02 10:47:35.577 I/RILC    (  119): qmi_ril(0/119): [main] qcril_qmi_mgr_voice_technology_updated qcril_qmi_mgr_voice_technology_updated entered
02-02 10:47:35.577 I/RILC    (  119): qmi_ril(0/119): [main] qcril_qmi_mgr_voice_technology_updated qcril_qmi_mgr_voice_technology_updated left 2
02-02 10:47:35.577 I/RILC    (  119): qmi_ril(0/119): [main] qcril_qmi_voice_technology_updated qcril_qmi_voice_technology_updated completed for 2
02-02 10:47:35.577 I/RILC    (  119): qmi_ril(0/119): [main] qmi_ril_nwr_update_reg_rej_from_sys_info qmi_ril_nwr_update_reg_rej_from_sys_info entered
02-02 10:47:35.577 I/RILC    (  119): qmi_ril(0/119): [main] qcril_qmi_nas_util_convert_nas_srv_status_to_ril_reg_status  qcril_qmi_nas_util_convert_nas_srv_status_to_ril_reg_status entered
02-02 10:47:35.577 D/RILC    (  119): qmi_ril(0/119): [main] qcril_qmi_util_retrieve_srv_status qcril_qmi_util_retrieve_srv_status completed with 2
02-02 10:47:35.577 I/RILC    (  119): qmi_ril(0/119): [main] qcril_qmi_nas_util_convert_nas_srv_status_to_ril_reg_status ... nas_srv_status 2, is_data 0, is_3gpp 0, is_hdr 0
02-02 10:47:35.577 I/RILC    (  119): qmi_ril(0/119): [main] qcril_qmi_nas_util_convert_nas_srv_status_to_ril_reg_status ... intermediate res 1 5
02-02 10:47:35.577 I/RILC    (  119): qmi_ril(0/119): [main] qcril_qmi_nas_util_convert_nas_srv_status_to_ril_reg_status ... common_sys_info 114416
02-02 10:47:35.577 I/RILC    (  119): qmi_ril(0/119): [main] qcril_qmi_nas_util_convert_nas_srv_status_to_ril_reg_status ... srv_capability_valid, srv_capability 1, 3
02-02 10:47:35.577 I/RILC    (  119): qmi_ril(0/119): [main] qcril_qmi_nas_util_convert_nas_srv_status_to_ril_reg_status ... srv_domain_valid, srv_domain 1, 3
02-02 10:47:35.577 I/RILC    (  119): qmi_ril(0/119): [main] qcril_qmi_nas_util_convert_nas_srv_status_to_ril_reg_status ... intermediate res 2 5
02-02 10:47:35.577 I/RILC    (  119): qmi_ril(0/119): [main] qcril_qmi_nas_util_convert_nas_srv_status_to_ril_reg_status ... hdr_only_sys_info 0
02-02 10:47:35.577 I/RILC    (  119): qmi_ril(0/119): [main] qcril_qmi_nas_util_convert_nas_srv_status_to_ril_reg_status ... intermediate res 3 5
02-02 10:47:35.577 I/RILC    (  119): qmi_ril(0/119): [main] qcril_qmi_nas_util_convert_nas_srv_status_to_ril_reg_status ... is_sys_forbidden_valid, is_sys_forbidden 1, 0
02-02 10:47:35.577 I/RILC    (  119): qmi_ril(0/119): [main] qcril_qmi_nas_util_convert_nas_srv_status_to_ril_reg_status qcril_qmi_nas_util_convert_nas_srv_status_to_ril_reg_status complete with 5
02-02 10:47:35.577 I/RILC    (  119): qmi_ril(0/119): [main] qcril_qmi_nas_util_convert_nas_srv_status_to_ril_reg_status  qcril_qmi_nas_util_convert_nas_srv_status_to_ril_reg_status entered
02-02 10:47:35.577 D/RILC    (  119): qmi_ril(0/119): [main] qcril_qmi_util_retrieve_srv_status qcril_qmi_util_retrieve_srv_status completed with 2
02-02 10:47:35.577 I/RILC    (  119): qmi_ril(0/119): [main] qcril_qmi_nas_util_convert_nas_srv_status_to_ril_reg_status ... nas_srv_status 2, is_data 0, is_3gpp 0, is_hdr 1
02-02 10:47:35.577 I/RILC    (  119): qmi_ril(0/119): [main] qcril_qmi_nas_util_convert_nas_srv_status_to_ril_reg_status ... intermediate res 1 1
02-02 10:47:35.577 I/RILC    (  119): qmi_ril(0/119): [main] qcril_qmi_nas_util_convert_nas_srv_status_to_ril_reg_status ... common_sys_info 89624
02-02 10:47:35.577 I/RILC    (  119): qmi_ril(0/119): [main] qcril_qmi_nas_util_convert_nas_srv_status_to_ril_reg_status ... srv_capability_valid, srv_capability 1, 2
02-02 10:47:35.577 I/RILC    (  119): qmi_ril(0/119): [main] qcril_qmi_nas_util_convert_nas_srv_status_to_ril_reg_status ... srv_domain_valid, srv_domain 1, 2
02-02 10:47:35.577 I/RILC    (  119): qmi_ril(0/119): [main] qcril_qmi_nas_util_convert_nas_srv_status_to_ril_reg_status ... intermediate res 2 0
02-02 10:47:35.577 I/RILC    (  119): qmi_ril(0/119): [main] qcril_qmi_nas_util_convert_nas_srv_status_to_ril_reg_status ... hdr_only_sys_info 89656
02-02 10:47:35.577 I/RILC    (  119): qmi_ril(0/119): [main] qcril_qmi_nas_util_convert_nas_srv_status_to_ril_reg_status ... intermediate res 3 0
02-02 10:47:35.577 I/RILC    (  119): qmi_ril(0/119): [main] qcril_qmi_nas_util_convert_nas_srv_status_to_ril_reg_status ... is_sys_forbidden_valid, is_sys_forbidden 1, 0
02-02 10:47:35.577 I/RILC    (  119): qmi_ril(0/119): [main] qcril_qmi_nas_util_convert_nas_srv_status_to_ril_reg_status qcril_qmi_nas_util_convert_nas_srv_status_to_ril_reg_status complete with 0
02-02 10:47:35.577 I/RILC    (  119): qmi_ril(0/119): [main] qmi_ril_nwr_update_reg_rej_from_sys_info .. 1x reg 5
02-02 10:47:35.577 I/RILC    (  119): qmi_ril(0/119): [main] qmi_ril_nwr_update_reg_rej_from_sys_info .. gsm reg 0
02-02 10:47:35.577 I/RILC    (  119): qmi_ril(0/119): [main] qmi_ril_nwr_update_reg_rej_from_sys_info .. wcdma reg 0
02-02 10:47:35.577 I/RILC    (  119): qmi_ril(0/119): [main] qmi_ril_nwr_update_reg_rej_from_sys_info .. lte reg 0
02-02 10:47:35.577 I/RILC    (  119): qmi_ril(0/119): [main] qmi_ril_nwr_update_reg_rej_from_sys_info .. hdr reg 0
02-02 10:47:35.577 I/RILC    (  119): qmi_ril(0/119): [main] qmi_ril_nwr_update_reg_rej_from_sys_info .. ext info is_reject_case 0, is_managed_roaming 0, reject_cause 0
02-02 10:47:35.577 I/RILC    (  119): qmi_ril(0/119): [main] qmi_ril_nwr_update_reg_rej_from_sys_info .. rte 1 reje CS cs_rejected 0
02-02 10:47:35.577 I/RILC    (  119): qmi_ril(0/119): [main] qmi_ril_nwr_update_reg_rej_from_sys_info .. rte 1 reje CS cs_reject_cause 0
02-02 10:47:35.577 I/RILC    (  119): qmi_ril(0/119): [main] qmi_ril_nwr_util_log_mccmnc_str .. reje mcc - 
02-02 10:47:35.577 I/RILC    (  119): qmi_ril(0/119): [main] qmi_ril_nwr_util_log_mccmnc_str .. reje mnc - 
02-02 10:47:35.577 I/RILC    (  119): qmi_ril(0/119): [main] qmi_ril_nwr_update_reg_rej_from_sys_info .. ext info is_reject_case 0, is_managed_roaming 0, reject_cause 0
02-02 10:47:35.577 I/RILC    (  119): qmi_ril(0/119): [main] qmi_ril_nwr_update_reg_rej_from_sys_info .. rte 2 reje CS cs_rejected 0
02-02 10:47:35.577 I/RILC    (  119): qmi_ril(0/119): [main] qmi_ril_nwr_update_reg_rej_from_sys_info .. rte 2 reje CS cs_reject_cause 0
02-02 10:47:35.577 I/RILC    (  119): qmi_ril(0/119): [main] qmi_ril_nwr_util_log_mccmnc_str .. reje mcc - 
02-02 10:47:35.577 I/RILC    (  119): qmi_ril(0/119): [main] qmi_ril_nwr_util_log_mccmnc_str .. reje mnc - 
02-02 10:47:35.577 I/RILC    (  119): qmi_ril(0/119): [main] qmi_ril_nwr_update_reg_rej_from_sys_info .. ext info is_reject_case 0, is_managed_roaming 0, reject_cause 0
02-02 10:47:35.577 I/RILC    (  119): qmi_ril(0/119): [main] qmi_ril_nwr_update_reg_rej_from_sys_info .. rte 3 reje CS cs_rejected 0
02-02 10:47:35.577 I/RILC    (  119): qmi_ril(0/119): [main] qmi_ril_nwr_update_reg_rej_from_sys_info .. rte 3 reje CS cs_reject_cause 0
02-02 10:47:35.577 I/RILC    (  119): qmi_ril(0/119): [main] qmi_ril_nwr_util_log_mccmnc_str .. reje mcc - 
02-02 10:47:35.577 I/RILC    (  119): qmi_ril(0/119): [main] qmi_ril_nwr_util_log_mccmnc_str .. reje mnc - 
02-02 10:47:35.577 I/RILC    (  119): qmi_ril(0/119): [main] qmi_ril_nwr_update_reg_rej_from_sys_info .. ext info is_reject_case 0, is_managed_roaming 0, reject_cause 0
02-02 10:47:35.577 I/RILC    (  119): qmi_ril(0/119): [main] qmi_ril_nwr_update_reg_rej_from_sys_info .. rte 4 reje CS cs_rejected 0
02-02 10:47:35.577 I/RILC    (  119): qmi_ril(0/119): [main] qmi_ril_nwr_update_reg_rej_from_sys_info .. rte 4 reje CS cs_reject_cause 0
02-02 10:47:35.577 I/RILC    (  119): qmi_ril(0/119): [main] qmi_ril_nwr_util_log_mccmnc_str .. reje mcc - 
02-02 10:47:35.577 I/RILC    (  119): qmi_ril(0/119): [main] qmi_ril_nwr_util_log_mccmnc_str .. reje mnc - 
02-02 10:47:35.577 I/RILC    (  119): qmi_ril(0/119): [main] qmi_ril_nwr_update_reg_rej_from_sys_info .. ext info is_reject_case 0, is_managed_roaming 0, reject_cause 0
02-02 10:47:35.577 I/RILC    (  119): qmi_ril(0/119): [main] qmi_ril_nwr_update_reg_rej_from_sys_info .. rte 5 reje CS cs_rejected 0
02-02 10:47:35.577 I/RILC    (  119): qmi_ril(0/119): [main] qmi_ril_nwr_update_reg_rej_from_sys_info .. rte 5 reje CS cs_reject_cause 0
02-02 10:47:35.577 I/RILC    (  119): qmi_ril(0/119): [main] qmi_ril_nwr_util_log_mccmnc_str .. reje mcc - 
02-02 10:47:35.577 I/RILC    (  119): qmi_ril(0/119): [main] qmi_ril_nwr_util_log_mccmnc_str .. reje mnc - 
02-02 10:47:35.577 I/RILC    (  119): qmi_ril(0/119): [main] qcril_qmi_nas_util_convert_nas_srv_status_to_ril_reg_status  qcril_qmi_nas_util_convert_nas_srv_status_to_ril_reg_status entered
02-02 10:47:35.577 D/RILC    (  119): qmi_ril(0/119): [main] qcril_qmi_util_retrieve_srv_status qcril_qmi_util_retrieve_srv_status completed with 2
02-02 10:47:35.577 I/RILC    (  119): qmi_ril(0/119): [main] qcril_qmi_nas_util_convert_nas_srv_status_to_ril_reg_status ... nas_srv_status 2, is_data 1, is_3gpp 0, is_hdr 0
02-02 10:47:35.577 I/RILC    (  119): qmi_ril(0/119): [main] qcril_qmi_nas_util_convert_nas_srv_status_to_ril_reg_status ... intermediate res 1 5
02-02 10:47:35.577 I/RILC    (  119): qmi_ril(0/119): [main] qcril_qmi_nas_util_convert_nas_srv_status_to_ril_reg_status ... common_sys_info 114416
02-02 10:47:35.577 I/RILC    (  119): qmi_ril(0/119): [main] qcril_qmi_nas_util_convert_nas_srv_status_to_ril_reg_status ... srv_capability_valid, srv_capability 1, 3
02-02 10:47:35.577 I/RILC    (  119): qmi_ril(0/119): [main] qcril_qmi_nas_util_convert_nas_srv_status_to_ril_reg_status ... srv_domain_valid, srv_domain 1, 3
02-02 10:47:35.577 I/RILC    (  119): qmi_ril(0/119): [main] qcril_qmi_nas_util_convert_nas_srv_status_to_ril_reg_status ... intermediate res 2 5
02-02 10:47:35.577 I/RILC    (  119): qmi_ril(0/119): [main] qcril_qmi_nas_util_convert_nas_srv_status_to_ril_reg_status ... hdr_only_sys_info 0
02-02 10:47:35.577 I/RILC    (  119): qmi_ril(0/119): [main] qcril_qmi_nas_util_convert_nas_srv_status_to_ril_reg_status ... intermediate res 3 5
02-02 10:47:35.577 I/RILC    (  119): qmi_ril(0/119): [main] qcril_qmi_nas_util_convert_nas_srv_status_to_ril_reg_status ... is_sys_forbidden_valid, is_sys_forbidden 1, 0
02-02 10:47:35.577 I/RILC    (  119): qmi_ril(0/119): [main] qcril_qmi_nas_util_convert_nas_srv_status_to_ril_reg_status qcril_qmi_nas_util_convert_nas_srv_status_to_ril_reg_status complete with 5
02-02 10:47:35.577 I/RILC    (  119): qmi_ril(0/119): [main] qcril_qmi_nas_util_convert_nas_srv_status_to_ril_reg_status  qcril_qmi_nas_util_convert_nas_srv_status_to_ril_reg_status entered
02-02 10:47:35.577 D/RILC    (  119): qmi_ril(0/119): [main] qcril_qmi_util_retrieve_srv_status qcril_qmi_util_retrieve_srv_status completed with 2
02-02 10:47:35.577 I/RILC    (  119): qmi_ril(0/119): [main] qcril_qmi_nas_util_convert_nas_srv_status_to_ril_reg_status ... nas_srv_status 2, is_data 1, is_3gpp 0, is_hdr 1
02-02 10:47:35.577 I/RILC    (  119): qmi_ril(0/119): [main] qcril_qmi_nas_util_convert_nas_srv_status_to_ril_reg_status ... intermediate res 1 1
02-02 10:47:35.577 I/RILC    (  119): qmi_ril(0/119): [main] qcril_qmi_nas_util_convert_nas_srv_status_to_ril_reg_status ... common_sys_info 89624
02-02 10:47:35.577 I/RILC    (  119): qmi_ril(0/119): [main] qcril_qmi_nas_util_convert_nas_srv_status_to_ril_reg_status ... srv_capability_valid, srv_capability 1, 2
02-02 10:47:35.577 I/RILC    (  119): qmi_ril(0/119): [main] qcril_qmi_nas_util_convert_nas_srv_status_to_ril_reg_status ... srv_domain_valid, srv_domain 1, 2
02-02 10:47:35.577 I/RILC    (  119): qmi_ril(0/119): [main] qcril_qmi_nas_util_convert_nas_srv_status_to_ril_reg_status ... intermediate res 2 1
02-02 10:47:35.577 I/RILC    (  119): qmi_ril(0/119): [main] qcril_qmi_nas_util_convert_nas_srv_status_to_ril_reg_status ... hdr_only_sys_info 89656
02-02 10:47:35.577 I/RILC    (  119): qmi_ril(0/119): [main] qcril_qmi_nas_util_convert_nas_srv_status_to_ril_reg_status ... hdr_active_prot_valid, hdr_personality_valid 1, 1
02-02 10:47:35.577 I/RILC    (  119): qmi_ril(0/119): [main] qcril_qmi_nas_util_convert_nas_srv_status_to_ril_reg_status ... intermediate res 3 1
02-02 10:47:35.577 I/RILC    (  119): qmi_ril(0/119): [main] qcril_qmi_nas_util_convert_nas_srv_status_to_ril_reg_status ... is_sys_forbidden_valid, is_sys_forbidden 1, 0
02-02 10:47:35.577 I/RILC    (  119): qmi_ril(0/119): [main] qcril_qmi_nas_util_convert_nas_srv_status_to_ril_reg_status qcril_qmi_nas_util_convert_nas_srv_status_to_ril_reg_status complete with 1
02-02 10:47:35.577 I/RILC    (  119): qmi_ril(0/119): [main] qmi_ril_nwr_update_reg_rej_from_sys_info .. 1x reg data 5
02-02 10:47:35.577 I/RILC    (  119): qmi_ril(0/119): [main] qmi_ril_nwr_update_reg_rej_from_sys_info .. gsm reg data 0
02-02 10:47:35.577 I/RILC    (  119): qmi_ril(0/119): [main] qmi_ril_nwr_update_reg_rej_from_sys_info .. wcdma reg data  0
02-02 10:47:35.577 I/RILC    (  119): qmi_ril(0/119): [main] qmi_ril_nwr_update_reg_rej_from_sys_info .. lte reg data 0
02-02 10:47:35.577 I/RILC    (  119): qmi_ril(0/119): [main] qmi_ril_nwr_update_reg_rej_from_sys_info .. hdr reg data 1
02-02 10:47:35.577 I/RILC    (  119): qmi_ril(0/119): [main] qmi_ril_nwr_update_reg_rej_from_sys_info .. rte 1 reje PS ps_rejected 0
02-02 10:47:35.577 I/RILC    (  119): qmi_ril(0/119): [main] qmi_ril_nwr_update_reg_rej_from_sys_info .. rte 1 reje PS ps_reject_cause 0
