02-02 10:47:00.204 I/RILC    (  119): qmi_ril(0/119): [event] qcril_qmi_nas_fetch_signal_strength_observations qcril_qmi_nas_request_signal_strength entered RIL_REQ_RES qmi_request.request__mask = 33
02-02 10:47:00.204 I/RILC    (  119): qmi_ril(0/119): [event] qcril_qmi_nas_fetch_signal_strength_observations qcril_qmi_nas_request_signal_strength entered IF QMI RESPONSE 33
02-02 10:47:00.204 I/RILC    (  119): qmi_ril(0/119): [event] qcril_qmi_util_convert_qmi_response_codes_to_ril_result_ex qcril_qmi_util_convert_qmi_response_codes_to_ril_result_ex ctx check 0
02-02 10:47:00.204 I/RILC    (  119): qmi_ril(0/119): [event] qcril_qmi_nas_fetch_signal_strength_observations qcril_qmi_nas_request_signal_strength entered IF UTIL_RES = SUCCESS 33
02-02 10:47:00.204 I/RILC    (  119): qmi_ril(0/119): [event] qcril_qmi_nas_fetch_signal_strength_observations qcril_qmi_nas_fetch_signal_strength_observations completed 0
02-02 10:47:00.204 I/RILC    (  119): qmi_ril(0/119): [event] qcril_qmi_nas_propagate_known_signal_strength_ind .. subfetch sig strength info 0
02-02 10:47:00.204 I/RILC    (  119): qmi_ril(0/119): [event] qcril_qmi_nas_dump_sign_strength_report qcril_qmi_nas_dump_sign_strength_report entered
02-02 10:47:00.204 I/RILC    (  119): qmi_ril(0/119): [event] qcril_qmi_nas_dump_sign_strength_report ..GW
02-02 10:47:00.204 I/RILC    (  119): qmi_ril(0/119): [event] qcril_qmi_nas_dump_sign_strength_report .. signalStrength 99, bitErrorRate 0
02-02 10:47:00.204 I/RILC    (  119): qmi_ril(0/119): [event] qcril_qmi_nas_dump_sign_strength_report ..CDMA
02-02 10:47:00.204 I/RILC    (  119): qmi_ril(0/119): [event] qcril_qmi_nas_dump_sign_strength_report .. dbm 92, ecio 70 
02-02 10:47:00.204 I/RILC    (  119): qmi_ril(0/119): [event] qcril_qmi_nas_dump_sign_strength_report ..EVDO
02-02 10:47:00.204 I/RILC    (  119): qmi_ril(0/119): [event] qcril_qmi_nas_dump_sign_strength_report .. dbm 89, ecio 10, signalNoiseRatio 8
02-02 10:47:00.204 I/RILC    (  119): qmi_ril(0/119): [event] qcril_qmi_nas_dump_sign_strength_report ..LTE
02-02 10:47:00.204 I/RILC    (  119): qmi_ril(0/119): [event] qcril_qmi_nas_dump_sign_strength_report .. signalStrength 99, rsrp 2147483647, rsrq 2147483647, rsnnr 2147483647
02-02 10:47:00.204 I/RILC    (  119): qmi_ril(0/119): [event] qcril_qmi_nas_dump_sign_strength_report qcril_qmi_nas_dump_sign_strength_report completed
02-02 10:47:00.204 I/RILC    (  119): qmi_ril(0/119): [event] qcril_qmi_nas_propagate_known_signal_strength_ind .. conf res 0
02-02 10:47:00.204 D/RILC    (  119): qmi_ril(0/119): [event] qcril_send_unsol_response UI <--- RIL_UNSOL_SIGNAL_STRENGTH (1009) --- RIL [RID 0, Len 48, (null)]
02-02 10:47:00.224 I/RILC    (  119): qmi_ril(0/119): [event] qcril_qmi_nas_propagate_known_signal_strength_ind qcril_qmi_nas_propagate_known_signal_strength_ind completed 0
02-02 10:47:00.224 I/RILC    (  119): qmi_ril(0/119): [event] qcril_process_event Exit qcril_process_event() : <Unknown event> ?, err_no 0
02-02 10:47:00.224 D/RILC    (  119): qmi_ril(0/119): [event] qcril_event_main qcril_event_main(): Waiting...
02-02 10:47:00.284 D/RILJ    (  422): [0142]> SCREEN_STATE: false
02-02 10:47:00.284 D/RILC    (  119): qmi_ril(0/119): [main] onRequest UI --- RIL_REQUEST_SCREEN_STATE (61) ---> RIL [RID 0, token id 142, data len 4]
02-02 10:47:00.284 I/RILC    (  119): qmi_ril(0/119): [main] qcril_qmi_nas_request_screen_state qcril_qmi_nas_request_screen_state entered 
02-02 10:47:00.284 I/RILC    (  119): qmi_ril(0/119): [main] qcril_qmi_util_enable_networking_indications qcril_qmi_util_enable_networking_indications, param 0 
02-02 10:47:00.294 I/RILC    (  119): qmi_ril(0/119): [main] qcril_qmi_util_convert_qmi_response_codes_to_ril_result_ex qcril_qmi_util_convert_qmi_response_codes_to_ril_result_ex ctx check 0
02-02 10:47:00.294 I/RILC    (  119): qmi_ril(0/119): [main] qcril_qmi_util_enable_networking_indications .. requested nas event report 0, 0
02-02 10:47:00.294 I/RILC    (  119): qmi_ril(0/119): [main] qcril_qmi_util_convert_qmi_response_codes_to_ril_result_ex qcril_qmi_util_convert_qmi_response_codes_to_ril_result_ex ctx check 0
02-02 10:47:00.294 I/RILC    (  119): qmi_ril(0/119): [main] qcril_qmi_util_enable_networking_indications .. requested nas indication reports 0, 0
02-02 10:47:00.294 I/RILC    (  119): qmi_ril(0/119): [main] qcril_qmi_util_enable_networking_indications qcril_qmi_util_enable_networking_indications completed with 0
02-02 10:47:00.294 I/RILC    (  119): qmi_ril(0/119): [main] qcril_data_toggle_dormancy_indications >>>>>> LOCK QCRIL_DATA MUTEX 80211bd4
02-02 10:47:00.294 I/RILC    (  119): qmi_ril(0/119): [main] qcril_data_toggle_dormancy_indications LOCK QCRIL_DATA MUTEX 80211bd4 result=0
02-02 10:47:00.294 D/RILC    (  119): qmi_ril(0/119): [main] qcril_data_toggle_dormancy_indications Switch ON/OFF dormancy indications on all active interfaces
02-02 10:47:00.294 D/RILC    (  119): qmi_ril(0/119): [main] qcril_data_toggle_dormancy_indications selected index = 0
02-02 10:47:00.294 D/RILC    (  119): qmi_ril(0/119): [main] qcril_data_iface_ioctl setting dormancy event report on wds client [196864]
02-02 10:47:00.294 I/RILC    (  119): qmi_ril(0/119): [main] qcril_data_toggle_dormancy_indications <<<<<< UNLOCK QCRIL_DATA MUTEX 80211bd4
02-02 10:47:00.294 I/RILC    (  119): qmi_ril(0/119): [main] qcril_data_toggle_dormancy_indications UNLOCK QCRIL_DATA MUTEX 80211bd4 result=0
02-02 10:47:00.294 I/RILC    (  119): qmi_ril(0/119): [main] qcril_data_toggle_dormancy_indications qcril_data_toggle_dormancy_indications: EXIT with SUCCESS
02-02 10:47:00.294 I/RILC    (  119): qmi_ril(0/119): [main] qcril_qmi_nas_request_screen_state .. data dormancy req 1, 0
02-02 10:47:00.294 I/RILC    (  119): qmi_ril(0/119): [main] qcril_reqlist_find [RID 0] Not found ReqList entry : token id 142
02-02 10:47:00.294 D/RILC    (  119): qmi_ril(0/119): [main] qcril_send_request_response UI <--- RIL_REQUEST_SCREEN_STATE (61) Complete --- RIL [RID 0, Token 142, Success, Len 0 ]
02-02 10:47:00.294 I/RILC    (  119): qmi_ril(0/119): [main] qcril_qmi_nas_request_screen_state qcril_qmi_nas_request_screen_state complete with 0
02-02 10:47:00.294 D/RILJ    (  422): [0142]< SCREEN_STATE 
02-02 10:47:16.540 D/RILJ    (  422): [0143]> SCREEN_STATE: true
02-02 10:47:16.540 D/RILC    (  119): qmi_ril(0/119): [main] onRequest UI --- RIL_REQUEST_SCREEN_STATE (61) ---> RIL [RID 0, token id 143, data len 4]
02-02 10:47:16.540 I/RILC    (  119): qmi_ril(0/119): [main] qcril_qmi_nas_request_screen_state qcril_qmi_nas_request_screen_state entered 
02-02 10:47:16.540 I/RILC    (  119): qmi_ril(0/119): [main] qcril_qmi_util_enable_networking_indications qcril_qmi_util_enable_networking_indications, param 1 
02-02 10:47:16.550 I/RILC    (  119): qmi_ril(0/119): [main] qcril_qmi_util_convert_qmi_response_codes_to_ril_result_ex qcril_qmi_util_convert_qmi_response_codes_to_ril_result_ex ctx check 0
02-02 10:47:16.550 I/RILC    (  119): qmi_ril(0/119): [main] qcril_qmi_util_enable_networking_indications .. requested nas event report 0, 0
02-02 10:47:16.550 I/RILC    (  119): qmi_ril(0/119): [main] qcril_qmi_util_convert_qmi_response_codes_to_ril_result_ex qcril_qmi_util_convert_qmi_response_codes_to_ril_result_ex ctx check 0
02-02 10:47:16.550 I/RILC    (  119): qmi_ril(0/119): [main] qcril_qmi_util_enable_networking_indications .. requested nas indication reports 0, 0
02-02 10:47:16.550 I/RILC    (  119): qmi_ril(0/119): [main] qcril_qmi_nas_drop_nw_info_cache  qcril_qmi_nas_drop_nw_info_cache entry 
02-02 10:47:16.550 I/RILC    (  119): qmi_ril(0/119): [main] qcril_qmi_nas_drop_nw_info_cache qcril_qmi_nas_drop_nw_info_cache complete 
02-02 10:47:16.550 I/RILC    (  119): qmi_ril(0/119): [main] qcril_qmi_util_convert_qmi_response_codes_to_ril_result_ex qcril_qmi_util_convert_qmi_response_codes_to_ril_result_ex ctx check 0
02-02 10:47:16.550 I/RILC    (  119): qmi_ril(0/119): [main] qcril_qmi_voice_technology_updated qcril_qmi_voice_technology_updated entered
02-02 10:47:16.550 I/RILC    (  119): qmi_ril(0/119): [main] qcril_qmi_voice_technology_updated ..nas_cached_info.serving_system valid 1
02-02 10:47:16.550 I/RILC    (  119): qmi_ril(0/119): [main] qcril_qmi_voice_technology_updated .. selected NW 1
02-02 10:47:16.550 I/RILC    (  119): qmi_ril(0/119): [main] qcril_qmi_voice_technology_updated .. NW state 1
02-02 10:47:16.550 I/RILC    (  119): qmi_ril(0/119): [main] qcril_qmi_mgr_voice_technology_updated qcril_qmi_mgr_voice_technology_updated entered
02-02 10:47:16.550 I/RILC    (  119): qmi_ril(0/119): [main] qcril_qmi_mgr_voice_technology_updated qcril_qmi_mgr_voice_technology_updated left 2
02-02 10:47:16.550 I/RILC    (  119): qmi_ril(0/119): [main] qcril_qmi_voice_technology_updated qcril_qmi_voice_technology_updated completed for 2
02-02 10:47:16.550 I/RILC    (  119): qmi_ril(0/119): [main] qmi_ril_nwr_update_reg_rej_legacy qmi_ril_nwr_update_reg_rej_legacy entered
02-02 10:47:16.550 I/RILC    (  119): qmi_ril(0/119): [main] qmi_ril_nwr_update_reg_rej_legacy .. ss srv reg state 1
02-02 10:47:16.550 I/RILC    (  119): qmi_ril(0/119): [main] qmi_ril_nwr_update_reg_rej_legacy .. reje CS cs_rejected 0
02-02 10:47:16.550 I/RILC    (  119): qmi_ril(0/119): [main] qmi_ril_nwr_update_reg_rej_legacy .. reje CS cs_reject_cause 0
02-02 10:47:16.550 I/RILC    (  119): qmi_ril(0/119): [main] qmi_ril_nwr_update_reg_rej_legacy .. reje PS ps_rejected 0
02-02 10:47:16.550 I/RILC    (  119): qmi_ril(0/119): [main] qmi_ril_nwr_update_reg_rej_legacy .. reje PS ps_reject_cause 0
02-02 10:47:16.550 I/RILC    (  119): qmi_ril(0/119): [main] qmi_ril_nwr_util_log_mccmnc_str .. reje mcc - 
02-02 10:47:16.550 I/RILC    (  119): qmi_ril(0/119): [main] qmi_ril_nwr_util_log_mccmnc_str .. reje mnc - 
02-02 10:47:16.550 I/RILC    (  119): qmi_ril(0/119): [main] qmi_ril_nwr_update_reg_rej_legacy qmi_ril_nwr_update_reg_rej_legacy completed
02-02 10:47:16.550 I/RILC    (  119): qmi_ril(0/119): [main] qcril_qmi_nas_fetch_serving_system_info qcril_qmi_nas_fetch_serving_system_info res 0 
02-02 10:47:16.550 I/RILC    (  119): qmi_ril(0/119): [main] qcril_qmi_nas_fetch_signal_strength_observations qcril_qmi_nas_fetch_signal_strength_observations entered
02-02 10:47:16.550 I/RILC    (  119): qmi_ril(0/119): [main] qcril_qmi_nas_fetch_signal_strength_observations ..req mask 115
02-02 10:47:16.550 I/RILC    (  119): qmi_ril(0/119): [main] qcril_qmi_nas_fetch_signal_strength_observations qcril_qmi_nas_request_signal_strength entered IF 115
02-02 10:47:16.550 I/RILC    (  119): qmi_ril(0/119): [main] qcril_qmi_nas_fetch_signal_strength_observations qcril_qmi_nas_request_signal_strength entered RIL_REQ_RES qmi_request.request__mask = 51
02-02 10:47:16.550 I/RILC    (  119): qmi_ril(0/119): [main] qcril_qmi_nas_fetch_signal_strength_observations qcril_qmi_nas_request_signal_strength entered IF QMI RESPONSE 115
02-02 10:47:16.550 I/RILC    (  119): qmi_ril(0/119): [main] qcril_qmi_util_convert_qmi_response_codes_to_ril_result_ex qcril_qmi_util_convert_qmi_response_codes_to_ril_result_ex ctx check 0
02-02 10:47:16.550 I/RILC    (  119): qmi_ril(0/119): [main] qcril_qmi_nas_fetch_signal_strength_observations qcril_qmi_nas_request_signal_strength entered IF UTIL_RES = SUCCESS 115
02-02 10:47:16.550 I/RILC    (  119): qmi_ril(0/119): [main] qcril_qmi_nas_fetch_signal_strength_observations qcril_qmi_nas_fetch_signal_strength_observations completed 0
02-02 10:47:16.550 I/RILC    (  119): qmi_ril(0/119): [main] qcril_qmi_util_enable_networking_indications .. new / old rte 2 / 2
02-02 10:47:16.550 D/RILC    (  119): qmi_ril(0/119): [main] qcril_send_unsol_response UI <--- RIL_UNSOL_RESPONSE_NETWORK_STATE_CHANGED (1002) --- RIL [RID 0, Len 0, (null)]
02-02 10:47:16.550 D/RILJ    (  422): [UNSL]< UNSOL_RESPONSE_NETWORK_STATE_CHANGED
02-02 10:47:16.550 D/RILC    (  119): qmi_ril(0/119): [main] qcril_send_unsol_response UI <--- RIL_UNSOL_RESPONSE_DATA_NETWORK_STATE_CHANGED (1037) --- RIL [RID 0, Len 0, (null)]
02-02 10:47:16.550 I/RILC    (  119): qmi_ril(0/119): [main] qcril_qmi_util_enable_networking_indications .. restrict status info 0
02-02 10:47:16.550 I/RILC    (  119): qmi_ril(0/119): [main] qcril_qmi_nas_fill_up_restricted_state_details  .. restricted_state_changed_local, restricted_state_details_local 0, 0
02-02 10:47:16.550 D/RILC    (  119): qmi_ril(0/119): [main] qcril_event_queue Event [<Unknown event> ?, 655370] data was NULL!
02-02 10:47:16.550 D/RILC    (  119): qmi_ril(0/119): [event] qcril_event_main qcril_event_main(): 1 items on queue
02-02 10:47:16.550 D/RILC    (  119): qmi_ril(0/119): [event] qcril_event_main RID 0 MID 0 De-queued event <Unknown event> ? (655370)
02-02 10:47:16.550 D/RILC    (  119): qmi_ril(0/119): [event] qcril_process_event RIL <=== <Unknown event> ?(655370), RID 0, MID 0 === AMSS
02-02 10:47:16.550 I/RILC    (  119): qmi_ril(0/119): [event] qcril_qmi_trigger_propagate_known_signal_strength_ind qcril_qmi_trigger_propagate_known_signal_strength_ind received
02-02 10:47:16.550 I/RILC    (  119): qmi_ril(0/119): [event] qcril_qmi_nas_propagate_known_signal_strength_ind qcril_qmi_nas_propagate_known_signal_strength_ind entered
02-02 10:47:16.550 I/RILC    (  119): qmi_ril(0/119): [event] qcril_qmi_nas_fetch_signal_strength_observations qcril_qmi_nas_fetch_signal_strength_observations entered
02-02 10:47:16.550 I/RILC    (  119): qmi_ril(0/119): [event] qcril_qmi_nas_fetch_signal_strength_observations ..req mask 32
02-02 10:47:16.550 I/RILC    (  119): qmi_ril(0/119): [event] qcril_qmi_nas_fetch_signal_strength_observations qcril_qmi_nas_request_signal_strength entered IF 32
02-02 10:47:16.550 I/RILC    (  119): qmi_ril(0/119): [event] qcril_qmi_nas_fetch_signal_strength_observations qcril_qmi_nas_request_signal_strength entered RIL_REQ_RES qmi_request.request__mask = 32
02-02 10:47:16.550 I/RILC    (  119): qmi_ril(0/119): [event] qcril_qmi_nas_fetch_signal_strength_observations qcril_qmi_nas_request_signal_strength entered IF QMI RESPONSE 32
02-02 10:47:16.550 D/RILC    (  119): qmi_ril(0/119): [main] qcril_event_queue RID 0 MID 0 Queued event <Unknown event> ? (0 bytes)
02-02 10:47:16.550 I/RILC    (  119): qmi_ril(0/119): [main] qcril_qmi_util_enable_networking_indications qcril_qmi_util_enable_networking_indications completed with 0
02-02 10:47:16.550 D/RILJ    (  422): [UNSL]< RIL_UNSOL_RESPONSE_DATA_NETWORK_STATE_CHANGED
02-02 10:47:16.550 D/RILJ    (  422): [0144]> OPERATOR
02-02 10:47:16.550 I/RILC    (  119): qmi_ril(0/119): [event] qcril_qmi_util_convert_qmi_response_codes_to_ril_result_ex qcril_qmi_util_convert_qmi_response_codes_to_ril_result_ex ctx check 0
02-02 10:47:16.550 I/RILC    (  119): qmi_ril(0/119): [event] qcril_qmi_nas_fetch_signal_strength_observations qcril_qmi_nas_request_signal_strength entered IF UTIL_RES = SUCCESS 32
02-02 10:47:16.550 I/RILC    (  119): qmi_ril(0/119): [event] qcril_qmi_nas_fetch_signal_strength_observations qcril_qmi_nas_fetch_signal_strength_observations completed 0
02-02 10:47:16.550 I/RILC    (  119): qmi_ril(0/119): [event] qcril_qmi_nas_propagate_known_signal_strength_ind .. subfetch sig strength info 0
02-02 10:47:16.550 I/RILC    (  119): qmi_ril(0/119): [event] qcril_qmi_nas_dump_sign_strength_report qcril_qmi_nas_dump_sign_strength_report entered
02-02 10:47:16.550 I/RILC    (  119): qmi_ril(0/119): [event] qcril_qmi_nas_dump_sign_strength_report ..GW
02-02 10:47:16.550 I/RILC    (  119): qmi_ril(0/119): [event] qcril_qmi_nas_dump_sign_strength_report .. signalStrength 99, bitErrorRate 0
02-02 10:47:16.550 I/RILC    (  119): qmi_ril(0/119): [event] qcril_qmi_nas_dump_sign_strength_report ..CDMA
02-02 10:47:16.550 I/RILC    (  119): qmi_ril(0/119): [event] qcril_qmi_nas_dump_sign_strength_report .. dbm 88, ecio 100 
02-02 10:47:16.550 I/RILC    (  119): qmi_ril(0/119): [event] qcril_qmi_nas_dump_sign_strength_report ..EVDO
02-02 10:47:16.550 I/RILC    (  119): qmi_ril(0/119): [event] qcril_qmi_nas_dump_sign_strength_report .. dbm 88, ecio 80, signalNoiseRatio 8
02-02 10:47:16.550 I/RILC    (  119): qmi_ril(0/119): [event] qcril_qmi_nas_dump_sign_strength_report ..LTE
02-02 10:47:16.550 I/RILC    (  119): qmi_ril(0/119): [event] qcril_qmi_nas_dump_sign_strength_report .. signalStrength 99, rsrp 2147483647, rsrq 2147483647, rsnnr 2147483647
02-02 10:47:16.550 I/RILC    (  119): qmi_ril(0/119): [event] qcril_qmi_nas_dump_sign_strength_report qcril_qmi_nas_dump_sign_strength_report completed
02-02 10:47:16.550 I/RILC    (  119): qmi_ril(0/119): [event] qcril_qmi_nas_propagate_known_signal_strength_ind .. conf res 0
02-02 10:47:16.550 D/RILC    (  119): qmi_ril(0/119): [event] qcril_send_unsol_response UI <--- RIL_UNSOL_SIGNAL_STRENGTH (1009) --- RIL [RID 0, Len 48, (null)]
02-02 10:47:16.550 I/RILC    (  119): qmi_ril(0/119): [event] qcril_qmi_nas_propagate_known_signal_strength_ind qcril_qmi_nas_propagate_known_signal_strength_ind completed 0
02-02 10:47:16.550 I/RILC    (  119): qmi_ril(0/119): [event] qcril_process_event Exit qcril_process_event() : <Unknown event> ?, err_no 0
02-02 10:47:16.550 D/RILC    (  119): qmi_ril(0/119): [event] qcril_event_main qcril_event_main(): Waiting...
02-02 10:47:16.560 D/RILJ    (  422): [0145]> REGISTRATION_STATE
02-02 10:47:16.560 I/RILC    (  119): qmi_ril(0/119): [main] qcril_qmi_util_convert_qmi_response_codes_to_ril_result_ex qcril_qmi_util_convert_qmi_response_codes_to_ril_result_ex ctx check 0
02-02 10:47:16.560 I/RILC    (  119): qmi_ril(0/119): [main] qcril_qmi_voice_technology_updated qcril_qmi_voice_technology_updated entered
02-02 10:47:16.560 I/RILC    (  119): qmi_ril(0/119): [main] qcril_qmi_voice_technology_updated ..nas_cached_info.serving_system valid 1
02-02 10:47:16.560 I/RILC    (  119): qmi_ril(0/119): [main] qcril_qmi_voice_technology_updated .. selected NW 1
02-02 10:47:16.560 I/RILC    (  119): qmi_ril(0/119): [main] qcril_qmi_voice_technology_updated .. NW state 1
02-02 10:47:16.560 I/RILC    (  119): qmi_ril(0/119): [main] qcril_qmi_mgr_voice_technology_updated qcril_qmi_mgr_voice_technology_updated entered
02-02 10:47:16.560 I/RILC    (  119): qmi_ril(0/119): [main] qcril_qmi_mgr_voice_technology_updated qcril_qmi_mgr_voice_technology_updated left 2
02-02 10:47:16.560 I/RILC    (  119): qmi_ril(0/119): [main] qcril_qmi_voice_technology_updated qcril_qmi_voice_technology_updated completed for 2
02-02 10:47:16.560 I/RILC    (  119): qmi_ril(0/119): [main] qmi_ril_nwr_update_reg_rej_legacy qmi_ril_nwr_update_reg_rej_legacy entered
02-02 10:47:16.560 I/RILC    (  119): qmi_ril(0/119): [main] qmi_ril_nwr_update_reg_rej_legacy .. ss srv reg state 1
02-02 10:47:16.560 I/RILC    (  119): qmi_ril(0/119): [main] qmi_ril_nwr_update_reg_rej_legacy .. reje CS cs_rejected 0
02-02 10:47:16.560 I/RILC    (  119): qmi_ril(0/119): [main] qmi_ril_nwr_update_reg_rej_legacy .. reje CS cs_reject_cause 0
02-02 10:47:16.560 I/RILC    (  119): qmi_ril(0/119): [main] qmi_ril_nwr_update_reg_rej_legacy .. reje PS ps_rejected 0
02-02 10:47:16.560 I/RILC    (  119): qmi_ril(0/119): [main] qmi_ril_nwr_update_reg_rej_legacy .. reje PS ps_reject_cause 0
02-02 10:47:16.560 I/RILC    (  119): qmi_ril(0/119): [main] qmi_ril_nwr_util_log_mccmnc_str .. reje mcc - 
02-02 10:47:16.560 I/RILC    (  119): qmi_ril(0/119): [main] qmi_ril_nwr_util_log_mccmnc_str .. reje mnc - 
02-02 10:47:16.560 I/RILC    (  119): qmi_ril(0/119): [main] qmi_ril_nwr_update_reg_rej_legacy qmi_ril_nwr_update_reg_rej_legacy completed
02-02 10:47:16.560 I/RILC    (  119): qmi_ril(0/119): [main] qcril_qmi_nas_fetch_serving_system_info qcril_qmi_nas_fetch_serving_system_info res 0 
02-02 10:47:16.560 I/RILC    (  119): qmi_ril(0/119): [main] qcril_data_toggle_dormancy_indications >>>>>> LOCK QCRIL_DATA MUTEX 80211bd4
02-02 10:47:16.560 I/RILC    (  119): qmi_ril(0/119): [main] qcril_data_toggle_dormancy_indications LOCK QCRIL_DATA MUTEX 80211bd4 result=0
02-02 10:47:16.560 D/RILC    (  119): qmi_ril(0/119): [main] qcril_data_toggle_dormancy_indications Switch ON/OFF dormancy indications on all active interfaces
02-02 10:47:16.560 D/RILC    (  119): qmi_ril(0/119): [main] qcril_data_toggle_dormancy_indications selected index = 0
02-02 10:47:16.560 D/RILC    (  119): qmi_ril(0/119): [main] qcril_data_iface_ioctl setting dormancy event report on wds client [196864]
02-02 10:47:16.560 D/RILC    (  119): qmi_ril(0/119): [main] qcril_data_iface_ioctl getting dormancy status for wds client [196864]
02-02 10:47:16.560 D/RILJ    (  422): [0146]> DATA_REGISTRATION_STATE
02-02 10:47:16.560 I/RILC    (  119): qmi_ril(0/119): [main] qcril_data_toggle_dormancy_indications <<<<<< UNLOCK QCRIL_DATA MUTEX 80211bd4
02-02 10:47:16.560 I/RILC    (  119): qmi_ril(0/119): [main] qcril_data_toggle_dormancy_indications UNLOCK QCRIL_DATA MUTEX 80211bd4 result=0
02-02 10:47:16.560 I/RILC    (  119): qmi_ril(0/119): [main] qcril_data_toggle_dormancy_indications qcril_data_toggle_dormancy_indications: EXIT with SUCCESS
02-02 10:47:16.560 I/RILC    (  119): qmi_ril(0/119): [main] qcril_qmi_nas_request_screen_state .. data dormancy req 2, 0
02-02 10:47:16.560 I/RILC    (  119): qmi_ril(0/119): [main] qcril_reqlist_find [RID 0] Not found ReqList entry : token id 143
02-02 10:47:16.560 D/RILC    (  119): qmi_ril(0/119): [main] qcril_send_request_response UI <--- RIL_REQUEST_SCREEN_STATE (61) Complete --- RIL [RID 0, Token 143, Success, Len 0 ]
02-02 10:47:16.560 D/RILJ    (  422): [0143]< SCREEN_STATE 
02-02 10:47:16.560 I/RILC    (  119): qmi_ril(0/119): [main] qcril_qmi_nas_request_screen_state qcril_qmi_nas_request_screen_state complete with 0
02-02 10:47:16.560 D/RILC    (  119): qmi_ril(0/119): [main] onRequest UI --- RIL_REQUEST_OPERATOR (22) ---> RIL [RID 0, token id 144, data len 0]
02-02 10:47:16.560 I/RILC    (  119): qmi_ril(0/119): [main] qcril_qmi_nas_request_operator qcril_qmi_nas_request_operator entered
02-02 10:47:16.560 I/RILC    (  119): qmi_ril(0/119): [main] qcril_qmi_nas_is_considered_registered qcril_qmi_nas_is_considered_registered entered
02-02 10:47:16.560 I/RILC    (  119): qmi_ril(0/119): [main] qcril_qmi_nas_is_considered_registered qcril_qmi_nas_is_considered_registered completed with 1
02-02 10:47:16.560 I/RILC    (  119): qmi_ril(0/119): [main] qcril_qmi_nas_is_in_service_of_technology qcril_qmi_nas_is_in_service_of_technology entered
02-02 10:47:16.560 I/RILC    (  119): qmi_ril(0/119): [main] qcril_qmi_nas_is_in_service_of_technology qcril_qmi_nas_is_in_service_of_technology completed with 0
02-02 10:47:16.560 I/RILC    (  119): qmi_ril(0/119): [main] qcril_qmi_nas_request_operator .. everything cached non sys_info 1
02-02 10:47:16.560 I/RILC    (  119): qmi_ril(0/119): [main] qcril_qmi_nas_request_operator ..mcc_mnc_ascii 310099
02-02 10:47:16.560 I/RILC    (  119): qmi_ril(0/119): [main] qcril_qmi_nas_fill_up_3gpp2_operator_name qcril_qmi_nas_fill_up_3gpp2_operator_name mcc 310 mnc 099 sid 4139 nid 41
02-02 10:47:16.560 D/RILC    (  119): qmi_ril(0/119): [main] qcril_qmi_nas2_find_3gpp2_static_operator_name UE Memory List does not contain the specified operator
02-02 10:47:16.560 I/RILC    (  119): qmi_ril(0/119): [main] qcril_qmi_nas_fill_up_3gpp2_operator_name ..will return static , 
02-02 10:47:16.560 I/RILC    (  119): qmi_ril(0/119): [main] qcril_qmi_nas_fill_up_3gpp2_operator_name qcril_qmi_nas_fill_up_3gpp2_operator_name completed with 0
02-02 10:47:16.580 I/RILC    (  119): qmi_ril(0/119): [main] qcril_qmi_util_convert_qmi_response_codes_to_ril_result_ex qcril_qmi_util_convert_qmi_response_codes_to_ril_result_ex ctx check 4
02-02 10:47:16.580 I/RILC    (  119): qmi_ril(0/119): [main] qcril_qmi_nas_request_operator 0, 0, 0
02-02 10:47:16.580 I/RILC    (  119): qmi_ril(0/119): [main] qcril_qmi_nas_request_operator nam name valid 1, len 12
02-02 10:47:16.580 I/RILC    (  119): qmi_ril(0/119): [main] qcril_qmi_nas_request_operator .. used_nam_name_len 12
02-02 10:47:16.580 I/RILC    (  119): qmi_ril(0/119): [main] qcril_qmi_nas_request_operator .. nam             
02-02 10:47:16.580 I/RILC    (  119): qmi_ril(0/119): [main] qcril_qmi_nas_request_operator .. res long             
02-02 10:47:16.580 I/RILC    (  119): qmi_ril(0/119): [main] qcril_qmi_nas_request_operator .. res short 
02-02 10:47:16.580 I/RILC    (  119): qmi_ril(0/119): [main] qcril_qmi_nas_request_operator .. res mcc_mnc 310099
02-02 10:47:16.580 I/RILC    (  119): qmi_ril(0/119): [main] qcril_qmi_nas_request_operator qcril_qmi_nas_request_operator long             
02-02 10:47:16.580 I/RILC    (  119): qmi_ril(0/119): [main] qcril_qmi_nas_request_operator qcril_qmi_nas_request_operator short 
02-02 10:47:16.580 I/RILC    (  119): qmi_ril(0/119): [main] qcril_qmi_nas_request_operator qcril_qmi_nas_request_operator mcc_mnc 310099
02-02 10:47:16.580 I/RILC    (  119): qmi_ril(0/119): [main] qcril_reqlist_find [RID 0] Not found ReqList entry : token id 144
02-02 10:47:16.580 D/RILC    (  119): qmi_ril(0/119): [main] qcril_send_request_response UI <--- RIL_REQUEST_OPERATOR (22) Complete --- RIL [RID 0, Token 144, Success, Len 12 ]
02-02 10:47:16.580 I/RILC    (  119): qmi_ril(0/119): [main] qcril_qmi_nas_request_operator qcril_qmi_nas_request_operator complete with 0
02-02 10:47:16.580 D/RILC    (  119): qmi_ril(0/119): [main] onRequest UI --- RIL_REQUEST_REGISTRATION_STATE (20) ---> RIL [RID 0, token id 145, data len 0]
02-02 10:47:16.580 I/RILC    (  119): qmi_ril(0/119): [main] qcril_qmi_nas_request_registration_state qcril_qmi_nas_request_registration_state entered
02-02 10:47:16.580 I/RILC    (  119): qmi_ril(0/119): [main] qcril_qmi_nas_is_in_service_of_technology qcril_qmi_nas_is_in_service_of_technology entered
02-02 10:47:16.580 I/RILC    (  119): qmi_ril(0/119): [main] qcril_qmi_nas_is_in_service_of_technology qcril_qmi_nas_is_in_service_of_technology completed with 0
02-02 10:47:16.580 I/RILC    (  119): qmi_ril(0/119): [main] qcril_qmi_nas_is_in_service_of_technology qcril_qmi_nas_is_in_service_of_technology entered
02-02 10:47:16.580 I/RILC    (  119): qmi_ril(0/119): [main] qcril_qmi_nas_is_in_service_of_technology qcril_qmi_nas_is_in_service_of_technology completed with 1
02-02 10:47:16.580 I/RILC    (  119): qmi_ril(0/119): [main] qcril_qmi_nas_request_registration_state qcril_qmi_nas_request_registration_state cache subrequest need 1
02-02 10:47:16.580 D/RILJ    (  422): [0144]< OPERATOR {            , , 310099}
02-02 10:47:16.580 I/RILC    (  119): qmi_ril(0/119): [main] qcril_qmi_util_convert_qmi_response_codes_to_ril_result_ex qcril_qmi_util_convert_qmi_response_codes_to_ril_result_ex ctx check 0
02-02 10:47:16.580 I/RILC    (  119): qmi_ril(0/119): [main] qcril_qmi_voice_technology_updated qcril_qmi_voice_technology_updated entered
02-02 10:47:16.580 I/RILC    (  119): qmi_ril(0/119): [main] qcril_qmi_voice_technology_updated ..nas_cached_info.serving_system valid 1
02-02 10:47:16.580 I/RILC    (  119): qmi_ril(0/119): [main] qcril_qmi_voice_technology_updated .. selected NW 1
02-02 10:47:16.580 I/RILC    (  119): qmi_ril(0/119): [main] qcril_qmi_voice_technology_updated .. NW state 1
02-02 10:47:16.580 I/RILC    (  119): qmi_ril(0/119): [main] qcril_qmi_mgr_voice_technology_updated qcril_qmi_mgr_voice_technology_updated entered
02-02 10:47:16.580 I/RILC    (  119): qmi_ril(0/119): [main] qcril_qmi_mgr_voice_technology_updated qcril_qmi_mgr_voice_technology_updated left 2
02-02 10:47:16.580 I/RILC    (  119): qmi_ril(0/119): [main] qcril_qmi_voice_technology_updated qcril_qmi_voice_technology_updated completed for 2
02-02 10:47:16.580 I/RILC    (  119): qmi_ril(0/119): [main] qmi_ril_nwr_update_reg_rej_legacy qmi_ril_nwr_update_reg_rej_legacy entered
02-02 10:47:16.580 I/RILC    (  119): qmi_ril(0/119): [main] qmi_ril_nwr_update_reg_rej_legacy .. ss srv reg state 1
02-02 10:47:16.580 I/RILC    (  119): qmi_ril(0/119): [main] qmi_ril_nwr_update_reg_rej_legacy .. reje CS cs_rejected 0
02-02 10:47:16.580 I/RILC    (  119): qmi_ril(0/119): [main] qmi_ril_nwr_update_reg_rej_legacy .. reje CS cs_reject_cause 0
02-02 10:47:16.580 I/RILC    (  119): qmi_ril(0/119): [main] qmi_ril_nwr_update_reg_rej_legacy .. reje PS ps_rejected 0
02-02 10:47:16.580 I/RILC    (  119): qmi_ril(0/119): [main] qmi_ril_nwr_update_reg_rej_legacy .. reje PS ps_reject_cause 0
02-02 10:47:16.580 I/RILC    (  119): qmi_ril(0/119): [main] qmi_ril_nwr_util_log_mccmnc_str .. reje mcc - 
02-02 10:47:16.580 I/RILC    (  119): qmi_ril(0/119): [main] qmi_ril_nwr_util_log_mccmnc_str .. reje mnc - 
02-02 10:47:16.580 I/RILC    (  119): qmi_ril(0/119): [main] qmi_ril_nwr_update_reg_rej_legacy qmi_ril_nwr_update_reg_rej_legacy completed
02-02 10:47:16.580 I/RILC    (  119): qmi_ril(0/119): [main] qcril_qmi_nas_fetch_serving_system_info qcril_qmi_nas_fetch_serving_system_info res 0 
02-02 10:47:16.580 I/RILC    (  119): qmi_ril(0/119): [main] qcril_qmi_util_convert_qmi_response_codes_to_ril_result_ex qcril_qmi_util_convert_qmi_response_codes_to_ril_result_ex ctx check 0
02-02 10:47:16.580 I/RILC    (  119): qmi_ril(0/119): [main] qcril_qmi_nas_update_voice_rte qcril_qmi_nas_update_voice_rte entered
02-02 10:47:16.580 I/RILC    (  119): qmi_ril(0/119): [main] qcril_qmi_nas_util_convert_nas_srv_status_to_ril_reg_status  qcril_qmi_nas_util_convert_nas_srv_status_to_ril_reg_status entered
02-02 10:47:16.580 D/RILC    (  119): qmi_ril(0/119): [main] qcril_qmi_util_retrieve_srv_status qcril_qmi_util_retrieve_srv_status completed with 2
02-02 10:47:16.580 I/RILC    (  119): qmi_ril(0/119): [main] qcril_qmi_nas_util_convert_nas_srv_status_to_ril_reg_status ... nas_srv_status 2, is_data 0, is_3gpp 0, is_hdr 0
02-02 10:47:16.580 I/RILC    (  119): qmi_ril(0/119): [main] qcril_qmi_nas_util_convert_nas_srv_status_to_ril_reg_status ... intermediate res 1 5
02-02 10:47:16.580 I/RILC    (  119): qmi_ril(0/119): [main] qcril_qmi_nas_util_convert_nas_srv_status_to_ril_reg_status ... common_sys_info 89216
02-02 10:47:16.580 I/RILC    (  119): qmi_ril(0/119): [main] qcril_qmi_nas_util_convert_nas_srv_status_to_ril_reg_status ... srv_capability_valid, srv_capability 1, 3
02-02 10:47:16.580 I/RILC    (  119): qmi_ril(0/119): [main] qcril_qmi_nas_util_convert_nas_srv_status_to_ril_reg_status ... srv_domain_valid, srv_domain 1, 3
02-02 10:47:16.580 I/RILC    (  119): qmi_ril(0/119): [main] qcril_qmi_nas_util_convert_nas_srv_status_to_ril_reg_status ... intermediate res 2 5
02-02 10:47:16.580 I/RILC    (  119): qmi_ril(0/119): [main] qcril_qmi_nas_util_convert_nas_srv_status_to_ril_reg_status ... hdr_only_sys_info 0
02-02 10:47:16.580 I/RILC    (  119): qmi_ril(0/119): [main] qcril_qmi_nas_util_convert_nas_srv_status_to_ril_reg_status ... intermediate res 3 5
02-02 10:47:16.580 I/RILC    (  119): qmi_ril(0/119): [main] qcril_qmi_nas_util_convert_nas_srv_status_to_ril_reg_status ... is_sys_forbidden_valid, is_sys_forbidden 1, 0
02-02 10:47:16.580 I/RILC    (  119): qmi_ril(0/119): [main] qcril_qmi_nas_util_convert_nas_srv_status_to_ril_reg_status qcril_qmi_nas_util_convert_nas_srv_status_to_ril_reg_status complete with 5
02-02 10:47:16.580 I/RILC    (  119): qmi_ril(0/119): [main] qcril_qmi_nas_util_convert_nas_srv_status_to_ril_reg_status  qcril_qmi_nas_util_convert_nas_srv_status_to_ril_reg_status entered
02-02 10:47:16.580 D/RILC    (  119): qmi_ril(0/119): [main] qcril_qmi_util_retrieve_srv_status qcril_qmi_util_retrieve_srv_status completed with 2
02-02 10:47:16.580 I/RILC    (  119): qmi_ril(0/119): [main] qcril_qmi_nas_util_convert_nas_srv_status_to_ril_reg_status ... nas_srv_status 2, is_data 1, is_3gpp 0, is_hdr 1
02-02 10:47:16.580 I/RILC    (  119): qmi_ril(0/119): [main] qcril_qmi_nas_util_convert_nas_srv_status_to_ril_reg_status ... intermediate res 1 1
02-02 10:47:16.580 I/RILC    (  119): qmi_ril(0/119): [main] qcril_qmi_nas_util_convert_nas_srv_status_to_ril_reg_status ... common_sys_info 89296
02-02 10:47:16.580 I/RILC    (  119): qmi_ril(0/119): [main] qcril_qmi_nas_util_convert_nas_srv_status_to_ril_reg_status ... srv_capability_valid, srv_capability 1, 2
02-02 10:47:16.580 I/RILC    (  119): qmi_ril(0/119): [main] qcril_qmi_nas_util_convert_nas_srv_status_to_ril_reg_status ... srv_domain_valid, srv_domain 1, 2
02-02 10:47:16.580 I/RILC    (  119): qmi_ril(0/119): [main] qcril_qmi_nas_util_convert_nas_srv_status_to_ril_reg_status ... intermediate res 2 1
02-02 10:47:16.580 I/RILC    (  119): qmi_ril(0/119): [main] qcril_qmi_nas_util_convert_nas_srv_status_to_ril_reg_status ... hdr_only_sys_info 89328
02-02 10:47:16.580 I/RILC    (  119): qmi_ril(0/119): [main] qcril_qmi_nas_util_convert_nas_srv_status_to_ril_reg_status ... hdr_active_prot_valid, hdr_personality_valid 1, 1
02-02 10:47:16.580 I/RILC    (  119): qmi_ril(0/119): [main] qcril_qmi_nas_util_convert_nas_srv_status_to_ril_reg_status ... intermediate res 3 1
02-02 10:47:16.580 I/RILC    (  119): qmi_ril(0/119): [main] qcril_qmi_nas_util_convert_nas_srv_status_to_ril_reg_status ... is_sys_forbidden_valid, is_sys_forbidden 1, 0
02-02 10:47:16.580 I/RILC    (  119): qmi_ril(0/119): [main] qcril_qmi_nas_util_convert_nas_srv_status_to_ril_reg_status qcril_qmi_nas_util_convert_nas_srv_status_to_ril_reg_status complete with 1
02-02 10:47:16.580 I/RILC    (  119): qmi_ril(0/119): [main] qcril_qmi_nas_update_voice_rte .. 1x reg 5
02-02 10:47:16.580 I/RILC    (  119): qmi_ril(0/119): [main] qcril_qmi_nas_update_voice_rte .. gsm reg 0
02-02 10:47:16.580 I/RILC    (  119): qmi_ril(0/119): [main] qcril_qmi_nas_update_voice_rte .. wcdma reg 0
02-02 10:47:16.580 I/RILC    (  119): qmi_ril(0/119): [main] qcril_qmi_nas_update_voice_rte .. lte reg 0
02-02 10:47:16.580 I/RILC    (  119): qmi_ril(0/119): [main] qcril_qmi_nas_update_voice_rte .. hdr reg 1
02-02 10:47:16.580 I/RILC    (  119): qmi_ril(0/119): [main] qcril_qmi_nas_update_voice_rte qcril_qmi_nas_update_voice_rte completed, new vrte 1
02-02 10:47:16.580 I/RILC    (  119): qmi_ril(0/119): [main] qcril_qmi_voice_technology_updated qcril_qmi_voice_technology_updated entered
02-02 10:47:16.580 I/RILC    (  119): qmi_ril(0/119): [main] qcril_qmi_voice_technology_updated ..nas_cached_info.serving_system valid 1
02-02 10:47:16.580 I/RILC    (  119): qmi_ril(0/119): [main] qcril_qmi_voice_technology_updated .. selected NW 1
02-02 10:47:16.580 I/RILC    (  119): qmi_ril(0/119): [main] qcril_qmi_voice_technology_updated .. NW state 1
02-02 10:47:16.580 I/RILC    (  119): qmi_ril(0/119): [main] qcril_qmi_mgr_voice_technology_updated qcril_qmi_mgr_voice_technology_updated entered
02-02 10:47:16.580 I/RILC    (  119): qmi_ril(0/119): [main] qcril_qmi_mgr_voice_technology_updated qcril_qmi_mgr_voice_technology_updated left 2
02-02 10:47:16.580 I/RILC    (  119): qmi_ril(0/119): [main] qcril_qmi_voice_technology_updated qcril_qmi_voice_technology_updated completed for 2
02-02 10:47:16.580 I/RILC    (  119): qmi_ril(0/119): [main] qmi_ril_nwr_update_reg_rej_from_sys_info qmi_ril_nwr_update_reg_rej_from_sys_info entered
02-02 10:47:16.580 I/RILC    (  119): qmi_ril(0/119): [main] qcril_qmi_nas_util_convert_nas_srv_status_to_ril_reg_status  qcril_qmi_nas_util_convert_nas_srv_status_to_ril_reg_status entered
02-02 10:47:16.580 D/RILC    (  119): qmi_ril(0/119): [main] qcril_qmi_util_retrieve_srv_status qcril_qmi_util_retrieve_srv_status completed with 2
02-02 10:47:16.580 I/RILC    (  119): qmi_ril(0/119): [main] qcril_qmi_nas_util_convert_nas_srv_status_to_ril_reg_status ... nas_srv_status 2, is_data 0, is_3gpp 0, is_hdr 0
02-02 10:47:16.580 I/RILC    (  119): qmi_ril(0/119): [main] qcril_qmi_nas_util_convert_nas_srv_status_to_ril_reg_status ... intermediate res 1 5
02-02 10:47:16.580 I/RILC    (  119): qmi_ril(0/119): [main] qcril_qmi_nas_util_convert_nas_srv_status_to_ril_reg_status ... common_sys_info 89216
02-02 10:47:16.580 I/RILC    (  119): qmi_ril(0/119): [main] qcril_qmi_nas_util_convert_nas_srv_status_to_ril_reg_status ... srv_capability_valid, srv_capability 1, 3
02-02 10:47:16.580 I/RILC    (  119): qmi_ril(0/119): [main] qcril_qmi_nas_util_convert_nas_srv_status_to_ril_reg_status ... srv_domain_valid, srv_domain 1, 3
02-02 10:47:16.580 I/RILC    (  119): qmi_ril(0/119): [main] qcril_qmi_nas_util_convert_nas_srv_status_to_ril_reg_status ... intermediate res 2 5
02-02 10:47:16.580 I/RILC    (  119): qmi_ril(0/119): [main] qcril_qmi_nas_util_convert_nas_srv_status_to_ril_reg_status ... hdr_only_sys_info 0
02-02 10:47:16.580 I/RILC    (  119): qmi_ril(0/119): [main] qcril_qmi_nas_util_convert_nas_srv_status_to_ril_reg_status ... intermediate res 3 5
02-02 10:47:16.580 I/RILC    (  119): qmi_ril(0/119): [main] qcril_qmi_nas_util_convert_nas_srv_status_to_ril_reg_status ... is_sys_forbidden_valid, is_sys_forbidden 1, 0
02-02 10:47:16.580 I/RILC    (  119): qmi_ril(0/119): [main] qcril_qmi_nas_util_convert_nas_srv_status_to_ril_reg_status qcril_qmi_nas_util_convert_nas_srv_status_to_ril_reg_status complete with 5
02-02 10:47:16.580 I/RILC    (  119): qmi_ril(0/119): [main] qcril_qmi_nas_util_convert_nas_srv_status_to_ril_reg_status  qcril_qmi_nas_util_convert_nas_srv_status_to_ril_reg_status entered
02-02 10:47:16.580 D/RILC    (  119): qmi_ril(0/119): [main] qcril_qmi_util_retrieve_srv_status qcril_qmi_util_retrieve_srv_status completed with 2
02-02 10:47:16.580 I/RILC    (  119): qmi_ril(0/119): [main] qcril_qmi_nas_util_convert_nas_srv_status_to_ril_reg_status ... nas_srv_status 2, is_data 0, is_3gpp 0, is_hdr 1
02-02 10:47:16.580 I/RILC    (  119): qmi_ril(0/119): [main] qcril_qmi_nas_util_convert_nas_srv_status_to_ril_reg_status ... intermediate res 1 1
02-02 10:47:16.580 I/RILC    (  119): qmi_ril(0/119): [main] qcril_qmi_nas_util_convert_nas_srv_status_to_ril_reg_status ... common_sys_info 89296
02-02 10:47:16.580 I/RILC    (  119): qmi_ril(0/119): [main] qcril_qmi_nas_util_convert_nas_srv_status_to_ril_reg_status ... srv_capability_valid, srv_capability 1, 2
02-02 10:47:16.580 I/RILC    (  119): qmi_ril(0/119): [main] qcril_qmi_nas_util_convert_nas_srv_status_to_ril_reg_status ... srv_domain_valid, srv_domain 1, 2
02-02 10:47:16.580 I/RILC    (  119): qmi_ril(0/119): [main] qcril_qmi_nas_util_convert_nas_srv_status_to_ril_reg_status ... intermediate res 2 0
02-02 10:47:16.580 I/RILC    (  119): qmi_ril(0/119): [main] qcril_qmi_nas_util_convert_nas_srv_status_to_ril_reg_status ... hdr_only_sys_info 89328
02-02 10:47:16.580 I/RILC    (  119): qmi_ril(0/119): [main] qcril_qmi_nas_util_convert_nas_srv_status_to_ril_reg_status ... intermediate res 3 0
02-02 10:47:16.580 I/RILC    (  119): qmi_ril(0/119): [main] qcril_qmi_nas_util_convert_nas_srv_status_to_ril_reg_status ... is_sys_forbidden_valid, is_sys_forbidden 1, 0
02-02 10:47:16.580 I/RILC    (  119): qmi_ril(0/119): [main] qcril_qmi_nas_util_convert_nas_srv_status_to_ril_reg_status qcril_qmi_nas_util_convert_nas_srv_status_to_ril_reg_status complete with 0
02-02 10:47:16.580 I/RILC    (  119): qmi_ril(0/119): [main] qmi_ril_nwr_update_reg_rej_from_sys_info .. 1x reg 5
02-02 10:47:16.580 I/RILC    (  119): qmi_ril(0/119): [main] qmi_ril_nwr_update_reg_rej_from_sys_info .. gsm reg 0
02-02 10:47:16.580 I/RILC    (  119): qmi_ril(0/119): [main] qmi_ril_nwr_update_reg_rej_from_sys_info .. wcdma reg 0
02-02 10:47:16.580 I/RILC    (  119): qmi_ril(0/119): [main] qmi_ril_nwr_update_reg_rej_from_sys_info .. lte reg 0
02-02 10:47:16.580 I/RILC    (  119): qmi_ril(0/119): [main] qmi_ril_nwr_update_reg_rej_from_sys_info .. hdr reg 0
02-02 10:47:16.580 I/RILC    (  119): qmi_ril(0/119): [main] qmi_ril_nwr_update_reg_rej_from_sys_info .. ext info is_reject_case 0, is_managed_roaming 0, reject_cause 0
02-02 10:47:16.580 I/RILC    (  119): qmi_ril(0/119): [main] qmi_ril_nwr_update_reg_rej_from_sys_info .. rte 1 reje CS cs_rejected 0
02-02 10:47:16.580 I/RILC    (  119): qmi_ril(0/119): [main] qmi_ril_nwr_update_reg_rej_from_sys_info .. rte 1 reje CS cs_reject_cause 0
02-02 10:47:16.580 I/RILC    (  119): qmi_ril(0/119): [main] qmi_ril_nwr_util_log_mccmnc_str .. reje mcc - 
02-02 10:47:16.580 I/RILC    (  119): qmi_ril(0/119): [main] qmi_ril_nwr_util_log_mccmnc_str .. reje mnc - 
02-02 10:47:16.580 I/RILC    (  119): qmi_ril(0/119): [main] qmi_ril_nwr_update_reg_rej_from_sys_info .. ext info is_reject_case 0, is_managed_roaming 0, reject_cause 0
02-02 10:47:16.580 I/RILC    (  119): qmi_ril(0/119): [main] qmi_ril_nwr_update_reg_rej_from_sys_info .. rte 2 reje CS cs_rejected 0
02-02 10:47:16.580 I/RILC    (  119): qmi_ril(0/119): [main] qmi_ril_nwr_update_reg_rej_from_sys_info .. rte 2 reje CS cs_reject_cause 0
02-02 10:47:16.580 I/RILC    (  119): qmi_ril(0/119): [main] qmi_ril_nwr_util_log_mccmnc_str .. reje mcc - 
02-02 10:47:16.580 I/RILC    (  119): qmi_ril(0/119): [main] qmi_ril_nwr_util_log_mccmnc_str .. reje mnc - 
02-02 10:47:16.580 I/RILC    (  119): qmi_ril(0/119): [main] qmi_ril_nwr_update_reg_rej_from_sys_info .. ext info is_reject_case 0, is_managed_roaming 0, reject_cause 0
02-02 10:47:16.580 I/RILC    (  119): qmi_ril(0/119): [main] qmi_ril_nwr_update_reg_rej_from_sys_info .. rte 3 reje CS cs_rejected 0
02-02 10:47:16.580 I/RILC    (  119): qmi_ril(0/119): [main] qmi_ril_nwr_update_reg_rej_from_sys_info .. rte 3 reje CS cs_reject_cause 0
02-02 10:47:16.580 I/RILC    (  119): qmi_ril(0/119): [main] qmi_ril_nwr_util_log_mccmnc_str .. reje mcc - 
02-02 10:47:16.580 I/RILC    (  119): qmi_ril(0/119): [main] qmi_ril_nwr_util_log_mccmnc_str .. reje mnc - 
02-02 10:47:16.580 I/RILC    (  119): qmi_ril(0/119): [main] qmi_ril_nwr_update_reg_rej_from_sys_info .. ext info is_reject_case 0, is_managed_roaming 0, reject_cause 0
02-02 10:47:16.580 I/RILC    (  119): qmi_ril(0/119): [main] qmi_ril_nwr_update_reg_rej_from_sys_info .. rte 4 reje CS cs_rejected 0
02-02 10:47:16.580 I/RILC    (  119): qmi_ril(0/119): [main] qmi_ril_nwr_update_reg_rej_from_sys_info .. rte 4 reje CS cs_reject_cause 0
02-02 10:47:16.580 I/RILC    (  119): qmi_ril(0/119): [main] qmi_ril_nwr_util_log_mccmnc_str .. reje mcc - 
02-02 10:47:16.580 I/RILC    (  119): qmi_ril(0/119): [main] qmi_ril_nwr_util_log_mccmnc_str .. reje mnc - 
02-02 10:47:16.580 I/RILC    (  119): qmi_ril(0/119): [main] qmi_ril_nwr_update_reg_rej_from_sys_info .. ext info is_reject_case 0, is_managed_roaming 0, reject_cause 0
02-02 10:47:16.580 I/RILC    (  119): qmi_ril(0/119): [main] qmi_ril_nwr_update_reg_rej_from_sys_info .. rte 5 reje CS cs_rejected 0
02-02 10:47:16.580 I/RILC    (  119): qmi_ril(0/119): [main] qmi_ril_nwr_update_reg_rej_from_sys_info .. rte 5 reje CS cs_reject_cause 0
02-02 10:47:16.580 I/RILC    (  119): qmi_ril(0/119): [main] qmi_ril_nwr_util_log_mccmnc_str .. reje mcc - 
02-02 10:47:16.580 I/RILC    (  119): qmi_ril(0/119): [main] qmi_ril_nwr_util_log_mccmnc_str .. reje mnc - 
02-02 10:47:16.580 I/RILC    (  119): qmi_ril(0/119): [main] qcril_qmi_nas_util_convert_nas_srv_status_to_ril_reg_status  qcril_qmi_nas_util_convert_nas_srv_status_to_ril_reg_status entered
02-02 10:47:16.580 D/RILC    (  119): qmi_ril(0/119): [main] qcril_qmi_util_retrieve_srv_status qcril_qmi_util_retrieve_srv_status completed with 2
02-02 10:47:16.580 I/RILC    (  119): qmi_ril(0/119): [main] qcril_qmi_nas_util_convert_nas_srv_status_to_ril_reg_status ... nas_srv_status 2, is_data 1, is_3gpp 0, is_hdr 0
02-02 10:47:16.580 I/RILC    (  119): qmi_ril(0/119): [main] qcril_qmi_nas_util_convert_nas_srv_status_to_ril_reg_status ... intermediate res 1 5
02-02 10:47:16.580 I/RILC    (  119): qmi_ril(0/119): [main] qcril_qmi_nas_util_convert_nas_srv_status_to_ril_reg_status ... common_sys_info 89216
02-02 10:47:16.580 I/RILC    (  119): qmi_ril(0/119): [main] qcril_qmi_nas_util_convert_nas_srv_status_to_ril_reg_status ... srv_capability_valid, srv_capability 1, 3
02-02 10:47:16.580 I/RILC    (  119): qmi_ril(0/119): [main] qcril_qmi_nas_util_convert_nas_srv_status_to_ril_reg_status ... srv_domain_valid, srv_domain 1, 3
02-02 10:47:16.580 I/RILC    (  119): qmi_ril(0/119): [main] qcril_qmi_nas_util_convert_nas_srv_status_to_ril_reg_status ... intermediate res 2 5
02-02 10:47:16.580 I/RILC    (  119): qmi_ril(0/119): [main] qcril_qmi_nas_util_convert_nas_srv_status_to_ril_reg_status ... hdr_only_sys_info 0
02-02 10:47:16.580 I/RILC    (  119): qmi_ril(0/119): [main] qcril_qmi_nas_util_convert_nas_srv_status_to_ril_reg_status ... intermediate res 3 5
02-02 10:47:16.580 I/RILC    (  119): qmi_ril(0/119): [main] qcril_qmi_nas_util_convert_nas_srv_status_to_ril_reg_status ... is_sys_forbidden_valid, is_sys_forbidden 1, 0
02-02 10:47:16.580 I/RILC    (  119): qmi_ril(0/119): [main] qcril_qmi_nas_util_convert_nas_srv_status_to_ril_reg_status qcril_qmi_nas_util_convert_nas_srv_status_to_ril_reg_status complete with 5
02-02 10:47:16.580 I/RILC    (  119): qmi_ril(0/119): [main] qcril_qmi_nas_util_convert_nas_srv_status_to_ril_reg_status  qcril_qmi_nas_util_convert_nas_srv_status_to_ril_reg_status entered
02-02 10:47:16.580 D/RILC    (  119): qmi_ril(0/119): [main] qcril_qmi_util_retrieve_srv_status qcril_qmi_util_retrieve_srv_status completed with 2
02-02 10:47:16.580 I/RILC    (  119): qmi_ril(0/119): [main] qcril_qmi_nas_util_convert_nas_srv_status_to_ril_reg_status ... nas_srv_status 2, is_data 1, is_3gpp 0, is_hdr 1
02-02 10:47:16.580 I/RILC    (  119): qmi_ril(0/119): [main] qcril_qmi_nas_util_convert_nas_srv_status_to_ril_reg_status ... intermediate res 1 1
02-02 10:47:16.580 I/RILC    (  119): qmi_ril(0/119): [main] qcril_qmi_nas_util_convert_nas_srv_status_to_ril_reg_status ... common_sys_info 89296
02-02 10:47:16.580 I/RILC    (  119): qmi_ril(0/119): [main] qcril_qmi_nas_util_convert_nas_srv_status_to_ril_reg_status ... srv_capability_valid, srv_capability 1, 2
02-02 10:47:16.580 I/RILC    (  119): qmi_ril(0/119): [main] qcril_qmi_nas_util_convert_nas_srv_status_to_ril_reg_status ... srv_domain_valid, srv_domain 1, 2
02-02 10:47:16.580 I/RILC    (  119): qmi_ril(0/119): [main] qcril_qmi_nas_util_convert_nas_srv_status_to_ril_reg_status ... intermediate res 2 1
02-02 10:47:16.580 I/RILC    (  119): qmi_ril(0/119): [main] qcril_qmi_nas_util_convert_nas_srv_status_to_ril_reg_status ... hdr_only_sys_info 89328
02-02 10:47:16.580 I/RILC    (  119): qmi_ril(0/119): [main] qcril_qmi_nas_util_convert_nas_srv_status_to_ril_reg_status ... hdr_active_prot_valid, hdr_personality_valid 1, 1
02-02 10:47:16.580 I/RILC    (  119): qmi_ril(0/119): [main] qcril_qmi_nas_util_convert_nas_srv_status_to_ril_reg_status ... intermediate res 3 1
02-02 10:47:16.580 I/RILC    (  119): qmi_ril(0/119): [main] qcril_qmi_nas_util_convert_nas_srv_status_to_ril_reg_status ... is_sys_forbidden_valid, is_sys_forbidden 1, 0
02-02 10:47:16.580 I/RILC    (  119): qmi_ril(0/119): [main] qcril_qmi_nas_util_convert_nas_srv_status_to_ril_reg_status qcril_qmi_nas_util_convert_nas_srv_status_to_ril_reg_status complete with 1
02-02 10:47:16.580 I/RILC    (  119): qmi_ril(0/119): [main] qmi_ril_nwr_update_reg_rej_from_sys_info .. 1x reg data 5
02-02 10:47:16.580 I/RILC    (  119): qmi_ril(0/119): [main] qmi_ril_nwr_update_reg_rej_from_sys_info .. gsm reg data 0
02-02 10:47:16.580 I/RILC    (  119): qmi_ril(0/119): [main] qmi_ril_nwr_update_reg_rej_from_sys_info .. wcdma reg data  0
02-02 10:47:16.580 I/RILC    (  119): qmi_ril(0/119): [main] qmi_ril_nwr_update_reg_rej_from_sys_info .. lte reg data 0
02-02 10:47:16.580 I/RILC    (  119): qmi_ril(0/119): [main] qmi_ril_nwr_update_reg_rej_from_sys_info .. hdr reg data 1
02-02 10:47:16.580 I/RILC    (  119): qmi_ril(0/119): [main] qmi_ril_nwr_update_reg_rej_from_sys_info .. rte 1 reje PS ps_rejected 0
02-02 10:47:16.580 I/RILC    (  119): qmi_ril(0/119): [main] qmi_ril_nwr_update_reg_rej_from_sys_info .. rte 1 reje PS ps_reject_cause 0
02-02 10:47:16.580 I/RILC    (  119): qmi_ril(0/119): [main] qmi_ril_nwr_util_log_mccmnc_str .. data reje mcc - 
02-02 10:47:16.580 I/RILC    (  119): qmi_ril(0/119): [main] qmi_ril_nwr_util_log_mccmnc_str .. data reje mnc - 
02-02 10:47:16.580 I/RILC    (  119): qmi_ril(0/119): [main] qmi_ril_nwr_update_reg_rej_from_sys_info .. rte 2 reje PS ps_rejected 0
02-02 10:47:16.580 I/RILC    (  119): qmi_ril(0/119): [main] qmi_ril_nwr_update_reg_rej_from_sys_info .. rte 2 reje PS ps_reject_cause 0
02-02 10:47:16.580 I/RILC    (  119): qmi_ril(0/119): [main] qmi_ril_nwr_util_log_mccmnc_str .. data reje mcc - 
02-02 10:47:16.580 I/RILC    (  119): qmi_ril(0/119): [main] qmi_ril_nwr_util_log_mccmnc_str .. data reje mnc - 
02-02 10:47:16.580 I/RILC    (  119): qmi_ril(0/119): [main] qmi_ril_nwr_update_reg_rej_from_sys_info .. rte 3 reje PS ps_rejected 0
02-02 10:47:16.580 I/RILC    (  119): qmi_ril(0/119): [main] qmi_ril_nwr_update_reg_rej_from_sys_info .. rte 3 reje PS ps_reject_cause 0
02-02 10:47:16.580 I/RILC    (  119): qmi_ril(0/119): [main] qmi_ril_nwr_util_log_mccmnc_str .. data reje mcc - 
02-02 10:47:16.580 I/RILC    (  119): qmi_ril(0/119): [main] qmi_ril_nwr_util_log_mccmnc_str .. data reje mnc - 
02-02 10:47:16.580 I/RILC    (  119): qmi_ril(0/119): [main] qmi_ril_nwr_update_reg_rej_from_sys_info .. rte 4 reje PS ps_rejected 0
02-02 10:47:16.580 I/RILC    (  119): qmi_ril(0/119): [main] qmi_ril_nwr_update_reg_rej_from_sys_info .. rte 4 reje PS ps_reject_cause 0
02-02 10:47:16.580 I/RILC    (  119): qmi_ril(0/119): [main] qmi_ril_nwr_util_log_mccmnc_str .. data reje mcc - 
02-02 10:47:16.580 I/RILC    (  119): qmi_ril(0/119): [main] qmi_ril_nwr_util_log_mccmnc_str .. data reje mnc - 
02-02 10:47:16.580 I/RILC    (  119): qmi_ril(0/119): [main] qmi_ril_nwr_update_reg_rej_from_sys_info .. rte 5 reje PS ps_rejected 0
02-02 10:47:16.580 I/RILC    (  119): qmi_ril(0/119): [main] qmi_ril_nwr_update_reg_rej_from_sys_info .. rte 5 reje PS ps_reject_cause 0
02-02 10:47:16.580 I/RILC    (  119): qmi_ril(0/119): [main] qmi_ril_nwr_util_log_mccmnc_str .. data reje mcc - 
02-02 10:47:16.580 I/RILC    (  119): qmi_ril(0/119): [main] qmi_ril_nwr_util_log_mccmnc_str .. data reje mnc - 
02-02 10:47:16.580 I/RILC    (  119): qmi_ril(0/119): [main] qmi_ril_nwr_update_reg_rej_from_sys_info qmi_ril_nwr_update_reg_rej_from_sys_info completed
02-02 10:47:16.580 I/RILC    (  119): qmi_ril(0/119): [main] qcril_qmi_nas_fetch_sys_info qcril_qmi_nas_fetch_sys_info res 0 
