02-09 18:35:00.810 D/MobileDataStateTracker(  230): [mms]  apnTypeList = mms
02-09 18:35:00.810 D/MobileDataStateTracker(  230): [mms]  unavailable = true
02-09 18:35:00.810 D/MobileDataStateTracker(  230): [mms] Do not process intents if disabled.
02-09 18:35:00.810 D/MobileDataStateTracker(  230): [default]  MobileDataStateReceiver onReceive(): Entry.
02-09 18:35:00.810 D/MobileDataStateTracker(  230): [default]  intent.getAction()= android.intent.action.ANY_DATA_STATE
02-09 18:35:00.810 D/MobileDataStateTracker(  230): [default]  mEnabled = true
02-09 18:35:00.810 D/PhoneApp(  346): old phone type:2, New Phone type:2
02-09 18:35:00.810 D/NotificationMgr(  346): hideDataDisconnectedRoaming()...
02-09 18:35:00.810 D/PhoneApp(  346): old phone type:2, New Phone type:2
02-09 18:35:00.810 D/NotificationMgr(  346): hideDataDisconnectedRoaming()...
02-09 18:35:00.810 D/PhoneApp(  346): old phone type:2, New Phone type:2
02-09 18:35:00.810 D/NotificationMgr(  346): hideDataDisconnectedRoaming()...
02-09 18:35:00.810 D/PhoneApp(  346): old phone type:2, New Phone type:2
02-09 18:35:00.810 D/NotificationMgr(  346): hideDataDisconnectedRoaming()...
02-09 18:35:00.810 D/PhoneApp(  346): old phone type:2, New Phone type:2
02-09 18:35:00.810 D/NotificationMgr(  346): hideDataDisconnectedRoaming()...
02-09 18:35:00.810 D/MobileDataStateTracker(  230): [default]  apnTypeList = mms
02-09 18:35:00.810 D/MobileDataStateTracker(  230): [default]  unavailable = true
02-09 18:35:00.810 D/MobileDataStateTracker(  230): [default] not what we are looking for.
02-09 18:35:00.810 D/MobileDataStateTracker(  230): [hipri]  MobileDataStateReceiver onReceive(): Entry.
02-09 18:35:00.810 D/MobileDataStateTracker(  230): [hipri]  intent.getAction()= android.intent.action.ANY_DATA_STATE
02-09 18:35:00.810 D/MobileDataStateTracker(  230): [hipri]  mEnabled = false
02-09 18:35:00.820 D/MobileDataStateTracker(  230): [hipri]  apnTypeList = supl
02-09 18:35:00.820 D/MobileDataStateTracker(  230): [hipri]  unavailable = true
02-09 18:35:00.820 D/MobileDataStateTracker(  230): [hipri] Do not process intents if disabled.
02-09 18:35:00.820 D/MobileDataStateTracker(  230): [dun]  MobileDataStateReceiver onReceive(): Entry.
02-09 18:35:00.820 D/MobileDataStateTracker(  230): [dun]  intent.getAction()= android.intent.action.ANY_DATA_STATE
02-09 18:35:00.820 D/MobileDataStateTracker(  230): [dun]  mEnabled = false
02-09 18:35:00.830 D/PhoneApp(  346): old phone type:2, New Phone type:2
02-09 18:35:00.830 D/NotificationMgr(  346): hideDataDisconnectedRoaming()...
02-09 18:35:00.830 D/PhoneApp(  346): old phone type:2, New Phone type:2
02-09 18:35:00.830 D/NotificationMgr(  346): hideDataDisconnectedRoaming()...
02-09 18:35:00.830 D/MobileDataStateTracker(  230): [dun]  apnTypeList = supl
02-09 18:35:00.830 D/MobileDataStateTracker(  230): [dun]  unavailable = true
02-09 18:35:00.830 D/MobileDataStateTracker(  230): [dun] Do not process intents if disabled.
02-09 18:35:00.830 D/MobileDataStateTracker(  230): [supl]  MobileDataStateReceiver onReceive(): Entry.
02-09 18:35:00.830 D/MobileDataStateTracker(  230): [supl]  intent.getAction()= android.intent.action.ANY_DATA_STATE
02-09 18:35:00.830 D/MobileDataStateTracker(  230): [supl]  mEnabled = false
02-09 18:35:00.830 D/MobileDataStateTracker(  230): [supl]  apnTypeList = supl
02-09 18:35:00.830 D/MobileDataStateTracker(  230): [supl]  unavailable = true
02-09 18:35:00.830 D/MobileDataStateTracker(  230): [supl] Do not process intents if disabled.
02-09 18:35:00.830 D/MobileDataStateTracker(  230): [mms]  MobileDataStateReceiver onReceive(): Entry.
02-09 18:35:00.830 D/MobileDataStateTracker(  230): [mms]  intent.getAction()= android.intent.action.ANY_DATA_STATE
02-09 18:35:00.830 D/MobileDataStateTracker(  230): [mms]  mEnabled = false
02-09 18:35:00.830 D/MobileDataStateTracker(  230): [mms]  apnTypeList = supl
02-09 18:35:00.830 D/MobileDataStateTracker(  230): [mms]  unavailable = true
02-09 18:35:00.830 D/MobileDataStateTracker(  230): [mms] Do not process intents if disabled.
02-09 18:35:00.830 D/MobileDataStateTracker(  230): [default]  MobileDataStateReceiver onReceive(): Entry.
02-09 18:35:00.830 D/MobileDataStateTracker(  230): [default]  intent.getAction()= android.intent.action.ANY_DATA_STATE
02-09 18:35:00.830 D/MobileDataStateTracker(  230): [default]  mEnabled = true
02-09 18:35:00.840 D/MobileDataStateTracker(  230): [default]  apnTypeList = supl
02-09 18:35:00.840 D/MobileDataStateTracker(  230): [default]  unavailable = true
02-09 18:35:00.840 D/MobileDataStateTracker(  230): [default] not what we are looking for.
02-09 18:35:00.840 D/MobileDataStateTracker(  230): [hipri]  MobileDataStateReceiver onReceive(): Entry.
02-09 18:35:00.840 D/MobileDataStateTracker(  230): [hipri]  intent.getAction()= android.intent.action.ANY_DATA_STATE
02-09 18:35:00.840 D/MobileDataStateTracker(  230): [hipri]  mEnabled = false
02-09 18:35:00.840 D/MobileDataStateTracker(  230): [hipri]  apnTypeList = supl
02-09 18:35:00.840 D/MobileDataStateTracker(  230): [hipri]  unavailable = true
02-09 18:35:00.840 D/MobileDataStateTracker(  230): [hipri] Do not process intents if disabled.
02-09 18:35:00.850 D/MobileDataStateTracker(  230): [dun]  MobileDataStateReceiver onReceive(): Entry.
02-09 18:35:00.850 D/MobileDataStateTracker(  230): [dun]  intent.getAction()= android.intent.action.ANY_DATA_STATE
02-09 18:35:00.850 D/MobileDataStateTracker(  230): [dun]  mEnabled = false
02-09 18:35:00.850 D/MobileDataStateTracker(  230): [dun]  apnTypeList = supl
02-09 18:35:00.850 D/MobileDataStateTracker(  230): [dun]  unavailable = true
02-09 18:35:00.850 D/MobileDataStateTracker(  230): [dun] Do not process intents if disabled.
02-09 18:35:00.850 D/MobileDataStateTracker(  230): [supl]  MobileDataStateReceiver onReceive(): Entry.
02-09 18:35:00.850 D/MobileDataStateTracker(  230): [supl]  intent.getAction()= android.intent.action.ANY_DATA_STATE
02-09 18:35:00.850 D/MobileDataStateTracker(  230): [supl]  mEnabled = false
02-09 18:35:00.850 D/MobileDataStateTracker(  230): [supl]  apnTypeList = supl
02-09 18:35:00.850 D/MobileDataStateTracker(  230): [supl]  unavailable = true
02-09 18:35:00.850 D/MobileDataStateTracker(  230): [supl] Do not process intents if disabled.
02-09 18:35:00.850 D/MobileDataStateTracker(  230): [mms]  MobileDataStateReceiver onReceive(): Entry.
02-09 18:35:00.850 D/MobileDataStateTracker(  230): [mms]  intent.getAction()= android.intent.action.ANY_DATA_STATE
02-09 18:35:00.850 D/MobileDataStateTracker(  230): [mms]  mEnabled = false
02-09 18:35:00.850 D/MobileDataStateTracker(  230): [mms]  apnTypeList = supl
02-09 18:35:00.850 D/MobileDataStateTracker(  230): [mms]  unavailable = true
02-09 18:35:00.850 D/MobileDataStateTracker(  230): [mms] Do not process intents if disabled.
02-09 18:35:00.850 D/MobileDataStateTracker(  230): [default]  MobileDataStateReceiver onReceive(): Entry.
02-09 18:35:00.850 D/MobileDataStateTracker(  230): [default]  intent.getAction()= android.intent.action.ANY_DATA_STATE
02-09 18:35:00.850 D/MobileDataStateTracker(  230): [default]  mEnabled = true
02-09 18:35:00.860 D/NetworkStateTracker(  230): setDetailed state, old =IDLE and new state=SCANNING
02-09 18:35:00.880 E/MobileDataStateTracker(  230): reconnect : set enabled = true.
02-09 18:35:00.880 D/MobileDataStateTracker(  230): [default]  apnTypeList = supl
02-09 18:35:00.880 D/MobileDataStateTracker(  230): [default]  unavailable = true
02-09 18:35:00.880 D/MobileDataStateTracker(  230): [default] not what we are looking for.
02-09 18:35:00.880 D/MobileDataStateTracker(  230): [hipri]  MobileDataStateReceiver onReceive(): Entry.
02-09 18:35:00.880 D/MobileDataStateTracker(  230): [hipri]  intent.getAction()= android.intent.action.ANY_DATA_STATE
02-09 18:35:00.880 D/MobileDataStateTracker(  230): [hipri]  mEnabled = false
02-09 18:35:00.880 I/DATA    (  346): [SERVICE_TYPE_DEFAULT] set enabled = true
02-09 18:35:00.880 I/DATA    (  346): [DCT(0) ] onUpdateDataConnections: reason=apnTypeEnabled
02-09 18:35:00.880 I/DATA    (  346): [DCT(0) ] ---dc list---
02-09 18:35:00.880 I/DATA    (  346): [DCT(0) ] cid = -1, state = DcActivatingState, bearerType = null, ipaddress = null, gw=null, dns=[null, null]
02-09 18:35:00.880 I/DATA    (  346): [DCT(0) ] ---ds list---
02-09 18:35:00.880 I/DATA    (  346): [DCT(0) ] ds= SERVICE_TYPE_DEFAULT, enabled = true, active = v4:CONNECTING v6:IDLE
02-09 18:35:00.880 I/DATA    (  346): [DCT(0) ] ds= SERVICE_TYPE_MMS, enabled = false, active = v4:IDLE v6:IDLE
02-09 18:35:00.880 I/DATA    (  346): [DCT(0) ] ds= SERVICE_TYPE_SUPL, enabled = false, active = v4:IDLE v6:IDLE
02-09 18:35:00.880 I/DATA    (  346): [DCT(0) ] ds= SERVICE_TYPE_DUN, enabled = false, active = v4:IDLE v6:IDLE
02-09 18:35:00.880 I/DATA    (  346): [DCT(0) ] ds= SERVICE_TYPE_HIPRI, enabled = false, active = v4:IDLE v6:IDLE
02-09 18:35:00.880 I/DATA    (  346): [DCT(0) ] Ready for data : 
02-09 18:35:00.880 I/DATA    (  346): [DCT(0) ]    getDesiredPowerState() = true
02-09 18:35:00.880 I/DATA    (  346): [DCT(0) ]    mCm.getRadioState() = RADIO_ON
02-09 18:35:00.880 I/DATA    (  346): [DCT(0) ]    [DataRadioTech = RADIO_TECH_1xRTT, data network state = 0, mMasterDataEnabled = true, is Roaming = false, dataOnRoamingEnable = false, isPsRestricted = false, desiredPowerState  = true, mSIMRecords = , cdmaSubSource = 1/310120, mRuimRecords = , checks = true/true]
02-09 18:35:00.880 I/DATA    (  346): [DCT(0) ] Data Call setup pending. Not trying to bring up any new data connections.
02-09 18:35:00.880 I/MobileDataStateTracker(  230): [default] dct reports apn request started Mobile data state: IPV4=[state=CONNECTING, iface=null, mApnName=null, mIpAddress=null, mGateway=null], IPV6=[state=CONNECTING, iface=null, mApnName=null, mIpAddress=null, mGateway=null]
02-09 18:35:00.880 W/NetworkStateTracker(  230): ### removeDefaultRoute. do nothing 
02-09 18:35:00.890 D/MobileDataStateTracker(  230): [hipri]  apnTypeList = dun
02-09 18:35:00.890 D/MobileDataStateTracker(  230): [hipri]  unavailable = true
02-09 18:35:00.890 D/MobileDataStateTracker(  230): [hipri] Do not process intents if disabled.
02-09 18:35:00.890 D/MobileDataStateTracker(  230): [dun]  MobileDataStateReceiver onReceive(): Entry.
02-09 18:35:00.890 D/MobileDataStateTracker(  230): [dun]  intent.getAction()= android.intent.action.ANY_DATA_STATE
02-09 18:35:00.890 D/MobileDataStateTracker(  230): [dun]  mEnabled = false
02-09 18:35:00.890 D/MobileDataStateTracker(  230): [dun]  apnTypeList = dun
02-09 18:35:00.890 D/MobileDataStateTracker(  230): [dun]  unavailable = true
02-09 18:35:00.890 D/MobileDataStateTracker(  230): [dun] Do not process intents if disabled.
02-09 18:35:00.890 D/MobileDataStateTracker(  230): [supl]  MobileDataStateReceiver onReceive(): Entry.
02-09 18:35:00.890 D/MobileDataStateTracker(  230): [supl]  intent.getAction()= android.intent.action.ANY_DATA_STATE
02-09 18:35:00.890 D/MobileDataStateTracker(  230): [supl]  mEnabled = false
02-09 18:35:00.890 D/MobileDataStateTracker(  230): [supl]  apnTypeList = dun
02-09 18:35:00.890 D/MobileDataStateTracker(  230): [supl]  unavailable = true
02-09 18:35:00.890 D/MobileDataStateTracker(  230): [supl] Do not process intents if disabled.
02-09 18:35:00.890 D/MobileDataStateTracker(  230): [mms]  MobileDataStateReceiver onReceive(): Entry.
02-09 18:35:00.890 D/MobileDataStateTracker(  230): [mms]  intent.getAction()= android.intent.action.ANY_DATA_STATE
02-09 18:35:00.890 D/MobileDataStateTracker(  230): [mms]  mEnabled = false
02-09 18:35:00.910 D/MobileDataStateTracker(  230): [mms]  apnTypeList = dun
02-09 18:35:00.910 D/MobileDataStateTracker(  230): [mms]  unavailable = true
02-09 18:35:00.910 D/MobileDataStateTracker(  230): [mms] Do not process intents if disabled.
02-09 18:35:00.910 D/MobileDataStateTracker(  230): [default]  MobileDataStateReceiver onReceive(): Entry.
02-09 18:35:00.910 D/MobileDataStateTracker(  230): [default]  intent.getAction()= android.intent.action.ANY_DATA_STATE
02-09 18:35:00.910 D/MobileDataStateTracker(  230): [default]  mEnabled = true
02-09 18:35:00.920 D/MobileDataStateTracker(  230): [default]  apnTypeList = dun
02-09 18:35:00.920 D/MobileDataStateTracker(  230): [default]  unavailable = true
02-09 18:35:00.920 D/MobileDataStateTracker(  230): [default] not what we are looking for.
02-09 18:35:00.920 I/BluetoothService(  230):  Received BOOT_COMPLETED message
02-09 18:35:00.950 E/Tethering(  230): attempting to remove unknown iface (usb0), ignoring
02-09 18:35:00.990 D/MobileDataStateTracker(  230): [hipri]  MobileDataStateReceiver onReceive(): Entry.
02-09 18:35:00.990 D/MobileDataStateTracker(  230): [hipri]  intent.getAction()= android.intent.action.ANY_DATA_STATE
02-09 18:35:00.990 D/MobileDataStateTracker(  230): [hipri]  mEnabled = false
02-09 18:35:00.990 D/MobileDataStateTracker(  230): [hipri]  apnTypeList = dun
02-09 18:35:00.990 D/MobileDataStateTracker(  230): [hipri]  unavailable = true
02-09 18:35:00.990 D/MobileDataStateTracker(  230): [hipri] Do not process intents if disabled.
02-09 18:35:00.990 D/MobileDataStateTracker(  230): [dun]  MobileDataStateReceiver onReceive(): Entry.
02-09 18:35:00.990 D/MobileDataStateTracker(  230): [dun]  intent.getAction()= android.intent.action.ANY_DATA_STATE
02-09 18:35:00.990 D/MobileDataStateTracker(  230): [dun]  mEnabled = false
02-09 18:35:00.990 D/MobileDataStateTracker(  230): [dun]  apnTypeList = dun
02-09 18:35:00.990 D/MobileDataStateTracker(  230): [dun]  unavailable = true
02-09 18:35:00.990 D/MobileDataStateTracker(  230): [dun] Do not process intents if disabled.
02-09 18:35:00.990 D/MobileDataStateTracker(  230): [supl]  MobileDataStateReceiver onReceive(): Entry.
02-09 18:35:00.990 D/MobileDataStateTracker(  230): [supl]  intent.getAction()= android.intent.action.ANY_DATA_STATE
02-09 18:35:00.990 D/MobileDataStateTracker(  230): [supl]  mEnabled = false
02-09 18:35:01.000 D/MobileDataStateTracker(  230): [supl]  apnTypeList = dun
02-09 18:35:01.000 D/MobileDataStateTracker(  230): [supl]  unavailable = true
02-09 18:35:01.000 D/MobileDataStateTracker(  230): [supl] Do not process intents if disabled.
02-09 18:35:01.000 D/MobileDataStateTracker(  230): [mms]  MobileDataStateReceiver onReceive(): Entry.
02-09 18:35:01.000 D/MobileDataStateTracker(  230): [mms]  intent.getAction()= android.intent.action.ANY_DATA_STATE
02-09 18:35:01.000 D/MobileDataStateTracker(  230): [mms]  mEnabled = false
02-09 18:35:01.000 D/MobileDataStateTracker(  230): [mms]  apnTypeList = dun
02-09 18:35:01.000 D/MobileDataStateTracker(  230): [mms]  unavailable = true
02-09 18:35:01.000 D/MobileDataStateTracker(  230): [mms] Do not process intents if disabled.
02-09 18:35:01.000 D/MobileDataStateTracker(  230): [default]  MobileDataStateReceiver onReceive(): Entry.
02-09 18:35:01.000 D/MobileDataStateTracker(  230): [default]  intent.getAction()= android.intent.action.ANY_DATA_STATE
02-09 18:35:01.000 D/MobileDataStateTracker(  230): [default]  mEnabled = true
02-09 18:35:01.000 D/MobileDataStateTracker(  230): [default]  apnTypeList = dun
02-09 18:35:01.000 D/MobileDataStateTracker(  230): [default]  unavailable = true
02-09 18:35:01.000 D/MobileDataStateTracker(  230): [default] not what we are looking for.
02-09 18:35:01.000 D/MobileDataStateTracker(  230): [hipri]  MobileDataStateReceiver onReceive(): Entry.
02-09 18:35:01.000 D/MobileDataStateTracker(  230): [hipri]  intent.getAction()= android.intent.action.ANY_DATA_STATE
02-09 18:35:01.000 D/MobileDataStateTracker(  230): [hipri]  mEnabled = false
02-09 18:35:01.010 D/MobileDataStateTracker(  230): [hipri]  apnTypeList = hipri
02-09 18:35:01.010 D/MobileDataStateTracker(  230): [hipri]  unavailable = true
02-09 18:35:01.010 D/MobileDataStateTracker(  230): [hipri] Do not process intents if disabled.
02-09 18:35:01.010 E/MediaPlayerService(  116): ident is:1399285583, buf is:OggS
02-09 18:35:01.010 E/MediaPlayerService(  116):  create VorbisPlayer
02-09 18:35:01.010 D/MobileDataStateTracker(  230): [dun]  MobileDataStateReceiver onReceive(): Entry.
02-09 18:35:01.010 D/MobileDataStateTracker(  230): [dun]  intent.getAction()= android.intent.action.ANY_DATA_STATE
02-09 18:35:01.010 D/MobileDataStateTracker(  230): [dun]  mEnabled = false
02-09 18:35:01.010 D/MobileDataStateTracker(  230): [dun]  apnTypeList = hipri
02-09 18:35:01.010 D/MobileDataStateTracker(  230): [dun]  unavailable = true
02-09 18:35:01.010 D/MobileDataStateTracker(  230): [dun] Do not process intents if disabled.
02-09 18:35:01.010 D/MobileDataStateTracker(  230): [supl]  MobileDataStateReceiver onReceive(): Entry.
02-09 18:35:01.010 D/MobileDataStateTracker(  230): [supl]  intent.getAction()= android.intent.action.ANY_DATA_STATE
02-09 18:35:01.010 D/MobileDataStateTracker(  230): [supl]  mEnabled = false
02-09 18:35:01.010 D/MobileDataStateTracker(  230): [supl]  apnTypeList = hipri
02-09 18:35:01.020 D/MobileDataStateTracker(  230): [supl]  unavailable = true
02-09 18:35:01.020 D/MobileDataStateTracker(  230): [supl] Do not process intents if disabled.
02-09 18:35:01.020 D/MobileDataStateTracker(  230): [mms]  MobileDataStateReceiver onReceive(): Entry.
02-09 18:35:01.020 D/MobileDataStateTracker(  230): [mms]  intent.getAction()= android.intent.action.ANY_DATA_STATE
02-09 18:35:01.020 D/MobileDataStateTracker(  230): [mms]  mEnabled = false
02-09 18:35:01.040 E/MediaPlayerService(  116): ident is:1399285583, buf is:OggS
02-09 18:35:01.040 E/MediaPlayerService(  116):  create VorbisPlayer
02-09 18:35:01.040 D/MobileDataStateTracker(  230): [mms]  apnTypeList = hipri
02-09 18:35:01.040 D/MobileDataStateTracker(  230): [mms]  unavailable = true
02-09 18:35:01.040 D/MobileDataStateTracker(  230): [mms] Do not process intents if disabled.
02-09 18:35:01.040 D/MobileDataStateTracker(  230): [default]  MobileDataStateReceiver onReceive(): Entry.
02-09 18:35:01.040 D/MobileDataStateTracker(  230): [default]  intent.getAction()= android.intent.action.ANY_DATA_STATE
02-09 18:35:01.040 D/MobileDataStateTracker(  230): [default]  mEnabled = true
02-09 18:35:01.040 D/MobileDataStateTracker(  230): [default]  apnTypeList = hipri
02-09 18:35:01.040 D/MobileDataStateTracker(  230): [default]  unavailable = true
02-09 18:35:01.050 D/MobileDataStateTracker(  230): [default] not what we are looking for.
02-09 18:35:01.050 D/MobileDataStateTracker(  230): [hipri]  MobileDataStateReceiver onReceive(): Entry.
02-09 18:35:01.050 D/MobileDataStateTracker(  230): [hipri]  intent.getAction()= android.intent.action.ANY_DATA_STATE
02-09 18:35:01.050 D/MobileDataStateTracker(  230): [hipri]  mEnabled = false
02-09 18:35:01.050 D/MobileDataStateTracker(  230): [hipri]  apnTypeList = hipri
02-09 18:35:01.050 D/MobileDataStateTracker(  230): [hipri]  unavailable = true
02-09 18:35:01.050 D/MobileDataStateTracker(  230): [hipri] Do not process intents if disabled.
02-09 18:35:01.050 D/MobileDataStateTracker(  230): [dun]  MobileDataStateReceiver onReceive(): Entry.
02-09 18:35:01.050 D/MobileDataStateTracker(  230): [dun]  intent.getAction()= android.intent.action.ANY_DATA_STATE
02-09 18:35:01.050 D/MobileDataStateTracker(  230): [dun]  mEnabled = false
02-09 18:35:01.050 D/MobileDataStateTracker(  230): [dun]  apnTypeList = hipri
02-09 18:35:01.050 D/MobileDataStateTracker(  230): [dun]  unavailable = true
02-09 18:35:01.060 E/MediaPlayerService(  116): ident is:1399285583, buf is:OggS
02-09 18:35:01.060 E/MediaPlayerService(  116):  create VorbisPlayer
02-09 18:35:01.091 E/MediaPlayerService(  116): ident is:1399285583, buf is:OggS
02-09 18:35:01.091 E/MediaPlayerService(  116):  create VorbisPlayer
02-09 18:35:01.101 E/MediaPlayerService(  116): ident is:1399285583, buf is:OggS
02-09 18:35:01.101 E/MediaPlayerService(  116):  create VorbisPlayer
02-09 18:35:01.211 D/MobileDataStateTracker(  230): [dun] Do not process intents if disabled.
02-09 18:35:01.211 D/MobileDataStateTracker(  230): [supl]  MobileDataStateReceiver onReceive(): Entry.
02-09 18:35:01.211 D/MobileDataStateTracker(  230): [supl]  intent.getAction()= android.intent.action.ANY_DATA_STATE
02-09 18:35:01.211 D/MobileDataStateTracker(  230): [supl]  mEnabled = false
02-09 18:35:01.221 D/MobileDataStateTracker(  230): [supl]  apnTypeList = hipri
02-09 18:35:01.221 D/MobileDataStateTracker(  230): [supl]  unavailable = true
02-09 18:35:01.221 D/MobileDataStateTracker(  230): [supl] Do not process intents if disabled.
02-09 18:35:01.221 D/MobileDataStateTracker(  230): [mms]  MobileDataStateReceiver onReceive(): Entry.
02-09 18:35:01.221 D/MobileDataStateTracker(  230): [mms]  intent.getAction()= android.intent.action.ANY_DATA_STATE
02-09 18:35:01.221 D/MobileDataStateTracker(  230): [mms]  mEnabled = false
02-09 18:35:01.221 D/MobileDataStateTracker(  230): [mms]  apnTypeList = hipri
02-09 18:35:01.221 D/MobileDataStateTracker(  230): [mms]  unavailable = true
02-09 18:35:01.221 D/MobileDataStateTracker(  230): [mms] Do not process intents if disabled.
02-09 18:35:01.221 D/MobileDataStateTracker(  230): [default]  MobileDataStateReceiver onReceive(): Entry.
02-09 18:35:01.221 D/MobileDataStateTracker(  230): [default]  intent.getAction()= android.intent.action.ANY_DATA_STATE
02-09 18:35:01.221 D/MobileDataStateTracker(  230): [default]  mEnabled = true
02-09 18:35:01.221 D/MobileDataStateTracker(  230): [default]  apnTypeList = hipri
02-09 18:35:01.221 D/MobileDataStateTracker(  230): [default]  unavailable = true
02-09 18:35:01.221 D/MobileDataStateTracker(  230): [default] not what we are looking for.
02-09 18:35:01.221 D/KeyguardUpdateMonitor(  230): received broadcast android.provider.Telephony.SPN_STRINGS_UPDATED
02-09 18:35:01.221 D/KeyguardUpdateMonitor(  230): Received SPN update on sub :0
02-09 18:35:01.221 D/KeyguardUpdateMonitor(  230): handleCarrierInfoUpdate: plmn = (No service), spn = null, subscription = 0
02-09 18:35:01.221 D/LockScreen(  230): onRefreshCarrierInfo((No service), null)
02-09 18:35:01.221 D/LockScreen(  230): updateLayout: status=Normalsubscription=0
02-09 18:35:01.221 D/LockScreen(  230): Updating Lock Screen text to Ruim
02-09 18:35:01.241 D/MobileDataStateTracker(  230): [hipri]  MobileDataStateReceiver onReceive(): Entry.
02-09 18:35:01.241 D/MobileDataStateTracker(  230): [hipri]  intent.getAction()= android.intent.action.SERVICE_STATE
02-09 18:35:01.241 D/MobileDataStateTracker(  230): [hipri]  mEnabled = false
02-09 18:35:01.241 D/MobileDataStateTracker(  230): [dun]  MobileDataStateReceiver onReceive(): Entry.
02-09 18:35:01.241 D/MobileDataStateTracker(  230): [dun]  intent.getAction()= android.intent.action.SERVICE_STATE
02-09 18:35:01.241 D/MobileDataStateTracker(  230): [dun]  mEnabled = false
02-09 18:35:01.251 D/MobileDataStateTracker(  230): [supl]  MobileDataStateReceiver onReceive(): Entry.
02-09 18:35:01.251 D/MobileDataStateTracker(  230): [supl]  intent.getAction()= android.intent.action.SERVICE_STATE
02-09 18:35:01.251 D/MobileDataStateTracker(  230): [supl]  mEnabled = false
02-09 18:35:01.251 D/MobileDataStateTracker(  230): [mms]  MobileDataStateReceiver onReceive(): Entry.
02-09 18:35:01.251 D/MobileDataStateTracker(  230): [mms]  intent.getAction()= android.intent.action.SERVICE_STATE
02-09 18:35:01.251 D/MobileDataStateTracker(  230): [mms]  mEnabled = false
02-09 18:35:01.251 D/MobileDataStateTracker(  230): [default]  MobileDataStateReceiver onReceive(): Entry.
02-09 18:35:01.251 D/MobileDataStateTracker(  230): [default]  intent.getAction()= android.intent.action.SERVICE_STATE
02-09 18:35:01.251 D/MobileDataStateTracker(  230): [default]  mEnabled = true
02-09 18:35:01.261 D/LocationProviderProxy(  230): LocationProviderProxy.onServiceConnected ComponentInfo{com.google.android.location/com.google.android.location.NetworkLocationService}
02-09 18:35:01.261 D/GeocoderProxy(  230): onServiceConnected ComponentInfo{com.google.android.location/com.google.android.location.NetworkLocationService}
02-09 18:35:01.261 D/KeyguardUpdateMonitor(  230): received broadcast android.provider.Telephony.SPN_STRINGS_UPDATED
02-09 18:35:01.261 D/KeyguardUpdateMonitor(  230): Received SPN update on sub :0
02-09 18:35:01.261 D/MobileDataStateTracker(  230): [hipri]  MobileDataStateReceiver onReceive(): Entry.
02-09 18:35:01.261 D/MobileDataStateTracker(  230): [hipri]  intent.getAction()= android.intent.action.SERVICE_STATE
02-09 18:35:01.261 D/MobileDataStateTracker(  230): [hipri]  mEnabled = false
02-09 18:35:01.261 D/KeyguardUpdateMonitor(  230): handleCarrierInfoUpdate: plmn = Searching for Service, spn = null, subscription = 0
02-09 18:35:01.261 D/LockScreen(  230): onRefreshCarrierInfo(Searching for Service, null)
02-09 18:35:01.271 D/LockScreen(  230): updateLayout: status=Normalsubscription=0
02-09 18:35:01.271 D/MobileDataStateTracker(  230): [dun]  MobileDataStateReceiver onReceive(): Entry.
02-09 18:35:01.271 D/MobileDataStateTracker(  230): [dun]  intent.getAction()= android.intent.action.SERVICE_STATE
02-09 18:35:01.271 D/MobileDataStateTracker(  230): [dun]  mEnabled = false
02-09 18:35:01.271 I/SearchManagerService(  230): Building list of searchable activities
02-09 18:35:01.291 D/MobileDataStateTracker(  230): [supl]  MobileDataStateReceiver onReceive(): Entry.
02-09 18:35:01.291 D/MobileDataStateTracker(  230): [supl]  intent.getAction()= android.intent.action.SERVICE_STATE
02-09 18:35:01.291 D/MobileDataStateTracker(  230): [supl]  mEnabled = false
02-09 18:35:01.291 D/LockScreen(  230): Updating Lock Screen text to Ruim
02-09 18:35:01.301 D/MobileDataStateTracker(  230): [mms]  MobileDataStateReceiver onReceive(): Entry.
02-09 18:35:01.301 D/MobileDataStateTracker(  230): [mms]  intent.getAction()= android.intent.action.SERVICE_STATE
02-09 18:35:01.301 D/MobileDataStateTracker(  230): [mms]  mEnabled = false
02-09 18:35:01.301 D/MobileDataStateTracker(  230): [default]  MobileDataStateReceiver onReceive(): Entry.
02-09 18:35:01.301 D/MobileDataStateTracker(  230): [default]  intent.getAction()= android.intent.action.SERVICE_STATE
02-09 18:35:01.301 D/MobileDataStateTracker(  230): [default]  mEnabled = true
02-09 18:35:01.311 D/MobileDataStateTracker(  230): [hipri]  MobileDataStateReceiver onReceive(): Entry.
02-09 18:35:01.311 D/MobileDataStateTracker(  230): [hipri]  intent.getAction()= android.intent.action.SERVICE_STATE
02-09 18:35:01.311 D/MobileDataStateTracker(  230): [hipri]  mEnabled = false
02-09 18:35:01.361 D/KeyguardViewMediator(  230): setHidden false
02-09 18:35:01.361 D/MobileDataStateTracker(  230): [dun]  MobileDataStateReceiver onReceive(): Entry.
02-09 18:35:01.361 D/MobileDataStateTracker(  230): [dun]  intent.getAction()= android.intent.action.SERVICE_STATE
02-09 18:35:01.361 D/MobileDataStateTracker(  230): [dun]  mEnabled = false
02-09 18:35:01.371 D/MobileDataStateTracker(  230): [supl]  MobileDataStateReceiver onReceive(): Entry.
02-09 18:35:01.371 D/MobileDataStateTracker(  230): [supl]  intent.getAction()= android.intent.action.SERVICE_STATE
02-09 18:35:01.371 D/MobileDataStateTracker(  230): [supl]  mEnabled = false
02-09 18:35:01.371 D/KeyguardViewMediator(  230): setHidden false
02-09 18:35:01.371 D/MobileDataStateTracker(  230): [mms]  MobileDataStateReceiver onReceive(): Entry.
02-09 18:35:01.371 D/MobileDataStateTracker(  230): [mms]  intent.getAction()= android.intent.action.SERVICE_STATE
02-09 18:35:01.371 D/MobileDataStateTracker(  230): [mms]  mEnabled = false
02-09 18:35:01.371 D/MobileDataStateTracker(  230): [default]  MobileDataStateReceiver onReceive(): Entry.
02-09 18:35:01.381 D/MobileDataStateTracker(  230): [default]  intent.getAction()= android.intent.action.SERVICE_STATE
02-09 18:35:01.381 D/MobileDataStateTracker(  230): [default]  mEnabled = true
02-09 18:35:01.381 D/MobileDataStateTracker(  230): [hipri]  MobileDataStateReceiver onReceive(): Entry.
02-09 18:35:01.381 D/MobileDataStateTracker(  230): [hipri]  intent.getAction()= android.intent.action.SERVICE_STATE
02-09 18:35:01.381 D/MobileDataStateTracker(  230): [hipri]  mEnabled = false
02-09 18:35:01.391 D/MobileDataStateTracker(  230): [dun]  MobileDataStateReceiver onReceive(): Entry.
02-09 18:35:01.391 D/MobileDataStateTracker(  230): [dun]  intent.getAction()= android.intent.action.SERVICE_STATE
02-09 18:35:01.391 D/MobileDataStateTracker(  230): [dun]  mEnabled = false
02-09 18:35:01.391 D/MobileDataStateTracker(  230): [supl]  MobileDataStateReceiver onReceive(): Entry.
02-09 18:35:01.391 D/MobileDataStateTracker(  230): [supl]  intent.getAction()= android.intent.action.SERVICE_STATE
02-09 18:35:01.391 D/MobileDataStateTracker(  230): [supl]  mEnabled = false
02-09 18:35:01.401 D/MobileDataStateTracker(  230): [mms]  MobileDataStateReceiver onReceive(): Entry.
02-09 18:35:01.401 D/MobileDataStateTracker(  230): [mms]  intent.getAction()= android.intent.action.SERVICE_STATE
02-09 18:35:01.401 D/MobileDataStateTracker(  230): [mms]  mEnabled = false
02-09 18:35:01.401 D/MobileDataStateTracker(  230): [default]  MobileDataStateReceiver onReceive(): Entry.
02-09 18:35:01.401 D/MobileDataStateTracker(  230): [default]  intent.getAction()= android.intent.action.SERVICE_STATE
02-09 18:35:01.401 D/MobileDataStateTracker(  230): [default]  mEnabled = true
02-09 18:35:01.401 D/KeyguardUpdateMonitor(  230): received broadcast android.provider.Telephony.SPN_STRINGS_UPDATED
02-09 18:35:01.411 D/androidNlpServiceThread(  397): adding listener com.google.android.location.internal.client.NetworkLocationClient$1@40573a98 with period 2147483647
02-09 18:35:01.411 D/androidNetworkLocationListeners(  397): Still have listener com.google.android.location.internal.client.NetworkLocationClient$1@40573a98
02-09 18:35:01.411 D/AlarmManager(  230): +++Alarm set:type=2 com.google.android.location  Trigger after:4999ms
02-09 18:35:01.411 D/TelephonyManager(  397): [LPZ-GPS]getCellLocation enter,usewireless=true
02-09 18:35:01.411 D/CdmaCellLocation(  397): [LPZ-GPS]mUseNetworkwireless=true
02-09 18:35:01.411 D/CdmaCellLocation(  397): [LPZ-GPS]BSId=13058
02-09 18:35:01.411 D/CdmaCellLocation(  397): [LPZ-GPS]BSLAT=560304
02-09 18:35:01.411 D/CdmaCellLocation(  397): [LPZ-GPS]BSLONG=-1362999
02-09 18:35:01.411 D/CdmaCellLocation(  397): [LPZ-GPS]SystemId=4139
02-09 18:35:01.411 D/CdmaCellLocation(  397): [LPZ-GPS]NetworkId=41
02-09 18:35:01.421 D/AlarmManager(  230): +++Alarm set:type=2 com.google.android.location  Trigger after:4986ms
02-09 18:35:01.421 D/KeyguardUpdateMonitor(  230): Received SPN update on sub :0
02-09 18:35:01.421 D/KeyguardUpdateMonitor(  230): handleCarrierInfoUpdate: plmn = Sprint, spn = null, subscription = 0
02-09 18:35:01.421 D/LockScreen(  230): onRefreshCarrierInfo(Sprint, null)
02-09 18:35:01.421 D/LockScreen(  230): updateLayout: status=Normalsubscription=0
02-09 18:35:01.431 D/LockScreen(  230): Updating Lock Screen text to Ruim
02-09 18:35:01.441 D/MobileDataStateTracker(  230): [hipri]  MobileDataStateReceiver onReceive(): Entry.
02-09 18:35:01.441 D/MobileDataStateTracker(  230): [hipri]  intent.getAction()= android.intent.action.SERVICE_STATE
02-09 18:35:01.441 D/MobileDataStateTracker(  230): [hipri]  mEnabled = false
02-09 18:35:01.441 D/MobileDataStateTracker(  230): [dun]  MobileDataStateReceiver onReceive(): Entry.
02-09 18:35:01.441 D/MobileDataStateTracker(  230): [dun]  intent.getAction()= android.intent.action.SERVICE_STATE
02-09 18:35:01.441 D/MobileDataStateTracker(  230): [dun]  mEnabled = false
02-09 18:35:01.441 D/MobileDataStateTracker(  230): [supl]  MobileDataStateReceiver onReceive(): Entry.
02-09 18:35:01.441 D/MobileDataStateTracker(  230): [supl]  intent.getAction()= android.intent.action.SERVICE_STATE
02-09 18:35:01.441 D/MobileDataStateTracker(  230): [supl]  mEnabled = false
02-09 18:35:01.441 D/MobileDataStateTracker(  230): [mms]  MobileDataStateReceiver onReceive(): Entry.
02-09 18:35:01.441 D/MobileDataStateTracker(  230): [mms]  intent.getAction()= android.intent.action.SERVICE_STATE
02-09 18:35:01.451 D/MobileDataStateTracker(  230): [mms]  mEnabled = false
02-09 18:35:01.471 D/MobileDataStateTracker(  230): [default]  MobileDataStateReceiver onReceive(): Entry.
02-09 18:35:01.471 D/MobileDataStateTracker(  230): [default]  intent.getAction()= android.intent.action.SERVICE_STATE
02-09 18:35:01.471 D/MobileDataStateTracker(  230): [default]  mEnabled = true
02-09 18:35:01.481 D/MobileDataStateTracker(  230): [hipri]  MobileDataStateReceiver onReceive(): Entry.
02-09 18:35:01.481 D/MobileDataStateTracker(  230): [hipri]  intent.getAction()= android.intent.action.SERVICE_STATE
02-09 18:35:01.481 D/MobileDataStateTracker(  230): [hipri]  mEnabled = false
02-09 18:35:01.491 D/MobileDataStateTracker(  230): [dun]  MobileDataStateReceiver onReceive(): Entry.
02-09 18:35:01.491 D/MobileDataStateTracker(  230): [dun]  intent.getAction()= android.intent.action.SERVICE_STATE
02-09 18:35:01.491 D/MobileDataStateTracker(  230): [dun]  mEnabled = false
02-09 18:35:01.491 D/MobileDataStateTracker(  230): [supl]  MobileDataStateReceiver onReceive(): Entry.
02-09 18:35:01.491 D/MobileDataStateTracker(  230): [supl]  intent.getAction()= android.intent.action.SERVICE_STATE
02-09 18:35:01.491 D/MobileDataStateTracker(  230): [supl]  mEnabled = false
02-09 18:35:01.491 D/MobileDataStateTracker(  230): [mms]  MobileDataStateReceiver onReceive(): Entry.
02-09 18:35:01.491 D/MobileDataStateTracker(  230): [mms]  intent.getAction()= android.intent.action.SERVICE_STATE
02-09 18:35:01.491 D/MobileDataStateTracker(  230): [mms]  mEnabled = false
02-09 18:35:01.501 D/MobileDataStateTracker(  230): [default]  MobileDataStateReceiver onReceive(): Entry.
02-09 18:35:01.501 D/MobileDataStateTracker(  230): [default]  intent.getAction()= android.intent.action.SERVICE_STATE
02-09 18:35:01.501 D/MobileDataStateTracker(  230): [default]  mEnabled = true
02-09 18:35:01.501 D/MobileDataStateTracker(  230): [hipri]  MobileDataStateReceiver onReceive(): Entry.
02-09 18:35:01.501 D/MobileDataStateTracker(  230): [hipri]  intent.getAction()= android.intent.action.SERVICE_STATE
02-09 18:35:01.501 D/MobileDataStateTracker(  230): [hipri]  mEnabled = false
02-09 18:35:01.511 D/MobileDataStateTracker(  230): [dun]  MobileDataStateReceiver onReceive(): Entry.
02-09 18:35:01.511 D/MobileDataStateTracker(  230): [dun]  intent.getAction()= android.intent.action.SERVICE_STATE
02-09 18:35:01.511 D/MobileDataStateTracker(  230): [dun]  mEnabled = false
02-09 18:35:01.521 D/MobileDataStateTracker(  230): [supl]  MobileDataStateReceiver onReceive(): Entry.
02-09 18:35:01.521 D/MobileDataStateTracker(  230): [supl]  intent.getAction()= android.intent.action.SERVICE_STATE
02-09 18:35:01.521 D/MobileDataStateTracker(  230): [supl]  mEnabled = false
02-09 18:35:01.531 D/MobileDataStateTracker(  230): [mms]  MobileDataStateReceiver onReceive(): Entry.
02-09 18:35:01.531 D/MobileDataStateTracker(  230): [mms]  intent.getAction()= android.intent.action.SERVICE_STATE
02-09 18:35:01.531 D/MobileDataStateTracker(  230): [mms]  mEnabled = false
02-09 18:35:01.531 D/MobileDataStateTracker(  230): [default]  MobileDataStateReceiver onReceive(): Entry.
02-09 18:35:01.531 D/MobileDataStateTracker(  230): [default]  intent.getAction()= android.intent.action.SERVICE_STATE
02-09 18:35:01.531 D/MobileDataStateTracker(  230): [default]  mEnabled = true
02-09 18:35:01.531 D/MobileDataStateTracker(  230): [hipri]  MobileDataStateReceiver onReceive(): Entry.
02-09 18:35:01.531 D/MobileDataStateTracker(  230): [hipri]  intent.getAction()= android.intent.action.ANY_DATA_STATE
02-09 18:35:01.531 D/MobileDataStateTracker(  230): [hipri]  mEnabled = false
02-09 18:35:01.541 D/MobileDataStateTracker(  230): [hipri]  apnTypeList = default
02-09 18:35:01.541 D/MobileDataStateTracker(  230): [hipri]  unavailable = false
02-09 18:35:01.541 D/MobileDataStateTracker(  230): [hipri] Do not process intents if disabled.
02-09 18:35:01.541 D/MobileDataStateTracker(  230): [dun]  MobileDataStateReceiver onReceive(): Entry.
02-09 18:35:01.541 D/MobileDataStateTracker(  230): [dun]  intent.getAction()= android.intent.action.ANY_DATA_STATE
02-09 18:35:01.541 D/MobileDataStateTracker(  230): [dun]  mEnabled = false
02-09 18:35:01.541 D/MobileDataStateTracker(  230): [dun]  apnTypeList = default
02-09 18:35:01.541 D/MobileDataStateTracker(  230): [dun]  unavailable = false
02-09 18:35:01.541 D/MobileDataStateTracker(  230): [dun] Do not process intents if disabled.
02-09 18:35:01.541 D/MobileDataStateTracker(  230): [supl]  MobileDataStateReceiver onReceive(): Entry.
02-09 18:35:01.541 D/MobileDataStateTracker(  230): [supl]  intent.getAction()= android.intent.action.ANY_DATA_STATE
02-09 18:35:01.541 D/MobileDataStateTracker(  230): [supl]  mEnabled = false
02-09 18:35:01.541 D/MobileDataStateTracker(  230): [supl]  apnTypeList = default
02-09 18:35:01.541 D/MobileDataStateTracker(  230): [supl]  unavailable = false
02-09 18:35:01.541 D/MobileDataStateTracker(  230): [supl] Do not process intents if disabled.
02-09 18:35:01.541 D/MobileDataStateTracker(  230): [mms]  MobileDataStateReceiver onReceive(): Entry.
02-09 18:35:01.541 D/MobileDataStateTracker(  230): [mms]  intent.getAction()= android.intent.action.ANY_DATA_STATE
02-09 18:35:01.541 D/MobileDataStateTracker(  230): [mms]  mEnabled = false
02-09 18:35:01.551 D/MobileDataStateTracker(  230): [mms]  apnTypeList = default
02-09 18:35:01.551 D/MobileDataStateTracker(  230): [mms]  unavailable = false
02-09 18:35:01.551 D/MobileDataStateTracker(  230): [mms] Do not process intents if disabled.
02-09 18:35:01.551 D/MobileDataStateTracker(  230): [default]  MobileDataStateReceiver onReceive(): Entry.
02-09 18:35:01.551 D/MobileDataStateTracker(  230): [default]  intent.getAction()= android.intent.action.ANY_DATA_STATE
02-09 18:35:01.551 D/MobileDataStateTracker(  230): [default]  mEnabled = true
02-09 18:35:01.551 D/MobileDataStateTracker(  230): [default]  apnTypeList = default
02-09 18:35:01.551 D/MobileDataStateTracker(  230): [default]  unavailable = false
02-09 18:35:01.551 D/MobileDataStateTracker(  230): [default] CALL updateMobileInfoFromIntent
02-09 18:35:01.551 I/MobileDataStateTracker(  230): [default] dc state change intent received for default/INET with state  DISCONNECTED. enabled=true state change reason = dataNetworkAttached
02-09 18:35:01.551 I/MobileDataStateTracker(  230): [default] old state = CONNECTING
02-09 18:35:01.551 I/MobileDataStateTracker(  230): [default] updated mobile state info for INET : [state=DISCONNECTED, iface=null, mApnName=null, mIpAddress=null, mGateway=null]
02-09 18:35:01.561 D/NetworkStateTracker(  230): setDetailed state, old =IDLE and new state=CONNECTING
02-09 18:35:01.561 D/MobileDataStateTracker(  230): [hipri]  MobileDataStateReceiver onReceive(): Entry.
02-09 18:35:01.561 D/MobileDataStateTracker(  230): [hipri]  intent.getAction()= android.intent.action.ANY_DATA_STATE
02-09 18:35:01.561 D/MobileDataStateTracker(  230): [hipri]  mEnabled = false
02-09 18:35:01.571 D/MobileDataStateTracker(  230): [hipri]  apnTypeList = default
02-09 18:35:01.571 D/MobileDataStateTracker(  230): [hipri]  unavailable = false
02-09 18:35:01.571 D/MobileDataStateTracker(  230): [hipri] Do not process intents if disabled.
02-09 18:35:01.571 D/MobileDataStateTracker(  230): [dun]  MobileDataStateReceiver onReceive(): Entry.
02-09 18:35:01.571 D/MobileDataStateTracker(  230): [dun]  intent.getAction()= android.intent.action.ANY_DATA_STATE
02-09 18:35:01.571 D/MobileDataStateTracker(  230): [dun]  mEnabled = false
02-09 18:35:01.571 D/MobileDataStateTracker(  230): [dun]  apnTypeList = default
02-09 18:35:01.571 D/MobileDataStateTracker(  230): [dun]  unavailable = false
02-09 18:35:01.571 D/MobileDataStateTracker(  230): [dun] Do not process intents if disabled.
02-09 18:35:01.571 D/MobileDataStateTracker(  230): [supl]  MobileDataStateReceiver onReceive(): Entry.
02-09 18:35:01.571 D/MobileDataStateTracker(  230): [supl]  intent.getAction()= android.intent.action.ANY_DATA_STATE
02-09 18:35:01.571 D/MobileDataStateTracker(  230): [supl]  mEnabled = false
02-09 18:35:01.581 D/MobileDataStateTracker(  230): [supl]  apnTypeList = default
02-09 18:35:01.581 D/MobileDataStateTracker(  230): [supl]  unavailable = false
02-09 18:35:01.581 D/MobileDataStateTracker(  230): [supl] Do not process intents if disabled.
02-09 18:35:01.581 D/MobileDataStateTracker(  230): [mms]  MobileDataStateReceiver onReceive(): Entry.
02-09 18:35:01.581 D/MobileDataStateTracker(  230): [mms]  intent.getAction()= android.intent.action.ANY_DATA_STATE
02-09 18:35:01.581 D/MobileDataStateTracker(  230): [mms]  mEnabled = false
02-09 18:35:01.581 D/MobileDataStateTracker(  230): [mms]  apnTypeList = default
02-09 18:35:01.581 D/MobileDataStateTracker(  230): [mms]  unavailable = false
02-09 18:35:01.581 D/MobileDataStateTracker(  230): [mms] Do not process intents if disabled.
02-09 18:35:01.581 D/MobileDataStateTracker(  230): [default]  MobileDataStateReceiver onReceive(): Entry.
02-09 18:35:01.581 D/MobileDataStateTracker(  230): [default]  intent.getAction()= android.intent.action.ANY_DATA_STATE
02-09 18:35:01.581 D/MobileDataStateTracker(  230): [default]  mEnabled = true
02-09 18:35:01.581 D/MobileDataStateTracker(  230): [default]  apnTypeList = default
02-09 18:35:01.581 D/MobileDataStateTracker(  230): [default]  unavailable = false
02-09 18:35:01.591 D/MobileDataStateTracker(  230): [default] CALL updateMobileInfoFromIntent
02-09 18:35:01.591 I/MobileDataStateTracker(  230): [default] dc state change intent received for default/INET6 with state  DISCONNECTED. enabled=true state change reason = dataNetworkAttached
02-09 18:35:01.591 I/MobileDataStateTracker(  230): [default] old state = CONNECTING
02-09 18:35:01.591 I/MobileDataStateTracker(  230): [default] updated mobile state info for INET6 : [state=DISCONNECTED, iface=null, mApnName=null, mIpAddress=null, mGateway=null]
02-09 18:35:01.591 D/NetworkStateTracker(  230): setDetailed state, old =CONNECTING and new state=DISCONNECTED
02-09 18:35:01.591 D/MobileDataStateTracker(  230): [hipri]  MobileDataStateReceiver onReceive(): Entry.
02-09 18:35:01.591 D/MobileDataStateTracker(  230): [hipri]  intent.getAction()= android.intent.action.ANY_DATA_STATE
02-09 18:35:01.591 D/MobileDataStateTracker(  230): [hipri]  mEnabled = false
02-09 18:35:01.591 W/NetworkStateTracker(  230): ### removeDefaultRoute. do nothing 
02-09 18:35:01.591 D/MobileDataStateTracker(  230): [hipri]  apnTypeList = mms
02-09 18:35:01.591 D/MobileDataStateTracker(  230): [hipri]  unavailable = false
02-09 18:35:01.591 D/MobileDataStateTracker(  230): [hipri] Do not process intents if disabled.
02-09 18:35:01.591 D/MobileDataStateTracker(  230): [dun]  MobileDataStateReceiver onReceive(): Entry.
02-09 18:35:01.591 D/MobileDataStateTracker(  230): [dun]  intent.getAction()= android.intent.action.ANY_DATA_STATE
02-09 18:35:01.591 D/MobileDataStateTracker(  230): [dun]  mEnabled = false
02-09 18:35:01.591 D/MobileDataStateTracker(  230): [dun]  apnTypeList = mms
02-09 18:35:01.591 D/MobileDataStateTracker(  230): [dun]  unavailable = false
02-09 18:35:01.591 D/MobileDataStateTracker(  230): [dun] Do not process intents if disabled.
02-09 18:35:01.591 D/MobileDataStateTracker(  230): [supl]  intent.getAction()= android.intent.action.ANY_DATA_STATE
02-09 18:35:01.591 D/MobileDataStateTracker(  230): [supl]  mEnabled = false
02-09 18:35:01.591 D/MobileDataStateTracker(  230): [supl]  MobileDataStateReceiver onReceive(): Entry.
02-09 18:35:01.591 D/MobileDataStateTracker(  230): [supl]  apnTypeList = mms
02-09 18:35:01.591 D/MobileDataStateTracker(  230): [supl]  unavailable = false
02-09 18:35:01.591 D/MobileDataStateTracker(  230): [supl] Do not process intents if disabled.
02-09 18:35:01.591 D/MobileDataStateTracker(  230): [mms]  MobileDataStateReceiver onReceive(): Entry.
02-09 18:35:01.591 D/MobileDataStateTracker(  230): [mms]  intent.getAction()= android.intent.action.ANY_DATA_STATE
02-09 18:35:01.591 D/MobileDataStateTracker(  230): [mms]  mEnabled = false
02-09 18:35:01.591 D/MobileDataStateTracker(  230): [mms]  apnTypeList = mms
02-09 18:35:01.591 D/MobileDataStateTracker(  230): [mms]  unavailable = false
02-09 18:35:01.591 D/MobileDataStateTracker(  230): [mms] Do not process intents if disabled.
02-09 18:35:01.591 D/MobileDataStateTracker(  230): [default]  MobileDataStateReceiver onReceive(): Entry.
02-09 18:35:01.591 D/MobileDataStateTracker(  230): [default]  intent.getAction()= android.intent.action.ANY_DATA_STATE
02-09 18:35:01.591 D/MobileDataStateTracker(  230): [default]  mEnabled = true
02-09 18:35:01.601 D/MobileDataStateTracker(  230): [default]  apnTypeList = mms
02-09 18:35:01.601 D/MobileDataStateTracker(  230): [default]  unavailable = false
02-09 18:35:01.601 D/MobileDataStateTracker(  230): [default] not what we are looking for.
02-09 18:35:01.601 D/MobileDataStateTracker(  230): [hipri]  MobileDataStateReceiver onReceive(): Entry.
02-09 18:35:01.601 D/MobileDataStateTracker(  230): [hipri]  intent.getAction()= android.intent.action.ANY_DATA_STATE
02-09 18:35:01.601 D/MobileDataStateTracker(  230): [hipri]  mEnabled = false
02-09 18:35:01.601 D/MobileDataStateTracker(  230): [hipri]  apnTypeList = mms
02-09 18:35:01.601 D/MobileDataStateTracker(  230): [hipri]  unavailable = false
02-09 18:35:01.601 D/MobileDataStateTracker(  230): [hipri] Do not process intents if disabled.
02-09 18:35:01.601 D/MobileDataStateTracker(  230): [dun]  MobileDataStateReceiver onReceive(): Entry.
02-09 18:35:01.601 D/MobileDataStateTracker(  230): [dun]  intent.getAction()= android.intent.action.ANY_DATA_STATE
02-09 18:35:01.601 D/MobileDataStateTracker(  230): [dun]  mEnabled = false
02-09 18:35:01.601 D/MobileDataStateTracker(  230): [dun]  apnTypeList = mms
02-09 18:35:01.601 D/MobileDataStateTracker(  230): [dun]  unavailable = false
02-09 18:35:01.601 D/MobileDataStateTracker(  230): [dun] Do not process intents if disabled.
02-09 18:35:01.601 D/MobileDataStateTracker(  230): [supl]  MobileDataStateReceiver onReceive(): Entry.
02-09 18:35:01.601 D/MobileDataStateTracker(  230): [supl]  intent.getAction()= android.intent.action.ANY_DATA_STATE
02-09 18:35:01.601 D/MobileDataStateTracker(  230): [supl]  mEnabled = false
02-09 18:35:01.631 D/MobileDataStateTracker(  230): [supl]  apnTypeList = mms
02-09 18:35:01.631 D/MobileDataStateTracker(  230): [supl]  unavailable = false
02-09 18:35:01.631 D/MobileDataStateTracker(  230): [supl] Do not process intents if disabled.
02-09 18:35:01.631 D/MobileDataStateTracker(  230): [mms]  MobileDataStateReceiver onReceive(): Entry.
02-09 18:35:01.631 D/MobileDataStateTracker(  230): [mms]  intent.getAction()= android.intent.action.ANY_DATA_STATE
02-09 18:35:01.631 D/MobileDataStateTracker(  230): [mms]  mEnabled = false
02-09 18:35:01.631 D/MobileDataStateTracker(  230): [mms]  apnTypeList = mms
02-09 18:35:01.631 D/MobileDataStateTracker(  230): [mms]  unavailable = false
02-09 18:35:01.631 D/MobileDataStateTracker(  230): [mms] Do not process intents if disabled.
02-09 18:35:01.631 D/MobileDataStateTracker(  230): [default]  MobileDataStateReceiver onReceive(): Entry.
02-09 18:35:01.631 D/MobileDataStateTracker(  230): [default]  intent.getAction()= android.intent.action.ANY_DATA_STATE
02-09 18:35:01.631 D/MobileDataStateTracker(  230): [default]  apnTypeList = mms
02-09 18:35:01.631 D/MobileDataStateTracker(  230): [default]  unavailable = false
02-09 18:35:01.631 D/MobileDataStateTracker(  230): [default] not what we are looking for.
02-09 18:35:01.631 D/MobileDataStateTracker(  230): [hipri]  MobileDataStateReceiver onReceive(): Entry.
02-09 18:35:01.631 D/MobileDataStateTracker(  230): [hipri]  intent.getAction()= android.intent.action.ANY_DATA_STATE
02-09 18:35:01.631 D/MobileDataStateTracker(  230): [hipri]  mEnabled = false
02-09 18:35:01.631 D/MobileDataStateTracker(  230): [hipri]  apnTypeList = supl
02-09 18:35:01.631 D/MobileDataStateTracker(  230): [hipri]  unavailable = false
02-09 18:35:01.631 D/MobileDataStateTracker(  230): [hipri] Do not process intents if disabled.
02-09 18:35:01.631 D/MobileDataStateTracker(  230): [dun]  MobileDataStateReceiver onReceive(): Entry.
02-09 18:35:01.631 D/MobileDataStateTracker(  230): [dun]  intent.getAction()= android.intent.action.ANY_DATA_STATE
02-09 18:35:01.631 D/MobileDataStateTracker(  230): [dun]  mEnabled = false
02-09 18:35:01.631 D/MobileDataStateTracker(  230): [dun]  apnTypeList = supl
02-09 18:35:01.631 D/MobileDataStateTracker(  230): [dun]  unavailable = false
02-09 18:35:01.631 D/MobileDataStateTracker(  230): [dun] Do not process intents if disabled.
02-09 18:35:01.631 D/MobileDataStateTracker(  230): [supl]  MobileDataStateReceiver onReceive(): Entry.
02-09 18:35:01.631 D/MobileDataStateTracker(  230): [supl]  intent.getAction()= android.intent.action.ANY_DATA_STATE
02-09 18:35:01.631 D/MobileDataStateTracker(  230): [supl]  mEnabled = false
02-09 18:35:01.631 D/MobileDataStateTracker(  230): [supl]  apnTypeList = supl
02-09 18:35:01.631 D/MobileDataStateTracker(  230): [default]  mEnabled = true
02-09 18:35:01.641 D/MobileDataStateTracker(  230): [supl]  unavailable = false
02-09 18:35:01.641 D/MobileDataStateTracker(  230): [supl] Do not process intents if disabled.
02-09 18:35:01.641 D/MobileDataStateTracker(  230): [mms]  MobileDataStateReceiver onReceive(): Entry.
02-09 18:35:01.641 D/MobileDataStateTracker(  230): [mms]  intent.getAction()= android.intent.action.ANY_DATA_STATE
02-09 18:35:01.641 D/MobileDataStateTracker(  230): [mms]  mEnabled = false
02-09 18:35:01.641 D/MobileDataStateTracker(  230): [mms]  apnTypeList = supl
02-09 18:35:01.641 D/MobileDataStateTracker(  230): [mms]  unavailable = false
02-09 18:35:01.641 D/MobileDataStateTracker(  230): [mms] Do not process intents if disabled.
02-09 18:35:01.641 D/MobileDataStateTracker(  230): [default]  MobileDataStateReceiver onReceive(): Entry.
