02-09 18:35:24.253 D/MediaStoreImportService(  820): Scanner finished. Starting media store import
02-09 18:35:24.253 D/MediaScannerService(  533): done scanning volume external
02-09 18:35:24.273 D/MediaStoreImportService(  820): Handle action: MediaStoreImportService.import_pending
02-09 18:35:24.273 D/MediaStoreImportService(  820): Handle action: MediaStoreImportService.import
02-09 18:35:24.744 I/MediaStoreImporter(  820): Update: incremental Added music: 0 Updated music: 0 Deleted music: 0 Created playlists: 0 Updated playlists: 0 Deleted playlists: 0 Inserted playlist items: 0 Deleted playlist items: 0 Removed orphaned playlist items: 0
02-09 18:35:24.744 D/MediaStoreImportService(  820): onDestroy
02-09 18:35:25.614 I/System.out(  734): [INFO:5666]: c: Response [http=200,length=153]
02-09 18:35:25.624 I/System.out(  734): [INFO:5677]: c: Read id 1, status code 200
02-09 18:35:25.744 I/GTalkService(  397): connectionEstablished
02-09 18:35:25.765 D/AlarmManager(  230): +++Alarm set:type=2 com.google.android.apps.maps  Trigger after:2147483643281ms
02-09 18:35:25.775 I/DATA    (  346): [DCT(0) ] intent received :android.net.wifi.STATE_CHANGE
02-09 18:35:26.005 I/CheckinTask(  397): Checkin success: https://android.clients.google.com/checkin (1 requests sent)
02-09 18:35:26.005 I/CheckinService(  397): From server: Intent { act=android.server.checkin.FOTA_CANCEL }
02-09 18:35:26.005 D/AlarmManager(  230): +++Alarm set:type=0 com.google.android.gsf  Trigger after:580454991ms
02-09 18:35:26.025 D/AlarmManager(  230): +++Alarm set:type=0 com.google.android.gsf  Trigger after:580454978ms
02-09 18:35:27.957 I/SprintUpdater(  567): Rescheduling to run in 37808 min
02-09 18:35:27.957 D/AlarmManager(  230): +++Alarm set:type=0 com.sprint.ce.updater  Trigger after:2268483875ms
02-09 18:35:29.929 W/AlarmManager(  230): +++Alarm  wakeup phone ,pkg=com.facebook.katana
02-09 18:35:29.949 I/wpa_supplicant(  389): Selecting BSS from priority group 4
02-09 18:35:29.949 I/wpa_supplicant(  389): Try to find WPA-enabled AP
02-09 18:35:29.949 I/wpa_supplicant(  389): Selecting BSS from priority group 3
02-09 18:35:29.949 I/wpa_supplicant(  389): Try to find WPA-enabled AP
02-09 18:35:29.949 I/wpa_supplicant(  389): Selecting BSS from priority group 2
02-09 18:35:29.949 I/wpa_supplicant(  389): Try to find WPA-enabled AP
02-09 18:35:29.949 I/wpa_supplicant(  389): Selecting BSS from priority group 1
02-09 18:35:29.949 I/wpa_supplicant(  389): Try to find WPA-enabled AP
02-09 18:35:29.949 I/dun_service(  124): process rmnet event
02-09 18:35:29.949 I/dun_service(  124): Post event 4
02-09 18:35:29.959 I/dun_service(  124): received event: DUN_EVENT_RMNET_UP 
02-09 18:35:29.959 I/dun_service(  124): received event(DUN_EVENT_RMNET_UP) in state(DUN_STATE_USB_UNPLUG)
02-09 18:35:29.959 I/dun_service(  124): Ignoring the event DUN_EVENT_RMNET_UP in USB_UNPLUG_STATE
02-09 18:35:29.959 I/dun_service(  124): Moved to state(DUN_STATE_USB_UNPLUG)
02-09 18:35:29.989 W/AlarmManager(  230): +++alarm onSendFinished ,action=com.facebook.katana.service.4
02-09 18:35:29.999 D/AlarmManager(  230): +++Alarm set:type=2 com.google.android.location  Trigger after:86371972ms
02-09 18:35:29.999 D/WifiStateTracker(  230): setNotificationVisible() scanResult.SSID=Store-PC-WPA Open? false
02-09 18:35:29.999 D/WifiStateTracker(  230): setNotificationVisible() scanResult.SSID=MGRM0bility Open? false
02-09 18:35:29.999 D/WifiStateTracker(  230): setNotificationVisible() scanResult.SSID=kodo Open? false
02-09 18:35:29.999 D/WifiStateTracker(  230): setNotificationVisible() visible=false mNotificationShown=false force=false return.
02-09 18:35:30.069 D/VoiceDialerReceiver(  863): onReceive Intent { act=android.intent.action.PACKAGE_CHANGED dat=package:com.google.android.apps.googlevoice flg=0x10000000 cmp=com.android.voicedialer/.VoiceDialerReceiver (has extras) }
02-09 18:35:30.099 D/AlarmManager(  230): +++Alarm set:type=2 com.google.android.apps.maps  Trigger after:2147483638956ms
02-09 18:35:30.319 I/ActivityThread(  871): Pub com.google.android.finsky.RecentSuggestionsProvider: com.google.android.finsky.providers.RecentSuggestionsProvider
02-09 18:35:30.399 D/GTalkService(  397): [RosterListenerImpl] removeTalkPresence for account=1, deleted=0
02-09 18:35:30.549 I/ContactsProvider(  394): updateInTransaction: content://com.android.contacts/status_updates
02-09 18:35:30.689 D/GTalkService(  397): [ContactPresence] removeAllContactsPresence: account=1, set null presence for 0
02-09 18:35:30.729 D/Finsky  (  871): [1] DownloadRestarterRule.run: Recovering from Market exit when restoring / downloading assets.
02-09 18:35:30.739 D/Finsky  (  871): [1] SanityChecker.run: # LocalAssets corrected : 1
02-09 18:35:30.739 D/Finsky  (  871): Sanity check took : 94 ms
02-09 18:35:30.779 D/Finsky  (  871): [23] DownloadRecords.initializeAndPrune: Pruned 0 old downloads from the cursor.
02-09 18:35:30.789 D/Finsky  (  871): [1] DownloadRestarter.onPostExecute: Recovering restore of com.google.android.apps.plus
02-09 18:35:30.789 D/Finsky  (  871): [1] DownloadRestarter.handleObbResumingOrRestart: No OBB's associated to this asset.
02-09 18:35:30.799 D/Finsky  (  871): [1] DownloadRestarter.onPostExecute: Resumed asset download : com.google.android.apps.plus
02-09 18:35:30.809 D/AlarmManager(  230): +++Alarm set:type=2 com.google.android.gsf  Trigger after:1679997ms
02-09 18:35:30.809 I/GTalkService(  397): [GTalkConnection.28] connectionEstablished: release wakelock
02-09 18:35:30.809 I/GTalkService(  397): [GTalkConnection.28] releaseAsyncWakeLock: clear timer: WakeLock{40528df8 held=false, refCount=0}
02-09 18:35:30.819 I/GTalkService(  397): [GTalkConnection.28] EVENT_REQUEST_ROSTER: already ONLINE, ignore
02-09 18:35:30.819 I/GTalkService(  397): [GTalkConnection.28] (WORKER THREAD) update account status
02-09 18:35:30.950 I/ContactsProvider(  394): insertInTransaction: content://com.android.contacts/status_updates protocol=5 im_handle=decidel@gmail.com im_account=1 status=null mode=5
02-09 18:35:30.980 D/AlarmManager(  230): +++Alarm set:type=2 com.google.android.gsf  Trigger after:1679999ms
02-09 18:35:31.030 I/GTalkService(  397): [GTalkConnection.28] (WORKER THREAD) update account status - done, took 216 ms
02-09 18:35:31.030 I/GTalkService(  397): [GTalkConnection.28] (WORKER THREAD) update account status
02-09 18:35:31.150 D/GTalkService(  397): [RosterMgr] roster not modified
02-09 18:35:31.160 D/AlarmManager(  230): +++Alarm set:type=2 com.google.android.gsf  Trigger after:1679997ms
02-09 18:35:31.190 D/AlarmManager(  230): +++Alarm set:type=2 com.google.android.gsf  Trigger after:1679999ms
02-09 18:35:31.210 D/AlarmManager(  230): +++Alarm set:type=2 com.google.android.gsf  Trigger after:1679998ms
02-09 18:35:31.210 I/ContactsProvider(  394): insertInTransaction: content://com.android.contacts/status_updates protocol=5 im_handle=decidel@gmail.com im_account=1 status=null mode=5
02-09 18:35:31.220 E/TalkProvider(  397): replaceContactWithContactId: contactId==0!!! decidel@gmail.com, acct=1
02-09 18:35:31.220 D/AlarmManager(  230): +++Alarm set:type=2 com.google.android.gsf  Trigger after:1680000ms
02-09 18:35:31.230 E/TalkProvider(  397): insert presence failed for account=1 username=decidel@gmail.com client_type=0 status=Shimshon cap=15 priority=0 mode=3
02-09 18:35:31.230 D/AlarmManager(  230): +++Alarm set:type=2 com.google.android.gsf  Trigger after:1680000ms
02-09 18:35:31.240 D/AlarmManager(  230): +++Alarm set:type=2 com.google.android.gsf  Trigger after:1679998ms
02-09 18:35:31.260 I/GTalkService(  397): [GTalkConnection.28] (WORKER THREAD) update account status - done, took 231 ms
02-09 18:35:31.260 I/GTalkService(  397): [GTalkConnection.28] (WORKER THREAD) update account status
02-09 18:35:31.270 D/GTalkService(  397): [OtrMgr] OTR not modified
02-09 18:35:31.370 I/ContactsProvider(  394): insertInTransaction: content://com.android.contacts/status_updates protocol=5 im_handle=decidel@gmail.com im_account=1 status=Shimshon mode=5
02-09 18:35:31.430 I/GTalkService(  397): [GTalkConnection.28] (WORKER THREAD) update account status - done, took 160 ms
02-09 18:35:31.780 W/AlarmManager(  230): +++Alarm  wakeup phone ,pkg=com.locationlabs.v3client
02-09 18:35:31.900 I/V3Client(  894): com.locationlabs.v3client onCreate() version: 301/3.0.1 3.0.1:2011.11.12-08.08(r159470) prod sparkle build@l64build1
02-09 18:35:31.971 I/V3Client(  894): AccountService.onStartup
02-09 18:35:31.971 I/V3Client(  894): Re-registering for push services. email:v3client@location-labs.com
02-09 18:35:32.171 I/V3Client(  894): stopping scheduling feed now
02-09 18:35:32.191 W/AlarmManager(  230): +++alarm onSendFinished ,action=com.locationlabs.action.DO_STARTUP
02-09 18:35:32.261 I/V3Client(  894): FeatureService initial state thread
02-09 18:35:32.291 I/V3Client(  894): FeatureService NOT_STICKY
02-09 18:35:32.381 D/AlarmManager(  230): +++Alarm set:type=2 com.locationlabs.v3client  Trigger after:536673556ms
02-09 18:35:32.381 I/V3Client(  894): next heartbeat scheduled for Wed Feb 15 23:40:05 CST 2012
02-09 18:35:32.561 I/V3Client(  894): HTTP req: POST https://sparkle.locationlabs.com/client/v3/notifications
02-09 18:35:32.701 I/V3Client(  894): Handling push registration
02-09 18:35:32.701 I/V3Client(  894): setting push registration id
02-09 18:35:32.701 I/V3Client(  894): sending push id to server
02-09 18:35:32.781 D/AlarmManager(  230): +++Alarm set:type=0 com.facebook.katana  Trigger after:1000ms
02-09 18:35:33.392 D/AlarmManager(  230): +++Alarm set:type=0 com.facebook.katana  Trigger after:3600000ms
02-09 18:35:33.782 W/AlarmManager(  230): +++Alarm  wakeup phone ,pkg=com.facebook.katana
02-09 18:35:33.812 W/AlarmManager(  230): +++alarm onSendFinished ,action=com.facebook.katana.service.9
02-09 18:35:34.573 I/V3Client(  894): HTTP resp: 200 OK
02-09 18:35:34.663 D/AlarmManager(  230): +++Alarm set:type=2 com.locationlabs.v3client  Trigger after:536671255ms
02-09 18:35:34.663 I/V3Client(  894): next heartbeat scheduled for Wed Feb 15 23:40:05 CST 2012
02-09 18:35:34.683 I/V3Client(  894): HTTP req: POST https://sparkle.locationlabs.com/client/v3/notifications
02-09 18:35:35.794 I/V3Client(  894): HTTP resp: 200 OK
02-09 18:35:35.924 D/AlarmManager(  230): +++Alarm set:type=2 com.google.android.gsf  Trigger after:1679999ms
02-09 18:35:36.085 I/ContactsProvider(  394): insertInTransaction: content://com.android.contacts/status_updates protocol=5 im_handle=jeremy.meiss@gmail.com im_account=1 status=http://LandofDroid.com mode=3
02-09 18:35:36.105 I/ContactsProvider(  394): insertInTransaction: content://com.android.contacts/status_updates protocol=5 im_handle=martyaldridge@gmail.com im_account=1 status=DJ PON-3 mode=5
02-09 18:35:36.115 I/ContactsProvider(  394): insertInTransaction: content://com.android.contacts/status_updates protocol=5 im_handle=2ts717pe7ao0w2b8efffkqxhet@public.talk.google.com im_account=1 status=null mode=3
02-09 18:35:36.115 I/ContactsProvider(  394): insertInTransaction: content://com.android.contacts/status_updates protocol=5 im_handle=jkbgames@gmail.com im_account=1 status=null mode=5
02-09 18:35:36.115 I/ContactsProvider(  394): insertInTransaction: content://com.android.contacts/status_updates protocol=5 im_handle=kevhsiang@gmail.com im_account=1 status=Doing schoolwork mode=4
02-09 18:35:36.905 I/wpa_supplicant(  389): Selecting BSS from priority group 4
02-09 18:35:36.905 I/wpa_supplicant(  389): Try to find WPA-enabled AP
02-09 18:35:36.905 I/wpa_supplicant(  389): Selecting BSS from priority group 3
02-09 18:35:36.905 I/wpa_supplicant(  389): Try to find WPA-enabled AP
02-09 18:35:36.905 I/wpa_supplicant(  389): Selecting BSS from priority group 2
02-09 18:35:36.905 I/wpa_supplicant(  389): Try to find WPA-enabled AP
02-09 18:35:36.915 I/dun_service(  124): process rmnet event
02-09 18:35:36.915 I/dun_service(  124): Post event 4
02-09 18:35:36.915 I/dun_service(  124): received event: DUN_EVENT_RMNET_UP 
02-09 18:35:36.915 I/dun_service(  124): received event(DUN_EVENT_RMNET_UP) in state(DUN_STATE_USB_UNPLUG)
02-09 18:35:36.915 I/dun_service(  124): Ignoring the event DUN_EVENT_RMNET_UP in USB_UNPLUG_STATE
02-09 18:35:36.915 I/dun_service(  124): Moved to state(DUN_STATE_USB_UNPLUG)
02-09 18:35:36.915 I/wpa_supplicant(  389): Selecting BSS from priority group 1
02-09 18:35:36.915 I/wpa_supplicant(  389): Try to find WPA-enabled AP
02-09 18:35:36.935 D/WifiStateTracker(  230): setNotificationVisible() scanResult.SSID=Store-PC-WPA Open? false
02-09 18:35:36.935 D/WifiStateTracker(  230): setNotificationVisible() scanResult.SSID=MGRM0bility Open? false
02-09 18:35:36.935 D/WifiStateTracker(  230): setNotificationVisible() scanResult.SSID=kodo Open? false
02-09 18:35:36.935 D/WifiStateTracker(  230): setNotificationVisible() visible=false mNotificationShown=false force=false return.
02-09 18:35:36.975 D/AlarmManager(  230): +++Alarm set:type=2 com.google.android.location  Trigger after:86364989ms
02-09 18:35:36.985 D/AlarmManager(  230): +++Alarm set:type=2 com.google.android.apps.maps  Trigger after:2147483632063ms
02-09 18:35:43.882 I/wpa_supplicant(  389): Selecting BSS from priority group 4
02-09 18:35:43.882 I/wpa_supplicant(  389): Try to find WPA-enabled AP
02-09 18:35:43.882 I/wpa_supplicant(  389): Selecting BSS from priority group 3
02-09 18:35:43.882 I/wpa_supplicant(  389): Try to find WPA-enabled AP
02-09 18:35:43.882 I/wpa_supplicant(  389): Selecting BSS from priority group 2
02-09 18:35:43.882 I/wpa_supplicant(  389): Try to find WPA-enabled AP
02-09 18:35:43.882 I/wpa_supplicant(  389): Selecting BSS from priority group 1
02-09 18:35:43.882 I/wpa_supplicant(  389): Try to find WPA-enabled AP
02-09 18:35:43.882 I/dun_service(  124): process rmnet event
02-09 18:35:43.882 I/dun_service(  124): Post event 4
02-09 18:35:43.882 I/dun_service(  124): received event: DUN_EVENT_RMNET_UP 
02-09 18:35:43.882 I/dun_service(  124): received event(DUN_EVENT_RMNET_UP) in state(DUN_STATE_USB_UNPLUG)
02-09 18:35:43.882 I/dun_service(  124): Ignoring the event DUN_EVENT_RMNET_UP in USB_UNPLUG_STATE
02-09 18:35:43.882 I/dun_service(  124): Moved to state(DUN_STATE_USB_UNPLUG)
02-09 18:35:43.912 D/AlarmManager(  230): +++Alarm set:type=2 com.google.android.location  Trigger after:86358051ms
02-09 18:35:43.912 D/WifiStateTracker(  230): setNotificationVisible() scanResult.SSID=MGRM0bility Open? false
02-09 18:35:43.912 D/WifiStateTracker(  230): setNotificationVisible() scanResult.SSID=Buy Goodyear Tires! Open? false
02-09 18:35:43.912 D/WifiStateTracker(  230): setNotificationVisible() scanResult.SSID=Store-PC-WPA Open? false
02-09 18:35:43.912 D/WifiStateTracker(  230): setNotificationVisible() scanResult.SSID=kodo Open? false
02-09 18:35:43.912 D/WifiStateTracker(  230): setNotificationVisible() visible=false mNotificationShown=false force=false return.
02-09 18:35:43.932 D/AlarmManager(  230): +++Alarm set:type=2 com.google.android.apps.maps  Trigger after:2147483625115ms
02-09 18:35:45.874 E/Finsky  (  871): [1] ContentSyncRequestProducer.addLocalAssetsToProto: Asset com.google.android.apps.plus version 231242969 is installed on phone but asset state UNINSTALLED. Uploading as-is.
02-09 18:35:45.874 E/Finsky  (  871): [1] ContentSyncRequestProducer.addLocalAssetsToProto: Asset com.google.android.apps.plus version 240263535 not installed on phone but has asset state INSTALLED.  (Phone has version 231242969.)  Uploading as UNINSTALLED.
02-09 18:35:46.134 D/Finsky  (  871): [1] ContentSyncService.getAccountsToSync: Checking account to sync; Syncing 19 packages (26 versions) and skipped 92 system packages.
02-09 18:35:46.174 E/Finsky  (  871): [1] ContentSyncRequestProducer.addLocalAssetsToProto: Asset com.google.android.apps.plus version 231242969 is installed on phone but asset state UNINSTALLED. Uploading as-is.
02-09 18:35:46.174 E/Finsky  (  871): [1] ContentSyncRequestProducer.addLocalAssetsToProto: Asset com.google.android.apps.plus version 240263535 not installed on phone but has asset state INSTALLED.  (Phone has version 231242969.)  Uploading as UNINSTALLED.
02-09 18:35:46.385 D/Finsky  (  871): [1] ContentSyncService.attemptContentSync: Syncing account to sync; Syncing 19 packages (26 versions) and skipped 92 system packages.
02-09 18:35:46.525 I/DATA    (  346): [DCT(0) ] onDataCallListChanged:
02-09 18:35:46.525 I/DATA    (  346): [DCT(0) ] ---dc state list---
02-09 18:35:46.525 I/DATA    (  346): [DCT(0) ] DataCallState: { cid: 0, active: 1, type: , apn: , address: 70.5.41.227 }
02-09 18:35:46.525 I/DATA    (  346): [DCT(0) ] ---dc list---
02-09 18:35:46.525 I/DATA    (  346): [DCT(0) ] cid = 0, state = DcActiveState, bearerType = IP, ipaddress = 70.5.41.227, gw=70.5.41.225, dns=[68.28.67.132, 68.28.68.132]
02-09 18:35:47.095 I/DATA    (  346): [DCT(0) ] onDataCallListChanged:
02-09 18:35:47.105 I/DATA    (  346): [DCT(0) ] ---dc state list---
02-09 18:35:47.105 I/DATA    (  346): [DCT(0) ] DataCallState: { cid: 0, active: 2, type: , apn: , address: 70.5.41.227 }
02-09 18:35:47.105 I/DATA    (  346): [DCT(0) ] ---dc list---
02-09 18:35:47.105 I/DATA    (  346): [DCT(0) ] cid = 0, state = DcActiveState, bearerType = IP, ipaddress = 70.5.41.227, gw=70.5.41.225, dns=[68.28.67.132, 68.28.68.132]
02-09 18:35:48.767 D/Finsky  (  871): [1] 1.onResponse: Phonesky checkin succeeded for account
02-09 18:35:48.777 D/Finsky  (  871): [1] 1.attemptNextSync: Done checking in.
02-09 18:35:50.849 I/wpa_supplicant(  389): Selecting BSS from priority group 4
02-09 18:35:50.849 I/wpa_supplicant(  389): Try to find WPA-enabled AP
02-09 18:35:50.849 I/wpa_supplicant(  389): Selecting BSS from priority group 3
02-09 18:35:50.849 I/wpa_supplicant(  389): Try to find WPA-enabled AP
02-09 18:35:50.849 I/wpa_supplicant(  389): Selecting BSS from priority group 2
02-09 18:35:50.849 I/wpa_supplicant(  389): Try to find WPA-enabled AP
02-09 18:35:50.849 I/wpa_supplicant(  389): Selecting BSS from priority group 1
02-09 18:35:50.849 I/wpa_supplicant(  389): Try to find WPA-enabled AP
02-09 18:35:50.849 I/dun_service(  124): process rmnet event
02-09 18:35:50.849 I/dun_service(  124): Post event 4
02-09 18:35:50.849 I/dun_service(  124): received event: DUN_EVENT_RMNET_UP 
02-09 18:35:50.849 I/dun_service(  124): received event(DUN_EVENT_RMNET_UP) in state(DUN_STATE_USB_UNPLUG)
02-09 18:35:50.849 I/dun_service(  124): Ignoring the event DUN_EVENT_RMNET_UP in USB_UNPLUG_STATE
02-09 18:35:50.849 I/dun_service(  124): Moved to state(DUN_STATE_USB_UNPLUG)
02-09 18:35:50.859 D/WifiStateTracker(  230): setNotificationVisible() scanResult.SSID=MGRM0bility Open? false
02-09 18:35:50.859 D/WifiStateTracker(  230): setNotificationVisible() scanResult.SSID=Buy Goodyear Tires! Open? false
02-09 18:35:50.859 D/WifiStateTracker(  230): setNotificationVisible() scanResult.SSID=Store-PC-WPA Open? false
02-09 18:35:50.859 D/WifiStateTracker(  230): setNotificationVisible() scanResult.SSID=kodo Open? false
02-09 18:35:50.869 D/WifiStateTracker(  230): setNotificationVisible() visible=false mNotificationShown=false force=false return.
02-09 18:35:50.889 D/AlarmManager(  230): +++Alarm set:type=2 com.google.android.location  Trigger after:86351074ms
02-09 18:35:50.909 D/AlarmManager(  230): +++Alarm set:type=2 com.google.android.apps.maps  Trigger after:2147483618145ms
02-09 18:35:57.806 I/wpa_supplicant(  389): Selecting BSS from priority group 4
02-09 18:35:57.806 I/dun_service(  124): process rmnet event
02-09 18:35:57.806 I/dun_service(  124): Post event 4
02-09 18:35:57.806 I/dun_service(  124): received event: DUN_EVENT_RMNET_UP 
02-09 18:35:57.806 I/dun_service(  124): received event(DUN_EVENT_RMNET_UP) in state(DUN_STATE_USB_UNPLUG)
02-09 18:35:57.806 I/dun_service(  124): Ignoring the event DUN_EVENT_RMNET_UP in USB_UNPLUG_STATE
02-09 18:35:57.806 I/dun_service(  124): Moved to state(DUN_STATE_USB_UNPLUG)
02-09 18:35:57.806 I/wpa_supplicant(  389): Try to find WPA-enabled AP
02-09 18:35:57.806 I/wpa_supplicant(  389): Selecting BSS from priority group 3
02-09 18:35:57.806 I/wpa_supplicant(  389): Try to find WPA-enabled AP
02-09 18:35:57.806 I/wpa_supplicant(  389): Selecting BSS from priority group 2
02-09 18:35:57.806 I/wpa_supplicant(  389): Try to find WPA-enabled AP
02-09 18:35:57.806 I/wpa_supplicant(  389): Selecting BSS from priority group 1
02-09 18:35:57.806 I/wpa_supplicant(  389): Try to find WPA-enabled AP
02-09 18:35:57.836 D/WifiStateTracker(  230): setNotificationVisible() scanResult.SSID=MGRM0bility Open? false
02-09 18:35:57.836 D/WifiStateTracker(  230): setNotificationVisible() scanResult.SSID=kodo Open? false
02-09 18:35:57.836 D/WifiStateTracker(  230): setNotificationVisible() scanResult.SSID=Store-PC-WPA Open? false
02-09 18:35:57.836 D/WifiStateTracker(  230): setNotificationVisible() visible=false mNotificationShown=false force=false return.
02-09 18:35:57.856 D/AlarmManager(  230): +++Alarm set:type=2 com.google.android.location  Trigger after:86344105ms
02-09 18:35:57.856 D/AlarmManager(  230): +++Alarm set:type=2 com.google.android.apps.maps  Trigger after:2147483611190ms
