02-09 18:34:59.500 D/CdmaCellLocation(  397): [LPZ-GPS]NetworkId=0
02-09 18:34:59.510 D/AlarmManager(  230): +++Alarm set:type=2 com.google.android.location  Trigger after:4962ms
02-09 18:34:59.510 D/TelephonyManager(  397): [LPZ-GPS]getCellLocation enter,usewireless=true
02-09 18:34:59.510 D/CdmaCellLocation(  397): [LPZ-GPS]mUseNetworkwireless=true
02-09 18:34:59.510 D/CdmaCellLocation(  397): [LPZ-GPS]BSId=-1
02-09 18:34:59.510 D/CdmaCellLocation(  397): [LPZ-GPS]BSLAT=2147483647
02-09 18:34:59.510 D/CdmaCellLocation(  397): [LPZ-GPS]BSLONG=2147483647
02-09 18:34:59.510 D/CdmaCellLocation(  397): [LPZ-GPS]SystemId=0
02-09 18:34:59.510 D/CdmaCellLocation(  397): [LPZ-GPS]NetworkId=0
02-09 18:34:59.520 D/AlarmManager(  230): +++Alarm set:type=2 com.google.android.location  Trigger after:4949ms
02-09 18:34:59.520 D/AlarmManager(  230): +++Alarm set:type=2 com.google.android.location  Trigger after:4948ms
02-09 18:34:59.540 D/DATA    (  346): [DSST(0)] pollstate() : reason = data network state changed
02-09 18:34:59.560 E/ContactsProvider(  394): 101123 isCallerRegisterNeedSIMProc callerPid:341, acorePid:394
02-09 18:34:59.700 D/CdmaCellLocation(  397): [LPZ-GPS]mUseNetworkwireless=false
02-09 18:34:59.700 D/CdmaCellLocation(  397): [LPZ-GPS]BSId=-1
02-09 18:34:59.700 D/CdmaCellLocation(  397): [LPZ-GPS]BSLAT=2147483647
02-09 18:34:59.700 D/CdmaCellLocation(  397): [LPZ-GPS]BSLONG=2147483647
02-09 18:34:59.700 D/CdmaCellLocation(  397): [LPZ-GPS]SystemId=-1
02-09 18:34:59.700 D/CdmaCellLocation(  397): [LPZ-GPS]NetworkId=-1
02-09 18:34:59.700 D/TelephonyManager(  397): [LPZ-GPS]getCellLocation enter,usewireless=true
02-09 18:34:59.700 D/CdmaCellLocation(  397): [LPZ-GPS]mUseNetworkwireless=true
02-09 18:34:59.700 D/CdmaCellLocation(  397): [LPZ-GPS]BSId=0
02-09 18:34:59.700 D/CdmaCellLocation(  397): [LPZ-GPS]BSLAT=2147483647
02-09 18:34:59.700 D/CdmaCellLocation(  397): [LPZ-GPS]BSLONG=2147483647
02-09 18:34:59.700 D/CdmaCellLocation(  397): [LPZ-GPS]SystemId=4139
02-09 18:34:59.700 D/CdmaCellLocation(  397): [LPZ-GPS]NetworkId=41
02-09 18:34:59.710 D/DATA    (  346): [DSST(0)]  registrationState = 1  radioTechnology = 4 reasonForDenial = 0
02-09 18:34:59.710 D/DATA    (  346): [DSST(0)]  set mNewDataConnectionState = 0
02-09 18:34:59.710 D/DATA    (  346): [DSST(0)]  mNewDataConnectionState : 0  mDataConnectionState : 1
02-09 18:34:59.710 D/DATA    (  346): [DSST(0)]  cancel oos timer 
02-09 18:34:59.710 D/DATA    (  346): [DSST(0)] Poll ServiceState done: oldSS=[1 home null null null  Unknown CSS not supported -1 -1RoamInd: -1RoamStatus(sprint): -1DefRoamInd: -1EmergOnly: false] newSS=[0 home null null null  IS95A CSS not supported -1 -1RoamInd: -1RoamStatus(sprint): -1DefRoamInd: -1EmergOnly: false]
02-09 18:34:59.710 D/DATA    (  346): [DSST(0)]  mDataConnectionState = 0
02-09 18:34:59.720 D/CallManager(  346):  handleMessage (EVENT_SERVICE_STATE_CHANGED)
02-09 18:34:59.730 E/BT HS/HF(  346): SERVICE_STATE_CHANGED called
02-09 18:34:59.730 E/BT HS/HF(  346): updateServiceState called, sendUpdate:false  ServiceState:0 home Sprint  310099  IS95A CSS not supported 41 4139RoamInd: 1RoamStatus(sprint): 1DefRoamInd: 160EmergOnly: false
02-09 18:34:59.730 E/BT HS/HF(  346): service:1 mService:0
02-09 18:34:59.730 D/CallManager(  346):  handleMessage (EVENT_SERVICE_STATE_CHANGED)
02-09 18:34:59.730 E/BT HS/HF(  346): SERVICE_STATE_CHANGED called
02-09 18:34:59.730 E/BT HS/HF(  346): updateServiceState called, sendUpdate:false  ServiceState:0 home Sprint  310099  IS95A CSS not supported 41 4139RoamInd: 1RoamStatus(sprint): 1DefRoamInd: 160EmergOnly: false
02-09 18:34:59.730 E/BT HS/HF(  346): service:1 mService:1
02-09 18:34:59.740 D/Phone   (  346): [PhoneNotifier] [DefaultPhoneNotifier] : default, INET, DISCONNECTED
02-09 18:34:59.740 I/TelephonyRegistry(  230): notifyDataConnection: state=0 isDataConnectivityPossible=true reason=dataNetworkAttached interfaceName=null networkType=4 apnType=default apn=null
02-09 18:34:59.740 I/TelephonyRegistry(  230): +++broadcastDataConnectionStateChanged
02-09 18:34:59.750 I/TelephonyRegistry(  230): +++sendStickyBroadcast
02-09 18:34:59.750 D/Phone   (  346): [PhoneNotifier] [DefaultPhoneNotifier] : default, INET6, DISCONNECTED
02-09 18:34:59.750 I/TelephonyRegistry(  230): notifyDataConnection: state=0 isDataConnectivityPossible=true reason=dataNetworkAttached interfaceName=null networkType=4 apnType=default apn=null
02-09 18:34:59.750 I/TelephonyRegistry(  230): +++broadcastDataConnectionStateChanged
02-09 18:34:59.750 I/TelephonyRegistry(  230): +++sendStickyBroadcast
02-09 18:34:59.760 D/Phone   (  346): [PhoneNotifier] [DefaultPhoneNotifier] : mms, INET, DISCONNECTED
02-09 18:34:59.760 I/TelephonyRegistry(  230): notifyDataConnection: state=0 isDataConnectivityPossible=true reason=dataNetworkAttached interfaceName=null networkType=4 apnType=mms apn=null
02-09 18:34:59.760 I/TelephonyRegistry(  230): +++broadcastDataConnectionStateChanged
02-09 18:34:59.760 I/TelephonyRegistry(  230): +++sendStickyBroadcast
02-09 18:34:59.770 D/Phone   (  346): [PhoneNotifier] [DefaultPhoneNotifier] : mms, INET6, DISCONNECTED
02-09 18:34:59.770 I/TelephonyRegistry(  230): notifyDataConnection: state=0 isDataConnectivityPossible=true reason=dataNetworkAttached interfaceName=null networkType=4 apnType=mms apn=null
02-09 18:34:59.770 I/TelephonyRegistry(  230): +++broadcastDataConnectionStateChanged
02-09 18:34:59.770 I/TelephonyRegistry(  230): +++sendStickyBroadcast
02-09 18:34:59.780 D/Phone   (  346): [PhoneNotifier] [DefaultPhoneNotifier] : supl, INET, DISCONNECTED
02-09 18:34:59.780 I/TelephonyRegistry(  230): notifyDataConnection: state=0 isDataConnectivityPossible=true reason=dataNetworkAttached interfaceName=null networkType=4 apnType=supl apn=null
02-09 18:34:59.780 I/TelephonyRegistry(  230): +++broadcastDataConnectionStateChanged
02-09 18:34:59.780 I/TelephonyRegistry(  230): +++sendStickyBroadcast
02-09 18:34:59.780 D/Phone   (  346): [PhoneNotifier] [DefaultPhoneNotifier] : supl, INET6, DISCONNECTED
02-09 18:34:59.790 I/TelephonyRegistry(  230): notifyDataConnection: state=0 isDataConnectivityPossible=true reason=dataNetworkAttached interfaceName=null networkType=4 apnType=supl apn=null
02-09 18:34:59.790 I/TelephonyRegistry(  230): +++broadcastDataConnectionStateChanged
02-09 18:34:59.790 I/TelephonyRegistry(  230): +++sendStickyBroadcast
02-09 18:34:59.790 D/Phone   (  346): [PhoneNotifier] [DefaultPhoneNotifier] : dun, INET, DISCONNECTED
02-09 18:34:59.800 I/TelephonyRegistry(  230): notifyDataConnection: state=0 isDataConnectivityPossible=true reason=dataNetworkAttached interfaceName=null networkType=4 apnType=dun apn=null
02-09 18:34:59.800 I/TelephonyRegistry(  230): +++broadcastDataConnectionStateChanged
02-09 18:34:59.800 I/TelephonyRegistry(  230): +++sendStickyBroadcast
02-09 18:34:59.800 D/Phone   (  346): [PhoneNotifier] [DefaultPhoneNotifier] : dun, INET6, DISCONNECTED
02-09 18:34:59.800 I/TelephonyRegistry(  230): notifyDataConnection: state=0 isDataConnectivityPossible=true reason=dataNetworkAttached interfaceName=null networkType=4 apnType=dun apn=null
02-09 18:34:59.800 I/TelephonyRegistry(  230): +++broadcastDataConnectionStateChanged
02-09 18:34:59.800 I/TelephonyRegistry(  230): +++sendStickyBroadcast
02-09 18:34:59.810 D/Phone   (  346): [PhoneNotifier] [DefaultPhoneNotifier] : hipri, INET, DISCONNECTED
02-09 18:34:59.810 I/TelephonyRegistry(  230): notifyDataConnection: state=0 isDataConnectivityPossible=true reason=dataNetworkAttached interfaceName=null networkType=4 apnType=hipri apn=null
02-09 18:34:59.810 I/TelephonyRegistry(  230): +++broadcastDataConnectionStateChanged
02-09 18:34:59.810 I/TelephonyRegistry(  230): +++sendStickyBroadcast
02-09 18:34:59.810 D/Phone   (  346): [PhoneNotifier] [DefaultPhoneNotifier] : hipri, INET6, DISCONNECTED
02-09 18:34:59.810 I/TelephonyRegistry(  230): notifyDataConnection: state=0 isDataConnectivityPossible=true reason=dataNetworkAttached interfaceName=null networkType=4 apnType=hipri apn=null
02-09 18:34:59.810 I/TelephonyRegistry(  230): +++broadcastDataConnectionStateChanged
02-09 18:34:59.810 I/TelephonyRegistry(  230): +++sendStickyBroadcast
02-09 18:34:59.820 D/Phone   (  346): [PhoneNotifier] [DefaultPhoneNotifier] : default, INET, DISCONNECTED
02-09 18:34:59.820 I/TelephonyRegistry(  230): notifyDataConnection: state=0 isDataConnectivityPossible=true reason=radioTechnologyChanged interfaceName=null networkType=4 apnType=default apn=null
02-09 18:34:59.820 I/TelephonyRegistry(  230): +++broadcastDataConnectionStateChanged
02-09 18:34:59.820 I/TelephonyRegistry(  230): +++sendStickyBroadcast
02-09 18:34:59.830 D/Phone   (  346): [PhoneNotifier] [DefaultPhoneNotifier] : default, INET6, DISCONNECTED
02-09 18:34:59.830 I/TelephonyRegistry(  230): notifyDataConnection: state=0 isDataConnectivityPossible=true reason=radioTechnologyChanged interfaceName=null networkType=4 apnType=default apn=null
02-09 18:34:59.830 I/TelephonyRegistry(  230): +++broadcastDataConnectionStateChanged
02-09 18:34:59.830 I/TelephonyRegistry(  230): +++sendStickyBroadcast
02-09 18:34:59.830 D/Phone   (  346): [PhoneNotifier] [DefaultPhoneNotifier] : mms, INET, DISCONNECTED
02-09 18:34:59.830 I/TelephonyRegistry(  230): notifyDataConnection: state=0 isDataConnectivityPossible=true reason=radioTechnologyChanged interfaceName=null networkType=4 apnType=mms apn=null
02-09 18:34:59.830 I/TelephonyRegistry(  230): +++broadcastDataConnectionStateChanged
02-09 18:34:59.840 I/TelephonyRegistry(  230): +++sendStickyBroadcast
02-09 18:34:59.840 D/Phone   (  346): [PhoneNotifier] [DefaultPhoneNotifier] : mms, INET6, DISCONNECTED
02-09 18:34:59.840 I/TelephonyRegistry(  230): notifyDataConnection: state=0 isDataConnectivityPossible=true reason=radioTechnologyChanged interfaceName=null networkType=4 apnType=mms apn=null
02-09 18:34:59.840 I/TelephonyRegistry(  230): +++broadcastDataConnectionStateChanged
02-09 18:34:59.840 I/TelephonyRegistry(  230): +++sendStickyBroadcast
02-09 18:34:59.850 D/Phone   (  346): [PhoneNotifier] [DefaultPhoneNotifier] : supl, INET, DISCONNECTED
02-09 18:34:59.850 I/TelephonyRegistry(  230): notifyDataConnection: state=0 isDataConnectivityPossible=true reason=radioTechnologyChanged interfaceName=null networkType=4 apnType=supl apn=null
02-09 18:34:59.850 I/TelephonyRegistry(  230): +++broadcastDataConnectionStateChanged
02-09 18:34:59.850 I/TelephonyRegistry(  230): +++sendStickyBroadcast
02-09 18:34:59.850 D/Phone   (  346): [PhoneNotifier] [DefaultPhoneNotifier] : supl, INET6, DISCONNECTED
02-09 18:34:59.860 I/TelephonyRegistry(  230): notifyDataConnection: state=0 isDataConnectivityPossible=true reason=radioTechnologyChanged interfaceName=null networkType=4 apnType=supl apn=null
02-09 18:34:59.860 I/TelephonyRegistry(  230): +++broadcastDataConnectionStateChanged
02-09 18:34:59.860 I/TelephonyRegistry(  230): +++sendStickyBroadcast
02-09 18:34:59.860 D/Phone   (  346): [PhoneNotifier] [DefaultPhoneNotifier] : dun, INET, DISCONNECTED
02-09 18:34:59.860 I/TelephonyRegistry(  230): notifyDataConnection: state=0 isDataConnectivityPossible=true reason=radioTechnologyChanged interfaceName=null networkType=4 apnType=dun apn=null
02-09 18:34:59.860 I/TelephonyRegistry(  230): +++broadcastDataConnectionStateChanged
02-09 18:34:59.860 I/TelephonyRegistry(  230): +++sendStickyBroadcast
02-09 18:34:59.870 D/Phone   (  346): [PhoneNotifier] [DefaultPhoneNotifier] : dun, INET6, DISCONNECTED
02-09 18:34:59.870 I/TelephonyRegistry(  230): notifyDataConnection: state=0 isDataConnectivityPossible=true reason=radioTechnologyChanged interfaceName=null networkType=4 apnType=dun apn=null
02-09 18:34:59.870 I/TelephonyRegistry(  230): +++broadcastDataConnectionStateChanged
02-09 18:34:59.870 I/TelephonyRegistry(  230): +++sendStickyBroadcast
02-09 18:34:59.870 D/Phone   (  346): [PhoneNotifier] [DefaultPhoneNotifier] : hipri, INET, DISCONNECTED
02-09 18:34:59.880 I/TelephonyRegistry(  230): notifyDataConnection: state=0 isDataConnectivityPossible=true reason=radioTechnologyChanged interfaceName=null networkType=4 apnType=hipri apn=null
02-09 18:34:59.880 I/TelephonyRegistry(  230): +++broadcastDataConnectionStateChanged
02-09 18:34:59.880 I/TelephonyRegistry(  230): +++sendStickyBroadcast
02-09 18:34:59.880 D/Phone   (  346): [PhoneNotifier] [DefaultPhoneNotifier] : hipri, INET6, DISCONNECTED
02-09 18:34:59.880 I/TelephonyRegistry(  230): notifyDataConnection: state=0 isDataConnectivityPossible=true reason=radioTechnologyChanged interfaceName=null networkType=4 apnType=hipri apn=null
02-09 18:34:59.880 I/TelephonyRegistry(  230): +++broadcastDataConnectionStateChanged
02-09 18:34:59.880 I/TelephonyRegistry(  230): +++sendStickyBroadcast
02-09 18:34:59.890 D/DATA    (  346): [DCT(0) ] Resetting all profiles and service states!
02-09 18:34:59.890 D/AlarmManager(  230): +++Alarm set:type=2 com.google.android.location  Trigger after:4579ms
02-09 18:34:59.890 D/TelephonyManager(  397): [LPZ-GPS]getCellLocation enter,usewireless=true
02-09 18:34:59.890 D/CdmaCellLocation(  397): [LPZ-GPS]mUseNetworkwireless=true
02-09 18:34:59.900 D/CdmaCellLocation(  397): [LPZ-GPS]BSId=0
02-09 18:34:59.900 D/CdmaCellLocation(  397): [LPZ-GPS]BSLAT=2147483647
02-09 18:34:59.900 D/CdmaCellLocation(  397): [LPZ-GPS]BSLONG=2147483647
02-09 18:34:59.900 D/CdmaCellLocation(  397): [LPZ-GPS]SystemId=4139
02-09 18:34:59.900 D/CdmaCellLocation(  397): [LPZ-GPS]NetworkId=41
02-09 18:34:59.900 D/PhoneApp(  346): mReceiver: ACTION_ANY_DATA_CONNECTION_STATE_CHANGED
02-09 18:34:59.900 D/PhoneApp(  346): - state: DISCONNECTED
02-09 18:34:59.900 D/PhoneApp(  346): - reason: dataNetworkAttached
02-09 18:34:59.900 D/PhoneApp(  346): mReceiver: ACTION_ANY_DATA_CONNECTION_STATE_CHANGED
02-09 18:34:59.900 D/PhoneApp(  346): - state: DISCONNECTED
02-09 18:34:59.900 D/PhoneApp(  346): - reason: dataNetworkAttached
02-09 18:34:59.900 D/PhoneApp(  346): mReceiver: ACTION_ANY_DATA_CONNECTION_STATE_CHANGED
02-09 18:34:59.900 D/PhoneApp(  346): - state: DISCONNECTED
02-09 18:34:59.900 D/PhoneApp(  346): - reason: dataNetworkAttached
02-09 18:34:59.900 D/PhoneApp(  346): mReceiver: ACTION_ANY_DATA_CONNECTION_STATE_CHANGED
02-09 18:34:59.900 D/PhoneApp(  346): - state: DISCONNECTED
02-09 18:34:59.900 D/PhoneApp(  346): - reason: dataNetworkAttached
02-09 18:34:59.900 D/PhoneApp(  346): mReceiver: ACTION_ANY_DATA_CONNECTION_STATE_CHANGED
02-09 18:34:59.910 D/PhoneApp(  346): - state: DISCONNECTED
02-09 18:34:59.910 D/PhoneApp(  346): - reason: dataNetworkAttached
02-09 18:34:59.910 D/PhoneApp(  346): mReceiver: ACTION_ANY_DATA_CONNECTION_STATE_CHANGED
02-09 18:34:59.910 D/PhoneApp(  346): - state: DISCONNECTED
02-09 18:34:59.910 D/PhoneApp(  346): - reason: dataNetworkAttached
02-09 18:34:59.910 D/PhoneApp(  346): mReceiver: ACTION_ANY_DATA_CONNECTION_STATE_CHANGED
02-09 18:34:59.910 D/PhoneApp(  346): - state: DISCONNECTED
02-09 18:34:59.910 D/PhoneApp(  346): - reason: dataNetworkAttached
02-09 18:34:59.910 D/PhoneApp(  346): mReceiver: ACTION_ANY_DATA_CONNECTION_STATE_CHANGED
02-09 18:34:59.910 D/PhoneApp(  346): - state: DISCONNECTED
02-09 18:34:59.910 D/PhoneApp(  346): - reason: dataNetworkAttached
02-09 18:34:59.910 D/PhoneApp(  346): mReceiver: ACTION_ANY_DATA_CONNECTION_STATE_CHANGED
02-09 18:34:59.910 D/PhoneApp(  346): - state: DISCONNECTED
02-09 18:34:59.910 D/PhoneApp(  346): - reason: dataNetworkAttached
02-09 18:34:59.910 D/PhoneApp(  346): mReceiver: ACTION_ANY_DATA_CONNECTION_STATE_CHANGED
02-09 18:34:59.910 D/PhoneApp(  346): - state: DISCONNECTED
02-09 18:34:59.910 D/PhoneApp(  346): - reason: dataNetworkAttached
02-09 18:34:59.910 I/DATA    (  346): [DCT(0) ] onUpdateDataConnections [ignored] : reason=dataNetworkAttached
02-09 18:34:59.910 I/DATA    (  346): [DCT(0) ] wait for the dc disconnect to complete
02-09 18:34:59.910 D/PhoneApp(  346): mReceiver: ACTION_ANY_DATA_CONNECTION_STATE_CHANGED
02-09 18:34:59.910 D/PhoneApp(  346): - state: DISCONNECTED
02-09 18:34:59.910 D/PhoneApp(  346): - reason: radioTechnologyChanged
02-09 18:34:59.910 D/PhoneApp(  346): mReceiver: ACTION_ANY_DATA_CONNECTION_STATE_CHANGED
02-09 18:34:59.910 D/PhoneApp(  346): - state: DISCONNECTED
02-09 18:34:59.910 D/PhoneApp(  346): - reason: radioTechnologyChanged
02-09 18:34:59.910 D/PhoneApp(  346): mReceiver: ACTION_ANY_DATA_CONNECTION_STATE_CHANGED
02-09 18:34:59.910 D/PhoneApp(  346): - state: DISCONNECTED
02-09 18:34:59.910 D/PhoneApp(  346): - reason: radioTechnologyChanged
02-09 18:34:59.920 D/PhoneApp(  346): mReceiver: ACTION_ANY_DATA_CONNECTION_STATE_CHANGED
02-09 18:34:59.920 D/PhoneApp(  346): - state: DISCONNECTED
02-09 18:34:59.920 D/PhoneApp(  346): - reason: radioTechnologyChanged
02-09 18:34:59.920 D/PhoneApp(  346): mReceiver: ACTION_ANY_DATA_CONNECTION_STATE_CHANGED
02-09 18:34:59.920 D/PhoneApp(  346): - state: DISCONNECTED
02-09 18:34:59.920 D/PhoneApp(  346): - reason: radioTechnologyChanged
02-09 18:34:59.920 D/PhoneApp(  346): mReceiver: ACTION_ANY_DATA_CONNECTION_STATE_CHANGED
02-09 18:34:59.920 D/PhoneApp(  346): - state: DISCONNECTED
02-09 18:34:59.920 D/PhoneApp(  346): - reason: radioTechnologyChanged
02-09 18:34:59.920 D/PhoneApp(  346): mReceiver: ACTION_ANY_DATA_CONNECTION_STATE_CHANGED
02-09 18:34:59.920 D/PhoneApp(  346): - state: DISCONNECTED
02-09 18:34:59.920 D/PhoneApp(  346): - reason: radioTechnologyChanged
02-09 18:34:59.920 D/PhoneApp(  346): mReceiver: ACTION_ANY_DATA_CONNECTION_STATE_CHANGED
02-09 18:34:59.920 D/PhoneApp(  346): - state: DISCONNECTED
02-09 18:34:59.920 D/PhoneApp(  346): - reason: radioTechnologyChanged
02-09 18:34:59.920 D/PhoneApp(  346): mReceiver: ACTION_ANY_DATA_CONNECTION_STATE_CHANGED
02-09 18:34:59.920 D/PhoneApp(  346): - state: DISCONNECTED
02-09 18:34:59.920 D/PhoneApp(  346): - reason: radioTechnologyChanged
02-09 18:34:59.920 D/PhoneApp(  346): mReceiver: ACTION_ANY_DATA_CONNECTION_STATE_CHANGED
02-09 18:34:59.920 D/PhoneApp(  346): - state: DISCONNECTED
02-09 18:34:59.920 D/PhoneApp(  346): - reason: radioTechnologyChanged
02-09 18:34:59.920 I/DATA    (  346): [DCT(0) ] onUpdateDataConnections: reason=radioTechnologyChanged
02-09 18:34:59.920 I/DATA    (  346): [DCT(0) ] ---dc list---
02-09 18:34:59.920 I/DATA    (  346): [DCT(0) ] ---ds list---
02-09 18:34:59.920 I/DATA    (  346): [DCT(0) ] ds= SERVICE_TYPE_DEFAULT, enabled = true, active = v4:IDLE v6:IDLE
02-09 18:34:59.920 I/DATA    (  346): [DCT(0) ] ds= SERVICE_TYPE_MMS, enabled = false, active = v4:IDLE v6:IDLE
02-09 18:34:59.920 I/DATA    (  346): [DCT(0) ] ds= SERVICE_TYPE_SUPL, enabled = false, active = v4:IDLE v6:IDLE
02-09 18:34:59.920 I/DATA    (  346): [DCT(0) ] ds= SERVICE_TYPE_DUN, enabled = false, active = v4:IDLE v6:IDLE
02-09 18:34:59.920 I/DATA    (  346): [DCT(0) ] ds= SERVICE_TYPE_HIPRI, enabled = false, active = v4:IDLE v6:IDLE
02-09 18:34:59.920 I/DATA    (  346): [DCT(0) ] Ready for data : 
02-09 18:34:59.920 I/DATA    (  346): [DCT(0) ]    getDesiredPowerState() = true
02-09 18:34:59.920 I/DATA    (  346): [DCT(0) ]    mCm.getRadioState() = RADIO_ON
02-09 18:34:59.930 I/DATA    (  346): [DCT(0) ]    [DataRadioTech = RADIO_TECH_IS95A, data network state = 0, mMasterDataEnabled = true, is Roaming = false, dataOnRoamingEnable = false, isPsRestricted = false, desiredPowerState  = true, mSIMRecords = , cdmaSubSource = 1/310120, mRuimRecords = , checks = true/true]
02-09 18:34:59.930 I/DATA    (  346): [DCT(0) ] trySetupDataCall : ds=SERVICE_TYPE_DEFAULT, ipv=INET, reason=radioTechnologyChanged
02-09 18:34:59.930 I/DATA    (  346): [SERVICE_TYPE_DEFAULT] Data Profile Chosen:PROFILE_TYPE_3GPP2_NAI
02-09 18:34:59.930 I/DATA    (  346): [DCT(0) ] **choose data profile : [dpt=PROFILE_TYPE_3GPP2_NAI, active=false, 
02-09 18:34:59.930 I/DATA    (  346): [DCT(0) ] disconnectOneLowPriorityDataCall
02-09 18:34:59.930 E/DST     (  346): Error parsing service priority string, ignoring 
02-09 18:34:59.930 E/DST     (  346): Error parsing service priority string, ignoring 
02-09 18:34:59.930 E/DST     (  346): Error parsing service priority string, ignoring 
02-09 18:34:59.930 E/DST     (  346): Error parsing service priority string, ignoring 
02-09 18:34:59.930 I/DATA    (  346): [SERVICE_TYPE_DEFAULT] set newState =  CONNECTINGoldState =  IDLE
02-09 18:34:59.930 D/Phone   (  346): [PhoneNotifier] [DefaultPhoneNotifier] : default, INET, CONNECTING
02-09 18:34:59.930 I/TelephonyRegistry(  230): notifyDataConnection: state=1 isDataConnectivityPossible=true reason=radioTechnologyChanged interfaceName=null networkType=4 apnType=default apn=null
02-09 18:34:59.930 I/TelephonyRegistry(  230): +++broadcastDataConnectionStateChanged
02-09 18:34:59.930 I/TelephonyRegistry(  230): +++sendStickyBroadcast
02-09 18:34:59.940 D/PhoneApp(  346): old phone type:2, New Phone type:2
02-09 18:34:59.940 D/NotificationMgr(  346): hideDataDisconnectedRoaming()...
02-09 18:34:59.940 D/PhoneApp(  346): old phone type:2, New Phone type:2
02-09 18:34:59.940 D/NotificationMgr(  346): hideDataDisconnectedRoaming()...
02-09 18:34:59.940 D/PhoneApp(  346): old phone type:2, New Phone type:2
02-09 18:34:59.940 D/NotificationMgr(  346): hideDataDisconnectedRoaming()...
02-09 18:34:59.940 D/PhoneApp(  346): old phone type:2, New Phone type:2
02-09 18:34:59.940 D/NotificationMgr(  346): hideDataDisconnectedRoaming()...
02-09 18:34:59.940 D/PhoneApp(  346): old phone type:2, New Phone type:2
02-09 18:34:59.940 D/NotificationMgr(  346): hideDataDisconnectedRoaming()...
02-09 18:34:59.940 D/PhoneApp(  346): old phone type:2, New Phone type:2
02-09 18:34:59.940 D/NotificationMgr(  346): hideDataDisconnectedRoaming()...
02-09 18:34:59.940 D/PhoneApp(  346): old phone type:2, New Phone type:2
02-09 18:34:59.940 D/NotificationMgr(  346): hideDataDisconnectedRoaming()...
02-09 18:34:59.940 D/PhoneApp(  346): old phone type:2, New Phone type:2
02-09 18:34:59.940 D/NotificationMgr(  346): hideDataDisconnectedRoaming()...
02-09 18:34:59.940 D/PhoneApp(  346): old phone type:2, New Phone type:2
02-09 18:34:59.940 D/NotificationMgr(  346): hideDataDisconnectedRoaming()...
02-09 18:34:59.950 D/PhoneApp(  346): old phone type:2, New Phone type:2
02-09 18:34:59.950 D/NotificationMgr(  346): hideDataDisconnectedRoaming()...
02-09 18:34:59.950 D/PhoneApp(  346): old phone type:2, New Phone type:2
02-09 18:34:59.950 D/NotificationMgr(  346): hideDataDisconnectedRoaming()...
02-09 18:34:59.950 D/PhoneApp(  346): old phone type:2, New Phone type:2
02-09 18:34:59.950 D/NotificationMgr(  346): hideDataDisconnectedRoaming()...
02-09 18:34:59.950 D/PhoneApp(  346): old phone type:2, New Phone type:2
02-09 18:34:59.950 D/NotificationMgr(  346): hideDataDisconnectedRoaming()...
02-09 18:34:59.950 D/PhoneApp(  346): old phone type:2, New Phone type:2
02-09 18:34:59.950 D/NotificationMgr(  346): hideDataDisconnectedRoaming()...
02-09 18:34:59.950 D/PhoneApp(  346): old phone type:2, New Phone type:2
02-09 18:34:59.950 D/NotificationMgr(  346): hideDataDisconnectedRoaming()...
02-09 18:34:59.950 D/PhoneApp(  346): old phone type:2, New Phone type:2
02-09 18:34:59.950 D/NotificationMgr(  346): hideDataDisconnectedRoaming()...
02-09 18:34:59.950 D/PhoneApp(  346): old phone type:2, New Phone type:2
02-09 18:34:59.950 D/NotificationMgr(  346): hideDataDisconnectedRoaming()...
02-09 18:34:59.950 D/PhoneApp(  346): old phone type:2, New Phone type:2
02-09 18:34:59.950 D/NotificationMgr(  346): hideDataDisconnectedRoaming()...
02-09 18:34:59.950 D/PhoneApp(  346): old phone type:2, New Phone type:2
02-09 18:34:59.950 D/NotificationMgr(  346): hideDataDisconnectedRoaming()...
02-09 18:34:59.960 D/PhoneApp(  346): old phone type:2, New Phone type:2
02-09 18:34:59.960 D/NotificationMgr(  346): hideDataDisconnectedRoaming()...
02-09 18:34:59.960 D/PhoneApp(  346): mReceiver: ACTION_ANY_DATA_CONNECTION_STATE_CHANGED
02-09 18:34:59.960 D/PhoneApp(  346): - state: DISCONNECTED
02-09 18:34:59.960 D/PhoneApp(  346): - reason: radioTechnologyChanged
02-09 18:34:59.960 D/DATA    (  346): [DC cid = -1]DcInactiveState msg.what=EVENT_CONNECT
02-09 18:34:59.960 I/DATA    (  346): [DC cid = -1]Connecting : dataProfile = [dpt=PROFILE_TYPE_3GPP2_NAI, active=false, 
02-09 18:34:59.960 D/DATA    (  346): **NAI profile id :0
02-09 18:34:59.970 D/AlarmManager(  230): +++Alarm set:type=2 com.google.android.location  Trigger after:4503ms
02-09 18:34:59.970 D/PhoneApp(  346): old phone type:2, New Phone type:2
02-09 18:34:59.970 D/NotificationMgr(  346): hideDataDisconnectedRoaming()...
02-09 18:34:59.980 I/ContactsProvider(  394): query isCallerRegistered= false
02-09 18:34:59.980 E/GpsLocationProvider(  230): LPZ-20110601:Enter into GpsNiInterface
02-09 18:34:59.980 I/ContactsProvider(  394): query forOnlyOneContactString= 0
02-09 18:34:59.980 D/ContactsProvider(  394):  query CONTACTS MODE_ID=PHONE_UNLOCK
02-09 18:35:00.440 D/DATA    (  346): [DSST(0)] pollstate() : reason = data network state changed
02-09 18:35:00.490 D/CdmaCellLocation(  397): [LPZ-GPS]mUseNetworkwireless=false
02-09 18:35:00.490 D/CdmaCellLocation(  397): [LPZ-GPS]BSId=-1
02-09 18:35:00.490 D/CdmaCellLocation(  397): [LPZ-GPS]BSLAT=2147483647
02-09 18:35:00.490 D/CdmaCellLocation(  397): [LPZ-GPS]BSLONG=2147483647
02-09 18:35:00.490 D/CdmaCellLocation(  397): [LPZ-GPS]SystemId=-1
02-09 18:35:00.490 D/CdmaCellLocation(  397): [LPZ-GPS]NetworkId=-1
02-09 18:35:00.500 D/TelephonyManager(  397): [LPZ-GPS]getCellLocation enter,usewireless=true
02-09 18:35:00.500 D/CdmaCellLocation(  397): [LPZ-GPS]mUseNetworkwireless=true
02-09 18:35:00.500 D/CdmaCellLocation(  397): [LPZ-GPS]BSId=13058
02-09 18:35:00.500 D/CdmaCellLocation(  397): [LPZ-GPS]BSLAT=560304
02-09 18:35:00.500 D/CdmaCellLocation(  397): [LPZ-GPS]BSLONG=-1362999
02-09 18:35:00.500 D/CdmaCellLocation(  397): [LPZ-GPS]SystemId=4139
02-09 18:35:00.500 D/CdmaCellLocation(  397): [LPZ-GPS]NetworkId=41
02-09 18:35:00.510 D/CallManager(  346):  handleMessage (EVENT_SERVICE_STATE_CHANGED)
02-09 18:35:00.510 E/BT HS/HF(  346): SERVICE_STATE_CHANGED called
02-09 18:35:00.510 E/BT HS/HF(  346): updateServiceState called, sendUpdate:false  ServiceState:0 home Sprint  310099  IS95A CSS not supported 41 4139RoamInd: 1RoamStatus(sprint): 1DefRoamInd: 160EmergOnly: false
02-09 18:35:00.510 E/BT HS/HF(  346): service:1 mService:1
02-09 18:35:00.510 D/AlarmManager(  230): +++Alarm set:type=2 com.google.android.location  Trigger after:3954ms
02-09 18:35:00.520 D/DATA    (  346): [DSST(0)]  registrationState = 1  radioTechnology = 6 reasonForDenial = 0
02-09 18:35:00.520 D/DATA    (  346): [DSST(0)]  set mNewDataConnectionState = 0
02-09 18:35:00.520 D/DATA    (  346): [DSST(0)]  mNewDataConnectionState : 0  mDataConnectionState : 0
02-09 18:35:00.520 D/DATA    (  346): [DSST(0)] Poll ServiceState done: oldSS=[0 home null null null  IS95A CSS not supported -1 -1RoamInd: -1RoamStatus(sprint): -1DefRoamInd: -1EmergOnly: false] newSS=[0 home null null null  1xRTT CSS not supported -1 -1RoamInd: -1RoamStatus(sprint): -1DefRoamInd: -1EmergOnly: false]
02-09 18:35:00.520 D/DATA    (  346): [DSST(0)]  mDataConnectionState = 0
02-09 18:35:00.530 D/CallManager(  346):  handleMessage (EVENT_SERVICE_STATE_CHANGED)
02-09 18:35:00.530 E/BT HS/HF(  346): SERVICE_STATE_CHANGED called
02-09 18:35:00.530 E/BT HS/HF(  346): updateServiceState called, sendUpdate:false  ServiceState:0 home Sprint  310099  1xRTT CSS not supported 41 4139RoamInd: 1RoamStatus(sprint): 1DefRoamInd: 160EmergOnly: false
02-09 18:35:00.530 E/BT HS/HF(  346): service:1 mService:1
02-09 18:35:00.530 D/Phone   (  346): [PhoneNotifier] [DefaultPhoneNotifier] : default, INET, CONNECTING
02-09 18:35:00.540 E/WifiHW  (  230): wifi_connect_to_supplicant() +
02-09 18:35:00.540 E/WifiHW  (  230): ctrl ifname = /data/misc/wifi/wpa_supplicant/wlan0
02-09 18:35:00.540 I/TelephonyRegistry(  230): notifyDataConnection: state=1 isDataConnectivityPossible=true reason=radioTechnologyChanged interfaceName=null networkType=7 apnType=default apn=null
02-09 18:35:00.540 I/TelephonyRegistry(  230): +++broadcastDataConnectionStateChanged
02-09 18:35:00.550 D/TelephonyManager(  397): [LPZ-GPS]getCellLocation enter,usewireless=true
02-09 18:35:00.550 D/CdmaCellLocation(  397): [LPZ-GPS]mUseNetworkwireless=true
02-09 18:35:00.550 D/CdmaCellLocation(  397): [LPZ-GPS]BSId=13058
02-09 18:35:00.550 D/CdmaCellLocation(  397): [LPZ-GPS]BSLAT=560304
02-09 18:35:00.550 D/CdmaCellLocation(  397): [LPZ-GPS]BSLONG=-1362999
02-09 18:35:00.550 D/CdmaCellLocation(  397): [LPZ-GPS]SystemId=4139
02-09 18:35:00.550 D/CdmaCellLocation(  397): [LPZ-GPS]NetworkId=41
02-09 18:35:00.560 D/KeyguardUpdateMonitor(  230): received broadcast android.intent.action.SIM_STATE_CHANGED
02-09 18:35:00.560 D/KeyguardUpdateMonitor(  230): ACTION_SIM_STATE_CHANGED intent received on sub = 0
02-09 18:35:00.560 D/KeyguardUpdateMonitor(  230): handleSimStateChange: intentValue = READY state resolved to READY subscription =0
02-09 18:35:00.560 D/KeyguardViewMediator(  230): onSimStateChanged: READY
02-09 18:35:00.560 D/KeyguardViewMediator(  230): resetStateLocked
02-09 18:35:00.560 D/LockScreen(  230): onSimStateChanged(READY)
02-09 18:35:00.560 D/LockScreen(  230): updateLayout: status=Normalsubscription=0
02-09 18:35:00.560 D/LockScreen(  230): Updating Lock Screen text to Ruim
02-09 18:35:00.570 D/KeyguardViewMediator(  230): handleReset
02-09 18:35:00.580 I/TelephonyRegistry(  230): +++sendStickyBroadcast
02-09 18:35:00.590 D/Phone   (  346): [PhoneNotifier] [DefaultPhoneNotifier] : default, INET6, DISCONNECTED
02-09 18:35:00.600 I/TelephonyRegistry(  230): notifyDataConnection: state=0 isDataConnectivityPossible=true reason=radioTechnologyChanged interfaceName=null networkType=7 apnType=default apn=null
02-09 18:35:00.600 I/TelephonyRegistry(  230): +++broadcastDataConnectionStateChanged
02-09 18:35:00.600 D/MobileDataStateTracker(  230): [hipri]  MobileDataStateReceiver onReceive(): Entry.
02-09 18:35:00.600 D/MobileDataStateTracker(  230): [hipri]  intent.getAction()= android.intent.action.ANY_DATA_STATE
02-09 18:35:00.600 D/MobileDataStateTracker(  230): [hipri]  mEnabled = false
02-09 18:35:00.610 D/MobileDataStateTracker(  230): [hipri] subType changed, oldSubtype = 0new subtype = 7
02-09 18:35:00.610 D/MobileDataStateTracker(  230): [hipri]  apnTypeList = default
02-09 18:35:00.610 D/MobileDataStateTracker(  230): [hipri]  unavailable = true
02-09 18:35:00.610 D/MobileDataStateTracker(  230): [hipri] Do not process intents if disabled.
02-09 18:35:00.610 D/MobileDataStateTracker(  230): [dun]  MobileDataStateReceiver onReceive(): Entry.
02-09 18:35:00.610 I/TelephonyRegistry(  230): +++sendStickyBroadcast
02-09 18:35:00.620 D/Phone   (  346): [PhoneNotifier] [DefaultPhoneNotifier] : mms, INET, DISCONNECTED
02-09 18:35:00.620 I/TelephonyRegistry(  230): notifyDataConnection: state=0 isDataConnectivityPossible=true reason=radioTechnologyChanged interfaceName=null networkType=7 apnType=mms apn=null
02-09 18:35:00.620 I/TelephonyRegistry(  230): +++broadcastDataConnectionStateChanged
02-09 18:35:00.620 D/KeyguardViewMediator(  230): setHidden false
02-09 18:35:00.620 D/MobileDataStateTracker(  230): [dun]  intent.getAction()= android.intent.action.ANY_DATA_STATE
02-09 18:35:00.620 D/MobileDataStateTracker(  230): [dun]  mEnabled = false
02-09 18:35:00.620 I/TelephonyRegistry(  230): +++sendStickyBroadcast
02-09 18:35:00.630 D/MobileDataStateTracker(  230): [dun] subType changed, oldSubtype = 0new subtype = 7
02-09 18:35:00.630 D/MobileDataStateTracker(  230): [dun]  apnTypeList = default
02-09 18:35:00.630 D/MobileDataStateTracker(  230): [dun]  unavailable = true
02-09 18:35:00.630 D/MobileDataStateTracker(  230): [dun] Do not process intents if disabled.
02-09 18:35:00.630 D/MobileDataStateTracker(  230): [supl]  MobileDataStateReceiver onReceive(): Entry.
02-09 18:35:00.630 D/MobileDataStateTracker(  230): [supl]  intent.getAction()= android.intent.action.ANY_DATA_STATE
02-09 18:35:00.630 D/MobileDataStateTracker(  230): [supl]  mEnabled = false
02-09 18:35:00.640 D/Phone   (  346): [PhoneNotifier] [DefaultPhoneNotifier] : mms, INET6, DISCONNECTED
02-09 18:35:00.640 I/TelephonyRegistry(  230): notifyDataConnection: state=0 isDataConnectivityPossible=true reason=radioTechnologyChanged interfaceName=null networkType=7 apnType=mms apn=null
02-09 18:35:00.640 I/TelephonyRegistry(  230): +++broadcastDataConnectionStateChanged
02-09 18:35:00.640 I/TelephonyRegistry(  230): +++sendStickyBroadcast
02-09 18:35:00.640 D/Phone   (  346): [PhoneNotifier] [DefaultPhoneNotifier] : supl, INET, DISCONNECTED
02-09 18:35:00.640 I/TelephonyRegistry(  230): notifyDataConnection: state=0 isDataConnectivityPossible=true reason=radioTechnologyChanged interfaceName=null networkType=7 apnType=supl apn=null
02-09 18:35:00.640 I/TelephonyRegistry(  230): +++broadcastDataConnectionStateChanged
02-09 18:35:00.640 D/MobileDataStateTracker(  230): [supl] subType changed, oldSubtype = 0new subtype = 7
02-09 18:35:00.640 D/MobileDataStateTracker(  230): [supl]  apnTypeList = default
02-09 18:35:00.640 D/MobileDataStateTracker(  230): [supl]  unavailable = true
02-09 18:35:00.640 D/MobileDataStateTracker(  230): [supl] Do not process intents if disabled.
02-09 18:35:00.640 D/MobileDataStateTracker(  230): [mms]  MobileDataStateReceiver onReceive(): Entry.
02-09 18:35:00.650 D/MobileDataStateTracker(  230): [mms]  intent.getAction()= android.intent.action.ANY_DATA_STATE
02-09 18:35:00.650 D/MobileDataStateTracker(  230): [mms]  mEnabled = false
02-09 18:35:00.650 D/MobileDataStateTracker(  230): [mms] subType changed, oldSubtype = 0new subtype = 7
02-09 18:35:00.650 D/MobileDataStateTracker(  230): [mms]  apnTypeList = default
02-09 18:35:00.650 D/MobileDataStateTracker(  230): [mms]  unavailable = true
02-09 18:35:00.650 I/TelephonyRegistry(  230): +++sendStickyBroadcast
02-09 18:35:00.660 D/Phone   (  346): [PhoneNotifier] [DefaultPhoneNotifier] : supl, INET6, DISCONNECTED
02-09 18:35:00.660 I/TelephonyRegistry(  230): notifyDataConnection: state=0 isDataConnectivityPossible=true reason=radioTechnologyChanged interfaceName=null networkType=7 apnType=supl apn=null
02-09 18:35:00.660 I/TelephonyRegistry(  230): +++broadcastDataConnectionStateChanged
02-09 18:35:00.660 I/TelephonyRegistry(  230): +++sendStickyBroadcast
02-09 18:35:00.660 D/MobileDataStateTracker(  230): [mms] Do not process intents if disabled.
02-09 18:35:00.660 D/MobileDataStateTracker(  230): [default]  MobileDataStateReceiver onReceive(): Entry.
02-09 18:35:00.660 D/MobileDataStateTracker(  230): [default]  intent.getAction()= android.intent.action.ANY_DATA_STATE
02-09 18:35:00.660 D/MobileDataStateTracker(  230): [default]  mEnabled = true
02-09 18:35:00.670 D/MobileDataStateTracker(  230): [default] subType changed, oldSubtype = 0new subtype = 7
02-09 18:35:00.670 D/MobileDataStateTracker(  230): [default]  apnTypeList = default
02-09 18:35:00.670 D/MobileDataStateTracker(  230): [default]  unavailable = true
02-09 18:35:00.670 D/MobileDataStateTracker(  230): [default] CALL updateMobileInfoFromIntent
02-09 18:35:00.680 D/Phone   (  346): [PhoneNotifier] [DefaultPhoneNotifier] : dun, INET, DISCONNECTED
02-09 18:35:00.680 I/TelephonyRegistry(  230): notifyDataConnection: state=0 isDataConnectivityPossible=true reason=radioTechnologyChanged interfaceName=null networkType=7 apnType=dun apn=null
02-09 18:35:00.680 I/TelephonyRegistry(  230): +++broadcastDataConnectionStateChanged
02-09 18:35:00.680 I/TelephonyRegistry(  230): +++sendStickyBroadcast
02-09 18:35:00.690 I/MobileDataStateTracker(  230): [default] dc state change intent received for default/INET with state  DISCONNECTED. enabled=true state change reason = dataNetworkDetached
02-09 18:35:00.690 I/MobileDataStateTracker(  230): [default] old state = DISCONNECTED
02-09 18:35:00.690 I/MobileDataStateTracker(  230): [default] no change,  just return
02-09 18:35:00.690 D/MobileDataStateTracker(  230): [default] No need to update detailed state
02-09 18:35:00.690 D/MobileDataStateTracker(  230): [hipri]  MobileDataStateReceiver onReceive(): Entry.
02-09 18:35:00.690 D/MobileDataStateTracker(  230): [hipri]  intent.getAction()= android.intent.action.ANY_DATA_STATE
02-09 18:35:00.690 D/MobileDataStateTracker(  230): [hipri]  mEnabled = false
02-09 18:35:00.690 D/MobileDataStateTracker(  230): [hipri]  apnTypeList = default
02-09 18:35:00.690 D/Phone   (  346): [PhoneNotifier] [DefaultPhoneNotifier] : dun, INET6, DISCONNECTED
02-09 18:35:00.690 I/TelephonyRegistry(  230): notifyDataConnection: state=0 isDataConnectivityPossible=true reason=radioTechnologyChanged interfaceName=null networkType=7 apnType=dun apn=null
02-09 18:35:00.690 I/TelephonyRegistry(  230): +++broadcastDataConnectionStateChanged
02-09 18:35:00.690 I/TelephonyRegistry(  230): +++sendStickyBroadcast
02-09 18:35:00.700 D/MobileDataStateTracker(  230): [hipri]  unavailable = true
02-09 18:35:00.700 D/MobileDataStateTracker(  230): [hipri] Do not process intents if disabled.
02-09 18:35:00.700 D/MobileDataStateTracker(  230): [dun]  MobileDataStateReceiver onReceive(): Entry.
02-09 18:35:00.700 D/MobileDataStateTracker(  230): [dun]  intent.getAction()= android.intent.action.ANY_DATA_STATE
02-09 18:35:00.700 D/MobileDataStateTracker(  230): [dun]  mEnabled = false
02-09 18:35:00.700 D/MobileDataStateTracker(  230): [dun]  apnTypeList = default
02-09 18:35:00.700 D/MobileDataStateTracker(  230): [dun]  unavailable = true
02-09 18:35:00.700 D/MobileDataStateTracker(  230): [dun] Do not process intents if disabled.
02-09 18:35:00.700 D/MobileDataStateTracker(  230): [supl]  MobileDataStateReceiver onReceive(): Entry.
02-09 18:35:00.700 D/Phone   (  346): [PhoneNotifier] [DefaultPhoneNotifier] : hipri, INET, DISCONNECTED
02-09 18:35:00.700 I/TelephonyRegistry(  230): notifyDataConnection: state=0 isDataConnectivityPossible=true reason=radioTechnologyChanged interfaceName=null networkType=7 apnType=hipri apn=null
02-09 18:35:00.700 I/TelephonyRegistry(  230): +++broadcastDataConnectionStateChanged
02-09 18:35:00.710 I/TelephonyRegistry(  230): +++sendStickyBroadcast
02-09 18:35:00.710 D/MobileDataStateTracker(  230): [supl]  intent.getAction()= android.intent.action.ANY_DATA_STATE
02-09 18:35:00.710 D/MobileDataStateTracker(  230): [supl]  mEnabled = false
02-09 18:35:00.710 D/MobileDataStateTracker(  230): [supl]  apnTypeList = default
02-09 18:35:00.710 D/MobileDataStateTracker(  230): [supl]  unavailable = true
02-09 18:35:00.710 D/MobileDataStateTracker(  230): [supl] Do not process intents if disabled.
02-09 18:35:00.710 D/MobileDataStateTracker(  230): [mms]  MobileDataStateReceiver onReceive(): Entry.
02-09 18:35:00.710 D/MobileDataStateTracker(  230): [mms]  intent.getAction()= android.intent.action.ANY_DATA_STATE
02-09 18:35:00.710 D/MobileDataStateTracker(  230): [mms]  mEnabled = false
02-09 18:35:00.710 D/Phone   (  346): [PhoneNotifier] [DefaultPhoneNotifier] : hipri, INET6, DISCONNECTED
02-09 18:35:00.720 I/TelephonyRegistry(  230): notifyDataConnection: state=0 isDataConnectivityPossible=true reason=radioTechnologyChanged interfaceName=null networkType=7 apnType=hipri apn=null
02-09 18:35:00.720 I/TelephonyRegistry(  230): +++broadcastDataConnectionStateChanged
02-09 18:35:00.720 I/TelephonyRegistry(  230): +++sendStickyBroadcast
02-09 18:35:00.720 D/MobileDataStateTracker(  230): [mms]  apnTypeList = default
02-09 18:35:00.720 D/MobileDataStateTracker(  230): [mms]  unavailable = true
02-09 18:35:00.730 D/DATA    (  346): [DCT(0) ] Resetting all profiles and service states!
02-09 18:35:00.730 D/PhoneApp(  346): mReceiver: ACTION_ANY_DATA_CONNECTION_STATE_CHANGED
02-09 18:35:00.730 D/MobileDataStateTracker(  230): [mms] Do not process intents if disabled.
02-09 18:35:00.730 D/MobileDataStateTracker(  230): [default]  MobileDataStateReceiver onReceive(): Entry.
02-09 18:35:00.730 D/MobileDataStateTracker(  230): [default]  intent.getAction()= android.intent.action.ANY_DATA_STATE
02-09 18:35:00.730 D/MobileDataStateTracker(  230): [default]  mEnabled = true
02-09 18:35:00.730 D/MobileDataStateTracker(  230): [default]  apnTypeList = default
02-09 18:35:00.730 D/MobileDataStateTracker(  230): [default]  unavailable = true
02-09 18:35:00.730 D/MobileDataStateTracker(  230): [default] CALL updateMobileInfoFromIntent
02-09 18:35:00.740 D/PhoneApp(  346): - state: DISCONNECTED
02-09 18:35:00.740 D/PhoneApp(  346): - reason: radioTechnologyChanged
02-09 18:35:00.740 D/PhoneApp(  346): mReceiver: ACTION_ANY_DATA_CONNECTION_STATE_CHANGED
02-09 18:35:00.740 D/PhoneApp(  346): - state: DISCONNECTED
02-09 18:35:00.740 D/PhoneApp(  346): - reason: radioTechnologyChanged
02-09 18:35:00.740 I/MobileDataStateTracker(  230): [default] dc state change intent received for default/INET6 with state  DISCONNECTED. enabled=true state change reason = dataNetworkDetached
02-09 18:35:00.740 I/MobileDataStateTracker(  230): [default] old state = DISCONNECTED
02-09 18:35:00.740 I/MobileDataStateTracker(  230): [default] no change,  just return
02-09 18:35:00.740 D/MobileDataStateTracker(  230): [default] No need to update detailed state
02-09 18:35:00.740 D/MobileDataStateTracker(  230): [hipri]  MobileDataStateReceiver onReceive(): Entry.
02-09 18:35:00.740 D/MobileDataStateTracker(  230): [hipri]  intent.getAction()= android.intent.action.ANY_DATA_STATE
02-09 18:35:00.740 D/MobileDataStateTracker(  230): [hipri]  mEnabled = false
02-09 18:35:00.740 D/MobileDataStateTracker(  230): [hipri]  apnTypeList = mms
02-09 18:35:00.740 D/MobileDataStateTracker(  230): [hipri]  unavailable = true
02-09 18:35:00.740 D/MobileDataStateTracker(  230): [hipri] Do not process intents if disabled.
02-09 18:35:00.740 D/MobileDataStateTracker(  230): [dun]  MobileDataStateReceiver onReceive(): Entry.
02-09 18:35:00.740 D/MobileDataStateTracker(  230): [dun]  intent.getAction()= android.intent.action.ANY_DATA_STATE
02-09 18:35:00.740 D/MobileDataStateTracker(  230): [dun]  mEnabled = false
02-09 18:35:00.750 D/MobileDataStateTracker(  230): [dun]  apnTypeList = mms
02-09 18:35:00.750 D/PhoneApp(  346): mReceiver: ACTION_ANY_DATA_CONNECTION_STATE_CHANGED
02-09 18:35:00.750 D/PhoneApp(  346): - state: DISCONNECTED
02-09 18:35:00.750 D/PhoneApp(  346): - reason: radioTechnologyChanged
02-09 18:35:00.750 D/PhoneApp(  346): mReceiver: ACTION_ANY_DATA_CONNECTION_STATE_CHANGED
02-09 18:35:00.750 D/PhoneApp(  346): - state: DISCONNECTED
02-09 18:35:00.750 D/PhoneApp(  346): - reason: radioTechnologyChanged
02-09 18:35:00.750 D/PhoneApp(  346): mReceiver: ACTION_ANY_DATA_CONNECTION_STATE_CHANGED
02-09 18:35:00.750 D/PhoneApp(  346): - state: DISCONNECTED
02-09 18:35:00.750 D/PhoneApp(  346): - reason: radioTechnologyChanged
02-09 18:35:00.750 D/MobileDataStateTracker(  230): [dun]  unavailable = true
02-09 18:35:00.750 D/MobileDataStateTracker(  230): [dun] Do not process intents if disabled.
02-09 18:35:00.750 D/MobileDataStateTracker(  230): [supl]  MobileDataStateReceiver onReceive(): Entry.
02-09 18:35:00.750 D/MobileDataStateTracker(  230): [supl]  intent.getAction()= android.intent.action.ANY_DATA_STATE
02-09 18:35:00.750 D/MobileDataStateTracker(  230): [supl]  mEnabled = false
02-09 18:35:00.750 D/MobileDataStateTracker(  230): [supl]  apnTypeList = mms
02-09 18:35:00.750 D/MobileDataStateTracker(  230): [supl]  unavailable = true
02-09 18:35:00.750 D/MobileDataStateTracker(  230): [supl] Do not process intents if disabled.
02-09 18:35:00.750 D/MobileDataStateTracker(  230): [mms]  MobileDataStateReceiver onReceive(): Entry.
02-09 18:35:00.750 D/MobileDataStateTracker(  230): [mms]  intent.getAction()= android.intent.action.ANY_DATA_STATE
02-09 18:35:00.750 D/MobileDataStateTracker(  230): [mms]  mEnabled = false
02-09 18:35:00.760 D/PhoneApp(  346): mReceiver: ACTION_ANY_DATA_CONNECTION_STATE_CHANGED
02-09 18:35:00.760 D/PhoneApp(  346): - state: DISCONNECTED
02-09 18:35:00.760 D/PhoneApp(  346): - reason: radioTechnologyChanged
02-09 18:35:00.760 D/PhoneApp(  346): mReceiver: ACTION_ANY_DATA_CONNECTION_STATE_CHANGED
02-09 18:35:00.760 D/PhoneApp(  346): - state: DISCONNECTED
02-09 18:35:00.760 D/PhoneApp(  346): - reason: radioTechnologyChanged
02-09 18:35:00.760 D/PhoneApp(  346): mReceiver: ACTION_ANY_DATA_CONNECTION_STATE_CHANGED
02-09 18:35:00.760 D/MobileDataStateTracker(  230): [mms]  apnTypeList = mms
02-09 18:35:00.760 D/MobileDataStateTracker(  230): [mms]  unavailable = true
02-09 18:35:00.760 D/MobileDataStateTracker(  230): [mms] Do not process intents if disabled.
02-09 18:35:00.760 D/MobileDataStateTracker(  230): [default]  MobileDataStateReceiver onReceive(): Entry.
02-09 18:35:00.760 D/MobileDataStateTracker(  230): [default]  intent.getAction()= android.intent.action.ANY_DATA_STATE
02-09 18:35:00.760 D/MobileDataStateTracker(  230): [default]  mEnabled = true
02-09 18:35:00.760 D/MobileDataStateTracker(  230): [default]  apnTypeList = mms
02-09 18:35:00.760 D/MobileDataStateTracker(  230): [default]  unavailable = true
02-09 18:35:00.760 D/MobileDataStateTracker(  230): [default] not what we are looking for.
02-09 18:35:00.770 D/MobileDataStateTracker(  230): [hipri]  MobileDataStateReceiver onReceive(): Entry.
02-09 18:35:00.770 D/MobileDataStateTracker(  230): [hipri]  intent.getAction()= android.intent.action.ANY_DATA_STATE
02-09 18:35:00.770 D/MobileDataStateTracker(  230): [hipri]  mEnabled = false
02-09 18:35:00.770 D/PhoneApp(  346): - state: DISCONNECTED
02-09 18:35:00.770 D/PhoneApp(  346): - reason: radioTechnologyChanged
02-09 18:35:00.770 D/PhoneApp(  346): mReceiver: ACTION_ANY_DATA_CONNECTION_STATE_CHANGED
02-09 18:35:00.770 D/PhoneApp(  346): - state: DISCONNECTED
02-09 18:35:00.770 D/PhoneApp(  346): - reason: radioTechnologyChanged
02-09 18:35:00.770 D/MobileDataStateTracker(  230): [hipri]  apnTypeList = mms
02-09 18:35:00.770 D/MobileDataStateTracker(  230): [hipri]  unavailable = true
02-09 18:35:00.770 D/MobileDataStateTracker(  230): [hipri] Do not process intents if disabled.
02-09 18:35:00.770 D/MobileDataStateTracker(  230): [dun]  MobileDataStateReceiver onReceive(): Entry.
02-09 18:35:00.770 D/MobileDataStateTracker(  230): [dun]  intent.getAction()= android.intent.action.ANY_DATA_STATE
02-09 18:35:00.780 D/MobileDataStateTracker(  230): [dun]  mEnabled = false
02-09 18:35:00.780 D/MobileDataStateTracker(  230): [dun]  apnTypeList = mms
02-09 18:35:00.780 D/MobileDataStateTracker(  230): [dun]  unavailable = true
02-09 18:35:00.780 D/MobileDataStateTracker(  230): [dun] Do not process intents if disabled.
02-09 18:35:00.780 D/MobileDataStateTracker(  230): [supl]  MobileDataStateReceiver onReceive(): Entry.
02-09 18:35:00.780 D/MobileDataStateTracker(  230): [supl]  intent.getAction()= android.intent.action.ANY_DATA_STATE
02-09 18:35:00.780 D/MobileDataStateTracker(  230): [supl]  mEnabled = false
02-09 18:35:00.780 D/PhoneApp(  346): mReceiver: ACTION_ANY_DATA_CONNECTION_STATE_CHANGED
02-09 18:35:00.780 D/PhoneApp(  346): - state: DISCONNECTED
02-09 18:35:00.780 D/PhoneApp(  346): - reason: radioTechnologyChanged
02-09 18:35:00.780 I/DATA    (  346): [DCT(0) ] onUpdateDataConnections: reason=radioTechnologyChanged
02-09 18:35:00.780 I/DATA    (  346): [DCT(0) ] ---dc list---
02-09 18:35:00.780 I/DATA    (  346): [DCT(0) ] cid = -1, state = DcActivatingState, bearerType = null, ipaddress = null, gw=null, dns=[null, null]
02-09 18:35:00.780 I/DATA    (  346): [DCT(0) ] ---ds list---
02-09 18:35:00.780 I/DATA    (  346): [DCT(0) ] ds= SERVICE_TYPE_DEFAULT, enabled = true, active = v4:CONNECTING v6:IDLE
02-09 18:35:00.780 I/DATA    (  346): [DCT(0) ] ds= SERVICE_TYPE_MMS, enabled = false, active = v4:IDLE v6:IDLE
02-09 18:35:00.780 I/DATA    (  346): [DCT(0) ] ds= SERVICE_TYPE_SUPL, enabled = false, active = v4:IDLE v6:IDLE
02-09 18:35:00.780 I/DATA    (  346): [DCT(0) ] ds= SERVICE_TYPE_DUN, enabled = false, active = v4:IDLE v6:IDLE
02-09 18:35:00.780 I/DATA    (  346): [DCT(0) ] ds= SERVICE_TYPE_HIPRI, enabled = false, active = v4:IDLE v6:IDLE
02-09 18:35:00.780 I/DATA    (  346): [DCT(0) ] Ready for data : 
02-09 18:35:00.780 I/DATA    (  346): [DCT(0) ]    getDesiredPowerState() = true
02-09 18:35:00.780 I/DATA    (  346): [DCT(0) ]    mCm.getRadioState() = RADIO_ON
02-09 18:35:00.780 E/WifiHW  (  230): ifname /data/misc/wifi/wpa_supplicant/wlan0 is ready to read/write cnt=160
02-09 18:35:00.800 D/WifiStateTracker(  230): EVENT_SUPPLICANT_CONNECTION--->resetNotificationTimer()
02-09 18:35:00.800 I/DATA    (  346): [DCT(0) ]    [DataRadioTech = RADIO_TECH_1xRTT, data network state = 0, mMasterDataEnabled = true, is Roaming = false, dataOnRoamingEnable = false, isPsRestricted = false, desiredPowerState  = true, mSIMRecords = , cdmaSubSource = 1/310120, mRuimRecords = , checks = true/true]
02-09 18:35:00.800 I/DATA    (  346): [DCT(0) ] Data Call setup pending. Not trying to bring up any new data connections.
02-09 18:35:00.800 D/PhoneApp(  346): old phone type:2, New Phone type:2
02-09 18:35:00.800 D/NotificationMgr(  346): hideDataDisconnectedRoaming()...
02-09 18:35:00.800 D/MobileDataStateTracker(  230): [supl]  apnTypeList = mms
02-09 18:35:00.800 D/MobileDataStateTracker(  230): [supl]  unavailable = true
02-09 18:35:00.800 D/MobileDataStateTracker(  230): [supl] Do not process intents if disabled.
02-09 18:35:00.800 D/MobileDataStateTracker(  230): [mms]  MobileDataStateReceiver onReceive(): Entry.
02-09 18:35:00.800 D/MobileDataStateTracker(  230): [mms]  intent.getAction()= android.intent.action.ANY_DATA_STATE
02-09 18:35:00.800 D/MobileDataStateTracker(  230): [mms]  mEnabled = false
02-09 18:35:00.800 D/AlarmManager(  230): +++Alarm set:type=2 com.google.android.location  Trigger after:3668ms
02-09 18:35:00.800 D/PhoneApp(  346): old phone type:2, New Phone type:2
02-09 18:35:00.800 D/NotificationMgr(  346): hideDataDisconnectedRoaming()...
02-09 18:35:00.800 D/PhoneApp(  346): old phone type:2, New Phone type:2
02-09 18:35:00.800 D/NotificationMgr(  346): hideDataDisconnectedRoaming()...
