02-09 18:35:03.693 D/Bitmap  (  353):       java.lang.reflect.Method.invokeNative(Native Method)
02-09 18:35:03.693 D/Bitmap  (  353):       java.lang.reflect.Method.invoke(Method.java:507)
02-09 18:35:03.693 D/Bitmap  (  353):       com.android.internal.os.ZygoteInit$MethodAndArgsCaller.run(ZygoteInit.java:875)
02-09 18:35:03.693 D/Bitmap  (  353):       com.android.internal.os.ZygoteInit.main(ZygoteInit.java:633)
02-09 18:35:03.693 D/Bitmap  (  353):       dalvik.system.NativeStart.main(Native Method)
02-09 18:35:03.693 D/Bitmap  (  353): _
02-09 18:35:03.913 I/BluetoothService(  230): Received BT_BOOTUP message
02-09 18:35:04.234 D/androidNlpServiceThread(  397): updateState: shouldBeEnabled true shouldBeRunning true
02-09 18:35:04.264 W/dalvikvm(  488): Refusing to reopen boot DEX '/system/framework/OmaDrmClient.jar'
02-09 18:35:04.284 D/androidNlpServiceThread(  397): updateState: shouldBeEnabled true shouldBeRunning true
02-09 18:35:04.414 I/ActivityThread(  488): Pub com.zte.zmail.security.provider: com.zte.zmail.security.provider.SecurityProvider
02-09 18:35:04.444 I/ActivityThread(  488): Pub com.android.email.provider: com.android.email.provider.EmailProvider
02-09 18:35:04.444 I/ActivityThread(  488): Pub com.android.email.searchsuggestionprovider: com.android.email.provider.SearchSuggestionProvider
02-09 18:35:04.454 I/ActivityThread(  488): Pub com.android.email.attachmentprovider: com.android.email.provider.AttachmentProvider
02-09 18:35:04.464 D/androidNlpServiceThread(  397): updateState: shouldBeEnabled true shouldBeRunning true
02-09 18:35:04.474 I/ActivityThread(  488): Pub com.android.exchange.provider: com.android.exchange.provider.ExchangeProvider
02-09 18:35:04.574 D/androidNlpServiceThread(  397): updateState: shouldBeEnabled true shouldBeRunning true
02-09 18:35:04.634 D/androidNlpServiceThread(  397): updateState: shouldBeEnabled true shouldBeRunning true
02-09 18:35:04.814 E/BluetoothEasPolicy.java(  230): bluetooth EAS key=AllowBluetooth
02-09 18:35:04.814 E/BluetoothEasPolicy.java(  230): bluetooth EAS value=2
02-09 18:35:04.824 W/dalvikvm(  497): Refusing to reopen boot DEX '/system/framework/qcrilhook.jar'
02-09 18:35:04.824 W/dalvikvm(  497): Refusing to reopen boot DEX '/system/framework/qcnvitems.jar'
02-09 18:35:04.934 D/qcom_priv_settings(  507): setprop(net.http.threads) = [10]
02-09 18:35:04.934 D/qcom_priv_settings(  507): setprop(net.http.idle_cache.size) = [40]
02-09 18:35:04.934 D/qcom_priv_settings(  507): setprop(net.http.idle_cache.shutdown) = [true]
02-09 18:35:04.934 D/qcom_priv_settings(  507): setprop(net.webkit.cache.size) = [12582912]
02-09 18:35:04.934 D/qcom_priv_settings(  507): setprop(net.webkit.cache.mindeadsize) = [4194304]
02-09 18:35:04.934 D/qcom_priv_settings(  507): setprop(net.webkit.cache.maxdeadsize) = [4194304]
02-09 18:35:04.934 D/qcom_priv_settings(  507): setprop(net.nw.cache.prioadvstep) = [86400000]
02-09 18:35:04.934 D/qcom_priv_settings(  507): setprop(net.nw.cache.weightadvstep) = [3600000]
02-09 18:35:04.944 D/qcom_priv_settings(  507): setprop(net.nw.cache.orderby) = [weight]
02-09 18:35:05.014 I/ActivityThread(  515): Pub com.cooliris.picasa.contentprovider: com.cooliris.picasa.PicasaContentProvider
02-09 18:35:05.164 D/Gallery3D(  515): [BootReceiver]: Got intent with action android.intent.action.BOOT_COMPLETED
02-09 18:35:05.194 I/VdmcBroadcastReceiver(  497): ACTION=android.intent.action.BOOT_COMPLETED
02-09 18:35:05.194 I/DMC     (  497): VdmcBroadcastReceiver start vdmc service
02-09 18:35:05.204 I/RecoverySystem(  230): No recovery log file
02-09 18:35:05.224 I/vDM     (  497): onCreate
02-09 18:35:05.224 I/vDM     (  497): onStart
02-09 18:35:05.305 I/DMC     (  497): Vdmc onStart sleep 8s
02-09 18:35:05.615 I/ActivityThread(  525): Pub zte.com.cn.alarmclock: zte.com.cn.alarmclock.AlarmProvider
02-09 18:35:05.725 D/KeyguardUpdateMonitor(  230): received broadcast android.intent.action.ALARM_CHANGED
02-09 18:35:05.725 D/KeyguardUpdateMonitor(  230): onReceive ACTION_ALARM_CHANGED -  alarmSet:false
02-09 18:35:05.725 D/KeyguardUpdateMonitor(  230): handleAlarmStateChanged(false)
02-09 18:35:05.755 I/ActivityThread(  533): Pub media: com.android.providers.media.MediaProvider
02-09 18:35:05.925 D/QC_NV_ITEMS(  541): QcNvItems instance created.
02-09 18:35:05.935 I/QC_RIL_OEM_HOOK(  541): QcRilOemHook Service Created Successfully
02-09 18:35:05.945 E/QC_NV_ITEMS(  541): ### getMipDataProfile, slot = 1
02-09 18:35:05.945 D/QC_NV_ITEMS(  541): ### doNvRead(465, 1)
02-09 18:35:05.945 D/QC_RIL_OEM_HOOK(  541): sendRilOemHookMsg: itemIdTemp-47
02-09 18:35:05.945 I/ActivityThread(  533): Pub downloads: com.android.providers.downloads.DownloadProvider
02-09 18:35:05.975 D/QC_NV_ITEMS(  541): Received(465,1): 011f7a7465746573746163636f756e7432323140737072696e747063732e636f6d000000000000000000000000000000000000000000000000000000000000000000000000000000000001d204000001d20400000100000000ffffffff4c591c44
02-09 18:35:05.985 I/ActivityThread(  533): Pub drm: com.android.providers.drm.DrmProvider
02-09 18:35:05.995 D/QC_NV_ITEMS(  541): 011f7a7465746573746163636f756e7432323140737072696e747063732e636f6d000000000000000000000000000000000000000000000000000000000000000000000000000000000001d204000001d20400000100000000ffffffff4c591c44
02-09 18:35:05.995 E/QmiItemTypes(  541):  index= 1
02-09 18:35:05.995 E/QmiItemTypes(  541):  nai len= 31
02-09 18:35:05.995 E/QmiItemTypes(  541):  nai str= ztetestaccount221@sprintpcs.com
02-09 18:35:06.005 E/QmiItemTypes(  541):  mMnHaSpiSet= true
02-09 18:35:06.005 E/QmiItemTypes(  541):  mMnHaSpi= 1234
02-09 18:35:06.005 E/QmiItemTypes(  541):  mMnAaaSpiSet= true
02-09 18:35:06.005 E/QmiItemTypes(  541):  mMnAaaSpi= 1234
02-09 18:35:06.005 E/QmiItemTypes(  541):  mRvsTnl= true
02-09 18:35:06.005 E/QmiItemTypes(  541):  home_addr= 0.0.0.0
02-09 18:35:06.005 E/QmiItemTypes(  541):  primary_ha_addr= 255.255.255.255
02-09 18:35:06.005 E/QmiItemTypes(  541):  secondary_ha_addr= 68.28.89.76
02-09 18:35:06.005 D/QC_NV_ITEMS(  541): ### getMobDirNumber()
02-09 18:35:06.005 D/QC_RIL_OEM_HOOK(  541): sendRilOemHookMsg: itemIdTemp-41
02-09 18:35:06.025 D/QC_NV_ITEMS(  541): Received: 000a090103020a0a050902080000000000
02-09 18:35:06.035 E/QC_NV_ITEMS(  541): ### getMipDataProfile, slot = 1
02-09 18:35:06.035 D/QC_NV_ITEMS(  541): ### doNvRead(465, 1)
02-09 18:35:06.035 D/QC_RIL_OEM_HOOK(  541): sendRilOemHookMsg: itemIdTemp-47
02-09 18:35:06.045 D/QC_NV_ITEMS(  541): Received(465,1): 011f7a7465746573746163636f756e7432323140737072696e747063732e636f6d000000000000000000000000000000000000000000000000000000000000000000000000000000000001d204000001d20400000100000000ffffffff4c591c44
02-09 18:35:06.045 D/QC_NV_ITEMS(  541): 011f7a7465746573746163636f756e7432323140737072696e747063732e636f6d000000000000000000000000000000000000000000000000000000000000000000000000000000000001d204000001d20400000100000000ffffffff4c591c44
02-09 18:35:06.045 E/QmiItemTypes(  541):  index= 1
02-09 18:35:06.045 E/QmiItemTypes(  541):  nai len= 31
02-09 18:35:06.045 E/QmiItemTypes(  541):  nai str= ztetestaccount221@sprintpcs.com
02-09 18:35:06.045 E/QmiItemTypes(  541):  mMnHaSpiSet= true
02-09 18:35:06.045 E/QmiItemTypes(  541):  mMnHaSpi= 1234
02-09 18:35:06.045 E/QmiItemTypes(  541):  mMnAaaSpiSet= true
02-09 18:35:06.045 E/QmiItemTypes(  541):  mMnAaaSpi= 1234
02-09 18:35:06.045 E/QmiItemTypes(  541):  mRvsTnl= true
02-09 18:35:06.045 E/QmiItemTypes(  541):  home_addr= 0.0.0.0
02-09 18:35:06.055 E/QmiItemTypes(  541):  primary_ha_addr= 255.255.255.255
02-09 18:35:06.055 E/QmiItemTypes(  541):  secondary_ha_addr= 68.28.89.76
02-09 18:35:06.055 D/QC_NV_ITEMS(  541): ###getMinImsiNumber()
02-09 18:35:06.055 D/QC_RIL_OEM_HOOK(  541): sendRilOemHookMsg: itemIdTemp32
02-09 18:35:06.065 D/QC_NV_ITEMS(  541): Received: ff1f7a74656cda6b00
02-09 18:35:06.065 D/QC_RIL_OEM_HOOK(  541): sendRilOemHookMsg: itemIdTemp33
02-09 18:35:06.085 D/QC_NV_ITEMS(  541): Received: ff1f7a9103
02-09 18:35:06.085 D/QC_NV_ITEMS(  541): getMinImsiNumber() msid = 9137068268
02-09 18:35:06.085 E/QC_NV_ITEMS(  541): ### getMipDataProfile, slot = 1
02-09 18:35:06.085 D/QC_NV_ITEMS(  541): ### doNvRead(465, 1)
02-09 18:35:06.085 D/QC_RIL_OEM_HOOK(  541): sendRilOemHookMsg: itemIdTemp-47
02-09 18:35:06.095 D/QC_NV_ITEMS(  541): Received(465,1): 011f7a7465746573746163636f756e7432323140737072696e747063732e636f6d000000000000000000000000000000000000000000000000000000000000000000000000000000000001d204000001d20400000100000000ffffffff4c591c44
02-09 18:35:06.095 D/QC_NV_ITEMS(  541): 011f7a7465746573746163636f756e7432323140737072696e747063732e636f6d000000000000000000000000000000000000000000000000000000000000000000000000000000000001d204000001d20400000100000000ffffffff4c591c44
02-09 18:35:06.095 E/QmiItemTypes(  541):  index= 1
02-09 18:35:06.095 E/QmiItemTypes(  541):  nai len= 31
02-09 18:35:06.105 E/QmiItemTypes(  541):  nai str= ztetestaccount221@sprintpcs.com
02-09 18:35:06.105 E/QmiItemTypes(  541):  mMnHaSpiSet= true
02-09 18:35:06.105 E/QmiItemTypes(  541):  mMnHaSpi= 1234
02-09 18:35:06.105 E/QmiItemTypes(  541):  mMnAaaSpiSet= true
02-09 18:35:06.105 E/QmiItemTypes(  541):  mMnAaaSpi= 1234
02-09 18:35:06.105 E/QmiItemTypes(  541):  mRvsTnl= true
02-09 18:35:06.105 E/QmiItemTypes(  541):  home_addr= 0.0.0.0
02-09 18:35:06.105 E/QmiItemTypes(  541):  primary_ha_addr= 255.255.255.255
02-09 18:35:06.105 E/QmiItemTypes(  541):  secondary_ha_addr= 68.28.89.76
02-09 18:35:06.125 E/QC_NV_ITEMS(  541): ### getMipDataProfile, slot = 1
02-09 18:35:06.125 D/QC_NV_ITEMS(  541): ### doNvRead(465, 1)
02-09 18:35:06.125 D/QC_RIL_OEM_HOOK(  541): sendRilOemHookMsg: itemIdTemp-47
02-09 18:35:06.135 D/QC_NV_ITEMS(  541): Received(465,1): 011f7a7465746573746163636f756e7432323140737072696e747063732e636f6d000000000000000000000000000000000000000000000000000000000000000000000000000000000001d204000001d20400000100000000ffffffff4c591c44
02-09 18:35:06.135 D/QC_NV_ITEMS(  541): 011f7a7465746573746163636f756e7432323140737072696e747063732e636f6d000000000000000000000000000000000000000000000000000000000000000000000000000000000001d204000001d20400000100000000ffffffff4c591c44
02-09 18:35:06.135 E/QmiItemTypes(  541):  index= 1
02-09 18:35:06.135 E/QmiItemTypes(  541):  nai len= 31
02-09 18:35:06.135 E/QmiItemTypes(  541):  nai str= ztetestaccount221@sprintpcs.com
02-09 18:35:06.135 E/QmiItemTypes(  541):  mMnHaSpiSet= true
02-09 18:35:06.135 E/QmiItemTypes(  541):  mMnHaSpi= 1234
02-09 18:35:06.135 E/QmiItemTypes(  541):  mMnAaaSpiSet= true
02-09 18:35:06.135 E/QmiItemTypes(  541):  mMnAaaSpi= 1234
02-09 18:35:06.135 E/QmiItemTypes(  541):  mRvsTnl= true
02-09 18:35:06.135 E/QmiItemTypes(  541):  home_addr= 0.0.0.0
02-09 18:35:06.135 E/QmiItemTypes(  541):  primary_ha_addr= 255.255.255.255
02-09 18:35:06.135 E/QmiItemTypes(  541):  secondary_ha_addr= 68.28.89.76
02-09 18:35:06.135 D/QC_NV_ITEMS(  541): ### getMeid()
02-09 18:35:06.135 D/QC_RIL_OEM_HOOK(  541): sendRilOemHookMsg: itemIdTemp-105
02-09 18:35:06.155 D/QC_NV_ITEMS(  541): Received: bb947d200000a100
02-09 18:35:06.155 D/QC_NV_ITEMS(  541): ***zhoujing***NvMeidType::mMeid=0x0
02-09 18:35:06.165 D/QC_NV_ITEMS(  541): QcNvItems instance created.
02-09 18:35:06.165 I/QC_RIL_OEM_HOOK(  541): QcRilOemHook Service Created Successfully
02-09 18:35:06.165 D/QC_NV_ITEMS(  541): ### getPrlVersion()
02-09 18:35:06.165 D/QC_NV_ITEMS(  541): ### getRoamingList()
02-09 18:35:06.165 D/QC_RIL_OEM_HOOK(  541): sendRilOemHookMsg: itemIdTemp257
02-09 18:35:06.255 D/QC_NV_ITEMS(  541): Received: 0006ed00400000010000000000000000000000000000000000000000000000000000000000000000000000000000000000000000000000000000000000000000000000000000000000000000000000000000000000000000000000000000000000000000000000000000000000000000000000000000000000000000000000000000000000000000000000000000000000000000000000000000000000000000000000000000000000000000000000000000000000000000000000000000000000000000000000000000000000000000000000000000000000000000000000000000000000000000000000000000000000000000000000000000000000000000000000000000000000000000000000000000000000000000000000000000000000000000000000000000000000000000000000000000000000000000000000000000000000000000000000000000000000000000000000000000000000000000000000000000000000000000000000000000000000000000000000000000000000000000000000000000000000000000000000000000000000000000000000000000000000000000000000000000000000000000000000000000000000000000000000000000000000000000000000000000000000000000000000000000000000000000000000000000000000000000000000000000000000000000000000000000000000000000000000000000000000000000000000000000000000000000000000000000000000000000000000000000000000000000000000000000000000000000000000000000000000000000000000000000000000000000000000000000000000000000000000000000000000000000000000000000000000000000000000000000000000000000000000000000000000000000000000000000000000000000000000000000000000000000000000000000000000000000000000000000000000000000000000000000000000000000000000000000000000000000000000000000000000000000000000000000000000000000000000000000000000000000000000000000000000000000000000000000000000000000000000000000000000000000000000000000000000000000000000000000000000000000000000000000000000000000000000000000000000000000000000000000000000000000000000000000000000000000000000000000000000000000000000000000000000000000000000000000000000000000000000000000000000000000000000000000000000000000000000000000000000000000000000000000000000000000000000000000000000000000000000000000000000000000000000000000000000000000000000000000000000000000000000000000000000000000000000000000000000000000000000000000000000000000000000000000000000000000000000000000000000000000000000000000000000000000000000000000000000000000000000000000000000000000000000000000000000000000000000000000000000000000000000000000000000000000000000000000000000000000000000000000000000000000000000000000000000000000000000000000000000000000000000000000000000000000000000000000000000000000000000000000000000000000000000000000000000000000000000000000000000000000000000000000000000000000000000000000000000000000000000000000000000000000000000000000000000000000000000000000000000000000000000000000000000000000000000000000000000000000000000000000000000000000000000000000000000000000000000000000000000000000000000000000000000000000000000000000000000000000000000000000000000000000000000000000000000000000000000000000000000000000000000000000000000000000000000000000000000000000000000000000000000000000000000000000000000000000000000000000000000000000000000000000000000000000000000000000000000000000000000000000000000000000000000000000000000000000000000000000000000000000000000000000000000000000000000000000000000000000000000000000000000000000000000000000000000000000000000000000000000000000000000000000000000000000000000000000000000000000000000000000000000000000000000000000000000000000000000000000000000000000000000000000000000000000000000000000000000000000000000000000000000000000000000000000000000000000000000000000000000000000000000000000000000000000000000000000000000000000000000000000000000000000000000000000000000000000000000000000000000000000000000000000000000000000000000000000000000000000000000000000000000000000000000000000000000000000000000000000000000000000000000000000000000000000000000000000000000000000000000000000000000000000000000000000000000000000000000000000000000000000000000000000000000000000000000000000000000000000000000000000000000000000000000000000000000000000000000000000000000000000000000000000000000000000000000000000000000000000000000000000000000000000000000000000000000000000000000000000
02-09 18:35:06.255 D/QcNvItemTypes(  541): NvRoamingListType ilength is: 16392
02-09 18:35:06.275 D/QcNvItemTypes(  541): NvRoamingListType nam: 0 prl_version: -4858 size: 16384 valid: true
02-09 18:35:06.275 D/QC_NV_ITEMS(  541): roaming_list size = 16384 
02-09 18:35:06.275 D/QC_NV_ITEMS(  541): prlVersion: 60678
02-09 18:35:06.296 D/QC_NV_ITEMS(  541): QcNvItems instance created.
02-09 18:35:06.296 I/QC_RIL_OEM_HOOK(  541): QcRilOemHook Service Created Successfully
02-09 18:35:06.296 E/QC_NV_ITEMS(  541): ### getMipDataProfile, slot = 1
02-09 18:35:06.296 D/QC_NV_ITEMS(  541): ### doNvRead(465, 1)
02-09 18:35:06.296 D/QC_RIL_OEM_HOOK(  541): sendRilOemHookMsg: itemIdTemp-47
02-09 18:35:06.296 D/QC_NV_ITEMS(  541): Received(465,1): 011f7a7465746573746163636f756e7432323140737072696e747063732e636f6d000000000000000000000000000000000000000000000000000000000000000000000000000000000001d204000001d20400000100000000ffffffff4c591c44
02-09 18:35:06.296 D/QC_NV_ITEMS(  541): 011f7a7465746573746163636f756e7432323140737072696e747063732e636f6d000000000000000000000000000000000000000000000000000000000000000000000000000000000001d204000001d20400000100000000ffffffff4c591c44
02-09 18:35:06.296 E/QmiItemTypes(  541):  index= 1
02-09 18:35:06.296 E/QmiItemTypes(  541):  nai len= 31
02-09 18:35:06.306 E/QmiItemTypes(  541):  nai str= ztetestaccount221@sprintpcs.com
02-09 18:35:06.306 E/QmiItemTypes(  541):  mMnHaSpiSet= true
02-09 18:35:06.306 E/QmiItemTypes(  541):  mMnHaSpi= 1234
02-09 18:35:06.306 E/QmiItemTypes(  541):  mMnAaaSpiSet= true
02-09 18:35:06.306 E/QmiItemTypes(  541):  mMnAaaSpi= 1234
02-09 18:35:06.306 E/QmiItemTypes(  541):  mRvsTnl= true
02-09 18:35:06.306 E/QmiItemTypes(  541):  home_addr= 0.0.0.0
02-09 18:35:06.306 E/QmiItemTypes(  541):  primary_ha_addr= 255.255.255.255
02-09 18:35:06.306 E/QmiItemTypes(  541):  secondary_ha_addr= 68.28.89.76
02-09 18:35:06.316 I/MobileZone_Updater(  541): schedule: interval=86400000, now=1328834106325, last_update_ms=1328806347143, next_run=1328892747143
02-09 18:35:06.316 I/MobileZone_Updater(  541): scheduled the updater for every 1440 mins.
02-09 18:35:06.376 D/VoiceDialerReceiver(  550): onReceive Intent { act=android.intent.action.BOOT_COMPLETED cmp=com.android.voicedialer/.VoiceDialerReceiver }
02-09 18:35:06.446 D/DATA    (  346): [DSST(0)] pollstate() : reason = data network state changed
02-09 18:35:06.486 D/MobileDataStateTracker(  230): [hipri]  MobileDataStateReceiver onReceive(): Entry.
02-09 18:35:06.486 D/MobileDataStateTracker(  230): [hipri]  intent.getAction()= android.intent.action.SERVICE_STATE
02-09 18:35:06.486 D/MobileDataStateTracker(  230): [hipri]  mEnabled = false
02-09 18:35:06.486 D/MobileDataStateTracker(  230): [dun]  MobileDataStateReceiver onReceive(): Entry.
02-09 18:35:06.486 D/MobileDataStateTracker(  230): [dun]  intent.getAction()= android.intent.action.SERVICE_STATE
02-09 18:35:06.486 D/MobileDataStateTracker(  230): [dun]  mEnabled = false
02-09 18:35:06.486 D/MobileDataStateTracker(  230): [supl]  MobileDataStateReceiver onReceive(): Entry.
02-09 18:35:06.486 D/MobileDataStateTracker(  230): [supl]  intent.getAction()= android.intent.action.SERVICE_STATE
02-09 18:35:06.486 D/MobileDataStateTracker(  230): [supl]  mEnabled = false
02-09 18:35:06.496 D/MobileDataStateTracker(  230): [mms]  MobileDataStateReceiver onReceive(): Entry.
02-09 18:35:06.496 D/MobileDataStateTracker(  230): [mms]  intent.getAction()= android.intent.action.SERVICE_STATE
02-09 18:35:06.496 D/MobileDataStateTracker(  230): [mms]  mEnabled = false
02-09 18:35:06.496 D/MobileDataStateTracker(  230): [default]  MobileDataStateReceiver onReceive(): Entry.
02-09 18:35:06.496 D/MobileDataStateTracker(  230): [default]  intent.getAction()= android.intent.action.SERVICE_STATE
02-09 18:35:06.496 D/MobileDataStateTracker(  230): [default]  mEnabled = true
02-09 18:35:06.496 D/CallManager(  346):  handleMessage (EVENT_SERVICE_STATE_CHANGED)
02-09 18:35:06.496 E/BT HS/HF(  346): SERVICE_STATE_CHANGED called
02-09 18:35:06.496 E/BT HS/HF(  346): updateServiceState called, sendUpdate:false  ServiceState:0 home Sprint  310099  1xRTT CSS not supported 41 4139RoamInd: 1RoamStatus(sprint): 1DefRoamInd: 160EmergOnly: false
02-09 18:35:06.496 E/BT HS/HF(  346): service:1 mService:1
02-09 18:35:06.496 D/DATA    (  346): [DSST(0)]  registrationState = 1  radioTechnology = 8 reasonForDenial = 0
02-09 18:35:06.496 D/DATA    (  346): [DSST(0)]  set mNewDataConnectionState = 0
02-09 18:35:06.496 D/DATA    (  346): [DSST(0)]  mNewDataConnectionState : 0  mDataConnectionState : 0
02-09 18:35:06.506 D/DATA    (  346): [DSST(0)] Poll ServiceState done: oldSS=[0 home null null null  1xRTT CSS not supported -1 -1RoamInd: -1RoamStatus(sprint): -1DefRoamInd: -1EmergOnly: false] newSS=[0 home null null null  EvDo rev. A CSS not supported -1 -1RoamInd: -1RoamStatus(sprint): -1DefRoamInd: -1EmergOnly: false]
02-09 18:35:06.506 D/DATA    (  346): [DSST(0)]  mDataConnectionState = 0
02-09 18:35:06.536 D/MobileDataStateTracker(  230): [hipri]  MobileDataStateReceiver onReceive(): Entry.
02-09 18:35:06.536 D/MobileDataStateTracker(  230): [hipri]  intent.getAction()= android.intent.action.SERVICE_STATE
02-09 18:35:06.536 D/MobileDataStateTracker(  230): [hipri]  mEnabled = false
02-09 18:35:06.546 D/MobileDataStateTracker(  230): [hipri] subType changed, oldSubtype = 7new subtype = 6
02-09 18:35:06.546 D/MobileDataStateTracker(  230): [dun]  MobileDataStateReceiver onReceive(): Entry.
02-09 18:35:06.546 D/MobileDataStateTracker(  230): [dun]  intent.getAction()= android.intent.action.SERVICE_STATE
02-09 18:35:06.546 D/MobileDataStateTracker(  230): [dun]  mEnabled = false
02-09 18:35:06.546 D/MobileDataStateTracker(  230): [dun] subType changed, oldSubtype = 7new subtype = 6
02-09 18:35:06.546 D/MobileDataStateTracker(  230): [supl]  MobileDataStateReceiver onReceive(): Entry.
02-09 18:35:06.546 D/MobileDataStateTracker(  230): [supl]  intent.getAction()= android.intent.action.SERVICE_STATE
02-09 18:35:06.546 D/MobileDataStateTracker(  230): [supl]  mEnabled = false
02-09 18:35:06.546 D/MobileDataStateTracker(  230): [supl] subType changed, oldSubtype = 7new subtype = 6
02-09 18:35:06.556 D/CallManager(  346):  handleMessage (EVENT_SERVICE_STATE_CHANGED)
02-09 18:35:06.556 D/MobileDataStateTracker(  230): [mms]  MobileDataStateReceiver onReceive(): Entry.
02-09 18:35:06.556 D/MobileDataStateTracker(  230): [mms]  intent.getAction()= android.intent.action.SERVICE_STATE
02-09 18:35:06.556 D/MobileDataStateTracker(  230): [mms]  mEnabled = false
02-09 18:35:06.556 D/MobileDataStateTracker(  230): [mms] subType changed, oldSubtype = 7new subtype = 6
02-09 18:35:06.556 D/MobileDataStateTracker(  230): [default]  MobileDataStateReceiver onReceive(): Entry.
02-09 18:35:06.556 D/MobileDataStateTracker(  230): [default]  intent.getAction()= android.intent.action.SERVICE_STATE
02-09 18:35:06.556 D/MobileDataStateTracker(  230): [default]  mEnabled = true
02-09 18:35:06.556 D/MobileDataStateTracker(  230): [default] subType changed, oldSubtype = 7new subtype = 6
02-09 18:35:06.566 E/BT HS/HF(  346): SERVICE_STATE_CHANGED called
02-09 18:35:06.566 E/BT HS/HF(  346): updateServiceState called, sendUpdate:false  ServiceState:0 home Sprint  310099  EvDo rev. A CSS not supported 41 4139RoamInd: 1RoamStatus(sprint): 1DefRoamInd: 160EmergOnly: false
02-09 18:35:06.566 E/BT HS/HF(  346): service:1 mService:1
02-09 18:35:06.566 D/Phone   (  346): [PhoneNotifier] [DefaultPhoneNotifier] : default, INET, CONNECTING
02-09 18:35:06.566 I/TelephonyRegistry(  230): notifyDataConnection: state=1 isDataConnectivityPossible=true reason=radioTechnologyChanged interfaceName=null networkType=6 apnType=default apn=null
02-09 18:35:06.566 I/TelephonyRegistry(  230): +++broadcastDataConnectionStateChanged
02-09 18:35:06.576 D/TelephonyManager(  397): [LPZ-GPS]getCellLocation enter,usewireless=true
02-09 18:35:06.576 D/CdmaCellLocation(  397): [LPZ-GPS]mUseNetworkwireless=true
02-09 18:35:06.576 D/CdmaCellLocation(  397): [LPZ-GPS]BSId=13058
02-09 18:35:06.576 D/CdmaCellLocation(  397): [LPZ-GPS]BSLAT=560304
02-09 18:35:06.576 D/CdmaCellLocation(  397): [LPZ-GPS]BSLONG=-1362999
02-09 18:35:06.576 D/CdmaCellLocation(  397): [LPZ-GPS]SystemId=4139
02-09 18:35:06.576 D/CdmaCellLocation(  397): [LPZ-GPS]NetworkId=41
02-09 18:35:06.576 I/TelephonyRegistry(  230): +++sendStickyBroadcast
02-09 18:35:06.586 D/MobileDataStateTracker(  230): [hipri]  MobileDataStateReceiver onReceive(): Entry.
02-09 18:35:06.586 D/MobileDataStateTracker(  230): [hipri]  intent.getAction()= android.intent.action.ANY_DATA_STATE
02-09 18:35:06.586 D/MobileDataStateTracker(  230): [hipri]  mEnabled = false
02-09 18:35:06.586 D/MobileDataStateTracker(  230): [hipri]  apnTypeList = default
02-09 18:35:06.586 D/MobileDataStateTracker(  230): [hipri]  unavailable = false
02-09 18:35:06.586 D/MobileDataStateTracker(  230): [hipri] Do not process intents if disabled.
02-09 18:35:06.586 D/MobileDataStateTracker(  230): [dun]  MobileDataStateReceiver onReceive(): Entry.
02-09 18:35:06.586 D/MobileDataStateTracker(  230): [dun]  intent.getAction()= android.intent.action.ANY_DATA_STATE
02-09 18:35:06.586 D/MobileDataStateTracker(  230): [dun]  mEnabled = false
02-09 18:35:06.586 D/MobileDataStateTracker(  230): [dun]  apnTypeList = default
02-09 18:35:06.586 D/Phone   (  346): [PhoneNotifier] [DefaultPhoneNotifier] : default, INET6, DISCONNECTED
02-09 18:35:06.596 D/MobileDataStateTracker(  230): [dun]  unavailable = false
02-09 18:35:06.596 D/MobileDataStateTracker(  230): [dun] Do not process intents if disabled.
02-09 18:35:06.596 D/MobileDataStateTracker(  230): [supl]  MobileDataStateReceiver onReceive(): Entry.
02-09 18:35:06.596 D/MobileDataStateTracker(  230): [supl]  intent.getAction()= android.intent.action.ANY_DATA_STATE
02-09 18:35:06.596 D/MobileDataStateTracker(  230): [supl]  mEnabled = false
02-09 18:35:06.596 I/TelephonyRegistry(  230): notifyDataConnection: state=0 isDataConnectivityPossible=true reason=radioTechnologyChanged interfaceName=null networkType=6 apnType=default apn=null
02-09 18:35:06.596 I/TelephonyRegistry(  230): +++broadcastDataConnectionStateChanged
02-09 18:35:06.596 I/TelephonyRegistry(  230): +++sendStickyBroadcast
02-09 18:35:06.596 D/MobileDataStateTracker(  230): [supl]  apnTypeList = default
02-09 18:35:06.596 D/MobileDataStateTracker(  230): [supl]  unavailable = false
02-09 18:35:06.596 D/MobileDataStateTracker(  230): [supl] Do not process intents if disabled.
02-09 18:35:06.596 D/MobileDataStateTracker(  230): [mms]  MobileDataStateReceiver onReceive(): Entry.
02-09 18:35:06.596 D/MobileDataStateTracker(  230): [mms]  intent.getAction()= android.intent.action.ANY_DATA_STATE
02-09 18:35:06.596 D/MobileDataStateTracker(  230): [mms]  mEnabled = false
02-09 18:35:06.606 D/MobileDataStateTracker(  230): [mms]  apnTypeList = default
02-09 18:35:06.606 D/MobileDataStateTracker(  230): [mms]  unavailable = false
02-09 18:35:06.606 D/Phone   (  346): [PhoneNotifier] [DefaultPhoneNotifier] : mms, INET, DISCONNECTED
02-09 18:35:06.606 I/TelephonyRegistry(  230): notifyDataConnection: state=0 isDataConnectivityPossible=true reason=radioTechnologyChanged interfaceName=null networkType=6 apnType=mms apn=null
02-09 18:35:06.606 I/TelephonyRegistry(  230): +++broadcastDataConnectionStateChanged
02-09 18:35:06.606 I/TelephonyRegistry(  230): +++sendStickyBroadcast
02-09 18:35:06.606 D/MobileDataStateTracker(  230): [mms] Do not process intents if disabled.
02-09 18:35:06.606 D/Phone   (  346): [PhoneNotifier] [DefaultPhoneNotifier] : mms, INET6, DISCONNECTED
02-09 18:35:06.606 D/MobileDataStateTracker(  230): [default]  MobileDataStateReceiver onReceive(): Entry.
02-09 18:35:06.606 D/MobileDataStateTracker(  230): [default]  intent.getAction()= android.intent.action.ANY_DATA_STATE
02-09 18:35:06.606 D/MobileDataStateTracker(  230): [default]  mEnabled = true
02-09 18:35:06.616 D/MobileDataStateTracker(  230): [default]  apnTypeList = default
02-09 18:35:06.616 D/MobileDataStateTracker(  230): [default]  unavailable = false
02-09 18:35:06.616 D/MobileDataStateTracker(  230): [default] CALL updateMobileInfoFromIntent
02-09 18:35:06.616 I/MobileDataStateTracker(  230): [default] dc state change intent received for default/INET with state  CONNECTING. enabled=true state change reason = radioTechnologyChanged
02-09 18:35:06.616 I/TelephonyRegistry(  230): notifyDataConnection: state=0 isDataConnectivityPossible=true reason=radioTechnologyChanged interfaceName=null networkType=6 apnType=mms apn=null
02-09 18:35:06.616 I/TelephonyRegistry(  230): +++broadcastDataConnectionStateChanged
02-09 18:35:06.616 I/TelephonyRegistry(  230): +++sendStickyBroadcast
02-09 18:35:06.626 D/Phone   (  346): [PhoneNotifier] [DefaultPhoneNotifier] : supl, INET, DISCONNECTED
02-09 18:35:06.626 I/MobileDataStateTracker(  230): [default] old state = CONNECTING
02-09 18:35:06.626 I/MobileDataStateTracker(  230): [default] no change,  just return
02-09 18:35:06.626 D/MobileDataStateTracker(  230): [default] No need to update detailed state
02-09 18:35:06.626 D/MobileDataStateTracker(  230): [hipri]  MobileDataStateReceiver onReceive(): Entry.
02-09 18:35:06.626 D/MobileDataStateTracker(  230): [hipri]  intent.getAction()= android.intent.action.ANY_DATA_STATE
02-09 18:35:06.626 D/MobileDataStateTracker(  230): [hipri]  mEnabled = false
02-09 18:35:06.626 I/TelephonyRegistry(  230): notifyDataConnection: state=0 isDataConnectivityPossible=true reason=radioTechnologyChanged interfaceName=null networkType=6 apnType=supl apn=null
02-09 18:35:06.626 I/TelephonyRegistry(  230): +++broadcastDataConnectionStateChanged
02-09 18:35:06.626 I/TelephonyRegistry(  230): +++sendStickyBroadcast
02-09 18:35:06.626 D/MobileDataStateTracker(  230): [hipri]  apnTypeList = default
02-09 18:35:06.626 D/MobileDataStateTracker(  230): [hipri]  unavailable = false
02-09 18:35:06.626 D/MobileDataStateTracker(  230): [hipri] Do not process intents if disabled.
02-09 18:35:06.626 D/MobileDataStateTracker(  230): [dun]  MobileDataStateReceiver onReceive(): Entry.
02-09 18:35:06.626 D/MobileDataStateTracker(  230): [dun]  intent.getAction()= android.intent.action.ANY_DATA_STATE
02-09 18:35:06.626 D/MobileDataStateTracker(  230): [dun]  mEnabled = false
02-09 18:35:06.636 D/MobileDataStateTracker(  230): [dun]  apnTypeList = default
02-09 18:35:06.636 D/MobileDataStateTracker(  230): [dun]  unavailable = false
02-09 18:35:06.636 D/MobileDataStateTracker(  230): [dun] Do not process intents if disabled.
02-09 18:35:06.636 D/MobileDataStateTracker(  230): [supl]  MobileDataStateReceiver onReceive(): Entry.
02-09 18:35:06.636 D/MobileDataStateTracker(  230): [supl]  intent.getAction()= android.intent.action.ANY_DATA_STATE
02-09 18:35:06.636 D/MobileDataStateTracker(  230): [supl]  mEnabled = false
02-09 18:35:06.636 D/Phone   (  346): [PhoneNotifier] [DefaultPhoneNotifier] : supl, INET6, DISCONNECTED
02-09 18:35:06.636 I/TelephonyRegistry(  230): notifyDataConnection: state=0 isDataConnectivityPossible=true reason=radioTechnologyChanged interfaceName=null networkType=6 apnType=supl apn=null
02-09 18:35:06.636 I/TelephonyRegistry(  230): +++broadcastDataConnectionStateChanged
02-09 18:35:06.636 I/TelephonyRegistry(  230): +++sendStickyBroadcast
02-09 18:35:06.636 D/Phone   (  346): [PhoneNotifier] [DefaultPhoneNotifier] : dun, INET, DISCONNECTED
02-09 18:35:06.656 D/MobileDataStateTracker(  230): [supl]  apnTypeList = default
02-09 18:35:06.656 D/MobileDataStateTracker(  230): [supl]  unavailable = false
02-09 18:35:06.656 D/MobileDataStateTracker(  230): [supl] Do not process intents if disabled.
02-09 18:35:06.656 D/MobileDataStateTracker(  230): [mms]  MobileDataStateReceiver onReceive(): Entry.
02-09 18:35:06.656 D/MobileDataStateTracker(  230): [mms]  intent.getAction()= android.intent.action.ANY_DATA_STATE
02-09 18:35:06.656 D/MobileDataStateTracker(  230): [mms]  mEnabled = false
02-09 18:35:06.656 I/TelephonyRegistry(  230): notifyDataConnection: state=0 isDataConnectivityPossible=true reason=radioTechnologyChanged interfaceName=null networkType=6 apnType=dun apn=null
02-09 18:35:06.676 D/MobileDataStateTracker(  230): [mms]  apnTypeList = default
02-09 18:35:06.676 D/MobileDataStateTracker(  230): [mms]  unavailable = false
02-09 18:35:06.676 D/MobileDataStateTracker(  230): [mms] Do not process intents if disabled.
02-09 18:35:06.676 D/MobileDataStateTracker(  230): [default]  MobileDataStateReceiver onReceive(): Entry.
02-09 18:35:06.676 D/MobileDataStateTracker(  230): [default]  intent.getAction()= android.intent.action.ANY_DATA_STATE
02-09 18:35:06.676 D/MobileDataStateTracker(  230): [default]  mEnabled = true
02-09 18:35:06.676 D/MobileDataStateTracker(  230): [default]  apnTypeList = default
02-09 18:35:06.676 D/MobileDataStateTracker(  230): [default]  unavailable = false
02-09 18:35:06.676 D/MobileDataStateTracker(  230): [default] CALL updateMobileInfoFromIntent
02-09 18:35:06.676 I/MobileDataStateTracker(  230): [default] dc state change intent received for default/INET6 with state  DISCONNECTED. enabled=true state change reason = radioTechnologyChanged
02-09 18:35:06.676 I/MobileDataStateTracker(  230): [default] old state = DISCONNECTED
02-09 18:35:06.676 I/MobileDataStateTracker(  230): [default] no change,  just return
02-09 18:35:06.676 D/MobileDataStateTracker(  230): [default] No need to update detailed state
02-09 18:35:06.676 D/MobileDataStateTracker(  230): [hipri]  MobileDataStateReceiver onReceive(): Entry.
02-09 18:35:06.676 D/MobileDataStateTracker(  230): [hipri]  intent.getAction()= android.intent.action.ANY_DATA_STATE
02-09 18:35:06.676 D/MobileDataStateTracker(  230): [hipri]  mEnabled = false
02-09 18:35:06.676 I/TelephonyRegistry(  230): +++broadcastDataConnectionStateChanged
02-09 18:35:06.676 I/TelephonyRegistry(  230): +++sendStickyBroadcast
02-09 18:35:06.686 D/MobileDataStateTracker(  230): [hipri]  apnTypeList = mms
02-09 18:35:06.686 D/MobileDataStateTracker(  230): [hipri]  unavailable = false
02-09 18:35:06.686 D/MobileDataStateTracker(  230): [hipri] Do not process intents if disabled.
02-09 18:35:06.686 D/MobileDataStateTracker(  230): [dun]  MobileDataStateReceiver onReceive(): Entry.
02-09 18:35:06.686 D/MobileDataStateTracker(  230): [dun]  intent.getAction()= android.intent.action.ANY_DATA_STATE
02-09 18:35:06.686 D/MobileDataStateTracker(  230): [dun]  mEnabled = false
02-09 18:35:06.686 D/MobileDataStateTracker(  230): [dun]  apnTypeList = mms
02-09 18:35:06.686 D/MobileDataStateTracker(  230): [dun]  unavailable = false
02-09 18:35:06.686 D/MobileDataStateTracker(  230): [dun] Do not process intents if disabled.
02-09 18:35:06.686 D/MobileDataStateTracker(  230): [supl]  MobileDataStateReceiver onReceive(): Entry.
02-09 18:35:06.686 D/MobileDataStateTracker(  230): [supl]  intent.getAction()= android.intent.action.ANY_DATA_STATE
02-09 18:35:06.686 D/MobileDataStateTracker(  230): [supl]  mEnabled = false
02-09 18:35:06.716 D/Phone   (  346): [PhoneNotifier] [DefaultPhoneNotifier] : dun, INET6, DISCONNECTED
02-09 18:35:06.716 I/TelephonyRegistry(  230): notifyDataConnection: state=0 isDataConnectivityPossible=true reason=radioTechnologyChanged interfaceName=null networkType=6 apnType=dun apn=null
02-09 18:35:06.716 I/TelephonyRegistry(  230): +++broadcastDataConnectionStateChanged
02-09 18:35:06.716 I/TelephonyRegistry(  230): +++sendStickyBroadcast
02-09 18:35:06.716 D/Phone   (  346): [PhoneNotifier] [DefaultPhoneNotifier] : hipri, INET, DISCONNECTED
02-09 18:35:06.736 D/MobileDataStateTracker(  230): [supl]  apnTypeList = mms
02-09 18:35:06.736 D/MobileDataStateTracker(  230): [supl]  unavailable = false
02-09 18:35:06.736 D/MobileDataStateTracker(  230): [supl] Do not process intents if disabled.
02-09 18:35:06.736 D/MobileDataStateTracker(  230): [mms]  MobileDataStateReceiver onReceive(): Entry.
02-09 18:35:06.736 D/MobileDataStateTracker(  230): [mms]  intent.getAction()= android.intent.action.ANY_DATA_STATE
02-09 18:35:06.736 D/MobileDataStateTracker(  230): [mms]  mEnabled = false
02-09 18:35:06.736 I/TelephonyRegistry(  230): notifyDataConnection: state=0 isDataConnectivityPossible=true reason=radioTechnologyChanged interfaceName=null networkType=6 apnType=hipri apn=null
02-09 18:35:06.736 I/TelephonyRegistry(  230): +++broadcastDataConnectionStateChanged
02-09 18:35:06.736 D/MobileDataStateTracker(  230): [mms]  apnTypeList = mms
02-09 18:35:06.736 D/MobileDataStateTracker(  230): [mms]  unavailable = false
02-09 18:35:06.736 D/MobileDataStateTracker(  230): [mms] Do not process intents if disabled.
02-09 18:35:06.736 D/MobileDataStateTracker(  230): [default]  MobileDataStateReceiver onReceive(): Entry.
02-09 18:35:06.736 D/MobileDataStateTracker(  230): [default]  intent.getAction()= android.intent.action.ANY_DATA_STATE
02-09 18:35:06.736 D/MobileDataStateTracker(  230): [default]  mEnabled = true
02-09 18:35:06.736 D/MobileDataStateTracker(  230): [default]  apnTypeList = mms
02-09 18:35:06.736 D/MobileDataStateTracker(  230): [default]  unavailable = false
02-09 18:35:06.736 D/MobileDataStateTracker(  230): [default] not what we are looking for.
02-09 18:35:06.736 D/MobileDataStateTracker(  230): [hipri]  MobileDataStateReceiver onReceive(): Entry.
02-09 18:35:06.736 D/MobileDataStateTracker(  230): [hipri]  intent.getAction()= android.intent.action.ANY_DATA_STATE
02-09 18:35:06.736 D/MobileDataStateTracker(  230): [hipri]  mEnabled = false
02-09 18:35:06.756 I/TelephonyRegistry(  230): +++sendStickyBroadcast
02-09 18:35:06.766 D/MobileDataStateTracker(  230): [hipri]  apnTypeList = mms
02-09 18:35:06.766 D/MobileDataStateTracker(  230): [hipri]  unavailable = false
02-09 18:35:06.766 D/MobileDataStateTracker(  230): [hipri] Do not process intents if disabled.
02-09 18:35:06.766 D/MobileDataStateTracker(  230): [dun]  MobileDataStateReceiver onReceive(): Entry.
02-09 18:35:06.766 D/MobileDataStateTracker(  230): [dun]  intent.getAction()= android.intent.action.ANY_DATA_STATE
02-09 18:35:06.766 D/MobileDataStateTracker(  230): [dun]  mEnabled = false
02-09 18:35:06.766 D/MobileDataStateTracker(  230): [dun]  apnTypeList = mms
02-09 18:35:06.766 D/MobileDataStateTracker(  230): [dun]  unavailable = false
02-09 18:35:06.766 D/MobileDataStateTracker(  230): [dun] Do not process intents if disabled.
02-09 18:35:06.766 D/MobileDataStateTracker(  230): [supl]  MobileDataStateReceiver onReceive(): Entry.
02-09 18:35:06.766 D/MobileDataStateTracker(  230): [supl]  intent.getAction()= android.intent.action.ANY_DATA_STATE
02-09 18:35:06.766 D/MobileDataStateTracker(  230): [supl]  mEnabled = false
02-09 18:35:06.766 D/Phone   (  346): [PhoneNotifier] [DefaultPhoneNotifier] : hipri, INET6, DISCONNECTED
02-09 18:35:06.766 I/TelephonyRegistry(  230): notifyDataConnection: state=0 isDataConnectivityPossible=true reason=radioTechnologyChanged interfaceName=null networkType=6 apnType=hipri apn=null
02-09 18:35:06.766 I/TelephonyRegistry(  230): +++broadcastDataConnectionStateChanged
02-09 18:35:06.766 I/TelephonyRegistry(  230): +++sendStickyBroadcast
02-09 18:35:06.766 D/DATA    (  346): [DCT(0) ] Resetting all profiles and service states!
02-09 18:35:06.766 D/PhoneApp(  346): mReceiver: ACTION_ANY_DATA_CONNECTION_STATE_CHANGED
02-09 18:35:06.766 D/PhoneApp(  346): - state: DISCONNECTED
02-09 18:35:06.766 D/PhoneApp(  346): - reason: radioTechnologyChanged
02-09 18:35:06.766 D/PhoneApp(  346): mReceiver: ACTION_ANY_DATA_CONNECTION_STATE_CHANGED
02-09 18:35:06.766 D/PhoneApp(  346): - state: DISCONNECTED
02-09 18:35:06.766 D/PhoneApp(  346): - reason: radioTechnologyChanged
02-09 18:35:06.766 D/PhoneApp(  346): mReceiver: ACTION_ANY_DATA_CONNECTION_STATE_CHANGED
02-09 18:35:06.766 D/PhoneApp(  346): - state: DISCONNECTED
02-09 18:35:06.766 D/PhoneApp(  346): - reason: radioTechnologyChanged
02-09 18:35:06.776 D/PhoneApp(  346): mReceiver: ACTION_ANY_DATA_CONNECTION_STATE_CHANGED
02-09 18:35:06.776 D/PhoneApp(  346): - state: DISCONNECTED
02-09 18:35:06.776 D/PhoneApp(  346): - reason: radioTechnologyChanged
02-09 18:35:06.776 D/PhoneApp(  346): mReceiver: ACTION_ANY_DATA_CONNECTION_STATE_CHANGED
02-09 18:35:06.776 D/PhoneApp(  346): - state: DISCONNECTED
02-09 18:35:06.776 D/PhoneApp(  346): - reason: radioTechnologyChanged
02-09 18:35:06.776 D/MobileDataStateTracker(  230): [supl]  apnTypeList = mms
02-09 18:35:06.776 D/MobileDataStateTracker(  230): [supl]  unavailable = false
02-09 18:35:06.776 D/MobileDataStateTracker(  230): [supl] Do not process intents if disabled.
02-09 18:35:06.776 D/MobileDataStateTracker(  230): [mms]  MobileDataStateReceiver onReceive(): Entry.
02-09 18:35:06.776 D/MobileDataStateTracker(  230): [mms]  intent.getAction()= android.intent.action.ANY_DATA_STATE
02-09 18:35:06.776 D/MobileDataStateTracker(  230): [mms]  mEnabled = false
02-09 18:35:06.776 D/MobileDataStateTracker(  230): [mms]  apnTypeList = mms
02-09 18:35:06.776 D/MobileDataStateTracker(  230): [mms]  unavailable = false
02-09 18:35:06.776 D/MobileDataStateTracker(  230): [mms] Do not process intents if disabled.
02-09 18:35:06.776 D/MobileDataStateTracker(  230): [default]  MobileDataStateReceiver onReceive(): Entry.
02-09 18:35:06.776 D/MobileDataStateTracker(  230): [default]  intent.getAction()= android.intent.action.ANY_DATA_STATE
02-09 18:35:06.776 D/MobileDataStateTracker(  230): [default]  mEnabled = true
02-09 18:35:06.776 D/Swype   (  558): SwypeDataInitializer.onReceive
02-09 18:35:06.786 D/PhoneApp(  346): mReceiver: ACTION_ANY_DATA_CONNECTION_STATE_CHANGED
02-09 18:35:06.786 D/PhoneApp(  346): - state: DISCONNECTED
02-09 18:35:06.786 D/PhoneApp(  346): - reason: radioTechnologyChanged
02-09 18:35:06.786 I/DATA    (  346): [DCT(0) ] onUpdateDataConnections: reason=radioTechnologyChanged
02-09 18:35:06.786 I/DATA    (  346): [DCT(0) ] ---dc list---
02-09 18:35:06.786 I/DATA    (  346): [DCT(0) ] cid = -1, state = DcActivatingState, bearerType = null, ipaddress = null, gw=null, dns=[null, null]
02-09 18:35:06.786 I/DATA    (  346): [DCT(0) ] ---ds list---
02-09 18:35:06.786 I/DATA    (  346): [DCT(0) ] ds= SERVICE_TYPE_DEFAULT, enabled = true, active = v4:CONNECTING v6:IDLE
02-09 18:35:06.786 I/DATA    (  346): [DCT(0) ] ds= SERVICE_TYPE_MMS, enabled = false, active = v4:IDLE v6:IDLE
02-09 18:35:06.786 I/DATA    (  346): [DCT(0) ] ds= SERVICE_TYPE_SUPL, enabled = false, active = v4:IDLE v6:IDLE
02-09 18:35:06.786 I/DATA    (  346): [DCT(0) ] ds= SERVICE_TYPE_DUN, enabled = false, active = v4:IDLE v6:IDLE
02-09 18:35:06.796 I/DATA    (  346): [DCT(0) ] ds= SERVICE_TYPE_HIPRI, enabled = false, active = v4:IDLE v6:IDLE
02-09 18:35:06.796 I/DATA    (  346): [DCT(0) ] Ready for data : 
02-09 18:35:06.796 I/DATA    (  346): [DCT(0) ]    getDesiredPowerState() = true
02-09 18:35:06.796 I/DATA    (  346): [DCT(0) ]    mCm.getRadioState() = RADIO_ON
02-09 18:35:06.796 I/DATA    (  346): [DCT(0) ]    [DataRadioTech = RADIO_TECH_EVDO_A, data network state = 0, mMasterDataEnabled = true, is Roaming = false, dataOnRoamingEnable = false, isPsRestricted = false, desiredPowerState  = true, mSIMRecords = , cdmaSubSource = 1/310120, mRuimRecords = , checks = true/true]
02-09 18:35:06.796 I/DATA    (  346): [DCT(0) ] Data Call setup pending. Not trying to bring up any new data connections.
02-09 18:35:06.796 D/MobileDataStateTracker(  230): [default]  apnTypeList = mms
02-09 18:35:06.796 D/MobileDataStateTracker(  230): [default]  unavailable = false
02-09 18:35:06.796 D/MobileDataStateTracker(  230): [default] not what we are looking for.
02-09 18:35:06.796 D/MobileDataStateTracker(  230): [hipri]  MobileDataStateReceiver onReceive(): Entry.
02-09 18:35:06.796 D/MobileDataStateTracker(  230): [hipri]  intent.getAction()= android.intent.action.ANY_DATA_STATE
02-09 18:35:06.796 D/MobileDataStateTracker(  230): [hipri]  mEnabled = false
02-09 18:35:06.796 D/MobileDataStateTracker(  230): [hipri]  apnTypeList = supl
02-09 18:35:06.796 D/MobileDataStateTracker(  230): [hipri]  unavailable = false
02-09 18:35:06.796 D/MobileDataStateTracker(  230): [hipri] Do not process intents if disabled.
02-09 18:35:06.796 D/MobileDataStateTracker(  230): [dun]  MobileDataStateReceiver onReceive(): Entry.
02-09 18:35:06.796 D/MobileDataStateTracker(  230): [dun]  intent.getAction()= android.intent.action.ANY_DATA_STATE
02-09 18:35:06.796 D/MobileDataStateTracker(  230): [dun]  mEnabled = false
02-09 18:35:06.796 D/MobileDataStateTracker(  230): [dun]  apnTypeList = supl
02-09 18:35:06.796 D/MobileDataStateTracker(  230): [dun]  unavailable = false
02-09 18:35:06.796 D/MobileDataStateTracker(  230): [dun] Do not process intents if disabled.
02-09 18:35:06.796 D/MobileDataStateTracker(  230): [supl]  MobileDataStateReceiver onReceive(): Entry.
02-09 18:35:06.796 D/MobileDataStateTracker(  230): [supl]  intent.getAction()= android.intent.action.ANY_DATA_STATE
02-09 18:35:06.796 D/MobileDataStateTracker(  230): [supl]  mEnabled = false
02-09 18:35:06.796 D/MobileDataStateTracker(  230): [supl]  apnTypeList = supl
02-09 18:35:06.796 D/MobileDataStateTracker(  230): [supl]  unavailable = false
02-09 18:35:06.796 D/MobileDataStateTracker(  230): [supl] Do not process intents if disabled.
02-09 18:35:06.796 D/MobileDataStateTracker(  230): [mms]  MobileDataStateReceiver onReceive(): Entry.
02-09 18:35:06.796 D/MobileDataStateTracker(  230): [mms]  intent.getAction()= android.intent.action.ANY_DATA_STATE
02-09 18:35:06.806 D/AlarmManager(  230): +++Alarm set:type=2 com.google.android.location  Trigger after:86395160ms
02-09 18:35:06.806 D/PhoneApp(  346): old phone type:2, New Phone type:2
02-09 18:35:06.806 D/NotificationMgr(  346): hideDataDisconnectedRoaming()...
02-09 18:35:06.806 D/PhoneApp(  346): old phone type:2, New Phone type:2
02-09 18:35:06.806 D/NotificationMgr(  346): hideDataDisconnectedRoaming()...
02-09 18:35:06.806 D/PhoneApp(  346): old phone type:2, New Phone type:2
02-09 18:35:06.806 D/NotificationMgr(  346): hideDataDisconnectedRoaming()...
02-09 18:35:06.806 D/PhoneApp(  346): old phone type:2, New Phone type:2
02-09 18:35:06.806 D/NotificationMgr(  346): hideDataDisconnectedRoaming()...
02-09 18:35:06.806 D/PhoneApp(  346): old phone type:2, New Phone type:2
02-09 18:35:06.806 D/NotificationMgr(  346): hideDataDisconnectedRoaming()...
02-09 18:35:06.806 D/PhoneApp(  346): old phone type:2, New Phone type:2
02-09 18:35:06.806 D/NotificationMgr(  346): hideDataDisconnectedRoaming()...
02-09 18:35:06.806 D/PhoneApp(  346): mReceiver: ACTION_ANY_DATA_CONNECTION_STATE_CHANGED
02-09 18:35:06.806 D/PhoneApp(  346): - state: DISCONNECTED
02-09 18:35:06.806 D/PhoneApp(  346): - reason: radioTechnologyChanged
02-09 18:35:06.806 D/PhoneApp(  346): mReceiver: ACTION_ANY_DATA_CONNECTION_STATE_CHANGED
02-09 18:35:06.806 D/PhoneApp(  346): - state: DISCONNECTED
02-09 18:35:06.806 D/PhoneApp(  346): - reason: radioTechnologyChanged
02-09 18:35:06.806 D/PhoneApp(  346): mReceiver: ACTION_ANY_DATA_CONNECTION_STATE_CHANGED
02-09 18:35:06.806 D/PhoneApp(  346): - state: DISCONNECTED
02-09 18:35:06.806 D/PhoneApp(  346): - reason: radioTechnologyChanged
02-09 18:35:06.806 D/PhoneApp(  346): old phone type:2, New Phone type:2
02-09 18:35:06.806 D/NotificationMgr(  346): hideDataDisconnectedRoaming()...
02-09 18:35:06.806 D/MobileDataStateTracker(  230): [mms]  mEnabled = false
02-09 18:35:06.816 D/MobileDataStateTracker(  230): [mms]  apnTypeList = supl
02-09 18:35:06.816 D/MobileDataStateTracker(  230): [mms]  unavailable = false
02-09 18:35:06.816 D/MobileDataStateTracker(  230): [mms] Do not process intents if disabled.
02-09 18:35:06.816 D/MobileDataStateTracker(  230): [default]  MobileDataStateReceiver onReceive(): Entry.
02-09 18:35:06.816 D/MobileDataStateTracker(  230): [default]  intent.getAction()= android.intent.action.ANY_DATA_STATE
02-09 18:35:06.816 D/MobileDataStateTracker(  230): [default]  mEnabled = true
02-09 18:35:06.816 D/MobileDataStateTracker(  230): [default]  apnTypeList = supl
02-09 18:35:06.816 D/MobileDataStateTracker(  230): [default]  unavailable = false
02-09 18:35:06.816 D/MobileDataStateTracker(  230): [default] not what we are looking for.
02-09 18:35:06.816 D/MobileDataStateTracker(  230): [hipri]  MobileDataStateReceiver onReceive(): Entry.
02-09 18:35:06.816 D/MobileDataStateTracker(  230): [hipri]  intent.getAction()= android.intent.action.ANY_DATA_STATE
02-09 18:35:06.816 D/MobileDataStateTracker(  230): [hipri]  mEnabled = false
02-09 18:35:06.816 D/MobileDataStateTracker(  230): [hipri]  apnTypeList = supl
02-09 18:35:06.816 D/MobileDataStateTracker(  230): [hipri]  unavailable = false
02-09 18:35:06.816 D/MobileDataStateTracker(  230): [hipri] Do not process intents if disabled.
02-09 18:35:06.816 D/MobileDataStateTracker(  230): [dun]  MobileDataStateReceiver onReceive(): Entry.
02-09 18:35:06.816 D/MobileDataStateTracker(  230): [dun]  intent.getAction()= android.intent.action.ANY_DATA_STATE
02-09 18:35:06.816 D/MobileDataStateTracker(  230): [dun]  mEnabled = false
02-09 18:35:06.826 D/MobileDataStateTracker(  230): [dun]  apnTypeList = supl
02-09 18:35:06.826 D/MobileDataStateTracker(  230): [dun]  unavailable = false
02-09 18:35:06.826 D/MobileDataStateTracker(  230): [dun] Do not process intents if disabled.
02-09 18:35:06.826 D/MobileDataStateTracker(  230): [supl]  MobileDataStateReceiver onReceive(): Entry.
02-09 18:35:06.826 D/MobileDataStateTracker(  230): [supl]  intent.getAction()= android.intent.action.ANY_DATA_STATE
02-09 18:35:06.826 D/MobileDataStateTracker(  230): [supl]  mEnabled = false
02-09 18:35:06.826 D/MobileDataStateTracker(  230): [supl]  apnTypeList = supl
02-09 18:35:06.826 D/MobileDataStateTracker(  230): [supl]  unavailable = false
02-09 18:35:06.826 D/MobileDataStateTracker(  230): [supl] Do not process intents if disabled.
02-09 18:35:06.826 D/MobileDataStateTracker(  230): [mms]  MobileDataStateReceiver onReceive(): Entry.
02-09 18:35:06.826 D/MobileDataStateTracker(  230): [mms]  intent.getAction()= android.intent.action.ANY_DATA_STATE
02-09 18:35:06.826 D/MobileDataStateTracker(  230): [mms]  mEnabled = false
02-09 18:35:06.826 D/PhoneApp(  346): old phone type:2, New Phone type:2
02-09 18:35:06.826 D/NotificationMgr(  346): hideDataDisconnectedRoaming()...
02-09 18:35:06.826 D/PhoneApp(  346): old phone type:2, New Phone type:2
