02-09 18:34:56.655 D/KeyguardUpdateMonitor(  230): handleBatteryUpdate
02-09 18:34:56.675 D/LockScreen(  230): onRefreshBatteryInfo(false, false)
02-09 18:34:56.695 D/KeyguardUpdateMonitor(  230): handleRingerModeChange(1)
02-09 18:34:56.695 D/KeyguardViewMediator(  230): handleNotifyScreenOn
02-09 18:34:56.695 I/LockPatternKeyguardView(  230): updateLockscreenBackground
02-09 18:34:56.695 I/LockPatternKeyguardView(  230): setBackgroundDrawable
02-09 18:34:56.695 I/LockPatternKeyguardView(  230): file not found: etc/customize/default_lockscreen
02-09 18:34:56.695 D/LockScreen(  230): updateLayout: status=SimMissingsubscription=0
02-09 18:34:56.745 D/LockScreen(  230): Updating Lock Screen text to Ruim
02-09 18:34:56.926 D/KeyguardViewMediator(  230): setHidden false
02-09 18:34:56.926 D/KeyguardViewMediator(  230): setHidden false
02-09 18:34:56.936 D/CAT     (  346): CatService: CatService on 0Is running
02-09 18:34:56.936 E/DST     (  346): Error parsing service priority string, ignoring 
02-09 18:34:56.936 E/DST     (  346): Error parsing service priority string, ignoring 
02-09 18:34:56.936 E/DST     (  346): Error parsing service priority string, ignoring 
02-09 18:34:56.946 D/KeyguardViewMediator(  230): setHidden false
02-09 18:34:56.946 D/Warhol  (  353): Adding *PHONE* hotseat ...
02-09 18:34:56.956 E/DST     (  346): Error parsing service priority string, ignoring 
02-09 18:34:56.956 E/DST     (  346): Error parsing service priority string, ignoring 
02-09 18:34:56.966 W/dalvikvm(  393): Refusing to reopen boot DEX '/system/framework/qcnvitems.jar'
02-09 18:34:56.966 D/KeyguardViewMediator(  230): setHidden false
02-09 18:34:56.976 D/KeyguardViewMediator(  230): setHidden false
02-09 18:34:56.986 I/dun_service(  124): process rmnet event
02-09 18:34:56.986 I/dun_service(  124): Post event 3
02-09 18:34:56.986 I/dun_service(  124): received event: DUN_EVENT_RMNET_DOWN 
02-09 18:34:56.986 I/dun_service(  124): received event(DUN_EVENT_RMNET_DOWN) in state(DUN_STATE_USB_UNPLUG)
02-09 18:34:56.986 I/dun_service(  124): Ignoring the event DUN_EVENT_RMNET_DOWN in USB_UNPLUG_STATE
02-09 18:34:56.986 I/dun_service(  124): Moved to state(DUN_STATE_USB_UNPLUG)
02-09 18:34:56.986 D/KeyguardViewMediator(  230): setHidden false
02-09 18:34:57.006 D/KeyguardViewMediator(  230): setHidden false
02-09 18:34:57.026 W/dalvikvm(  393): Refusing to reopen boot DEX '/system/framework/qcrilhook.jar'
02-09 18:34:57.036 D/Launcher(  353): loadHotseats: hotseat 0 final intent=[intent:#Intent;action=android.intent.action.MAIN;component=com.android.contacts/.DialtactsActivity;end] label=[Dialer]
02-09 18:34:57.036 D/Warhol  (  353): Adding *WARHOL* hotseat...
02-09 18:34:57.036 D/Warhol  (  353): Warhol uri = intent:#Intent;action=android.intent.action.MAIN;launchFlags=0x10200000;component=com.sprint.w.installer/.ServicePackSwitcher;end
02-09 18:34:57.036 I/ActivityThread(  394): Pub num_location: com.android.providers.contacts.NumberLocatorContentProvider
02-09 18:34:57.046 D/Launcher(  353): loadHotseats: hotseat 1 final intent=[intent:#Intent;action=android.intent.action.MAIN;component=com.sprint.w.installer/.ServicePackSwitcher;end] label=[Pick your ID]
02-09 18:34:57.056 D/KeyguardViewMediator(  230): setHidden false
02-09 18:34:57.056 I/dun_service(  124): process rmnet event
02-09 18:34:57.056 I/dun_service(  124): Post event 3
02-09 18:34:57.056 I/dun_service(  124): received event: DUN_EVENT_RMNET_DOWN 
02-09 18:34:57.056 I/dun_service(  124): received event(DUN_EVENT_RMNET_DOWN) in state(DUN_STATE_USB_UNPLUG)
02-09 18:34:57.056 I/dun_service(  124): Ignoring the event DUN_EVENT_RMNET_DOWN in USB_UNPLUG_STATE
02-09 18:34:57.056 I/dun_service(  124): Moved to state(DUN_STATE_USB_UNPLUG)
02-09 18:34:57.066 D/KeyguardViewMediator(  230): setHidden false
02-09 18:34:57.086 D/KeyguardViewMediator(  230): setHidden false
02-09 18:34:57.096 D/KeyguardViewMediator(  230): setHidden false
02-09 18:34:57.116 D/KeyguardViewMediator(  230): setHidden false
02-09 18:34:57.136 D/KeyguardViewMediator(  230): setHidden false
02-09 18:34:57.136 I/DATA    (  346): [SERVICE_TYPE_DEFAULT] set enabled = true
02-09 18:34:57.146 D/KeyguardViewMediator(  230): setHidden false
02-09 18:34:57.156 D/KeyguardViewMediator(  230): setHidden false
02-09 18:34:57.156 I/ActivityThread(  397): Pub com.google.settings: com.google.android.gsf.settings.GoogleSettingsProvider
02-09 18:34:57.176 D/KeyguardViewMediator(  230): setHidden false
02-09 18:34:57.186 D/KeyguardViewMediator(  230): setHidden false
02-09 18:34:57.206 D/KeyguardViewMediator(  230): setHidden false
02-09 18:34:57.236 D/KeyguardViewMediator(  230): setHidden false
02-09 18:34:57.246 I/ActivityThread(  397): Pub subscribedfeeds: com.google.android.gsf.subscribedfeeds.SubscribedFeedsProvider
02-09 18:34:57.266 D/KeyguardViewMediator(  230): setHidden false
02-09 18:34:57.276 I/wpa_supplicant(  389): State: DISCONNECTED -> SCANNING
02-09 18:34:57.276 I/DATA    (  346): [DCT ] SUPPORT_IPV4 = true
02-09 18:34:57.276 I/DATA    (  346): [DCT ] SUPPORT_IPV6 = false
02-09 18:34:57.276 I/DATA    (  346): [DCT ] SUPPORT_MPDN = false
02-09 18:34:57.286 I/DATA    (  346): [DCT ] SUPPORT_MPDN_SERVICE_ARBITRATION = false
02-09 18:34:57.286 I/DATA    (  346): [DCT ] SUPPORT_OMH = false
02-09 18:34:57.286 I/DATA    (  346): [DCT ] PROPERTY_SUPPORT_EHRPD = false
02-09 18:34:57.286 I/DATA    (  346): [DCT ] PROPERTY_SUPPORT_SVLTE1X = false
02-09 18:34:57.286 I/DATA    (  346): [DCT ] SUPPORT_OOS_IS_DISCONNECT = true
02-09 18:34:57.306 D/KeyguardViewMediator(  230): setHidden false
02-09 18:34:57.306 I/wpa_supplicant(  389): CTRL-EVENT-STATE-CHANGE id=-1 state=2 BSSID=00:00:00:00:00:00
02-09 18:34:57.306 I/wpa_supplicant(  389): Selecting BSS from priority group 4
02-09 18:34:57.306 I/wpa_supplicant(  389): Try to find WPA-enabled AP
02-09 18:34:57.306 I/wpa_supplicant(  389): Selecting BSS from priority group 3
02-09 18:34:57.306 I/wpa_supplicant(  389): Try to find WPA-enabled AP
02-09 18:34:57.306 I/wpa_supplicant(  389): Selecting BSS from priority group 2
02-09 18:34:57.306 I/wpa_supplicant(  389): Try to find WPA-enabled AP
02-09 18:34:57.306 I/wpa_supplicant(  389): Selecting BSS from priority group 1
02-09 18:34:57.306 I/wpa_supplicant(  389): Try to find WPA-enabled AP
02-09 18:34:57.316 D/KeyguardViewMediator(  230): setHidden false
02-09 18:34:57.336 D/KeyguardViewMediator(  230): setHidden false
02-09 18:34:57.346 D/KeyguardViewMediator(  230): setHidden false
02-09 18:34:57.366 D/KeyguardViewMediator(  230): setHidden false
02-09 18:34:57.386 D/KeyguardViewMediator(  230): setHidden false
02-09 18:34:57.396 D/KeyguardViewMediator(  230): setHidden false
02-09 18:34:57.406 I/ActivityThread(  397): Pub com.google.android.gsf.gservices: com.google.android.gsf.gservices.GservicesProvider
02-09 18:34:57.416 D/KeyguardViewMediator(  230): setHidden false
02-09 18:34:57.426 E/NumberLocatorContentProvider(  394): db.query ex:no such table: location: , while compiling: SELECT location.uuid as phonenum, city_zone.city as cityname, card.card as cardtype, city_zone.zone as areacode FROM location,city_zone,card WHERE location.uuid='1300000' and location.city=city_zone.uuid and location.card = card.uuid
02-09 18:34:57.426 D/MccTable(  346): updateMccMncConfiguration: mcc=310, mnc=120
02-09 18:34:57.426 D/MccTable(  346): locale set to en_us
02-09 18:34:57.426 D/MccTable(  346): WIFI_NUM_ALLOWED_CHANNELS set to 11
02-09 18:34:57.436 D/KeyguardViewMediator(  230): setHidden false
02-09 18:34:57.446 W/System.err(  394): java.io.FileNotFoundException: /system/etc/customize/location.db (No such file or directory)
02-09 18:34:57.446 W/System.err(  394): 	at org.apache.harmony.luni.platform.OSFileSystem.open(Native Method)
02-09 18:34:57.446 D/KeyguardViewMediator(  230): setHidden false
02-09 18:34:57.466 D/KeyguardViewMediator(  230): setHidden false
02-09 18:34:57.476 W/System.err(  394): 	at dalvik.system.BlockGuard$WrappedFileSystem.open(BlockGuard.java:232)
02-09 18:34:57.476 W/System.err(  394): 	at java.io.FileInputStream.<init>(FileInputStream.java:80)
02-09 18:34:57.476 W/System.err(  394): 	at com.android.providers.contacts.NumberLocatorContentProvider.copyDatabaseToDataPath(NumberLocatorContentProvider.java:115)
02-09 18:34:57.476 W/System.err(  394): 	at com.android.providers.contacts.NumberLocatorContentProvider.onCreate(NumberLocatorContentProvider.java:160)
02-09 18:34:57.476 W/System.err(  394): 	at android.content.ContentProvider.attachInfo(ContentProvider.java:829)
02-09 18:34:57.476 W/System.err(  394): 	at android.app.ActivityThread.installProvider(ActivityThread.java:3575)
02-09 18:34:57.476 W/System.err(  394): 	at android.app.ActivityThread.installContentProviders(ActivityThread.java:3330)
02-09 18:34:57.476 W/System.err(  394): 	at android.app.ActivityThread.handleBindApplication(ActivityThread.java:3286)
02-09 18:34:57.476 W/System.err(  394): 	at android.app.ActivityThread.access$2200(ActivityThread.java:123)
02-09 18:34:57.476 W/System.err(  394): 	at android.app.ActivityThread$H.handleMessage(ActivityThread.java:986)
02-09 18:34:57.476 W/System.err(  394): 	at android.os.Handler.dispatchMessage(Handler.java:99)
02-09 18:34:57.476 W/System.err(  394): 	at android.os.Looper.loop(Looper.java:130)
02-09 18:34:57.476 W/System.err(  394): 	at android.app.ActivityThread.main(ActivityThread.java:3704)
02-09 18:34:57.476 W/System.err(  394): 	at java.lang.reflect.Method.invokeNative(Native Method)
02-09 18:34:57.476 W/System.err(  394): 	at java.lang.reflect.Method.invoke(Method.java:507)
02-09 18:34:57.476 W/System.err(  394): 	at com.android.internal.os.ZygoteInit$MethodAndArgsCaller.run(ZygoteInit.java:875)
02-09 18:34:57.476 W/System.err(  394): 	at com.android.internal.os.ZygoteInit.main(ZygoteInit.java:633)
02-09 18:34:57.476 W/System.err(  394): 	at dalvik.system.NativeStart.main(Native Method)
02-09 18:34:57.476 D/KeyguardViewMediator(  230): setHidden false
02-09 18:34:57.486 I/GservicesProvider(  397): Gservices pushing to system: true; secure: true
02-09 18:34:57.486 I/ActivityThread(  397): Pub com.google.android.providers.talk: com.google.android.gsf.talk.TalkProvider
02-09 18:34:57.506 E/NumberLocatorContentProvider(  394): copyDatabaseToDataPath ex:/system/etc/customize/location.db (No such file or directory)
02-09 18:34:57.516 I/ActivityThread(  394): Pub user_dictionary: com.android.providers.userdictionary.UserDictionaryProvider
02-09 18:34:57.536 I/ActivityThread(  394): Pub com.android.social: com.android.providers.contacts.SocialProvider
02-09 18:34:57.546 I/ActivityThread(  394): Pub applications: com.android.providers.applications.ApplicationsProvider
02-09 18:34:57.576 D/PROXY   (  346): In ProxyManager getInstance
02-09 18:34:57.576 D/PROXY   (  346): Creating ProxyManager
02-09 18:34:57.866 D/KeyguardViewMediator(  230): setHidden false
02-09 18:34:57.886 D/Warhol  (  353): A pack appears to be installed -- skipping Installer
02-09 18:34:57.896 D/OtaUtils(  346): CdmaOtaConfigData constructor!
02-09 18:34:57.916 D/OtaUtils(  346): CdmaOtaInCallScreenState: constructor init to UNDEFINED
02-09 18:34:57.957 D/Launcher.Model(  353): going to save icon bitmap for info=ShortcutInfo(title=Contacts)
02-09 18:34:57.997 D/Launcher(  353): onSaveInstanceState
02-09 18:34:58.007 D/Launcher(  353): Dissmis Preview for view :null ID:2131230735
02-09 18:34:58.007 D/Launcher(  353): Dissmis Preview for view :null ID:2131230736
02-09 18:34:58.007 D/Launcher(  353): Dissmis Preview for view :null ID:2131230739
02-09 18:34:58.007 D/Launcher(  353): Dissmis Preview for view :null ID:2131230741
02-09 18:34:58.007 D/Launcher(  353): onRetainNonConfigurationInstance
02-09 18:34:58.007 D/Launcher(  353): onDestroy ()
02-09 18:34:58.007 D/Launcher(  353): Dissmis Preview for view :null ID:2131230735
02-09 18:34:58.007 D/Launcher(  353): Dissmis Preview for view :null ID:2131230736
02-09 18:34:58.007 D/Launcher(  353): Dissmis Preview for view :null ID:2131230739
02-09 18:34:58.007 D/Launcher(  353): Dissmis Preview for view :null ID:2131230741
02-09 18:34:58.007 I/ActivityThread(  394): Pub contacts;com.android.contacts: com.android.providers.contacts.ContactsProvider2
02-09 18:34:58.027 D/CallManager(  346): registerPhone(CDMA Handler{405348f0})
02-09 18:34:58.037 D/KeyguardViewMediator(  230): setHidden false
02-09 18:34:58.047 D/KeyguardViewMediator(  230): setHidden false
02-09 18:34:58.067 D/NotificationMgr(  346): updateNotificationsAtStartup()...
02-09 18:34:58.067 D/KeyguardViewMediator(  230): setHidden false
02-09 18:34:58.107 D/NotificationMgr(  346): - start call log query...
02-09 18:34:58.107 D/NotificationMgr(  346): - updating in-call notification at startup...
02-09 18:34:58.107 D/NotificationMgr(  346): updateInCallNotification()...
02-09 18:34:58.107 D/NotificationMgr(  346): cancelInCall()...
02-09 18:34:58.117 D/PhoneInterfaceManager(  346):  Registering for UNSOL OEM HOOK Responses to deliver external apps
02-09 18:34:58.127 D/Warhol  (  353): Adding *PHONE* hotseat ...
02-09 18:34:58.137 E/AudioFlinger(  116): processConfigEvents() remaining events 1
02-09 18:34:58.137 D/AudioTrack(  346): Request AudioFlinger to create track
02-09 18:34:58.137 D/AudioFlinger(  116): createTrack() lSessionId: 3
02-09 18:34:58.137 D/AudioFlinger(  116): Track constructor name 4096, calling thread 346
02-09 18:34:58.237 D/Bitmap  (  230): Detect unrecycled bitmap.
02-09 18:34:58.237 E/BT HS/HF(  346): updateServiceState called, sendUpdate:false  ServiceState:1 home null null null  Unknown CSS not supported 0 0RoamInd: 0RoamStatus(sprint): 0DefRoamInd: 0EmergOnly: false
02-09 18:34:58.237 D/Launcher(  353): loadHotseats: hotseat 0 final intent=[intent:#Intent;action=android.intent.action.MAIN;component=com.android.contacts/.DialtactsActivity;end] label=[Dialer]
02-09 18:34:58.237 D/Warhol  (  353): Adding *WARHOL* hotseat...
02-09 18:34:58.247 D/Warhol  (  353): Warhol uri = intent:#Intent;action=android.intent.action.MAIN;launchFlags=0x10200000;component=com.sprint.w.installer/.ServicePackSwitcher;end
02-09 18:34:58.247 D/Launcher(  353): loadHotseats: hotseat 1 final intent=[intent:#Intent;action=android.intent.action.MAIN;component=com.sprint.w.installer/.ServicePackSwitcher;end] label=[Pick your ID]
02-09 18:34:58.247 D/Bitmap  (  230):       Size: 39744 Bytes, Width: 108 , Height: 92 , Hash code: 1081125032
02-09 18:34:58.247 D/Bitmap  (  230):  This bimap was created in:
02-09 18:34:58.247 D/Bitmap  (  230):       android.graphics.Bitmap.<init>(Bitmap.java:136)
02-09 18:34:58.247 D/Bitmap  (  230):       android.graphics.BitmapFactory.nativeDecodeAsset(Native Method)
02-09 18:34:58.247 D/Bitmap  (  230):       android.graphics.BitmapFactory.decodeStream(BitmapFactory.java:460)
02-09 18:34:58.247 D/Bitmap  (  230):       android.graphics.BitmapFactory.decodeResourceStream(BitmapFactory.java:336)
02-09 18:34:58.247 D/Bitmap  (  230):       android.graphics.drawable.Drawable.createFromResourceStream(Drawable.java:697)
02-09 18:34:58.247 D/Bitmap  (  230):       android.content.res.Resources.loadDrawable(Resources.java:1709)
02-09 18:34:58.247 D/Bitmap  (  230):       android.content.res.Resources.getDrawable(Resources.java:581)
02-09 18:34:58.247 D/Bitmap  (  230):       android.graphics.drawable.StateListDrawable.inflate(StateListDrawable.java:162)
02-09 18:34:58.247 D/Bitmap  (  230):       android.graphics.drawable.Drawable.createFromXmlInner(Drawable.java:787)
02-09 18:34:58.247 D/Bitmap  (  230):       android.graphics.drawable.Drawable.createFromXml(Drawable.java:728)
02-09 18:34:58.247 D/Bitmap  (  230):       android.content.res.Resources.loadDrawable(Resources.java:1694)
02-09 18:34:58.247 D/Bitmap  (  230):       android.content.res.Resources.getDrawable(Resources.java:581)
02-09 18:34:58.247 D/Bitmap  (  230):       android.view.View.setBackgroundResource(View.java:7533)
02-09 18:34:58.247 D/Bitmap  (  230):       com.android.internal.widget.SlidingTab$Slider.<init>(SlidingTab.java:192)
02-09 18:34:58.247 D/Bitmap  (  230):       com.android.internal.widget.SlidingTab.<init>(SlidingTab.java:462)
02-09 18:34:58.247 D/Bitmap  (  230):       java.lang.reflect.Constructor.constructNative(Native Method)
02-09 18:34:58.247 D/Bitmap  (  230):       java.lang.reflect.Constructor.newInstance(Constructor.java:415)
02-09 18:34:58.247 D/Bitmap  (  230):       android.view.LayoutInflater.createView(LayoutInflater.java:505)
02-09 18:34:58.247 D/Bitmap  (  230):       android.view.LayoutInflater.createViewFromTag(LayoutInflater.java:570)
02-09 18:34:58.247 D/Bitmap  (  230):       android.view.LayoutInflater.rInflate(LayoutInflater.java:623)
02-09 18:34:58.247 D/Bitmap  (  230):       android.view.LayoutInflater.inflate(LayoutInflater.java:408)
02-09 18:34:58.247 D/Bitmap  (  230):       android.view.LayoutInflater.inflate(LayoutInflater.java:320)
02-09 18:34:58.247 D/Bitmap  (  230):       com.android.internal.policy.impl.LockScreen.<init>(LockScreen.java:328)
02-09 18:34:58.247 D/Bitmap  (  230):       com.android.internal.policy.impl.LockPatternKeyguardView.createLockScreen(LockPatternKeyguardView.java:821)
02-09 18:34:58.247 D/Bitmap  (  230):       com.android.internal.policy.impl.LockPatternKeyguardView.<init>(LockPatternKeyguardView.java:429)
02-09 18:34:58.247 D/Bitmap  (  230):       com.android.internal.policy.impl.LockPatternKeyguardViewProperties.createKeyguardView(LockPatternKeyguardViewProperties.java:49)
02-09 18:34:58.247 D/Bitmap  (  230):       com.android.internal.policy.impl.KeyguardViewManager.show(KeyguardViewManager.java:125)
02-09 18:34:58.247 D/Bitmap  (  230):       com.android.internal.policy.impl.KeyguardViewMediator.handleShow(KeyguardViewMediator.java:1064)
02-09 18:34:58.247 D/Bitmap  (  230):       com.android.internal.policy.impl.KeyguardViewMediator.access$700(KeyguardViewMediator.java:103)
02-09 18:34:58.247 D/Bitmap  (  230):       com.android.internal.policy.impl.KeyguardViewMediator$2.handleMessage(KeyguardViewMediator.java:931)
02-09 18:34:58.247 D/Bitmap  (  230):       android.os.Handler.dispatchMessage(Handler.java:99)
02-09 18:34:58.247 D/Bitmap  (  230):       android.os.Looper.loop(Looper.java:130)
02-09 18:34:58.247 D/Bitmap  (  230):       com.android.server.WindowManagerService$PolicyThread.run(WindowManagerService.java:613)
02-09 18:34:58.247 D/Bitmap  (  230): _
02-09 18:34:58.257 D/Bitmap  (  230): Detect unrecycled bitmap.
02-09 18:34:58.257 D/Bitmap  (  230):       Size: 39744 Bytes, Width: 108 , Height: 92 , Hash code: 1081567776
02-09 18:34:58.257 D/Bitmap  (  230):  This bimap was created in:
02-09 18:34:58.257 D/Bitmap  (  230):       android.graphics.Bitmap.<init>(Bitmap.java:136)
02-09 18:34:58.257 D/Bitmap  (  230):       android.graphics.BitmapFactory.nativeDecodeAsset(Native Method)
02-09 18:34:58.257 D/Bitmap  (  230):       android.graphics.BitmapFactory.decodeStream(BitmapFactory.java:460)
02-09 18:34:58.257 D/Bitmap  (  230):       android.graphics.BitmapFactory.decodeResourceStream(BitmapFactory.java:336)
02-09 18:34:58.257 D/Bitmap  (  230):       android.graphics.drawable.Drawable.createFromResourceStream(Drawable.java:697)
02-09 18:34:58.257 D/Bitmap  (  230):       android.content.res.Resources.loadDrawable(Resources.java:1709)
02-09 18:34:58.257 D/Bitmap  (  230):       android.content.res.Resources.getDrawable(Resources.java:581)
02-09 18:34:58.257 D/Bitmap  (  230):       android.graphics.drawable.StateListDrawable.inflate(StateListDrawable.java:162)
02-09 18:34:58.257 E/BT HS/HF(  346): service:0 mService:0
02-09 18:34:58.257 D/BT HS/HF(  346): updatePhoneState()
02-09 18:34:58.257 D/BT HS/HF(  346): Foreground call state : IDLE
02-09 18:34:58.257 D/BT HS/HF(  346): Ringing call state : IDLE
02-09 18:34:58.257 D/BT HS/HF(  346): Background call state : IDLE
02-09 18:34:58.257 E/BT HS/HF(  346): prev mIsCdmaFirstConnectionHeld  is false
02-09 18:34:58.257 E/BT HS/HF(  346): current mIsCdmaFirstConnectionHeld is false
02-09 18:34:58.257 D/BT HS/HF(  346): CallSetup: 0
02-09 18:34:58.257 D/BT HS/HF(  346): Call: 0
02-09 18:34:58.257 D/BT HS/HF(  346): CallHeld: 0
02-09 18:34:58.257 D/Bitmap  (  230):       android.graphics.drawable.Drawable.createFromXmlInner(Drawable.java:787)
02-09 18:34:58.257 D/Bitmap  (  230):       android.graphics.drawable.Drawable.createFromXml(Drawable.java:728)
02-09 18:34:58.257 D/Bitmap  (  230):       android.content.res.Resources.loadDrawable(Resources.java:1694)
02-09 18:34:58.257 D/Bitmap  (  230):       android.content.res.Resources.getDrawable(Resources.java:581)
02-09 18:34:58.257 D/Bitmap  (  230):       android.view.View.setBackgroundResource(View.java:7533)
02-09 18:34:58.257 D/Bitmap  (  230):       com.android.internal.widget.SlidingTab$Slider.<init>(SlidingTab.java:192)
02-09 18:34:58.257 D/Bitmap  (  230):       com.android.internal.widget.SlidingTab.<init>(SlidingTab.java:458)
02-09 18:34:58.257 D/Bitmap  (  230):       java.lang.reflect.Constructor.constructNative(Native Method)
02-09 18:34:58.257 D/Bitmap  (  230):       java.lang.reflect.Constructor.newInstance(Constructor.java:415)
02-09 18:34:58.257 D/Bitmap  (  230):       android.view.LayoutInflater.createView(LayoutInflater.java:505)
02-09 18:34:58.257 D/Bitmap  (  230):       android.view.LayoutInflater.createViewFromTag(LayoutInflater.java:570)
02-09 18:34:58.277 D/Bitmap  (  230):       android.view.LayoutInflater.rInflate(LayoutInflater.java:623)
02-09 18:34:58.277 D/Bitmap  (  230):       android.view.LayoutInflater.inflate(LayoutInflater.java:408)
02-09 18:34:58.277 D/Bitmap  (  230):       android.view.LayoutInflater.inflate(LayoutInflater.java:320)
02-09 18:34:58.277 D/Bitmap  (  230):       com.android.internal.policy.impl.LockScreen.<init>(LockScreen.java:328)
02-09 18:34:58.277 D/Bitmap  (  230):       com.android.internal.policy.impl.LockPatternKeyguardView.createLockScreen(LockPatternKeyguardView.java:821)
02-09 18:34:58.277 D/Bitmap  (  230):       com.android.internal.policy.impl.LockPatternKeyguardView.<init>(LockPatternKeyguardView.java:429)
02-09 18:34:58.277 D/Bitmap  (  230):       com.android.internal.policy.impl.LockPatternKeyguardViewProperties.createKeyguardView(LockPatternKeyguardViewProperties.java:49)
02-09 18:34:58.277 D/Bitmap  (  230):       com.android.internal.policy.impl.KeyguardViewManager.show(KeyguardViewManager.java:125)
02-09 18:34:58.277 D/Bitmap  (  230):       com.android.internal.policy.impl.KeyguardViewMediator.handleShow(KeyguardViewMediator.java:1064)
02-09 18:34:58.277 D/Bitmap  (  230):       com.android.internal.policy.impl.KeyguardViewMediator.access$700(KeyguardViewMediator.java:103)
02-09 18:34:58.277 D/Bitmap  (  230):       com.android.internal.policy.impl.KeyguardViewMediator$2.handleMessage(KeyguardViewMediator.java:931)
02-09 18:34:58.277 D/Bitmap  (  230):       android.os.Handler.dispatchMessage(Handler.java:99)
02-09 18:34:58.277 D/Bitmap  (  230):       android.os.Looper.loop(Looper.java:130)
02-09 18:34:58.277 D/Bitmap  (  230):       com.android.server.WindowManagerService$PolicyThread.run(WindowManagerService.java:613)
02-09 18:34:58.277 D/Bitmap  (  230): _
02-09 18:34:58.277 I/wpa_supplicant(  389): Selecting BSS from priority group 4
02-09 18:34:58.277 I/wpa_supplicant(  389): Try to find WPA-enabled AP
02-09 18:34:58.277 I/wpa_supplicant(  389): Selecting BSS from priority group 3
02-09 18:34:58.277 I/wpa_supplicant(  389): Try to find WPA-enabled AP
02-09 18:34:58.277 I/wpa_supplicant(  389): Selecting BSS from priority group 2
02-09 18:34:58.277 I/wpa_supplicant(  389): Try to find WPA-enabled AP
02-09 18:34:58.277 I/wpa_supplicant(  389): Selecting BSS from priority group 1
02-09 18:34:58.277 I/wpa_supplicant(  389): Try to find WPA-enabled AP
02-09 18:34:58.277 I/dun_service(  124): process rmnet event
02-09 18:34:58.277 I/dun_service(  124): Post event 3
02-09 18:34:58.277 I/dun_service(  124): received event: DUN_EVENT_RMNET_DOWN 
02-09 18:34:58.277 I/dun_service(  124): received event(DUN_EVENT_RMNET_DOWN) in state(DUN_STATE_USB_UNPLUG)
02-09 18:34:58.277 I/dun_service(  124): Ignoring the event DUN_EVENT_RMNET_DOWN in USB_UNPLUG_STATE
02-09 18:34:58.277 I/dun_service(  124): Moved to state(DUN_STATE_USB_UNPLUG)
02-09 18:34:58.297 D/BT HS/HF(  346): configureVirtualCallFromProperty: mVirtualCallEnabled:true
02-09 18:34:58.297 D/BT HS/HF(  346): cdmaSetSecondCallState: Setting mCdmaIsSecondCallActive to false
02-09 18:34:58.307 D/SyncManager(  230): setSyncAutomatically: , provider subscribedfeeds -> true
02-09 18:34:58.307 D/SyncManager(  230): setSyncAutomatically: already set to true, doing nothing
02-09 18:34:58.307 D/PhoneApp(  346): onCreate: mProximityWakeLock: WakeLock{405826d0 held=false, refCount=0}
02-09 18:34:58.457 D/AudioTrack(  346): Request AudioFlinger to create track
02-09 18:34:58.457 D/AudioFlinger(  116): createTrack() lSessionId: 4
02-09 18:34:58.457 D/AudioFlinger(  116): Track constructor name 4097, calling thread 346
02-09 18:34:58.457 D/CallNotifier(  346): getPhoneStateListener: SUBSCRIPTION == 0
02-09 18:34:58.507 D/PhoneUtils(  346): Extended NW bindService IExtendedNetworkService
02-09 18:34:58.577 D/PhoneUtils(  346): setAudioMode()...IDLE
02-09 18:34:58.597 D/PhoneUtils(  346): setAudioMode() no change: MODE_NORMAL
02-09 18:34:58.617 D/PhoneApp(  346): +++getFirstBoot
02-09 18:34:58.617 D/PhoneApp(  346): getFirstBoot :  false
02-09 18:34:58.617 D/DATA    (  346): [DPT(0)] DataProfileTracker,handleMessage:{ what=1 when=-1s603ms }
02-09 18:34:58.617 D/DATA    (  346): [DPT(0)] add tethered data profile 
02-09 18:34:58.667 D/DATA    (  346): [DSST] pollstate() : reason = radio state changed
02-09 18:34:58.677 D/DATA    (  346): [DSST] Poll ServiceState done: oldSS=[1 home null null null  Unknown CSS not supported 0 0RoamInd: 0RoamStatus(sprint): 0DefRoamInd: 0EmergOnly: false] newSS=[3 home null null null  Unknown CSS not supported -1 -1RoamInd: -1RoamStatus(sprint): -1DefRoamInd: -1EmergOnly: false]
02-09 18:34:58.677 D/DATA    (  346): [DSST]  mDataConnectionState = 1
02-09 18:34:58.677 D/DATA    (  346): [DSST] pollstate() : reason = icc status changed
02-09 18:34:58.677 D/DATA    (  346): [DSST] Poll ServiceState done: oldSS=[3 home null null null  Unknown CSS not supported -1 -1RoamInd: -1RoamStatus(sprint): -1DefRoamInd: -1EmergOnly: false] newSS=[3 home null null null  Unknown CSS not supported -1 -1RoamInd: -1RoamStatus(sprint): -1DefRoamInd: -1EmergOnly: false]
02-09 18:34:58.677 D/DATA    (  346): [DSST]  mDataConnectionState = 1
02-09 18:34:58.677 D/DATA    (  346): [DCT ] onRadioOn : register for roaming on/off
02-09 18:34:58.677 D/Phone   (  346): [PhoneNotifier] [DefaultPhoneNotifier] : default, INET, DISCONNECTED
02-09 18:34:58.677 I/TelephonyRegistry(  230): notifyDataConnection: state=0 isDataConnectivityPossible=false reason=dataNetworkDetached interfaceName=null networkType=0 apnType=default apn=null
02-09 18:34:58.677 I/TelephonyRegistry(  230): +++broadcastDataConnectionStateChanged
02-09 18:34:58.687 D/Launcher(  353): onRestoreInstanceState
02-09 18:34:58.687 D/Warhol  (  353): A pack appears to be installed -- skipping Installer
02-09 18:34:58.697 I/TelephonyRegistry(  230): +++sendStickyBroadcast
02-09 18:34:58.707 D/Phone   (  346): [PhoneNotifier] [DefaultPhoneNotifier] : default, INET6, DISCONNECTED
02-09 18:34:58.707 I/TelephonyRegistry(  230): notifyDataConnection: state=0 isDataConnectivityPossible=false reason=dataNetworkDetached interfaceName=null networkType=0 apnType=default apn=null
02-09 18:34:58.707 I/TelephonyRegistry(  230): +++broadcastDataConnectionStateChanged
02-09 18:34:58.717 I/TelephonyRegistry(  230): +++sendStickyBroadcast
02-09 18:34:58.717 D/Phone   (  346): [PhoneNotifier] [DefaultPhoneNotifier] : mms, INET, DISCONNECTED
02-09 18:34:58.717 I/TelephonyRegistry(  230): notifyDataConnection: state=0 isDataConnectivityPossible=false reason=dataNetworkDetached interfaceName=null networkType=0 apnType=mms apn=null
02-09 18:34:58.717 I/TelephonyRegistry(  230): +++broadcastDataConnectionStateChanged
02-09 18:34:58.727 I/TelephonyRegistry(  230): +++sendStickyBroadcast
02-09 18:34:58.727 I/ActivityThread(  394): Pub call_log: com.android.providers.contacts.CallLogProvider
02-09 18:34:58.757 D/Phone   (  346): [PhoneNotifier] [DefaultPhoneNotifier] : mms, INET6, DISCONNECTED
02-09 18:34:58.757 I/TelephonyRegistry(  230): notifyDataConnection: state=0 isDataConnectivityPossible=false reason=dataNetworkDetached interfaceName=null networkType=0 apnType=mms apn=null
02-09 18:34:58.757 I/TelephonyRegistry(  230): +++broadcastDataConnectionStateChanged
02-09 18:34:58.757 I/TelephonyRegistry(  230): +++sendStickyBroadcast
02-09 18:34:58.777 D/Launcher.Model(  353): going to save icon bitmap for info=ShortcutInfo(title=Contacts)
02-09 18:34:58.787 D/KeyguardViewMediator(  230): setHidden false
02-09 18:34:58.807 D/Launcher.Model(  353): going to save icon bitmap for info=ShortcutInfo(title=Messaging)
02-09 18:34:58.807 D/KeyguardViewMediator(  230): setHidden false
02-09 18:34:58.827 D/Launcher.Model(  353): going to save icon bitmap for info=ShortcutInfo(title=Market)
02-09 18:34:58.877 D/Phone   (  346): [PhoneNotifier] [DefaultPhoneNotifier] : supl, INET, DISCONNECTED
02-09 18:34:58.887 I/TelephonyRegistry(  230): notifyDataConnection: state=0 isDataConnectivityPossible=false reason=dataNetworkDetached interfaceName=null networkType=0 apnType=supl apn=null
02-09 18:34:58.887 I/TelephonyRegistry(  230): +++broadcastDataConnectionStateChanged
02-09 18:34:58.887 I/TelephonyRegistry(  230): +++sendStickyBroadcast
02-09 18:34:58.887 W/CallLogProvider(  394): query: match = 1
02-09 18:34:58.887 D/Phone   (  346): [PhoneNotifier] [DefaultPhoneNotifier] : supl, INET6, DISCONNECTED
02-09 18:34:58.897 I/TelephonyRegistry(  230): notifyDataConnection: state=0 isDataConnectivityPossible=false reason=dataNetworkDetached interfaceName=null networkType=0 apnType=supl apn=null
02-09 18:34:58.897 I/TelephonyRegistry(  230): +++broadcastDataConnectionStateChanged
02-09 18:34:58.907 I/TelephonyRegistry(  230): +++sendStickyBroadcast
02-09 18:34:58.917 D/Phone   (  346): [PhoneNotifier] [DefaultPhoneNotifier] : dun, INET, DISCONNECTED
02-09 18:34:58.968 I/TelephonyRegistry(  230): notifyDataConnection: state=0 isDataConnectivityPossible=false reason=dataNetworkDetached interfaceName=null networkType=0 apnType=dun apn=null
02-09 18:34:58.968 I/TelephonyRegistry(  230): +++broadcastDataConnectionStateChanged
02-09 18:34:58.968 I/TelephonyRegistry(  230): +++sendStickyBroadcast
02-09 18:34:58.968 D/Phone   (  346): [PhoneNotifier] [DefaultPhoneNotifier] : dun, INET6, DISCONNECTED
02-09 18:34:58.978 I/TelephonyRegistry(  230): notifyDataConnection: state=0 isDataConnectivityPossible=false reason=dataNetworkDetached interfaceName=null networkType=0 apnType=dun apn=null
02-09 18:34:58.978 I/TelephonyRegistry(  230): +++broadcastDataConnectionStateChanged
02-09 18:34:58.988 I/TelephonyRegistry(  230): +++sendStickyBroadcast
02-09 18:34:58.998 D/Phone   (  346): [PhoneNotifier] [DefaultPhoneNotifier] : hipri, INET, DISCONNECTED
02-09 18:34:58.998 I/TelephonyRegistry(  230): notifyDataConnection: state=0 isDataConnectivityPossible=false reason=dataNetworkDetached interfaceName=null networkType=0 apnType=hipri apn=null
02-09 18:34:58.998 I/TelephonyRegistry(  230): +++broadcastDataConnectionStateChanged
02-09 18:34:58.998 I/TelephonyRegistry(  230): +++sendStickyBroadcast
02-09 18:34:59.008 D/Phone   (  346): [PhoneNotifier] [DefaultPhoneNotifier] : hipri, INET6, DISCONNECTED
02-09 18:34:59.008 I/TelephonyRegistry(  230): notifyDataConnection: state=0 isDataConnectivityPossible=false reason=dataNetworkDetached interfaceName=null networkType=0 apnType=hipri apn=null
02-09 18:34:59.008 I/TelephonyRegistry(  230): +++broadcastDataConnectionStateChanged
02-09 18:34:59.038 D/KeyguardViewMediator(  230): setHidden false
02-09 18:34:59.038 D/KeyguardViewMediator(  230): setHidden false
02-09 18:34:59.038 I/TelephonyRegistry(  230): +++sendStickyBroadcast
02-09 18:34:59.058 I/DATA    (  346): [DCT ] intent received :android.net.wifi.WIFI_STATE_CHANGED
02-09 18:34:59.058 D/DATA    (  346): [DSST] pollstate() : reason = data network state changed
02-09 18:34:59.058 D/DATA    (  346): [DSST] Poll ServiceState done: oldSS=[3 home null null null  Unknown CSS not supported -1 -1RoamInd: -1RoamStatus(sprint): -1DefRoamInd: -1EmergOnly: false] newSS=[3 home null null null  Unknown CSS not supported -1 -1RoamInd: -1RoamStatus(sprint): -1DefRoamInd: -1EmergOnly: false]
02-09 18:34:59.058 D/DATA    (  346): [DSST]  mDataConnectionState = 1
02-09 18:34:59.078 D/NetworkLocationService(  397): onCreate com.google.android.location.NetworkLocationService@40563080
02-09 18:34:59.128 D/NetworkLocationClient(  397): ANDROID minProtocolVersion 1 maxProtocolVersion 1 releaseVersion -1
02-09 18:34:59.128 D/NetworkLocationClient(  397): binding to Intent { act=com.google.android.location.internal.ANDROID_NLP }
02-09 18:34:59.268 D/PhoneApp(  346): updateProximitySensorMode: state = IDLE
02-09 18:34:59.278 D/PhoneApp(  346): updateProximitySensorMode: lock already released.
02-09 18:34:59.288 D/PROXY   (  346): ProxyManager EVENT_ICC_CHANGED for non DSDS m3gppIndex::99999 m3gpp2Index::99999
02-09 18:34:59.298 D/GpsLocationProvider(  230): handleEnable
02-09 18:34:59.298 D/MccTable(  346): updateMccMncConfiguration: mcc=310, mnc=120
02-09 18:34:59.298 D/MccTable(  346): locale set to en_us
02-09 18:34:59.298 D/MccTable(  346): WIFI_NUM_ALLOWED_CHANNELS set to 11
02-09 18:34:59.298 D/KeyguardViewMediator(  230): setHidden false
02-09 18:34:59.308 D/PhoneApp(  346): old phone type:2, New Phone type:2
02-09 18:34:59.318 D/BT HSHFP(  346): Starting BluetoothHeadsetService
02-09 18:34:59.328 D/CallNotifier(  346): onMwiChanged(): false
02-09 18:34:59.328 D/NotificationMgr(  346): updateMwi(): false
02-09 18:34:59.328 D/CallNotifier(  346): onCfiChanged(): false
02-09 18:34:59.328 D/NotificationMgr(  346): updateCfi(): falsesub = 0
02-09 18:34:59.328 I/DATA    (  346): [DCT(0) ] onDataProfileListChanged: call disconnectAllConnections reason = apnChanged
02-09 18:34:59.328 D/PhoneApp(  346): mReceiver: ACTION_ANY_DATA_CONNECTION_STATE_CHANGED
02-09 18:34:59.338 D/PhoneApp(  346): - state: DISCONNECTED
02-09 18:34:59.338 D/PhoneApp(  346): - reason: dataNetworkDetached
02-09 18:34:59.338 D/PhoneApp(  346): mReceiver: ACTION_ANY_DATA_CONNECTION_STATE_CHANGED
02-09 18:34:59.338 D/PhoneApp(  346): - state: DISCONNECTED
02-09 18:34:59.338 D/PhoneApp(  346): - reason: dataNetworkDetached
02-09 18:34:59.338 D/PhoneApp(  346): mReceiver: ACTION_ANY_DATA_CONNECTION_STATE_CHANGED
02-09 18:34:59.338 D/PhoneApp(  346): - state: DISCONNECTED
02-09 18:34:59.338 D/PhoneApp(  346): - reason: dataNetworkDetached
02-09 18:34:59.338 D/PhoneApp(  346): mReceiver: ACTION_ANY_DATA_CONNECTION_STATE_CHANGED
02-09 18:34:59.338 D/PhoneApp(  346): - state: DISCONNECTED
02-09 18:34:59.338 D/PhoneApp(  346): - reason: dataNetworkDetached
02-09 18:34:59.338 D/PhoneApp(  346): mReceiver: ACTION_ANY_DATA_CONNECTION_STATE_CHANGED
02-09 18:34:59.338 D/PhoneApp(  346): - state: DISCONNECTED
02-09 18:34:59.338 D/PhoneApp(  346): - reason: dataNetworkDetached
02-09 18:34:59.338 D/PhoneApp(  346): mReceiver: ACTION_ANY_DATA_CONNECTION_STATE_CHANGED
02-09 18:34:59.338 D/PhoneApp(  346): - state: DISCONNECTED
02-09 18:34:59.338 D/PhoneApp(  346): - reason: dataNetworkDetached
02-09 18:34:59.338 D/NotificationMgr(  346): call log query complete.
02-09 18:34:59.338 D/NotificationMgr(  346): closing call log cursor.
02-09 18:34:59.348 D/PhoneApp(  346): mReceiver: ACTION_ANY_DATA_CONNECTION_STATE_CHANGED
02-09 18:34:59.348 D/PhoneApp(  346): - state: DISCONNECTED
02-09 18:34:59.348 D/PhoneApp(  346): - reason: dataNetworkDetached
02-09 18:34:59.348 D/PhoneApp(  346): mReceiver: ACTION_ANY_DATA_CONNECTION_STATE_CHANGED
02-09 18:34:59.348 D/PhoneApp(  346): - state: DISCONNECTED
02-09 18:34:59.348 D/PhoneApp(  346): - reason: dataNetworkDetached
02-09 18:34:59.348 D/PhoneApp(  346): mReceiver: ACTION_ANY_DATA_CONNECTION_STATE_CHANGED
02-09 18:34:59.348 D/PhoneApp(  346): - state: DISCONNECTED
02-09 18:34:59.348 D/PhoneApp(  346): - reason: dataNetworkDetached
02-09 18:34:59.348 D/PhoneApp(  346): mReceiver: ACTION_ANY_DATA_CONNECTION_STATE_CHANGED
02-09 18:34:59.348 D/PhoneApp(  346): - state: DISCONNECTED
02-09 18:34:59.348 D/PhoneApp(  346): - reason: dataNetworkDetached
02-09 18:34:59.348 I/DATA    (  346): [DCT(0) ] onUpdateDataConnections [ignored] : reason=roamingOff
02-09 18:34:59.348 I/DATA    (  346): [DCT(0) ] wait for the dc disconnect to complete
02-09 18:34:59.348 D/CallManager(  346):  handleMessage (EVENT_SERVICE_STATE_CHANGED)
02-09 18:34:59.348 E/BT HS/HF(  346): SERVICE_STATE_CHANGED called
02-09 18:34:59.348 E/BT HS/HF(  346): updateServiceState called, sendUpdate:false  ServiceState:3 home null null null  Unknown CSS not supported -1 -1RoamInd: -1RoamStatus(sprint): -1DefRoamInd: -1EmergOnly: false
02-09 18:34:59.348 E/BT HS/HF(  346): service:0 mService:0
02-09 18:34:59.378 D/NetworkLocationService(  397): onBind com.google.android.location.NetworkLocationProvidercom.google.android.location.NetworkLocationService@40563080
02-09 18:34:59.378 D/NetworkLocationService(  397): onBind com.google.android.location.GeocodeProvidercom.google.android.location.NetworkLocationService@40563080
02-09 18:34:59.388 I/DATA    (  346): [DCT(0) ] onUpdateDataConnections: reason=apnChanged
02-09 18:34:59.388 I/DATA    (  346): [DCT(0) ] ---dc list---
02-09 18:34:59.388 I/DATA    (  346): [DCT(0) ] ---ds list---
02-09 18:34:59.388 I/DATA    (  346): [DCT(0) ] ds= SERVICE_TYPE_DEFAULT, enabled = true, active = v4:IDLE v6:IDLE
02-09 18:34:59.388 I/DATA    (  346): [DCT(0) ] ds= SERVICE_TYPE_MMS, enabled = false, active = v4:IDLE v6:IDLE
02-09 18:34:59.388 I/DATA    (  346): [DCT(0) ] ds= SERVICE_TYPE_SUPL, enabled = false, active = v4:IDLE v6:IDLE
02-09 18:34:59.388 I/DATA    (  346): [DCT(0) ] ds= SERVICE_TYPE_DUN, enabled = false, active = v4:IDLE v6:IDLE
02-09 18:34:59.388 I/DATA    (  346): [DCT(0) ] ds= SERVICE_TYPE_HIPRI, enabled = false, active = v4:IDLE v6:IDLE
02-09 18:34:59.388 I/DATA    (  346): [DCT(0) ] ***** NOT Ready for data :
02-09 18:34:59.388 I/DATA    (  346): [DCT(0) ]    getDesiredPowerState() = true
02-09 18:34:59.388 I/DATA    (  346): [DCT(0) ]    mCm.getRadioState() = RADIO_ON
02-09 18:34:59.398 I/DATA    (  346): [DCT(0) ]    [DataRadioTech = RADIO_TECH_UNKNOWN, data network state = 3, mMasterDataEnabled = true, is Roaming = false, dataOnRoamingEnable = false, isPsRestricted = false, desiredPowerState  = true, mSIMRecords = , cdmaSubSource = 1/310120, mRuimRecords = , checks = true/true]
02-09 18:34:59.398 D/PhoneApp(  346): old phone type:2, New Phone type:2
02-09 18:34:59.398 D/NotificationMgr(  346): hideDataDisconnectedRoaming()...
02-09 18:34:59.398 D/PhoneApp(  346): old phone type:2, New Phone type:2
02-09 18:34:59.398 D/NotificationMgr(  346): hideDataDisconnectedRoaming()...
02-09 18:34:59.398 D/PhoneApp(  346): old phone type:2, New Phone type:2
02-09 18:34:59.398 D/NotificationMgr(  346): hideDataDisconnectedRoaming()...
02-09 18:34:59.408 D/PhoneApp(  346): old phone type:2, New Phone type:2
02-09 18:34:59.408 D/NotificationMgr(  346): hideDataDisconnectedRoaming()...
02-09 18:34:59.408 D/PhoneApp(  346): old phone type:2, New Phone type:2
02-09 18:34:59.408 D/NotificationMgr(  346): hideDataDisconnectedRoaming()...
02-09 18:34:59.408 D/PhoneApp(  346): old phone type:2, New Phone type:2
02-09 18:34:59.408 D/NotificationMgr(  346): hideDataDisconnectedRoaming()...
02-09 18:34:59.418 D/PhoneApp(  346): old phone type:2, New Phone type:2
02-09 18:34:59.418 D/NotificationMgr(  346): hideDataDisconnectedRoaming()...
02-09 18:34:59.418 D/PhoneApp(  346): old phone type:2, New Phone type:2
02-09 18:34:59.428 D/NotificationMgr(  346): hideDataDisconnectedRoaming()...
02-09 18:34:59.438 D/androidInternalNlpService(  397): onCreate com.google.android.location.internal.server.NetworkLocationService@4057ed38
02-09 18:34:59.438 D/PhoneApp(  346): old phone type:2, New Phone type:2
02-09 18:34:59.438 D/NotificationMgr(  346): hideDataDisconnectedRoaming()...
02-09 18:34:59.438 D/PhoneApp(  346): old phone type:2, New Phone type:2
02-09 18:34:59.438 D/NotificationMgr(  346): hideDataDisconnectedRoaming()...
02-09 18:34:59.438 D/DATA    (  346): [DSST(0)] pollstate() : reason = radio state changed
02-09 18:34:59.458 D/DATA    (  346): [DCT(0) ] onRadioOn : register for roaming on/off
02-09 18:34:59.468 D/androidNlpServiceThread(  397): start monitoring enabled
02-09 18:34:59.478 D/NetworkLocationRealOs(  397): NLPv2 file already exists; ignoring any NLPv1 files
02-09 18:34:59.498 D/loc_api_rpc_glue(  230): Loc API RPC client initialized.
02-09 18:34:59.508 D/androidNlpServiceThread(  397): ANDROID minProtocolVersion 1 maxProtocolVersion 1 releaseVersion -1
02-09 18:34:59.508 D/androidNlpServiceThread(  397): This NLP should run continuously.
02-09 18:34:59.508 D/androidNlpServiceThread(  397): updateState: shouldBeEnabled true shouldBeRunning true
02-09 18:34:59.518 D/NetworkLocationClient(  397): onServiceConnected to ComponentInfo{com.google.android.location/com.google.android.location.internal.server.NetworkLocationService}
02-09 18:34:59.528 E/TelephonyProvider(  346): Failed setting numeric '310120' to the current operator
02-09 18:34:59.558 D/androidNlpServiceThread(  397): Creating RealOs
02-09 18:34:59.578 E/TelephonyProvider(  346): Failed setting numeric '310120' to the current operator
02-09 18:34:59.588 D/DATA    (  346): [DSST(0)] pollstate() : reason = data network state changed
02-09 18:34:59.588 I/DATA    (  346): [DCT(0) ] onUpdateDataConnections [ignored] : reason=radioOn
02-09 18:34:59.588 I/DATA    (  346): [DCT(0) ] wait for the dc disconnect to complete
02-09 18:34:59.628 I/ContactsProvider(  394): query: content://com.android.contacts/contacts
02-09 18:34:59.868 I/DATA    (  346): [DCT(0) ] onUpdateDataConnections: reason=roamingOff
02-09 18:34:59.888 I/DATA    (  346): [DCT(0) ] ---dc list---
02-09 18:34:59.888 I/DATA    (  346): [DCT(0) ] ---ds list---
02-09 18:34:59.888 I/DATA    (  346): [DCT(0) ] ds= SERVICE_TYPE_DEFAULT, enabled = true, active = v4:IDLE v6:IDLE
02-09 18:34:59.888 I/DATA    (  346): [DCT(0) ] ds= SERVICE_TYPE_MMS, enabled = false, active = v4:IDLE v6:IDLE
02-09 18:34:59.888 I/DATA    (  346): [DCT(0) ] ds= SERVICE_TYPE_SUPL, enabled = false, active = v4:IDLE v6:IDLE
02-09 18:34:59.888 I/DATA    (  346): [DCT(0) ] ds= SERVICE_TYPE_DUN, enabled = false, active = v4:IDLE v6:IDLE
02-09 18:34:59.888 I/DATA    (  346): [DCT(0) ] ds= SERVICE_TYPE_HIPRI, enabled = false, active = v4:IDLE v6:IDLE
02-09 18:34:59.888 I/DATA    (  346): [DCT(0) ] ***** NOT Ready for data :
02-09 18:34:59.888 I/DATA    (  346): [DCT(0) ]    getDesiredPowerState() = true
02-09 18:34:59.888 I/DATA    (  346): [DCT(0) ]    mCm.getRadioState() = RADIO_ON
02-09 18:34:59.888 I/DATA    (  346): [DCT(0) ]    [DataRadioTech = RADIO_TECH_UNKNOWN, data network state = 3, mMasterDataEnabled = true, is Roaming = false, dataOnRoamingEnable = false, isPsRestricted = false, desiredPowerState  = true, mSIMRecords = , cdmaSubSource = 1/310120, mRuimRecords = , checks = true/true]
02-09 18:35:00.029 D/DATA    (  346): [DSST(0)]  registrationState = 0  radioTechnology = 0 reasonForDenial = 0
02-09 18:35:00.029 D/DATA    (  346): [DSST(0)]  set mNewDataConnectionState = 1
02-09 18:35:00.029 D/DATA    (  346): [DSST(0)]  mNewDataConnectionState : 1  mDataConnectionState : 1
02-09 18:35:00.029 D/DATA    (  346): [DSST(0)] Poll ServiceState done: oldSS=[3 home null null null  Unknown CSS not supported -1 -1RoamInd: -1RoamStatus(sprint): -1DefRoamInd: -1EmergOnly: false] newSS=[1 home null null null  Unknown CSS not supported -1 -1RoamInd: -1RoamStatus(sprint): -1DefRoamInd: -1EmergOnly: false]
02-09 18:35:00.029 D/DATA    (  346): [DSST(0)]  mDataConnectionState = 1
02-09 18:35:00.089 D/CallManager(  346):  handleMessage (EVENT_SUBSCRIPTION_INFO_READY)
02-09 18:35:00.089 D/CallManager(  346):  handleMessage (EVENT_SERVICE_STATE_CHANGED)
02-09 18:35:00.089 E/BT HS/HF(  346): SERVICE_STATE_CHANGED called
02-09 18:35:00.089 E/BT HS/HF(  346): updateServiceState called, sendUpdate:false  ServiceState:1 home Searching for Service null null  Unknown CSS not supported 0 0RoamInd: 2RoamStatus(sprint): 0DefRoamInd: 0EmergOnly: false
02-09 18:35:00.089 E/BT HS/HF(  346): service:0 mService:0
02-09 18:35:00.089 D/CallManager(  346):  handleMessage (EVENT_SERVICE_STATE_CHANGED)
02-09 18:35:00.089 E/BT HS/HF(  346): SERVICE_STATE_CHANGED called
02-09 18:35:00.089 E/BT HS/HF(  346): updateServiceState called, sendUpdate:false  ServiceState:1 home Searching for Service null null  Unknown CSS not supported 0 0RoamInd: 2RoamStatus(sprint): 0DefRoamInd: 0EmergOnly: false
02-09 18:35:00.089 E/BT HS/HF(  346): service:0 mService:0
02-09 18:35:00.099 D/DATA    (  346): [DSST(0)] pollstate() : reason = icc status changed
02-09 18:35:00.109 D/PROXY   (  346): ProxyManager EVENT_ICC_CHANGED for non DSDS m3gppIndex::-1 m3gpp2Index::-1
02-09 18:35:00.109 D/MccTable(  346): updateMccMncConfiguration: mcc=310, mnc=120
02-09 18:35:00.109 D/MccTable(  346): locale set to en_us
02-09 18:35:00.109 D/MccTable(  346): WIFI_NUM_ALLOWED_CHANNELS set to 11
02-09 18:35:00.119 D/KeyguardViewMediator(  230): setHidden false
02-09 18:35:00.139 D/PhoneApp(  346): old phone type:2, New Phone type:2
02-09 18:35:00.139 D/DATA    (  346): [DSST(0)]  registrationState = 0  radioTechnology = 0 reasonForDenial = 0
02-09 18:35:00.139 D/DATA    (  346): [DSST(0)]  set mNewDataConnectionState = 1
02-09 18:35:00.139 D/DATA    (  346): [DSST(0)]  mNewDataConnectionState : 1  mDataConnectionState : 1
02-09 18:35:00.139 D/DATA    (  346): [DSST(0)] Poll ServiceState done: oldSS=[1 home null null null  Unknown CSS not supported -1 -1RoamInd: -1RoamStatus(sprint): -1DefRoamInd: -1EmergOnly: false] newSS=[1 home null null null  Unknown CSS not supported -1 -1RoamInd: -1RoamStatus(sprint): -1DefRoamInd: -1EmergOnly: false]
02-09 18:35:00.149 D/DATA    (  346): [DSST(0)]  mDataConnectionState = 1
02-09 18:35:00.149 D/CallManager(  346):  handleMessage (EVENT_SERVICE_STATE_CHANGED)
02-09 18:35:00.149 E/BT HS/HF(  346): SERVICE_STATE_CHANGED called
02-09 18:35:00.149 E/BT HS/HF(  346): updateServiceState called, sendUpdate:false  ServiceState:1 home Searching for Service null null  Unknown CSS not supported 0 0RoamInd: 2RoamStatus(sprint): 0DefRoamInd: 0EmergOnly: false
02-09 18:35:00.149 E/BT HS/HF(  346): service:0 mService:0
02-09 18:35:00.149 D/PhoneApp(  346): old phone type:2, New Phone type:2
02-09 18:35:00.169 D/PhoneApp(  346): old phone type:2, New Phone type:2
02-09 18:35:00.169 D/PhoneApp(  346): handleQueryTTYModeResponse: TTY enable state successfully queried.
02-09 18:35:00.169 D/PhoneApp(  346): handleQueryTTYModeResponse:ttymode=0
02-09 18:35:00.269 D/CdmaCellLocation(  397): [LPZ-GPS]mUseNetworkwireless=false
02-09 18:35:00.269 D/CdmaCellLocation(  397): [LPZ-GPS]BSId=-1
02-09 18:35:00.269 D/CdmaCellLocation(  397): [LPZ-GPS]BSLAT=2147483647
02-09 18:35:00.269 D/CdmaCellLocation(  397): [LPZ-GPS]BSLONG=2147483647
02-09 18:35:00.269 D/CdmaCellLocation(  397): [LPZ-GPS]SystemId=-1
02-09 18:35:00.269 D/CdmaCellLocation(  397): [LPZ-GPS]NetworkId=-1
02-09 18:35:00.269 D/androidNlpServiceThread(  397): adding listener com.google.android.location.internal.client.NetworkLocationClient$1@40573a98 with period 2147483647
02-09 18:35:00.269 D/androidNetworkLocationListeners(  397): Still have listener com.google.android.location.internal.client.NetworkLocationClient$1@40573a98
02-09 18:35:00.279 D/AlarmManager(  230): +++Alarm set:type=2 com.google.android.location  Trigger after:4998ms
02-09 18:35:00.279 D/AlarmManager(  230): +++Alarm set:type=2 com.google.android.location  Trigger after:4994ms
02-09 18:35:00.289 D/AlarmManager(  230): +++Alarm set:type=2 com.google.android.location  Trigger after:4998ms
02-09 18:35:00.289 D/AlarmManager(  230): +++Alarm set:type=2 com.google.android.location  Trigger after:4999ms
02-09 18:35:00.289 D/TelephonyManager(  397): [LPZ-GPS]getCellLocation enter,usewireless=true
02-09 18:35:00.289 D/CdmaCellLocation(  397): [LPZ-GPS]mUseNetworkwireless=true
02-09 18:35:00.289 D/CdmaCellLocation(  397): [LPZ-GPS]BSId=-1
02-09 18:35:00.299 D/CdmaCellLocation(  397): [LPZ-GPS]BSLAT=2147483647
02-09 18:35:00.299 D/CdmaCellLocation(  397): [LPZ-GPS]BSLONG=2147483647
02-09 18:35:00.299 D/CdmaCellLocation(  397): [LPZ-GPS]SystemId=0
02-09 18:35:00.299 D/CdmaCellLocation(  397): [LPZ-GPS]NetworkId=0
02-09 18:35:00.299 D/AlarmManager(  230): +++Alarm set:type=2 com.google.android.location  Trigger after:4985ms
02-09 18:35:00.309 D/TelephonyManager(  397): [LPZ-GPS]getCellLocation enter,usewireless=true
02-09 18:35:00.309 D/CdmaCellLocation(  397): [LPZ-GPS]mUseNetworkwireless=true
02-09 18:35:00.309 D/CdmaCellLocation(  397): [LPZ-GPS]BSId=-1
02-09 18:35:00.309 D/CdmaCellLocation(  397): [LPZ-GPS]BSLAT=2147483647
02-09 18:35:00.309 D/CdmaCellLocation(  397): [LPZ-GPS]BSLONG=2147483647
02-09 18:35:00.309 D/CdmaCellLocation(  397): [LPZ-GPS]SystemId=0
02-09 18:35:00.309 D/CdmaCellLocation(  397): [LPZ-GPS]NetworkId=0
02-09 18:34:59.500 D/AlarmManager(  230): +++Alarm set:type=2 com.google.android.location  Trigger after:4974ms
02-09 18:34:59.500 D/TelephonyManager(  397): [LPZ-GPS]getCellLocation enter,usewireless=true
02-09 18:34:59.500 D/CdmaCellLocation(  397): [LPZ-GPS]mUseNetworkwireless=true
02-09 18:34:59.500 D/CdmaCellLocation(  397): [LPZ-GPS]BSId=-1
02-09 18:34:59.500 D/CdmaCellLocation(  397): [LPZ-GPS]BSLAT=2147483647
02-09 18:34:59.500 D/CdmaCellLocation(  397): [LPZ-GPS]BSLONG=2147483647
02-09 18:34:59.500 D/CdmaCellLocation(  397): [LPZ-GPS]SystemId=0
