02-09 18:35:15.404 D/PhoneApp(  346): - state: CONNECTED
02-09 18:35:15.404 D/PhoneApp(  346): - reason: radioTechnologyChanged
02-09 18:35:15.404 D/PhoneApp(  346): mReceiver: ACTION_ANY_DATA_CONNECTION_STATE_CHANGED
02-09 18:35:15.404 D/PhoneApp(  346): - state: CONNECTED
02-09 18:35:15.404 D/PhoneApp(  346): - reason: radioTechnologyChanged
02-09 18:35:15.404 D/PhoneApp(  346): mReceiver: ACTION_ANY_DATA_CONNECTION_STATE_CHANGED
02-09 18:35:15.404 D/PhoneApp(  346): - state: CONNECTED
02-09 18:35:15.404 D/PhoneApp(  346): - reason: radioTechnologyChanged
02-09 18:35:15.404 I/DATA    (  346): [DCT(0) ] onUpdateDataConnections: reason=radioTechnologyChanged
02-09 18:35:15.404 I/DATA    (  346): [DCT(0) ] ---dc list---
02-09 18:35:15.404 I/DATA    (  346): [DCT(0) ] cid = 0, state = DcActiveState, bearerType = IP, ipaddress = 70.5.41.227, gw=70.5.41.225, dns=[68.28.67.132, 68.28.68.132]
02-09 18:35:15.404 I/DATA    (  346): [DCT(0) ] ---ds list---
02-09 18:35:15.404 I/DATA    (  346): [DCT(0) ] ds= SERVICE_TYPE_DEFAULT, enabled = true, active = v4:CONNECTED(0) v6:IDLE
02-09 18:35:15.404 I/DATA    (  346): [DCT(0) ] ds= SERVICE_TYPE_MMS, enabled = false, active = v4:CONNECTED(0) v6:IDLE
02-09 18:35:15.404 I/DATA    (  346): [DCT(0) ] ds= SERVICE_TYPE_SUPL, enabled = false, active = v4:CONNECTED(0) v6:IDLE
02-09 18:35:15.404 I/DATA    (  346): [DCT(0) ] ds= SERVICE_TYPE_DUN, enabled = false, active = v4:IDLE v6:IDLE
02-09 18:35:15.404 I/DATA    (  346): [DCT(0) ] ds= SERVICE_TYPE_HIPRI, enabled = false, active = v4:CONNECTED(0) v6:IDLE
02-09 18:35:15.404 I/DATA    (  346): [DCT(0) ] Ready for data : 
02-09 18:35:15.404 I/DATA    (  346): [DCT(0) ]    getDesiredPowerState() = true
02-09 18:35:15.404 I/DATA    (  346): [DCT(0) ]    mCm.getRadioState() = RADIO_ON
02-09 18:35:15.404 I/DATA    (  346): [DCT(0) ]    [DataRadioTech = RADIO_TECH_EVDO_A, data network state = 0, mMasterDataEnabled = true, is Roaming = false, dataOnRoamingEnable = false, isPsRestricted = false, desiredPowerState  = true, mSIMRecords = , cdmaSubSource = 1/310120, mRuimRecords = , checks = true/true]
02-09 18:35:15.414 D/MobileDataStateTracker(  230): [supl]  apnTypeList = supl
02-09 18:35:15.414 D/MobileDataStateTracker(  230): [supl]  unavailable = false
02-09 18:35:15.414 D/MobileDataStateTracker(  230): [supl] Do not process intents if disabled.
02-09 18:35:15.414 D/MobileDataStateTracker(  230): [mms]  MobileDataStateReceiver onReceive(): Entry.
02-09 18:35:15.414 D/MobileDataStateTracker(  230): [mms]  intent.getAction()= android.intent.action.ANY_DATA_STATE
02-09 18:35:15.424 D/MobileDataStateTracker(  230): [mms]  mEnabled = false
02-09 18:35:15.424 D/MobileDataStateTracker(  230): [mms]  apnTypeList = supl
02-09 18:35:15.424 D/MobileDataStateTracker(  230): [mms]  unavailable = false
02-09 18:35:15.424 D/MobileDataStateTracker(  230): [mms] Do not process intents if disabled.
02-09 18:35:15.424 D/MobileDataStateTracker(  230): [default]  MobileDataStateReceiver onReceive(): Entry.
02-09 18:35:15.424 D/MobileDataStateTracker(  230): [default]  intent.getAction()= android.intent.action.ANY_DATA_STATE
02-09 18:35:15.424 D/MobileDataStateTracker(  230): [default]  mEnabled = true
02-09 18:35:15.434 I/CameraBoot(  662): Start Camera application
02-09 18:35:15.444 D/MobileDataStateTracker(  230): [default]  apnTypeList = supl
02-09 18:35:15.444 D/MobileDataStateTracker(  230): [default]  unavailable = false
02-09 18:35:15.444 D/MobileDataStateTracker(  230): [default] not what we are looking for.
02-09 18:35:15.444 D/Tethering(  230): MasterInitialState.processMessage what=3
02-09 18:35:15.444 D/MobileDataStateTracker(  230): [hipri]  MobileDataStateReceiver onReceive(): Entry.
02-09 18:35:15.444 D/MobileDataStateTracker(  230): [hipri]  intent.getAction()= android.intent.action.ANY_DATA_STATE
02-09 18:35:15.444 D/MobileDataStateTracker(  230): [hipri]  mEnabled = false
02-09 18:35:15.444 D/MobileDataStateTracker(  230): [hipri]  apnTypeList = hipri
02-09 18:35:15.444 D/MobileDataStateTracker(  230): [hipri]  unavailable = false
02-09 18:35:15.444 D/AlarmManager(  230): +++Alarm set:type=2 com.google.android.location  Trigger after:86386512ms
02-09 18:35:15.444 D/PhoneApp(  346): old phone type:2, New Phone type:2
02-09 18:35:15.444 D/NotificationMgr(  346): hideDataDisconnectedRoaming()...
02-09 18:35:15.454 D/PhoneApp(  346): old phone type:2, New Phone type:2
02-09 18:35:15.454 D/NotificationMgr(  346): hideDataDisconnectedRoaming()...
02-09 18:35:15.454 D/PhoneApp(  346): old phone type:2, New Phone type:2
02-09 18:35:15.454 D/NotificationMgr(  346): hideDataDisconnectedRoaming()...
02-09 18:35:15.454 D/PhoneApp(  346): old phone type:2, New Phone type:2
02-09 18:35:15.454 D/NotificationMgr(  346): hideDataDisconnectedRoaming()...
02-09 18:35:15.454 D/MobileDataStateTracker(  230): [hipri] Do not process intents if disabled.
02-09 18:35:15.454 D/MobileDataStateTracker(  230): [dun]  MobileDataStateReceiver onReceive(): Entry.
02-09 18:35:15.454 D/MobileDataStateTracker(  230): [dun]  intent.getAction()= android.intent.action.ANY_DATA_STATE
02-09 18:35:15.454 D/MobileDataStateTracker(  230): [dun]  mEnabled = false
02-09 18:35:15.474 D/GpsLocationProvider(  230): updateNetworkState available info: NetworkInfo: type: mobile[CDMA - EvDo rev. A], state: CONNECTED/CONNECTED, reason: radioTechnologyChanged, extra: (none), roaming: false, failover: false, isAvailable: true, isIpv4Connected: true, isIpv6Connected: false, ipv4Name: rmnet0, ipv6Name: null
02-09 18:35:15.505 D/MobileDataStateTracker(  230): [dun]  apnTypeList = hipri
02-09 18:35:15.505 D/MobileDataStateTracker(  230): [dun]  unavailable = false
02-09 18:35:15.505 D/MobileDataStateTracker(  230): [dun] Do not process intents if disabled.
02-09 18:35:15.505 D/MobileDataStateTracker(  230): [supl]  MobileDataStateReceiver onReceive(): Entry.
02-09 18:35:15.505 D/MobileDataStateTracker(  230): [supl]  intent.getAction()= android.intent.action.ANY_DATA_STATE
02-09 18:35:15.505 D/MobileDataStateTracker(  230): [supl]  mEnabled = false
02-09 18:35:15.555 D/EAS SyncManager(  488): !!! EAS SyncManager, stopping self
02-09 18:35:15.555 D/MobileDataStateTracker(  230): [supl]  apnTypeList = hipri
02-09 18:35:15.555 D/MobileDataStateTracker(  230): [supl]  unavailable = false
02-09 18:35:15.555 D/MobileDataStateTracker(  230): [supl] Do not process intents if disabled.
02-09 18:35:15.555 D/MobileDataStateTracker(  230): [mms]  MobileDataStateReceiver onReceive(): Entry.
02-09 18:35:15.555 D/MobileDataStateTracker(  230): [mms]  intent.getAction()= android.intent.action.ANY_DATA_STATE
02-09 18:35:15.555 D/MobileDataStateTracker(  230): [mms]  mEnabled = false
02-09 18:35:15.555 D/EAS SyncManager(  488): !!! EAS SyncManager, onDestroy
02-09 18:35:15.555 D/MobileDataStateTracker(  230): [mms]  apnTypeList = hipri
02-09 18:35:15.555 D/MobileDataStateTracker(  230): [mms]  unavailable = false
02-09 18:35:15.555 D/MobileDataStateTracker(  230): [mms] Do not process intents if disabled.
02-09 18:35:15.555 D/MobileDataStateTracker(  230): [default]  MobileDataStateReceiver onReceive(): Entry.
02-09 18:35:15.555 D/MobileDataStateTracker(  230): [default]  intent.getAction()= android.intent.action.ANY_DATA_STATE
02-09 18:35:15.555 D/MobileDataStateTracker(  230): [default]  mEnabled = true
02-09 18:35:15.555 D/MobileDataStateTracker(  230): [default]  apnTypeList = hipri
02-09 18:35:15.555 D/MobileDataStateTracker(  230): [default]  unavailable = false
02-09 18:35:15.555 D/MobileDataStateTracker(  230): [default] not what we are looking for.
02-09 18:35:15.595 I/ActivityThread(  674): Pub com.android.calendar: com.android.providers.calendar.CalendarProvider2
02-09 18:35:15.645 D/AlarmManager(  230): +++Alarm set:type=2 android  Trigger after:46023310ms
02-09 18:35:15.755 E/lights  (  230):   g_haveAmberLed=0
02-09 18:35:15.755 E/lights  (  230):   red=0
02-09 18:35:15.755 E/lights  (  230):   green=0
02-09 18:35:15.755 E/lights  (  230):   blink=0
02-09 18:35:15.765 D/KeyguardViewMediator(  230): setHidden false
02-09 18:35:15.775 D/KeyguardViewMediator(  230): setHidden false
02-09 18:35:15.915 D/AlertReceiver(  684): onReceive: a=android.intent.action.BOOT_COMPLETED Intent { act=android.intent.action.BOOT_COMPLETED cmp=com.android.calendar/.AlertReceiver }
02-09 18:35:15.965 D/AlertService(  684): 0 Action = android.intent.action.BOOT_COMPLETED
02-09 18:35:15.965 D/GpsLocationProvider(  230): getAGpsConnectionInfo connType - 3
02-09 18:35:16.005 D/CABL    (  692): Bootup: CABL state is:false
02-09 18:35:16.275 I/wpa_supplicant(  389): Selecting BSS from priority group 4
02-09 18:35:16.275 I/wpa_supplicant(  389): Try to find WPA-enabled AP
02-09 18:35:16.275 I/wpa_supplicant(  389): Selecting BSS from priority group 3
02-09 18:35:16.275 I/wpa_supplicant(  389): Try to find WPA-enabled AP
02-09 18:35:16.275 I/wpa_supplicant(  389): Selecting BSS from priority group 2
02-09 18:35:16.275 I/wpa_supplicant(  389): Try to find WPA-enabled AP
02-09 18:35:16.275 I/wpa_supplicant(  389): Selecting BSS from priority group 1
02-09 18:35:16.275 I/wpa_supplicant(  389): Try to find WPA-enabled AP
02-09 18:35:16.275 I/dun_service(  124): process rmnet event
02-09 18:35:16.275 I/dun_service(  124): Post event 4
02-09 18:35:16.285 I/dun_service(  124): received event: DUN_EVENT_RMNET_UP 
02-09 18:35:16.285 I/dun_service(  124): received event(DUN_EVENT_RMNET_UP) in state(DUN_STATE_USB_UNPLUG)
02-09 18:35:16.285 I/dun_service(  124): Ignoring the event DUN_EVENT_RMNET_UP in USB_UNPLUG_STATE
02-09 18:35:16.285 I/dun_service(  124): Moved to state(DUN_STATE_USB_UNPLUG)
02-09 18:35:16.285 D/WifiStateTracker(  230): setNotificationVisible() scanResult.SSID=Buy Goodyear Tires! Open? false
02-09 18:35:16.285 D/WifiStateTracker(  230): setNotificationVisible() scanResult.SSID=kodo Open? false
02-09 18:35:16.285 D/WifiStateTracker(  230): setNotificationVisible() scanResult.SSID=MGRM0bility Open? false
02-09 18:35:16.285 D/WifiStateTracker(  230): setNotificationVisible() visible=false mNotificationShown=false force=false return.
02-09 18:35:16.285 D/AlarmManager(  230): +++Alarm set:type=2 com.google.android.location  Trigger after:86385674ms
02-09 18:35:16.355 D/Calendar(  674): missed alarms found: 0
02-09 18:35:16.385 E/lights  (  230):   g_haveAmberLed=0
02-09 18:35:16.385 E/lights  (  230):   red=0
02-09 18:35:16.385 E/lights  (  230):   green=255
02-09 18:35:16.385 E/lights  (  230):   blink=1
02-09 18:35:16.536 D/KeyguardViewMediator(  230): setHidden false
02-09 18:35:16.576 D/KeyguardViewMediator(  230): setHidden false
02-09 18:35:16.656 D/Calendar(  684): missed alarms found: 0
02-09 18:35:16.676 I/Gmail   (  634): calculateUnknownSyncRationalesAndPurgeInBackground: queueing
02-09 18:35:17.326 I/Gmail   (  634): calculateUnknownSyncRationalesAndPurgeInBackground: running
02-09 18:35:17.426 I/Gmail   (  634): Sending notification intent: Intent { act=android.intent.action.PROVIDER_CHANGED dat=content://gmail-ls/unread/^i (has extras) }
02-09 18:35:17.426 D/GpsLocationProvider(  230): NTP server returned: 1328834101156 (Thu Feb 09 18:35:01 CST 2012) reference: 49367 certainty: 165 system time offset: -15415
02-09 18:35:17.486 D/AlarmManager(  230): +++Alarm set:type=2 com.google.android.apps.maps  Trigger after:900000ms
02-09 18:35:17.567 I/Gmail   (  634): Sending notification intent: Intent { act=android.intent.action.PROVIDER_CHANGED dat=content://gmail-ls/unread/^iim (has extras) }
02-09 18:35:17.617 D/Mms     (  604): doAutoSend
02-09 18:35:17.717 I/MediaScanner(  533): doScanFile the temppath: /system/media/audio/alarms/Alarm_Beep_01.ogg
02-09 18:35:17.817 I/MediaScanner(  533): doScanFile the temppath: /system/media/audio/alarms/Alarm_Beep_02.ogg
02-09 18:35:17.827 I/MediaScanner(  533): doScanFile the temppath: /system/media/audio/alarms/Alarm_Beep_03.ogg
02-09 18:35:17.827 I/MediaScanner(  533): doScanFile the temppath: /system/media/audio/alarms/Alarm_Buzzer.ogg
02-09 18:35:17.827 I/MediaScanner(  533): doScanFile the temppath: /system/media/audio/alarms/Alarm_Classic.ogg
02-09 18:35:17.827 I/MediaScanner(  533): doScanFile the temppath: /system/media/audio/alarms/Alarm_Rooster_02.ogg
02-09 18:35:17.837 I/MediaScanner(  533): doScanFile the temppath: /system/media/audio/notifications/Beat_Box_Android.ogg
02-09 18:35:17.837 I/MediaScanner(  533): doScanFile the temppath: /system/media/audio/notifications/CaffeineSnake.ogg
02-09 18:35:17.837 I/MediaScanner(  533): doScanFile the temppath: /system/media/audio/notifications/DearDeer.ogg
02-09 18:35:17.837 I/MediaScanner(  533): doScanFile the temppath: /system/media/audio/notifications/DontPanic.ogg
02-09 18:35:17.837 I/MediaScanner(  533): doScanFile the temppath: /system/media/audio/notifications/F1_MissedCall.ogg
02-09 18:35:17.837 I/MediaScanner(  533): doScanFile the temppath: /system/media/audio/notifications/F1_New_MMS.ogg
02-09 18:35:17.837 I/MediaScanner(  533): doScanFile the temppath: /system/media/audio/notifications/F1_New_SMS.ogg
02-09 18:35:17.837 I/MediaScanner(  533): doScanFile the temppath: /system/media/audio/notifications/Heaven.ogg
02-09 18:35:17.837 I/MediaScanner(  533): doScanFile the temppath: /system/media/audio/notifications/Highwire.ogg
02-09 18:35:17.847 I/MediaScanner(  533): doScanFile the temppath: /system/media/audio/notifications/KzurbSonar.ogg
02-09 18:35:17.847 I/MediaScanner(  533): doScanFile the temppath: /system/media/audio/notifications/OnTheHunt.ogg
02-09 18:35:17.877 I/MediaScanner(  533): doScanFile the temppath: /system/media/audio/notifications/TaDa.ogg
02-09 18:35:17.917 D/KeyguardUpdateMonitor(  230): received broadcast android.intent.action.TIME_TICK
02-09 18:35:17.917 D/KeyguardUpdateMonitor(  230): handleTimeUpdate
02-09 18:35:18.057 I/MediaScanner(  533): doScanFile the temppath: /system/media/audio/notifications/Tinkerbell.ogg
02-09 18:35:18.137 I/MediaScanner(  533): doScanFile the temppath: /system/media/audio/notifications/Voila.ogg
02-09 18:35:18.307 I/MediaScanner(  533): doScanFile the temppath: /system/media/audio/ringtones/BeatPlucker.ogg
02-09 18:35:18.307 I/MediaScanner(  533): doScanFile the temppath: /system/media/audio/ringtones/BentleyDubs.ogg
02-09 18:35:18.327 I/MediaScanner(  533): doScanFile the temppath: /system/media/audio/ringtones/BirdLoop.ogg
02-09 18:35:18.337 I/ActivityThread(  746): Pub com.google.android.googlequicksearchbox.shortcuts: com.google.android.googlequicksearchbox.WebHistoryProvider
02-09 18:35:18.347 I/ActivityThread(  746): Pub com.google.android.googlequicksearchbox.google: com.google.android.googlequicksearchbox.google.GoogleSuggestionProvider
02-09 18:35:18.598 I/ActivityThread(  758): Pub com.google.android.apps.uploader: com.google.android.apps.uploader.UploadsContentProvider
02-09 18:35:18.598 I/ActivityThread(  758): Pub com.google.photos.provider.Album: com.google.android.apps.uploader.clients.picasa.AlbumProvider
02-09 18:35:18.608 D/MediaUploader(  758): UploaderApplication.onCreate
02-09 18:35:18.628 D/MediaUploader(  758): nonWifiLimit=20971520, default=20971520
02-09 18:35:18.638 I/MediaUploader(  758): No need to wake up
02-09 18:35:18.788 D/GTalkService(  397): [RawStanzaProvidersMgr] ##### searchProvidersFromIntent
02-09 18:35:18.858 D/GTalkService(  397): [RawStanzaProvidersMgr] no intent receivers found
02-09 18:35:18.938 I/ActivityThread(  769): Pub com.facebook.katana.provider.LoggingProvider: com.facebook.katana.provider.LoggingProvider
02-09 18:35:18.968 I/ActivityThread(  769): Pub com.facebook.katana.provider.NotificationsProvider: com.facebook.katana.provider.NotificationsProvider
02-09 18:35:18.968 I/ActivityThread(  769): Pub com.facebook.katana.provider.KeyValueProvider: com.facebook.katana.provider.KeyValueProvider
02-09 18:35:18.968 I/ActivityThread(  769): Pub com.facebook.katana.provider.ChatHistoryProvider: com.facebook.katana.provider.ChatHistoryProvider
02-09 18:35:18.978 I/ActivityThread(  769): Pub com.facebook.katana.provider.CacheProvider: com.facebook.katana.provider.CacheProvider
02-09 18:35:18.988 I/ActivityThread(  769): Pub com.facebook.katana.provider.UserValuesProvider: com.facebook.katana.provider.UserValuesProvider
02-09 18:35:18.988 I/ActivityThread(  769): Pub com.facebook.katana.provider.PagesProvider: com.facebook.katana.provider.PagesProvider
02-09 18:35:18.988 I/ActivityThread(  769): Pub com.facebook.katana.provider.MailboxProvider: com.facebook.katana.provider.MailboxProvider
02-09 18:35:18.988 I/ActivityThread(  769): Pub com.facebook.katana.provider.UserStatusesProvider: com.facebook.katana.provider.UserStatusesProvider
02-09 18:35:18.998 I/ActivityThread(  769): Pub com.facebook.katana.provider.PhotosProvider: com.facebook.katana.provider.PhotosProvider
02-09 18:35:18.998 I/ActivityThread(  769): Pub com.facebook.katana.provider.EventsProvider: com.facebook.katana.provider.EventsProvider
02-09 18:35:18.998 I/ActivityThread(  769): Pub com.facebook.katana.provider.ConnectionsProvider: com.facebook.katana.provider.ConnectionsProvider
02-09 18:35:19.118 D/ACRA    (  769): Retrieve application default SharedPreferences.
02-09 18:35:19.118 D/ACRA    (  769): Set OnSharedPreferenceChangeListener.
02-09 18:35:19.118 D/ACRA    (  769): ACRA is enabled for com.facebook.katana, intializing...
02-09 18:35:19.188 D/ACRA    (  769): Looking for error files in /data/data/com.facebook.katana/app_acra-reports
02-09 18:35:19.238 D/GTalkService(  397): ##### Network broadcast (connected=true) type=mobile, state=CONNECTED
02-09 18:35:19.428 I/GTalkService(  397): [GTalkConnection.30] init: initialized presence to AVAILABLE(x) pmuc-v1
02-09 18:35:19.428 I/GTalkService(  397): [GTalkConnection.30] ensurePresenceHandlerLoginState: call RosterListenerImpl.onLoggedIn
02-09 18:35:19.428 D/GTalkService(  397): [RosterListenerImpl] onLoggedIn
02-09 18:35:19.498 D/SmsReceiverService(  604): unreadPresidentialCursor.getCount() =0
02-09 18:35:19.598 I/CheckinService(  397): Preparing to send checkin request
02-09 18:35:19.598 I/EventLogService(  397): Accumulating logs since 1328833367186
02-09 18:35:19.609 I/MediaScanner(  533): doScanFile the temppath: /system/media/audio/ringtones/CaribbeanIce.ogg
02-09 18:35:19.609 I/MediaScanner(  533): doScanFile the temppath: /system/media/audio/ringtones/CrazyDream.ogg
02-09 18:35:19.609 I/MediaScanner(  533): doScanFile the temppath: /system/media/audio/ringtones/CurveBall.ogg
02-09 18:35:19.609 I/MediaScanner(  533): doScanFile the temppath: /system/media/audio/ringtones/DreamTheme.ogg
02-09 18:35:19.609 I/MediaScanner(  533): doScanFile the temppath: /system/media/audio/ringtones/EtherShake.ogg
02-09 18:35:19.609 I/MediaScanner(  533): doScanFile the temppath: /system/media/audio/ringtones/FriendlyGhost.ogg
02-09 18:35:19.619 D/AlertService(  684): No fired or scheduled alerts
02-09 18:35:19.619 I/MediaScanner(  533): doScanFile the temppath: /system/media/audio/ringtones/GameOverGuitar.ogg
02-09 18:35:19.619 I/MediaScanner(  533): doScanFile the temppath: /system/media/audio/ringtones/Growl.ogg
02-09 18:35:19.619 I/MediaScanner(  533): doScanFile the temppath: /system/media/audio/ringtones/InsertCoin.ogg
02-09 18:35:19.669 I/GTalkService(  397): [GTalkConnection.29] init: initialized presence to AVAILABLE(x) pmuc-v1
02-09 18:35:19.669 I/GTalkService(  397): [GTalkConnection.29] ensurePresenceHandlerLoginState: call RosterListenerImpl.onLoggedIn
02-09 18:35:19.669 D/GTalkService(  397): [RosterListenerImpl] onLoggedIn
02-09 18:35:19.679 I/GTalkService(  397): [GTalkConnection.30] setInternalNetworkState: type=0, state=CONNECTED
02-09 18:35:19.699 D/AlarmManager(  230): +++Alarm set:type=2 com.google.android.gsf  Trigger after:22634ms
02-09 18:35:19.769 I/GTalkService(  397): [GTalkConnection.28] (WORKER THREAD) update account status
02-09 18:35:19.839 D/GTalkService(  397): createConnection(check #2): connection exists, drop newly created connection
02-09 18:35:19.919 D/AlarmManager(  230): +++Alarm set:type=0 com.facebook.katana  Trigger after:999ms
02-09 18:35:19.929 D/AlarmManager(  230): +++Alarm set:type=0 com.facebook.katana  Trigger after:10000ms
02-09 18:35:19.939 D/GTalkService(  397): [GTalkImSession] login: decidel@gmail.com, hostConn.connState = RECONNECTION_SCHEDULED, hostConn.error=NO ERROR
02-09 18:35:19.949 I/GTalkService(  397): [GTalkConnection.29] setInternalNetworkState: type=0, state=CONNECTED
02-09 18:35:19.949 D/GTalkService/c(  397): [GTalkConnection.29] connect: acquire wakelock, async connect...
02-09 18:35:19.949 I/GTalkService(  397): [GTalkConnection.29] acquireAsyncWakeLock: WakeLock{40528df8 held=true, refCount=0}
02-09 18:35:19.949 D/GTalkService(  397): [RosterListenerImpl] onLoggedIn
02-09 18:35:19.959 I/MediaScanner(  533): doScanFile the temppath: /system/media/audio/ringtones/LoopyLounge.ogg
02-09 18:35:19.969 I/MediaScanner(  533): doScanFile the temppath: /system/media/audio/ringtones/LoveFlute.ogg
02-09 18:35:20.019 I/MediaScanner(  533): doScanFile the temppath: /system/media/audio/ringtones/MidEvilJaunt.ogg
02-09 18:35:20.029 I/MediaScanner(  533): doScanFile the temppath: /system/media/audio/ringtones/MildlyAlarming.ogg
02-09 18:35:20.279 I/MediaScanner(  533): doScanFile the temppath: /system/media/audio/ringtones/NewPlayer.ogg
02-09 18:35:20.359 I/MediaScanner(  533): doScanFile the temppath: /system/media/audio/ringtones/Noises1.ogg
02-09 18:35:20.409 I/MediaScanner(  533): doScanFile the temppath: /system/media/audio/ringtones/Noises2.ogg
02-09 18:35:20.469 I/ActivityThread(  789): Pub com.google.android.apps.plus.content.EsProvider: com.google.android.apps.plus.content.EsProvider
02-09 18:35:20.499 I/ActivityThread(  789): Pub com.google.android.apps.plus.content.ApiProvider: com.google.android.apps.plus.content.EsApiProvider
02-09 18:35:20.519 I/ActivityThread(  789): Pub com.google.android.apps.plus.content.EsGooglePhotoProvider: com.google.android.picasasync.PicasaContentProvider
02-09 18:35:20.660 I/ActivityThread(  789): Pub com.google.plus.platform: com.google.android.apps.plus.content.AdsProvider
02-09 18:35:20.710 I/MediaScanner(  533): doScanFile the temppath: /system/media/audio/ringtones/Noises3.ogg
02-09 18:35:20.760 D/UploadsManager(  789): load newPhotoTracker: null
02-09 18:35:20.760 D/UploadsManager(  789): load all accounts: null
02-09 18:35:20.760 D/UploadsManager(  789): load all account-album pairs: null
02-09 18:35:20.760 I/MediaScanner(  533): doScanFile the temppath: /system/media/audio/ringtones/OrganDub.ogg
02-09 18:35:20.780 I/MediaScanner(  533): doScanFile the temppath: /system/media/audio/ringtones/Ring_Classic_02.ogg
02-09 18:35:20.780 I/MediaScanner(  533): doScanFile the temppath: /system/media/audio/ringtones/Ring_Digital_02.ogg
02-09 18:35:20.790 I/MediaScanner(  533): doScanFile the temppath: /system/media/audio/ringtones/Ring_Synth_02.ogg
02-09 18:35:20.790 D/UploadsManager(  789):    settings not changed
02-09 18:35:20.850 I/MediaUploader(  758): No need to wake up
02-09 18:35:20.850 D/PicasaSync(  789): sync account database
02-09 18:35:20.890 I/MediaScanner(  533): doScanFile the temppath: /system/media/audio/ringtones/Ring_Synth_04.ogg
02-09 18:35:20.900 I/MediaScanner(  533): doScanFile the temppath: /system/media/audio/ringtones/RomancingTheTone.ogg
02-09 18:35:20.910 I/MediaScanner(  533): doScanFile the temppath: /system/media/audio/ringtones/SitarVsSitar.ogg
02-09 18:35:20.920 I/MediaScanner(  533): doScanFile the temppath: /system/media/audio/ringtones/SpringyJalopy.ogg
02-09 18:35:20.920 W/AlarmManager(  230): +++Alarm  wakeup phone ,pkg=com.facebook.katana
02-09 18:35:20.930 I/MediaScanner(  533): doScanFile the temppath: /system/media/audio/ringtones/Terminated.ogg
02-09 18:35:20.940 W/AlarmManager(  230): +++alarm onSendFinished ,action=com.facebook.katana.service.2
02-09 18:35:20.960 I/MediaScanner(  533): doScanFile the temppath: /system/media/audio/ringtones/TwirlAway.ogg
02-09 18:35:20.970 I/MediaScanner(  533): doScanFile the temppath: /system/media/audio/ringtones/VeryAlarmed.ogg
02-09 18:35:21.040 I/MediaScanner(  533): doScanFile the temppath: /system/media/audio/ringtones/World.ogg
02-09 18:35:21.110 I/MediaScanner(  533): doScanFile the temppath: /system/media/audio/ui/Dock.ogg
02-09 18:35:21.120 D/MediaScannerService(  533): IMediaScannerService.scanFile: /mnt/sdcard/Notifications/hangout_ringtone.m4a mimeType: null
02-09 18:35:21.140 D/OmaDrmReceiver(  595): android.intent.action.MEDIA_MOUNTED
02-09 18:35:21.140 I/MediaUploader(  758): No need to wake up
02-09 18:35:21.150 D/DrmStore(  595): EnableDrmStoreScanner=0
02-09 18:35:21.200 I/MediaScanner(  533): doScanFile the temppath: /system/media/audio/ui/Effect_Tick.ogg
02-09 18:35:21.210 I/MediaScanner(  533): doScanFile the temppath: /system/media/audio/ui/KeypressDelete.ogg
02-09 18:35:21.250 I/MediaScanner(  533): doScanFile the temppath: /system/media/audio/ui/KeypressReturn.ogg
02-09 18:35:21.260 I/ContactsProvider(  394): updateInTransaction: content://com.android.contacts/status_updates
02-09 18:35:21.310 I/ActivityThread(  809): Pub com.cooliris.picasa.contentprovider: com.cooliris.picasa.PicasaContentProvider
02-09 18:35:21.360 I/MediaScanner(  533): doScanFile the temppath: /system/media/audio/ui/KeypressSpacebar.ogg
02-09 18:35:21.470 I/MediaScanner(  533): doScanFile the temppath: /system/media/audio/ui/KeypressStandard.ogg
02-09 18:35:21.470 I/MediaScanner(  533): doScanFile the temppath: /system/media/audio/ui/Lock.ogg
02-09 18:35:21.480 D/Gallery3D(  809): [BootReceiver]: Got intent with action android.intent.action.MEDIA_MOUNTED
02-09 18:35:21.550 I/MediaScanner(  533): doScanFile the temppath: /system/media/audio/ui/LowBattery.ogg
02-09 18:35:21.630 I/MediaScanner(  533): doScanFile the temppath: /system/media/audio/ui/Undock.ogg
02-09 18:35:21.821 I/MediaScanner(  533): doScanFile the temppath: /system/media/audio/ui/Unlock.ogg
02-09 18:35:21.821 I/MediaScanner(  533): doScanFile the temppath: /system/media/audio/ui/VideoRecord.ogg
02-09 18:35:21.901 I/ActivityThread(  820): Pub com.google.android.music.MusicContent: com.google.android.music.store.MusicContentProvider
02-09 18:35:21.941 D/CdmaCellLocation(  734): [LPZ-GPS]mUseNetworkwireless=false
02-09 18:35:21.941 D/CdmaCellLocation(  734): [LPZ-GPS]BSId=-1
02-09 18:35:21.941 D/CdmaCellLocation(  734): [LPZ-GPS]BSLAT=2147483647
02-09 18:35:21.941 D/CdmaCellLocation(  734): [LPZ-GPS]BSLONG=2147483647
02-09 18:35:21.941 D/CdmaCellLocation(  734): [LPZ-GPS]SystemId=-1
02-09 18:35:21.941 D/CdmaCellLocation(  734): [LPZ-GPS]NetworkId=-1
02-09 18:35:22.001 D/AlarmManager(  230): +++Alarm set:type=2 com.google.android.apps.maps  Trigger after:-12084947ms
02-09 18:35:22.001 W/AlarmManager(  230): +++Alarm  wakeup phone ,pkg=com.google.android.apps.maps
02-09 18:35:22.031 D/AlarmManager(  230): +++Alarm set:type=2 com.google.android.apps.maps  Trigger after:4998ms
02-09 18:35:22.041 I/MediaScanner(  533): doScanFile the temppath: /system/media/audio/ui/camera_click.ogg
02-09 18:35:22.041 D/AlarmManager(  230): +++Alarm set:type=2 com.google.android.apps.maps  Trigger after:4985ms
02-09 18:35:22.051 I/MediaScanner(  533): doScanFile the temppath: /system/media/audio/ui/camera_click_2.ogg
02-09 18:35:22.051 I/GTalkService(  397): [GTalkConnection.28] (WORKER THREAD) update account status - done, took 2276 ms
02-09 18:35:22.051 I/MediaScanner(  533): doScanFile the temppath: /system/media/audio/ui/camera_click_3.ogg
02-09 18:35:22.051 I/GTalkService(  397): [GTalkConnection.28] (WORKER THREAD) update account status
02-09 18:35:22.061 D/AlarmManager(  230): +++Alarm set:type=0 com.android.providers.calendar  Trigger after:79258803ms
02-09 18:35:22.061 D/AlarmManager(  230): +++Alarm set:type=2 com.google.android.apps.maps  Trigger after:4993ms
02-09 18:35:22.071 D/TelephonyManager(  734): [LPZ-GPS]getCellLocation enter,usewireless=true
02-09 18:35:22.071 E/wpa_supplicant(  389): Ongoing Scan action...
02-09 18:35:22.071 D/CdmaCellLocation(  734): [LPZ-GPS]mUseNetworkwireless=true
02-09 18:35:22.071 D/CdmaCellLocation(  734): [LPZ-GPS]BSId=13058
02-09 18:35:22.071 D/CdmaCellLocation(  734): [LPZ-GPS]BSLAT=560304
02-09 18:35:22.071 D/CdmaCellLocation(  734): [LPZ-GPS]BSLONG=-1362999
02-09 18:35:22.071 D/CdmaCellLocation(  734): [LPZ-GPS]SystemId=4139
02-09 18:35:22.071 D/CdmaCellLocation(  734): [LPZ-GPS]NetworkId=41
02-09 18:35:22.081 D/AlarmManager(  230): +++Alarm set:type=2 com.google.android.apps.maps  Trigger after:4972ms
02-09 18:35:22.091 D/TelephonyManager(  734): [LPZ-GPS]getCellLocation enter,usewireless=true
02-09 18:35:22.091 I/MediaScanner(  533): doScanFile the temppath: /system/media/audio/ui/playtone1.ogg
02-09 18:35:22.101 D/CdmaCellLocation(  734): [LPZ-GPS]mUseNetworkwireless=true
02-09 18:35:22.101 I/MusicStore(  820): Database version: 37
02-09 18:35:22.101 D/CdmaCellLocation(  734): [LPZ-GPS]BSId=13058
02-09 18:35:22.101 D/CdmaCellLocation(  734): [LPZ-GPS]BSLAT=560304
02-09 18:35:22.101 D/PicasaSync(  789): accounts in DB=1
02-09 18:35:22.101 D/CdmaCellLocation(  734): [LPZ-GPS]BSLONG=-1362999
02-09 18:35:22.101 D/CdmaCellLocation(  734): [LPZ-GPS]SystemId=4139
02-09 18:35:22.101 D/CdmaCellLocation(  734): [LPZ-GPS]NetworkId=41
02-09 18:35:22.111 D/AlarmManager(  230): +++Alarm set:type=2 com.google.android.apps.maps  Trigger after:4941ms
02-09 18:35:22.121 I/MediaScanner(  533): doScanFile the temppath: /system/media/audio/ui/playtone2.ogg
02-09 18:35:22.131 D/TelephonyManager(  734): [LPZ-GPS]getCellLocation enter,usewireless=true
02-09 18:35:22.131 D/CdmaCellLocation(  734): [LPZ-GPS]mUseNetworkwireless=true
02-09 18:35:22.131 D/CdmaCellLocation(  734): [LPZ-GPS]BSId=13058
02-09 18:35:22.131 D/CdmaCellLocation(  734): [LPZ-GPS]BSLAT=560304
02-09 18:35:22.131 D/CdmaCellLocation(  734): [LPZ-GPS]BSLONG=-1362999
02-09 18:35:22.131 D/CdmaCellLocation(  734): [LPZ-GPS]SystemId=4139
02-09 18:35:22.131 D/CdmaCellLocation(  734): [LPZ-GPS]NetworkId=41
02-09 18:35:22.131 D/AlarmManager(  230): +++Alarm set:type=2 com.google.android.apps.maps  Trigger after:4918ms
02-09 18:35:22.131 I/MediaScanner(  533): doScanFile the temppath: /system/media/audio/ui/playtone3.ogg
02-09 18:35:22.131 D/MediaScanner(  533):  prescan time: 3274ms
02-09 18:35:22.131 I/AsyncCursor1:1(  820): Initialized for content://com.google.android.music.MusicContent/playlists, proj:_id#name, sel: 'null', args: null, order: null
02-09 18:35:22.151 I/MediaUploader(  758): No need to wake up
02-09 18:35:22.211 D/PicasaSyncManager(  789): active network: NetworkInfo: type: mobile[CDMA - EvDo rev. A], state: CONNECTED/CONNECTED, reason: radioTechnologyChanged, extra: (none), roaming: false, failover: false, isAvailable: true, isIpv4Connected: true, isIpv6Connected: false, ipv4Name: rmnet0, ipv6Name: null
02-09 18:35:22.271 D/MediaScanner(  533):     scan time: 5079ms
02-09 18:35:22.271 D/MediaScanner(  533): postscan time: 1ms
02-09 18:35:22.281 D/MediaScanner(  533):    total time: 8354ms
02-09 18:35:22.321 D/PicasaSyncManager(  789): background data: true
02-09 18:35:22.471 D/MediaScannerService(  533): done scanning volume internal
02-09 18:35:22.501 I/ContactsProvider(  394): updateInTransaction: content://com.android.contacts/status_updates
02-09 18:35:22.661 I/GTalkService(  397): [GTalkConnection.28] (WORKER THREAD) update account status - done, took 623 ms
02-09 18:35:22.661 I/GTalkService(  397): doConnect: start...
02-09 18:35:22.812 D/AlarmManager(  230): +++Alarm set:type=2 com.google.android.apps.maps  Trigger after:1794667ms
02-09 18:35:22.832 D/AlarmManager(  230): +++Alarm set:type=2 com.google.android.apps.maps  Trigger after:4214ms
02-09 18:35:22.842 W/AlarmManager(  230): +++alarm onSendFinished ,action=com.google.android.location.ALARM_WAKEUP_CACHE_UPDATER
02-09 18:35:22.852 D/Gallery3D(  809): [BootReceiver]: Got intent with action android.intent.action.MEDIA_SCANNER_FINISHED
02-09 18:35:22.852 D/AlarmManager(  230): +++Alarm set:type=2 com.google.android.apps.maps  Trigger after:85893158ms
02-09 18:35:22.892 D/MetricsUtils(  789): [QUERY content://com.google.android.apps.plus.content.EsGooglePhotoProvider/settings query-result:1 time:190]
02-09 18:35:22.912 D/PicasaSyncManager(  789): reject MetadataSyncTask (decidel@gmail.com) for wifi connection
02-09 18:35:22.912 D/PicasaSyncManager(  789): reject MetadataSyncTask (decidel@gmail.com) for wifi connection
02-09 18:35:22.922 I/MediaScanner(  533): doScanFile the temppath: /mnt/sdcard/Notifications/hangout_ringtone.m4a
02-09 18:35:22.942 E/PVMediaScanner(  533): processFile /mnt/sdcard/Notifications/hangout_ringtone.m4a mimeType: (null)
02-09 18:35:22.952 E/PVMediaScanner(  533): Start to test wheater the file is drm file = /mnt/sdcard/Notifications/hangout_ringtone.m4a
02-09 18:35:22.952 E/PVMediaScanner(  533): Start pfnDrmAPI_IsProtectedFile is good result =0
02-09 18:35:22.952 E/PVMediaScanner(  533): File is not a drm file.
02-09 18:35:22.952 E/PVMediaScanner(  533): parseMP4::parseMP4 returned
02-09 18:35:22.982 I/wpa_supplicant(  389): Selecting BSS from priority group 4
02-09 18:35:22.982 I/wpa_supplicant(  389): Try to find WPA-enabled AP
02-09 18:35:22.982 I/wpa_supplicant(  389): Selecting BSS from priority group 3
02-09 18:35:22.982 I/wpa_supplicant(  389): Try to find WPA-enabled AP
02-09 18:35:22.982 I/wpa_supplicant(  389): Selecting BSS from priority group 2
02-09 18:35:22.982 I/wpa_supplicant(  389): Try to find WPA-enabled AP
02-09 18:35:22.982 I/wpa_supplicant(  389): Selecting BSS from priority group 1
02-09 18:35:22.982 I/wpa_supplicant(  389): Try to find WPA-enabled AP
02-09 18:35:22.982 I/dun_service(  124): process rmnet event
02-09 18:35:22.982 I/dun_service(  124): Post event 4
02-09 18:35:22.982 I/dun_service(  124): received event: DUN_EVENT_RMNET_UP 
02-09 18:35:22.982 I/dun_service(  124): received event(DUN_EVENT_RMNET_UP) in state(DUN_STATE_USB_UNPLUG)
02-09 18:35:22.982 I/dun_service(  124): Ignoring the event DUN_EVENT_RMNET_UP in USB_UNPLUG_STATE
02-09 18:35:22.982 I/dun_service(  124): Moved to state(DUN_STATE_USB_UNPLUG)
02-09 18:35:22.982 D/WifiStateTracker(  230): setNotificationVisible() scanResult.SSID=Buy Goodyear Tires! Open? false
02-09 18:35:22.982 D/WifiStateTracker(  230): setNotificationVisible() scanResult.SSID=kodo Open? false
02-09 18:35:22.982 D/WifiStateTracker(  230): setNotificationVisible() scanResult.SSID=MGRM0bility Open? false
02-09 18:35:22.982 D/WifiStateTracker(  230): setNotificationVisible() visible=false mNotificationShown=false force=false return.
02-09 18:35:22.992 E/PVMediaScanner(  533): mp4 error code is (95).
02-09 18:35:23.002 E/PVMediaScanner(  533): mp4 drm brand is (1295270176).
02-09 18:35:23.002 E/PVMediaScanner(  533): mp4 drm count is (1).
02-09 18:35:23.002 E/PVMediaScanner(  533): mp4 MEDIA_TYPE_AUDIO  hasAudio.
02-09 18:35:23.002 E/PVMediaScanner(  533): mp4 error hasAudio is (1),hasVideo is 0
02-09 18:35:23.002 E/PVMediaScanner(  533): mp4 MEDIA_TYPE_VISUAL  brand = 0
02-09 18:35:23.002 E/PVMediaScanner(  533): mp4 audio/mp4 
02-09 18:35:23.002 E/MediaScanner(  533): mp4 drm  setMimeType mimeType is (audio/mp4).
02-09 18:35:23.002 E/MediaScanner(  533): mp4 drm  setMimeType ret is (1).
02-09 18:35:23.002 E/PVMediaScanner(  533): mp4 result is 1 
02-09 18:35:23.012 D/AlarmManager(  230): +++Alarm set:type=2 com.google.android.location  Trigger after:86378947ms
02-09 18:35:23.022 D/AlarmManager(  230): +++Alarm set:type=2 com.google.android.apps.maps  Trigger after:4023ms
02-09 18:35:23.032 I/System.out(  734): [INFO:3083]: c: Running flush
02-09 18:35:23.052 D/PicasaSyncManager(  789): battery info: false
02-09 18:35:23.052 D/PicasaSyncManager(  789): active network: NetworkInfo: type: mobile[CDMA - EvDo rev. A], state: CONNECTED/CONNECTED, reason: radioTechnologyChanged, extra: (none), roaming: false, failover: false, isAvailable: true, isIpv4Connected: true, isIpv6Connected: false, ipv4Name: rmnet0, ipv6Name: null
02-09 18:35:23.052 D/PicasaSyncManager(  789): background data: true
02-09 18:35:23.082 I/System.out(  734): [INFO:3132]: c: Sending payload [bytes=365]
02-09 18:35:23.152 D/MusicStore(  820): Database opened
02-09 18:35:23.232 D/MediaScannerService(  533): start scanning volume external
02-09 18:35:23.282 D/MediaStoreImportService(  820): Handle action: MediaStoreImportService.import_pending
02-09 18:35:23.292 D/MediaStoreImportService(  820): onDestroy
02-09 18:35:23.352 I/MediaScanner(  533): doScanFile the temppath: /mnt/sdcard/DCIM/100SSMED/SSPX0000.3G2
02-09 18:35:23.352 I/MediaScanner(  533): doScanFile the temppath: /mnt/sdcard/DCIM/100SSMED/SSPX0001.3G2
02-09 18:35:23.362 I/MediaScanner(  533): doScanFile the temppath: /mnt/sdcard/DCIM/100SSMED/SSPX0002.3G2
02-09 18:35:23.362 I/MediaScanner(  533): doScanFile the temppath: /mnt/sdcard/DCIM/100SSMED/SSPX0003.3G2
02-09 18:35:23.362 I/MediaScanner(  533): doScanFile the temppath: /mnt/sdcard/DCIM/100SSMED/SSPX0004.3G2
02-09 18:35:23.362 I/MediaScanner(  533): doScanFile the temppath: /mnt/sdcard/DCIM/100SSMED/SSPX0007.3G2
02-09 18:35:23.362 I/MediaScanner(  533): doScanFile the temppath: /mnt/sdcard/DCIM/100SSMED/SSPX0008.3G2
02-09 18:35:23.372 I/MediaScanner(  533): doScanFile the temppath: /mnt/sdcard/DCIM/100SSMED/SSPX0011.JPG
02-09 18:35:23.372 I/MediaScanner(  533): doScanFile the temppath: /mnt/sdcard/DCIM/100SSMED/SSPX0012.JPG
02-09 18:35:23.372 I/MediaScanner(  533): doScanFile the temppath: /mnt/sdcard/DCIM/100SSMED/SSPX0009.3G2
02-09 18:35:23.372 I/MediaScanner(  533): doScanFile the temppath: /mnt/sdcard/DCIM/100SSMED/SSPX0010.3G2
02-09 18:35:23.372 I/MediaScanner(  533): doScanFile the temppath: /mnt/sdcard/DCIM/100SSMED/SSPX0013.JPG
02-09 18:35:23.382 I/MediaScanner(  533): doScanFile the temppath: /mnt/sdcard/DCIM/100SSMED/SSPX0014.JPG
02-09 18:35:23.382 I/MediaScanner(  533): doScanFile the temppath: /mnt/sdcard/DCIM/100SSMED/SSPX0015.JPG
02-09 18:35:23.382 I/MediaScanner(  533): doScanFile the temppath: /mnt/sdcard/DCIM/100SSMED/SSPX0016.JPG
02-09 18:35:23.382 I/MediaScanner(  533): doScanFile the temppath: /mnt/sdcard/DCIM/100SSMED/SSPX0017.3G2
02-09 18:35:23.382 I/MediaScanner(  533): doScanFile the temppath: /mnt/sdcard/DCIM/100SSMED/SSPX0018.JPG
02-09 18:35:23.382 I/MediaScanner(  533): doScanFile the temppath: /mnt/sdcard/DCIM/100SSMED/SSPX0019.JPG
02-09 18:35:23.392 I/MediaScanner(  533): doScanFile the temppath: /mnt/sdcard/DCIM/100SSMED/SSPX0020.JPG
02-09 18:35:23.392 I/MediaScanner(  533): doScanFile the temppath: /mnt/sdcard/DCIM/100SSMED/SSPX0021.3G2
02-09 18:35:23.392 I/MediaScanner(  533): doScanFile the temppath: /mnt/sdcard/DCIM/100SSMED/SSPX0022.JPG
02-09 18:35:23.392 I/MediaScanner(  533): doScanFile the temppath: /mnt/sdcard/DCIM/100SSMED/SSPX0023.JPG
02-09 18:35:23.402 I/MediaScanner(  533): doScanFile the temppath: /mnt/sdcard/DCIM/100SSMED/SSPX0024.JPG
02-09 18:35:23.402 I/MediaScanner(  533): doScanFile the temppath: /mnt/sdcard/DCIM/100SSMED/SSPX0025.JPG
02-09 18:35:23.402 I/MediaScanner(  533): doScanFile the temppath: /mnt/sdcard/DCIM/100SSMED/SSPX0026.JPG
02-09 18:35:23.402 I/MediaScanner(  533): doScanFile the temppath: /mnt/sdcard/DCIM/100SSMED/SSPX0027.JPG
02-09 18:35:23.412 I/MediaScanner(  533): doScanFile the temppath: /mnt/sdcard/DCIM/100SSMED/SSPX0028.JPG
02-09 18:35:23.412 I/MediaScanner(  533): doScanFile the temppath: /mnt/sdcard/DCIM/100SSMED/SSPX0029.JPG
02-09 18:35:23.412 I/MediaScanner(  533): doScanFile the temppath: /mnt/sdcard/DCIM/100SSMED/SSPX0030.JPG
02-09 18:35:23.422 I/MediaScanner(  533): doScanFile the temppath: /mnt/sdcard/DCIM/100SSMED/SSPX0031.JPG
02-09 18:35:23.422 I/MediaScanner(  533): doScanFile the temppath: /mnt/sdcard/DCIM/100SSMED/SSPX0032.JPG
02-09 18:35:23.422 I/MediaScanner(  533): doScanFile the temppath: /mnt/sdcard/DCIM/100SSMED/SSPX0033.JPG
02-09 18:35:23.422 I/MediaScanner(  533): doScanFile the temppath: /mnt/sdcard/DCIM/100SSMED/SSPX0034.JPG
02-09 18:35:23.432 I/MediaScanner(  533): doScanFile the temppath: /mnt/sdcard/DCIM/100SSMED/SSPX0035.JPG
02-09 18:35:23.432 I/MediaScanner(  533): doScanFile the temppath: /mnt/sdcard/DCIM/100SSMED/SSPX0036.JPG
02-09 18:35:23.432 I/MediaScanner(  533): doScanFile the temppath: /mnt/sdcard/DCIM/100SSMED/SSPX0037.JPG
02-09 18:35:23.442 I/MediaScanner(  533): doScanFile the temppath: /mnt/sdcard/DCIM/100SSMED/SSPX0038.JPG
02-09 18:35:23.442 I/MediaScanner(  533): doScanFile the temppath: /mnt/sdcard/DCIM/100SSMED/SSPX0039.JPG
02-09 18:35:23.452 I/MediaScanner(  533): doScanFile the temppath: /mnt/sdcard/DCIM/Camera/IMG_20111214_192853.jpg
02-09 18:35:23.452 I/MediaScanner(  533): doScanFile the temppath: /mnt/sdcard/DCIM/Camera/IMG_20111228_171620.jpg
02-09 18:35:23.452 I/MediaScanner(  533): doScanFile the temppath: /mnt/sdcard/DCIM/Camera/IMG_20111228_171634.jpg
02-09 18:35:23.462 I/MediaScanner(  533): doScanFile the temppath: /mnt/sdcard/DCIM/Camera/IMG_20111228_171816.jpg
02-09 18:35:23.462 I/MediaScanner(  533): doScanFile the temppath: /mnt/sdcard/DCIM/Camera/IMG_20111228_171851.jpg
02-09 18:35:23.462 I/MediaScanner(  533): doScanFile the temppath: /mnt/sdcard/DCIM/Camera/IMG_20120202_164723.jpg
02-09 18:35:23.462 I/MediaScanner(  533): doScanFile the temppath: /mnt/sdcard/DCIM/Camera/IMG_20111228_171947.jpg
02-09 18:35:23.472 I/MediaScanner(  533): doScanFile the temppath: /mnt/sdcard/DCIM/Camera/IMG_20120205_184134.jpg
02-09 18:35:23.472 I/MediaScanner(  533): doScanFile the temppath: /mnt/sdcard/DCIM/Camera/IMG_20120205_184427.jpg
02-09 18:35:23.472 I/MediaScanner(  533): doScanFile the temppath: /mnt/sdcard/DCIM/Camera/IMG_20120208_091150.jpg
02-09 18:35:23.542 I/MediaScanner(  533): doScanFile the temppath: /mnt/sdcard/DCIM/Camera/IMG_20120205_184641.jpg
02-09 18:35:23.542 I/MediaScanner(  533): doScanFile the temppath: /mnt/sdcard/DCIM/Camera/IMG_20120205_184650.jpg
02-09 18:35:23.552 I/MediaScanner(  533): doScanFile the temppath: /mnt/sdcard/DCIM/Camera/IMG_20120208_105408.jpg
02-09 18:35:23.592 I/CheckinTask(  397): Sending checkin request (1308 bytes)
02-09 18:35:23.592 I/MediaScanner(  533): doScanFile the temppath: /mnt/sdcard/DCIM/Camera/Brandon_y_u_so_QR_Droid.png
02-09 18:35:23.592 I/MediaScanner(  533): doScanFile the temppath: /mnt/sdcard/DCIM/Camera/IMG_20120206_223047.jpg
02-09 18:35:23.592 I/MediaScanner(  533): doScanFile the temppath: /mnt/sdcard/DCIM/Camera/IMG_20120208_110200.jpg
02-09 18:35:23.702 I/MediaScanner(  533): doScanFile the temppath: /mnt/sdcard/DCIM/Camera/IMG_20120208_155542.jpg
02-09 18:35:23.823 I/MediaScanner(  533): doScanFile the temppath: /mnt/sdcard/DCIM/Camera/IMG_20120209_091354.jpg
02-09 18:35:23.923 I/MediaScanner(  533): doScanFile the temppath: /mnt/sdcard/download/RecordedMessage1.amr
02-09 18:35:23.923 I/MediaScanner(  533): doScanFile the temppath: /mnt/sdcard/download/RecordedMessage2.amr
02-09 18:35:23.923 I/MediaScanner(  533): doScanFile the temppath: /mnt/sdcard/download/RecordedMessage1-1.amr
02-09 18:35:23.923 I/MediaScanner(  533): doScanFile the temppath: /mnt/sdcard/download/RecordedMessage1-2.amr
02-09 18:35:23.923 I/MediaScanner(  533): doScanFile the temppath: /mnt/sdcard/download/378964_2629079119276_1024278583_32259313_1827078327_n.jpg
02-09 18:35:23.933 I/MediaScanner(  533): doScanFile the temppath: /mnt/sdcard/download/387203_2496428683098_1024278583_32210847_1187735892_n.jpg
02-09 18:35:23.933 I/MediaScanner(  533): doScanFile the temppath: /mnt/sdcard/download/390966_10150448324446855_653361854_8441084_1378165890_n.jpg
02-09 18:35:23.933 I/MediaScanner(  533): doScanFile the temppath: /mnt/sdcard/recordings/20111216201543.amr
02-09 18:35:23.933 I/MediaScanner(  533): doScanFile the temppath: /mnt/sdcard/recordings/20120208160047.amr
02-09 18:35:23.943 I/MediaScanner(  533): doScanFile the temppath: /mnt/sdcard/Notifications/hangout_ringtone.m4a
02-09 18:35:23.963 E/PVMediaScanner(  533): processFile /mnt/sdcard/Notifications/hangout_ringtone.m4a mimeType: (null)
02-09 18:35:23.963 E/PVMediaScanner(  533): Start to test wheater the file is drm file = /mnt/sdcard/Notifications/hangout_ringtone.m4a
02-09 18:35:23.963 E/PVMediaScanner(  533): Start pfnDrmAPI_IsProtectedFile is good result =0
02-09 18:35:23.973 E/PVMediaScanner(  533): File is not a drm file.
02-09 18:35:23.973 E/PVMediaScanner(  533): parseMP4::parseMP4 returned
02-09 18:35:23.973 E/PVMediaScanner(  533): mp4 error code is (95).
02-09 18:35:24.013 E/PVMediaScanner(  533): mp4 drm brand is (1295270176).
02-09 18:35:24.013 E/PVMediaScanner(  533): mp4 drm count is (1).
02-09 18:35:24.013 E/PVMediaScanner(  533): mp4 MEDIA_TYPE_AUDIO  hasAudio.
02-09 18:35:24.013 E/PVMediaScanner(  533): mp4 error hasAudio is (1),hasVideo is 0
02-09 18:35:24.013 E/PVMediaScanner(  533): mp4 MEDIA_TYPE_VISUAL  brand = 0
02-09 18:35:24.013 E/PVMediaScanner(  533): mp4 audio/mp4 
02-09 18:35:24.013 E/MediaScanner(  533): mp4 drm  setMimeType mimeType is (audio/mp4).
02-09 18:35:24.013 E/MediaScanner(  533): mp4 drm  setMimeType ret is (1).
02-09 18:35:24.013 E/PVMediaScanner(  533): mp4 result is 1 
02-09 18:35:24.063 I/MediaScanner(  533): doScanFile the temppath: /mnt/sdcard/bluetooth/04 10,000 Reasons (Bless the Lord).mp3
02-09 18:35:24.063 I/MediaScanner(  533): doScanFile the temppath: /mnt/sdcard/bluetooth/01 FOSS.mp3
02-09 18:35:24.063 I/MediaScanner(  533): doScanFile the temppath: /mnt/sdcard/bluetooth/02 1000 miles.mp3
02-09 18:35:24.063 I/MediaScanner(  533): doScanFile the temppath: /mnt/sdcard/bluetooth/03 pink rolex.mp3
02-09 18:35:24.073 I/MediaScanner(  533): doScanFile the temppath: /mnt/sdcard/bluetooth/04 melt.mp3
02-09 18:35:24.073 I/MediaScanner(  533): doScanFile the temppath: /mnt/sdcard/bluetooth/05 tonight.mp3
02-09 18:35:24.073 I/MediaScanner(  533): doScanFile the temppath: /mnt/sdcard/bluetooth/06 polyrhythm winter.mp3
02-09 18:35:24.073 I/MediaScanner(  533): doScanFile the temppath: /mnt/sdcard/bluetooth/07 狂.mp3
02-09 18:35:24.073 I/MediaScanner(  533): doScanFile the temppath: /mnt/sdcard/bluetooth/08 eighty six.mp3
02-09 18:35:24.073 I/MediaScanner(  533): doScanFile the temppath: /mnt/sdcard/bluetooth/09 crying.mp3
02-09 18:35:24.073 I/MediaScanner(  533): doScanFile the temppath: /mnt/sdcard/bluetooth/10 mimic.mp3
02-09 18:35:24.073 I/MediaScanner(  533): doScanFile the temppath: /mnt/sdcard/bluetooth/11 1-4.mp3
02-09 18:35:24.073 I/MediaScanner(  533): doScanFile the temppath: /mnt/sdcard/bluetooth/12 GSMD.mp3
02-09 18:35:24.073 I/MediaScanner(  533): doScanFile the temppath: /mnt/sdcard/bluetooth/13 temptation.mp3
02-09 18:35:24.083 I/MediaScanner(  533): doScanFile the temppath: /mnt/sdcard/bluetooth/14 give up - 日本盤 Bonus Track -.mp3
02-09 18:35:24.083 I/MediaScanner(  533): doScanFile the temppath: /mnt/sdcard/bluetooth/15 empty mind - 日本盤 Bonus Track -.mp3
02-09 18:35:24.103 I/MediaScanner(  533): doScanFile the temppath: /mnt/sdcard/media/audio/notifications/facebook_ringtone_pop.m4a
02-09 18:35:24.103 I/MediaScanner(  533): doScanFile the temppath: /mnt/sdcard/QrDroid/Brandon_y_u_so_QR_Droid.png
02-09 18:35:24.113 I/MediaScanner(  533): doScanFile the temppath: /mnt/sdcard/QrDroid/tmp/QR_Droid_86567.png
02-09 18:35:24.113 I/MediaScanner(  533): doScanFile the temppath: /mnt/sdcard/QrDroid/tmp/QR_Droid_14960.png
02-09 18:35:24.113 I/MediaScanner(  533): doScanFile the temppath: /mnt/sdcard/QrDroid/tmp/QR_Droid_78866.png
02-09 18:35:24.113 I/MediaScanner(  533): doScanFile the temppath: /mnt/sdcard/Nicholas Seron/Audio Files/Project 3.wav
02-09 18:35:24.113 I/MediaScanner(  533): doScanFile the temppath: /mnt/sdcard/Nicholas Seron/Audio Files/._Project 3.wav
02-09 18:35:24.183 I/MediaScanner(  533): doScanFile the temppath: /mnt/sdcard/JCCC Music Composition/._BlaBlaBlaHuaa.mp3
02-09 18:35:24.183 I/MediaScanner(  533): doScanFile the temppath: /mnt/sdcard/JCCC Music Composition/._Brandon Smith Project II 1.mp3
02-09 18:35:24.183 I/MediaScanner(  533): doScanFile the temppath: /mnt/sdcard/JCCC Music Composition/._Swamps of Light.mp3
02-09 18:35:24.183 I/MediaScanner(  533): doScanFile the temppath: /mnt/sdcard/JCCC Music Composition/BlaBlaBlaHuaa.mp3
02-09 18:35:24.183 I/MediaScanner(  533): doScanFile the temppath: /mnt/sdcard/JCCC Music Composition/Brandon Smith Project II 1.mp3
02-09 18:35:24.193 I/MediaScanner(  533): doScanFile the temppath: /mnt/sdcard/JCCC Music Composition/Swamps of Light.mp3
02-09 18:35:24.193 I/MediaScanner(  533): doScanFile the temppath: /mnt/sdcard/05 If you don't know what to do just -by- C418.mp3
02-09 18:35:24.193 I/MediaScanner(  533): doScanFile the temppath: /mnt/sdcard/01 Too Soon -by- Benjamin Briggs.mp3
02-09 18:35:24.193 I/MediaScanner(  533): doScanFile the temppath: /mnt/sdcard/02 Shine -by- Mint Julep.mp3
02-09 18:35:24.193 I/MediaScanner(  533): doScanFile the temppath: /mnt/sdcard/03 Seagulls Screaming Kiss Her, Kiss -by- Dead Child Star.mp3
02-09 18:35:24.193 I/MediaScanner(  533): doScanFile the temppath: /mnt/sdcard/04 A lot of People Cutting Grass on -by- Lullatone.mp3
02-09 18:35:24.193 I/MediaScanner(  533): doScanFile the temppath: /mnt/sdcard/06 Miss It So Much -by- Röyksopp.mp3
02-09 18:35:24.193 I/MediaScanner(  533): doScanFile the temppath: /mnt/sdcard/07 Invisible Waves -by- Mint Julep.mp3
02-09 18:35:24.193 I/MediaScanner(  533): doScanFile the temppath: /mnt/sdcard/08 No but Yes -by- C418.mp3
02-09 18:35:24.193 I/MediaScanner(  533): doScanFile the temppath: /mnt/sdcard/09 Ah, It Was in the Garage After Al -by- Lullatone.mp3
02-09 18:35:24.193 I/MediaScanner(  533): doScanFile the temppath: /mnt/sdcard/10 depado -by- C418.mp3
02-09 18:35:24.193 D/MediaScanner(  533):  prescan time: 89ms
02-09 18:35:24.203 D/MediaScanner(  533):     scan time: 845ms
02-09 18:35:24.203 D/MediaScanner(  533): postscan time: 2ms
02-09 18:35:24.203 D/MediaScanner(  533):    total time: 936ms
02-09 18:35:24.203 D/Gallery3D(  809): [BootReceiver]: Got intent with action android.intent.action.MEDIA_SCANNER_FINISHED
