02-09 18:35:01.981 D/CdmaCellLocation(  397): [LPZ-GPS]BSId=13058
02-09 18:35:01.981 D/CdmaCellLocation(  397): [LPZ-GPS]BSLAT=560304
02-09 18:35:01.981 D/CdmaCellLocation(  397): [LPZ-GPS]BSLONG=-1362999
02-09 18:35:01.981 D/CdmaCellLocation(  397): [LPZ-GPS]SystemId=4139
02-09 18:35:01.981 D/CdmaCellLocation(  397): [LPZ-GPS]NetworkId=41
02-09 18:35:02.001 D/MobileDataStateTracker(  230): [hipri]  MobileDataStateReceiver onReceive(): Entry.
02-09 18:35:02.001 D/MobileDataStateTracker(  230): [hipri]  intent.getAction()= android.intent.action.ANY_DATA_STATE
02-09 18:35:02.001 D/MobileDataStateTracker(  230): [hipri]  mEnabled = false
02-09 18:35:02.141 D/AlarmManager(  230): +++Alarm set:type=2 com.google.android.location  Trigger after:4815ms
02-09 18:35:02.151 D/MobileDataStateTracker(  230): [hipri]  apnTypeList = default
02-09 18:35:02.151 D/MobileDataStateTracker(  230): [hipri]  unavailable = false
02-09 18:35:02.151 D/MobileDataStateTracker(  230): [hipri] Do not process intents if disabled.
02-09 18:35:02.151 D/MobileDataStateTracker(  230): [dun]  MobileDataStateReceiver onReceive(): Entry.
02-09 18:35:02.151 D/MobileDataStateTracker(  230): [dun]  intent.getAction()= android.intent.action.ANY_DATA_STATE
02-09 18:35:02.151 D/MobileDataStateTracker(  230): [dun]  mEnabled = false
02-09 18:35:02.151 D/MobileDataStateTracker(  230): [dun]  apnTypeList = default
02-09 18:35:02.151 D/MobileDataStateTracker(  230): [dun]  unavailable = false
02-09 18:35:02.151 D/MobileDataStateTracker(  230): [dun] Do not process intents if disabled.
02-09 18:35:02.151 D/MobileDataStateTracker(  230): [supl]  MobileDataStateReceiver onReceive(): Entry.
02-09 18:35:02.151 D/MobileDataStateTracker(  230): [supl]  intent.getAction()= android.intent.action.ANY_DATA_STATE
02-09 18:35:02.151 D/MobileDataStateTracker(  230): [supl]  mEnabled = false
02-09 18:35:02.161 D/MobileDataStateTracker(  230): [supl]  apnTypeList = default
02-09 18:35:02.161 D/MobileDataStateTracker(  230): [supl]  unavailable = false
02-09 18:35:02.161 D/MobileDataStateTracker(  230): [supl] Do not process intents if disabled.
02-09 18:35:02.161 D/MobileDataStateTracker(  230): [mms]  MobileDataStateReceiver onReceive(): Entry.
02-09 18:35:02.161 D/MobileDataStateTracker(  230): [mms]  intent.getAction()= android.intent.action.ANY_DATA_STATE
02-09 18:35:02.161 D/MobileDataStateTracker(  230): [mms]  mEnabled = false
02-09 18:35:02.161 D/MobileDataStateTracker(  230): [mms]  apnTypeList = default
02-09 18:35:02.172 D/CallManager(  346):  handleMessage (EVENT_SERVICE_STATE_CHANGED)
02-09 18:35:02.172 E/BT HS/HF(  346): SERVICE_STATE_CHANGED called
02-09 18:35:02.172 E/BT HS/HF(  346): updateServiceState called, sendUpdate:false  ServiceState:0 home Sprint  310099  1xRTT CSS not supported 41 4139RoamInd: 1RoamStatus(sprint): 1DefRoamInd: 160EmergOnly: false
02-09 18:35:02.172 E/BT HS/HF(  346): service:1 mService:1
02-09 18:35:02.172 D/DATA    (  346): [DSST(0)]  registrationState = 1  radioTechnology = 6 reasonForDenial = 0
02-09 18:35:02.172 D/DATA    (  346): [DSST(0)]  set mNewDataConnectionState = 0
02-09 18:35:02.172 D/DATA    (  346): [DSST(0)]  mNewDataConnectionState : 0  mDataConnectionState : 0
02-09 18:35:02.172 D/DATA    (  346): [DSST(0)] Poll ServiceState done: oldSS=[0 home null null null  1xRTT CSS not supported -1 -1RoamInd: -1RoamStatus(sprint): -1DefRoamInd: -1EmergOnly: false] newSS=[0 home null null null  1xRTT CSS not supported -1 -1RoamInd: -1RoamStatus(sprint): -1DefRoamInd: -1EmergOnly: false]
02-09 18:35:02.172 D/DATA    (  346): [DSST(0)]  mDataConnectionState = 0
02-09 18:35:02.172 D/MobileDataStateTracker(  230): [mms]  unavailable = false
02-09 18:35:02.172 D/MobileDataStateTracker(  230): [mms] Do not process intents if disabled.
02-09 18:35:02.172 D/MobileDataStateTracker(  230): [default]  MobileDataStateReceiver onReceive(): Entry.
02-09 18:35:02.172 D/MobileDataStateTracker(  230): [default]  intent.getAction()= android.intent.action.ANY_DATA_STATE
02-09 18:35:02.172 D/MobileDataStateTracker(  230): [default]  mEnabled = true
02-09 18:35:02.182 D/MobileDataStateTracker(  230): [default]  apnTypeList = default
02-09 18:35:02.182 D/MobileDataStateTracker(  230): [default]  unavailable = false
02-09 18:35:02.182 D/MobileDataStateTracker(  230): [default] CALL updateMobileInfoFromIntent
02-09 18:35:02.182 I/MobileDataStateTracker(  230): [default] dc state change intent received for default/INET with state  CONNECTING. enabled=true state change reason = radioTechnologyChanged
02-09 18:35:02.182 I/MobileDataStateTracker(  230): [default] old state = CONNECTING
02-09 18:35:02.182 I/MobileDataStateTracker(  230): [default] no change,  just return
02-09 18:35:02.182 D/MobileDataStateTracker(  230): [default] No need to update detailed state
02-09 18:35:02.182 D/MobileDataStateTracker(  230): [hipri]  MobileDataStateReceiver onReceive(): Entry.
02-09 18:35:02.182 D/MobileDataStateTracker(  230): [hipri]  intent.getAction()= android.intent.action.ANY_DATA_STATE
02-09 18:35:02.182 D/MobileDataStateTracker(  230): [hipri]  mEnabled = false
02-09 18:35:02.192 D/MobileDataStateTracker(  230): [hipri]  apnTypeList = default
02-09 18:35:02.192 D/MobileDataStateTracker(  230): [hipri]  unavailable = false
02-09 18:35:02.192 D/MobileDataStateTracker(  230): [hipri] Do not process intents if disabled.
02-09 18:35:02.192 D/MobileDataStateTracker(  230): [dun]  MobileDataStateReceiver onReceive(): Entry.
02-09 18:35:02.192 D/MobileDataStateTracker(  230): [dun]  intent.getAction()= android.intent.action.ANY_DATA_STATE
02-09 18:35:02.192 D/MobileDataStateTracker(  230): [dun]  mEnabled = false
02-09 18:35:02.192 D/MobileDataStateTracker(  230): [dun]  apnTypeList = default
02-09 18:35:02.192 D/MobileDataStateTracker(  230): [dun]  unavailable = false
02-09 18:35:02.192 D/MobileDataStateTracker(  230): [dun] Do not process intents if disabled.
02-09 18:35:02.192 D/MobileDataStateTracker(  230): [supl]  MobileDataStateReceiver onReceive(): Entry.
02-09 18:35:02.192 D/MobileDataStateTracker(  230): [supl]  intent.getAction()= android.intent.action.ANY_DATA_STATE
02-09 18:35:02.192 D/MobileDataStateTracker(  230): [supl]  mEnabled = false
02-09 18:35:02.202 D/MobileDataStateTracker(  230): [supl]  apnTypeList = default
02-09 18:35:02.202 D/MobileDataStateTracker(  230): [supl]  unavailable = false
02-09 18:35:02.202 D/MobileDataStateTracker(  230): [supl] Do not process intents if disabled.
02-09 18:35:02.202 D/MobileDataStateTracker(  230): [mms]  MobileDataStateReceiver onReceive(): Entry.
02-09 18:35:02.202 D/MobileDataStateTracker(  230): [mms]  intent.getAction()= android.intent.action.ANY_DATA_STATE
02-09 18:35:02.202 D/MobileDataStateTracker(  230): [mms]  mEnabled = false
02-09 18:35:02.202 D/MobileDataStateTracker(  230): [mms]  apnTypeList = default
02-09 18:35:02.202 D/MobileDataStateTracker(  230): [mms]  unavailable = false
02-09 18:35:02.202 D/MobileDataStateTracker(  230): [mms] Do not process intents if disabled.
02-09 18:35:02.202 D/MobileDataStateTracker(  230): [default]  MobileDataStateReceiver onReceive(): Entry.
02-09 18:35:02.202 D/MobileDataStateTracker(  230): [default]  intent.getAction()= android.intent.action.ANY_DATA_STATE
02-09 18:35:02.202 D/MobileDataStateTracker(  230): [default]  mEnabled = true
02-09 18:35:02.202 D/MobileDataStateTracker(  230): [default]  apnTypeList = default
02-09 18:35:02.202 D/MobileDataStateTracker(  230): [default]  unavailable = false
02-09 18:35:02.202 D/MobileDataStateTracker(  230): [default] CALL updateMobileInfoFromIntent
02-09 18:35:02.202 I/MobileDataStateTracker(  230): [default] dc state change intent received for default/INET6 with state  DISCONNECTED. enabled=true state change reason = radioTechnologyChanged
02-09 18:35:02.202 I/MobileDataStateTracker(  230): [default] old state = DISCONNECTED
02-09 18:35:02.202 I/MobileDataStateTracker(  230): [default] no change,  just return
02-09 18:35:02.202 D/MobileDataStateTracker(  230): [default] No need to update detailed state
02-09 18:35:02.202 D/MobileDataStateTracker(  230): [hipri]  MobileDataStateReceiver onReceive(): Entry.
02-09 18:35:02.212 D/MobileDataStateTracker(  230): [hipri]  intent.getAction()= android.intent.action.ANY_DATA_STATE
02-09 18:35:02.212 D/MobileDataStateTracker(  230): [hipri]  mEnabled = false
02-09 18:35:02.222 D/MobileDataStateTracker(  230): [hipri]  apnTypeList = mms
02-09 18:35:02.222 D/MobileDataStateTracker(  230): [hipri]  unavailable = false
02-09 18:35:02.222 D/MobileDataStateTracker(  230): [hipri] Do not process intents if disabled.
02-09 18:35:02.222 D/MobileDataStateTracker(  230): [dun]  MobileDataStateReceiver onReceive(): Entry.
02-09 18:35:02.222 D/MobileDataStateTracker(  230): [dun]  intent.getAction()= android.intent.action.ANY_DATA_STATE
02-09 18:35:02.222 D/MobileDataStateTracker(  230): [dun]  mEnabled = false
02-09 18:35:02.222 D/MobileDataStateTracker(  230): [dun]  apnTypeList = mms
02-09 18:35:02.222 D/MobileDataStateTracker(  230): [dun]  unavailable = false
02-09 18:35:02.222 D/MobileDataStateTracker(  230): [dun] Do not process intents if disabled.
02-09 18:35:02.222 D/MobileDataStateTracker(  230): [supl]  MobileDataStateReceiver onReceive(): Entry.
02-09 18:35:02.222 D/MobileDataStateTracker(  230): [supl]  intent.getAction()= android.intent.action.ANY_DATA_STATE
02-09 18:35:02.222 D/MobileDataStateTracker(  230): [supl]  mEnabled = false
02-09 18:35:02.222 D/MobileDataStateTracker(  230): [supl]  apnTypeList = mms
02-09 18:35:02.222 D/MobileDataStateTracker(  230): [supl]  unavailable = false
02-09 18:35:02.222 D/MobileDataStateTracker(  230): [supl] Do not process intents if disabled.
02-09 18:35:02.222 D/MobileDataStateTracker(  230): [mms]  MobileDataStateReceiver onReceive(): Entry.
02-09 18:35:02.222 D/MobileDataStateTracker(  230): [mms]  intent.getAction()= android.intent.action.ANY_DATA_STATE
02-09 18:35:02.222 D/MobileDataStateTracker(  230): [mms]  mEnabled = false
02-09 18:35:02.222 D/MobileDataStateTracker(  230): [mms]  apnTypeList = mms
02-09 18:35:02.222 D/MobileDataStateTracker(  230): [mms]  unavailable = false
02-09 18:35:02.222 D/MobileDataStateTracker(  230): [mms] Do not process intents if disabled.
02-09 18:35:02.222 D/MobileDataStateTracker(  230): [default]  MobileDataStateReceiver onReceive(): Entry.
02-09 18:35:02.222 D/MobileDataStateTracker(  230): [default]  intent.getAction()= android.intent.action.ANY_DATA_STATE
02-09 18:35:02.222 D/MobileDataStateTracker(  230): [default]  mEnabled = true
02-09 18:35:02.232 D/MobileDataStateTracker(  230): [default]  apnTypeList = mms
02-09 18:35:02.232 D/MobileDataStateTracker(  230): [default]  unavailable = false
02-09 18:35:02.232 D/MobileDataStateTracker(  230): [default] not what we are looking for.
02-09 18:35:02.232 D/MobileDataStateTracker(  230): [hipri]  MobileDataStateReceiver onReceive(): Entry.
02-09 18:35:02.232 D/MobileDataStateTracker(  230): [hipri]  intent.getAction()= android.intent.action.ANY_DATA_STATE
02-09 18:35:02.232 D/MobileDataStateTracker(  230): [hipri]  mEnabled = false
02-09 18:35:02.232 D/MobileDataStateTracker(  230): [hipri]  apnTypeList = mms
02-09 18:35:02.232 D/MobileDataStateTracker(  230): [hipri]  unavailable = false
02-09 18:35:02.232 D/MobileDataStateTracker(  230): [hipri] Do not process intents if disabled.
02-09 18:35:02.232 D/MobileDataStateTracker(  230): [dun]  MobileDataStateReceiver onReceive(): Entry.
02-09 18:35:02.232 D/MobileDataStateTracker(  230): [dun]  intent.getAction()= android.intent.action.ANY_DATA_STATE
02-09 18:35:02.232 D/MobileDataStateTracker(  230): [dun]  mEnabled = false
02-09 18:35:02.232 D/MobileDataStateTracker(  230): [dun]  apnTypeList = mms
02-09 18:35:02.232 D/MobileDataStateTracker(  230): [dun]  unavailable = false
02-09 18:35:02.232 D/MobileDataStateTracker(  230): [dun] Do not process intents if disabled.
02-09 18:35:02.232 D/MobileDataStateTracker(  230): [supl]  MobileDataStateReceiver onReceive(): Entry.
02-09 18:35:02.232 D/MobileDataStateTracker(  230): [supl]  intent.getAction()= android.intent.action.ANY_DATA_STATE
02-09 18:35:02.232 D/MobileDataStateTracker(  230): [supl]  mEnabled = false
02-09 18:35:02.242 D/MobileDataStateTracker(  230): [supl]  apnTypeList = mms
02-09 18:35:02.242 D/MobileDataStateTracker(  230): [supl]  unavailable = false
02-09 18:35:02.242 D/MobileDataStateTracker(  230): [supl] Do not process intents if disabled.
02-09 18:35:02.242 D/MobileDataStateTracker(  230): [mms]  MobileDataStateReceiver onReceive(): Entry.
02-09 18:35:02.242 D/MobileDataStateTracker(  230): [mms]  intent.getAction()= android.intent.action.ANY_DATA_STATE
02-09 18:35:02.242 D/MobileDataStateTracker(  230): [mms]  mEnabled = false
02-09 18:35:02.242 D/MobileDataStateTracker(  230): [mms]  apnTypeList = mms
02-09 18:35:02.242 D/MobileDataStateTracker(  230): [mms]  unavailable = false
02-09 18:35:02.242 D/MobileDataStateTracker(  230): [mms] Do not process intents if disabled.
02-09 18:35:02.242 D/MobileDataStateTracker(  230): [default]  MobileDataStateReceiver onReceive(): Entry.
02-09 18:35:02.242 D/MobileDataStateTracker(  230): [default]  intent.getAction()= android.intent.action.ANY_DATA_STATE
02-09 18:35:02.242 D/MobileDataStateTracker(  230): [default]  mEnabled = true
02-09 18:35:02.242 D/MobileDataStateTracker(  230): [default]  apnTypeList = mms
02-09 18:35:02.242 D/MobileDataStateTracker(  230): [default]  unavailable = false
02-09 18:35:02.242 D/MobileDataStateTracker(  230): [default] not what we are looking for.
02-09 18:35:02.242 D/MobileDataStateTracker(  230): [hipri]  MobileDataStateReceiver onReceive(): Entry.
02-09 18:35:02.242 D/MobileDataStateTracker(  230): [hipri]  intent.getAction()= android.intent.action.ANY_DATA_STATE
02-09 18:35:02.242 D/MobileDataStateTracker(  230): [hipri]  mEnabled = false
02-09 18:35:02.242 D/MobileDataStateTracker(  230): [hipri]  apnTypeList = supl
02-09 18:35:02.242 D/MobileDataStateTracker(  230): [hipri]  unavailable = false
02-09 18:35:02.242 D/MobileDataStateTracker(  230): [hipri] Do not process intents if disabled.
02-09 18:35:02.242 D/MobileDataStateTracker(  230): [dun]  MobileDataStateReceiver onReceive(): Entry.
02-09 18:35:02.242 D/MobileDataStateTracker(  230): [dun]  intent.getAction()= android.intent.action.ANY_DATA_STATE
02-09 18:35:02.242 D/MobileDataStateTracker(  230): [dun]  mEnabled = false
02-09 18:35:02.242 D/MobileDataStateTracker(  230): [dun]  apnTypeList = supl
02-09 18:35:02.242 D/MobileDataStateTracker(  230): [dun]  unavailable = false
02-09 18:35:02.242 D/MobileDataStateTracker(  230): [dun] Do not process intents if disabled.
02-09 18:35:02.242 D/MobileDataStateTracker(  230): [supl]  MobileDataStateReceiver onReceive(): Entry.
02-09 18:35:02.242 D/MobileDataStateTracker(  230): [supl]  intent.getAction()= android.intent.action.ANY_DATA_STATE
02-09 18:35:02.242 D/MobileDataStateTracker(  230): [supl]  mEnabled = false
02-09 18:35:02.272 D/MobileDataStateTracker(  230): [supl]  apnTypeList = supl
02-09 18:35:02.272 D/MobileDataStateTracker(  230): [supl]  unavailable = false
02-09 18:35:02.272 D/MobileDataStateTracker(  230): [supl] Do not process intents if disabled.
02-09 18:35:02.272 D/MobileDataStateTracker(  230): [mms]  MobileDataStateReceiver onReceive(): Entry.
02-09 18:35:02.272 D/MobileDataStateTracker(  230): [mms]  intent.getAction()= android.intent.action.ANY_DATA_STATE
02-09 18:35:02.272 D/MobileDataStateTracker(  230): [mms]  mEnabled = false
02-09 18:35:02.272 D/MobileDataStateTracker(  230): [mms]  apnTypeList = supl
02-09 18:35:02.272 D/MobileDataStateTracker(  230): [mms]  unavailable = false
02-09 18:35:02.272 D/MobileDataStateTracker(  230): [mms] Do not process intents if disabled.
02-09 18:35:02.272 D/MobileDataStateTracker(  230): [default]  MobileDataStateReceiver onReceive(): Entry.
02-09 18:35:02.272 D/MobileDataStateTracker(  230): [default]  intent.getAction()= android.intent.action.ANY_DATA_STATE
02-09 18:35:02.272 D/MobileDataStateTracker(  230): [default]  mEnabled = true
02-09 18:35:02.272 D/MobileDataStateTracker(  230): [default]  apnTypeList = supl
02-09 18:35:02.272 D/MobileDataStateTracker(  230): [default]  unavailable = false
02-09 18:35:02.272 D/MobileDataStateTracker(  230): [default] not what we are looking for.
02-09 18:35:02.272 D/MobileDataStateTracker(  230): [hipri]  MobileDataStateReceiver onReceive(): Entry.
02-09 18:35:02.272 D/MobileDataStateTracker(  230): [hipri]  intent.getAction()= android.intent.action.ANY_DATA_STATE
02-09 18:35:02.272 D/MobileDataStateTracker(  230): [hipri]  mEnabled = false
02-09 18:35:02.282 D/MobileDataStateTracker(  230): [hipri]  apnTypeList = supl
02-09 18:35:02.282 D/MobileDataStateTracker(  230): [hipri]  unavailable = false
02-09 18:35:02.282 D/MobileDataStateTracker(  230): [hipri] Do not process intents if disabled.
02-09 18:35:02.282 D/MobileDataStateTracker(  230): [dun]  MobileDataStateReceiver onReceive(): Entry.
02-09 18:35:02.282 D/MobileDataStateTracker(  230): [dun]  intent.getAction()= android.intent.action.ANY_DATA_STATE
02-09 18:35:02.282 D/MobileDataStateTracker(  230): [dun]  mEnabled = false
02-09 18:35:02.282 D/MobileDataStateTracker(  230): [dun]  apnTypeList = supl
02-09 18:35:02.282 D/MobileDataStateTracker(  230): [dun]  unavailable = false
02-09 18:35:02.282 D/MobileDataStateTracker(  230): [dun] Do not process intents if disabled.
02-09 18:35:02.282 D/MobileDataStateTracker(  230): [supl]  MobileDataStateReceiver onReceive(): Entry.
02-09 18:35:02.282 D/MobileDataStateTracker(  230): [supl]  intent.getAction()= android.intent.action.ANY_DATA_STATE
02-09 18:35:02.282 D/MobileDataStateTracker(  230): [supl]  mEnabled = false
02-09 18:35:02.282 D/MobileDataStateTracker(  230): [supl]  apnTypeList = supl
02-09 18:35:02.282 D/MobileDataStateTracker(  230): [supl]  unavailable = false
02-09 18:35:02.282 D/MobileDataStateTracker(  230): [supl] Do not process intents if disabled.
02-09 18:35:02.282 D/MobileDataStateTracker(  230): [mms]  MobileDataStateReceiver onReceive(): Entry.
02-09 18:35:02.292 D/MobileDataStateTracker(  230): [mms]  intent.getAction()= android.intent.action.ANY_DATA_STATE
02-09 18:35:02.292 D/MobileDataStateTracker(  230): [mms]  mEnabled = false
02-09 18:35:02.292 D/MobileDataStateTracker(  230): [mms]  apnTypeList = supl
02-09 18:35:02.292 D/MobileDataStateTracker(  230): [mms]  unavailable = false
02-09 18:35:02.292 D/MobileDataStateTracker(  230): [mms] Do not process intents if disabled.
02-09 18:35:02.292 D/MobileDataStateTracker(  230): [default]  MobileDataStateReceiver onReceive(): Entry.
02-09 18:35:02.292 D/MobileDataStateTracker(  230): [default]  intent.getAction()= android.intent.action.ANY_DATA_STATE
02-09 18:35:02.292 D/MobileDataStateTracker(  230): [default]  mEnabled = true
02-09 18:35:02.292 D/MobileDataStateTracker(  230): [default]  apnTypeList = supl
02-09 18:35:02.292 D/MobileDataStateTracker(  230): [default]  unavailable = false
02-09 18:35:02.292 D/MobileDataStateTracker(  230): [default] not what we are looking for.
02-09 18:35:02.292 D/MobileDataStateTracker(  230): [hipri]  MobileDataStateReceiver onReceive(): Entry.
02-09 18:35:02.292 D/MobileDataStateTracker(  230): [hipri]  intent.getAction()= android.intent.action.ANY_DATA_STATE
02-09 18:35:02.292 D/MobileDataStateTracker(  230): [hipri]  mEnabled = false
02-09 18:35:02.292 D/MobileDataStateTracker(  230): [hipri]  apnTypeList = dun
02-09 18:35:02.292 D/MobileDataStateTracker(  230): [hipri]  unavailable = false
02-09 18:35:02.292 D/MobileDataStateTracker(  230): [hipri] Do not process intents if disabled.
02-09 18:35:02.292 D/MobileDataStateTracker(  230): [dun]  MobileDataStateReceiver onReceive(): Entry.
02-09 18:35:02.292 D/MobileDataStateTracker(  230): [dun]  intent.getAction()= android.intent.action.ANY_DATA_STATE
02-09 18:35:02.292 D/MobileDataStateTracker(  230): [dun]  mEnabled = false
02-09 18:35:02.342 D/MobileDataStateTracker(  230): [dun]  apnTypeList = dun
02-09 18:35:02.342 D/MobileDataStateTracker(  230): [dun]  unavailable = false
02-09 18:35:02.342 D/MobileDataStateTracker(  230): [dun] Do not process intents if disabled.
02-09 18:35:02.342 D/MobileDataStateTracker(  230): [supl]  MobileDataStateReceiver onReceive(): Entry.
02-09 18:35:02.342 D/MobileDataStateTracker(  230): [supl]  intent.getAction()= android.intent.action.ANY_DATA_STATE
02-09 18:35:02.342 D/MobileDataStateTracker(  230): [supl]  mEnabled = false
02-09 18:35:02.352 D/MobileDataStateTracker(  230): [supl]  apnTypeList = dun
02-09 18:35:02.352 D/MobileDataStateTracker(  230): [supl]  unavailable = false
02-09 18:35:02.352 D/MobileDataStateTracker(  230): [supl] Do not process intents if disabled.
02-09 18:35:02.352 D/MobileDataStateTracker(  230): [mms]  MobileDataStateReceiver onReceive(): Entry.
02-09 18:35:02.352 D/MobileDataStateTracker(  230): [mms]  intent.getAction()= android.intent.action.ANY_DATA_STATE
02-09 18:35:02.352 D/MobileDataStateTracker(  230): [mms]  mEnabled = false
02-09 18:35:02.352 D/MobileDataStateTracker(  230): [mms]  apnTypeList = dun
02-09 18:35:02.352 D/MobileDataStateTracker(  230): [mms]  unavailable = false
02-09 18:35:02.352 D/MobileDataStateTracker(  230): [mms] Do not process intents if disabled.
02-09 18:35:02.352 D/MobileDataStateTracker(  230): [default]  MobileDataStateReceiver onReceive(): Entry.
02-09 18:35:02.352 D/MobileDataStateTracker(  230): [default]  intent.getAction()= android.intent.action.ANY_DATA_STATE
02-09 18:35:02.352 D/MobileDataStateTracker(  230): [default]  mEnabled = true
02-09 18:35:02.352 D/MobileDataStateTracker(  230): [default]  apnTypeList = dun
02-09 18:35:02.352 D/MobileDataStateTracker(  230): [default]  unavailable = false
02-09 18:35:02.352 D/MobileDataStateTracker(  230): [default] not what we are looking for.
02-09 18:35:02.352 D/MobileDataStateTracker(  230): [hipri]  MobileDataStateReceiver onReceive(): Entry.
02-09 18:35:02.352 D/MobileDataStateTracker(  230): [hipri]  intent.getAction()= android.intent.action.ANY_DATA_STATE
02-09 18:35:02.352 D/MobileDataStateTracker(  230): [hipri]  mEnabled = false
02-09 18:35:02.352 I/wpa_supplicant(  389): Selecting BSS from priority group 4
02-09 18:35:02.352 I/wpa_supplicant(  389): Try to find WPA-enabled AP
02-09 18:35:02.352 I/wpa_supplicant(  389): Selecting BSS from priority group 3
02-09 18:35:02.352 I/wpa_supplicant(  389): Try to find WPA-enabled AP
02-09 18:35:02.352 I/wpa_supplicant(  389): Selecting BSS from priority group 2
02-09 18:35:02.352 I/wpa_supplicant(  389): Try to find WPA-enabled AP
02-09 18:35:02.352 I/wpa_supplicant(  389): Selecting BSS from priority group 1
02-09 18:35:02.352 I/wpa_supplicant(  389): Try to find WPA-enabled AP
02-09 18:35:02.352 I/dun_service(  124): process rmnet event
02-09 18:35:02.352 I/dun_service(  124): Post event 3
02-09 18:35:02.362 I/dun_service(  124): received event: DUN_EVENT_RMNET_DOWN 
02-09 18:35:02.362 I/dun_service(  124): received event(DUN_EVENT_RMNET_DOWN) in state(DUN_STATE_USB_UNPLUG)
02-09 18:35:02.362 I/dun_service(  124): Ignoring the event DUN_EVENT_RMNET_DOWN in USB_UNPLUG_STATE
02-09 18:35:02.362 I/dun_service(  124): Moved to state(DUN_STATE_USB_UNPLUG)
02-09 18:35:02.362 D/WifiStateTracker(  230): setNotificationVisible() visible=false mNotificationShown=false force=false return.
02-09 18:35:02.362 D/WifiLocator(  397): Too many cache  misses. Need server request. hasLocation=0 noLocation=0 cacheMiss=3
02-09 18:35:02.372 D/CellLocator(  397): Found cell location: Position [redacted]
02-09 18:35:02.372 D/NetworkLocator(  397): New location significantly newer than previous. Reporting it.
02-09 18:35:02.382 D/androidNlpServiceThread(  397): reporting Location[mProvider=network,mTime=1328834102381,mLatitude=38.9107931,mLongitude=-94.6482693,mHasAltitude=false,mAltitude=0.0,mHasSpeed=false,mSpeed=0.0,mHasBearing=false,mBearing=0.0,mHasAccuracy=true,mAccuracy=1544.0,mExtras=Bundle[{networkLocationSource=cached, networkLocationType=cell}]]
02-09 18:35:02.382 D/AlarmManager(  230): +++Alarm set:type=2 com.google.android.location  Trigger after:4576ms
02-09 18:35:02.382 D/KeyguardViewMediator(  230): setHidden false
02-09 18:35:02.382 D/MobileDataStateTracker(  230): [hipri]  apnTypeList = dun
02-09 18:35:02.382 D/MobileDataStateTracker(  230): [hipri]  unavailable = false
02-09 18:35:02.382 D/MobileDataStateTracker(  230): [hipri] Do not process intents if disabled.
02-09 18:35:02.382 D/MobileDataStateTracker(  230): [dun]  MobileDataStateReceiver onReceive(): Entry.
02-09 18:35:02.382 D/MobileDataStateTracker(  230): [dun]  intent.getAction()= android.intent.action.ANY_DATA_STATE
02-09 18:35:02.382 D/MobileDataStateTracker(  230): [dun]  mEnabled = false
02-09 18:35:02.392 I/System.out(  397): [INFO:3125]: LogSource: Running flush
02-09 18:35:02.402 I/System.out(  397): [INFO:3142]: LogSource: Sending payload [bytes=403]
02-09 18:35:02.402 D/KeyguardViewMediator(  230): setHidden false
02-09 18:35:02.412 D/KeyguardViewMediator(  230): setHidden false
02-09 18:35:02.462 D/KeyguardViewMediator(  230): setHidden false
02-09 18:35:02.472 D/KeyguardViewMediator(  230): setHidden false
02-09 18:35:02.472 I/System.out(  397): [SEVERE:3213]: LogSource: AsyncHttpRequestImpl.run(): exception thrown : www.google.com: java.net.UnknownHostException
02-09 18:35:02.482 D/KeyguardViewMediator(  230): setHidden false
02-09 18:35:02.482 D/KeyguardViewMediator(  230): setHidden false
02-09 18:35:02.482 D/WifiLocator(  397): Too many no-location APs. Will not compute a location nor go to the server. hasLocation=0 noLocation=0 cacheMiss=0
02-09 18:35:02.492 D/CellLocator(  397): Found cell location: Position [redacted]
02-09 18:35:02.492 D/androidNlpServiceThread(  397): reporting Location[mProvider=network,mTime=1328834102501,mLatitude=38.9107931,mLongitude=-94.6482693,mHasAltitude=false,mAltitude=0.0,mHasSpeed=false,mSpeed=0.0,mHasBearing=false,mBearing=0.0,mHasAccuracy=true,mAccuracy=1544.0,mExtras=Bundle[{networkLocationSource=cached, networkLocationType=cell}]]
02-09 18:35:02.492 D/AlarmManager(  230): +++Alarm set:type=2 com.google.android.location  Trigger after:86399469ms
02-09 18:35:02.492 D/KeyguardViewMediator(  230): setHidden false
02-09 18:35:02.502 D/KeyguardViewMediator(  230): setHidden false
02-09 18:35:02.502 E/GlsClient-query(  397): requestFailed
02-09 18:35:02.502 E/GlsClient-query(  397): java.net.UnknownHostException: www.google.com
02-09 18:35:02.502 E/GlsClient-query(  397): 	at java.net.InetAddress.lookupHostByName(InetAddress.java:508)
02-09 18:35:02.502 E/GlsClient-query(  397): 	at java.net.InetAddress.getAllByNameImpl(InetAddress.java:296)
02-09 18:35:02.502 E/GlsClient-query(  397): 	at java.net.InetAddress.getAllByName(InetAddress.java:258)
02-09 18:35:02.502 E/GlsClient-query(  397): 	at org.apache.http.impl.conn.DefaultClientConnectionOperator.openConnection(DefaultClientConnectionOperator.java:136)
02-09 18:35:02.502 E/GlsClient-query(  397): 	at org.apache.http.impl.conn.AbstractPoolEntry.open(AbstractPoolEntry.java:164)
02-09 18:35:02.502 E/GlsClient-query(  397): 	at org.apache.http.impl.conn.AbstractPooledConnAdapter.open(AbstractPooledConnAdapter.java:119)
02-09 18:35:02.502 E/GlsClient-query(  397): 	at org.apache.http.impl.client.DefaultRequestDirector.execute(DefaultRequestDirector.java:359)
02-09 18:35:02.502 E/GlsClient-query(  397): 	at org.apache.http.impl.client.AbstractHttpClient.execute(AbstractHttpClient.java:555)
02-09 18:35:02.502 E/GlsClient-query(  397): 	at org.apache.http.impl.client.AbstractHttpClient.execute(AbstractHttpClient.java:487)
02-09 18:35:02.502 E/GlsClient-query(  397): 	at com.google.common.io.android.AndroidHttpClient.execute(Unknown Source)
02-09 18:35:02.502 E/GlsClient-query(  397): 	at com.google.common.io.android.GoogleHttpClient.executeWithoutRewriting(Unknown Source)
02-09 18:35:02.502 E/GlsClient-query(  397): 	at com.google.common.io.android.GoogleHttpClient.execute(Unknown Source)
02-09 18:35:02.502 E/GlsClient-query(  397): 	at com.google.common.io.android.GoogleHttpClient.execute(Unknown Source)
02-09 18:35:02.502 E/GlsClient-query(  397): 	at com.google.common.io.android.AndroidHttpConnectionFactory$AndroidGoogleHttpConnection.getResponse(Unknown Source)
02-09 18:35:02.502 E/GlsClient-query(  397): 	at com.google.common.io.android.AndroidHttpConnectionFactory$AndroidGoogleHttpConnection.getResponseCode(Unknown Source)
02-09 18:35:02.502 E/GlsClient-query(  397): 	at com.google.common.async.AsyncHttpRequestFactory$AsyncHttpRequestImpl.run(Unknown Source)
02-09 18:35:02.502 E/GlsClient-query(  397): 	at com.google.common.async.AsyncHttpRequestFactory.executeNextRequest(Unknown Source)
02-09 18:35:02.502 E/GlsClient-query(  397): 	at com.google.common.async.AsyncHttpRequestFactory.run(Unknown Source)
02-09 18:35:02.502 E/GlsClient-query(  397): 	at com.google.common.lang.BaseThreadFactory$ThreadImpl.run(Unknown Source)
02-09 18:35:02.512 D/KeyguardViewMediator(  230): setHidden false
02-09 18:35:02.512 D/KeyguardViewMediator(  230): setHidden false
02-09 18:35:02.532 D/KeyguardViewMediator(  230): setHidden false
02-09 18:35:02.532 D/KeyguardViewMediator(  230): setHidden false
02-09 18:35:02.552 D/KeyguardViewMediator(  230): setHidden false
02-09 18:35:02.552 D/KeyguardViewMediator(  230): setHidden false
02-09 18:35:02.562 D/KeyguardViewMediator(  230): setHidden false
02-09 18:35:02.562 I/DATA    (  346): [DCT(0) ] intent received :android.net.wifi.STATE_CHANGE
02-09 18:35:02.562 D/MobileDataStateTracker(  230): [dun]  apnTypeList = dun
02-09 18:35:02.562 D/MobileDataStateTracker(  230): [dun]  unavailable = false
02-09 18:35:02.562 D/MobileDataStateTracker(  230): [dun] Do not process intents if disabled.
02-09 18:35:02.562 D/MobileDataStateTracker(  230): [supl]  MobileDataStateReceiver onReceive(): Entry.
02-09 18:35:02.562 D/MobileDataStateTracker(  230): [supl]  intent.getAction()= android.intent.action.ANY_DATA_STATE
02-09 18:35:02.562 D/MobileDataStateTracker(  230): [supl]  mEnabled = false
02-09 18:35:02.572 D/MobileDataStateTracker(  230): [supl]  apnTypeList = dun
02-09 18:35:02.572 D/MobileDataStateTracker(  230): [supl]  unavailable = false
02-09 18:35:02.572 D/MobileDataStateTracker(  230): [supl] Do not process intents if disabled.
02-09 18:35:02.572 D/MobileDataStateTracker(  230): [mms]  MobileDataStateReceiver onReceive(): Entry.
02-09 18:35:02.572 D/MobileDataStateTracker(  230): [mms]  intent.getAction()= android.intent.action.ANY_DATA_STATE
02-09 18:35:02.572 D/MobileDataStateTracker(  230): [mms]  mEnabled = false
02-09 18:35:02.572 D/MobileDataStateTracker(  230): [mms]  apnTypeList = dun
02-09 18:35:02.572 D/MobileDataStateTracker(  230): [mms]  unavailable = false
02-09 18:35:02.572 D/MobileDataStateTracker(  230): [mms] Do not process intents if disabled.
02-09 18:35:02.572 D/MobileDataStateTracker(  230): [default]  MobileDataStateReceiver onReceive(): Entry.
02-09 18:35:02.572 D/MobileDataStateTracker(  230): [default]  intent.getAction()= android.intent.action.ANY_DATA_STATE
02-09 18:35:02.572 D/MobileDataStateTracker(  230): [default]  mEnabled = true
02-09 18:35:02.572 D/KeyguardViewMediator(  230): setHidden false
02-09 18:35:02.582 D/MobileDataStateTracker(  230): [default]  apnTypeList = dun
02-09 18:35:02.582 D/MobileDataStateTracker(  230): [default]  unavailable = false
02-09 18:35:02.582 D/MobileDataStateTracker(  230): [default] not what we are looking for.
02-09 18:35:02.582 D/MobileDataStateTracker(  230): [hipri]  MobileDataStateReceiver onReceive(): Entry.
02-09 18:35:02.582 D/MobileDataStateTracker(  230): [hipri]  intent.getAction()= android.intent.action.ANY_DATA_STATE
02-09 18:35:02.582 D/MobileDataStateTracker(  230): [hipri]  mEnabled = false
02-09 18:35:02.582 D/MobileDataStateTracker(  230): [hipri]  apnTypeList = hipri
02-09 18:35:02.582 D/KeyguardViewMediator(  230): setHidden false
02-09 18:35:02.592 D/MobileDataStateTracker(  230): [hipri]  unavailable = false
02-09 18:35:02.592 D/MobileDataStateTracker(  230): [hipri] Do not process intents if disabled.
02-09 18:35:02.592 D/MobileDataStateTracker(  230): [dun]  MobileDataStateReceiver onReceive(): Entry.
02-09 18:35:02.592 D/MobileDataStateTracker(  230): [dun]  intent.getAction()= android.intent.action.ANY_DATA_STATE
02-09 18:35:02.592 D/MobileDataStateTracker(  230): [dun]  mEnabled = false
02-09 18:35:02.602 D/MobileDataStateTracker(  230): [dun]  apnTypeList = hipri
02-09 18:35:02.602 D/MobileDataStateTracker(  230): [dun]  unavailable = false
02-09 18:35:02.602 D/MobileDataStateTracker(  230): [dun] Do not process intents if disabled.
02-09 18:35:02.602 D/MobileDataStateTracker(  230): [supl]  MobileDataStateReceiver onReceive(): Entry.
02-09 18:35:02.602 D/MobileDataStateTracker(  230): [supl]  intent.getAction()= android.intent.action.ANY_DATA_STATE
02-09 18:35:02.602 D/MobileDataStateTracker(  230): [supl]  mEnabled = false
02-09 18:35:02.602 D/KeyguardViewMediator(  230): setHidden false
02-09 18:35:02.602 D/KeyguardViewMediator(  230): setHidden false
02-09 18:35:02.612 D/MobileDataStateTracker(  230): [supl]  apnTypeList = hipri
02-09 18:35:02.612 D/MobileDataStateTracker(  230): [supl]  unavailable = false
02-09 18:35:02.612 D/MobileDataStateTracker(  230): [supl] Do not process intents if disabled.
02-09 18:35:02.612 D/MobileDataStateTracker(  230): [mms]  MobileDataStateReceiver onReceive(): Entry.
02-09 18:35:02.612 D/MobileDataStateTracker(  230): [mms]  intent.getAction()= android.intent.action.ANY_DATA_STATE
02-09 18:35:02.612 D/MobileDataStateTracker(  230): [mms]  mEnabled = false
02-09 18:35:02.612 D/MobileDataStateTracker(  230): [mms]  apnTypeList = hipri
02-09 18:35:02.612 D/MobileDataStateTracker(  230): [mms]  unavailable = false
02-09 18:35:02.612 D/MobileDataStateTracker(  230): [mms] Do not process intents if disabled.
02-09 18:35:02.612 D/MobileDataStateTracker(  230): [default]  MobileDataStateReceiver onReceive(): Entry.
02-09 18:35:02.612 D/MobileDataStateTracker(  230): [default]  intent.getAction()= android.intent.action.ANY_DATA_STATE
02-09 18:35:02.612 D/MobileDataStateTracker(  230): [default]  mEnabled = true
02-09 18:35:02.622 D/KeyguardViewMediator(  230): setHidden false
02-09 18:35:02.622 D/KeyguardViewMediator(  230): setHidden false
02-09 18:35:02.632 D/MobileDataStateTracker(  230): [default]  apnTypeList = hipri
02-09 18:35:02.632 D/MobileDataStateTracker(  230): [default]  unavailable = false
02-09 18:35:02.632 D/MobileDataStateTracker(  230): [default] not what we are looking for.
02-09 18:35:02.632 D/MobileDataStateTracker(  230): [hipri]  MobileDataStateReceiver onReceive(): Entry.
02-09 18:35:02.632 D/MobileDataStateTracker(  230): [hipri]  intent.getAction()= android.intent.action.ANY_DATA_STATE
02-09 18:35:02.632 D/MobileDataStateTracker(  230): [hipri]  mEnabled = false
02-09 18:35:02.632 D/MobileDataStateTracker(  230): [hipri]  apnTypeList = hipri
02-09 18:35:02.632 D/MobileDataStateTracker(  230): [hipri]  unavailable = false
02-09 18:35:02.632 D/MobileDataStateTracker(  230): [hipri] Do not process intents if disabled.
02-09 18:35:02.632 D/MobileDataStateTracker(  230): [dun]  MobileDataStateReceiver onReceive(): Entry.
02-09 18:35:02.632 D/MobileDataStateTracker(  230): [dun]  intent.getAction()= android.intent.action.ANY_DATA_STATE
02-09 18:35:02.632 D/MobileDataStateTracker(  230): [dun]  mEnabled = false
02-09 18:35:02.642 D/MobileDataStateTracker(  230): [dun]  apnTypeList = hipri
02-09 18:35:02.642 D/KeyguardViewMediator(  230): setHidden false
02-09 18:35:02.642 D/MobileDataStateTracker(  230): [dun]  unavailable = false
02-09 18:35:02.642 D/MobileDataStateTracker(  230): [dun] Do not process intents if disabled.
02-09 18:35:02.642 D/MobileDataStateTracker(  230): [supl]  MobileDataStateReceiver onReceive(): Entry.
02-09 18:35:02.642 D/MobileDataStateTracker(  230): [supl]  intent.getAction()= android.intent.action.ANY_DATA_STATE
02-09 18:35:02.642 D/MobileDataStateTracker(  230): [supl]  mEnabled = false
02-09 18:35:02.642 D/MobileDataStateTracker(  230): [supl]  apnTypeList = hipri
02-09 18:35:02.642 D/MobileDataStateTracker(  230): [supl]  unavailable = false
02-09 18:35:02.642 D/MobileDataStateTracker(  230): [supl] Do not process intents if disabled.
02-09 18:35:02.642 D/MobileDataStateTracker(  230): [mms]  MobileDataStateReceiver onReceive(): Entry.
02-09 18:35:02.642 D/MobileDataStateTracker(  230): [mms]  intent.getAction()= android.intent.action.ANY_DATA_STATE
02-09 18:35:02.642 D/MobileDataStateTracker(  230): [mms]  mEnabled = false
02-09 18:35:02.652 D/KeyguardViewMediator(  230): setHidden false
02-09 18:35:02.652 D/MobileDataStateTracker(  230): [mms]  apnTypeList = hipri
02-09 18:35:02.652 D/MobileDataStateTracker(  230): [mms]  unavailable = false
02-09 18:35:02.652 D/MobileDataStateTracker(  230): [mms] Do not process intents if disabled.
02-09 18:35:02.652 D/MobileDataStateTracker(  230): [default]  MobileDataStateReceiver onReceive(): Entry.
02-09 18:35:02.652 D/MobileDataStateTracker(  230): [default]  intent.getAction()= android.intent.action.ANY_DATA_STATE
02-09 18:35:02.652 D/MobileDataStateTracker(  230): [default]  mEnabled = true
02-09 18:35:02.652 D/MobileDataStateTracker(  230): [default]  apnTypeList = hipri
02-09 18:35:02.652 D/MobileDataStateTracker(  230): [default]  unavailable = false
02-09 18:35:02.652 D/MobileDataStateTracker(  230): [default] not what we are looking for.
02-09 18:35:02.652 D/Tethering(  230): MasterInitialState.processMessage what=3
02-09 18:35:02.662 D/KeyguardViewMediator(  230): setHidden false
02-09 18:35:02.662 D/KeyguardViewMediator(  230): setHidden false
02-09 18:35:02.662 D/ClientReporter(  397): reported location
02-09 18:35:02.682 D/KeyguardViewMediator(  230): setHidden false
02-09 18:35:02.682 D/KeyguardViewMediator(  230): setHidden false
02-09 18:35:02.702 D/KeyguardViewMediator(  230): setHidden false
02-09 18:35:02.712 D/KeyguardViewMediator(  230): setHidden false
02-09 18:35:02.712 D/KeyguardViewMediator(  230): setHidden false
02-09 18:35:02.722 D/KeyguardViewMediator(  230): setHidden false
02-09 18:35:02.722 D/ClientReporter(  397): reported location
02-09 18:35:02.732 D/KeyguardViewMediator(  230): setHidden false
02-09 18:35:02.742 D/KeyguardViewMediator(  230): setHidden false
02-09 18:35:02.742 D/KeyguardViewMediator(  230): setHidden false
02-09 18:35:02.752 D/KeyguardViewMediator(  230): setHidden false
02-09 18:35:02.762 D/KeyguardViewMediator(  230): setHidden false
02-09 18:35:02.772 D/KeyguardViewMediator(  230): setHidden false
02-09 18:35:02.772 D/KeyguardViewMediator(  230): setHidden false
02-09 18:35:02.792 D/KeyguardViewMediator(  230): setHidden false
02-09 18:35:02.792 D/KeyguardViewMediator(  230): setHidden false
02-09 18:35:02.802 D/KeyguardViewMediator(  230): setHidden false
02-09 18:35:02.812 D/KeyguardViewMediator(  230): setHidden false
02-09 18:35:02.822 D/KeyguardViewMediator(  230): setHidden false
02-09 18:35:02.842 D/KeyguardViewMediator(  230): setHidden false
02-09 18:35:02.842 D/Tethering(  230): MasterInitialState.processMessage what=3
02-09 18:35:02.852 D/KeyguardViewMediator(  230): setHidden false
02-09 18:35:02.862 D/MobileDataStateTracker(  230): [hipri]  MobileDataStateReceiver onReceive(): Entry.
02-09 18:35:02.862 D/MobileDataStateTracker(  230): [hipri]  intent.getAction()= android.intent.action.SERVICE_STATE
02-09 18:35:02.862 D/MobileDataStateTracker(  230): [hipri]  mEnabled = false
02-09 18:35:02.872 D/KeyguardViewMediator(  230): setHidden false
02-09 18:35:02.872 D/GpsLocationProvider(  230): updateNetworkState unavailable info: NetworkInfo: type: mobile[CDMA - 1xRTT], state: CONNECTING/CONNECTING, reason: radioTechnologyChanged, extra: (none), roaming: false, failover: false, isAvailable: true, isIpv4Connected: false, isIpv6Connected: false, ipv4Name: null, ipv6Name: null
02-09 18:35:02.872 D/MobileDataStateTracker(  230): [dun]  MobileDataStateReceiver onReceive(): Entry.
02-09 18:35:02.872 D/MobileDataStateTracker(  230): [dun]  intent.getAction()= android.intent.action.SERVICE_STATE
02-09 18:35:02.872 D/MobileDataStateTracker(  230): [dun]  mEnabled = false
02-09 18:35:02.872 D/MobileDataStateTracker(  230): [supl]  MobileDataStateReceiver onReceive(): Entry.
02-09 18:35:02.872 D/MobileDataStateTracker(  230): [supl]  intent.getAction()= android.intent.action.SERVICE_STATE
02-09 18:35:02.872 D/MobileDataStateTracker(  230): [supl]  mEnabled = false
02-09 18:35:02.882 D/MobileDataStateTracker(  230): [mms]  MobileDataStateReceiver onReceive(): Entry.
02-09 18:35:02.882 D/MobileDataStateTracker(  230): [mms]  intent.getAction()= android.intent.action.SERVICE_STATE
02-09 18:35:02.882 D/MobileDataStateTracker(  230): [mms]  mEnabled = false
02-09 18:35:02.882 D/MobileDataStateTracker(  230): [default]  MobileDataStateReceiver onReceive(): Entry.
02-09 18:35:02.882 D/MobileDataStateTracker(  230): [default]  intent.getAction()= android.intent.action.SERVICE_STATE
02-09 18:35:02.882 D/MobileDataStateTracker(  230): [default]  mEnabled = true
02-09 18:35:02.892 D/KeyguardViewMediator(  230): setHidden false
02-09 18:35:02.912 D/KeyguardViewMediator(  230): setHidden false
02-09 18:35:02.942 D/KeyguardViewMediator(  230): setHidden false
02-09 18:35:02.952 D/KeyguardViewMediator(  230): setHidden false
02-09 18:35:02.962 D/KeyguardViewMediator(  230): setHidden false
02-09 18:35:02.972 D/KeyguardViewMediator(  230): setHidden false
02-09 18:35:02.992 D/KeyguardViewMediator(  230): setHidden false
02-09 18:35:03.002 D/KeyguardViewMediator(  230): setHidden false
02-09 18:35:03.012 D/KeyguardViewMediator(  230): setHidden false
02-09 18:35:03.032 D/KeyguardViewMediator(  230): setHidden false
02-09 18:35:03.042 D/KeyguardViewMediator(  230): setHidden false
02-09 18:35:03.062 D/KeyguardViewMediator(  230): setHidden false
02-09 18:35:03.072 D/KeyguardViewMediator(  230): setHidden false
02-09 18:35:03.092 D/KeyguardViewMediator(  230): setHidden false
02-09 18:35:03.233 I/PackageManager(  230): Updating external media status from unmounted to mounted
02-09 18:35:03.323 D/DATA    (  346): [DSST(0)] pollstate() : reason = data network state changed
02-09 18:35:03.413 D/KeyguardViewMediator(  230): setHidden false
02-09 18:35:03.423 D/KeyguardViewMediator(  230): setHidden false
02-09 18:35:03.443 D/MobileDataStateTracker(  230): [hipri]  MobileDataStateReceiver onReceive(): Entry.
02-09 18:35:03.443 D/MobileDataStateTracker(  230): [hipri]  intent.getAction()= android.intent.action.SERVICE_STATE
02-09 18:35:03.443 D/MobileDataStateTracker(  230): [hipri]  mEnabled = false
02-09 18:35:03.443 D/MobileDataStateTracker(  230): [dun]  MobileDataStateReceiver onReceive(): Entry.
02-09 18:35:03.443 D/MobileDataStateTracker(  230): [dun]  intent.getAction()= android.intent.action.SERVICE_STATE
02-09 18:35:03.443 D/MobileDataStateTracker(  230): [dun]  mEnabled = false
02-09 18:35:03.453 D/MobileDataStateTracker(  230): [supl]  MobileDataStateReceiver onReceive(): Entry.
02-09 18:35:03.453 D/MobileDataStateTracker(  230): [supl]  intent.getAction()= android.intent.action.SERVICE_STATE
02-09 18:35:03.453 D/MobileDataStateTracker(  230): [supl]  mEnabled = false
02-09 18:35:03.453 D/MobileDataStateTracker(  230): [mms]  MobileDataStateReceiver onReceive(): Entry.
02-09 18:35:03.453 D/MobileDataStateTracker(  230): [mms]  intent.getAction()= android.intent.action.SERVICE_STATE
02-09 18:35:03.453 D/MobileDataStateTracker(  230): [mms]  mEnabled = false
02-09 18:35:03.463 D/DATA    (  346): [DSST(0)]  registrationState = 1  radioTechnology = 6 reasonForDenial = 0
02-09 18:35:03.463 D/DATA    (  346): [DSST(0)]  set mNewDataConnectionState = 0
02-09 18:35:03.463 D/DATA    (  346): [DSST(0)]  mNewDataConnectionState : 0  mDataConnectionState : 0
02-09 18:35:03.463 D/DATA    (  346): [DSST(0)] Poll ServiceState done: oldSS=[0 home null null null  1xRTT CSS not supported -1 -1RoamInd: -1RoamStatus(sprint): -1DefRoamInd: -1EmergOnly: false] newSS=[0 home null null null  1xRTT CSS not supported -1 -1RoamInd: -1RoamStatus(sprint): -1DefRoamInd: -1EmergOnly: false]
02-09 18:35:03.463 D/DATA    (  346): [DSST(0)]  mDataConnectionState = 0
02-09 18:35:03.463 D/MobileDataStateTracker(  230): [default]  MobileDataStateReceiver onReceive(): Entry.
02-09 18:35:03.463 D/MobileDataStateTracker(  230): [default]  intent.getAction()= android.intent.action.SERVICE_STATE
02-09 18:35:03.463 D/MobileDataStateTracker(  230): [default]  mEnabled = true
02-09 18:35:03.463 D/CallManager(  346):  handleMessage (EVENT_SERVICE_STATE_CHANGED)
02-09 18:35:03.463 E/BT HS/HF(  346): SERVICE_STATE_CHANGED called
02-09 18:35:03.483 E/BT HS/HF(  346): updateServiceState called, sendUpdate:false  ServiceState:0 home Sprint  310099  1xRTT CSS not supported 41 4139RoamInd: 1RoamStatus(sprint): 1DefRoamInd: 160EmergOnly: false
02-09 18:35:03.483 E/BT HS/HF(  346): service:1 mService:1
02-09 18:35:03.493 I/ActivityThread(  478): Pub com.google.android.partnersetup.rlzprovider: com.google.android.partnersetup.RlzProvider
02-09 18:35:03.503 I/ActivityThread(  478): Pub com.google.android.partnersetup.rlzappprovider: com.google.android.partnersetup.RlzAppProvider
02-09 18:35:03.593 I/PackageManager(  230): No secure containers on sdcard
02-09 18:35:03.603 D/GpsLocationProvider(  230): getAGpsConnectionInfo connType - 3
02-09 18:35:03.623 D/androidNlpServiceThread(  397): updateState: shouldBeEnabled true shouldBeRunning true
02-09 18:35:03.683 D/Bitmap  (  353): Detect unrecycled bitmap.
02-09 18:35:03.683 D/Bitmap  (  353):       Size: 157440 Bytes, Width: 320 , Height: 123 , Hash code: 1079099888
02-09 18:35:03.683 D/Bitmap  (  353):  This bimap was created in:
02-09 18:35:03.683 D/Bitmap  (  353):       android.graphics.Bitmap.<init>(Bitmap.java:136)
02-09 18:35:03.683 D/Bitmap  (  353):       android.graphics.BitmapFactory.nativeDecodeAsset(Native Method)
02-09 18:35:03.683 D/Bitmap  (  353):       android.graphics.BitmapFactory.decodeStream(BitmapFactory.java:460)
02-09 18:35:03.683 D/Bitmap  (  353):       android.graphics.BitmapFactory.decodeResourceStream(BitmapFactory.java:336)
02-09 18:35:03.683 D/Bitmap  (  353):       android.graphics.drawable.Drawable.createFromResourceStream(Drawable.java:697)
02-09 18:35:03.683 D/Bitmap  (  353):       android.content.res.Resources.loadDrawable(Resources.java:1709)
02-09 18:35:03.683 D/Bitmap  (  353):       android.content.res.Resources.getDrawable(Resources.java:581)
02-09 18:35:03.683 D/Bitmap  (  353):       android.widget.AbsListView.setOverScrollMode(AbsListView.java:655)
02-09 18:35:03.683 D/Bitmap  (  353):       android.view.View.<init>(View.java:1879)
02-09 18:35:03.683 D/Bitmap  (  353):       android.view.View.<init>(View.java:1921)
02-09 18:35:03.683 D/Bitmap  (  353):       android.view.ViewGroup.<init>(ViewGroup.java:292)
02-09 18:35:03.683 D/Bitmap  (  353):       android.widget.AdapterView.<init>(AdapterView.java:228)
02-09 18:35:03.683 D/Bitmap  (  353):       android.widget.AbsListView.<init>(AbsListView.java:592)
02-09 18:35:03.683 D/Bitmap  (  353):       android.widget.GridView.<init>(GridView.java:72)
02-09 18:35:03.683 D/Bitmap  (  353):       android.widget.GridView.<init>(GridView.java:68)
02-09 18:35:03.683 D/Bitmap  (  353):       java.lang.reflect.Constructor.constructNative(Native Method)
02-09 18:35:03.683 D/Bitmap  (  353):       java.lang.reflect.Constructor.newInstance(Constructor.java:415)
02-09 18:35:03.683 D/Bitmap  (  353):       android.view.LayoutInflater.createView(LayoutInflater.java:505)
02-09 18:35:03.683 D/Bitmap  (  353):       com.android.internal.policy.impl.PhoneLayoutInflater.onCreateView(PhoneLayoutInflater.java:56)
02-09 18:35:03.683 D/Bitmap  (  353):       android.view.LayoutInflater.createViewFromTag(LayoutInflater.java:568)
02-09 18:35:03.683 D/Bitmap  (  353):       android.view.LayoutInflater.rInflate(LayoutInflater.java:623)
02-09 18:35:03.683 D/Bitmap  (  353):       android.view.LayoutInflater.parseInclude(LayoutInflater.java:707)
02-09 18:35:03.683 D/Bitmap  (  353):       android.view.LayoutInflater.rInflate(LayoutInflater.java:619)
02-09 18:35:03.683 D/Bitmap  (  353):       android.view.LayoutInflater.parseInclude(LayoutInflater.java:682)
02-09 18:35:03.683 D/Bitmap  (  353):       android.view.LayoutInflater.rInflate(LayoutInflater.java:619)
02-09 18:35:03.683 D/Bitmap  (  353):       android.view.LayoutInflater.inflate(LayoutInflater.java:408)
02-09 18:35:03.683 D/Bitmap  (  353):       android.view.LayoutInflater.inflate(LayoutInflater.java:320)
02-09 18:35:03.683 D/Bitmap  (  353):       android.view.LayoutInflater.inflate(LayoutInflater.java:276)
02-09 18:35:03.683 D/Bitmap  (  353):       com.android.internal.policy.impl.PhoneWindow.setContentView(PhoneWindow.java:207)
02-09 18:35:03.683 D/Bitmap  (  353):       android.app.Activity.setContentView(Activity.java:1657)
02-09 18:35:03.693 D/Bitmap  (  353):       com.android.launcher2.Launcher.onCreate(Launcher.java:257)
02-09 18:35:03.693 D/Bitmap  (  353):       android.app.Instrumentation.callActivityOnCreate(Instrumentation.java:1047)
02-09 18:35:03.693 D/Bitmap  (  353):       android.app.ActivityThread.performLaunchActivity(ActivityThread.java:1632)
02-09 18:35:03.693 D/Bitmap  (  353):       android.app.ActivityThread.handleLaunchActivity(ActivityThread.java:1684)
02-09 18:35:03.693 D/Bitmap  (  353):       android.app.ActivityThread.access$1500(ActivityThread.java:123)
02-09 18:35:03.693 D/Bitmap  (  353):       android.app.ActivityThread$H.handleMessage(ActivityThread.java:948)
02-09 18:35:03.693 D/Bitmap  (  353):       android.os.Handler.dispatchMessage(Handler.java:99)
02-09 18:35:03.693 D/Bitmap  (  353):       android.os.Looper.loop(Looper.java:130)
02-09 18:35:03.693 D/Bitmap  (  353):       android.app.ActivityThread.main(ActivityThread.java:3704)
