02-09 18:35:06.826 D/NotificationMgr(  346): hideDataDisconnectedRoaming()...
02-09 18:35:06.826 D/MobileDataStateTracker(  230): [mms]  apnTypeList = supl
02-09 18:35:06.826 D/MobileDataStateTracker(  230): [mms]  unavailable = false
02-09 18:35:06.826 D/MobileDataStateTracker(  230): [mms] Do not process intents if disabled.
02-09 18:35:06.826 D/MobileDataStateTracker(  230): [default]  MobileDataStateReceiver onReceive(): Entry.
02-09 18:35:06.826 D/MobileDataStateTracker(  230): [default]  intent.getAction()= android.intent.action.ANY_DATA_STATE
02-09 18:35:06.826 D/MobileDataStateTracker(  230): [default]  mEnabled = true
02-09 18:35:06.836 D/MobileDataStateTracker(  230): [default]  apnTypeList = supl
02-09 18:35:06.836 D/MobileDataStateTracker(  230): [default]  unavailable = false
02-09 18:35:06.836 D/MobileDataStateTracker(  230): [default] not what we are looking for.
02-09 18:35:06.836 D/MobileDataStateTracker(  230): [hipri]  MobileDataStateReceiver onReceive(): Entry.
02-09 18:35:06.836 D/MobileDataStateTracker(  230): [hipri]  intent.getAction()= android.intent.action.ANY_DATA_STATE
02-09 18:35:06.836 D/MobileDataStateTracker(  230): [hipri]  mEnabled = false
02-09 18:35:06.836 D/MobileDataStateTracker(  230): [hipri]  apnTypeList = dun
02-09 18:35:06.836 D/MobileDataStateTracker(  230): [hipri]  unavailable = false
02-09 18:35:06.836 D/MobileDataStateTracker(  230): [hipri] Do not process intents if disabled.
02-09 18:35:06.836 D/MobileDataStateTracker(  230): [dun]  MobileDataStateReceiver onReceive(): Entry.
02-09 18:35:06.836 D/MobileDataStateTracker(  230): [dun]  intent.getAction()= android.intent.action.ANY_DATA_STATE
02-09 18:35:06.836 D/MobileDataStateTracker(  230): [dun]  mEnabled = false
02-09 18:35:06.836 D/MobileDataStateTracker(  230): [dun]  apnTypeList = dun
02-09 18:35:06.836 D/MobileDataStateTracker(  230): [dun]  unavailable = false
02-09 18:35:06.836 D/MobileDataStateTracker(  230): [dun] Do not process intents if disabled.
02-09 18:35:06.836 D/MobileDataStateTracker(  230): [supl]  MobileDataStateReceiver onReceive(): Entry.
02-09 18:35:06.836 D/MobileDataStateTracker(  230): [supl]  intent.getAction()= android.intent.action.ANY_DATA_STATE
02-09 18:35:06.836 D/MobileDataStateTracker(  230): [supl]  mEnabled = false
02-09 18:35:06.836 D/MobileDataStateTracker(  230): [supl]  apnTypeList = dun
02-09 18:35:06.836 D/MobileDataStateTracker(  230): [supl]  unavailable = false
02-09 18:35:06.836 D/MobileDataStateTracker(  230): [supl] Do not process intents if disabled.
02-09 18:35:06.836 D/MobileDataStateTracker(  230): [mms]  MobileDataStateReceiver onReceive(): Entry.
02-09 18:35:06.836 D/MobileDataStateTracker(  230): [mms]  intent.getAction()= android.intent.action.ANY_DATA_STATE
02-09 18:35:06.836 D/MobileDataStateTracker(  230): [mms]  mEnabled = false
02-09 18:35:06.846 D/MobileDataStateTracker(  230): [mms]  apnTypeList = dun
02-09 18:35:06.846 D/MobileDataStateTracker(  230): [mms]  unavailable = false
02-09 18:35:06.846 D/MobileDataStateTracker(  230): [mms] Do not process intents if disabled.
02-09 18:35:06.846 D/MobileDataStateTracker(  230): [default]  MobileDataStateReceiver onReceive(): Entry.
02-09 18:35:06.846 D/MobileDataStateTracker(  230): [default]  intent.getAction()= android.intent.action.ANY_DATA_STATE
02-09 18:35:06.846 D/MobileDataStateTracker(  230): [default]  mEnabled = true
02-09 18:35:06.846 D/MobileDataStateTracker(  230): [default]  apnTypeList = dun
02-09 18:35:06.846 D/MobileDataStateTracker(  230): [default]  unavailable = false
02-09 18:35:06.846 D/MobileDataStateTracker(  230): [default] not what we are looking for.
02-09 18:35:06.846 D/MobileDataStateTracker(  230): [hipri]  MobileDataStateReceiver onReceive(): Entry.
02-09 18:35:06.846 D/MobileDataStateTracker(  230): [hipri]  intent.getAction()= android.intent.action.ANY_DATA_STATE
02-09 18:35:06.846 D/MobileDataStateTracker(  230): [hipri]  mEnabled = false
02-09 18:35:06.846 D/MobileDataStateTracker(  230): [hipri]  apnTypeList = dun
02-09 18:35:06.846 D/MobileDataStateTracker(  230): [hipri]  unavailable = false
02-09 18:35:06.846 D/MobileDataStateTracker(  230): [hipri] Do not process intents if disabled.
02-09 18:35:06.846 D/MobileDataStateTracker(  230): [dun]  MobileDataStateReceiver onReceive(): Entry.
02-09 18:35:06.846 D/MobileDataStateTracker(  230): [dun]  intent.getAction()= android.intent.action.ANY_DATA_STATE
02-09 18:35:06.846 D/MobileDataStateTracker(  230): [dun]  mEnabled = false
02-09 18:35:06.856 D/MobileDataStateTracker(  230): [dun]  apnTypeList = dun
02-09 18:35:06.856 D/MobileDataStateTracker(  230): [dun]  unavailable = false
02-09 18:35:06.856 D/MobileDataStateTracker(  230): [dun] Do not process intents if disabled.
02-09 18:35:06.856 D/MobileDataStateTracker(  230): [supl]  MobileDataStateReceiver onReceive(): Entry.
02-09 18:35:06.856 D/MobileDataStateTracker(  230): [supl]  intent.getAction()= android.intent.action.ANY_DATA_STATE
02-09 18:35:06.856 D/MobileDataStateTracker(  230): [supl]  mEnabled = false
02-09 18:35:06.856 D/MobileDataStateTracker(  230): [supl]  apnTypeList = dun
02-09 18:35:06.856 D/MobileDataStateTracker(  230): [supl]  unavailable = false
02-09 18:35:06.856 D/MobileDataStateTracker(  230): [supl] Do not process intents if disabled.
02-09 18:35:06.856 D/MobileDataStateTracker(  230): [mms]  MobileDataStateReceiver onReceive(): Entry.
02-09 18:35:06.856 D/MobileDataStateTracker(  230): [mms]  intent.getAction()= android.intent.action.ANY_DATA_STATE
02-09 18:35:06.856 D/MobileDataStateTracker(  230): [mms]  mEnabled = false
02-09 18:35:06.866 D/MobileDataStateTracker(  230): [mms]  apnTypeList = dun
02-09 18:35:06.866 D/MobileDataStateTracker(  230): [mms]  unavailable = false
02-09 18:35:06.866 D/MobileDataStateTracker(  230): [mms] Do not process intents if disabled.
02-09 18:35:06.866 D/MobileDataStateTracker(  230): [default]  MobileDataStateReceiver onReceive(): Entry.
02-09 18:35:06.866 D/MobileDataStateTracker(  230): [default]  intent.getAction()= android.intent.action.ANY_DATA_STATE
02-09 18:35:06.866 D/MobileDataStateTracker(  230): [default]  mEnabled = true
02-09 18:35:06.866 D/MobileDataStateTracker(  230): [default]  apnTypeList = dun
02-09 18:35:06.866 D/MobileDataStateTracker(  230): [default]  unavailable = false
02-09 18:35:06.866 D/MobileDataStateTracker(  230): [default] not what we are looking for.
02-09 18:35:06.866 D/MobileDataStateTracker(  230): [hipri]  MobileDataStateReceiver onReceive(): Entry.
02-09 18:35:06.876 D/MobileDataStateTracker(  230): [hipri]  intent.getAction()= android.intent.action.ANY_DATA_STATE
02-09 18:35:06.876 D/MobileDataStateTracker(  230): [hipri]  mEnabled = false
02-09 18:35:06.876 D/MobileDataStateTracker(  230): [hipri]  apnTypeList = hipri
02-09 18:35:06.876 D/MobileDataStateTracker(  230): [hipri]  unavailable = false
02-09 18:35:06.876 D/MobileDataStateTracker(  230): [hipri] Do not process intents if disabled.
02-09 18:35:06.876 D/MobileDataStateTracker(  230): [dun]  MobileDataStateReceiver onReceive(): Entry.
02-09 18:35:06.876 D/MobileDataStateTracker(  230): [dun]  intent.getAction()= android.intent.action.ANY_DATA_STATE
02-09 18:35:06.876 D/MobileDataStateTracker(  230): [dun]  mEnabled = false
02-09 18:35:06.876 D/MobileDataStateTracker(  230): [dun]  apnTypeList = hipri
02-09 18:35:06.876 D/MobileDataStateTracker(  230): [dun]  unavailable = false
02-09 18:35:06.876 D/MobileDataStateTracker(  230): [dun] Do not process intents if disabled.
02-09 18:35:06.876 D/MobileDataStateTracker(  230): [supl]  MobileDataStateReceiver onReceive(): Entry.
02-09 18:35:06.876 D/MobileDataStateTracker(  230): [supl]  intent.getAction()= android.intent.action.ANY_DATA_STATE
02-09 18:35:06.876 D/MobileDataStateTracker(  230): [supl]  mEnabled = false
02-09 18:35:06.876 D/MobileDataStateTracker(  230): [supl]  apnTypeList = hipri
02-09 18:35:06.876 D/MobileDataStateTracker(  230): [supl]  unavailable = false
02-09 18:35:06.876 D/MobileDataStateTracker(  230): [supl] Do not process intents if disabled.
02-09 18:35:06.876 D/MobileDataStateTracker(  230): [mms]  MobileDataStateReceiver onReceive(): Entry.
02-09 18:35:06.876 D/MobileDataStateTracker(  230): [mms]  intent.getAction()= android.intent.action.ANY_DATA_STATE
02-09 18:35:06.876 D/MobileDataStateTracker(  230): [mms]  mEnabled = false
02-09 18:35:06.886 D/MobileDataStateTracker(  230): [mms]  apnTypeList = hipri
02-09 18:35:06.886 D/MobileDataStateTracker(  230): [mms]  unavailable = false
02-09 18:35:06.886 D/MobileDataStateTracker(  230): [mms] Do not process intents if disabled.
02-09 18:35:06.886 D/MobileDataStateTracker(  230): [default]  MobileDataStateReceiver onReceive(): Entry.
02-09 18:35:06.886 D/MobileDataStateTracker(  230): [default]  intent.getAction()= android.intent.action.ANY_DATA_STATE
02-09 18:35:06.886 D/MobileDataStateTracker(  230): [default]  mEnabled = true
02-09 18:35:06.886 D/MobileDataStateTracker(  230): [default]  apnTypeList = hipri
02-09 18:35:06.886 D/MobileDataStateTracker(  230): [default]  unavailable = false
02-09 18:35:06.886 D/MobileDataStateTracker(  230): [default] not what we are looking for.
02-09 18:35:07.116 I/ActivityThread(  575): Pub com.sprint.installer: com.sprint.w.installer.ContentProvider
02-09 18:35:07.116 I/ActivityThread(  575): Pub com.sprint.w.installer.SuggestProvider: com.sprint.w.installer.SearchSuggestProvider
02-09 18:35:07.176 D/QC_NV_ITEMS(  575): QcNvItems instance created.
02-09 18:35:07.186 I/QC_RIL_OEM_HOOK(  575): QcRilOemHook Service Created Successfully
02-09 18:35:07.186 E/QC_NV_ITEMS(  575): ### getMipDataProfile, slot = 1
02-09 18:35:07.186 D/QC_NV_ITEMS(  575): ### doNvRead(465, 1)
02-09 18:35:07.186 D/QC_RIL_OEM_HOOK(  575): sendRilOemHookMsg: itemIdTemp-47
02-09 18:35:07.196 D/QC_NV_ITEMS(  575): Received(465,1): 011f7a7465746573746163636f756e7432323140737072696e747063732e636f6d000000000000000000000000000000000000000000000000000000000000000000000000000000000001d204000001d20400000100000000ffffffff4c591c44
02-09 18:35:07.196 D/QC_NV_ITEMS(  575): 011f7a7465746573746163636f756e7432323140737072696e747063732e636f6d000000000000000000000000000000000000000000000000000000000000000000000000000000000001d204000001d20400000100000000ffffffff4c591c44
02-09 18:35:07.196 E/QmiItemTypes(  575):  index= 1
02-09 18:35:07.196 E/QmiItemTypes(  575):  nai len= 31
02-09 18:35:07.206 E/QmiItemTypes(  575):  nai str= ztetestaccount221@sprintpcs.com
02-09 18:35:07.206 E/QmiItemTypes(  575):  mMnHaSpiSet= true
02-09 18:35:07.206 E/QmiItemTypes(  575):  mMnHaSpi= 1234
02-09 18:35:07.206 E/QmiItemTypes(  575):  mMnAaaSpiSet= true
02-09 18:35:07.206 E/QmiItemTypes(  575):  mMnAaaSpi= 1234
02-09 18:35:07.206 E/QmiItemTypes(  575):  mRvsTnl= true
02-09 18:35:07.206 E/QmiItemTypes(  575):  home_addr= 0.0.0.0
02-09 18:35:07.206 E/QmiItemTypes(  575):  primary_ha_addr= 255.255.255.255
02-09 18:35:07.206 E/QmiItemTypes(  575):  secondary_ha_addr= 68.28.89.76
02-09 18:35:07.226 I/SprintID.Util(  575): skipping the update check since it already ran recently
02-09 18:35:07.437 I/V3Client(  584): com.locationlabs.v3client onCreate() version: 301/3.0.1 3.0.1:2011.11.12-08.08(r159470) prod sparkle build@l64build1
02-09 18:35:07.537 I/V3Client(  584): doStartup(20000)
02-09 18:35:09.328 I/wpa_supplicant(  389): Selecting BSS from priority group 4
02-09 18:35:09.328 I/wpa_supplicant(  389): Try to find WPA-enabled AP
02-09 18:35:09.328 I/wpa_supplicant(  389): Selecting BSS from priority group 3
02-09 18:35:09.328 I/wpa_supplicant(  389): Try to find WPA-enabled AP
02-09 18:35:09.328 I/wpa_supplicant(  389): Selecting BSS from priority group 2
02-09 18:35:09.328 I/wpa_supplicant(  389): Try to find WPA-enabled AP
02-09 18:35:09.328 I/wpa_supplicant(  389): Selecting BSS from priority group 1
02-09 18:35:09.328 I/wpa_supplicant(  389): Try to find WPA-enabled AP
02-09 18:35:09.328 I/dun_service(  124): process rmnet event
02-09 18:35:09.328 I/dun_service(  124): Post event 3
02-09 18:35:09.328 I/dun_service(  124): received event: DUN_EVENT_RMNET_DOWN 
02-09 18:35:09.328 I/dun_service(  124): received event(DUN_EVENT_RMNET_DOWN) in state(DUN_STATE_USB_UNPLUG)
02-09 18:35:09.328 I/dun_service(  124): Ignoring the event DUN_EVENT_RMNET_DOWN in USB_UNPLUG_STATE
02-09 18:35:09.328 I/dun_service(  124): Moved to state(DUN_STATE_USB_UNPLUG)
02-09 18:35:10.259 D/***zyj***(  346):  CdmaKpcInfo enter
02-09 18:35:10.259 D/***zyj***(  346):  fillBundle enter
02-09 18:35:10.820 D/WifiStateTracker(  230): setNotificationVisible() scanResult.SSID=MGRM0bility Open? false
02-09 18:35:10.820 D/WifiStateTracker(  230): setNotificationVisible() scanResult.SSID=kodo Open? false
02-09 18:35:10.820 D/WifiStateTracker(  230): setNotificationVisible() scanResult.SSID=Store-PC-WPA Open? false
02-09 18:35:10.820 D/WifiStateTracker(  230): setNotificationVisible() visible=false mNotificationShown=false force=false return.
02-09 18:35:10.880 D/AlarmManager(  230): +++Alarm set:type=2 com.google.android.location  Trigger after:86391083ms
02-09 18:35:10.890 E/PhoneInterfaceManager(  346): ***zyj*** name:1mask:22151168
02-09 18:35:10.890 D/PhoneInterfaceManager(  346): Broadcasting intent ACTION_UNSOL_RESPONSE_OEM_HOOK_KPC
02-09 18:35:10.990 I/dun_service(  124): process rmnet event
02-09 18:35:10.990 I/dun_service(  124): Post event 3
02-09 18:35:10.990 I/dun_service(  124): received event: DUN_EVENT_RMNET_DOWN 
02-09 18:35:10.990 I/dun_service(  124): received event(DUN_EVENT_RMNET_DOWN) in state(DUN_STATE_USB_UNPLUG)
02-09 18:35:10.990 I/dun_service(  124): Ignoring the event DUN_EVENT_RMNET_DOWN in USB_UNPLUG_STATE
02-09 18:35:10.990 I/dun_service(  124): Moved to state(DUN_STATE_USB_UNPLUG)
02-09 18:35:11.781 D/AlarmManager(  230): +++Alarm set:type=2 com.locationlabs.v3client  Trigger after:19995ms
02-09 18:35:11.831 I/V3Client(  584): Boot intent received
02-09 18:35:11.921 W/dalvikvm(  393): Refusing to reopen boot DEX '/system/framework/qcrilhook.jar'
02-09 18:35:11.951 W/dalvikvm(  393): Refusing to reopen boot DEX '/system/framework/qcnvitems.jar'
02-09 18:35:11.971 E/Dun Auto Boot(  393): Dun Auto Boot Started Successfully
02-09 18:35:11.971 I/Dun Service(  393): Dun Service Created Successfully
02-09 18:35:11.981 I/Dun Service(  393): Background Service Started Successfully ...
02-09 18:35:12.021 W/dalvikvm(  595): Refusing to reopen boot DEX '/system/framework/OmaDrmClient.jar'
02-09 18:35:12.031 I/ActivityThread(  595): Pub drm.oma: com.irdeto.providers.drm.OmaDrmProvider
02-09 18:35:12.061 D/OmaDrmReceiver(  595): android.intent.action.BOOT_COMPLETED
02-09 18:35:12.181 W/dalvikvm(  604): Refusing to reopen boot DEX '/system/framework/OmaDrmClient.jar'
02-09 18:35:12.281 I/ActivityThread(  604): Pub com.android.mms.SuggestionsProvider: com.android.mms.SuggestionsProvider
02-09 18:35:12.281 E/MmsCustom(  604): Mms,MmsCustom
02-09 18:35:12.281 E/MmsCustom(  604): Init before calling function of doPreSotred()
02-09 18:35:12.281 E/MmsCustom(  604): mms config have been prestored before
02-09 18:35:12.281 E/MmsConfig(  604): mUaProfUrl=http://device.sprintpcs.com/ZTE/ZTEN850KT/N850V1.0.0B10.rdf
02-09 18:35:12.411 D/Mms     (  604): [13] Conversation get() RECIPIENT==: 1
02-09 18:35:12.411 D/Mms     (  604): [13] Conversation get() DATE==: 1328832989000
02-09 18:35:12.411 W/Mms/cache(  604): RecipientId 1 not in cache!
02-09 18:35:12.452 I/Mms     (  604): parseMmsAddress number=9137446943, length=10
02-09 18:35:12.452 D/MmsSystemEventReceiver(  604): Intent received: Intent { act=android.intent.action.BOOT_COMPLETED cmp=com.android.mms/.transaction.MmsSystemEventReceiver }
02-09 18:35:12.462 I/ContactsProvider(  394): query: content://com.android.contacts/data
02-09 18:35:12.462 E/ContactsProvider(  394): 101123 isCallerRegisterNeedSIMProc callerPid:604, acorePid:394
02-09 18:35:12.462 I/ContactsProvider(  394): query isCallerRegistered= true
02-09 18:35:12.462 I/ContactsProvider(  394): query forOnlyOneContactString= 0
02-09 18:35:12.472 I/ContactsProvider(  394): query: content://com.android.contacts/contacts/222/photo
02-09 18:35:12.472 E/ContactsProvider(  394): 101123 isCallerRegisterNeedSIMProc callerPid:604, acorePid:394
02-09 18:35:12.482 I/ContactsProvider(  394): query isCallerRegistered= true
02-09 18:35:12.482 I/ContactsProvider(  394): query forOnlyOneContactString= 0
02-09 18:35:12.492 E/MmsSystemEventReceiver(  604): ACTION_BOOT_COMPLETED wakeup at=132883411250430000
02-09 18:35:12.532 D/Mms     (  604): currentRoamingStatus:1
02-09 18:35:12.532 D/Mms     (  604): mAutoSendHandler sendEmptyMessageDelayed
02-09 18:35:12.542 E/HQB     (  604): onReceive  action received android.intent.action.BOOT_COMPLETED
02-09 18:35:12.542 D/Mms     (  604): [13] Conversation get() RECIPIENT==: 2
02-09 18:35:12.542 E/HQB     (  604): onReceiveWithPrivilege  action received android.intent.action.BOOT_COMPLETED
02-09 18:35:12.542 D/Mms     (  604): [13] Conversation get() DATE==: 1328743693580
02-09 18:35:12.562 D/Mms:app (  604): in getIconResourceId cmasNo =0
02-09 18:35:12.562 D/Mms:app (  604): in getIconResourceId cmasNo = 0, cancel(notificationId)
02-09 18:35:12.572 I/Mms     (  604): parseMmsAddress number=9132300412, length=10
02-09 18:35:12.602 I/ContactsProvider(  394): query: content://com.android.contacts/data
02-09 18:35:12.602 E/ContactsProvider(  394): 101123 isCallerRegisterNeedSIMProc callerPid:604, acorePid:394
02-09 18:35:12.612 I/ContactsProvider(  394): query isCallerRegistered= true
02-09 18:35:12.612 I/ContactsProvider(  394): query forOnlyOneContactString= 0
02-09 18:35:12.702 W/dalvikvm(  619): Refusing to reopen boot DEX '/system/framework/qcrilhook.jar'
02-09 18:35:12.712 W/dalvikvm(  619): Refusing to reopen boot DEX '/system/framework/qcnvitems.jar'
02-09 18:35:12.762 D/QC_NV_ITEMS(  619): QcNvItems instance created.
02-09 18:35:12.772 I/QC_RIL_OEM_HOOK(  619): QcRilOemHook Service Created Successfully
02-09 18:35:12.772 E/HWY     (  619): into Hidden Menu
02-09 18:35:12.772 E/HWY     (  619): reboot now
02-09 18:35:12.782 I/ContactsProvider(  394): query: content://com.android.contacts/contacts/164/photo
02-09 18:35:12.782 E/ContactsProvider(  394): 101123 isCallerRegisterNeedSIMProc callerPid:604, acorePid:394
02-09 18:35:12.782 I/ContactsProvider(  394): query isCallerRegistered= true
02-09 18:35:12.782 I/ContactsProvider(  394): query forOnlyOneContactString= 0
02-09 18:35:12.832 D/Mms     (  604): [13] Conversation get() RECIPIENT==: 3
02-09 18:35:12.832 D/Mms     (  604): [13] Conversation get() DATE==: 1328833031000
02-09 18:35:12.832 I/Mms     (  604): parseMmsAddress number=9136084351, length=10
02-09 18:35:12.892 D/AlarmManager(  230): +++Alarm set:type=0 com.google.android.gsf  Trigger after:1054399ms
02-09 18:35:12.932 E/lights  (  230):   g_haveAmberLed=0
02-09 18:35:12.942 E/lights  (  230):   red=0
02-09 18:35:12.942 E/lights  (  230):   green=255
02-09 18:35:12.942 E/lights  (  230):   blink=1
02-09 18:35:13.002 D/MediaScannerService(  533): start scanning volume internal
02-09 18:35:13.012 D/Launcher(  353): onSaveInstanceState
02-09 18:35:13.022 D/Launcher(  353): Dissmis Preview for view :null ID:2131230735
02-09 18:35:13.022 D/Launcher(  353): Dissmis Preview for view :null ID:2131230736
02-09 18:35:13.022 D/Launcher(  353): Dissmis Preview for view :null ID:2131230739
02-09 18:35:13.022 D/Launcher(  353): Dissmis Preview for view :null ID:2131230741
02-09 18:35:13.042 D/KeyguardViewMediator(  230): setHidden false
02-09 18:35:13.052 D/KeyguardViewMediator(  230): setHidden false
02-09 18:35:13.052 D/KeyguardViewMediator(  230): setHidden false
02-09 18:35:13.052 I/hubo    (  230): Activity {com.google.android.gsf/com.google.android.gsf.update.SystemUpdateInstallDialog}
02-09 18:35:13.062 I/ContactsProvider(  394): query: content://com.android.contacts/data
02-09 18:35:13.062 E/ContactsProvider(  394): 101123 isCallerRegisterNeedSIMProc callerPid:604, acorePid:394
02-09 18:35:13.072 I/ContactsProvider(  394): query isCallerRegistered= true
02-09 18:35:13.082 I/ContactsProvider(  394): query forOnlyOneContactString= 0
02-09 18:35:13.122 I/ContactsProvider(  394): query: content://com.android.contacts/contacts/176/photo
02-09 18:35:13.122 E/ContactsProvider(  394): 101123 isCallerRegisterNeedSIMProc callerPid:604, acorePid:394
02-09 18:35:13.122 I/ContactsProvider(  394): query isCallerRegistered= true
02-09 18:35:13.122 I/ContactsProvider(  394): query forOnlyOneContactString= 0
02-09 18:35:13.142 D/androidNlpServiceThread(  397): updateState: shouldBeEnabled true shouldBeRunning true
02-09 18:35:13.212 D/KeyguardViewMediator(  230): setHidden false
02-09 18:35:13.222 D/Warhol  (  353): A pack appears to be installed -- skipping Installer
02-09 18:35:13.222 D/KeyguardViewMediator(  230): setHidden false
02-09 18:35:13.232 D/androidNlpServiceThread(  397): updateState: shouldBeEnabled true shouldBeRunning true
02-09 18:35:13.252 D/KeyguardViewMediator(  230): setHidden false
02-09 18:35:13.272 I/hubo    (  230): Activity {com.android.launcher/com.android.launcher2.Launcher}
02-09 18:35:13.272 I/ActivityManager(  230): Displayed com.android.launcher/com.android.launcher2.Launcher: +18s692ms
02-09 18:35:13.302 I/vDM     (  497): Vdmc getInstance
02-09 18:35:13.302 I/vDM     (  497): <MyATCommand.java> MyATCommand() construct
02-09 18:35:13.312 D/androidNlpServiceThread(  397): updateState: shouldBeEnabled true shouldBeRunning true
02-09 18:35:13.322 I/vDM     (  497): VdmcLawmo#checkLock
02-09 18:35:13.382 D/QC_NV_ITEMS(  497): QcNvItems instance created.
02-09 18:35:13.392 I/QC_RIL_OEM_HOOK(  497): QcRilOemHook Service Created Successfully
02-09 18:35:13.392 D/QC_NV_ITEMS(  497): ### getPhoneLocked()
02-09 18:35:13.392 D/QC_RIL_OEM_HOOK(  497): sendRilOemHookMsg: itemIdTemp81
02-09 18:35:13.392 D/QC_NV_ITEMS(  497): Received: 00
02-09 18:35:13.392 D/QC_NV_ITEMS(  497): val=0
02-09 18:35:13.392 I/vDM     (  497): VdmcLawmo#checkLock unlock
02-09 18:35:13.402 I/vDM     (  497): Vdmc none AirPlane
02-09 18:35:13.402 I/DMC     (  497): Vdmc showHfaUI
02-09 18:35:13.402 D/QC_NV_ITEMS(  497): QcNvItems instance created.
02-09 18:35:13.402 I/QC_RIL_OEM_HOOK(  497): QcRilOemHook Service Created Successfully
02-09 18:35:13.402 D/QC_NV_ITEMS(  497): ### getMeid()
02-09 18:35:13.412 D/QC_RIL_OEM_HOOK(  497): sendRilOemHookMsg: itemIdTemp-105
02-09 18:35:13.452 D/QC_NV_ITEMS(  497): Received: bb947d200000a100
02-09 18:35:13.452 D/QC_NV_ITEMS(  497): ***zhoujing***NvMeidType::mMeid=0x0
02-09 18:35:13.452 E/vDM     (  497): meidValue = A10000207D94BB
02-09 18:35:13.452 I/vDM     (  497): Vdmc getInstance
02-09 18:35:13.452 D/QC_NV_ITEMS(  497): ### getMeid()
02-09 18:35:13.452 D/QC_RIL_OEM_HOOK(  497): sendRilOemHookMsg: itemIdTemp-105
02-09 18:35:13.473 D/QC_NV_ITEMS(  497): Received: bb947d200000a100
02-09 18:35:13.473 D/QC_NV_ITEMS(  497): ***zhoujing***NvMeidType::mMeid=0x0
02-09 18:35:13.473 E/vDM     (  497): meidValue = A10000207D94BB
02-09 18:35:13.473 E/vDM     (  497): getLastFourMEID() MEID=A10000207D94BB
02-09 18:35:13.473 E/vDM     (  497): getLastFourMEID() Last4MEID=0075
02-09 18:35:13.473 I/vDM     (  497): MyTreeIoHanlder isEnterHfa
02-09 18:35:13.473 D/QC_NV_ITEMS(  497): QcNvItems instance created.
02-09 18:35:13.483 I/QC_RIL_OEM_HOOK(  497): QcRilOemHook Service Created Successfully
02-09 18:35:13.483 D/QC_NV_ITEMS(  497): ###getMinImsiNumber()
02-09 18:35:13.483 D/QC_RIL_OEM_HOOK(  497): sendRilOemHookMsg: itemIdTemp32
02-09 18:35:13.503 D/QC_NV_ITEMS(  497): Received: ff947d20006cda6b00
02-09 18:35:13.503 D/QC_RIL_OEM_HOOK(  497): sendRilOemHookMsg: itemIdTemp33
02-09 18:35:13.513 D/QC_NV_ITEMS(  497): Received: ff947d9103
02-09 18:35:13.513 D/QC_NV_ITEMS(  497): getMinImsiNumber() msid = 9137068268
02-09 18:35:13.513 D/QC_NV_ITEMS(  497): ### getMobDirNumber()
02-09 18:35:13.523 D/QC_RIL_OEM_HOOK(  497): sendRilOemHookMsg: itemIdTemp-41
02-09 18:35:13.523 D/QC_NV_ITEMS(  497): Received: 000a090103020a0a050902080000000000
02-09 18:35:13.523 E/QC_NV_ITEMS(  497): ### getMipDataProfile, slot = 1
02-09 18:35:13.523 D/QC_NV_ITEMS(  497): ### doNvRead(465, 1)
02-09 18:35:13.523 D/QC_RIL_OEM_HOOK(  497): sendRilOemHookMsg: itemIdTemp-47
02-09 18:35:13.533 D/QC_NV_ITEMS(  497): Received(465,1): 011f7a7465746573746163636f756e7432323140737072696e747063732e636f6d000000000000000000000000000000000000000000000000000000000000000000000000000000000001d204000001d20400000100000000ffffffff4c591c44
02-09 18:35:13.533 D/QC_NV_ITEMS(  497): 011f7a7465746573746163636f756e7432323140737072696e747063732e636f6d000000000000000000000000000000000000000000000000000000000000000000000000000000000001d204000001d20400000100000000ffffffff4c591c44
02-09 18:35:13.533 E/QmiItemTypes(  497):  index= 1
02-09 18:35:13.533 E/QmiItemTypes(  497):  nai len= 31
02-09 18:35:13.553 E/QmiItemTypes(  497):  nai str= ztetestaccount221@sprintpcs.com
02-09 18:35:13.553 E/QmiItemTypes(  497):  mMnHaSpiSet= true
02-09 18:35:13.553 E/QmiItemTypes(  497):  mMnHaSpi= 1234
02-09 18:35:13.553 E/QmiItemTypes(  497):  mMnAaaSpiSet= true
02-09 18:35:13.553 E/QmiItemTypes(  497):  mMnAaaSpi= 1234
02-09 18:35:13.553 E/QmiItemTypes(  497):  mRvsTnl= true
02-09 18:35:13.553 E/QmiItemTypes(  497):  home_addr= 0.0.0.0
02-09 18:35:13.553 E/QmiItemTypes(  497):  primary_ha_addr= 255.255.255.255
02-09 18:35:13.553 E/QmiItemTypes(  497):  secondary_ha_addr= 68.28.89.76
02-09 18:35:13.553 I/DMC     (  497): get msid =9137068268
02-09 18:35:13.553 I/DMC     (  497): get mdn =9132005928
02-09 18:35:13.553 I/DMC     (  497): get nai lenth =31
02-09 18:35:13.553 I/vDM     (  497): MyTreeIoHanlder checkDeviceActive true
02-09 18:35:13.553 D/QC_NV_ITEMS(  497): ### setMipProfileEnabled()
02-09 18:35:13.553 D/QC_NV_ITEMS(  497): mEnabled[0]:true, mEnabled[1]:true 
02-09 18:35:13.553 D/QC_NV_ITEMS(  497): mEnabled[0]:true, mEnabled[1]:true 
02-09 18:35:13.553 D/QC_RIL_OEM_HOOK(  497): sendRilOemHookMsg: itemIdTemp-54
02-09 18:35:13.563 D/androidNlpServiceThread(  397): updateState: shouldBeEnabled true shouldBeRunning true
02-09 18:35:13.573 D/QC_NV_ITEMS(  497): ### getActiveMipSlot()
02-09 18:35:13.573 D/QC_RIL_OEM_HOOK(  497): sendRilOemHookMsg: itemIdTemp-48
02-09 18:35:13.583 D/androidNlpServiceThread(  397): updateState: shouldBeEnabled true shouldBeRunning true
02-09 18:35:13.593 D/QC_NV_ITEMS(  497): Received: 01
02-09 18:35:13.593 D/QC_NV_ITEMS(  497): val=1
02-09 18:35:13.593 I/vDM     (  497): getSlotParam=1
02-09 18:35:13.593 D/QC_NV_ITEMS(  497): QcNvItems instance created.
02-09 18:35:13.593 I/QC_RIL_OEM_HOOK(  497): QcRilOemHook Service Created Successfully
02-09 18:35:13.593 E/QC_NV_ITEMS(  497): ### getMipDataProfile, slot = 1
02-09 18:35:13.593 D/QC_NV_ITEMS(  497): ### doNvRead(465, 1)
02-09 18:35:13.593 D/QC_RIL_OEM_HOOK(  497): sendRilOemHookMsg: itemIdTemp-47
02-09 18:35:13.593 D/QC_NV_ITEMS(  497): Received(465,1): 011f7a7465746573746163636f756e7432323140737072696e747063732e636f6d000000000000000000000000000000000000000000000000000000000000000000000000000000000001d204000001d20400000100000000ffffffff4c591c44
02-09 18:35:13.593 D/QC_NV_ITEMS(  497): 011f7a7465746573746163636f756e7432323140737072696e747063732e636f6d000000000000000000000000000000000000000000000000000000000000000000000000000000000001d204000001d20400000100000000ffffffff4c591c44
02-09 18:35:13.603 E/QmiItemTypes(  497):  index= 1
02-09 18:35:13.603 E/QmiItemTypes(  497):  nai len= 31
02-09 18:35:13.603 E/QmiItemTypes(  497):  nai str= ztetestaccount221@sprintpcs.com
02-09 18:35:13.603 E/QmiItemTypes(  497):  mMnHaSpiSet= true
02-09 18:35:13.603 E/QmiItemTypes(  497):  mMnHaSpi= 1234
02-09 18:35:13.603 E/QmiItemTypes(  497):  mMnAaaSpiSet= true
02-09 18:35:13.603 E/QmiItemTypes(  497):  mMnAaaSpi= 1234
02-09 18:35:13.603 E/QmiItemTypes(  497):  mRvsTnl= true
02-09 18:35:13.603 E/QmiItemTypes(  497):  home_addr= 0.0.0.0
02-09 18:35:13.603 E/QmiItemTypes(  497):  primary_ha_addr= 255.255.255.255
02-09 18:35:13.603 E/QmiItemTypes(  497):  secondary_ha_addr= 68.28.89.76
02-09 18:35:13.603 I/DMC     (  497): get nai value =ztetestaccount221@sprintpcs.com
02-09 18:35:13.603 I/vDM     (  497): Vdmc getInstance
02-09 18:35:13.613 I/vDM     (  497): init
02-09 18:35:13.653 D/androidNlpServiceThread(  397): updateState: shouldBeEnabled true shouldBeRunning true
02-09 18:35:13.683 I/Vdmc    (  497): IMEI:MEID:A10000207D94BB
02-09 18:35:13.683 I/Vdmc    (  497): MEID:MEID:A10000207D94BB
02-09 18:35:13.683 I/Vdmc    (  497): MEID2:A10000207D94BB
02-09 18:35:13.693 I/Vdmc    (  497): IMSI:310009137068268
02-09 18:35:13.693 I/Vdmc    (  497): storageImsi:
02-09 18:35:13.693 I/Vdmc    (  497): Version:N850V1.0.0B10
02-09 18:35:13.693 I/DMC     (  497): model:N850
02-09 18:35:13.693 I/vDMC    (  497): FileLogger.Init
02-09 18:35:13.783 D/DMC (main) (  497): ZTE DM version 2011.07.08.13.41
02-09 18:35:13.783 I/JNI (main) (  497): Trying to load libvdmengine.so
02-09 18:35:13.833 I/vDM (om.redbend.vdmc)(  497): 
02-09 18:35:13.833 I/vDM (om.redbend.vdmc)(  497): ****************************  LOGGER INITIALIZED  ******************************
02-09 18:35:13.833 I/vDM (om.redbend.vdmc)(  497): 
02-09 18:35:13.833 I/vDM (om.redbend.vdmc)(  497): [00] e\core\src\vdm_api.c.  134: VDM_create: vDM version is 4.06.00.27
02-09 18:35:13.833 I/vDM (om.redbend.vdmc)(  497): [00] c\vdm_mq_scheduler.c.  191: VDM_MQ_Scheduler_setThreshold: from(0) to (999)
02-09 18:35:13.833 I/vDM     (  497): Vdmc getInstance
02-09 18:35:13.853 D/DMC (main) (  497): Using vDM version 4.06.00.27
02-09 18:35:13.853 I/JNI (main) (  497): Trying to load libvdmfumo.so
02-09 18:35:13.903 I/RlzPingService(  478): Setting next ping for 1329438913912
02-09 18:35:13.923 D/AlarmManager(  230): +++Alarm set:type=0 com.google.android.partnersetup  Trigger after:604799975ms
02-09 18:35:13.943 I/vDM     (  497): MyRegistry#getStringValue SOFTWARE\RedBend\vDM\FUMO\./FwUpdate/Flash/updatepkgpath : dlpkgfile
02-09 18:35:13.943 I/vDM     (  497): MyRegistry#getStringValue SOFTWARE\RedBend\vDM\FUMO\./FwUpdate/Flash/updatepkgpath : dlpkgfile
02-09 18:35:13.943 I/vDM (om.redbend.vdmc)(  497): rdm\tree\tree_exec.c.116: TREE_RDM_registerExecute() ./FwUpdate/Flash/Update. func=-2134890124, context=0x207ca0
02-09 18:35:13.943 I/vDM (om.redbend.vdmc)(  497): rdm\tree\tree_exec.c.116: TREE_RDM_registerExecute() ./FwUpdate/Flash/Download. func=-2134890160, context=0x207ca0
02-09 18:35:13.943 I/vDM (om.redbend.vdmc)(  497): rdm\tree\tree_exec.c.116: TREE_RDM_registerExecute() ./FwUpdate/Flash/DownloadAndUpdate. func=-2134890196, context=0x207ca0
02-09 18:35:13.943 I/DMC     (  497): VdmcFumoHandler, getFumo
02-09 18:35:13.943 I/vDM     (  497): Vdmc getInstance
02-09 18:35:13.943 D/vDM (main) (  497): SSC: registerObserver: com.redbend.vdmc.MySessionObserver@4050e518
02-09 18:35:13.943 D/DMC     (  497): MyCpObserver
02-09 18:35:13.943 I/vDM (om.redbend.vdmc)(  497): rdm\tree\tree_exec.c.116: TREE_RDM_registerExecute() ./Ext/Interior. func=-2135435720, context=0x2
02-09 18:35:13.963 I/vDM (om.redbend.vdmc)(  497): rdm\tree\tree_exec.c.116: TREE_RDM_registerExecute() ./SecureDevice. func=-2135435720, context=0x2b
02-09 18:35:13.963 I/vDM (om.redbend.vdmc)(  497): rdm\tree\tree_exec.c.116: TREE_RDM_registerExecute() ./RemoteCommands/Command. func=-2135435720, context=0x2c
02-09 18:35:13.963 I/DMC     (  497): registerSPATree is started!
02-09 18:35:13.963 I/DMC     (  497): registerSPATree is ended!
02-09 18:35:13.973 I/vDM     (  497): Vdmc getInstance
02-09 18:35:13.973 I/vDM     (  497): UpdateAccordingTimer init
02-09 18:35:13.983 I/vDM     (  497): Vdmc getInstance
02-09 18:35:13.983 I/vDM     (  497): Vdmc getInstance
02-09 18:35:13.983 I/vDM     (  497): checkUpdate exit autoupdate
02-09 18:35:14.023 D/Mms:app (  604): in getIconResourceId cmasNo =0
02-09 18:35:14.023 D/Mms:app (  604): in getIconResourceId cmasNo = 0, cancel(notificationId)
02-09 18:35:14.053 I/DMC (main) (  497): /////// vDM Version: 4.06.00.27 ////////////
02-09 18:35:14.143 I/ActivityThread(  634): Pub gmail-ls: com.google.android.gm.provider.MailProvider
02-09 18:35:14.203 I/ActivityThread(  634): Pub com.google.android.gm.attachmentspreviews: com.google.android.gm.AttachmentPreviewProvider
02-09 18:35:14.203 I/ActivityThread(  634): Pub com.google.android.gmail.SuggestionProvider: com.google.android.gm.SuggestionsProvider
02-09 18:35:14.203 I/ActivityThread(  634): Pub gmail-downloads: com.google.android.gm.downloadprovider.DownloadProvider
02-09 18:35:14.453 D/Email   (  488): BOOT_COMPLETED
02-09 18:35:14.453 D/Email   (  488): BOOT_COMPLETED Time Initialication
02-09 18:35:14.463 D/Email   (  488): BOOT_COMPLETED Time Initialication end
02-09 18:35:14.463 D/Email   (  488): BOOT_COMPLETED Begin Service
02-09 18:35:14.654 I/ActivityThread(  651): Pub com.dataviz.dxtg.documentprovider: com.dataviz.dxtg.common.android.DocumentContentProvider
02-09 18:35:14.664 I/ActivityThread(  651): Pub com.dataviz.docstogo.shregi: com.dataviz.dxtg.common.android.RegistrationInfoShare
02-09 18:35:14.734 D/Email   (  488): BOOT_COMPLETED End
02-09 18:35:14.814 I/Documents To Go(  651): Phone Boot Received
02-09 18:35:14.844 D/EAS SyncManager(  488): !!! EAS SyncManager, onCreate
02-09 18:35:15.024 E/DHCP    (  126): +++ ifc_configure
02-09 18:35:15.024 E/DHCP    (  126):  +++ create default route
02-09 18:35:15.024 E/DHCP    (  126):  +++ set dns prop 
02-09 18:35:15.024 I/dun_service(  124): process rmnet event
02-09 18:35:15.024 I/dun_service(  124): Post event 4
02-09 18:35:15.024 I/dun_service(  124): process rmnet event
02-09 18:35:15.024 I/dun_service(  124): Post event 4
02-09 18:35:15.024 I/dun_service(  124): process rmnet event
02-09 18:35:15.024 I/dun_service(  124): Post event 4
02-09 18:35:15.024 I/dun_service(  124): received event: DUN_EVENT_RMNET_UP 
02-09 18:35:15.024 I/dun_service(  124): received event(DUN_EVENT_RMNET_UP) in state(DUN_STATE_USB_UNPLUG)
02-09 18:35:15.024 I/dun_service(  124): Ignoring the event DUN_EVENT_RMNET_UP in USB_UNPLUG_STATE
02-09 18:35:15.024 I/dun_service(  124): Moved to state(DUN_STATE_USB_UNPLUG)
02-09 18:35:15.024 I/dun_service(  124): received event: DUN_EVENT_RMNET_UP 
02-09 18:35:15.024 I/dun_service(  124): received event(DUN_EVENT_RMNET_UP) in state(DUN_STATE_USB_UNPLUG)
02-09 18:35:15.024 I/dun_service(  124): Ignoring the event DUN_EVENT_RMNET_UP in USB_UNPLUG_STATE
02-09 18:35:15.024 I/dun_service(  124): Moved to state(DUN_STATE_USB_UNPLUG)
02-09 18:35:15.024 I/dun_service(  124): received event: DUN_EVENT_RMNET_UP 
02-09 18:35:15.024 I/dun_service(  124): received event(DUN_EVENT_RMNET_UP) in state(DUN_STATE_USB_UNPLUG)
02-09 18:35:15.024 I/dun_service(  124): Ignoring the event DUN_EVENT_RMNET_UP in USB_UNPLUG_STATE
02-09 18:35:15.024 I/dun_service(  124): Moved to state(DUN_STATE_USB_UNPLUG)
02-09 18:35:15.024 I/dun_service(  124): process rmnet event
02-09 18:35:15.024 I/dun_service(  124): Post event 4
02-09 18:35:15.024 I/dun_service(  124): received event: DUN_EVENT_RMNET_UP 
02-09 18:35:15.024 I/dun_service(  124): received event(DUN_EVENT_RMNET_UP) in state(DUN_STATE_USB_UNPLUG)
02-09 18:35:15.024 I/dun_service(  124): Ignoring the event DUN_EVENT_RMNET_UP in USB_UNPLUG_STATE
02-09 18:35:15.024 I/dun_service(  124): Moved to state(DUN_STATE_USB_UNPLUG)
02-09 18:35:15.024 E/        (  114): cby, conn_id = 0, client_id = 3, service_id = 1
02-09 18:35:15.034 D/DATA    (  346): [DC cid = -1]DcActivatingState msg.what=EVENT_SETUP_DATA_CONNECTION_DONE
02-09 18:35:15.034 D/DATA    (  346): [DC cid = 0]interface=rmnet0 ipAddress=70.5.41.227 gateway=70.5.41.225 DNS1=68.28.67.132 DNS2=68.28.68.132
02-09 18:35:15.034 D/DATA    (  346): [DC cid = 0]DataConnection setup result='SUCCESS' on cid=0
02-09 18:35:15.034 D/DATA    (  346): [DC cid = 0]DcInactiveState: setEnterNoticationParams cp,cause
02-09 18:35:15.034 D/DATA    (  346): [DC cid = 0]DcActiveState: enter notifyConnectCompleted
02-09 18:35:15.034 D/DATA    (  346): [DC cid = 0]notifyConnection at 1328834115045 cause=NONE
02-09 18:35:15.034 I/DATA    (  346): [DCT(0) ] onConnectDone: set mDataCallSetupPending = false
02-09 18:35:15.034 I/DATA    (  346): [DCT(0) ] --------------------------
02-09 18:35:15.034 I/DATA    (  346): [DCT(0) ] Data call setup : SUCCESS
02-09 18:35:15.034 I/DATA    (  346): [DCT(0) ]   data profile  : CDMA NAI 0
02-09 18:35:15.034 I/DATA    (  346): [DCT(0) ]   service type  : SERVICE_TYPE_DEFAULT
02-09 18:35:15.034 I/DATA    (  346): [DCT(0) ]   data call id  : 0
02-09 18:35:15.034 I/DATA    (  346): [DCT(0) ]   ip version    : INET
02-09 18:35:15.034 I/DATA    (  346): [DCT(0) ]   ip address/gw : 70.5.41.227/70.5.41.225
02-09 18:35:15.034 I/DATA    (  346): [DCT(0) ]   dns           : [68.28.67.132, 68.28.68.132]
02-09 18:35:15.034 I/DATA    (  346): [DCT(0) ]   reason   : radioTechnologyChanged
02-09 18:35:15.034 I/DATA    (  346): [DCT(0) ] --------------------------
02-09 18:35:15.034 I/DATA    (  346): [DCT(0) ] handleConnectedDc() : Cid=0, State=DcActiveState, bearerType=IP, create=1328834115045, lastFail=-1, lastFailCause=NONE, dp=[dpt=PROFILE_TYPE_3GPP2_NAI, active=false, 
02-09 18:35:15.034 I/DATA    (  346): [SERVICE_TYPE_DEFAULT] Service is active on INET through cid=0
02-09 18:35:15.034 I/DATA    (  346): [SERVICE_TYPE_DEFAULT] set newState =  CONNECTEDoldState =  CONNECTING
02-09 18:35:15.044 D/Phone   (  346): [PhoneNotifier] [DefaultPhoneNotifier] : default, INET, CONNECTED
02-09 18:35:15.044 I/TelephonyRegistry(  230): notifyDataConnection: state=2 isDataConnectivityPossible=true reason=radioTechnologyChanged interfaceName=rmnet0 networkType=6 apnType=default apn=null
02-09 18:35:15.044 I/TelephonyRegistry(  230): +++broadcastDataConnectionStateChanged
02-09 18:35:15.064 E/BootReceiver(  394): Contacts,BootReceiver
02-09 18:35:15.074 D/TelephonyManager(  397): [LPZ-GPS]getCellLocation enter,usewireless=true
02-09 18:35:15.074 E/BootReceiver(  394): start group load service
02-09 18:35:15.084 D/CdmaCellLocation(  397): [LPZ-GPS]mUseNetworkwireless=true
02-09 18:35:15.084 D/CdmaCellLocation(  397): [LPZ-GPS]BSId=13058
02-09 18:35:15.084 D/CdmaCellLocation(  397): [LPZ-GPS]BSLAT=560304
02-09 18:35:15.084 D/CdmaCellLocation(  397): [LPZ-GPS]BSLONG=-1362999
02-09 18:35:15.084 D/CdmaCellLocation(  397): [LPZ-GPS]SystemId=4139
02-09 18:35:15.084 D/CdmaCellLocation(  397): [LPZ-GPS]NetworkId=41
02-09 18:35:15.094 I/TelephonyRegistry(  230): +++sendStickyBroadcast
02-09 18:35:15.094 D/MobileDataStateTracker(  230): [hipri]  MobileDataStateReceiver onReceive(): Entry.
02-09 18:35:15.094 D/MobileDataStateTracker(  230): [hipri]  intent.getAction()= android.intent.action.ANY_DATA_STATE
02-09 18:35:15.094 D/MobileDataStateTracker(  230): [hipri]  mEnabled = false
02-09 18:35:15.104 D/MobileDataStateTracker(  230): [hipri]  apnTypeList = default
02-09 18:35:15.104 D/MobileDataStateTracker(  230): [hipri]  unavailable = false
02-09 18:35:15.104 D/MobileDataStateTracker(  230): [hipri] Do not process intents if disabled.
02-09 18:35:15.104 D/MobileDataStateTracker(  230): [dun]  MobileDataStateReceiver onReceive(): Entry.
02-09 18:35:15.104 D/MobileDataStateTracker(  230): [dun]  intent.getAction()= android.intent.action.ANY_DATA_STATE
02-09 18:35:15.104 D/MobileDataStateTracker(  230): [dun]  mEnabled = false
02-09 18:35:15.104 D/MobileDataStateTracker(  230): [dun]  apnTypeList = default
02-09 18:35:15.104 D/MobileDataStateTracker(  230): [dun]  unavailable = false
02-09 18:35:15.104 D/MobileDataStateTracker(  230): [dun] Do not process intents if disabled.
02-09 18:35:15.104 D/MobileDataStateTracker(  230): [supl]  MobileDataStateReceiver onReceive(): Entry.
02-09 18:35:15.104 D/MobileDataStateTracker(  230): [supl]  intent.getAction()= android.intent.action.ANY_DATA_STATE
02-09 18:35:15.104 D/MobileDataStateTracker(  230): [supl]  mEnabled = false
02-09 18:35:15.104 D/MobileDataStateTracker(  230): [supl]  apnTypeList = default
02-09 18:35:15.104 D/MobileDataStateTracker(  230): [supl]  unavailable = false
02-09 18:35:15.104 D/MobileDataStateTracker(  230): [supl] Do not process intents if disabled.
02-09 18:35:15.104 D/MobileDataStateTracker(  230): [mms]  MobileDataStateReceiver onReceive(): Entry.
02-09 18:35:15.104 D/MobileDataStateTracker(  230): [mms]  intent.getAction()= android.intent.action.ANY_DATA_STATE
02-09 18:35:15.104 D/MobileDataStateTracker(  230): [mms]  mEnabled = false
02-09 18:35:15.104 D/MobileDataStateTracker(  230): [mms]  apnTypeList = default
02-09 18:35:15.104 D/MobileDataStateTracker(  230): [mms]  unavailable = false
02-09 18:35:15.104 D/MobileDataStateTracker(  230): [mms] Do not process intents if disabled.
02-09 18:35:15.104 D/MobileDataStateTracker(  230): [default]  MobileDataStateReceiver onReceive(): Entry.
02-09 18:35:15.104 D/MobileDataStateTracker(  230): [default]  intent.getAction()= android.intent.action.ANY_DATA_STATE
02-09 18:35:15.104 D/MobileDataStateTracker(  230): [default]  mEnabled = true
02-09 18:35:15.104 I/DATA    (  346): [SERVICE_TYPE_MMS] Service is active on INET through cid=0
02-09 18:35:15.104 I/DATA    (  346): [SERVICE_TYPE_MMS] set newState =  CONNECTEDoldState =  IDLE
02-09 18:35:15.104 D/Phone   (  346): [PhoneNotifier] [DefaultPhoneNotifier] : mms, INET, CONNECTED
02-09 18:35:15.114 I/TelephonyRegistry(  230): notifyDataConnection: state=2 isDataConnectivityPossible=true reason=radioTechnologyChanged interfaceName=rmnet0 networkType=6 apnType=mms apn=null
02-09 18:35:15.114 I/TelephonyRegistry(  230): +++broadcastDataConnectionStateChanged
02-09 18:35:15.114 E/BootReceiver(  394): oncreate before calling function of doPreSotred()
02-09 18:35:15.114 E/BootReceiver(  394): name and number have been prestored before
02-09 18:35:15.114 E/BootReceiver(  394): oncreate after calling function of doPreSotred()
02-09 18:35:15.124 E/LoadGroupService(  394): LoadGroupService execute
02-09 18:35:15.124 D/MobileDataStateTracker(  230): [default]  apnTypeList = default
02-09 18:35:15.124 D/MobileDataStateTracker(  230): [default]  unavailable = false
02-09 18:35:15.124 D/MobileDataStateTracker(  230): [default] CALL updateMobileInfoFromIntent
02-09 18:35:15.124 I/MobileDataStateTracker(  230): [default] dc state change intent received for default/INET with state  CONNECTED. enabled=true state change reason = radioTechnologyChanged
02-09 18:35:15.124 I/MobileDataStateTracker(  230): [default] old state = CONNECTING
02-09 18:35:15.124 I/MobileDataStateTracker(  230): [default] updated mobile state info for INET : [state=CONNECTED, iface=rmnet0, mApnName=null, mIpAddress=/70.5.41.227, mGateway=/70.5.41.225]
02-09 18:35:15.124 D/NetworkStateTracker(  230): setDetailed state, old =CONNECTING and new state=CONNECTED
02-09 18:35:15.134 W/NetworkStateTracker(  230): net.tcp.buffersize.evdo not found in system properties. Using defaults
02-09 18:35:15.134 I/TelephonyRegistry(  230): +++sendStickyBroadcast
02-09 18:35:15.134 W/NetworkStateTracker(  230): ### addDefaultRoute for iface rmnet0
02-09 18:35:15.144 D/MobileDataStateTracker(  230): [hipri]  MobileDataStateReceiver onReceive(): Entry.
02-09 18:35:15.144 D/MobileDataStateTracker(  230): [hipri]  intent.getAction()= android.intent.action.ANY_DATA_STATE
02-09 18:35:15.144 D/MobileDataStateTracker(  230): [hipri]  mEnabled = false
02-09 18:35:15.144 I/NetworkStateTracker(  230): addDefaultRoute (INET) for mobile (rmnet0), GatewayAddr=70.5.41.225
02-09 18:35:15.174 I/DATA    (  346): [SERVICE_TYPE_SUPL] Service is active on INET through cid=0
02-09 18:35:15.174 I/DATA    (  346): [SERVICE_TYPE_SUPL] set newState =  CONNECTEDoldState =  IDLE
02-09 18:35:15.184 D/MobileDataStateTracker(  230): [hipri]  apnTypeList = mms
02-09 18:35:15.184 D/MobileDataStateTracker(  230): [hipri]  unavailable = false
02-09 18:35:15.184 D/MobileDataStateTracker(  230): [hipri] Do not process intents if disabled.
02-09 18:35:15.184 D/MobileDataStateTracker(  230): [dun]  MobileDataStateReceiver onReceive(): Entry.
02-09 18:35:15.184 D/MobileDataStateTracker(  230): [dun]  intent.getAction()= android.intent.action.ANY_DATA_STATE
02-09 18:35:15.184 D/MobileDataStateTracker(  230): [dun]  mEnabled = false
02-09 18:35:15.184 D/Phone   (  346): [PhoneNotifier] [DefaultPhoneNotifier] : supl, INET, CONNECTED
02-09 18:35:15.204 D/MobileDataStateTracker(  230): [dun]  apnTypeList = mms
02-09 18:35:15.204 D/MobileDataStateTracker(  230): [dun]  unavailable = false
02-09 18:35:15.204 D/MobileDataStateTracker(  230): [dun] Do not process intents if disabled.
02-09 18:35:15.204 D/MobileDataStateTracker(  230): [supl]  MobileDataStateReceiver onReceive(): Entry.
02-09 18:35:15.204 D/MobileDataStateTracker(  230): [supl]  intent.getAction()= android.intent.action.ANY_DATA_STATE
02-09 18:35:15.204 D/MobileDataStateTracker(  230): [supl]  mEnabled = false
02-09 18:35:15.204 I/TelephonyRegistry(  230): notifyDataConnection: state=2 isDataConnectivityPossible=true reason=radioTechnologyChanged interfaceName=rmnet0 networkType=6 apnType=supl apn=null
02-09 18:35:15.204 I/TelephonyRegistry(  230): +++broadcastDataConnectionStateChanged
02-09 18:35:15.204 I/TelephonyRegistry(  230): +++sendStickyBroadcast
02-09 18:35:15.214 D/MobileDataStateTracker(  230): [supl]  apnTypeList = mms
02-09 18:35:15.214 D/MobileDataStateTracker(  230): [supl]  unavailable = false
02-09 18:35:15.214 D/MobileDataStateTracker(  230): [supl] Do not process intents if disabled.
02-09 18:35:15.214 D/MobileDataStateTracker(  230): [mms]  MobileDataStateReceiver onReceive(): Entry.
02-09 18:35:15.214 D/MobileDataStateTracker(  230): [mms]  intent.getAction()= android.intent.action.ANY_DATA_STATE
02-09 18:35:15.214 D/MobileDataStateTracker(  230): [mms]  mEnabled = false
02-09 18:35:15.224 I/DATA    (  346): [SERVICE_TYPE_HIPRI] Service is active on INET through cid=0
02-09 18:35:15.224 I/DATA    (  346): [SERVICE_TYPE_HIPRI] set newState =  CONNECTEDoldState =  IDLE
02-09 18:35:15.254 W/NetworkStateTracker(  230): ### addDefaultRoute for iface null
02-09 18:35:15.254 W/NetworkStateTracker(  230):  skip addDefaultRoute. 
02-09 18:35:15.294 D/LoadGroupService(  394): importGroups, getLoadStatus status = 1
02-09 18:35:15.304 E/LoadGroupService(  394): doPreSotred import_status =1
02-09 18:35:15.304 E/LoadGroupService(  394): groups have been imported before
02-09 18:35:15.314 D/EAS SyncManager(  488): !!! EAS SyncManager, onStartCommand
02-09 18:35:15.324 D/MobileDataStateTracker(  230): [mms]  apnTypeList = mms
02-09 18:35:15.324 D/MobileDataStateTracker(  230): [mms]  unavailable = false
02-09 18:35:15.324 D/MobileDataStateTracker(  230): [mms] Do not process intents if disabled.
02-09 18:35:15.324 D/MobileDataStateTracker(  230): [default]  MobileDataStateReceiver onReceive(): Entry.
02-09 18:35:15.324 D/MobileDataStateTracker(  230): [default]  intent.getAction()= android.intent.action.ANY_DATA_STATE
02-09 18:35:15.324 D/MobileDataStateTracker(  230): [default]  mEnabled = true
02-09 18:35:15.324 D/Phone   (  346): [PhoneNotifier] [DefaultPhoneNotifier] : hipri, INET, CONNECTED
02-09 18:35:15.324 D/MobileDataStateTracker(  230): [default]  apnTypeList = mms
02-09 18:35:15.324 D/MobileDataStateTracker(  230): [default]  unavailable = false
02-09 18:35:15.324 D/MobileDataStateTracker(  230): [default] not what we are looking for.
02-09 18:35:15.324 D/MobileDataStateTracker(  230): [hipri]  MobileDataStateReceiver onReceive(): Entry.
02-09 18:35:15.334 D/MobileDataStateTracker(  230): [hipri]  intent.getAction()= android.intent.action.ANY_DATA_STATE
02-09 18:35:15.334 I/TelephonyRegistry(  230): notifyDataConnection: state=2 isDataConnectivityPossible=true reason=radioTechnologyChanged interfaceName=rmnet0 networkType=6 apnType=hipri apn=null
02-09 18:35:15.334 I/TelephonyRegistry(  230): +++broadcastDataConnectionStateChanged
02-09 18:35:15.334 I/TelephonyRegistry(  230): +++sendStickyBroadcast
02-09 18:35:15.334 D/MobileDataStateTracker(  230): [hipri]  mEnabled = false
02-09 18:35:15.344 D/MobileDataStateTracker(  230): [hipri]  apnTypeList = supl
02-09 18:35:15.344 D/MobileDataStateTracker(  230): [hipri]  unavailable = false
02-09 18:35:15.344 D/MobileDataStateTracker(  230): [hipri] Do not process intents if disabled.
02-09 18:35:15.344 D/MobileDataStateTracker(  230): [dun]  MobileDataStateReceiver onReceive(): Entry.
02-09 18:35:15.344 D/MobileDataStateTracker(  230): [dun]  intent.getAction()= android.intent.action.ANY_DATA_STATE
02-09 18:35:15.344 D/MobileDataStateTracker(  230): [dun]  mEnabled = false
02-09 18:35:15.344 D/MobileDataStateTracker(  230): [dun]  apnTypeList = supl
02-09 18:35:15.344 D/MobileDataStateTracker(  230): [dun]  unavailable = false
02-09 18:35:15.344 D/MobileDataStateTracker(  230): [dun] Do not process intents if disabled.
02-09 18:35:15.344 D/MobileDataStateTracker(  230): [supl]  MobileDataStateReceiver onReceive(): Entry.
02-09 18:35:15.344 D/MobileDataStateTracker(  230): [supl]  intent.getAction()= android.intent.action.ANY_DATA_STATE
02-09 18:35:15.344 D/MobileDataStateTracker(  230): [supl]  mEnabled = false
02-09 18:35:15.344 I/DATA    (  346): [DCT(0) ] onConnectDone: update dc reason = radioTechnologyChanged
02-09 18:35:15.344 I/DATA    (  346): [DCT(0) ] onDataCallListChanged:
02-09 18:35:15.344 I/DATA    (  346): [DCT(0) ] ---dc state list---
02-09 18:35:15.344 I/DATA    (  346): [DCT(0) ] DataCallState: { cid: 0, active: 2, type: , apn: , address: 70.5.41.227 }
02-09 18:35:15.344 I/DATA    (  346): [DCT(0) ] ---dc list---
02-09 18:35:15.344 I/DATA    (  346): [DCT(0) ] cid = 0, state = DcActiveState, bearerType = IP, ipaddress = 70.5.41.227, gw=70.5.41.225, dns=[68.28.67.132, 68.28.68.132]
02-09 18:35:15.404 D/PhoneApp(  346): mReceiver: ACTION_ANY_DATA_CONNECTION_STATE_CHANGED
02-09 18:35:15.404 D/PhoneApp(  346): - state: CONNECTED
02-09 18:35:15.404 D/PhoneApp(  346): - reason: radioTechnologyChanged
02-09 18:35:15.404 D/PhoneApp(  346): mReceiver: ACTION_ANY_DATA_CONNECTION_STATE_CHANGED
