02-09 18:34:31.941 I/DEBUG   (  113): debuggerd: Feb  2 2012 01:48:18
02-09 18:34:32.161 I/dun_service(  124): The value returned from dun_getusbmodemstate_fromsys is 2 
02-09 18:34:32.161 I/dun_service(  124): modem is present in configuration
02-09 18:34:32.161 I/dun_service(  124): The value returned from dun_getusbstate_fromsys is 1 
02-09 18:34:32.161 I/dun_service(  124): Post event 1
02-09 18:34:32.161 I/dun_service(  124): received event: DUN_EVENT_USB_UNPLUG 
02-09 18:34:32.161 I/dun_service(  124): received event(DUN_EVENT_USB_UNPLUG) in state(DUN_STATE_USB_UNPLUG)
02-09 18:34:32.161 I/dun_service(  124): Ignoring the event DUN_EVENT_USB_UNPLUG in USB_UNPLUG_STATE
02-09 18:34:32.161 I/dun_service(  124): Moved to state(DUN_STATE_USB_UNPLUG)
02-09 18:34:32.161 I/dun_service(  124): Post event 3
02-09 18:34:32.161 I/dun_service(  124): received event: DUN_EVENT_RMNET_DOWN 
02-09 18:34:32.161 I/dun_service(  124): received event(DUN_EVENT_RMNET_DOWN) in state(DUN_STATE_USB_UNPLUG)
02-09 18:34:32.161 I/dun_service(  124): Ignoring the event DUN_EVENT_RMNET_DOWN in USB_UNPLUG_STATE
02-09 18:34:32.161 I/dun_service(  124): Moved to state(DUN_STATE_USB_UNPLUG)
02-09 18:34:32.191 I/dun_service(  124): The value returned from dun_getusbmodemstate_fromsys is 2 
02-09 18:34:32.191 I/dun_service(  124): The value returned from dun_getusbmodemstate_fromsys is 2 
02-09 18:34:32.191 I/dun_service(  124): The value returned from dun_getusbmodemstate_fromsys is 2 
02-09 18:34:32.191 I/dun_service(  124): The value returned from dun_getusbmodemstate_fromsys is 2 
02-09 18:34:32.191 I/dun_service(  124): The value returned from dun_getusbmodemstate_fromsys is 2 
02-09 18:34:32.191 I/dun_service(  124): The value returned from dun_getusbmodemstate_fromsys is 2 
02-09 18:34:32.191 I/dun_service(  124): The value returned from dun_getusbmodemstate_fromsys is 1 
02-09 18:34:32.191 I/dun_service(  124): Post event 1
02-09 18:34:32.191 I/dun_service(  124): received event: DUN_EVENT_USB_UNPLUG 
02-09 18:34:32.191 I/dun_service(  124): received event(DUN_EVENT_USB_UNPLUG) in state(DUN_STATE_USB_UNPLUG)
02-09 18:34:32.191 I/dun_service(  124): Ignoring the event DUN_EVENT_USB_UNPLUG in USB_UNPLUG_STATE
02-09 18:34:32.191 I/dun_service(  124): Moved to state(DUN_STATE_USB_UNPLUG)
02-09 18:34:32.201 I/dun_service(  124): The value returned from dun_getusbmodemstate_fromsys is 1 
02-09 18:34:32.201 I/dun_service(  124): Post event 1
02-09 18:34:32.201 I/dun_service(  124): received event: DUN_EVENT_USB_UNPLUG 
02-09 18:34:32.201 I/dun_service(  124): received event(DUN_EVENT_USB_UNPLUG) in state(DUN_STATE_USB_UNPLUG)
02-09 18:34:32.201 I/dun_service(  124): Ignoring the event DUN_EVENT_USB_UNPLUG in USB_UNPLUG_STATE
02-09 18:34:32.201 I/dun_service(  124): Moved to state(DUN_STATE_USB_UNPLUG)
02-09 18:34:32.201 I/dun_service(  124): The value returned from dun_getusbmodemstate_fromsys is 1 
02-09 18:34:32.201 I/dun_service(  124): Post event 1
02-09 18:34:32.201 I/dun_service(  124): received event: DUN_EVENT_USB_UNPLUG 
02-09 18:34:32.201 I/dun_service(  124): received event(DUN_EVENT_USB_UNPLUG) in state(DUN_STATE_USB_UNPLUG)
02-09 18:34:32.201 I/dun_service(  124): Ignoring the event DUN_EVENT_USB_UNPLUG in USB_UNPLUG_STATE
02-09 18:34:32.201 I/dun_service(  124): Moved to state(DUN_STATE_USB_UNPLUG)
02-09 18:34:32.201 I/dun_service(  124): The value returned from dun_getusbmodemstate_fromsys is 1 
02-09 18:34:32.201 I/dun_service(  124): Post event 1
02-09 18:34:32.201 I/dun_service(  124): received event: DUN_EVENT_USB_UNPLUG 
02-09 18:34:32.201 I/dun_service(  124): received event(DUN_EVENT_USB_UNPLUG) in state(DUN_STATE_USB_UNPLUG)
02-09 18:34:32.201 I/dun_service(  124): Ignoring the event DUN_EVENT_USB_UNPLUG in USB_UNPLUG_STATE
02-09 18:34:32.201 I/dun_service(  124): Moved to state(DUN_STATE_USB_UNPLUG)
02-09 18:34:32.201 I/dun_service(  124): The value returned from dun_getusbmodemstate_fromsys is 1 
02-09 18:34:32.201 I/dun_service(  124): Post event 1
02-09 18:34:32.201 I/dun_service(  124): received event: DUN_EVENT_USB_UNPLUG 
02-09 18:34:32.201 I/dun_service(  124): received event(DUN_EVENT_USB_UNPLUG) in state(DUN_STATE_USB_UNPLUG)
02-09 18:34:32.201 I/dun_service(  124): Ignoring the event DUN_EVENT_USB_UNPLUG in USB_UNPLUG_STATE
02-09 18:34:32.201 I/dun_service(  124): Moved to state(DUN_STATE_USB_UNPLUG)
02-09 18:34:32.201 I/dun_service(  124): The value returned from dun_getusbmodemstate_fromsys is 1 
02-09 18:34:32.201 I/dun_service(  124): Post event 1
02-09 18:34:32.201 I/dun_service(  124): received event: DUN_EVENT_USB_UNPLUG 
02-09 18:34:32.201 I/dun_service(  124): received event(DUN_EVENT_USB_UNPLUG) in state(DUN_STATE_USB_UNPLUG)
02-09 18:34:32.201 I/dun_service(  124): Ignoring the event DUN_EVENT_USB_UNPLUG in USB_UNPLUG_STATE
02-09 18:34:32.201 I/dun_service(  124): Moved to state(DUN_STATE_USB_UNPLUG)
02-09 18:34:32.201 I/dun_service(  124): The value returned from dun_getusbmodemstate_fromsys is 1 
02-09 18:34:32.201 I/dun_service(  124): Post event 1
02-09 18:34:32.201 I/dun_service(  124): received event: DUN_EVENT_USB_UNPLUG 
02-09 18:34:32.201 I/dun_service(  124): received event(DUN_EVENT_USB_UNPLUG) in state(DUN_STATE_USB_UNPLUG)
02-09 18:34:32.201 I/dun_service(  124): Ignoring the event DUN_EVENT_USB_UNPLUG in USB_UNPLUG_STATE
02-09 18:34:32.201 I/dun_service(  124): Moved to state(DUN_STATE_USB_UNPLUG)
02-09 18:34:32.201 I/dun_service(  124): The value returned from dun_getusbmodemstate_fromsys is 1 
02-09 18:34:32.201 I/dun_service(  124): Post event 1
02-09 18:34:32.201 I/dun_service(  124): received event: DUN_EVENT_USB_UNPLUG 
02-09 18:34:32.201 I/dun_service(  124): received event(DUN_EVENT_USB_UNPLUG) in state(DUN_STATE_USB_UNPLUG)
02-09 18:34:32.201 I/dun_service(  124): Ignoring the event DUN_EVENT_USB_UNPLUG in USB_UNPLUG_STATE
02-09 18:34:32.201 I/dun_service(  124): Moved to state(DUN_STATE_USB_UNPLUG)
02-09 18:34:32.211 I/dun_service(  124): The value returned from dun_getusbmodemstate_fromsys is 1 
02-09 18:34:32.211 I/dun_service(  124): Post event 1
02-09 18:34:32.211 I/dun_service(  124): received event: DUN_EVENT_USB_UNPLUG 
02-09 18:34:32.211 I/dun_service(  124): received event(DUN_EVENT_USB_UNPLUG) in state(DUN_STATE_USB_UNPLUG)
02-09 18:34:32.211 I/dun_service(  124): Ignoring the event DUN_EVENT_USB_UNPLUG in USB_UNPLUG_STATE
02-09 18:34:32.211 I/dun_service(  124): Moved to state(DUN_STATE_USB_UNPLUG)
02-09 18:34:32.281 I/dun_service(  124): The value returned from dun_getusbmodemstate_fromsys is 1 
02-09 18:34:32.281 I/dun_service(  124): Post event 1
02-09 18:34:32.281 I/dun_service(  124): received event: DUN_EVENT_USB_UNPLUG 
02-09 18:34:32.281 I/dun_service(  124): received event(DUN_EVENT_USB_UNPLUG) in state(DUN_STATE_USB_UNPLUG)
02-09 18:34:32.281 I/dun_service(  124): Ignoring the event DUN_EVENT_USB_UNPLUG in USB_UNPLUG_STATE
02-09 18:34:32.281 I/dun_service(  124): Moved to state(DUN_STATE_USB_UNPLUG)
02-09 18:34:32.291 I/dun_service(  124): The value returned from dun_getusbmodemstate_fromsys is 1 
02-09 18:34:32.291 I/dun_service(  124): Post event 1
02-09 18:34:32.291 I/dun_service(  124): received event: DUN_EVENT_USB_UNPLUG 
02-09 18:34:32.291 I/dun_service(  124): received event(DUN_EVENT_USB_UNPLUG) in state(DUN_STATE_USB_UNPLUG)
02-09 18:34:32.291 I/dun_service(  124): Ignoring the event DUN_EVENT_USB_UNPLUG in USB_UNPLUG_STATE
02-09 18:34:32.291 I/dun_service(  124): Moved to state(DUN_STATE_USB_UNPLUG)
02-09 18:34:32.291 I/dun_service(  124): The value returned from dun_getusbmodemstate_fromsys is 2 
02-09 18:34:32.291 I/dun_service(  124): The value returned from dun_getusbmodemstate_fromsys is 2 
02-09 18:34:32.312 I/dun_service(  124): The value returned from dun_getusbmodemstate_fromsys is 2 
02-09 18:34:32.312 I/dun_service(  124): The value returned from dun_getusbmodemstate_fromsys is 2 
02-09 18:34:32.312 I/dun_service(  124): The value returned from dun_getusbmodemstate_fromsys is 2 
02-09 18:34:32.312 D/loc_api_app(  123): loc_api_app_msg Using INI file: /etc/loc_parameter.ini
02-09 18:34:32.312 E/        (  129): 
02-09 18:34:32.312 E/        (  129): 		=========================
02-09 18:34:32.312 E/        (  129): 
02-09 18:34:32.312 E/        (  129): 		Starting SPRINT Test App
02-09 18:34:32.312 E/        (  129): 
02-09 18:34:32.312 E/        (  129): 		=========================
02-09 18:34:32.312 E/        (  129): 
02-09 18:34:32.312 E/        (  129):  Calling LSM init 
02-09 18:34:32.312 E/        (  129): SPRINT Test App: Diag_LSM_Init succeeded. 
02-09 18:34:32.312 E/        (  129): zhaobin: sprintdiag_qmi_vs_client_init entered 
02-09 18:34:32.312 E/        (  129): Trying qmi_init() for (0-referenced) try # 0 
02-09 18:34:32.312 I/dun_service(  124): The value returned from dun_getusbmodemstate_fromsys is 2 
02-09 18:34:32.352 I/dun_service(  124): The value returned from dun_getusbmodemstate_fromsys is 2 
02-09 18:34:32.352 I/dun_service(  124): The value returned from dun_getusbmodemstate_fromsys is 2 
02-09 18:34:32.362 I/dun_service(  124): The value returned from dun_getusbmodemstate_fromsys is 2 
02-09 18:34:32.372 E/        (  129): sprintdiag_qmi_init_vs_client_handles entered
02-09 18:34:32.372 E/rmt_storage(  155): rmt_storage force sync
02-09 18:34:32.372 E/        (  129): cby, conn_id = 0, client_id = 1, service_id = 228
02-09 18:34:32.382 E/        (  129): sprintdiag_qmi_init_vs_client_handles completed with 0
02-09 18:34:32.382 E/        (  129): zhaobin: sprintdiag_qmi_vs_client_init completed with 0
02-09 18:34:32.382 E/rmt_storage(  155): [MyTag]open: fd=11
02-09 18:34:32.392 D/loc_api_app(  123): loc_api_app_msg PARAM use_logcat = 1
02-09 18:34:32.392 D/loc_api_app(  123): loc_api_app_msg PARAM event_mask = 65535
02-09 18:34:32.392 D/loc_api_app(  123): loc_api_app_msg PARAM nmea_sentence_mask = 31
02-09 18:34:32.392 D/loc_api_app(  123): loc_api_app_msg PARAM engine_lock = 0
02-09 18:34:32.392 D/loc_api_app(  123): loc_api_app_msg PARAM operation_mode = 4
02-09 18:34:32.392 D/loc_api_app(  123): loc_api_app_msg PARAM fix_session_type = 0
02-09 18:34:32.392 D/loc_api_app(  123): loc_api_app_msg PARAM time_between_fixes = 60
02-09 18:34:32.392 D/loc_api_app(  123): loc_api_app_msg PARAM accuracy_threshold = 255
02-09 18:34:32.392 D/loc_api_app(  123): loc_api_app_msg PARAM fix_timeout = 60
02-09 18:34:32.392 D/loc_api_app(  123): loc_api_app_msg PARAM enable_auto_download = 1
02-09 18:34:32.392 D/loc_api_app(  123): loc_api_app_msg PARAM auto_download_period = 1
02-09 18:34:32.392 D/loc_api_app(  123): loc_api_app_msg PARAM xtra_server_addr = 216.187.118.37
02-09 18:34:32.392 D/loc_api_app(  123): loc_api_app_msg PARAM data_request_reply = 0
02-09 18:34:32.392 D/loc_api_app(  123): loc_api_app_msg PARAM umts_profile_number = 0
02-09 18:34:32.392 D/loc_api_app(  123): loc_api_app_msg PARAM apn_name = 
02-09 18:34:32.432 I/dun_service(  124): The value returned from dun_getusbmodemstate_fromsys is 2 
02-09 18:34:32.432 I/dun_service(  124): The value returned from dun_getusbmodemstate_fromsys is 2 
02-09 18:34:32.502 I/dun_service(  124): The value returned from dun_getusbmodemstate_fromsys is 2 
02-09 18:34:32.552 I/dun_service(  124): The value returned from dun_getusbmodemstate_fromsys is 2 
02-09 18:34:32.552 I/dun_service(  124): The value returned from dun_getusbmodemstate_fromsys is 2 
02-09 18:34:32.552 I/dun_service(  124): The value returned from dun_getusbmodemstate_fromsys is 2 
02-09 18:34:32.552 I/dun_service(  124): The value returned from dun_getusbmodemstate_fromsys is 2 
02-09 18:34:32.552 I/dun_service(  124): The value returned from dun_getusbmodemstate_fromsys is 2 
02-09 18:34:32.552 I/dun_service(  124): The value returned from dun_getusbmodemstate_fromsys is 2 
02-09 18:34:32.552 I/dun_service(  124): The value returned from dun_getusbmodemstate_fromsys is 2 
02-09 18:34:32.552 I/dun_service(  124): The value returned from dun_getusbmodemstate_fromsys is 2 
02-09 18:34:32.552 I/dun_service(  124): The value returned from dun_getusbmodemstate_fromsys is 2 
02-09 18:34:32.552 I/dun_service(  124): The value returned from dun_getusbmodemstate_fromsys is 2 
02-09 18:34:32.552 I/dun_service(  124): The value returned from dun_getusbmodemstate_fromsys is 2 
02-09 18:34:32.552 I/dun_service(  124): The value returned from dun_getusbmodemstate_fromsys is 2 
02-09 18:34:32.572 I/dun_service(  124): The value returned from dun_getusbmodemstate_fromsys is 2 
02-09 18:34:32.572 I/dun_service(  124): The value returned from dun_getusbmodemstate_fromsys is 2 
02-09 18:34:32.572 I/dun_service(  124): The value returned from dun_getusbmodemstate_fromsys is 2 
02-09 18:34:32.572 I/dun_service(  124): The value returned from dun_getusbmodemstate_fromsys is 2 
02-09 18:34:32.572 I/dun_service(  124): The value returned from dun_getusbmodemstate_fromsys is 2 
02-09 18:34:32.572 I/dun_service(  124): The value returned from dun_getusbmodemstate_fromsys is 2 
02-09 18:34:32.572 I/dun_service(  124): The value returned from dun_getusbmodemstate_fromsys is 2 
02-09 18:34:32.592 I/dun_service(  124): The value returned from dun_getusbmodemstate_fromsys is 2 
02-09 18:34:32.622 I/dun_service(  124): The value returned from dun_getusbmodemstate_fromsys is 2 
02-09 18:34:32.622 I/dun_service(  124): The value returned from dun_getusbmodemstate_fromsys is 2 
02-09 18:34:32.632 I/dun_service(  124): The value returned from dun_getusbmodemstate_fromsys is 2 
02-09 18:34:32.632 I/dun_service(  124): The value returned from dun_getusbmodemstate_fromsys is 2 
02-09 18:34:32.632 I/dun_service(  124): The value returned from dun_getusbmodemstate_fromsys is 2 
02-09 18:34:32.632 I/dun_service(  124): The value returned from dun_getusbmodemstate_fromsys is 2 
02-09 18:34:32.632 I/dun_service(  124): The value returned from dun_getusbmodemstate_fromsys is 2 
02-09 18:34:32.632 I/dun_service(  124): The value returned from dun_getusbmodemstate_fromsys is 2 
02-09 18:34:32.632 I/dun_service(  124): The value returned from dun_getusbmodemstate_fromsys is 2 
02-09 18:34:32.632 I/dun_service(  124): The value returned from dun_getusbmodemstate_fromsys is 2 
02-09 18:34:32.672 E/        (  114): cby, conn_id = 0, client_id = 1, service_id = 9
02-09 18:34:32.682 E/        (  114): cby, conn_id = 0, client_id = 1, service_id = 2
02-09 18:34:32.702 E/        (  114): cby, conn_id = 0, client_id = 1, service_id = 3
02-09 18:34:32.712 E/        (  114): cby, conn_id = 0, client_id = 1, service_id = 12
02-09 18:34:32.732 E/        (  114): cby, conn_id = 0, client_id = 1, service_id = 5
02-09 18:34:32.982 I/DMM     (  201): DMM Disabled. movable_start_bytes not set: 0 
02-09 18:34:33.062 I/DMM     (  206): Self-Refresh-Only Disabled. low_power_memory_start_bytes not set:0 
02-09 18:34:33.212 E/rmt_storage(  155): block rmt_storage client thread
02-09 18:34:33.232 E/        (  114): cby, conn_id = 1, client_id = 1, service_id = 11
02-09 18:34:33.232 E/        (  114): cby, conn_id = 1, client_id = 1, service_id = 10
02-09 18:34:33.242 E/        (  114): cby, conn_id = 0, client_id = 1, service_id = 1
02-09 18:34:33.242 E/        (  114): cby, conn_id = 1, client_id = 1, service_id = 1
02-09 18:34:33.242 E/        (  114): cby, conn_id = 2, client_id = 1, service_id = 1
02-09 18:34:33.242 E/        (  114): cby, conn_id = 3, client_id = 1, service_id = 1
02-09 18:34:33.242 E/        (  114): cby, conn_id = 4, client_id = 1, service_id = 1
02-09 18:34:33.242 E/        (  114): cby, conn_id = 1, client_id = 2, service_id = 1
02-09 18:34:33.262 E/        (  114): cby, conn_id = 1, client_id = 3, service_id = 1
02-09 18:34:33.272 E/rmt_storage(  155): block rmt_storage client thread
02-09 18:34:34.724 I/dun_service(  124): The value returned from dun_getusbmodemstate_fromsys is 2 
02-09 18:34:34.724 I/dun_service(  124): The value returned from dun_getusbmodemstate_fromsys is 2 
02-09 18:34:34.724 I/dun_service(  124): The value returned from dun_getusbmodemstate_fromsys is 2 
02-09 18:34:34.724 I/dun_service(  124): The value returned from dun_getusbmodemstate_fromsys is 2 
02-09 18:34:34.824 D/AudioHardwareMSM7X30(  116): msm_mixer_open: Opening the device
02-09 18:34:34.824 D/AudioHardwareMSM7X30(  116): msm_mixer_count:mixer_cnt =40
02-09 18:34:34.824 E/AudioHardwareMSM7X30(  116): index = 0
02-09 18:34:34.824 E/AudioHardwareMSM7X30(  116): Found device: handset_rx:index = 0,dev_id: 0
02-09 18:34:34.824 E/AudioHardwareMSM7X30(  116): class ID = 0,capablity = 5 for device 0
02-09 18:34:34.824 E/AudioHardwareMSM7X30(  116): index = 1
02-09 18:34:34.824 E/AudioHardwareMSM7X30(  116): Found device: handset_tx:index = 1,dev_id: 1
02-09 18:34:34.824 E/AudioHardwareMSM7X30(  116): class ID = 0,capablity = 6 for device 1
02-09 18:34:34.824 E/AudioHardwareMSM7X30(  116): index = 19
02-09 18:34:34.824 E/AudioHardwareMSM7X30(  116): Found device: hac_rx:index = 19,dev_id: 2
02-09 18:34:34.824 E/AudioHardwareMSM7X30(  116): class ID = 0,capablity = 5 for device 2
02-09 18:34:34.824 E/AudioHardwareMSM7X30(  116): index = 2
02-09 18:34:34.824 E/AudioHardwareMSM7X30(  116): Found device: speaker_stereo_rx:index = 2,dev_id: 3
02-09 18:34:34.824 E/AudioHardwareMSM7X30(  116): class ID = 0,capablity = 5 for device 3
02-09 18:34:34.824 E/AudioHardwareMSM7X30(  116): index = 5
02-09 18:34:34.824 E/AudioHardwareMSM7X30(  116): Found device: headset_mono_tx:index = 5,dev_id: 4
02-09 18:34:34.824 E/AudioHardwareMSM7X30(  116): class ID = 0,capablity = 6 for device 4
02-09 18:34:34.824 E/AudioHardwareMSM7X30(  116): index = 16
02-09 18:34:34.824 E/AudioHardwareMSM7X30(  116): Found device: fmradio_stereo_rx:index = 16,dev_id: 6
02-09 18:34:34.824 E/AudioHardwareMSM7X30(  116): class ID = 3,capablity = 1 for device 6
02-09 18:34:34.824 E/AudioHardwareMSM7X30(  116): index = 14
02-09 18:34:34.824 E/AudioHardwareMSM7X30(  116): Found device: fmradio_stereo_tx:index = 14,dev_id: 7
02-09 18:34:34.824 E/AudioHardwareMSM7X30(  116): class ID = 2,capablity = 2 for device 7
02-09 18:34:34.824 E/AudioHardwareMSM7X30(  116): index = 17
02-09 18:34:34.824 E/AudioHardwareMSM7X30(  116): Found device: bt_sco_rx:index = 17,dev_id: 8
02-09 18:34:34.824 E/AudioHardwareMSM7X30(  116): class ID = 1,capablity = 5 for device 8
02-09 18:34:34.824 E/AudioHardwareMSM7X30(  116): index = 18
02-09 18:34:34.824 E/AudioHardwareMSM7X30(  116): Found device: bt_sco_tx:index = 18,dev_id: 9
02-09 18:34:34.824 E/AudioHardwareMSM7X30(  116): class ID = 1,capablity = 6 for device 9
02-09 18:34:34.824 E/AudioHardwareMSM7X30(  116): index = 3
02-09 18:34:34.824 E/AudioHardwareMSM7X30(  116): Found device: speaker_mono_tx:index = 3,dev_id: 10
02-09 18:34:34.824 E/AudioHardwareMSM7X30(  116): class ID = 0,capablity = 6 for device 10
02-09 18:34:34.824 E/AudioHardwareMSM7X30(  116): index = 4
02-09 18:34:34.824 E/AudioHardwareMSM7X30(  116): Found device: headset_stereo_rx:index = 4,dev_id: 11
02-09 18:34:34.824 E/AudioHardwareMSM7X30(  116): class ID = 0,capablity = 5 for device 11
02-09 18:34:34.824 E/AudioHardwareMSM7X30(  116): index = 9
02-09 18:34:34.824 E/AudioHardwareMSM7X30(  116): Found device: handset_dual_mic_endfire_tx:index = 9,dev_id: 12
02-09 18:34:34.824 E/AudioHardwareMSM7X30(  116): class ID = 0,capablity = 6 for device 12
02-09 18:34:34.824 E/AudioHardwareMSM7X30(  116): index = 10
02-09 18:34:34.824 E/AudioHardwareMSM7X30(  116): Found device: speaker_dual_mic_endfire_tx:index = 10,dev_id: 13
02-09 18:34:34.824 E/AudioHardwareMSM7X30(  116): class ID = 0,capablity = 6 for device 13
02-09 18:34:34.824 E/AudioHardwareMSM7X30(  116): index = 12
02-09 18:34:34.824 E/AudioHardwareMSM7X30(  116): Found device: tty_headset_mono_tx:index = 12,dev_id: 14
02-09 18:34:34.824 E/AudioHardwareMSM7X30(  116): class ID = 0,capablity = 38 for device 14
02-09 18:34:34.824 E/AudioHardwareMSM7X30(  116): index = 11
02-09 18:34:34.824 E/AudioHardwareMSM7X30(  116): Found device: tty_headset_mono_rx:index = 11,dev_id: 15
02-09 18:34:34.824 E/AudioHardwareMSM7X30(  116): class ID = 0,capablity = 37 for device 15
02-09 18:34:34.824 E/AudioHardwareMSM7X30(  116): index = 13
02-09 18:34:34.824 E/AudioHardwareMSM7X30(  116): Found device: headset_stereo_speaker_stereo_rx:index = 13,dev_id: 20
02-09 18:34:34.824 E/AudioHardwareMSM7X30(  116): class ID = 0,capablity = 5 for device 20
02-09 18:34:34.824 E/AudioHardwareMSM7X30(  116): index = 15
02-09 18:34:34.824 E/AudioHardwareMSM7X30(  116): Found device: hdmi_stereo_rx:index = 15,dev_id: 23
02-09 18:34:34.824 E/AudioHardwareMSM7X30(  116): class ID = 3,capablity = 1 for device 23
02-09 18:34:34.824 E/AudioHardwareMSM7X30(  116): index = 7
02-09 18:34:34.824 E/AudioHardwareMSM7X30(  116): Found device: fmradio_headset_rx:index = 7,dev_id: 24
02-09 18:34:34.824 E/AudioHardwareMSM7X30(  116): class ID = 0,capablity = 1 for device 24
02-09 18:34:34.824 E/AudioHardwareMSM7X30(  116): index = 8
02-09 18:34:34.824 E/AudioHardwareMSM7X30(  116): Found device: fmradio_speaker_rx:index = 8,dev_id: 25
02-09 18:34:34.824 E/AudioHardwareMSM7X30(  116): class ID = 0,capablity = 1 for device 25
02-09 18:34:34.824 E/AudioHardwareMSM7X30(  116): index = 20
02-09 18:34:34.824 E/AudioHardwareMSM7X30(  116): Found device: auxmic_tx:index = 20,dev_id: 26
02-09 18:34:34.824 E/AudioHardwareMSM7X30(  116): class ID = 0,capablity = 6 for device 26
02-09 18:34:34.824 E/        (  116): libaudcal: acph_init() - Allocated memory for acph_main_buffer!!
02-09 18:34:34.824 E/        (  116): actp_diag_init: call diag init function with 80101479
02-09 18:34:34.824 D/AudioFlinger(  116): setMode(0)
02-09 18:34:34.824 I/QualcommCameraHardware(  116): getCameraInfo: IN
02-09 18:34:34.904 I/QualcommCameraHardware(  116): getCameraInfo: loading libqcamera at 0xb000e660
02-09 18:34:34.904 I/QualcommCameraHardware(  116): getCameraInfo: numOfCameras = 1
02-09 18:34:34.904 I/QualcommCameraHardware(  116): Camera sensor 0 info:
02-09 18:34:34.904 I/QualcommCameraHardware(  116): camera_id: 0
02-09 18:34:34.904 I/QualcommCameraHardware(  116): modes_supported: 5
02-09 18:34:34.904 I/QualcommCameraHardware(  116): position: 0
02-09 18:34:34.904 I/QualcommCameraHardware(  116): sensor_mount_angle: 0
02-09 18:34:34.904 I/QualcommCameraHardware(  116): getCameraInfo: OUT
02-09 18:34:34.914 E/AudioHardwareMSM7X30(  116): AudioStreamOutMSM72xx::setParameters() routing=2
02-09 18:34:34.914 E/AudioHardwareMSM7X30(  116): set output routing 2
02-09 18:34:34.914 E/AudioHardwareMSM7X30(  116): doAudioRouteOrMute() device 1, mMode 0, mMicMute 1
02-09 18:34:34.914 E/AudioHardwareMSM7X30(  116): do_route_audio_rpc(1, 1, 1)
02-09 18:34:34.914 D/AudioHardwareMSM7X30(  116): new_rx_device = 2, DEV_ID(new_rx_device)=3
02-09 18:34:34.914 D/AudioHardwareMSM7X30(  116): new_tx_device = 3, DEV_ID(new_tx_device)=10
02-09 18:34:34.914 D/AudioHardwareMSM7X30(  116): updateDeviceInfo: E rx_device 2 and tx_device 3
02-09 18:34:34.914 D/AudioHardwareMSM7X30(  116): No active voicecall/playback, disabling cur_rx 65535
02-09 18:34:34.914 D/AudioHardwareMSM7X30(  116): No active voicecall/recording, disabling cur_tx 65535
02-09 18:34:34.914 E/AudioHardwareMSM7X30(  116): There is no node in the routing table!
02-09 18:34:34.914 D/AudioHardwareMSM7X30(  116): updateDeviceInfo: X cur_rx 2 cur_tx 3
02-09 18:34:34.914 D/AudioHardwareMSM7X30(  116): AudioStreamOutMSM72xx::standby()
02-09 18:34:34.914 D/AudioHardwareMSM7X30(  116): setVoiceVolume(1.000000)
02-09 18:34:34.914 E/AudioHardwareMSM7X30(  116): msm_set_voice_rx_vol(100) failed errno = 1
02-09 18:34:35.104 E/rmt_storage(  155): [MyTag]open: fd=-1
02-09 18:34:35.104 E/rmt_storage(  155): block rmt_storage client thread
02-09 18:34:35.114 I/SamplingProfilerIntegration(  115): Profiler is disabled.
02-09 18:34:35.124 I/Zygote  (  115): Preloading classes...
02-09 18:34:35.124 E/Zygote  (  115): setreuid() failed. errno: 2
02-09 18:34:35.575 W/MediaProfiles(  115): could not find media config xml file
02-09 18:34:37.006 W/Zygote  (  115): Class not found for preloading: android.widget.TextView$SelectionModifierCursorController$1
02-09 18:34:37.647 E/        (  126): cby, conn_id = 0, client_id = 2, service_id = 1
02-09 18:34:37.647 E/        (  126): cby, conn_id = 1, client_id = 4, service_id = 1
02-09 18:34:37.647 E/        (  126): cby, conn_id = 2, client_id = 2, service_id = 1
02-09 18:34:37.657 E/        (  126): cby, conn_id = 3, client_id = 2, service_id = 1
02-09 18:34:37.657 E/        (  126): cby, conn_id = 4, client_id = 2, service_id = 1
02-09 18:34:41.410 I/Zygote  (  115): ...preloaded 1829 classes in 6288ms.
02-09 18:34:41.410 E/Zygote  (  115): setreuid() failed. errno: 17
02-09 18:34:41.480 I/Zygote  (  115): Preloading resources...
02-09 18:34:41.571 W/Zygote  (  115): Preloaded drawable resource #0x1080093 (res/drawable-mdpi/sym_def_app_icon.png) that varies with configuration!!
02-09 18:34:41.571 W/Zygote  (  115): Preloaded drawable resource #0x1080002 (res/drawable-mdpi/arrow_down_float.png) that varies with configuration!!
02-09 18:34:41.631 W/Zygote  (  115): Preloaded drawable resource #0x10800b6 (res/drawable/btn_check.xml) that varies with configuration!!
02-09 18:34:41.641 W/Zygote  (  115): Preloaded drawable resource #0x10800b9 (res/drawable-mdpi/btn_check_label_background.9.png) that varies with configuration!!
02-09 18:34:41.641 W/Zygote  (  115): Preloaded drawable resource #0x10800ba (res/drawable-mdpi/btn_check_off.png) that varies with configuration!!
02-09 18:34:41.641 W/Zygote  (  115): Preloaded drawable resource #0x10800bf (res/drawable-mdpi/btn_check_on.png) that varies with configuration!!
02-09 18:34:41.651 W/Zygote  (  115): Preloaded drawable resource #0x1080004 (res/drawable/btn_default.xml) that varies with configuration!!
02-09 18:34:41.681 W/Zygote  (  115): Preloaded drawable resource #0x1080005 (res/drawable/btn_default_small.xml) that varies with configuration!!
02-09 18:34:41.701 W/Zygote  (  115): Preloaded drawable resource #0x1080006 (res/drawable/btn_dropdown.xml) that varies with configuration!!
02-09 18:34:41.721 W/Zygote  (  115): Preloaded drawable resource #0x1080008 (res/drawable/btn_plus.xml) that varies with configuration!!
02-09 18:34:41.761 W/Zygote  (  115): Preloaded drawable resource #0x1080007 (res/drawable/btn_minus.xml) that varies with configuration!!
02-09 18:34:41.781 W/Zygote  (  115): Preloaded drawable resource #0x1080009 (res/drawable/btn_radio.xml) that varies with configuration!!
02-09 18:34:41.821 W/Zygote  (  115): Preloaded drawable resource #0x108000a (res/drawable/btn_star.xml) that varies with configuration!!
02-09 18:34:41.821 W/Zygote  (  115): Preloaded drawable resource #0x1080134 (res/drawable/btn_toggle.xml) that varies with configuration!!
02-09 18:34:41.831 W/Zygote  (  115): Preloaded drawable resource #0x1080198 (res/drawable-mdpi/ic_emergency.png) that varies with configuration!!
02-09 18:34:41.861 W/Zygote  (  115): Preloaded drawable resource #0x1080012 (res/drawable-mdpi/divider_horizontal_bright.9.png) that varies with configuration!!
02-09 18:34:41.861 W/Zygote  (  115): Preloaded drawable resource #0x1080014 (res/drawable-mdpi/divider_horizontal_dark.9.png) that varies with configuration!!
02-09 18:34:41.881 W/Zygote  (  115): Preloaded drawable resource #0x1080016 (res/drawable/edit_text.xml) that varies with configuration!!
02-09 18:34:41.891 W/Zygote  (  115): Preloaded drawable resource #0x1080172 (res/drawable/expander_group.xml) that varies with configuration!!
02-09 18:34:41.911 W/Zygote  (  115): Preloaded drawable resource #0x1080062 (res/drawable/list_selector_background.xml) that varies with configuration!!
02-09 18:34:41.911 W/Zygote  (  115): Preloaded drawable resource #0x1080231 (res/drawable-mdpi/menu_background.9.png) that varies with configuration!!
02-09 18:34:41.911 W/Zygote  (  115): Preloaded drawable resource #0x1080232 (res/drawable-mdpi/menu_background_fill_parent_width.9.png) that varies with configuration!!
02-09 18:34:41.931 W/Zygote  (  115): Preloaded drawable resource #0x1080233 (res/drawable/menu_selector.xml) that varies with configuration!!
02-09 18:34:41.991 W/Zygote  (  115): Preloaded drawable resource #0x1080241 (res/drawable-mdpi/panel_background.9.png) that varies with configuration!!
02-09 18:34:42.011 W/Zygote  (  115): Preloaded drawable resource #0x1080249 (res/drawable-mdpi/popup_bottom_bright.9.png) that varies with configuration!!
02-09 18:34:42.011 W/Zygote  (  115): Preloaded drawable resource #0x108024a (res/drawable-mdpi/popup_bottom_dark.9.png) that varies with configuration!!
02-09 18:34:42.011 W/Zygote  (  115): Preloaded drawable resource #0x108024b (res/drawable-mdpi/popup_bottom_medium.9.png) that varies with configuration!!
02-09 18:34:42.011 W/Zygote  (  115): Preloaded drawable resource #0x108024c (res/drawable-mdpi/popup_center_bright.9.png) that varies with configuration!!
02-09 18:34:42.011 W/Zygote  (  115): Preloaded drawable resource #0x108024d (res/drawable-mdpi/popup_center_dark.9.png) that varies with configuration!!
02-09 18:34:42.031 W/Zygote  (  115): Preloaded drawable resource #0x1080250 (res/drawable-mdpi/popup_full_dark.9.png) that varies with configuration!!
02-09 18:34:42.031 W/Zygote  (  115): Preloaded drawable resource #0x1080253 (res/drawable-mdpi/popup_top_bright.9.png) that varies with configuration!!
02-09 18:34:42.031 W/Zygote  (  115): Preloaded drawable resource #0x1080254 (res/drawable-mdpi/popup_top_dark.9.png) that varies with configuration!!
02-09 18:34:42.041 W/Zygote  (  115): Preloaded drawable resource #0x108006d (res/drawable/progress_indeterminate_horizontal.xml) that varies with configuration!!
02-09 18:34:42.051 W/Zygote  (  115): Preloaded drawable resource #0x108025a (res/drawable/progress_small.xml) that varies with configuration!!
02-09 18:34:42.061 W/Zygote  (  115): Preloaded drawable resource #0x108025b (res/drawable/progress_small_titlebar.xml) that varies with configuration!!
02-09 18:34:42.071 W/Zygote  (  115): Preloaded drawable resource #0x108027b (res/drawable-mdpi/scrollbar_handle_horizontal.9.png) that varies with configuration!!
02-09 18:34:42.071 W/Zygote  (  115): Preloaded drawable resource #0x108027c (res/drawable-mdpi/scrollbar_handle_vertical.9.png) that varies with configuration!!
02-09 18:34:42.071 W/Zygote  (  115): Preloaded drawable resource #0x1080071 (res/drawable/spinner_dropdown_background.xml) that varies with configuration!!
02-09 18:34:42.071 W/Zygote  (  115): Preloaded drawable resource #0x108031d (res/drawable-mdpi/text_select_handle_left.png) that varies with configuration!!
02-09 18:34:42.081 W/Zygote  (  115): Preloaded drawable resource #0x108031e (res/drawable-mdpi/text_select_handle_middle.png) that varies with configuration!!
02-09 18:34:42.091 W/Zygote  (  115): Preloaded drawable resource #0x108031f (res/drawable-mdpi/text_select_handle_right.png) that varies with configuration!!
02-09 18:34:42.091 W/Zygote  (  115): Preloaded drawable resource #0x1080340 (res/drawable-mdpi/title_bar_shadow.9.png) that varies with configuration!!
02-09 18:34:42.101 W/Zygote  (  115): Preloaded drawable resource #0x10801df (res/drawable-mdpi/indicator_code_lock_drag_direction_green_up.png) that varies with configuration!!
02-09 18:34:42.101 W/Zygote  (  115): Preloaded drawable resource #0x10801e0 (res/drawable-mdpi/indicator_code_lock_drag_direction_red_up.png) that varies with configuration!!
02-09 18:34:42.111 W/Zygote  (  115): Preloaded drawable resource #0x10801e1 (res/drawable-mdpi/indicator_code_lock_point_area_default.png) that varies with configuration!!
02-09 18:34:42.111 W/Zygote  (  115): Preloaded drawable resource #0x10801e2 (res/drawable-mdpi/indicator_code_lock_point_area_green.png) that varies with configuration!!
02-09 18:34:42.121 W/Zygote  (  115): Preloaded drawable resource #0x10801e3 (res/drawable-mdpi/indicator_code_lock_point_area_red.png) that varies with configuration!!
02-09 18:34:42.121 I/Zygote  (  115): ...preloaded 51 resources in 635ms.
02-09 18:34:42.131 I/Zygote  (  115): ...preloaded 15 resources in 15ms.
02-09 18:34:42.291 I/Zygote  (  115): Accepting command socket connections
02-09 18:34:42.692 I/dun_service(  124): The value returned from dun_getusbmodemstate_fromsys is 2 
02-09 18:34:42.702 I/dun_service(  124): The value returned from dun_getusbmodemstate_fromsys is 2 
02-09 18:34:42.702 I/dun_service(  124): The value returned from dun_getusbmodemstate_fromsys is 2 
02-09 18:34:42.712 I/dun_service(  124): The value returned from dun_getusbmodemstate_fromsys is 2 
02-09 18:34:42.722 E/OverlayLIB(  230): cannot open framebuffer(1)
02-09 18:34:42.722 E/SurfaceFlinger(  230): overlay::initOverlay() ERROR!!
02-09 18:34:42.762 E/libEGL  (  230): eglSetSwapRectangleANDROID:1848 error 3008 (EGL_BAD_DISPLAY)
02-09 18:34:42.772 E/Sensors (  230): [HAL]set aflag = 1 ,mEnabled = 1
02-09 18:34:42.772 E/Sensors (  230): [HAL]set mvflag = 1 ,mEnabled = 3
02-09 18:34:42.772 E/Sensors (  230): [HAL]set mflag = 1 ,mEnabled = 7
02-09 18:34:42.772 E/Sensors (  230): [HAL]ready to call enable(Accelerometer,0),AAAAAAAA
02-09 18:34:42.772 E/Sensors (  230): [HAL]ECS_IOCTL_APP_SET_AFLAG 	success,flags = 0
02-09 18:34:42.772 E/Sensors (  230): [HAL]After {mEnabled &= ~(1<<what)},mEnabled = 6
02-09 18:34:42.772 E/Sensors (  230): [HAL]After {(newState)<<what)},mEnabled = 6
02-09 18:34:42.772 E/Sensors (  230): [HAL]ready to call enable(MagneticField,0),MMMMMMMM
02-09 18:34:42.772 E/Sensors (  230): [HAL]ECS_IOCTL_APP_SET_MVFLAG success,flags = 0
02-09 18:34:42.772 E/Sensors (  230): [HAL]After {mEnabled &= ~(1<<what)},mEnabled = 4
02-09 18:34:42.772 E/Sensors (  230): [HAL]After {(newState)<<what)},mEnabled = 4
02-09 18:34:42.772 E/Sensors (  230): [HAL]ready to call enable(Orientation,0),OOOOOOOO
02-09 18:34:42.772 E/Sensors (  230): [HAL]ECS_IOCTL_APP_SET_MFLAG 	success,flags = 0
02-09 18:34:42.772 E/Sensors (  230): [HAL]After {mEnabled &= ~(1<<what)},mEnabled = 0
02-09 18:34:42.772 E/Sensors (  230): [HAL]After {(newState)<<what)},mEnabled = 0
02-09 18:34:42.772 E/Sensors (  230): [HAL]Closed /dev/akm8962_aot in enable(Orientation,0),mEnable = 0
02-09 18:34:43.022 E/AudioFlinger(  116): processConfigEvents() remaining events 1
02-09 18:34:43.022 D/MediaPlayer(  245): setDataSource(/system/media/audio/ui/Bootsound.mp3)
02-09 18:34:43.022 D/MediaPlayerService(  116): Create new client(1) from pid 245, url=/system/media/audio/ui/Bootsound.mp3, connId=1, audioSessionId=2
02-09 18:34:43.022 E/MediaPlayerService(  116): setDataSource(/system/media/audio/ui/Bootsound.mp3)
02-09 18:34:43.042 E/MediaPlayer(  245): Unable to to create media player
02-09 18:34:43.042 E/BootAnimation(  245): Failed to load Androidbootsound sounds.
02-09 18:34:43.112 E/SurfaceFlinger(  230): eglSwapBuffers: EGL error 0x3008 (EGL_BAD_DISPLAY)
02-09 18:34:43.152 W/zipro   (  245): Unable to open zip '/data/local/bootanimation.zip': No such file or directory
02-09 18:34:44.353 W/PackageParser(  230): <manifest> has more than one <application>
02-09 18:34:44.453 W/PackageParser(  230): Unknown element under <manifest>: assign-permission at /system/app/alarming.apk Binary XML file line #14
02-09 18:34:45.765 I/PackageManager(  230): Package com.google.android.apps.plus at /system/app/PlusOne.apk ignored: updated version 231242969 better than this 211219805
02-09 18:34:45.905 I/PackageManager(  230): Package com.android.vending at /system/app/Phonesky.apk ignored: updated version 8010004 better than this 8009012
02-09 18:34:46.245 I/PackageManager(  230): Package com.google.android.music at /system/app/Music2.apk ignored: updated version 512 better than this 509
02-09 18:34:46.746 I/PackageManager(  230): Package com.google.android.apps.maps at /system/app/Maps.apk ignored: updated version 602001401 better than this 600000100
02-09 18:34:47.096 I/PackageManager(  230): Package com.google.android.googlequicksearchbox at /system/app/GoogleQuickSearchBox.apk ignored: updated version 133247963 better than this 112064376
02-09 18:34:47.386 W/PackageParser(  230): Unknown element under <manifest>: uses-library at /system/app/Gallery3D.apk Binary XML file line #46
02-09 18:34:48.007 I/PackageManager(  230): Package com.google.android.apps.books at /system/app/BooksPhone.apk ignored: updated version 1502 better than this 1406
02-09 18:34:48.027 W/PackageParser(  230): No actions in intent filter at /system/app/Bluetooth.apk Binary XML file line #244
02-09 18:34:48.077 D/PackageManager(  230): No files in app dir /vendor/app
02-09 18:34:52.311 I/PackageParser(  230): com.sprint.widget.tutorial: compat added android.permission.WRITE_EXTERNAL_STORAGE android.permission.READ_PHONE_STATE
02-09 18:34:53.642 I/PackageParser(  230): com.sprint.voicemail: compat added android.permission.WRITE_EXTERNAL_STORAGE android.permission.READ_PHONE_STATE
02-09 18:34:54.183 I/ActivityThread(  230): Pub settings: com.android.providers.settings.SettingsProvider
02-09 18:34:54.243 D/SettingsProvider(  230): cache for settings table 'secure' rows=71; fullycached=true
02-09 18:34:54.273 D/SettingsProvider(  230): cache for settings table 'system' rows=169; fullycached=true
02-09 18:34:54.333 D/BrcmBtServiceLoader(  230): Initializing....
02-09 18:34:54.333 D/BrcmBtServiceLoader(  230): ********BT/Fm services configured to run as standalone process...
02-09 18:34:54.343 I/BluetoothProfileState(  230): Message:Entering Stable State
02-09 18:34:54.343 I/BluetoothProfileState(  230): Message:Entering Stable State
02-09 18:34:54.343 E/BluetoothService(  230): add eas pocicy change
02-09 18:34:54.353 W/DMM Service(  230): ro.dev.dmm.dpd.start_address = 0
02-09 18:34:54.353 W/DMM Service(  230): DynamicMemoryManager Service Disabled.
02-09 18:34:54.383 I/MobileDataStateTracker(  230): [hipri] instance created. netType=5, mApnType=hipri, mApnTypeToWatchFor=hipri
02-09 18:34:54.383 I/MobileDataStateTracker(  230): [hipri] initial state. v4=DISCONNECTED, v6=DISCONNECTED
02-09 18:34:54.383 I/MobileDataStateTracker(  230): [dun] instance created. netType=4, mApnType=dun, mApnTypeToWatchFor=dun
02-09 18:34:54.383 I/MobileDataStateTracker(  230): [dun] initial state. v4=DISCONNECTED, v6=DISCONNECTED
02-09 18:34:54.383 I/MobileDataStateTracker(  230): [supl] instance created. netType=3, mApnType=supl, mApnTypeToWatchFor=supl
02-09 18:34:54.383 I/MobileDataStateTracker(  230): [supl] initial state. v4=DISCONNECTED, v6=DISCONNECTED
02-09 18:34:54.383 I/MobileDataStateTracker(  230): [mms] instance created. netType=2, mApnType=mms, mApnTypeToWatchFor=mms
02-09 18:34:54.383 I/MobileDataStateTracker(  230): [mms] initial state. v4=DISCONNECTED, v6=DISCONNECTED
02-09 18:34:54.433 I/MobileDataStateTracker(  230): [default] instance created. netType=0, mApnType=default, mApnTypeToWatchFor=default
02-09 18:34:54.433 I/MobileDataStateTracker(  230): [default] initial state. v4=DISCONNECTED, v6=DISCONNECTED
02-09 18:34:54.433 E/WifiHW  (  230): wifi_load_driver() +
02-09 18:34:54.483 I/PackageManager(  230): Updating external media status from unmounted to unmounted
02-09 18:34:54.513 D/AudioHardwareMSM7X30(  116): setVoiceVolume(0.800000)
02-09 18:34:54.513 E/AudioHardwareMSM7X30(  116): msm_set_voice_rx_vol(80) failed errno = 1
02-09 18:34:54.523 D/AudioFlinger(  116): setMode(0)
02-09 18:34:54.523 W/AudioPolicyManager(  116): setPhoneState() setting same state 0
02-09 18:34:54.523 E/AudioFlinger(  116): processConfigEvents() remaining events 1
02-09 18:34:54.533 I/dun_service(  124): The value returned from dun_getusbmodemstate_fromsys is 2 
02-09 18:34:54.553 W/UsbDeviceSettingsManager(  230): settings file not found
02-09 18:34:54.894 I/dun_service(  124): The value returned from dun_getusbmodemstate_fromsys is 2 
02-09 18:34:54.964 I/dun_service(  124): The value returned from dun_getusbmodemstate_fromsys is 2 
02-09 18:34:54.964 I/dun_service(  124): The value returned from dun_getusbmodemstate_fromsys is 2 
02-09 18:34:54.964 I/dun_service(  124): The value returned from dun_getusbmodemstate_fromsys is 2 
02-09 18:34:55.024 D/AlarmManager(  230): +++Alarm set:type=0 android  Trigger after:3776108ms
02-09 18:34:55.034 W/KeyCharacterMap(  230): No keyboard for id 0
02-09 18:34:55.034 W/KeyCharacterMap(  230): Using default keymap: /system/usr/keychars/qwerty.kcm.bin
02-09 18:34:55.034 D/AtCkpdCmdHandler(  230): De-queing command
02-09 18:34:55.034 W/dalvikvm(  230): No implementation found for native Lcom/broadcom/bt/service/framework/PowerManagementService;.classInitNative ()V
02-09 18:34:55.034 W/dalvikvm(  230): Exception Ljava/lang/UnsatisfiedLinkError; thrown while initializing Lcom/broadcom/bt/service/framework/PowerManagementService;
02-09 18:34:55.054 I/WindowManager(  230): SAFE MODE not enabled
02-09 18:34:55.054 D/KeyguardViewMediator(  230): onSystemReady
02-09 18:34:55.054 D/lisha   (  230): isLockedOrMissing ***state.isPinLocked()=false***requireSim = true***state=ABSENT
02-09 18:34:55.054 D/lisha   (  230): ***lockedOrMissing=true***provisioned=true
02-09 18:34:55.054 D/KeyguardViewMediator(  230): doKeyguard: showing the lock screen
02-09 18:34:55.054 D/KeyguardViewMediator(  230): showLocked
02-09 18:34:55.054 D/KeyguardViewMediator(  230): handleShow
02-09 18:34:55.064 D/PowerManagerService(  230): setPowerState: mPowerState=0x0 newState=0x3 noChangeLights=false reason=3
02-09 18:34:55.074 I/Zygote  (  230): Process: zygote socket opened
02-09 18:34:55.094 D/KeyguardViewMediator(  230): setHidden false
02-09 18:34:55.104 D/KeyguardViewMediator(  230): setHidden false
02-09 18:34:55.104 I/LockPatternKeyguardView(  230): updateLockscreenBackground
02-09 18:34:55.104 I/LockPatternKeyguardView(  230): setBackgroundDrawable
02-09 18:34:55.124 I/LockPatternKeyguardView(  230): file not found: etc/customize/default_lockscreen
02-09 18:34:55.234 I/dun_service(  124): The value returned from dun_getusbmodemstate_fromsys is 2 
02-09 18:34:55.234 I/dun_service(  124): process rmnet event
02-09 18:34:55.234 D/Tethering(  230): wlan0 is not a tetherable iface, ignoring
02-09 18:34:55.244 I/dun_service(  124): Post event 3
02-09 18:34:55.244 I/dun_service(  124): process rmnet event
02-09 18:34:55.244 I/dun_service(  124): Post event 3
02-09 18:34:55.244 I/dun_service(  124): received event: DUN_EVENT_RMNET_DOWN 
02-09 18:34:55.244 I/dun_service(  124): received event(DUN_EVENT_RMNET_DOWN) in state(DUN_STATE_USB_UNPLUG)
02-09 18:34:55.244 I/dun_service(  124): Ignoring the event DUN_EVENT_RMNET_DOWN in USB_UNPLUG_STATE
02-09 18:34:55.244 I/dun_service(  124): Moved to state(DUN_STATE_USB_UNPLUG)
02-09 18:34:55.244 I/dun_service(  124): received event: DUN_EVENT_RMNET_DOWN 
02-09 18:34:55.244 I/dun_service(  124): received event(DUN_EVENT_RMNET_DOWN) in state(DUN_STATE_USB_UNPLUG)
02-09 18:34:55.244 I/dun_service(  124): Ignoring the event DUN_EVENT_RMNET_DOWN in USB_UNPLUG_STATE
02-09 18:34:55.244 I/dun_service(  124): Moved to state(DUN_STATE_USB_UNPLUG)
02-09 18:34:55.414 D/KeyguardUpdateMonitor(  230): received broadcast android.intent.action.BATTERY_CHANGED
02-09 18:34:55.414 D/KeyguardUpdateMonitor(  230): received broadcast android.media.RINGER_MODE_CHANGED
02-09 18:34:55.704 D/LockScreen(  230): initCarrierVisibility - mResId.length=2, mCarrier.length=1
02-09 18:34:55.874 I/hubo    (  230): Activity {com.android.launcher/com.android.launcher2.Launcher}
02-09 18:34:55.884 D/LockScreen(  230): updateLayout: status=SimMissingsubscription=0
02-09 18:34:55.945 D/LockScreen(  230): Updating Lock Screen text to Ruim
02-09 18:34:55.945 D/SntpClient(  230): request time failed: java.net.UnknownHostException: xtra1.gpsonextra.net
02-09 18:34:55.945 D/SntpClient(  230): request time failed: java.net.UnknownHostException: xtra1.gpsonextra.net
02-09 18:34:55.955 D/BtFramework(  347): ****Constructor called*************
02-09 18:34:55.955 D/BtFramework(  347): Loading BrcmBluetoothServices package....
02-09 18:34:55.955 D/BtFramework(  347): IsStandaloneProcess = true....
02-09 18:34:55.955 D/OppEventLoop(  347): USE_STANDALONE_EVENT_LOOP=true
02-09 18:34:55.955 D/BluetoothServiceManager(  347): ****Registering Bluetooth Service bluetooth_opp_service: com.broadcom.bt.service.opp.OppEventLoop****
02-09 18:34:55.955 D/BluetoothServiceManager(  347): ****Bluetooth Service not supported bluetooth_flick: null...Skipping. ****
02-09 18:34:55.955 D/BluetoothServiceManager(  347): ****Registering Bluetooth Service bluetooth_flick: null****
02-09 18:34:55.955 D/BluetoothServiceManager(  347): ****Bluetooth Service not supported bluetooth_ftp: com.broadcom.bt.service.ftp.BluetoothFTPService...Skipping. ****
02-09 18:34:55.955 D/BluetoothServiceManager(  347): ****Registering Bluetooth Service bluetooth_ftp: com.broadcom.bt.service.ftp.BluetoothFTPService****
02-09 18:34:55.955 D/BluetoothServiceManager(  347): ****Registering Bluetooth Service bluetooth_pbap: com.broadcom.bt.service.pbap.BluetoothPBAPService****
02-09 18:34:55.955 D/BluetoothServiceManager(  347): ****Bluetooth Service not supported bluetooth_dun: com.broadcom.bt.service.dun.BluetoothDUNService...Skipping. ****
02-09 18:34:55.955 D/BluetoothServiceManager(  347): ****Registering Bluetooth Service bluetooth_dun: com.broadcom.bt.service.dun.BluetoothDUNService****
02-09 18:34:55.955 D/BluetoothServiceManager(  347): ****Bluetooth Service not supported bluetooth_sap: com.broadcom.bt.service.sap.BluetoothSAPService...Skipping. ****
02-09 18:34:55.955 D/BluetoothServiceManager(  347): ****Registering Bluetooth Service bluetooth_sap: com.broadcom.bt.service.sap.BluetoothSAPService****
02-09 18:34:55.965 D/BluetoothServiceManager(  347): ****Registering Bluetooth Service bluetooth_test: com.broadcom.bt.service.test.BluetoothTestModeService****
02-09 18:34:55.965 D/SmsDeletedFolder(  347): SmsDeletedFolder
02-09 18:34:55.965 D/MAP.MapEventLoop(  347): constructor()
02-09 18:34:55.965 E/MAP.MapService(  347): constructor(): REF_COUNT=1
02-09 18:34:55.965 D/BluetoothServiceManager(  347): ****Registering Bluetooth Service bluetooth_map: com.broadcom.bt.service.map.MapEventLoop****
02-09 18:34:55.965 D/BluetoothServiceManager(  347): ****Bluetooth Service not supported bluetooth_bpp_service: null...Skipping. ****
02-09 18:34:55.965 D/BluetoothServiceManager(  347): ****Registering Bluetooth Service bluetooth_bpp_service: null****
02-09 18:34:55.965 D/BluetoothServiceManager(  347): ****Bluetooth Service not supported bluetooth_avrcp: com.broadcom.bt.service.avrcp.BluetoothAVRCPService...Skipping. ****
02-09 18:34:55.965 D/BluetoothServiceManager(  347): ****Registering Bluetooth Service bluetooth_avrcp: com.broadcom.bt.service.avrcp.BluetoothAVRCPService****
02-09 18:34:55.995 D/LockPatternKeyguardView(  230): LockPatternKeyguardView ctor: about to createUnlockScreenFor; mEnableFallback=false
02-09 18:34:55.995 D/UnlockScreen(  230): *******mCreationOrientation = 1
02-09 18:34:56.165 I/dun_service(  124): process rmnet event
02-09 18:34:56.165 I/dun_service(  124): Post event 3
02-09 18:34:56.165 I/dun_service(  124): received event: DUN_EVENT_RMNET_DOWN 
02-09 18:34:56.165 I/dun_service(  124): received event(DUN_EVENT_RMNET_DOWN) in state(DUN_STATE_USB_UNPLUG)
02-09 18:34:56.165 I/dun_service(  124): Ignoring the event DUN_EVENT_RMNET_DOWN in USB_UNPLUG_STATE
02-09 18:34:56.165 I/dun_service(  124): Moved to state(DUN_STATE_USB_UNPLUG)
02-09 18:34:56.175 I/ActivityThread(  353): Pub com.android.launcher2.settings: com.android.launcher2.LauncherProvider
02-09 18:34:56.235 D/SntpClient(  230): request time failed: java.net.UnknownHostException: xtra1.gpsonextra.net
02-09 18:34:56.235 D/SntpClient(  230): request time failed: java.net.UnknownHostException: xtra1.gpsonextra.net
02-09 18:34:56.305 E/WifiHW  (  230): wifi_load_driver() OK!
02-09 18:34:56.305 E/WifiHW  (  230): wifi_load_driver() -
02-09 18:34:56.305 E/WifiHW  (  230): wifi_start_supplicant()
02-09 18:34:56.335 E/WifiHW  (  230): wifi_start_supplicant() supplicant is running
02-09 18:34:56.345 E/WifiHW  (  230): wifi_connect_to_supplicant() +
02-09 18:34:56.345 E/WifiHW  (  230): ctrl ifname = /data/misc/wifi/wpa_supplicant/wlan0
02-09 18:34:56.355 E/WifiHW  (  230): ifname /data/misc/wifi/wpa_supplicant/wlan0 is ready to read/write cnt=160
02-09 18:34:56.355 E/WifiHW  (  230): WIFI: Unable to open connection to supplicant on "/data/misc/wifi/wpa_supplicant/wlan0": Connection refused
02-09 18:34:56.405 D/LockPatternKeyguardView(  230): createUnlockScreenFor(Pattern): mEnableFallback=false
02-09 18:34:56.455 I/ActivityThread(  346): Pub telephony: com.android.providers.telephony.TelephonyProvider
02-09 18:34:56.465 D/KeyguardViewMediator(  230): adjustUserActivityLocked mShowing: true mHidden: false
02-09 18:34:56.465 D/KeyguardViewMediator(  230): onScreenTurnedOn, seq = 1
02-09 18:34:56.465 D/KeyguardViewMediator(  230): notifyScreenOnLocked
02-09 18:34:56.465 E/Sensors (  230): [HAL]ready to call enable(Accelerometer,1),AAAAAAAA
02-09 18:34:56.465 E/Sensors (  230): [HAL]mEnabled = 0;ready to open /dev/akm8962_aot
02-09 18:34:56.465 E/Sensors (  230): [HAL]ECS_IOCTL_APP_SET_AFLAG 	success,flags = 1
02-09 18:34:56.465 E/Sensors (  230): [HAL]After {mEnabled &= ~(1<<what)},mEnabled = 0
02-09 18:34:56.465 E/Sensors (  230): [HAL]After {(newState)<<what)},mEnabled = 1
02-09 18:34:56.465 E/lights  (  230): write_int failed to open /sys/class/leds/keyboard-backlight/brightness
02-09 18:34:56.515 I/ActivityThread(  346): Pub icc: com.android.phone.IccProvider
02-09 18:34:56.535 I/ActivityThread(  346): Pub mms: com.android.providers.telephony.MmsProvider
02-09 18:34:56.535 I/ActivityThread(  346): Pub sms: com.android.providers.telephony.SmsProvider
02-09 18:34:56.555 I/ActivityThread(  346): Pub mms-sms: com.android.providers.telephony.MmsSmsProvider
02-09 18:34:56.595 D/KeyguardViewMediator(  230): setHidden false
02-09 18:34:56.635 D/KeyguardViewMediator(  230): setHidden false
