02-02 11:42:41.111 I/am_proc_bound(  283): [637,android.process.media]
02-02 11:42:41.151 I/binder_sample(  522): [android.app.IActivityManager,110,77,com.android.launcher,15]
02-02 11:42:41.212 I/backup_data_changed(  283): com.android.providers.settings
02-02 11:42:41.252 I/dvm_gc_info(  623): [7308604875703662193,-8983408329828186063,-4006087072769279955,7358131]
02-02 11:42:41.272 I/dvm_gc_madvise_info(  475): [245760,126976]
02-02 11:42:41.292 I/content_update_sample(  422): [content://settings/secure,insert,,177,com.android.phone,36]
02-02 11:42:41.332 I/notification_cancel(  283): [com.android.phone,111,0]
02-02 11:42:41.822 I/db_sample(  538): [/data/data/com.google.android.apps.plus/databases/picasa.upload.db,SELECT account, album_id, auth_token_type, url, upload_url, cont,53,,11]
02-02 11:42:41.842 I/db_sample(  538): [/data/data/com.google.android.apps.plus/databases/picasa.db,SELECT account, albums_etag, sync_states, _id FROM users,0,,1]
02-02 11:42:42.002 I/dvm_gc_madvise_info(  586): [417792,126976]
02-02 11:42:42.182 I/binder_sample(  586): [android.app.IActivityManager,110,1003,com.google.android.gm,100]
02-02 11:42:42.182 I/binder_sample(  623): [android.app.IActivityManager,30,996,com.android.email,100]
02-02 11:42:42.192 I/binder_sample(  608): [android.app.IActivityManager,46,875,com.sprint.w.installer,100]
02-02 11:42:42.192 I/am_destroy_service(  283): [1082999216,com.google.android.gsf/.checkin.CheckinService,475]
02-02 11:42:42.203 I/binder_sample(  475): [android.app.IActivityManager,48,860,com.google.process.gapps,100]
02-02 11:42:42.203 I/binder_sample(  637): [android.app.IActivityManager,17,1082,<pre-initialized>,100]
02-02 11:42:42.203 I/binder_sample(  422): [android.app.IActivityManager,14,707,com.android.phone,100]
02-02 11:42:42.283 I/binder_sample(  572): [android.app.IActivityManager,110,996,com.google.android.apps.uploader,100]
02-02 11:42:42.293 I/binder_sample(  522): [android.app.IActivityManager,110,1047,com.android.launcher,100]
02-02 11:42:42.483 I/binder_sample(  406): [com.android.internal.statusbar.IStatusBarService,5,182,com.android.systemui,36]
02-02 11:42:42.483 I/binder_sample(  637): [android.content.pm.IPackageManager,1,120,android.process.media,24]
02-02 11:42:42.503 I/dvm_gc_madvise_info(  422): [184320,126976]
02-02 11:42:42.513 I/dvm_gc_info(  283): [8320808730291640097,-8920069105305061282,-3985257924492691411,8550356]
02-02 11:42:42.553 I/notification_cancel(  283): [com.android.phone,7,0]
02-02 11:42:42.563 I/notification_cancel(  283): [com.android.phone,7,0]
02-02 11:42:42.563 I/notification_cancel(  283): [com.android.phone,7,0]
02-02 11:42:42.563 I/notification_cancel(  283): [com.android.phone,7,0]
02-02 11:42:42.563 I/notification_cancel(  283): [com.android.phone,7,0]
02-02 11:42:42.563 I/notification_cancel(  283): [com.android.phone,7,0]
02-02 11:42:42.573 I/notification_cancel(  283): [com.android.phone,7,0]
02-02 11:42:42.573 I/binder_sample(  586): [android.app.IActivityManager,110,157,com.google.android.gm,31]
02-02 11:42:42.603 I/dvm_gc_info(  623): [7308604875703645778,-8988193335662393292,-4005242647839147987,7358131]
02-02 11:42:42.633 I/db_sample(  623): [/data/data/com.android.email/databases/EmailProvider.db,create table Message_Deletes (_id integer unique, syncServerId t,1,,1]
02-02 11:42:42.753 I/binder_sample(  522): [android.app.IActivityManager,110,260,com.android.launcher,52]
02-02 11:42:42.763 I/cdma_service_state_change(  422): [3,0]
02-02 11:42:42.813 I/dvm_gc_info(  623): [7308604875703666276,-8991852304167618506,-4004679697885726675,7358131]
02-02 11:42:42.863 I/backup_data_changed(  283): com.android.providers.settings
02-02 11:42:42.903 I/dvm_gc_info(  623): [7308604875703809669,-8998326091193010122,-4004679697885726675,7358131]
02-02 11:42:42.903 I/db_sample(  637): [/data/data/com.android.providers.media/databases/external-e82ff9f2.db,UPDATE thumbnails SET _data='////' WHERE _data LIKE '/mnt/sdcard,19,android.process.media,4]
02-02 10:42:42.933 I/binder_sample(  522): [android.app.IActivityManager,110,141,com.android.launcher,28]
02-02 10:42:43.063 I/binder_sample(  608): [com.android.internal.telephony.ITelephony,56,863,com.sprint.w.installer,100]
02-02 10:42:43.173 I/dvm_gc_info(  623): [7308604875703649925,-8990444791845111754,-4004679697885726675,7358131]
02-02 10:42:43.203 I/notification_cancel(  283): [com.android.phone,111,0]
02-02 10:42:43.203 I/notification_cancel(  283): [com.android.phone,111,0]
02-02 10:42:43.223 I/binder_sample(  586): [android.app.IActivityManager,110,90,com.google.android.gm,18]
02-02 10:42:43.294 I/dvm_gc_info(  608): [7597136565101631099,-8969053106015950799,-4006087072769279955,7358147]
02-02 10:42:43.324 I/boot_progress_enable_screen(  283): 119497
02-02 10:42:43.394 I/am_on_resume_called(  608): com.sprint.w.installer.WInstaller
02-02 10:42:43.454 I/binder_sample(  422): [com.android.internal.telephony.ITelephonyRegistry,14,19,com.android.phone,3]
02-02 10:42:43.454 I/notification_cancel(  283): [com.android.phone,111,0]
02-02 10:42:43.584 I/binder_sample(  422): [com.android.internal.telephony.ITelephonyRegistry,14,25,com.android.phone,5]
02-02 10:42:43.624 I/dvm_gc_info(  623): [7308604875703649906,-9001140840943323081,-4004679697885726675,7358131]
02-02 10:42:43.634 I/binder_sample(  422): [com.android.internal.telephony.ITelephonyRegistry,14,48,com.android.phone,9]
02-02 10:42:43.654 I/content_query_sample(  623): [content://com.android.email.provider/account,_id,,,1372,,100]
02-02 10:42:43.684 I/binder_sample(  637): [android.content.pm.IPackageManager,10,21,android.process.media,4]
02-02 10:42:43.704 I/binder_sample(  637): [android.content.pm.IPackageManager,1,18,android.process.media,3]
02-02 10:42:43.734 I/content_query_sample(  283): [content://com.android.exchange.provider/policy/AllowBluetooth,,,,1550,,100]
02-02 10:42:43.804 I/gtalkservice(  475): 11
02-02 10:42:43.824 I/am_destroy_service(  283): [1080908720,com.google.android.gsf/.loginservice.GoogleLoginService,475]
02-02 10:42:43.824 I/gtalkservice(  475): 11
02-02 10:42:43.864 I/dvm_gc_info(  422): [8099846449757636195,-8953571501126166471,-4003835272955594707,7358131]
02-02 10:42:43.984 I/notification_cancel(  283): [com.android.phone,111,0]
02-02 10:42:43.984 I/notification_cancel(  283): [com.android.phone,7,0]
02-02 10:42:43.994 I/notification_cancel(  283): [com.android.phone,7,0]
02-02 10:42:43.994 I/notification_cancel(  283): [com.android.phone,7,0]
02-02 10:42:44.004 I/notification_cancel(  283): [com.android.phone,7,0]
02-02 10:42:44.004 I/notification_cancel(  283): [com.android.phone,7,0]
02-02 10:42:44.004 I/notification_cancel(  283): [com.android.phone,7,0]
02-02 10:42:44.014 I/notification_cancel(  283): [com.android.phone,7,0]
02-02 10:42:44.014 I/notification_cancel(  283): [com.android.phone,7,0]
02-02 10:42:44.014 I/notification_cancel(  283): [com.android.phone,7,0]
02-02 10:42:44.014 I/notification_cancel(  283): [com.android.phone,7,0]
02-02 10:42:44.044 I/notification_cancel(  283): [com.android.phone,7,0]
02-02 10:42:44.044 I/notification_cancel(  283): [com.android.phone,7,0]
02-02 10:42:44.044 I/notification_cancel(  283): [com.android.phone,7,0]
02-02 10:42:44.044 I/notification_cancel(  283): [com.android.phone,7,0]
02-02 10:42:44.054 I/notification_cancel(  283): [com.android.phone,7,0]
02-02 10:42:44.064 I/notification_cancel(  283): [com.android.phone,7,0]
02-02 10:42:44.064 I/notification_cancel(  283): [com.android.phone,7,0]
02-02 10:42:44.064 I/notification_cancel(  283): [com.android.phone,7,0]
02-02 10:42:44.074 I/notification_cancel(  283): [com.android.phone,7,0]
02-02 10:42:44.074 I/notification_cancel(  283): [com.android.phone,7,0]
02-02 10:42:44.084 I/notification_cancel(  283): [com.android.phone,7,0]
02-02 10:42:44.154 I/connectivity_state_changed(  283): 3600
02-02 10:42:44.385 I/dvm_gc_info(  439): [8517260637557069421,-9000015353454110671,-4006087072769279955,7358131]
02-02 10:42:44.395 I/content_query_sample(  623): [content://com.android.email.provider/account,_id,,,2089,,100]
02-02 10:42:44.575 I/binder_sample(  637): [android.app.IActivityManager,110,60,android.process.media,12]
02-02 10:42:44.655 I/dvm_gc_info(  522): [7809652345805006391,-9035762675412445133,-3999894623281645523,8525765]
02-02 10:42:45.045 I/db_sample(  439): [/data/data/com.locationlabs.v3client/databases/V3Client_DEBUGDATA,COMMIT;PRAGMA user_version = 1,728,com.locationlabs.v3client,100]
02-02 10:42:45.175 I/am_proc_start(  283): [667,10004,com.google.android.voicesearch,broadcast,com.google.android.voicesearch/.GservicesBroadcastReceiver]
02-02 10:42:45.255 I/dvm_gc_madvise_info(  667): [360448,126976]
02-02 10:42:45.265 I/dvm_gc_info(  120): [8825198673194746928,-9134279398381483986,-4006087072769275858,7358131]
02-02 10:42:45.356 I/am_proc_bound(  283): [667,com.google.android.voicesearch]
02-02 10:42:45.376 I/dvm_gc_info(  283): [8320808730291713805,-8917817305491367842,-3984976449515980755,8550356]
02-02 10:42:45.396 I/dvm_gc_info(  120): [8825198673194848304,-9222662541068629970,-4006087072769275858,7358131]
02-02 10:42:45.436 I/dvm_gc_info(  120): [8825198673194569784,-9222662541068629970,-4006087072769275858,7358131]
02-02 10:42:46.477 I/wifi_supplicant_state_changed(  283): 2
02-02 10:42:46.647 I/dvm_gc_info(  522): [7809652345805190380,-9055465923782182861,-3999894623281645523,8525857]
02-02 10:42:46.927 I/binder_sample(  422): [android.app.IActivityManager,14,761,com.android.phone,100]
02-02 10:42:46.937 I/binder_sample(  667): [android.app.IActivityManager,17,1592,<pre-initialized>,100]
02-02 10:42:46.957 I/binder_sample(  439): [android.app.IActivityManager,110,1595,com.locationlabs.v3client,100]
02-02 10:42:47.017 I/notification_cancel(  283): [com.android.phone,111,0]
02-02 10:42:47.027 I/notification_cancel(  283): [com.android.phone,111,0]
02-02 10:42:47.217 I/notification_cancel(  283): [com.android.phone,7,0]
02-02 10:42:47.227 I/notification_cancel(  283): [com.android.phone,7,0]
02-02 10:42:47.227 I/notification_cancel(  283): [com.android.phone,7,0]
02-02 10:42:47.227 I/notification_cancel(  283): [com.android.phone,7,0]
02-02 10:42:47.237 I/notification_cancel(  283): [com.android.phone,7,0]
02-02 10:42:47.237 I/notification_cancel(  283): [com.android.phone,7,0]
02-02 10:42:47.237 I/notification_cancel(  283): [com.android.phone,7,0]
02-02 10:42:47.247 I/notification_cancel(  283): [com.android.phone,7,0]
02-02 10:42:47.247 I/notification_cancel(  283): [com.android.phone,7,0]
02-02 10:42:47.257 I/notification_cancel(  283): [com.android.phone,7,0]
02-02 10:42:47.418 I/dvm_gc_info(  667): [8534155694507615866,-8974119655596734415,-4006087072769279955,7358131]
02-02 10:42:47.438 I/wifi_supplicant_state_changed(  283): 1
02-02 10:42:47.518 I/am_create_service(  283): [1079431584,com.google.android.apps.plus/.service.EsService,,538]
02-02 10:42:47.518 I/am_proc_start(  283): [682,10023,com.android.vending,broadcast,com.android.vending/com.google.android.finsky.receivers.ClearCacheReceiver]
02-02 10:42:47.538 I/am_proc_bound(  283): [682,com.android.vending]
02-02 10:42:48.318 I/dvm_gc_madvise_info(  608): [372736,126976]
