02-02 11:42:41.111 I/am_proc_bound(  283): [637,android.process.media]
02-02 11:42:41.151 I/binder_sample(  522): [android.app.IActivityManager,110,77,com.android.launcher,15]
02-02 11:42:41.212 I/backup_data_changed(  283): com.android.providers.settings
02-02 11:42:41.252 I/dvm_gc_info(  623): [7308604875703662193,-8983408329828186063,-4006087072769279955,7358131]
02-02 11:42:41.272 I/dvm_gc_madvise_info(  475): [245760,126976]
02-02 11:42:41.292 I/content_update_sample(  422): [content://settings/secure,insert,,177,com.android.phone,36]
02-02 11:42:41.332 I/notification_cancel(  283): [com.android.phone,111,0]
02-02 11:42:41.822 I/db_sample(  538): [/data/data/com.google.android.apps.plus/databases/picasa.upload.db,SELECT account, album_id, auth_token_type, url, upload_url, cont,53,,11]
02-02 11:42:41.842 I/db_sample(  538): [/data/data/com.google.android.apps.plus/databases/picasa.db,SELECT account, albums_etag, sync_states, _id FROM users,0,,1]
02-02 11:42:42.002 I/dvm_gc_madvise_info(  586): [417792,126976]
02-02 11:42:42.182 I/binder_sample(  586): [android.app.IActivityManager,110,1003,com.google.android.gm,100]
02-02 11:42:42.182 I/binder_sample(  623): [android.app.IActivityManager,30,996,com.android.email,100]
02-02 11:42:42.192 I/binder_sample(  608): [android.app.IActivityManager,46,875,com.sprint.w.installer,100]
02-02 11:42:42.192 I/am_destroy_service(  283): [1082999216,com.google.android.gsf/.checkin.CheckinService,475]
02-02 11:42:42.203 I/binder_sample(  475): [android.app.IActivityManager,48,860,com.google.process.gapps,100]
02-02 11:42:42.203 I/binder_sample(  637): [android.app.IActivityManager,17,1082,<pre-initialized>,100]
02-02 11:42:42.203 I/binder_sample(  422): [android.app.IActivityManager,14,707,com.android.phone,100]
02-02 11:42:42.283 I/binder_sample(  572): [android.app.IActivityManager,110,996,com.google.android.apps.uploader,100]
02-02 11:42:42.293 I/binder_sample(  522): [android.app.IActivityManager,110,1047,com.android.launcher,100]
02-02 11:42:42.483 I/binder_sample(  406): [com.android.internal.statusbar.IStatusBarService,5,182,com.android.systemui,36]
02-02 11:42:42.483 I/binder_sample(  637): [android.content.pm.IPackageManager,1,120,android.process.media,24]
02-02 11:42:42.503 I/dvm_gc_madvise_info(  422): [184320,126976]
02-02 11:42:42.513 I/dvm_gc_info(  283): [8320808730291640097,-8920069105305061282,-3985257924492691411,8550356]
02-02 11:42:42.553 I/notification_cancel(  283): [com.android.phone,7,0]
02-02 11:42:42.563 I/notification_cancel(  283): [com.android.phone,7,0]
02-02 11:42:42.563 I/notification_cancel(  283): [com.android.phone,7,0]
02-02 11:42:42.563 I/notification_cancel(  283): [com.android.phone,7,0]
02-02 11:42:42.563 I/notification_cancel(  283): [com.android.phone,7,0]
02-02 11:42:42.563 I/notification_cancel(  283): [com.android.phone,7,0]
02-02 11:42:42.573 I/notification_cancel(  283): [com.android.phone,7,0]
02-02 11:42:42.573 I/binder_sample(  586): [android.app.IActivityManager,110,157,com.google.android.gm,31]
02-02 11:42:42.603 I/dvm_gc_info(  623): [7308604875703645778,-8988193335662393292,-4005242647839147987,7358131]
02-02 11:42:42.633 I/db_sample(  623): [/data/data/com.android.email/databases/EmailProvider.db,create table Message_Deletes (_id integer unique, syncServerId t,1,,1]
02-02 11:42:42.753 I/binder_sample(  522): [android.app.IActivityManager,110,260,com.android.launcher,52]
02-02 11:42:42.763 I/cdma_service_state_change(  422): [3,0]
02-02 11:42:42.813 I/dvm_gc_info(  623): [7308604875703666276,-8991852304167618506,-4004679697885726675,7358131]
02-02 11:42:42.863 I/backup_data_changed(  283): com.android.providers.settings
02-02 11:42:42.903 I/dvm_gc_info(  623): [7308604875703809669,-8998326091193010122,-4004679697885726675,7358131]
02-02 11:42:42.903 I/db_sample(  637): [/data/data/com.android.providers.media/databases/external-e82ff9f2.db,UPDATE thumbnails SET _data='////' WHERE _data LIKE '/mnt/sdcard,19,android.process.media,4]
02-02 10:42:42.933 I/binder_sample(  522): [android.app.IActivityManager,110,141,com.android.launcher,28]
02-02 10:42:43.063 I/binder_sample(  608): [com.android.internal.telephony.ITelephony,56,863,com.sprint.w.installer,100]
02-02 10:42:43.173 I/dvm_gc_info(  623): [7308604875703649925,-8990444791845111754,-4004679697885726675,7358131]
02-02 10:42:43.203 I/notification_cancel(  283): [com.android.phone,111,0]
02-02 10:42:43.203 I/notification_cancel(  283): [com.android.phone,111,0]
02-02 10:42:43.223 I/binder_sample(  586): [android.app.IActivityManager,110,90,com.google.android.gm,18]
02-02 10:42:43.294 I/dvm_gc_info(  608): [7597136565101631099,-8969053106015950799,-4006087072769279955,7358147]
02-02 10:42:43.324 I/boot_progress_enable_screen(  283): 119497
02-02 10:42:43.394 I/am_on_resume_called(  608): com.sprint.w.installer.WInstaller
02-02 10:42:43.454 I/binder_sample(  422): [com.android.internal.telephony.ITelephonyRegistry,14,19,com.android.phone,3]
02-02 10:42:43.454 I/notification_cancel(  283): [com.android.phone,111,0]
02-02 10:42:43.584 I/binder_sample(  422): [com.android.internal.telephony.ITelephonyRegistry,14,25,com.android.phone,5]
02-02 10:42:43.624 I/dvm_gc_info(  623): [7308604875703649906,-9001140840943323081,-4004679697885726675,7358131]
02-02 10:42:43.634 I/binder_sample(  422): [com.android.internal.telephony.ITelephonyRegistry,14,48,com.android.phone,9]
02-02 10:42:43.654 I/content_query_sample(  623): [content://com.android.email.provider/account,_id,,,1372,,100]
02-02 10:42:43.684 I/binder_sample(  637): [android.content.pm.IPackageManager,10,21,android.process.media,4]
02-02 10:42:43.704 I/binder_sample(  637): [android.content.pm.IPackageManager,1,18,android.process.media,3]
02-02 10:42:43.734 I/content_query_sample(  283): [content://com.android.exchange.provider/policy/AllowBluetooth,,,,1550,,100]
02-02 10:42:43.804 I/gtalkservice(  475): 11
02-02 10:42:43.824 I/am_destroy_service(  283): [1080908720,com.google.android.gsf/.loginservice.GoogleLoginService,475]
02-02 10:42:43.824 I/gtalkservice(  475): 11
02-02 10:42:43.864 I/dvm_gc_info(  422): [8099846449757636195,-8953571501126166471,-4003835272955594707,7358131]
02-02 10:42:43.984 I/notification_cancel(  283): [com.android.phone,111,0]
02-02 10:42:43.984 I/notification_cancel(  283): [com.android.phone,7,0]
02-02 10:42:43.994 I/notification_cancel(  283): [com.android.phone,7,0]
02-02 10:42:43.994 I/notification_cancel(  283): [com.android.phone,7,0]
02-02 10:42:44.004 I/notification_cancel(  283): [com.android.phone,7,0]
02-02 10:42:44.004 I/notification_cancel(  283): [com.android.phone,7,0]
02-02 10:42:44.004 I/notification_cancel(  283): [com.android.phone,7,0]
02-02 10:42:44.014 I/notification_cancel(  283): [com.android.phone,7,0]
02-02 10:42:44.014 I/notification_cancel(  283): [com.android.phone,7,0]
02-02 10:42:44.014 I/notification_cancel(  283): [com.android.phone,7,0]
02-02 10:42:44.014 I/notification_cancel(  283): [com.android.phone,7,0]
02-02 10:42:44.044 I/notification_cancel(  283): [com.android.phone,7,0]
02-02 10:42:44.044 I/notification_cancel(  283): [com.android.phone,7,0]
02-02 10:42:44.044 I/notification_cancel(  283): [com.android.phone,7,0]
02-02 10:42:44.044 I/notification_cancel(  283): [com.android.phone,7,0]
02-02 10:42:44.054 I/notification_cancel(  283): [com.android.phone,7,0]
02-02 10:42:44.064 I/notification_cancel(  283): [com.android.phone,7,0]
02-02 10:42:44.064 I/notification_cancel(  283): [com.android.phone,7,0]
02-02 10:42:44.064 I/notification_cancel(  283): [com.android.phone,7,0]
02-02 10:42:44.074 I/notification_cancel(  283): [com.android.phone,7,0]
02-02 10:42:44.074 I/notification_cancel(  283): [com.android.phone,7,0]
02-02 10:42:44.084 I/notification_cancel(  283): [com.android.phone,7,0]
02-02 10:42:44.154 I/connectivity_state_changed(  283): 3600
02-02 10:42:44.385 I/dvm_gc_info(  439): [8517260637557069421,-9000015353454110671,-4006087072769279955,7358131]
02-02 10:42:44.395 I/content_query_sample(  623): [content://com.android.email.provider/account,_id,,,2089,,100]
02-02 10:42:44.575 I/binder_sample(  637): [android.app.IActivityManager,110,60,android.process.media,12]
02-02 10:42:44.655 I/dvm_gc_info(  522): [7809652345805006391,-9035762675412445133,-3999894623281645523,8525765]
02-02 10:42:45.045 I/db_sample(  439): [/data/data/com.locationlabs.v3client/databases/V3Client_DEBUGDATA,COMMIT;PRAGMA user_version = 1,728,com.locationlabs.v3client,100]
02-02 10:42:45.175 I/am_proc_start(  283): [667,10004,com.google.android.voicesearch,broadcast,com.google.android.voicesearch/.GservicesBroadcastReceiver]
02-02 10:42:45.255 I/dvm_gc_madvise_info(  667): [360448,126976]
02-02 10:42:45.265 I/dvm_gc_info(  120): [8825198673194746928,-9134279398381483986,-4006087072769275858,7358131]
02-02 10:42:45.356 I/am_proc_bound(  283): [667,com.google.android.voicesearch]
02-02 10:42:45.376 I/dvm_gc_info(  283): [8320808730291713805,-8917817305491367842,-3984976449515980755,8550356]
02-02 10:42:45.396 I/dvm_gc_info(  120): [8825198673194848304,-9222662541068629970,-4006087072769275858,7358131]
02-02 10:42:45.436 I/dvm_gc_info(  120): [8825198673194569784,-9222662541068629970,-4006087072769275858,7358131]
02-02 10:42:46.477 I/wifi_supplicant_state_changed(  283): 2
02-02 10:42:46.647 I/dvm_gc_info(  522): [7809652345805190380,-9055465923782182861,-3999894623281645523,8525857]
02-02 10:42:46.927 I/binder_sample(  422): [android.app.IActivityManager,14,761,com.android.phone,100]
02-02 10:42:46.937 I/binder_sample(  667): [android.app.IActivityManager,17,1592,<pre-initialized>,100]
02-02 10:42:46.957 I/binder_sample(  439): [android.app.IActivityManager,110,1595,com.locationlabs.v3client,100]
02-02 10:42:47.017 I/notification_cancel(  283): [com.android.phone,111,0]
02-02 10:42:47.027 I/notification_cancel(  283): [com.android.phone,111,0]
02-02 10:42:47.217 I/notification_cancel(  283): [com.android.phone,7,0]
02-02 10:42:47.227 I/notification_cancel(  283): [com.android.phone,7,0]
02-02 10:42:47.227 I/notification_cancel(  283): [com.android.phone,7,0]
02-02 10:42:47.227 I/notification_cancel(  283): [com.android.phone,7,0]
02-02 10:42:47.237 I/notification_cancel(  283): [com.android.phone,7,0]
02-02 10:42:47.237 I/notification_cancel(  283): [com.android.phone,7,0]
02-02 10:42:47.237 I/notification_cancel(  283): [com.android.phone,7,0]
02-02 10:42:47.247 I/notification_cancel(  283): [com.android.phone,7,0]
02-02 10:42:47.247 I/notification_cancel(  283): [com.android.phone,7,0]
02-02 10:42:47.257 I/notification_cancel(  283): [com.android.phone,7,0]
02-02 10:42:47.418 I/dvm_gc_info(  667): [8534155694507615866,-8974119655596734415,-4006087072769279955,7358131]
02-02 10:42:47.438 I/wifi_supplicant_state_changed(  283): 1
02-02 10:42:47.518 I/am_create_service(  283): [1079431584,com.google.android.apps.plus/.service.EsService,,538]
02-02 10:42:47.518 I/am_proc_start(  283): [682,10023,com.android.vending,broadcast,com.android.vending/com.google.android.finsky.receivers.ClearCacheReceiver]
02-02 10:42:47.538 I/am_proc_bound(  283): [682,com.android.vending]
02-02 10:42:48.318 I/dvm_gc_madvise_info(  608): [372736,126976]
02-02 10:42:48.879 I/dvm_gc_madvise_info(  422): [188416,126976]
02-02 10:42:48.979 I/dvm_gc_madvise_info(  623): [303104,126976]
02-02 10:42:49.390 I/dvm_gc_madvise_info(  439): [319488,126976]
02-02 10:42:49.530 I/binder_sample(  682): [android.app.IActivityManager,17,1984,<pre-initialized>,100]
02-02 10:42:49.540 I/binder_sample(  667): [android.app.IActivityManager,110,1780,com.google.android.voicesearch,100]
02-02 10:42:49.670 I/dvm_gc_info(  682): [8531346446660724343,-8974964080526862287,-4006087072769279955,7358131]
02-02 10:42:49.680 I/dvm_gc_info(  522): [7809652345805210856,-9058843623502706637,-3999894623281645523,8550438]
02-02 10:42:49.760 I/backup_data_changed(  283): com.android.vending
02-02 10:42:50.050 I/dvm_gc_info(  682): [8531346446660724305,-9018029751930013645,-4005805597792569299,7358131]
02-02 10:42:50.120 I/dvm_gc_info(  637): [7882817126543681155,-8970460549652543441,-4006650022722701267,7358131]
02-02 10:42:50.120 I/dvm_gc_info(  522): [7809652345805944126,-9054902973795219406,-3996516923561117651,8570918]
02-02 10:42:50.180 I/db_sample(  637): [/data/data/com.android.providers.downloads/databases/downloads.db,SELECT _id, uri, status, lastmod, title FROM downloads WHERE (ui,0,,1]
02-02 10:42:50.180 I/content_query_sample(  682): [content://downloads/my_downloads,_id/uri/status/lastmod/title,,,224,,45]
02-02 10:42:50.210 I/am_proc_start(  283): [731,10061,com.android.bluetooth,broadcast,com.android.bluetooth/com.broadcom.bt.app.opp.OppReceiver]
02-02 10:42:50.240 I/am_proc_bound(  283): [731,com.android.bluetooth]
02-02 10:42:50.270 I/binder_sample(  682): [android.app.IActivityManager,16,72,com.android.vending,14]
02-02 10:42:50.390 I/dvm_gc_info(  283): [8320808730291631908,-8920913530235180962,-3985257924492691411,8550356]
02-02 10:42:50.451 I/dvm_gc_madvise_info(  731): [352256,126976]
02-02 10:42:50.551 I/content_query_sample(  682): [content://downloads/my_downloads,_id/uri/status/lastmod/title,,,470,,95]
02-02 10:42:50.731 I/binder_sample(  422): [android.app.IActivityManager,14,353,com.android.phone,70]
02-02 10:42:50.741 I/binder_sample(  731): [android.app.IActivityManager,17,498,<pre-initialized>,99]
02-02 10:42:50.751 I/binder_sample(  682): [android.app.IActivityManager,69,460,com.android.vending,92]
02-02 10:42:50.801 I/am_proc_start(  283): [742,10044,com.google.android.partnersetup,broadcast,com.google.android.partnersetup/.PhoneStateReceiver]
02-02 10:42:50.821 I/dvm_gc_madvise_info(  742): [368640,126976]
02-02 10:42:50.841 I/am_proc_bound(  283): [742,com.google.android.partnersetup]
02-02 10:42:52.362 I/binder_sample(  731): [android.app.IActivityManager,110,1519,com.android.bluetooth,100]
02-02 10:42:52.362 I/binder_sample(  742): [android.app.IActivityManager,17,1526,<pre-initialized>,100]
02-02 10:42:52.362 I/am_proc_died(  283): [682,com.android.vending]
02-02 10:42:52.382 I/binder_sample(  422): [com.android.internal.telephony.ITelephonyRegistry,14,1086,com.android.phone,100]
02-02 10:42:52.402 I/connectivity_state_changed(  283): 3112
02-02 10:42:52.513 I/notification_cancel(  283): [com.android.phone,7,0]
02-02 10:42:52.523 I/notification_cancel(  283): [com.android.phone,7,0]
02-02 10:42:52.533 I/notification_cancel(  283): [com.android.phone,7,0]
02-02 10:42:52.533 I/notification_cancel(  283): [com.android.phone,7,0]
02-02 10:42:52.583 I/content_query_sample(  742): [content://com.google.android.gsf.gservices,,,,18,com.google.android.partnersetup,4]
02-02 10:42:52.623 I/am_destroy_service(  283): [1079431584,com.google.android.apps.plus/.service.EsService,538]
02-02 10:42:52.633 I/dvm_gc_madvise_info(  667): [409600,126976]
02-02 10:42:53.544 I/dvm_gc_info(  608): [7597136565101807153,-9049554949355190223,-4005805597792569299,7358152]
02-02 10:42:53.574 I/dvm_gc_info(  608): [7597136565101503076,-9211684398484797390,-4005524122815858643,7358152]
02-02 10:42:53.604 I/dvm_gc_info(  608): [7597136565101523667,-9200143924439660494,-4005524122815858643,7358152]
02-02 10:42:53.634 I/dvm_gc_info(  608): [7597136565101522968,-9222943260080715725,-4005242647839147987,7358152]
02-02 10:42:54.004 I/db_sample(  475): [/data/data/com.google.android.gsf/databases/googlesettings.db,INSERT INTO partner(value, name) VALUES(?, ?);,1410,,100]
02-02 10:42:54.044 I/binder_sample(  742): [android.content.IContentProvider,3,1451,com.google.android.partnersetup,100]
02-02 10:42:54.064 I/content_update_sample(  742): [content://com.google.settings/partner,insert,,1475,com.google.android.partnersetup,100]
02-02 10:42:54.094 I/am_destroy_service(  283): [1086142256,com.sprint.w.installer/com.sprint.id.updater.UpdaterService,608]
02-02 10:42:55.105 I/db_sample(  475): [/data/data/com.google.android.gsf/databases/googlesettings.db,INSERT INTO partner(value, name) VALUES(?, ?);,1039,,100]
02-02 10:42:55.145 I/binder_sample(  742): [android.content.IContentProvider,3,1077,com.google.android.partnersetup,100]
02-02 10:42:55.175 I/content_update_sample(  742): [content://com.google.settings/partner,insert,,1111,com.google.android.partnersetup,100]
02-02 10:42:55.195 I/dvm_gc_madvise_info(  637): [524288,126976]
02-02 10:42:55.205 I/dvm_gc_madvise_info(  522): [299008,126976]
02-02 10:42:55.405 I/dvm_gc_madvise_info(  283): [3170304,126976]
02-02 10:42:55.415 I/dvm_gc_info(  742): [8097879449376224923,-8972149330776573905,-4006650022722701267,7358131]
02-02 10:42:55.465 I/am_proc_start(  283): [756,10002,com.sprint.zone,broadcast,com.sprint.zone/.PackageUpdateReceiver]
02-02 10:42:55.475 I/dvm_gc_madvise_info(  756): [368640,126976]
02-02 10:42:55.505 I/am_proc_bound(  283): [756,com.sprint.zone]
02-02 10:42:56.567 I/binder_sample(  742): [android.app.IActivityManager,110,1033,com.google.android.partnersetup,100]
02-02 10:42:56.577 I/binder_sample(  422): [com.android.internal.telephony.ITelephonyRegistry,8,156,com.android.phone,31]
02-02 10:42:56.577 I/binder_sample(  756): [android.app.IActivityManager,17,1063,<pre-initialized>,100]
02-02 10:42:56.637 I/binder_sample(  742): [android.app.IActivityManager,110,10,com.google.android.partnersetup,2]
02-02 10:42:56.797 I/am_proc_start(  283): [766,10005,com.android.voicedialer,broadcast,com.android.voicedialer/.VoiceDialerReceiver]
02-02 10:42:56.827 I/dvm_gc_madvise_info(  766): [368640,126976]
02-02 10:42:56.847 I/am_proc_bound(  283): [766,com.android.voicedialer]
02-02 10:42:56.967 I/binder_sample(  756): [android.app.IActivityManager,110,116,com.sprint.zone,23]
02-02 10:42:56.977 I/binder_sample(  766): [android.app.IActivityManager,17,121,<pre-initialized>,24]
02-02 10:42:56.997 I/binder_sample(  756): [android.app.IActivityManager,110,10,com.sprint.zone,2]
02-02 10:42:56.997 I/am_proc_start(  283): [775,10023,com.android.vending,broadcast,com.android.vending/com.google.android.finsky.receivers.PersistentPackageMonitorReceiver]
02-02 10:42:57.017 I/dvm_gc_madvise_info(  775): [364544,126976]
02-02 10:42:57.027 I/am_proc_bound(  283): [775,com.android.vending]
02-02 10:42:57.147 I/dvm_gc_info(  775): [8531346446660724343,-8973838180620019663,-4006087072769279955,7358131]
02-02 10:42:57.187 I/content_query_sample(  775): [content://com.google.android.gsf.gservices,,,,6,com.android.vending,2]
02-02 10:42:57.207 I/backup_data_changed(  283): com.android.vending
02-02 10:42:57.287 I/dvm_gc_info(  475): [7449358886915597944,-8987911791999793102,-4005805597792569299,7358131]
02-02 10:42:57.367 I/dvm_gc_info(  775): [8531346446660683346,-9015215002162907085,-4005805597792569299,7358131]
02-02 10:42:57.367 I/binder_sample(  775): [android.app.IActivityManager,69,31,com.android.vending,6]
02-02 10:42:57.377 I/binder_sample(  756): [android.app.IActivityManager,16,46,com.sprint.zone,9]
02-02 10:42:57.417 I/am_proc_start(  283): [797,10043,com.google.android.googlequicksearchbox,broadcast,com.google.android.googlequicksearchbox/.SearchWidgetProvider]
02-02 10:42:57.427 I/dvm_gc_madvise_info(  797): [364544,126976]
02-02 10:42:57.447 I/am_proc_bound(  283): [797,com.google.android.googlequicksearchbox]
02-02 10:42:57.527 I/content_query_sample(  775): [content://downloads/my_downloads,_id/uri/status/lastmod/title,,,186,,38]
02-02 10:42:57.768 I/binder_sample(  775): [android.app.IActivityManager,69,170,com.android.vending,34]
02-02 10:42:57.768 I/binder_sample(  797): [android.app.IActivityManager,17,320,<pre-initialized>,64]
02-02 10:42:57.818 I/am_create_service(  283): [1081943912,com.google.android.gsf/.loginservice.GoogleLoginService,act=android.accounts.AccountAuthenticator,475]
02-02 10:42:57.878 I/am_destroy_service(  283): [1081943912,com.google.android.gsf/.loginservice.GoogleLoginService,475]
02-02 10:42:57.918 I/dvm_gc_info(  797): [7453298398305773196,-8961171806684841936,-4006368547745990611,7358131]
02-02 10:42:57.978 I/am_create_service(  283): [1083212608,com.sprint.w.installer/.WallpaperCaptureService,,608]
02-02 10:42:57.978 I/am_destroy_service(  283): [1083212608,com.sprint.w.installer/.WallpaperCaptureService,608]
02-02 10:42:57.988 I/am_proc_start(  283): [808,1000,com.qualcomm.privinit,broadcast,com.qualcomm.privinit/.BootReciever]
02-02 10:42:58.008 I/dvm_gc_madvise_info(  808): [364544,126976]
02-02 10:42:58.018 I/am_proc_bound(  283): [808,com.qualcomm.privinit]
02-02 10:42:58.048 I/binder_sample(  797): [android.app.IActivityManager,16,73,com.google.android.googlequicksearchbox,14]
02-02 10:42:58.068 I/binder_sample(  808): [android.app.IActivityManager,17,57,<pre-initialized>,11]
02-02 10:42:58.108 I/am_proc_start(  283): [817,10049,com.cooliris.media,broadcast,com.cooliris.media/com.cooliris.cache.BootReceiver]
02-02 10:42:58.108 I/am_kill (  283): [517,com.redbend.vdmc,14,too many background]
02-02 10:42:58.118 I/dvm_gc_madvise_info(  817): [360448,126976]
02-02 10:42:58.128 I/am_proc_bound(  283): [817,com.cooliris.media]
02-02 10:42:58.168 I/binder_sample(  797): [android.app.IActivityManager,110,75,com.google.android.googlequicksearchbox,15]
02-02 10:42:58.548 I/am_proc_died(  283): [517,com.redbend.vdmc]
02-02 10:42:58.548 I/binder_sample(  817): [android.app.IActivityManager,17,414,<pre-initialized>,82]
02-02 10:42:58.609 I/binder_sample(  808): [android.app.IActivityManager,110,29,com.qualcomm.privinit,5]
02-02 10:42:58.649 I/dvm_gc_madvise_info(  608): [569344,126976]
02-02 10:42:58.669 I/dvm_gc_info(  817): [7882817126543713943,-8925143009665882065,-4006650022722701267,7358131]
02-02 10:42:58.779 I/am_kill (  283): [572,com.google.android.apps.uploader,14,too many background]
02-02 10:42:58.789 I/am_proc_start(  283): [828,1000,com.redbend.vdmc,broadcast,com.redbend.vdmc/.VdmcBroadcastReceiver]
02-02 10:42:58.829 I/dvm_gc_madvise_info(  828): [360448,126976]
02-02 10:42:58.869 I/am_proc_bound(  283): [828,com.redbend.vdmc]
02-02 10:42:58.939 I/am_create_service(  283): [1080884032,com.redbend.vdmc/.Vdmc,,828]
02-02 10:42:58.949 I/am_proc_start(  283): [836,10001,zte.com.cn.alarmclock,broadcast,zte.com.cn.alarmclock/.AlarmInitReceiver]
02-02 10:42:58.999 I/dvm_gc_madvise_info(  836): [360448,126976]
02-02 10:42:58.999 I/dvm_gc_info(  283): [8320808730291791569,-8937239078884378525,-3983287599655716819,8550356]
02-02 10:42:59.019 I/dvm_gc_info(  120): [8825198673194689583,-9135123823311615954,-4006087072769275858,7358131]
02-02 10:42:59.039 I/am_proc_died(  283): [572,com.google.android.apps.uploader]
02-02 10:42:59.069 I/am_proc_bound(  283): [836,zte.com.cn.alarmclock]
02-02 10:42:59.089 I/db_sample(  637): [/data/data/com.android.providers.downloads/databases/downloads.db,DELETE FROM downloads WHERE (notificationpackage=? AND notificat,0,,1]
02-02 10:42:59.089 I/backup_data_changed(  283): com.android.providers.settings
02-02 10:42:59.099 I/content_update_sample(  283): [content://downloads/my_downloads,delete,notificationpackage=? AND notificationclass=?,32,,7]
02-02 10:42:59.129 I/backup_data_changed(  283): com.android.providers.settings
02-02 10:42:59.149 I/dvm_gc_info(  120): [8825198673194930232,-9222662541068629970,-4006087072769275858,7358131]
02-02 10:42:59.189 I/backup_data_changed(  283): com.android.providers.settings
02-02 10:42:59.229 I/dvm_gc_info(  120): [8825198673194688560,-9222662541068629970,-4006087072769275858,7358131]
02-02 10:42:59.249 I/backup_data_changed(  283): com.android.providers.settings
02-02 10:42:59.259 I/battery_level(  283): [66,3868,300]
02-02 10:42:59.259 I/binder_sample(  828): [android.content.IContentProvider,3,46,com.redbend.vdmc,9]
02-02 10:42:59.329 I/dvm_gc_info(  828): [3347973793971930777,-8966238356265641937,-4006650022722701267,7358131]
02-02 10:42:59.329 I/content_update_sample(  828): [content://settings/system,insert,,120,com.redbend.vdmc,25]
02-02 10:42:59.349 I/backup_data_changed(  283): com.android.providers.settings
02-02 10:42:59.359 I/binder_sample(  828): [android.content.IContentProvider,3,25,com.redbend.vdmc,5]
02-02 10:42:59.509 I/binder_sample(  817): [android.app.IActivityManager,110,365,com.cooliris.media,73]
02-02 10:42:59.509 I/binder_sample(  836): [android.app.IActivityManager,17,442,<pre-initialized>,88]
02-02 10:42:59.619 I/notification_cancel(  283): [com.android.phone,111,0]
02-02 10:42:59.619 I/binder_sample(  817): [android.app.IActivityManager,110,73,com.cooliris.media,14]
02-02 10:42:59.670 I/dvm_gc_info(  422): [8099846449757484674,-8925705409729112008,-4004116747932305363,7358131]
02-02 10:42:59.800 I/backup_data_changed(  283): com.android.providers.settings
02-02 10:42:59.910 I/binder_sample(  836): [android.content.IContentProvider,3,129,zte.com.cn.alarmclock,25]
02-02 10:42:59.940 I/content_update_sample(  836): [content://settings/system,insert,,156,zte.com.cn.alarmclock,32]
02-02 10:42:59.960 I/binder_sample(  836): [android.content.IContentProvider,3,17,zte.com.cn.alarmclock,3]
02-02 10:43:00.000 I/binder_sample(  836): [android.app.IActivityManager,110,10,zte.com.cn.alarmclock,2]
02-02 10:43:00.100 I/dvm_gc_info(  756): [3349111792835024531,-8958920006871160785,-4006650022722701267,7358131]
02-02 10:43:00.310 I/dvm_gc_info(  756): [3349111792835053158,-9036325625466591185,-4006650022722701267,7358131]
02-02 10:43:00.410 I/dvm_gc_info(  283): [8320808730291672951,-8922039430141994911,-3984132024585848787,8550357]
02-02 10:43:00.470 I/am_proc_start(  283): [845,10011,com.swype.android.inputmethod,broadcast,com.swype.android.inputmethod/.SwypeDataInitializer]
02-02 10:43:00.470 I/am_kill (  283): [586,com.google.android.gm,14,too many background]
02-02 10:43:00.490 I/am_proc_bound(  283): [845,com.swype.android.inputmethod]
02-02 10:43:00.671 I/dvm_gc_madvise_info(  742): [581632,126976]
02-02 10:43:00.941 I/am_proc_died(  283): [586,com.google.android.gm]
02-02 10:43:00.941 I/binder_sample(  845): [android.app.IActivityManager,17,451,<pre-initialized>,90]
02-02 10:43:01.071 I/am_proc_start(  283): [855,10013,com.sprint.ce.updater,broadcast,com.sprint.ce.updater/.BootCompletedReceiver]
02-02 10:43:01.071 I/am_kill (  283): [497,android.process.acore,14,too many background]
02-02 10:43:01.091 I/am_proc_bound(  283): [855,com.sprint.ce.updater]
02-02 10:43:01.211 I/binder_sample(  855): [android.app.IActivityManager,17,126,<pre-initialized>,25]
02-02 10:43:01.241 I/am_create_service(  283): [1082898592,com.sprint.ce.updater/.UpdaterService,act=com.sprint.action.CLEANUP_FILES,855]
02-02 10:43:01.251 I/am_create_service(  283): [1082193048,com.sprint.w.installer/.DownloadService,act=com.sprint.action.ACTION_CLEANUP,608]
02-02 10:43:01.281 I/binder_sample(  845): [android.app.IActivityManager,110,30,com.swype.android.inputmethod,6]
02-02 10:43:01.301 I/binder_sample(  845): [android.app.IActivityManager,110,12,com.swype.android.inputmethod,2]
02-02 10:43:01.331 I/binder_sample(  855): [android.app.IActivityManager,110,10,com.sprint.ce.updater,2]
02-02 10:43:01.341 I/db_sample(  439): [/data/data/com.locationlabs.v3client/databases/V3Client_DEBUGDATA,SELECT dataKey, data FROM CircularBufferLongDebugData ORDER BY p,0,com.locationlabs.v3client,1]
02-02 10:43:01.471 I/dvm_gc_info(  439): [8517260637557036651,-9001422728337659855,-4006087072769279955,7358131]
02-02 10:43:01.491 I/dvm_gc_info(  608): [7597136565101459032,-9009022277780608972,-4004961172862437331,7358152]
02-02 10:43:01.501 I/binder_sample(  845): [android.app.IActivityManager,110,72,com.swype.android.inputmethod,14]
02-02 10:43:01.521 I/content_query_sample(  608): [content://com.sprint.installer/downloads,packId/title/installIntent/isDefault/isLocked,installIntent NOT NULL,,248,com.sprint.w.installer,50]
02-02 10:43:01.531 I/am_proc_start(  283): [865,1000,com.android.settings,broadcast,com.android.qualcomm/.Dun_Autoboot]
02-02 10:43:01.531 I/am_destroy_service(  283): [1082193048,com.sprint.w.installer/.DownloadService,608]
02-02 10:43:01.561 I/am_proc_died(  283): [497,android.process.acore]
02-02 10:43:01.561 I/am_proc_bound(  283): [865,com.android.settings]
02-02 10:43:01.682 I/binder_sample(  865): [android.app.IActivityManager,17,118,<pre-initialized>,23]
02-02 10:43:01.722 I/am_create_service(  283): [1081385424,com.android.qualcomm/.DunService,,865]
02-02 10:43:01.742 I/am_proc_start(  283): [876,10026,com.irdeto.providers.drm,broadcast,com.irdeto.providers.drm/.OmaDrmReceiver]
02-02 10:43:01.762 I/am_proc_bound(  283): [876,com.irdeto.providers.drm]
02-02 10:43:01.832 I/content_query_sample(  667): [content://com.google.android.gsf.gservices,,,,152,com.google.android.voicesearch,31]
02-02 10:43:01.862 I/am_proc_start(  283): [886,10007,android.process.acore,content provider,com.android.providers.contacts/.ContactsProvider2]
02-02 10:43:01.862 I/binder_sample(  876): [android.app.IActivityManager,17,103,<pre-initialized>,20]
02-02 10:43:01.912 I/am_proc_bound(  283): [886,android.process.acore]
02-02 10:43:01.932 I/am_create_service(  283): [1082725760,com.irdeto.providers.drm/.OmaDrmService,act=android.intent.action.BOOT_COMPLETED,876]
02-02 10:43:01.932 I/am_proc_start(  283): [894,10033,com.android.mms,broadcast,com.android.mms/.transaction.MmsSystemEventReceiver]
02-02 10:43:01.982 I/am_proc_bound(  283): [894,com.android.mms]
02-02 10:43:02.292 I/dvm_gc_madvise_info(  475): [331776,126976]
02-02 10:43:02.372 I/dvm_gc_madvise_info(  775): [249856,126976]
02-02 10:43:02.462 I/wifi_supplicant_state_changed(  283): 2
02-02 10:43:02.863 I/binder_sample(  876): [android.app.IActivityManager,110,873,com.irdeto.providers.drm,100]
02-02 10:43:02.863 I/binder_sample(  894): [android.app.IActivityManager,17,877,<pre-initialized>,100]
02-02 10:43:02.873 I/binder_sample(  886): [android.app.IActivityManager,12,768,android.process.acore,100]
02-02 10:43:02.873 I/binder_sample(  865): [android.app.IActivityManager,110,794,com.android.settings,100]
02-02 10:43:02.953 I/dvm_gc_madvise_info(  797): [438272,126976]
02-02 10:43:03.013 I/dvm_gc_info(  886): [7017575181484877433,-8974964080526862287,-4006368547745990611,7358131]
02-02 10:43:03.023 I/db_sample(  886): [/data/data/com.android.providers.contacts/databases/contacts2.db,SELECT _id FROM mimetypes WHERE mimetype=?,1,android.process.acore,1]
02-02 10:43:03.063 I/binder_sample(  876): [android.app.IActivityManager,110,179,com.irdeto.providers.drm,35]
02-02 10:43:03.123 I/db_sample(  886): [/data/data/com.android.providers.contacts/databases/contacts2.db,COMMIT;SELECT account_name, account_type FROM _sync_state,52,android.process.acore,11]
02-02 10:43:03.163 I/am_kill (  283): [623,com.android.email,14,too many background]
02-02 10:43:03.193 I/binder_sample(  667): [android.app.IActivityManager,115,1353,com.google.android.voicesearch,100]
02-02 10:43:03.193 I/dvm_gc_info(  894): [7218827569569797757,-8983971279798396880,-4006368547745990611,7358131]
02-02 10:43:03.203 I/am_proc_died(  283): [623,com.android.email]
02-02 10:43:03.213 I/binder_sample(  886): [android.app.IActivityManager,30,51,android.process.acore,10]
02-02 10:43:03.233 I/binder_sample(  886): [android.app.IActivityManager,110,14,android.process.acore,2]
02-02 10:43:03.343 I/binder_sample(  894): [android.content.IContentProvider,3,47,com.android.mms,9]
02-02 10:43:03.393 I/binder_sample(  894): [android.content.IContentProvider,3,46,com.android.mms,9]
02-02 10:43:03.423 I/wifi_supplicant_state_changed(  283): 1
02-02 10:43:03.433 I/dvm_gc_info(  283): [8320808730291644236,-8925980079815940000,-3984413499562559443,8542164]
02-02 10:43:03.603 I/binder_sample(  894): [android.content.IContentProvider,3,93,com.android.mms,18]
02-02 10:43:03.673 I/dvm_gc_madvise_info(  817): [421888,126976]
02-02 10:43:03.713 I/dvm_gc_info(  894): [7218827569569814136,-9016059427126630351,-4006368547745990611,7358131]
02-02 10:43:03.844 I/content_update_sample(  894): [content://settings/system,insert,,33,com.android.mms,7]
02-02 10:43:04.004 I/db_sample(  283): [/data/data/com.android.providers.settings/databases/settings.db,INSERT INTO system(value, name) VALUES(?, ?);,61,,13]
02-02 10:43:04.144 I/dvm_gc_info(  894): [7218827569569781384,-9006207734222280655,-4006368547745990611,7358131]
02-02 10:43:04.164 I/db_sample(  886): [:memory:,INSERT INTO applications ('_id', 'name', 'description', 'package,0,,1]
02-02 10:43:04.344 I/dvm_gc_madvise_info(  828): [499712,126976]
02-02 10:43:04.414 I/db_sample(  422): [/data/data/com.android.providers.telephony/databases/mmssms.db,INSERT INTO qktxt(quicktext, language, country) VALUES(?, ?, ?);,0,,1]
02-02 10:43:04.444 I/db_sample(  422): [/data/data/com.android.providers.telephony/databases/mmssms.db,INSERT INTO qktxt(quicktext, language, country) VALUES(?, ?, ?);,0,,1]
02-02 10:43:04.484 I/dvm_gc_madvise_info(  845): [167936,126976]
02-02 10:43:04.504 I/db_sample(  422): [/data/data/com.android.providers.telephony/databases/mmssms.db,INSERT INTO qktxt(quicktext, language, country) VALUES(?, ?, ?);,1,,1]
02-02 10:43:04.514 I/db_sample(  422): [/data/data/com.android.providers.telephony/databases/mmssms.db,INSERT INTO qktxt(quicktext, language, country) VALUES(?, ?, ?);,0,,1]
02-02 10:43:04.534 I/dvm_gc_info(  422): [8099846449757480544,-8984815154821547975,-4003835272955594707,7358131]
02-02 10:43:04.534 I/db_sample(  422): [/data/data/com.android.providers.telephony/databases/mmssms.db,INSERT INTO qktxt(quicktext, language, country) VALUES(?, ?, ?);,0,,1]
02-02 10:43:04.554 I/db_sample(  422): [/data/data/com.android.providers.telephony/databases/mmssms.db,INSERT INTO qktxt(quicktext, language, country) VALUES(?, ?, ?);,1,,1]
02-02 10:43:04.564 I/db_sample(  422): [/data/data/com.android.providers.telephony/databases/mmssms.db,INSERT INTO qktxt(quicktext, language, country) VALUES(?, ?, ?);,0,,1]
02-02 10:43:04.574 I/db_sample(  422): [/data/data/com.android.providers.telephony/databases/mmssms.db,INSERT INTO qktxt(quicktext, language, country) VALUES(?, ?, ?);,0,,1]
02-02 10:43:04.594 I/dvm_gc_madvise_info(  876): [143360,126976]
02-02 10:43:04.604 I/dvm_gc_madvise_info(  865): [155648,126976]
02-02 10:43:04.604 I/dvm_gc_madvise_info(  855): [163840,126976]
02-02 10:43:04.614 I/content_query_sample(  894): [content://mms-sms/canonical-addresses,,,,413,,83]
02-02 10:43:04.775 I/content_query_sample(  894): [content://mms-sms/draft,thread_id,,,569,,100]
02-02 10:43:04.795 I/binder_sample(  894): [android.content.IContentProvider,4,567,com.android.mms,100]
02-02 10:43:04.805 I/content_query_sample(  894): [content://mms-sms/conversations?simple=true,_id/date/message_count/recipient_ids/snippet/snippet_cs/read/error/has_attachment/recipient_cc_ids/recipient_bcc_ids/sticktop_date,,,569,,100]
02-02 10:43:04.805 I/content_update_sample(  894): [content://mms/drm,delete,,579,com.android.mms,100]
02-02 10:43:04.845 I/am_create_service(  283): [1083768312,com.android.mms/.transaction.SmsReceiverService,act=android.intent.action.BOOT_COMPLETED,894]
02-02 10:43:04.855 I/notification_cancel(  283): [com.android.mms,123,0]
02-02 10:43:04.865 I/am_create_service(  283): [1085124328,com.android.providers.media/.MediaScannerService,,637]
02-02 10:43:04.875 I/am_proc_start(  283): [913,10036,com.google.android.apps.maps:FriendService,broadcast,com.google.android.apps.maps/com.google.googlenav.friend.android.ServiceReceiver]
02-02 10:43:04.885 I/dvm_gc_madvise_info(  913): [364544,126976]
02-02 10:43:04.905 I/am_proc_bound(  283): [913,com.google.android.apps.maps:FriendService]
02-02 10:43:05.315 I/dvm_gc_madvise_info(  756): [491520,126976]
02-02 10:43:06.506 I/dvm_gc_madvise_info(  608): [466944,126976]
02-02 10:43:06.616 I/dvm_gc_madvise_info(  439): [335872,126976]
02-02 10:43:07.657 I/backup_data_changed(  283): com.android.providers.settings
02-02 10:43:07.827 I/dvm_gc_info(  828): [3347973793971734133,-9009585502679078864,-4006368547745990611,7358131]
02-02 10:43:08.208 I/dvm_gc_madvise_info(  886): [262144,126976]
02-02 10:43:08.468 I/dvm_gc_madvise_info(  283): [3076096,126976]
02-02 10:43:09.229 I/dvm_gc_madvise_info(  894): [364544,126976]
02-02 10:43:09.549 I/dvm_gc_madvise_info(  422): [237568,126976]
02-02 10:43:10.080 I/binder_sample(  422): [com.android.internal.telephony.ITelephonyRegistry,8,203,com.android.phone,40]
02-02 10:43:10.080 I/binder_sample(  913): [android.app.IActivityManager,17,5169,<pre-initialized>,100]
02-02 10:43:10.210 I/binder_sample(  894): [android.app.IActivityManager,69,5266,com.android.mms,100]
02-02 10:43:10.210 I/binder_sample(  828): [android.app.IActivityManager,12,2308,com.redbend.vdmc,100]
02-02 10:43:10.260 I/dvm_gc_info(  913): [7881704463071766129,-8982000954927847374,-4006087072769279955,7358131]
02-02 10:43:10.330 I/dvm_gc_info(  913): [7881704463071766008,-9048147436898351047,-4004116747932305363,7358131]
02-02 10:43:10.360 I/binder_sample(  828): [android.app.IActivityManager,110,70,com.redbend.vdmc,14]
02-02 10:43:10.480 I/dvm_gc_info(  913): [7881704463071778354,-9036606481699313602,-4001864948118620115,7358131]
02-02 10:43:10.630 I/dvm_gc_info(  283): [8320808730291672888,-8917817305491318687,-3984132024585848787,8542164]
02-02 10:43:10.660 I/binder_sample(  894): [android.app.IActivityManager,69,81,com.android.mms,16]
02-02 10:43:10.740 I/binder_sample(  913): [android.content.pm.IPackageManager,50,238,com.google.android.apps.maps:FriendServ,47]
02-02 10:43:10.750 I/am_proc_start(  283): [926,1000,com.android.zte.HiddenMenu,broadcast,com.android.zte.HiddenMenu/.CommandReceiver]
02-02 10:43:10.770 I/dvm_gc_madvise_info(  926): [364544,126976]
02-02 10:43:10.790 I/binder_sample(  667): [android.content.pm.IPackageManager,26,241,com.google.android.voicesearch,48]
02-02 10:43:10.790 I/am_proc_bound(  283): [926,com.android.zte.HiddenMenu]
02-02 10:43:10.921 I/db_sample(  637): [/data/data/com.android.providers.media/databases/internal.db,DROP TRIGGER IF EXISTS audio_meta_cleanup,0,,1]
02-02 10:43:11.121 I/content_query_sample(  894): [content://sms,thread_id/date/address/subject/body/dest_port,(type = 1 AND seen = 0),date desc,88,,18]
02-02 10:43:11.131 I/notification_cancel(  283): [com.android.mms,123,0]
02-02 10:43:11.151 I/am_destroy_service(  283): [1083768312,com.android.mms/.transaction.SmsReceiverService,894]
02-02 10:43:11.151 I/am_kill (  283): [667,com.google.android.voicesearch,14,too many background]
02-02 10:43:11.161 I/am_proc_died(  283): [667,com.google.android.voicesearch]
02-02 10:43:11.161 I/db_sample(  283): [/data/data/com.android.providers.settings/databases/settings.db,INSERT INTO system(value, name) VALUES(?, ?);,71,,15]
02-02 10:43:11.181 I/backup_data_changed(  283): com.android.providers.settings
02-02 10:43:11.211 I/am_kill (  283): [538,com.google.android.apps.plus,14,too many background]
02-02 10:43:11.211 I/am_create_service(  283): [1081588288,com.google.android.gsf/.checkin.CheckinService,,475]
02-02 10:43:11.261 I/am_create_service(  283): [1080931184,com.google.android.gsf/.checkin.EventLogService,,475]
02-02 10:43:11.281 I/dvm_gc_info(  475): [7449358886915606114,-9000859640928479182,-4005805597792569299,7358131]
02-02 10:43:11.291 I/am_create_service(  283): [1083454128,com.google.android.gsf/.update.SystemUpdateService,,475]
02-02 10:43:11.331 I/binder_sample(  926): [android.app.IActivityManager,110,51,com.android.zte.HiddenMenu,10]
02-02 10:43:11.341 I/am_create_task(  283): 4
02-02 10:43:11.341 I/am_create_activity(  283): [1082184288,4,com.google.android.gsf/.update.SystemUpdateInstallDialog,NULL,NULL,NULL,276824064]
02-02 10:43:11.341 I/am_pause_activity(  283): [1079489760,com.sprint.w.installer/.WInstaller]
02-02 10:43:11.341 I/am_on_paused_called(  608): com.sprint.w.installer.WInstaller
02-02 10:43:11.351 I/am_restart_activity(  283): [1082184288,4,com.google.android.gsf/.update.SystemUpdateInstallDialog]
02-02 10:43:11.361 I/notification_cancel(  283): [com.google.android.gsf,2130837525,0]
02-02 10:43:11.361 I/notification_cancel(  283): [com.google.android.gsf,2130837526,0]
02-02 10:43:11.361 I/am_destroy_service(  283): [1083454128,com.google.android.gsf/.update.SystemUpdateService,475]
02-02 10:43:11.361 I/system_update(  475): [512,0,-1,NULL]
02-02 10:43:11.441 I/am_finish_activity(  283): [1082184288,4,com.google.android.gsf/.update.SystemUpdateInstallDialog,app-request]
02-02 10:43:11.441 I/am_pause_activity(  283): [1082184288,com.google.android.gsf/.update.SystemUpdateInstallDialog]
02-02 10:43:11.481 I/aggregation(  475): 1328200991483
02-02 10:43:11.491 I/db_sample(  637): [/data/data/com.android.providers.media/databases/internal.db,CREATE INDEX IF NOT EXISTS album_idx on albums(album);,243,,49]
02-02 10:43:11.531 I/am_proc_died(  283): [538,com.google.android.apps.plus]
02-02 10:43:11.551 I/am_resume_activity(  283): [1079489760,3,com.sprint.w.installer/.WInstaller]
02-02 10:43:11.551 I/am_on_resume_called(  608): com.sprint.w.installer.WInstaller
02-02 10:43:11.581 I/am_destroy_activity(  283): [1082184288,4,com.google.android.gsf/.update.SystemUpdateInstallDialog]
02-02 10:43:11.641 I/db_sample(  475): [/data/data/com.google.android.gsf/databases/googlesettings.db,INSERT INTO partner(value, name) VALUES(?, ?);,74,,15]
02-02 10:43:11.681 I/dvm_gc_info(  283): [8320808730291672897,-8920632055258425247,-3984132024585848787,8542164]
02-02 10:43:11.701 I/power_screen_state(  283): [0,3,0,0]
02-02 10:43:11.701 I/power_screen_broadcast_send(  283): 1
02-02 10:43:11.701 I/screen_toggled(  283): 0
02-02 10:43:11.701 I/am_pause_activity(  283): [1079489760,com.sprint.w.installer/.WInstaller]
02-02 10:43:11.711 I/am_on_paused_called(  608): com.sprint.w.installer.WInstaller
02-02 10:43:11.791 I/dvm_gc_info(  475): [7449358886915602030,-9009866840166438861,-4005805597792569299,7358132]
02-02 10:43:11.801 I/content_update_sample(  742): [content://com.google.settings/partner,insert,,47,com.google.android.partnersetup,10]
02-02 10:43:11.811 I/db_sample(  475): [/data/data/com.google.android.gsf/databases/gservices.db,SELECT name, value FROM main WHERE name LIKE ?,56,,12]
02-02 10:43:11.811 I/aggregation(  475): 1328200991831
02-02 10:43:11.821 I/am_destroy_service(  283): [1080931184,com.google.android.gsf/.checkin.EventLogService,475]
02-02 10:43:11.901 I/dvm_gc_info(  742): [8097879449376188009,-9031540550862518225,-4006650022722701267,7358131]
02-02 10:43:11.982 I/db_sample(  475): [/data/data/com.google.android.gsf/databases/googlesettings.db,INSERT INTO partner(value, name) VALUES(?, ?);,109,,22]
02-02 10:43:11.982 I/binder_sample(  742): [android.content.IContentProvider,3,119,com.google.android.partnersetup,23]
02-02 10:43:12.042 I/db_sample(  475): [/data/data/com.google.android.gsf/databases/googlesettings.db,SELECT * FROM partner WHERE ((name=?)),42,,9]
02-02 10:43:12.072 I/am_create_service(  283): [1086385528,com.google.android.partnersetup/.AppHiderService,,742]
02-02 10:43:12.292 I/free_storage_changed(  283): 2738118656
02-02 10:43:12.832 I/dvm_gc_madvise_info(  828): [397312,126976]
02-02 10:43:15.285 I/db_sample(  637): [/data/data/com.android.providers.media/databases/internal.db,INSERT INTO audio_meta(album_artist, date_modified, track, is_ri,1387,,100]
02-02 10:43:15.325 I/binder_sample(  422): [com.android.internal.telephony.ITelephonyRegistry,13,2949,com.android.phone,100]
02-02 10:43:15.385 I/db_sample(  742): [/data/data/com.google.android.partnersetup/databases/rlz_data.db,COMMIT;PRAGMA user_version = 3,100,com.google.android.partnersetup,21]
02-02 10:43:15.395 I/content_update_sample(  742): [content://com.google.android.partnersetup.rlzprovider/events,update,,3311,com.google.android.partnersetup,100]
02-02 10:43:15.555 I/dvm_gc_info(  422): [8099846449757480546,-8978341230357198791,-4003835272955594707,7358131]
02-02 10:43:15.575 I/db_sample(  637): [/data/data/com.android.providers.media/databases/internal.db,INSERT INTO audio_meta(album_artist, date_modified, track, is_ri,122,,25]
02-02 10:43:15.605 I/binder_sample(  422): [com.android.internal.telephony.ITelephonyRegistry,8,10,com.android.phone,2]
02-02 10:43:15.685 I/am_proc_start(  283): [942,10046,com.google.android.gm,broadcast,com.google.android.gm/.MailIntentReceiver]
02-02 10:43:15.715 I/dvm_gc_madvise_info(  942): [360448,126976]
02-02 10:43:15.725 I/am_proc_bound(  283): [942,com.google.android.gm]
02-02 10:43:15.795 I/content_update_sample(  475): [content://com.google.settings/partner,insert,,373,,75]
02-02 10:43:15.805 I/am_destroy_service(  283): [1086385528,com.google.android.partnersetup/.AppHiderService,742]
02-02 10:43:15.825 I/am_create_service(  283): [1083414792,com.google.android.gm/.MailIntentService,act=android.intent.action.BOOT_COMPLETED,942]
02-02 10:43:15.885 I/am_create_service(  283): [1080122096,com.google.android.gm/.downloadprovider.DownloadService,,942]
02-02 10:43:15.885 I/dvm_gc_info(  942): [7594245893398861433,-8973838180620023759,-4006087072769279955,7358131]
02-02 10:43:15.895 I/am_proc_start(  283): [952,10051,com.android.email,broadcast,com.android.email/.service.EmailBroadcastReceiver]
02-02 10:43:15.915 I/db_sample(  283): [/data/data/com.android.providers.settings/databases/settings.db,INSERT INTO system(value, name) VALUES(?, ?);,52,,11]
02-02 10:43:15.935 I/dvm_gc_madvise_info(  952): [360448,126976]
02-02 10:43:15.945 I/am_proc_bound(  283): [952,com.android.email]
02-02 10:43:16.036 I/am_create_service(  283): [1080101312,com.google.android.gsf/.loginservice.GoogleLoginService,act=android.accounts.AccountAuthenticator,475]
02-02 10:43:16.066 I/am_destroy_service(  283): [1083414792,com.google.android.gm/.MailIntentService,942]
02-02 10:43:16.116 I/dvm_gc_info(  952): [7308604875703641721,-8975527030480279503,-4006087072769279955,7358131]
02-02 10:43:16.276 I/am_destroy_service(  283): [1080101312,com.google.android.gsf/.loginservice.GoogleLoginService,475]
02-02 10:43:16.296 I/dvm_gc_info(  283): [8320808730291746584,-8922039430141962141,-3983569074632427475,8542164]
02-02 10:43:16.346 I/dvm_gc_info(  475): [7449358886916265578,-9003674390678796237,-4005524122815858643,7358131]
02-02 10:43:16.346 I/dvm_gc_info(  952): [7308604875703662147,-8981437936204539851,-4004961172862437331,7358131]
02-02 10:43:16.366 I/am_create_service(  283): [1083713440,com.android.email/.service.EmailBroadcastProcessorService,,952]
02-02 10:43:16.526 I/dvm_gc_info(  952): [7308604875703674445,-9031258800890316745,-4004398222909016019,7358131]
02-02 10:43:16.626 I/am_create_service(  283): [1086034008,com.android.providers.downloads/.DownloadService,,637]
02-02 10:43:16.636 I/am_proc_start(  283): [964,10052,com.dataviz.docstogo,broadcast,com.dataviz.docstogo/com.dataviz.dxtg.common.android.DTGPhoneBootReceiver]
02-02 10:43:16.636 I/notification_cancel_all(  283): [com.android.providers.downloads,0]
02-02 10:43:16.676 I/dvm_gc_madvise_info(  964): [360448,126976]
02-02 10:43:16.696 I/dvm_gc_info(  120): [8825198673194673201,-9132590548521220050,-4006087072769275858,7358131]
02-02 10:43:16.716 I/am_proc_bound(  283): [964,com.dataviz.docstogo]
02-02 10:43:16.766 I/dvm_gc_info(  120): [8825198673194659888,-9222662541068629970,-4006087072769275858,7358131]
02-02 10:43:16.856 I/dvm_gc_info(  120): [8825198673194745912,-9222662541068629970,-4006087072769275858,7358131]
02-02 10:43:17.006 I/dvm_gc_madvise_info(  742): [401408,126976]
02-02 10:43:17.307 I/db_sample(  637): [/data/data/com.android.providers.media/databases/internal.db,INSERT INTO audio_meta(album_artist, date_modified, track, is_ri,709,,100]
02-02 10:43:17.467 I/content_query_sample(  637): [content://downloads/all_downloads,,,,201,,41]
02-02 10:43:17.767 I/content_query_sample(  942): [content://gmail-downloads/download,_id,status >= '200',lastmod,1759,,100]
02-02 10:43:18.238 I/db_sample(  637): [/data/data/com.android.providers.media/databases/internal.db,INSERT INTO albums(album, album_key) VALUES(?, ?);,209,,42]
02-02 10:43:18.448 I/wifi_supplicant_state_changed(  283): 2
02-02 10:43:20.600 I/dvm_gc_madvise_info(  422): [212992,126976]
02-02 10:43:20.940 I/dvm_gc_madvise_info(  942): [425984,126976]
02-02 10:43:21.371 I/dvm_gc_madvise_info(  283): [2826240,126976]
02-02 10:43:21.371 I/dvm_gc_madvise_info(  475): [274432,126976]
02-02 10:43:21.561 I/dvm_gc_madvise_info(  952): [208896,126976]
02-02 10:43:21.881 I/db_sample(  637): [/data/data/com.android.providers.media/databases/internal.db,INSERT INTO audio_meta(album_artist, date_modified, track, is_ri,1640,,100]
02-02 10:43:21.921 I/am_create_service(  283): [1082052584,com.android.email/com.android.exchange.SyncManager,,952]
02-02 10:43:21.921 I/binder_sample(  952): [android.app.IActivityManager,110,5196,com.android.email,100]
02-02 10:43:21.931 I/am_destroy_service(  283): [1086034008,com.android.providers.downloads/.DownloadService,637]
02-02 10:43:21.931 I/wifi_supplicant_state_changed(  283): 1
02-02 10:43:21.931 I/am_destroy_service(  283): [1080122096,com.google.android.gm/.downloadprovider.DownloadService,942]
02-02 10:43:21.941 I/binder_sample(  422): [android.app.IActivityManager,14,2363,com.android.phone,100]
02-02 10:43:21.991 I/am_destroy_service(  283): [1082898592,com.sprint.ce.updater/.UpdaterService,855]
02-02 10:43:22.001 I/am_destroy_service(  283): [1083713440,com.android.email/.service.EmailBroadcastProcessorService,952]
02-02 10:43:22.001 I/binder_sample(  964): [android.app.IActivityManager,17,5278,<pre-initialized>,100]
02-02 10:43:22.061 I/notification_cancel(  283): [com.android.phone,111,0]
02-02 10:43:22.282 I/am_destroy_service(  283): [1082052584,com.android.email/com.android.exchange.SyncManager,952]
02-02 10:43:22.282 I/am_kill (  283): [731,com.android.bluetooth,14,too many background]
02-02 10:43:22.382 I/dvm_gc_info(  964): [7237112473726277244,-8981156530014509007,-4006087072769279955,7358131]
02-02 10:43:22.392 I/dvm_gc_info(  283): [8320808730291677009,-8920913530235123616,-3984413499562559443,8542164]
02-02 10:43:22.452 I/binder_sample(  894): [android.content.IContentProvider,21,20,com.android.mms,4]
02-02 10:43:22.452 I/am_proc_died(  283): [731,com.android.bluetooth]
