02-02 10:46:12.473 I/db_sample( 1115): [/data/data/com.sprint.zone/databases/zone.db,INSERT INTO table_settings(id, title, show, desc, tag) VALUES(?,,27,,6]
02-02 10:46:15.630 I/db_sample( 1115): [/data/data/com.sprint.zone/databases/zone.db,INSERT INTO features_tbl(enabled, sid, desc, visible, expiration,360,,73]
02-02 10:46:15.710 I/dvm_gc_info(  283): [8320808730291681036,-8913313705863866267,-3978784000028346323,8566825]
02-02 10:46:24.500 I/power_screen_state(  283): [1,3,0,0]
02-02 10:46:24.500 I/power_screen_broadcast_send(  283): 1
02-02 10:46:24.500 I/screen_toggled(  283): 1
02-02 10:46:24.510 I/am_resume_activity(  283): [1079273288,3,com.android.launcher/com.android.launcher2.Launcher]
02-02 10:46:24.540 I/am_on_resume_called(  522): com.android.launcher2.Launcher
02-02 10:46:24.640 I/dvm_gc_madvise_info(  406): [319488,126976]
02-02 10:46:24.650 I/power_screen_broadcast_done(  283): [1,143,1]
02-02 10:46:24.650 I/notification_cancel(  283): [com.android.phone,111,0]
02-02 10:46:24.700 I/db_sample( 1115): [/data/data/com.sprint.zone/databases/zone.db,INSERT INTO features_tbl(enabled, sid, desc, visible, expiration,436,,88]
02-02 10:46:25.030 I/db_sample( 1115): [/data/data/com.sprint.zone/databases/zone.db,INSERT INTO features_tbl(enabled, sid, desc, visible, expiration,65,,14]
02-02 10:46:25.310 I/db_sample( 1115): [/data/data/com.sprint.zone/databases/zone.db,INSERT INTO report_tbl(data, action, id, time, slot, type) VALUE,15,,4]
02-02 10:46:25.510 I/db_sample( 1115): [/data/data/com.sprint.zone/databases/zone.db,INSERT INTO features_tbl(enabled, sid, desc, visible, expiration,18,,4]
02-02 10:46:25.650 I/db_sample( 1115): [/data/data/com.sprint.zone/databases/zone.db,INSERT INTO features_tbl(enabled, sid, desc, visible, expiration,25,,6]
02-02 10:46:25.890 I/screen_toggled(  283): 2
02-02 10:46:26.040 I/db_sample( 1115): [/data/data/com.sprint.zone/databases/zone.db,INSERT INTO categories_tbl(sid, title, expanded, app_scheme) VAL,23,,5]
02-02 10:46:26.321 I/db_sample( 1115): [/data/data/com.sprint.zone/databases/zone.db,UPDATE features_tbl SET icon=? WHERE id=18,39,,8]
02-02 10:46:26.381 I/db_sample( 1115): [/data/data/com.sprint.zone/databases/zone.db,SELECT * FROM versions_tbl,1,,1]
02-02 10:46:26.511 I/dvm_gc_info( 1115): [3349111792835032714,-8971586037141796813,-4005242647839147987,7358151]
02-02 10:46:28.473 I/dvm_gc_info( 1115): [3349111792835171875,-9032947582064728013,-4005242647839147987,7358154]
02-02 10:46:28.943 I/dvm_gc_madvise_info(  283): [2883584,126976]
02-02 10:46:28.943 I/notification_cancel(  283): [com.android.phone,111,0]
02-02 10:46:30.795 I/menu_opened(  522): 0
02-02 10:46:31.986 I/menu_item_selected(  522): [0,Settings]
02-02 10:46:31.986 I/am_create_task(  283): 11
02-02 10:46:31.986 I/am_create_activity(  283): [1083453040,11,com.android.settings/.Settings,android.settings.SETTINGS,NULL,NULL,270532608]
02-02 10:46:31.986 I/am_pause_activity(  283): [1079273288,com.android.launcher/com.android.launcher2.Launcher]
02-02 10:46:32.026 I/am_on_paused_called(  522): com.android.launcher2.Launcher
02-02 10:46:32.036 I/am_restart_activity(  283): [1083453040,11,com.android.settings/.Settings]
02-02 10:46:32.136 I/am_on_resume_called(  865): com.android.settings.Settings
02-02 10:46:32.156 I/binder_sample(  522): [android.view.IWindowSession,3,62,com.android.launcher,12]
02-02 10:46:32.367 I/activity_launch_time(  283): [1083453040,com.android.settings/.Settings,332,332]
02-02 10:46:33.478 I/dvm_gc_madvise_info( 1115): [159744,126976]
02-02 10:46:33.618 I/wifi_supplicant_state_changed(  283): 2
02-02 10:46:33.728 I/dvm_gc_info( 1115): [3349111792835077734,-9052650830417700814,-3999894623281645523,8542158]
02-02 10:46:34.589 I/wifi_supplicant_state_changed(  283): 1
02-02 10:46:34.659 I/am_create_service(  283): [1082207848,com.locationlabs.v3client/.V3ApiService,act=com.locationlabs.v3client.action.CHANGE_PUSH_ID pkg=com.locationlabs.v3client,1097]
02-02 10:46:34.739 I/am_destroy_service(  283): [1082207848,com.locationlabs.v3client/.V3ApiService,1097]
02-02 10:46:35.740 I/dvm_gc_info(  865): [8315180330336237135,-8974963805481084873,-3999613148304934867,7964549]
02-02 10:46:38.743 I/dvm_gc_madvise_info( 1115): [270336,126976]
02-02 10:46:40.775 I/dvm_gc_madvise_info(  865): [176128,126976]
02-02 10:46:41.365 I/db_sample( 1115): [/data/data/com.sprint.zone/databases/zone.db,UPDATE features_tbl SET icon=? WHERE id=31,72,,15]
02-02 10:46:42.006 I/am_create_activity(  283): [1085724264,11,com.android.settings/.DeviceInfoSettings,android.intent.action.MAIN,NULL,NULL,0]
02-02 10:46:42.006 I/am_pause_activity(  283): [1083453040,com.android.settings/.Settings]
02-02 10:46:42.016 I/am_on_paused_called(  865): com.android.settings.Settings
02-02 10:46:42.046 I/am_restart_activity(  283): [1085724264,11,com.android.settings/.DeviceInfoSettings]
02-02 10:46:42.086 I/am_on_resume_called(  865): com.android.settings.DeviceInfoSettings
02-02 10:46:42.186 I/dvm_gc_info(  865): [8315180330336229058,-8922046097559422922,-4003553797978884051,7833336]
02-02 10:46:42.386 I/dvm_gc_info( 1115): [3349111792835196510,-9047021330883483597,-3999894623281645523,8542242]
02-02 10:46:42.406 I/activity_launch_time(  283): [1085724264,com.android.settings/.DeviceInfoSettings,382,382]
02-02 10:46:44.018 I/battery_level(  283): [61,3836,320]
02-02 10:46:47.221 I/dvm_gc_madvise_info(  865): [319488,126976]
02-02 10:46:47.341 I/configuration_changed(  283): 128
02-02 10:46:47.371 I/binder_sample(  419): [com.android.internal.view.IInputContext,7,19,com.android.inputmethod.latin,3]
02-02 10:46:47.421 I/am_relaunch_resume_activity(  283): [1085724264,11,com.android.settings/.DeviceInfoSettings]
02-02 10:46:47.421 I/am_on_paused_called(  865): com.android.settings.DeviceInfoSettings
02-02 10:46:47.541 I/am_on_resume_called(  865): com.android.settings.DeviceInfoSettings
02-02 10:46:47.591 I/dvm_gc_info(  865): [8315180330336196215,-8962015544252336074,-4002146423095330771,7833388]
02-02 10:46:47.661 I/dvm_gc_madvise_info( 1115): [237568,126976]
02-02 10:46:48.612 I/dvm_gc_info( 1115): [3349111792835040898,-9036888162952107982,-3995672498630985683,8587304]
02-02 10:46:49.563 I/dvm_gc_info( 1115): [3349111792835257789,-9057154361275283406,-3995672498630985683,8587304]
02-02 10:46:49.603 I/wifi_supplicant_state_changed(  283): 2
02-02 10:46:49.723 I/dvm_gc_info(  283): [8320808730291955348,-8924854179909019548,-3980754324865320915,8566819]
02-02 10:46:50.574 I/wifi_supplicant_state_changed(  283): 1
02-02 10:46:51.295 I/binder_sample(  422): [com.android.internal.telephony.ITelephonyRegistry,8,53,com.android.phone,10]
02-02 10:46:52.636 I/dvm_gc_madvise_info(  865): [368640,126976]
02-02 10:46:54.598 I/dvm_gc_madvise_info( 1115): [196608,126976]
02-02 10:46:54.778 I/dvm_gc_madvise_info(  283): [2871296,126976]
02-02 10:46:55.339 I/dvm_gc_info( 1115): [3349111792835040915,-9044487781013874636,-3986946774352955347,8677438]
02-02 10:46:58.262 I/db_sample( 1115): [/data/data/com.sprint.zone/databases/zone.db,UPDATE features_tbl SET icon=? WHERE id=41,70,,15]
02-02 10:46:58.632 I/db_sample( 1115): [/data/data/com.sprint.zone/databases/zone.db,INSERT INTO table_alert(content, icon, sid, title, desc, expirat,74,,15]
02-02 10:46:58.712 I/db_sample( 1115): [/data/data/com.sprint.zone/databases/zone.db,INSERT INTO report_tbl(data, action, id, time, slot, type) VALUE,25,,6]
02-02 10:46:58.742 I/notification_cancel(  283): [com.sprint.zone,0,0]
02-02 10:46:58.742 I/notification_enqueue(  283): [com.sprint.zone,0,Notification(vibrate=null,sound=null,defaults=0x0,flags=0x10)]
02-02 10:47:00.164 I/power_screen_state(  283): [0,3,0,0]
02-02 10:47:00.164 I/power_screen_broadcast_send(  283): 1
02-02 10:47:00.174 I/screen_toggled(  283): 0
02-02 10:47:00.174 I/am_pause_activity(  283): [1085724264,com.android.settings/.DeviceInfoSettings]
02-02 10:47:00.184 I/am_on_paused_called(  865): com.android.settings.DeviceInfoSettings
02-02 10:47:00.254 I/binder_sample(  865): [android.app.IActivityManager,19,75,com.android.settings,15]
02-02 10:47:00.294 I/power_screen_broadcast_done(  283): [0,127,1]
02-02 10:47:00.394 I/dvm_gc_info( 1115): [3349111792835032873,-8942030339634698186,-3984132024585848787,8677443]
02-02 10:47:05.500 I/free_storage_changed(  283): 2723987456
02-02 10:47:05.670 I/dvm_gc_info(  283): [8320808730291848783,-8985089824925095835,-3980754324865320915,8558633]
02-02 10:47:05.740 I/db_sample( 1115): [/data/data/com.sprint.zone/databases/zone.db,INSERT INTO report_tbl(data, action, id, time, slot, type) VALUE,522,,100]
02-02 10:47:05.740 I/configuration_changed(  283): 128
02-02 10:47:05.760 I/am_relaunch_activity(  283): [1085724264,11,com.android.settings/.DeviceInfoSettings]
02-02 10:47:05.900 I/am_on_resume_called(  865): com.android.settings.DeviceInfoSettings
02-02 10:47:16.500 I/power_screen_state(  283): [1,3,0,0]
02-02 10:47:16.500 I/power_screen_broadcast_send(  283): 1
02-02 10:47:16.500 I/screen_toggled(  283): 1
02-02 10:47:16.500 I/am_resume_activity(  283): [1085724264,11,com.android.settings/.DeviceInfoSettings]
02-02 10:47:16.510 I/am_on_resume_called(  865): com.android.settings.DeviceInfoSettings
02-02 10:47:16.620 I/notification_cancel(  283): [com.android.phone,111,0]
02-02 10:47:16.630 I/power_screen_broadcast_done(  283): [1,128,1]
02-02 10:47:16.660 I/db_sample( 1115): [/data/data/com.sprint.zone/databases/zone.db,INSERT INTO features_tbl(enabled, sid, desc, visible, expiration,402,,81]
02-02 10:47:17.400 I/db_sample( 1115): [/data/data/com.sprint.zone/databases/zone.db,INSERT INTO features_tbl(enabled, sid, desc, visible, expiration,99,,20]
02-02 10:47:17.690 I/db_sample( 1115): [/data/data/com.sprint.zone/databases/zone.db,UPDATE features_tbl SET icon=? WHERE id=44,23,,5]
02-02 10:47:17.890 I/db_sample( 1115): [/data/data/com.sprint.zone/databases/zone.db,UPDATE features_tbl SET icon=? WHERE id=47,23,,5]
02-02 10:47:17.920 I/screen_toggled(  283): 2
02-02 10:47:18.391 I/db_sample( 1115): [/data/data/com.sprint.zone/databases/zone.db,INSERT INTO pages_tbl(sid, pid, page_order) VALUES(?, ?, ?);,33,,7]
02-02 10:47:18.481 I/db_sample( 1115): [/data/data/com.sprint.zone/databases/zone.db,INSERT INTO pages_tbl(sid, pid, page_order) VALUES(?, ?, ?);,80,,17]
02-02 10:47:18.501 I/db_sample( 1115): [/data/data/com.sprint.zone/databases/zone.db,INSERT INTO pages_tbl(sid, pid, page_order) VALUES(?, ?, ?);,20,,5]
02-02 10:47:18.761 I/db_sample( 1115): [/data/data/com.sprint.zone/databases/zone.db,DELETE FROM info_tbl,88,,18]
02-02 10:47:19.952 I/db_sample( 1115): [/data/data/com.sprint.zone/databases/zone.db,INSERT INTO strings_tbl(value, id, name) VALUES(?, ?, ?);,695,,100]
02-02 10:47:20.012 I/dvm_gc_madvise_info( 1115): [917504,126976]
02-02 10:47:20.092 I/dvm_gc_info(  865): [8315180330336253560,-8972711593367345099,-4002146423095330771,7833460]
02-02 10:47:20.253 I/db_sample( 1115): [/data/data/com.sprint.zone/databases/zone.db,INSERT INTO strings_tbl(value, id, name) VALUES(?, ?, ?);,298,,60]
02-02 10:47:20.303 I/dvm_gc_info(  283): [8320808730292147778,-9000007998690756507,-3978502525051635667,8599594]
02-02 10:47:20.303 I/wifi_supplicant_state_changed(  283): 2
02-02 10:47:20.363 I/notification_cancel(  283): [com.android.phone,111,0]
02-02 10:47:20.433 I/db_sample( 1115): [/data/data/com.sprint.zone/databases/zone.db,INSERT INTO strings_tbl(value, id, name) VALUES(?, ?, ?);,23,,5]
02-02 10:47:20.883 I/db_sample( 1115): [/data/data/com.sprint.zone/databases/zone.db,INSERT INTO info_tbl(action, id, title, uri, description) VALUES,97,,20]
02-02 10:47:21.033 I/db_sample( 1115): [/data/data/com.sprint.zone/databases/zone.db,INSERT INTO strings_tbl(value, id, name) VALUES(?, ?, ?);,21,,5]
02-02 10:47:21.294 I/wifi_supplicant_state_changed(  283): 1
02-02 10:47:21.464 I/dvm_gc_info(  422): [8099846449757492844,-8963985937808697286,-4003553797978884051,7358131]
02-02 10:47:21.714 I/db_sample( 1115): [/data/data/com.sprint.zone/databases/zone.db,INSERT INTO info_tbl(action, id, title, uri, description) VALUES,28,,6]
02-02 10:47:23.085 I/db_sample( 1115): [/data/data/com.sprint.zone/databases/zone.db,INSERT INTO strings_tbl(value, id, name) VALUES(?, ?, ?);,980,,100]
02-02 10:47:24.387 I/am_finish_activity(  283): [1085724264,11,com.android.settings/.DeviceInfoSettings,app-request]
02-02 10:47:24.387 I/am_pause_activity(  283): [1085724264,com.android.settings/.DeviceInfoSettings]
02-02 10:47:24.387 I/am_on_paused_called(  865): com.android.settings.DeviceInfoSettings
02-02 10:47:24.397 I/am_resume_activity(  283): [1083453040,11,com.android.settings/.Settings]
02-02 10:47:24.427 I/am_on_resume_called(  865): com.android.settings.Settings
02-02 10:47:24.647 I/am_destroy_activity(  283): [1085724264,11,com.android.settings/.DeviceInfoSettings]
02-02 10:47:25.127 I/dvm_gc_madvise_info(  865): [413696,126976]
02-02 10:47:25.157 I/db_sample( 1115): [/data/data/com.sprint.zone/databases/zone.db,INSERT INTO strings_tbl(value, id, name) VALUES(?, ?, ?);,2062,,100]
02-02 10:47:25.327 I/dvm_gc_madvise_info(  283): [2899968,126976]
02-02 10:47:25.898 I/am_pause_activity(  283): [1083453040,com.android.settings/.Settings]
02-02 10:47:25.898 I/am_task_to_front(  283): 3
02-02 10:47:25.898 I/am_new_intent(  283): [1079489760,3,com.android.launcher/com.android.launcher2.Launcher,android.intent.action.MAIN,NULL,NULL,274726912]
02-02 10:47:25.898 I/am_on_paused_called(  865): com.android.settings.Settings
02-02 10:47:25.918 I/am_resume_activity(  283): [1079273288,3,com.android.launcher/com.android.launcher2.Launcher]
02-02 10:47:25.938 I/am_on_resume_called(  522): com.android.launcher2.Launcher
02-02 10:47:26.489 I/dvm_gc_madvise_info(  422): [225280,126976]
02-02 10:47:26.499 I/db_sample( 1115): [/data/data/com.sprint.zone/databases/zone.db,INSERT INTO strings_tbl(value, id, name) VALUES(?, ?, ?);,35,,8]
02-02 10:47:26.669 I/dvm_gc_info(  406): [8320808730291734074,-9001422590865123277,-4004398222909016019,7358202]
02-02 10:47:26.689 I/db_sample( 1115): [/data/data/com.sprint.zone/databases/zone.db,INSERT INTO diagnostics_tbl(rank, title, group_key, description,,92,,19]
02-02 10:47:27.550 I/am_destroy_service(  283): [1084113960,com.sprint.zone/.UpdateService,1115]
02-02 10:47:27.700 I/am_create_task(  283): 12
02-02 10:47:27.700 I/am_create_activity(  283): [1081034520,12,com.sprint.zone/.PageAlerts,NULL,NULL,NULL,0]
02-02 10:47:27.710 I/am_pause_activity(  283): [1079273288,com.android.launcher/com.android.launcher2.Launcher]
02-02 10:47:27.710 I/am_on_paused_called(  522): com.android.launcher2.Launcher
02-02 10:47:27.730 I/notification_cancel(  283): [com.sprint.zone,0,16]
02-02 10:47:27.740 I/am_restart_activity(  283): [1081034520,12,com.sprint.zone/.PageAlerts]
02-02 10:47:28.010 I/am_on_resume_called( 1115): com.sprint.zone.PageAlerts
02-02 10:47:28.100 I/activity_launch_time(  283): [1081034520,com.sprint.zone/.PageAlerts,378,378]
02-02 10:47:28.491 I/binder_sample(  422): [com.android.internal.telephony.ITelephonyRegistry,8,41,com.android.phone,8]
02-02 10:47:30.252 I/menu_opened( 1115): 0
02-02 10:47:30.623 I/battery_level(  283): [60,3822,320]
02-02 10:47:30.873 I/menu_item_selected( 1115): [0,Delete All]
02-02 10:47:30.953 I/dvm_gc_info( 1115): [3349111792835135323,-8915008741870462924,-3984132024585848787,7616309]
02-02 10:47:31.724 I/dvm_gc_madvise_info(  406): [364544,126976]
02-02 10:47:32.545 I/am_pause_activity(  283): [1081034520,com.sprint.zone/.PageAlerts]
02-02 10:47:32.545 I/am_task_to_front(  283): 3
02-02 10:47:32.545 I/am_new_intent(  283): [1081579872,3,com.android.launcher/com.android.launcher2.Launcher,android.intent.action.MAIN,NULL,NULL,274726912]
02-02 10:47:32.545 I/am_on_paused_called( 1115): com.sprint.zone.PageAlerts
02-02 10:47:32.555 I/am_resume_activity(  283): [1079273288,3,com.android.launcher/com.android.launcher2.Launcher]
02-02 10:47:32.575 I/am_on_resume_called(  522): com.android.launcher2.Launcher
02-02 10:47:32.585 I/binder_sample( 1115): [android.app.IActivityManager,19,36,com.sprint.zone,7]
02-02 10:47:35.658 I/notification_cancel(  283): [com.android.phone,111,0]
02-02 10:47:36.018 I/dvm_gc_madvise_info( 1115): [839680,126976]
02-02 10:47:36.298 I/wifi_supplicant_state_changed(  283): 2
02-02 10:47:37.279 I/wifi_supplicant_state_changed(  283): 1
02-02 10:47:37.399 I/dvm_gc_info(  522): [7809652345805104745,-8925423728442968007,-3993983648770721747,8624185]
02-02 10:47:40.702 I/binder_sample(  422): [com.android.internal.telephony.ITelephonyRegistry,8,17,com.android.phone,3]
02-02 10:47:40.753 I/notification_cancel(  283): [com.android.phone,111,0]
02-02 10:47:42.424 I/dvm_gc_madvise_info(  522): [397312,126976]
02-02 10:47:47.399 I/db_sample(  283): [/data/data/com.android.providers.settings/databases/settings.db,INSERT INTO system(value, name) VALUES(?, ?);,49,,10]
02-02 10:47:47.409 I/backup_data_changed(  283): com.android.providers.settings
02-02 10:47:47.439 I/content_update_sample(  283): [content://settings/system,insert,,89,,18]
02-02 10:47:47.499 I/backup_data_changed(  283): com.android.providers.settings
02-02 10:47:47.609 I/backup_data_changed(  283): com.android.providers.settings
02-02 10:47:47.679 I/backup_data_changed(  283): com.android.providers.settings
02-02 10:47:47.769 I/backup_data_changed(  283): com.android.providers.settings
02-02 10:47:50.932 I/notification_cancel(  283): [com.android.phone,111,0]
02-02 10:47:52.304 I/wifi_supplicant_state_changed(  283): 2
02-02 10:47:52.644 I/am_create_task(  283): 13
02-02 10:47:52.644 I/am_create_activity(  283): [1080807936,13,com.google.android.youtube/.app.froyo.phone.HomeActivity,android.intent.action.MAIN,NULL,NULL,270532608]
02-02 10:47:52.654 I/am_pause_activity(  283): [1079273288,com.android.launcher/com.android.launcher2.Launcher]
02-02 10:47:52.674 I/am_on_paused_called(  522): com.android.launcher2.Launcher
02-02 10:47:52.684 I/am_proc_start(  283): [1475,10003,com.google.android.youtube,activity,com.google.android.youtube/.app.froyo.phone.HomeActivity]
02-02 10:47:52.694 I/dvm_gc_madvise_info( 1475): [364544,126976]
02-02 10:47:52.704 I/am_proc_bound(  283): [1475,com.google.android.youtube]
02-02 10:47:53.615 I/am_restart_activity(  283): [1080807936,13,com.google.android.youtube/.app.froyo.phone.HomeActivity]
02-02 10:47:53.645 I/wifi_supplicant_state_changed(  283): 1
02-02 10:47:53.645 I/binder_sample(  422): [com.android.internal.telephony.ITelephonyRegistry,8,546,com.android.phone,100]
02-02 10:47:53.655 I/binder_sample( 1475): [android.app.IActivityManager,17,943,<pre-initialized>,100]
02-02 10:47:53.885 I/dvm_gc_info(  475): [7449358886915638892,-8987911448318486476,-4005242647839147987,7358131]
02-02 10:47:53.905 I/dvm_gc_info( 1475): [8750341744043824770,-8970460480899508175,-4006368547745990611,7358131]
02-02 10:47:54.246 I/binder_sample( 1475): [android.content.pm.IPackageManager,50,131,com.google.android.youtube,26]
02-02 10:47:54.326 I/dvm_gc_info( 1475): [8750341744043816580,-9001985609571608527,-4006087072769279955,7358131]
02-02 10:47:54.336 I/dvm_gc_info(  283): [8320808730291738458,-8914439605770688409,-3978221050074925011,8591400]
02-02 10:47:54.396 I/db_sample( 1475): [/data/data/com.google.android.youtube/databases/google_analytics.db,UPDATE session SET timestamp_current=?, timestamp_previous=?, vi,36,,8]
02-02 10:47:54.476 I/dvm_gc_info( 1475): [8750341744043812456,-9010992808792762317,-4005524122815858643,7358131]
02-02 10:47:54.606 I/am_on_resume_called( 1475): com.google.android.youtube.app.froyo.phone.HomeActivity
02-02 10:47:54.636 I/db_sample( 1475): [/data/data/com.google.android.youtube/databases/google_analytics.db,COMMIT;SELECT event_id FROM events ORDER BY event_id DESC,35,,8]
02-02 10:47:54.636 I/binder_sample( 1475): [android.view.IWindowSession,4,19,com.google.android.youtube,3]
02-02 10:47:54.666 I/activity_launch_time(  283): [1080807936,com.google.android.youtube/.app.froyo.phone.HomeActivity,1993,1993]
02-02 10:47:56.138 I/notification_cancel(  283): [com.android.phone,111,0]
02-02 10:47:56.268 I/dvm_gc_info( 1475): [8750341744043857494,-9001985472048666570,-4003272323002173395,7358206]
02-02 10:47:58.019 I/dvm_gc_info( 1475): [8750341744043853395,-8976089567965738951,-4002427898072041427,7358206]
02-02 10:47:58.960 I/dvm_gc_madvise_info(  475): [348160,126976]
02-02 10:47:59.030 I/dvm_gc_info( 1475): [8750341744043902593,-8922890522455943110,-4001864948118620115,7358206]
02-02 10:47:59.281 I/dvm_gc_info( 1475): [8750341744043816579,-8922890384983406532,-4001020523188488147,7358206]
02-02 10:47:59.381 I/dvm_gc_madvise_info(  283): [2838528,126976]
02-02 10:47:59.541 I/dvm_gc_info( 1475): [8750341744043816581,-8923171722470807490,-4000457573235066835,7358206]
02-02 10:47:59.801 I/dvm_gc_info( 1475): [8750341744043816599,-8921482666418534336,-3999613148304934867,7358206]
02-02 10:47:59.831 I/configuration_changed(  283): 128
02-02 10:48:00.222 I/dvm_gc_info( 1475): [8750341744043857555,-8922045478882641854,-3998768723374802899,7358206]
02-02 10:48:00.342 I/dvm_gc_info( 1475): [8750341744043898410,-9036042775730960317,-3998768723374802899,7358211]
02-02 10:48:00.742 I/configuration_changed(  283): 128
02-02 10:48:01.613 I/dvm_gc_info( 1475): [8750341744043906597,-9032101988467017655,-3995953973607696339,7886609]
02-02 10:48:03.244 I/dvm_gc_info(  283): [8320808730292151872,-9007326348085233563,-3979065475005056979,8591400]
02-02 10:48:03.285 I/dvm_gc_info( 1475): [8750341744043861649,-8925422353667356594,-3991450373980325843,7886712]
02-02 10:48:03.615 I/dvm_gc_info( 1475): [8750341744043955859,-8938370202596042674,-3991450373980325843,7886723]
02-02 10:48:04.406 I/binder_sample( 1115): [android.app.IActivityManager,16,56,com.sprint.zone,11]
02-02 10:48:04.406 I/dvm_gc_info( 1475): [8750341744043820820,-8918384860707182513,-3989480049143351251,8370112]
02-02 10:48:05.777 I/dvm_gc_info( 1475): [8750341744043931415,-8917821842034292657,-3989480049143351251,8370170]
02-02 10:48:08.299 I/dvm_gc_madvise_info(  283): [2891776,126976]
02-02 10:48:08.650 I/wifi_supplicant_state_changed(  283): 2
02-02 10:48:09.631 I/wifi_supplicant_state_changed(  283): 1
02-02 10:48:10.812 I/dvm_gc_madvise_info( 1475): [200704,126976]
02-02 10:48:11.102 I/am_finish_activity(  283): [1080807936,13,com.google.android.youtube/.app.froyo.phone.HomeActivity,app-request]
02-02 10:48:11.102 I/am_pause_activity(  283): [1080807936,com.google.android.youtube/.app.froyo.phone.HomeActivity]
02-02 10:48:11.102 I/am_on_paused_called( 1475): com.google.android.youtube.app.froyo.phone.HomeActivity
02-02 10:48:11.112 I/am_resume_activity(  283): [1079273288,3,com.android.launcher/com.android.launcher2.Launcher]
02-02 10:48:11.152 I/am_on_resume_called(  522): com.android.launcher2.Launcher
02-02 10:48:11.533 I/am_destroy_activity(  283): [1080807936,13,com.google.android.youtube/.app.froyo.phone.HomeActivity]
02-02 10:48:11.533 I/am_kill (  283): [1032,com.google.android.apps.plus,14,too many background]
02-02 10:48:11.573 I/dvm_gc_info(  522): [7809652345805231705,-8981437248657364933,-3986383824399534035,8644664]
02-02 10:48:11.603 I/am_proc_died(  283): [1032,com.google.android.apps.plus]
02-02 10:48:13.825 I/am_new_intent(  283): [1079991040,3,com.android.launcher/com.android.launcher2.Launcher,android.intent.action.MAIN,NULL,NULL,270532608]
02-02 10:48:15.536 I/menu_opened(  522): 0
02-02 10:48:15.697 I/free_storage_changed(  283): 2721665024
02-02 10:48:16.618 I/battery_level(  283): [59,3824,320]
02-02 10:48:16.628 I/dvm_gc_madvise_info(  522): [307200,126976]
