02-02 10:43:43.903 I/am_resume_activity(  283): [1079273288,3,com.android.launcher/com.android.launcher2.Launcher]
02-02 10:43:43.913 I/am_pause_activity(  283): [1079273288,com.android.launcher/com.android.launcher2.Launcher]
02-02 10:43:43.913 I/am_failed_to_pause(  283): [1082170832,com.android.launcher/com.android.launcher2.AppWidgetIdGenerator,com.android.launcher/com.android.launcher2.Launcher]
02-02 10:43:43.923 I/binder_sample( 1249): [android.app.IActivityManager,16,51,com.sprint.widget.tutorial,10]
02-02 10:43:44.033 I/binder_sample(  766): [android.app.IActivityManager,16,8,com.android.voicedialer,1]
02-02 10:43:44.043 I/am_on_resume_called(  522): com.android.launcher2.Launcher
02-02 10:43:44.043 I/am_on_paused_called(  522): com.android.launcher2.Launcher
02-02 10:43:44.083 I/am_destroy_activity(  283): [1082170832,3,com.android.launcher/com.android.launcher2.AppWidgetIdGenerator]
02-02 10:43:44.093 I/binder_sample( 1149): [android.content.pm.IPackageManager,26,19,com.google.android.voicesearch,3]
02-02 10:43:44.093 I/dvm_gc_info( 1097): [8517260637558711895,-8949630714013304778,-4004679697885726675,7358131]
02-02 10:43:44.153 I/dvm_gc_info( 1149): [8534155694507615852,-8993259954013046735,-4006087072769279955,7358131]
02-02 10:43:44.203 I/dvm_gc_info(  522): [7809652345805407799,-9048709768309381066,-3995391023654275027,8570917]
02-02 10:43:44.503 I/dvm_gc_info(  637): [7882817126543713897,-8938653808531175375,-4006087072769279955,7358131]
02-02 10:43:44.523 I/db_sample(  886): [:memory:,INSERT INTO applications ('_id', 'name', 'description', 'package,0,,1]
02-02 10:43:44.593 I/dvm_gc_info(  886): [7017575181484918353,-8993822628987807690,-4004679697885726675,7358131]
02-02 10:43:44.754 I/am_proc_start(  283): [1258,10049,com.cooliris.media,broadcast,com.cooliris.media/com.cooliris.cache.BootReceiver]
02-02 10:43:44.784 I/am_proc_bound(  283): [1258,com.cooliris.media]
02-02 10:43:44.904 I/dvm_gc_info( 1258): [7882817126543718039,-8925143009665882065,-4006650022722701267,7358131]
02-02 10:43:44.944 I/am_create_service(  283): [1080866152,com.google.android.music/.store.MediaStoreImportService,act=MediaStoreImportService.import_pending,1124]
02-02 10:43:44.964 I/am_destroy_service(  283): [1080866152,com.google.android.music/.store.MediaStoreImportService,1124]
02-02 10:43:44.964 I/am_kill (  283): [1149,com.google.android.voicesearch,14,too many background]
02-02 10:43:44.974 I/am_proc_died(  283): [1149,com.google.android.voicesearch]
02-02 10:43:44.974 I/am_resume_activity(  283): [1079273288,3,com.android.launcher/com.android.launcher2.Launcher]
02-02 10:43:44.984 I/am_pause_activity(  283): [1079273288,com.android.launcher/com.android.launcher2.Launcher]
02-02 10:43:44.984 I/am_on_resume_called(  522): com.android.launcher2.Launcher
02-02 10:43:44.994 I/am_on_paused_called(  522): com.android.launcher2.Launcher
02-02 10:43:45.054 I/dvm_gc_info(  522): [7809652345805100621,-9005081146852083656,-3993702173794011091,8570919]
02-02 10:43:46.115 I/dvm_gc_info(  637): [7882817126543767105,-9000578303407523791,-4006087072769279955,7358211]
02-02 10:43:46.155 I/db_sample(  637): [/data/data/com.android.providers.media/databases/external-e82ff9f2.db,UPDATE images SET mini_thumb_magic=? WHERE _id = 1,21,,5]
02-02 10:43:46.365 I/content_update_sample(  637): [content://media/external/images/thumbnails,insert,,175,,36]
02-02 10:43:46.555 I/db_sample(  637): [/data/data/com.android.providers.media/databases/external-e82ff9f2.db,INSERT INTO images(bucket_id, orientation, title, mime_type, _di,37,,8]
02-02 10:43:47.016 I/db_sample(  637): [/data/data/com.android.providers.media/databases/external-e82ff9f2.db,INSERT INTO images(bucket_id, orientation, title, mime_type, _di,32,,7]
02-02 10:43:47.156 I/dvm_gc_info(  637): [7882817126543726179,-9014089033570150351,-4003835272955594707,7595821]
02-02 10:43:48.027 I/content_update_sample(  637): [content://media/external/images/thumbnails,insert,,79,,16]
02-02 10:43:48.267 I/dvm_gc_info(  637): [7882817126543758937,-9016903783320475598,-4003553797978884051,7595821]
02-02 10:43:48.347 I/db_sample(  637): [/data/data/com.android.providers.media/databases/external-e82ff9f2.db,INSERT INTO images(bucket_id, orientation, title, mime_type, _di,35,,8]
02-02 10:43:48.477 I/db_sample(  637): [/data/data/com.android.providers.media/databases/external-e82ff9f2.db,UPDATE images SET mini_thumb_magic=? WHERE _id = 9,25,,6]
02-02 10:43:48.777 I/dvm_gc_madvise_info(  283): [2842624,126976]
02-02 10:43:49.118 I/dvm_gc_madvise_info( 1097): [491520,126976]
02-02 10:43:49.218 I/dvm_gc_info(  637): [7882817126543717987,-9019999939328034765,-4003553797978884051,7595821]
02-02 10:43:49.618 I/dvm_gc_madvise_info(  886): [270336,126976]
02-02 10:43:49.678 I/content_update_sample(  637): [content://media/external/images/thumbnails,insert,,77,,16]
02-02 10:43:49.939 I/dvm_gc_madvise_info( 1258): [417792,126976]
02-02 10:43:50.069 I/dvm_gc_madvise_info(  522): [532480,126976]
02-02 10:43:50.119 I/dvm_gc_info( 1097): [8517260637557024380,-8925705340992899018,-4004679697885726675,7358131]
02-02 10:43:50.129 I/content_update_sample(  637): [content://media/external/images/thumbnails,insert,,91,,19]
02-02 10:43:50.659 I/db_sample(  637): [/data/data/com.android.providers.media/databases/external-e82ff9f2.db,UPDATE images SET mini_thumb_magic=? WHERE _id = 16,45,,10]
02-02 10:43:51.000 I/dvm_gc_info(  637): [7882817126543754866,-9020844364274935758,-4004679697885726675,7595757]
02-02 10:43:51.200 I/dvm_gc_info( 1097): [8517260637557024329,-8983126236241876935,-4003835272955594707,7358131]
02-02 10:43:51.200 I/content_update_sample(  637): [content://media/external/images/thumbnails,insert,,141,,29]
02-02 10:43:51.360 I/content_query_sample(  637): [content://media/external/images/thumbnails,_id,image_id = 19,,12,,3]
02-02 10:43:52.911 I/wifi_supplicant_state_changed(  283): 2
02-02 10:43:52.932 I/dvm_gc_info( 1097): [8517260637557024397,-8955823163500926921,-4004398222909016019,7358131]
02-02 10:43:53.892 I/wifi_supplicant_state_changed(  283): 1
02-02 10:43:54.413 I/db_sample(  637): [/data/data/com.android.providers.media/databases/external-e82ff9f2.db,INSERT INTO thumbnails(height, _data, kind, image_id, width) VAL,2592,,100]
02-02 10:43:54.423 I/content_update_sample(  637): [content://media/external/images/thumbnails,insert,,2617,,100]
02-02 10:43:54.653 I/dvm_gc_info( 1097): [8517260637557028421,-8986503935945611206,-4003553797978884051,7358131]
02-02 10:43:54.813 I/db_sample(  637): [/data/data/com.android.providers.media/databases/external-e82ff9f2.db,INSERT INTO audio_genres_map(audio_id, genre_id) VALUES(?, ?);,19,,4]
02-02 10:43:54.933 I/db_sample(  637): [/data/data/com.android.providers.media/databases/external-e82ff9f2.db,UPDATE images SET mini_thumb_magic=? WHERE _id = 21,51,,11]
02-02 10:43:55.004 I/dvm_gc_info(  637): [7882817126543726176,-9022251739141720013,-4003553797978884051,7571245]
02-02 10:43:55.184 I/db_sample(  637): [/data/data/com.android.providers.media/databases/external-e82ff9f2.db,INSERT INTO audio_genres_map(audio_id, genre_id) VALUES(?, ?);,34,,7]
02-02 10:43:55.314 I/am_create_service(  283): [1082778480,com.locationlabs.v3client/.ConfigurationService,act=com.locationlabs.v3client.action.CHECK_CONFIGURATION pkg=com.locationlabs.v3client,1097]
02-02 10:43:55.324 I/am_destroy_service(  283): [1082778480,com.locationlabs.v3client/.ConfigurationService,1097]
02-02 10:43:56.015 I/content_update_sample(  637): [content://media/external/images/thumbnails,insert,,732,,100]
02-02 10:43:56.325 I/content_update_sample(  637): [content://media/external/images/thumbnails,insert,,104,,21]
02-02 10:43:56.335 I/dvm_gc_info( 1097): [8517260637557098116,-8967082162569349064,-4004398222909016019,7358131]
02-02 10:43:56.645 I/content_update_sample(  637): [content://media/external/images/thumbnails,insert,,177,,36]
02-02 10:43:56.905 I/content_update_sample(  637): [content://media/external/images/thumbnails,insert,,96,,20]
02-02 10:43:57.036 I/dvm_gc_info(  637): [7882817126543722094,-9030132969770137549,-4003272323002173395,7571256]
02-02 10:43:57.226 I/dvm_gc_info(  637): [7882817126543775268,-9060532267254896589,-4003272323002173395,7571139]
02-02 10:43:57.336 I/db_sample(  637): [/data/data/com.android.providers.media/databases/external-e82ff9f2.db,INSERT INTO thumbnails(height, _data, kind, image_id, width) VAL,70,,15]
02-02 10:43:57.506 I/dvm_gc_info(  637): [7882817126543812128,-9066443241765820366,-4003272323002173395,7857859]
02-02 10:43:57.766 I/dvm_gc_info( 1097): [8517260637557048943,-8988755735776053191,-4004116747932305363,7358131]
02-02 10:43:57.826 I/content_update_sample(  637): [content://media/external/images/media/29,update,,56,,12]
02-02 10:43:57.856 I/dvm_gc_info(  637): [7882817126543779324,-9065880291812399054,-4003272323002173395,7857859]
02-02 10:43:58.157 I/dvm_gc_info(  637): [7882817126543771170,-9062784067068577741,-4003272323002173395,7857859]
02-02 10:43:58.447 I/dvm_gc_info(  637): [7882817126543783457,-9063347017021999054,-4003272323002173395,7857859]
02-02 10:43:58.887 I/dvm_gc_info(  637): [7882817126543775267,-9060813742231603149,-4003272323002173395,7857859]
02-02 10:43:59.108 I/db_sample(  637): [/data/data/com.android.providers.media/databases/external-e82ff9f2.db,INSERT INTO audio_meta(album_artist, date_modified, track, is_ri,26,,6]
02-02 10:43:59.168 I/content_update_sample(  637): [content://media/external/images/media/33,update,,37,,8]
02-02 10:43:59.188 I/dvm_gc_info(  637): [7882817126543726006,-9060250792278181838,-4005524122815858643,7857859]
02-02 10:43:59.228 I/dvm_gc_info(  637): [7882817126543770483,-9190291269210949569,-4001583473141909459,7571128]
02-02 10:43:59.278 I/dvm_gc_info(  637): [7882817126543721068,-9213935167254644673,-4001583473141909459,7571128]
02-02 10:43:59.808 I/dvm_gc_info( 1097): [8517260637557073513,-9023940107864893384,-4004116747932305363,7358131]
02-02 10:43:59.848 I/dvm_gc_info( 1097): [8517260637557023270,-9220409641608931272,-4004116747932305363,7358131]
02-02 10:44:00.119 I/dvm_gc_info(  283): [8320808730291681071,-8915565505677604767,-3984132024585848787,8542164]
02-02 10:44:00.139 I/dvm_gc_info( 1097): [8517260637557511748,-9065035454464649160,-4004116747932305363,7358131]
02-02 10:44:00.189 I/db_sample(  637): [/data/data/com.android.providers.media/databases/external-e82ff9f2.db,INSERT INTO audio_meta(album_artist, date_modified, track, is_ri,190,,39]
02-02 10:44:00.349 I/db_sample(  637): [/data/data/com.android.providers.media/databases/external-e82ff9f2.db,SELECT _data FROM thumbnails WHERE (_id = 35),147,,30]
02-02 10:44:00.459 I/db_sample(  637): [/data/data/com.android.providers.media/databases/external-e82ff9f2.db,UPDATE images SET mini_thumb_magic=? WHERE _id = 35,76,,16]
02-02 10:44:00.459 I/dvm_gc_info( 1097): [8517260637557093957,-9064753979487938504,-4004116747932305363,7358131]
02-02 10:44:00.529 I/am_create_service(  283): [1086032848,com.locationlabs.v3client/.HeartbeatService,act=com.locationlabs.v3client.action.ACTION_UPDATE_HEARTBEAT pkg=com.locationlabs.v3client,1097]
02-02 10:44:00.559 I/am_destroy_service(  283): [1086032848,com.locationlabs.v3client/.HeartbeatService,1097]
02-02 10:44:00.919 I/db_sample(  637): [/data/data/com.android.providers.media/databases/external-e82ff9f2.db,INSERT INTO audio_meta(album_artist, date_modified, track, is_ri,81,,17]
02-02 10:44:01.480 I/content_update_sample(  637): [content://media/external/images/media/36,update,,140,,29]
02-02 10:44:02.491 I/dvm_gc_info( 1097): [8517260637557450330,-8987629835869194183,-4003835272955594707,7358131]
02-02 10:44:02.881 I/dvm_gc_info(  637): [7882817126543730485,-9030694957415995341,-4004961172862437331,7571159]
02-02 10:44:02.961 I/dvm_gc_info(  637): [7882817126543963224,-9092619452208461757,-4000176098258356179,7571128]
02-02 10:44:02.981 I/dvm_gc_info( 1097): [8517260637557098026,-9032384357132634053,-4003272323002173395,7358131]
02-02 10:44:03.081 I/dvm_gc_info(  637): [7882817126543782468,-9218438491853109178,-3998768723374802899,7571128]
02-02 10:44:03.252 I/am_create_service(  283): [1083884168,com.google.android.music/.store.MediaStoreImportService,act=MediaStoreImportService.import_pending,1124]
02-02 10:44:03.262 I/am_destroy_service(  283): [1085124328,com.android.providers.media/.MediaScannerService,637]
02-02 10:44:03.322 I/power_screen_state(  283): [1,3,0,0]
02-02 10:44:03.322 I/power_screen_broadcast_send(  283): 1
02-02 10:44:03.322 I/screen_toggled(  283): 1
02-02 10:44:03.322 I/am_resume_activity(  283): [1079273288,3,com.android.launcher/com.android.launcher2.Launcher]
02-02 10:44:03.402 I/power_screen_broadcast_done(  283): [1,81,1]
02-02 10:44:03.412 I/am_on_resume_called(  522): com.android.launcher2.Launcher
02-02 10:44:03.442 I/notification_cancel(  283): [com.android.phone,111,0]
02-02 10:44:03.542 I/dvm_gc_info(  522): [7809652345805313596,-9016058670960596937,-3994265123747432403,8570919]
02-02 10:44:04.223 I/dvm_gc_info( 1097): [8517260637557032612,-8946252876820223943,-4003835272955594707,7358131]
02-02 10:44:04.253 I/content_query_sample( 1124): [content://media/external/audio/media,_id/album/artist/composer/date_added/duration/mime_type/_size/title/track/year/album_id/album_artist,is_music=1 OR is_podcast=1,date_added,947,,100]
02-02 10:44:04.303 I/dvm_gc_info(  637): [7882817126543730518,-9050116455864031182,-4005805597792569299,7571128]
02-02 10:44:04.333 I/dvm_gc_info(  637): [7882817126543766589,-9125551749622491070,-4000457573235066835,7571128]
02-02 10:44:04.413 I/dvm_gc_info(  637): [7882817126543712360,-9222379141610956734,-4000457573235066835,7571128]
02-02 10:44:04.483 I/screen_toggled(  283): 2
02-02 10:44:04.663 I/dvm_gc_info(  522): [7809652345805256240,-9043361743684724679,-3993702173794011091,8570919]
02-02 10:44:04.713 I/dvm_gc_info( 1124): [7887337218879108665,-9027880757471713220,-4002709373048752083,7358132]
02-02 10:44:04.823 I/am_proc_start(  283): [1313,10033,com.android.mms,service,com.android.mms/.transaction.TransactionService]
02-02 10:44:04.843 I/dvm_gc_madvise_info( 1313): [368640,126976]
02-02 10:44:04.863 I/am_proc_bound(  283): [1313,com.android.mms]
02-02 10:44:04.873 I/am_create_service(  283): [1083761592,com.android.mms/.transaction.TransactionService,act=android.intent.action.ACTION_ONALARM,1313]
02-02 10:44:05.073 I/dvm_gc_info( 1313): [7218827569569785468,-8974119655596738511,-4006087072769279955,7358131]
02-02 10:44:05.133 I/dvm_gc_madvise_info(  283): [3026944,126976]
02-02 10:44:05.133 I/am_destroy_service(  283): [1083761592,com.android.mms/.transaction.TransactionService,1313]
02-02 10:44:05.354 I/db_sample( 1124): [/data/data/com.google.android.music/databases/music.db,GETLOCK:SELECT count(*) AS _count FROM LISTS,139,,28]
02-02 10:44:05.354 I/content_query_sample( 1124): [content://com.google.android.music.MusicContent/playlists,count(*),,,145,,30]
02-02 10:44:05.474 I/content_query_sample( 1124): [content://media/external/audio/genres/1/members,_id,_id IN (1,2,3,4,5,7,8,9,10,11,12,13,14,15,17,16,19,18,21,20,22,25,24,27,26,29,28,31,30,34,35,32,33,36,37) ,,6,,2]
02-02 10:44:05.614 I/am_kill (  283): [637,android.process.media,14,too many background]
02-02 10:44:05.624 I/am_proc_died(  283): [637,android.process.media]
02-02 10:44:05.644 I/am_destroy_service(  283): [1083884168,com.google.android.music/.store.MediaStoreImportService,1124]
02-02 10:44:05.644 I/am_kill (  283): [942,com.google.android.gm,14,too many background]
02-02 10:44:05.654 I/am_proc_died(  283): [942,com.google.android.gm]
02-02 10:44:05.784 I/am_create_task(  283): 6
02-02 10:44:05.784 I/am_create_activity(  283): [1080779744,6,com.android.contacts/.DialtactsActivity,android.intent.action.MAIN,NULL,NULL,268435456]
02-02 10:44:05.794 I/am_pause_activity(  283): [1079273288,com.android.launcher/com.android.launcher2.Launcher]
02-02 10:44:05.814 I/am_on_paused_called(  522): com.android.launcher2.Launcher
02-02 10:44:05.824 I/am_restart_activity(  283): [1080779744,6,com.android.contacts/.DialtactsActivity]
02-02 10:44:06.074 I/dvm_gc_info(  886): [7017575181485004328,-9031821750843762634,-4004679697885726675,7358177]
02-02 10:44:06.224 I/dvm_gc_info(  886): [7017575181484946813,-9045332549725861833,-4004679697885726675,7886720]
02-02 10:44:06.325 I/am_on_resume_called(  886): com.android.contacts.smartdialer.DialerApp
02-02 10:44:06.325 I/am_on_resume_called(  886): com.android.contacts.DialtactsActivity
02-02 10:44:06.345 I/db_sample(  886): [/data/data/com.android.providers.contacts/databases/contacts2.db,SELECT display_name, data1, data2, dialer_number_full, dialer_nu,0,,1]
02-02 10:44:06.475 I/activity_launch_time(  283): [1080779744,com.android.contacts/.DialtactsActivity,658,23558]
02-02 10:44:06.505 I/dvm_gc_info( 1097): [8517260637557081680,-8967363500039968708,-4002709373048752083,7358131]
02-02 10:44:07.386 I/am_create_service(  283): [1080995472,com.locationlabs.v3client/.ConfigurationService,act=com.locationlabs.v3client.action.CHECK_CONFIGURATION pkg=com.locationlabs.v3client,1097]
02-02 10:44:07.396 I/am_destroy_service(  283): [1080995472,com.locationlabs.v3client/.ConfigurationService,1097]
02-02 10:44:07.406 I/am_destroy_service(  283): [1085706000,com.locationlabs.v3client/.V3ApiService,1097]
02-02 10:44:07.706 I/am_create_service(  283): [1086150960,com.locationlabs.v3client/.V3ApiService,act=com.locationlabs.v3client.action.GET_ACCOUNT,1097]
02-02 10:44:08.497 I/dvm_gc_info( 1097): [8517260637557028508,-8924860641117681605,-4003272323002173395,7358131]
02-02 10:44:08.907 I/wifi_supplicant_state_changed(  283): 2
02-02 10:44:09.678 I/content_query_sample(  886): [content://com.android.contacts/contacts/dailkey_filter/*983*827,display_name/data1/data2/dialer_number_full/dialer_number_header/_id,mode_id<>24 AND mode_id<>8,sort_key,30,,7]
02-02 10:44:09.708 I/dvm_gc_info(  886): [7017575181484889678,-8987067091973552071,-3997361348491249619,8521680]
02-02 10:44:09.718 I/dvm_gc_madvise_info(  522): [524288,126976]
02-02 10:44:09.728 I/dvm_gc_madvise_info( 1124): [241664,126976]
02-02 10:44:09.878 I/wifi_supplicant_state_changed(  283): 1
02-02 10:44:09.918 I/db_sample(  886): [/data/data/com.android.providers.contacts/databases/contacts2.db,SELECT name, number, type, _id FROM calls WHERE ((UPPER(number) ,1,,1]
02-02 10:44:10.148 I/dvm_gc_madvise_info( 1313): [364544,126976]
02-02 10:44:10.148 I/dvm_gc_info( 1097): [8517260637557294691,-9036324731895113670,-4003553797978884051,7358131]
02-02 10:44:10.158 I/db_sample(  422): [/data/data/com.android.providers.telephony/databases/mmssms.db,SELECT _id, thread_id, address, body, status FROM sms WHERE (typ,1,,1]
02-02 10:44:10.599 I/dvm_gc_info( 1097): [8517260637557274200,-9061657479799072710,-4003553797978884051,7358131]
02-02 10:44:10.939 I/dvm_gc_info( 1097): [8517260637557065306,-9059405679985387462,-4003553797978884051,7358131]
02-02 10:44:10.959 I/am_create_service(  283): [1086114648,com.locationlabs.v3client/.ConfigurationService,act=com.locationlabs.v3client.action.CHECK_CONFIGURATION pkg=com.locationlabs.v3client,1097]
02-02 10:44:10.979 I/am_destroy_service(  283): [1086114648,com.locationlabs.v3client/.ConfigurationService,1097]
02-02 10:44:11.019 I/am_create_service(  283): [1086397160,com.locationlabs.v3client/.HeartbeatService,act=com.locationlabs.v3client.action.ACTION_UPDATE_HEARTBEAT pkg=com.locationlabs.v3client,1097]
02-02 10:44:11.069 I/am_destroy_service(  283): [1086397160,com.locationlabs.v3client/.HeartbeatService,1097]
02-02 10:44:11.490 I/force_gc(  522): bg
02-02 10:44:11.600 I/dvm_gc_info(  522): [7809652345805395438,-9036606344243681224,-3993983648770721747,8570919]
02-02 10:44:12.220 I/dvm_gc_info( 1097): [8517260637557024359,-8955822888555841477,-4003272323002173395,7358131]
02-02 10:44:12.300 I/free_storage_changed(  283): 2726817792
02-02 10:44:13.552 I/dvm_gc_info( 1097): [8517260637557032583,-8969615162414663621,-4003272323002173395,7358131]
02-02 10:44:14.332 I/db_sample(  886): [/data/data/com.android.providers.contacts/databases/contacts2.db,SELECT name, number, type, _id FROM calls WHERE ((UPPER(number) ,0,,1]
02-02 10:44:14.713 I/dvm_gc_madvise_info(  886): [192512,126976]
02-02 10:44:14.743 I/dvm_gc_info( 1097): [8517260637557036630,-8959482063219533762,-4002146423095330771,7358131]
02-02 10:44:14.833 I/content_query_sample(  886): [content://call_log/dialer_calls,name/number/type/_id,(UPPER(number) GLOB ? OR UPPER(number) GLOB ? OR UPPER(name) GLOB ? OR UPPER(name) GLOB ?)AND UPPER(number)<> ? AND UPPER(number)<> ? AND UPPER(number)<> ? ,date DESC,4,,1]
02-02 10:44:15.564 I/am_create_service(  283): [1085010152,com.locationlabs.v3client/.ConfigurationService,act=com.locationlabs.v3client.action.CHECK_CONFIGURATION pkg=com.locationlabs.v3client,1097]
02-02 10:44:15.574 I/am_destroy_service(  283): [1085010152,com.locationlabs.v3client/.ConfigurationService,1097]
02-02 10:44:15.614 I/am_proc_start(  283): [1347,1000,com.zte.emode,broadcast,com.zte.emode/.MatchingReceiver]
02-02 10:44:15.654 I/dvm_gc_madvise_info( 1347): [368640,126976]
02-02 10:44:15.664 I/am_proc_bound(  283): [1347,com.zte.emode]
02-02 10:44:15.924 I/am_destroy_service(  283): [1086150960,com.locationlabs.v3client/.V3ApiService,1097]
02-02 10:44:15.924 I/binder_sample( 1347): [android.app.IActivityManager,17,255,<pre-initialized>,51]
02-02 10:44:15.994 I/am_create_task(  283): 7
02-02 10:44:15.994 I/am_create_activity(  283): [1081963488,7,com.zte.emode/.UsbSwitchTest,NULL,NULL,NULL,276824064]
02-02 10:44:16.004 I/am_pause_activity(  283): [1080779744,com.android.contacts/.DialtactsActivity]
02-02 10:44:16.014 I/am_on_paused_called(  886): com.android.contacts.smartdialer.DialerApp
02-02 10:44:16.014 I/am_kill (  283): [1193,com.sprint.w.prefact,14,too many background]
02-02 10:44:16.024 I/am_on_paused_called(  886): com.android.contacts.DialtactsActivity
02-02 10:44:16.024 I/am_proc_died(  283): [1193,com.sprint.w.prefact]
02-02 10:44:16.044 I/am_restart_activity(  283): [1081963488,7,com.zte.emode/.UsbSwitchTest]
02-02 10:44:16.124 I/am_on_resume_called( 1347): com.zte.emode.UsbSwitchTest
02-02 10:44:16.154 I/binder_sample( 1347): [android.view.IWindowSession,4,15,com.zte.emode,3]
02-02 10:44:16.214 I/activity_launch_time(  283): [1081963488,com.zte.emode/.UsbSwitchTest,170,170]
02-02 10:44:16.615 I/dvm_gc_madvise_info(  522): [536576,126976]
02-02 10:44:16.915 I/dvm_gc_info( 1347): [7308620247274153616,-8960890331708127185,-4005805597792569299,7358173]
02-02 10:44:17.716 I/am_finish_activity(  283): [1081963488,7,com.zte.emode/.UsbSwitchTest,app-request]
02-02 10:44:17.716 I/am_pause_activity(  283): [1081963488,com.zte.emode/.UsbSwitchTest]
02-02 10:44:17.726 I/am_on_paused_called( 1347): com.zte.emode.UsbSwitchTest
02-02 10:44:17.726 I/am_resume_activity(  283): [1080779744,6,com.android.contacts/.DialtactsActivity]
02-02 10:44:17.776 I/am_on_resume_called(  886): com.android.contacts.smartdialer.DialerApp
02-02 10:44:17.776 I/am_on_resume_called(  886): com.android.contacts.DialtactsActivity
02-02 10:44:17.996 I/am_destroy_activity(  283): [1081963488,7,com.zte.emode/.UsbSwitchTest]
02-02 10:44:18.386 I/am_create_service(  283): [1085236864,com.locationlabs.v3client/.SMSNotificationService,act=com.locationlabs.v3client.ACTION_SMS_NOTIFICATION pkg=com.locationlabs.v3client,1097]
02-02 10:44:18.386 I/force_gc(  283): Binder
02-02 10:44:18.456 I/dvm_gc_info(  283): [8320808730291881632,-8922602380095367071,-3983850549609138131,8542164]
02-02 10:44:18.516 I/am_create_service(  283): [1086192904,com.locationlabs.v3client/.ClaimNumberService,act=com.locationlabs.v3client.action.CLAIM_NUMBER pkg=com.locationlabs.v3client,1097]
02-02 10:44:18.536 I/am_create_service(  283): [1085986824,com.locationlabs.v3client/.V3ApiService,act=com.locationlabs.v3client.action.CLAIM_PHONE_NUMBER pkg=com.locationlabs.v3client,1097]
02-02 10:44:18.546 I/am_destroy_service(  283): [1085236864,com.locationlabs.v3client/.SMSNotificationService,1097]
02-02 10:44:18.546 I/am_destroy_service(  283): [1086192904,com.locationlabs.v3client/.ClaimNumberService,1097]
02-02 10:44:19.017 I/notification_cancel(  283): [com.android.phone,111,0]
02-02 10:44:19.097 I/dvm_gc_info(  422): [8099846449757480541,-8983970729874630598,-4003553797978884051,7358131]
02-02 10:44:19.778 I/dvm_gc_madvise_info( 1097): [212992,126976]
02-02 10:44:20.669 I/dvm_gc_info( 1097): [8517260637557110421,-8941749070984034243,-4002709373048752083,7358131]
02-02 10:44:20.949 I/binder_sample(  406): [com.android.internal.telephony.ITelephony,83,6,com.android.systemui,1]
02-02 10:44:20.959 I/notification_cancel(  283): [com.android.phone,111,0]
02-02 10:44:21.559 I/binder_sample(  422): [com.android.internal.telephony.ITelephonyRegistry,8,10,com.android.phone,2]
02-02 10:44:21.660 I/db_sample(  886): [/data/data/com.android.providers.contacts/databases/contacts2.db,SELECT display_name, data1, data2, dialer_number_full, dialer_nu,1,,1]
02-02 10:44:21.940 I/dvm_gc_madvise_info( 1347): [552960,126976]
02-02 10:44:22.610 I/am_create_task(  283): 8
02-02 10:44:22.620 I/am_create_activity(  283): [1079361848,8,com.zte.emode/.logset,NULL,NULL,NULL,276824064]
02-02 10:44:22.630 I/am_pause_activity(  283): [1080779744,com.android.contacts/.DialtactsActivity]
02-02 10:44:22.711 I/am_on_paused_called(  886): com.android.contacts.smartdialer.DialerApp
02-02 10:44:22.711 I/am_on_paused_called(  886): com.android.contacts.DialtactsActivity
02-02 10:44:22.721 I/am_restart_activity(  283): [1079361848,8,com.zte.emode/.logset]
02-02 10:44:22.831 I/dvm_gc_info( 1347): [7308620247274239093,-9069539672718440400,-4005805597792569299,7358176]
02-02 10:44:22.881 I/am_on_resume_called( 1347): com.zte.emode.logset
02-02 10:44:22.921 I/activity_launch_time(  283): [1079361848,com.zte.emode/.logset,208,208]
02-02 10:44:22.931 I/dvm_gc_info( 1097): [8517260637557966431,-9029850738694490052,-4002990848025462739,7358131]
02-02 10:44:23.251 I/dvm_gc_info( 1097): [8517260637557130837,-9053776111714904005,-4003272323002173395,7358131]
02-02 10:44:23.491 I/dvm_gc_madvise_info(  283): [3026944,126976]
02-02 10:44:23.531 I/dvm_gc_info( 1097): [8517260637557057100,-9063064785946355653,-4002990848025462739,7358131]
02-02 10:44:23.561 I/am_create_service(  283): [1085882528,com.locationlabs.v3client/.HeartbeatService,act=com.locationlabs.v3client.action.ACTION_UPDATE_HEARTBEAT pkg=com.locationlabs.v3client,1097]
02-02 10:44:23.601 I/am_destroy_service(  283): [1085882528,com.locationlabs.v3client/.HeartbeatService,1097]
02-02 10:44:24.112 I/dvm_gc_madvise_info(  422): [200704,126976]
02-02 10:44:24.662 I/dvm_gc_info( 1097): [8517260637557077606,-8967081818888005572,-4002990848025462739,7358131]
02-02 10:44:24.893 I/wifi_supplicant_state_changed(  283): 2
02-02 10:44:25.433 I/dvm_gc_info( 1097): [8517260637557069459,-8951882170145638341,-4002990848025462739,7358131]
02-02 10:44:25.874 I/wifi_supplicant_state_changed(  283): 1
02-02 10:44:26.464 I/dvm_gc_info( 1097): [8517260637557036622,-8972429843411961794,-4001864948118620115,7358131]
02-02 10:44:26.765 I/am_create_service(  283): [1084112152,com.locationlabs.v3client/.ConfigurationService,act=com.locationlabs.v3client.action.CHECK_CONFIGURATION pkg=com.locationlabs.v3client,1097]
02-02 10:44:26.765 I/am_destroy_service(  283): [1085986824,com.locationlabs.v3client/.V3ApiService,1097]
02-02 10:44:26.785 I/am_destroy_service(  283): [1084112152,com.locationlabs.v3client/.ConfigurationService,1097]
02-02 10:44:26.815 I/am_finish_activity(  283): [1079361848,8,com.zte.emode/.logset,app-request]
02-02 10:44:26.815 I/am_pause_activity(  283): [1079361848,com.zte.emode/.logset]
02-02 10:44:26.825 I/am_on_paused_called( 1347): com.zte.emode.logset
02-02 10:44:26.835 I/am_resume_activity(  283): [1080779744,6,com.android.contacts/.DialtactsActivity]
02-02 10:44:26.875 I/am_on_resume_called(  886): com.android.contacts.smartdialer.DialerApp
02-02 10:44:26.875 I/am_on_resume_called(  886): com.android.contacts.DialtactsActivity
02-02 10:44:27.005 I/dvm_gc_info(  886): [7017575181484930735,-8924016147400972229,-3996516923561117651,8521679]
02-02 10:44:27.145 I/am_destroy_activity(  283): [1079361848,8,com.zte.emode/.logset]
02-02 10:44:27.816 I/am_pause_activity(  283): [1080779744,com.android.contacts/.DialtactsActivity]
02-02 10:44:27.816 I/am_task_to_front(  283): 3
02-02 10:44:27.816 I/am_new_intent(  283): [1082170832,3,com.android.launcher/com.android.launcher2.Launcher,android.intent.action.MAIN,NULL,NULL,274726912]
02-02 10:44:27.826 I/am_on_paused_called(  886): com.android.contacts.smartdialer.DialerApp
02-02 10:44:27.826 I/am_on_paused_called(  886): com.android.contacts.DialtactsActivity
02-02 10:44:27.836 I/am_resume_activity(  283): [1079273288,3,com.android.launcher/com.android.launcher2.Launcher]
02-02 10:44:27.876 I/dvm_gc_madvise_info( 1347): [557056,126976]
02-02 10:44:27.896 I/am_on_resume_called(  522): com.android.launcher2.Launcher
02-02 10:44:28.626 I/notification_cancel(  283): [com.android.phone,111,0]
02-02 10:44:28.726 I/dvm_gc_info(  522): [7809652345805075960,-9040546993917614023,-3993983648770721747,8570919]
02-02 10:44:29.257 I/battery_level(  283): [64,3855,320]
02-02 10:44:30.638 I/am_create_task(  283): 9
02-02 10:44:30.638 I/am_create_activity(  283): [1082936728,9,com.android.music/.MusicBrowserActivity,android.intent.action.MAIN,NULL,NULL,270532608]
02-02 10:44:30.648 I/am_pause_activity(  283): [1079273288,com.android.launcher/com.android.launcher2.Launcher]
02-02 10:44:30.658 I/binder_sample(  522): [android.app.IActivityManager,3,27,com.android.launcher,5]
02-02 10:44:30.658 I/am_on_paused_called(  522): com.android.launcher2.Launcher
02-02 10:44:30.668 I/am_proc_start(  283): [1377,10031,com.android.music,activity,com.android.music/.MusicBrowserActivity]
02-02 10:44:30.678 I/dvm_gc_madvise_info( 1377): [368640,126976]
02-02 10:44:30.698 I/am_proc_bound(  283): [1377,com.android.music]
02-02 10:44:30.989 I/am_restart_activity(  283): [1082936728,9,com.android.music/.MusicBrowserActivity]
02-02 10:44:31.069 I/binder_sample( 1377): [android.app.IActivityManager,17,372,<pre-initialized>,74]
02-02 10:44:31.209 I/notification_cancel(  283): [com.android.phone,111,0]
02-02 10:44:31.289 I/am_create_activity(  283): [1085235584,9,com.android.music/.ArtistAlbumBrowserActivity,android.intent.action.PICK,vnd.android.cursor.dir/artistalbum,,67108864]
02-02 10:44:31.289 I/am_pause_activity(  283): [1082936728,com.android.music/.MusicBrowserActivity]
02-02 10:44:31.289 I/am_finish_activity(  283): [1082936728,9,com.android.music/.MusicBrowserActivity,app-request]
02-02 10:44:31.299 I/am_restart_activity(  283): [1085235584,9,com.android.music/.ArtistAlbumBrowserActivity]
02-02 10:44:31.319 I/am_destroy_activity(  283): [1082936728,9,com.android.music/.MusicBrowserActivity]
02-02 10:44:31.329 I/am_create_service(  283): [1081746264,com.android.music/.MediaPlaybackService,,1377]
02-02 10:44:31.429 I/dvm_gc_info( 1377): [7887337218879055481,-8976089980450498512,-4005805597792569299,7358151]
02-02 10:44:31.479 I/am_proc_start(  283): [1387,10026,android.process.media,content provider,com.android.providers.media/.MediaProvider]
02-02 10:44:31.499 I/dvm_gc_madvise_info( 1387): [364544,126976]
02-02 10:44:31.519 I/am_proc_bound(  283): [1387,android.process.media]
02-02 10:44:31.579 I/dvm_gc_madvise_info( 1097): [241664,126976]
02-02 10:44:31.609 I/binder_sample( 1377): [android.app.IActivityManager,29,126,com.android.music,25]
02-02 10:44:31.609 I/am_on_resume_called( 1377): com.android.music.ArtistAlbumBrowserActivity
02-02 10:44:31.779 I/activity_launch_time(  283): [1085235584,com.android.music/.ArtistAlbumBrowserActivity,484,1119]
02-02 10:44:31.980 I/am_finish_activity(  283): [1085235584,9,com.android.music/.ArtistAlbumBrowserActivity,app-request]
02-02 10:44:31.980 I/am_pause_activity(  283): [1085235584,com.android.music/.ArtistAlbumBrowserActivity]
02-02 10:44:31.980 I/am_on_paused_called( 1377): com.android.music.ArtistAlbumBrowserActivity
02-02 10:44:32.010 I/am_resume_activity(  283): [1079273288,3,com.android.launcher/com.android.launcher2.Launcher]
02-02 10:44:32.070 I/am_on_resume_called(  522): com.android.launcher2.Launcher
02-02 10:44:32.170 I/dvm_gc_madvise_info(  886): [339968,126976]
02-02 10:44:32.470 I/am_destroy_activity(  283): [1085235584,9,com.android.music/.ArtistAlbumBrowserActivity]
02-02 10:44:32.520 I/am_destroy_service(  283): [1081746264,com.android.music/.MediaPlaybackService,1377]
02-02 10:44:32.560 I/am_kill (  283): [1182,com.android.defcontainer,14,too many background]
02-02 10:44:32.560 I/am_kill (  283): [608,com.sprint.w.installer,15,too many background]
02-02 10:44:32.570 I/am_proc_died(  283): [1182,com.android.defcontainer]
02-02 10:44:32.570 I/am_proc_died(  283): [608,com.sprint.w.installer]
02-02 10:44:33.301 I/am_create_task(  283): 10
02-02 10:44:33.301 I/am_create_activity(  283): [1085738712,10,com.android.settings/.Settings,android.intent.action.MAIN,NULL,NULL,270532608]
02-02 10:44:33.311 I/am_pause_activity(  283): [1079273288,com.android.launcher/com.android.launcher2.Launcher]
02-02 10:44:33.321 I/am_on_paused_called(  522): com.android.launcher2.Launcher
02-02 10:44:33.331 I/am_restart_activity(  283): [1085738712,10,com.android.settings/.Settings]
02-02 10:44:33.451 I/dvm_gc_info(  865): [8315180330336187980,-9016340902103332815,-4005524122815858643,7358175]
02-02 10:44:33.531 I/am_on_resume_called(  865): com.android.settings.Settings
02-02 10:44:33.691 I/activity_launch_time(  283): [1085738712,com.android.settings/.Settings,357,357]
02-02 10:44:33.801 I/notification_cancel(  283): [com.android.phone,111,0]
02-02 10:44:33.851 I/dvm_gc_madvise_info(  522): [536576,126976]
02-02 10:44:34.082 I/am_proc_start(  283): [1402,10015,com.sprint.w.installer,service,com.sprint.w.installer/.delivery.ReportPostService]
02-02 10:44:34.122 I/dvm_gc_madvise_info( 1402): [364544,126976]
02-02 10:44:34.152 I/am_proc_bound(  283): [1402,com.sprint.w.installer]
02-02 10:44:34.152 I/am_create_service(  283): [1086431208,com.sprint.w.installer/.delivery.ReportPostService,,1402]
02-02 10:44:34.202 I/am_create_service(  283): [1085854120,com.sprint.w.installer/com.sprint.id.updater.UpdaterService,,1402]
02-02 10:44:34.242 I/am_destroy_service(  283): [1086431208,com.sprint.w.installer/.delivery.ReportPostService,1402]
02-02 10:44:34.582 I/am_create_activity(  283): [1083425608,10,com.android.settings/.ApplicationSettings,android.intent.action.MAIN,NULL,NULL,0]
02-02 10:44:34.582 I/am_pause_activity(  283): [1085738712,com.android.settings/.Settings]
02-02 10:44:34.582 I/am_on_paused_called(  865): com.android.settings.Settings
02-02 10:44:34.592 I/am_restart_activity(  283): [1083425608,10,com.android.settings/.ApplicationSettings]
02-02 10:44:34.632 I/dvm_gc_info(  865): [8315180330336232649,-9065317548050966478,-4005524122815858643,7358194]
02-02 10:44:34.662 I/am_on_resume_called(  865): com.android.settings.ApplicationSettings
02-02 10:44:34.942 I/activity_launch_time(  283): [1083425608,com.android.settings/.ApplicationSettings,346,346]
02-02 10:44:36.434 I/dvm_gc_madvise_info( 1377): [356352,126976]
02-02 10:44:36.594 I/backup_data_changed(  283): com.android.providers.settings
02-02 10:44:36.594 I/binder_sample(  865): [android.content.IContentProvider,3,99,com.android.settings,19]
02-02 10:44:37.295 I/am_create_activity(  283): [1081660856,10,com.android.settings/.DevelopmentSettings,android.intent.action.MAIN,NULL,NULL,0]
02-02 10:44:37.295 I/am_pause_activity(  283): [1083425608,com.android.settings/.ApplicationSettings]
02-02 10:44:37.305 I/am_on_paused_called(  865): com.android.settings.ApplicationSettings
02-02 10:44:37.315 I/am_restart_activity(  283): [1081660856,10,com.android.settings/.DevelopmentSettings]
02-02 10:44:37.345 I/am_on_resume_called(  865): com.android.settings.DevelopmentSettings
02-02 10:44:37.605 I/activity_launch_time(  283): [1081660856,com.android.settings/.DevelopmentSettings,298,298]
02-02 10:44:39.016 I/db_sample(  283): [/data/data/com.android.providers.settings/databases/settings.db,INSERT INTO system(value, name) VALUES(?, ?);,306,,62]
02-02 10:44:39.026 I/backup_data_changed(  283): com.android.providers.settings
02-02 10:44:39.026 I/binder_sample(  865): [android.content.IContentProvider,3,325,com.android.settings,65]
02-02 10:44:39.067 I/content_update_sample(  865): [content://settings/system,insert,,363,com.android.settings,73]
02-02 10:44:39.147 I/dvm_gc_info(  865): [8315180330336200255,-9034355300545648588,-4003272323002173395,7964442]
02-02 10:44:39.877 I/am_finish_activity(  283): [1081660856,10,com.android.settings/.DevelopmentSettings,app-request]
02-02 10:44:39.877 I/am_pause_activity(  283): [1081660856,com.android.settings/.DevelopmentSettings]
02-02 10:44:39.887 I/am_on_paused_called(  865): com.android.settings.DevelopmentSettings
02-02 10:44:39.887 I/am_resume_activity(  283): [1083425608,10,com.android.settings/.ApplicationSettings]
02-02 10:44:39.897 I/am_on_resume_called(  865): com.android.settings.ApplicationSettings
02-02 10:44:40.047 I/am_finish_activity(  283): [1083425608,10,com.android.settings/.ApplicationSettings,app-request]
02-02 10:44:40.057 I/am_pause_activity(  283): [1083425608,com.android.settings/.ApplicationSettings]
02-02 10:44:40.057 I/am_on_paused_called(  865): com.android.settings.ApplicationSettings
02-02 10:44:40.057 I/am_resume_activity(  283): [1085738712,10,com.android.settings/.Settings]
02-02 10:44:40.077 I/am_on_resume_called(  865): com.android.settings.Settings
02-02 10:44:40.148 I/am_destroy_activity(  283): [1083425608,10,com.android.settings/.ApplicationSettings]
02-02 10:44:40.188 I/am_finish_activity(  283): [1085738712,10,com.android.settings/.Settings,app-request]
02-02 10:44:40.188 I/am_pause_activity(  283): [1085738712,com.android.settings/.Settings]
02-02 10:44:40.188 I/am_on_paused_called(  865): com.android.settings.Settings
02-02 10:44:40.208 I/am_resume_activity(  283): [1079273288,3,com.android.launcher/com.android.launcher2.Launcher]
02-02 10:44:40.218 I/am_on_resume_called(  522): com.android.launcher2.Launcher
02-02 10:44:40.338 I/am_destroy_activity(  283): [1085738712,10,com.android.settings/.Settings]
02-02 10:44:40.638 I/am_destroy_activity(  283): [1081660856,10,com.android.settings/.DevelopmentSettings]
02-02 10:44:40.898 I/wifi_supplicant_state_changed(  283): 2
02-02 10:44:41.839 I/dvm_gc_info(  283): [8320808730291771165,-8915284030700877725,-3984413499562559443,8533934]
02-02 10:44:41.869 I/wifi_supplicant_state_changed(  283): 1
02-02 10:44:43.281 I/battery_level(  283): [64,3855,330]
02-02 10:44:44.182 I/dvm_gc_madvise_info(  865): [241664,126976]
02-02 10:44:45.433 I/binder_sample( 1097): [android.app.IActivityManager,63,5,com.locationlabs.v3client,1]
02-02 10:44:45.483 I/am_create_service(  283): [1086385528,com.locationlabs.v3client/.V3ApiService,act=com.locationlabs.v3client.action.CHANGE_PUSH_ID pkg=com.locationlabs.v3client,1097]
02-02 10:44:45.533 I/am_destroy_service(  283): [1086385528,com.locationlabs.v3client/.V3ApiService,1097]
02-02 10:44:46.734 I/power_sleep_requested(  283): 0
02-02 10:44:46.904 I/dvm_gc_madvise_info(  283): [2973696,126976]
02-02 10:44:46.954 I/power_screen_state(  283): [0,2,0,0]
02-02 10:44:46.964 I/power_screen_broadcast_send(  283): 1
02-02 10:44:46.964 I/screen_toggled(  283): 0
02-02 10:44:46.974 I/am_pause_activity(  283): [1079273288,com.android.launcher/com.android.launcher2.Launcher]
02-02 10:44:46.974 I/am_on_paused_called(  522): com.android.launcher2.Launcher
02-02 10:44:47.044 I/power_screen_broadcast_done(  283): [0,80,1]
02-02 10:44:47.194 I/dvm_gc_info(  283): [8320808730291844695,-8973267875903276957,-3984413499562559443,8534051]
02-02 10:44:47.405 I/power_screen_state(  283): [1,3,0,0]
02-02 10:44:47.405 I/power_screen_broadcast_send(  283): 1
02-02 10:44:47.405 I/screen_toggled(  283): 1
02-02 10:44:47.405 I/am_resume_activity(  283): [1079273288,3,com.android.launcher/com.android.launcher2.Launcher]
02-02 10:44:47.435 I/am_on_resume_called(  522): com.android.launcher2.Launcher
02-02 10:44:47.515 I/power_screen_broadcast_done(  283): [1,106,1]
02-02 10:44:47.575 I/notification_cancel(  283): [com.android.phone,111,0]
02-02 10:44:49.076 I/screen_toggled(  283): 2
02-02 10:44:52.259 I/dvm_gc_madvise_info(  283): [3002368,126976]
02-02 10:44:56.884 I/wifi_supplicant_state_changed(  283): 2
02-02 10:44:57.865 I/wifi_supplicant_state_changed(  283): 1
02-02 10:45:00.447 I/am_create_service(  283): [1084113960,com.sprint.zone/.UpdateService,,1115]
02-02 10:45:00.487 I/am_create_service(  283): [1084037576,com.sprint.zone/.updater.UpdaterService,,1115]
02-02 10:45:00.618 I/dvm_gc_info( 1115): [3349111792835073637,-8981719479984711632,-4006368547745990611,7358131]
02-02 10:45:00.728 I/db_sample( 1115): [/data/data/com.sprint.zone/databases/zone.db,DELETE FROM table_settings,16,,4]
02-02 10:45:01.198 I/db_sample( 1115): [/data/data/com.sprint.zone/databases/zone.db,UPDATE versions_tbl SET promo_ver=?,26,,6]
02-02 10:45:01.799 I/db_sample( 1115): [/data/data/com.sprint.zone/databases/zone.db,INSERT INTO categories_tbl(sid, title, expanded, app_scheme) VAL,15,,4]
02-02 10:45:02.169 I/db_sample( 1115): [/data/data/com.sprint.zone/databases/zone.db,INSERT INTO report_tbl(data, action, id, time, slot, type) VALUE,72,,15]
02-02 10:45:02.289 I/dvm_gc_info( 1115): [3349111792835081794,-9026474001231345613,-4005524122815858643,7358138]
02-02 10:45:03.000 I/db_sample( 1115): [/data/data/com.sprint.zone/databases/zone.db,INSERT INTO features_tbl(enabled, sid, desc, visible, expiration,814,,100]
02-02 10:45:03.060 I/am_destroy_service(  283): [1084037576,com.sprint.zone/.updater.UpdaterService,1115]
02-02 10:45:04.321 I/power_screen_state(  283): [0,3,0,0]
02-02 10:45:04.341 I/power_screen_broadcast_send(  283): 1
02-02 10:45:04.341 I/screen_toggled(  283): 0
02-02 10:45:04.361 I/am_pause_activity(  283): [1079273288,com.android.launcher/com.android.launcher2.Launcher]
02-02 10:45:04.381 I/am_on_paused_called(  522): com.android.launcher2.Launcher
02-02 10:45:04.431 I/power_screen_broadcast_done(  283): [0,95,1]
02-02 10:45:04.892 I/db_sample( 1115): [/data/data/com.sprint.zone/databases/zone.db,INSERT INTO pages_tbl(sid, pid, page_order) VALUES(?, ?, ?);,95,,20]
02-02 10:45:08.520 I/db_sample( 1115): [/data/data/com.sprint.zone/databases/zone.db,INSERT INTO pages_tbl(sid, pid, page_order) VALUES(?, ?, ?);,258,,52]
02-02 10:45:09.290 I/db_sample( 1115): [/data/data/com.sprint.zone/databases/zone.db,INSERT INTO pages_tbl(sid, pid, page_order) VALUES(?, ?, ?);,732,,100]
02-02 10:45:10.661 I/dvm_gc_madvise_info( 1115): [253952,126976]
02-02 10:45:11.472 I/db_sample( 1115): [/data/data/com.sprint.zone/databases/zone.db,DELETE FROM diagnostics_tbl,2173,,100]
02-02 10:45:29.500 I/battery_level(  283): [63,3856,330]
02-02 10:45:29.950 I/db_sample( 1115): [/data/data/com.sprint.zone/databases/zone.db,INSERT INTO strings_tbl(value, id, name) VALUES(?, ?, ?);,27,,6]
02-02 10:45:38.500 I/power_screen_state(  283): [1,3,0,0]
02-02 10:45:38.500 I/power_screen_broadcast_send(  283): 1
02-02 10:45:38.500 I/screen_toggled(  283): 1
02-02 10:45:38.520 I/am_resume_activity(  283): [1079273288,3,com.android.launcher/com.android.launcher2.Launcher]
02-02 10:45:38.540 I/am_on_resume_called(  522): com.android.launcher2.Launcher
02-02 10:45:38.610 I/power_screen_broadcast_done(  283): [1,108,1]
02-02 10:45:38.660 I/notification_cancel(  283): [com.android.phone,111,0]
02-02 10:45:38.700 I/db_sample( 1115): [/data/data/com.sprint.zone/databases/zone.db,INSERT INTO strings_tbl(value, id, name) VALUES(?, ?, ?);,436,,88]
02-02 10:45:39.220 I/db_sample( 1115): [/data/data/com.sprint.zone/databases/zone.db,INSERT INTO strings_tbl(value, id, name) VALUES(?, ?, ?);,162,,33]
02-02 10:45:39.380 I/db_sample( 1115): [/data/data/com.sprint.zone/databases/zone.db,INSERT INTO strings_tbl(value, id, name) VALUES(?, ?, ?);,17,,4]
02-02 10:45:39.390 I/dvm_gc_info( 1115): [3349111792835049044,-8993822766477174732,-4004961172862437331,7358147]
02-02 10:45:39.700 I/db_sample( 1115): [/data/data/com.sprint.zone/databases/zone.db,INSERT INTO strings_tbl(value, id, name) VALUES(?, ?, ?);,24,,5]
02-02 10:45:40.861 I/db_sample( 1115): [/data/data/com.sprint.zone/databases/zone.db,INSERT INTO strings_tbl(value, id, name) VALUES(?, ?, ?);,26,,6]
02-02 10:45:41.722 I/binder_sample(  422): [com.android.internal.telephony.ITelephonyRegistry,8,7,com.android.phone,1]
02-02 10:45:41.762 I/notification_cancel(  283): [com.android.phone,111,0]
02-02 10:45:41.842 I/db_sample( 1115): [/data/data/com.sprint.zone/databases/zone.db,INSERT INTO strings_tbl(value, id, name) VALUES(?, ?, ?);,54,,11]
02-02 10:45:42.192 I/wifi_supplicant_state_changed(  283): 2
02-02 10:45:42.563 I/db_sample( 1115): [/data/data/com.sprint.zone/databases/zone.db,INSERT INTO info_tbl(action, id, title, uri, description) VALUES,65,,14]
02-02 10:45:43.153 I/wifi_supplicant_state_changed(  283): 1
02-02 10:45:43.304 I/db_sample( 1115): [/data/data/com.sprint.zone/databases/zone.db,INSERT INTO branding_tbl(value, tag, name) VALUES(?, ?, ?);,85,,18]
02-02 10:45:43.484 I/db_sample( 1115): [/data/data/com.sprint.zone/databases/zone.db,INSERT INTO branding_tbl(value, tag, name) VALUES(?, ?, ?);,25,,6]
02-02 10:45:43.684 I/db_sample( 1115): [/data/data/com.sprint.zone/databases/zone.db,INSERT INTO branding_tbl(value, tag, name) VALUES(?, ?, ?);,37,,8]
02-02 10:45:43.754 I/power_screen_state(  283): [0,3,0,0]
02-02 10:45:43.764 I/power_screen_broadcast_send(  283): 1
02-02 10:45:43.764 I/screen_toggled(  283): 0
02-02 10:45:43.794 I/am_pause_activity(  283): [1079273288,com.android.launcher/com.android.launcher2.Launcher]
02-02 10:45:43.834 I/am_on_paused_called(  522): com.android.launcher2.Launcher
02-02 10:45:43.884 I/power_screen_broadcast_done(  283): [0,124,1]
02-02 10:45:44.154 I/db_sample( 1115): [/data/data/com.sprint.zone/databases/zone.db,UPDATE versions_tbl SET last_update=?,27,,6]
02-02 10:45:53.500 I/battery_level(  283): [63,3851,320]
02-02 10:45:53.520 I/power_screen_state(  283): [1,3,0,0]
02-02 10:45:53.520 I/power_screen_broadcast_send(  283): 1
02-02 10:45:53.520 I/screen_toggled(  283): 1
02-02 10:45:53.540 I/am_resume_activity(  283): [1079273288,3,com.android.launcher/com.android.launcher2.Launcher]
02-02 10:45:53.550 I/am_on_resume_called(  522): com.android.launcher2.Launcher
02-02 10:45:53.660 I/power_screen_broadcast_done(  283): [1,140,1]
02-02 10:45:53.690 I/notification_cancel(  283): [com.android.phone,111,0]
02-02 10:45:53.730 I/dvm_gc_info(  422): [8099846449757480569,-8951038088880015302,-4003835272955594707,7358131]
02-02 10:45:53.980 I/dvm_gc_info( 1115): [3349111792835024534,-8966238150056830926,-4005805597792569299,7358131]
02-02 10:45:54.440 I/db_sample( 1115): [/data/data/com.sprint.zone/databases/zone.db,INSERT INTO installed_apps_tbl(version_name, package_name, synce,25,,6]
02-02 10:45:55.081 I/screen_toggled(  283): 2
02-02 10:45:55.181 I/db_sample( 1115): [/data/data/com.sprint.zone/databases/zone.db,INSERT INTO installed_apps_tbl(version_name, package_name, synce,40,,9]
02-02 10:45:56.011 I/db_sample( 1115): [/data/data/com.sprint.zone/databases/zone.db,INSERT INTO installed_apps_tbl(version_name, package_name, synce,105,,22]
02-02 10:45:56.542 I/db_sample( 1115): [/data/data/com.sprint.zone/databases/zone.db,INSERT INTO installed_apps_tbl(version_name, package_name, synce,26,,6]
02-02 10:45:57.202 I/db_sample( 1115): [/data/data/com.sprint.zone/databases/zone.db,INSERT INTO installed_apps_tbl(version_name, package_name, synce,24,,5]
02-02 10:45:57.303 I/dvm_gc_info( 1115): [3349111792835032642,-8990444998037137356,-4005242647839147987,7358131]
02-02 10:45:58.434 I/notification_cancel(  283): [com.android.phone,111,0]
02-02 10:45:58.774 I/dvm_gc_madvise_info(  422): [217088,126976]
02-02 10:45:59.445 I/battery_level(  283): [62,3847,320]
02-02 10:46:00.316 I/db_sample( 1115): [/data/data/com.sprint.zone/databases/zone.db,INSERT INTO installed_apps_tbl(version_name, package_name, synce,2753,,100]
02-02 10:46:00.516 I/db_sample( 1115): [/data/data/com.sprint.zone/databases/zone.db,INSERT INTO installed_apps_tbl(version_name, package_name, synce,34,,7]
02-02 10:46:01.126 I/db_sample( 1115): [/data/data/com.sprint.zone/databases/zone.db,INSERT INTO installed_apps_tbl(version_name, package_name, synce,26,,6]
02-02 10:46:02.327 I/dvm_gc_madvise_info( 1115): [278528,126976]
02-02 10:46:03.679 I/notification_cancel(  283): [com.android.phone,111,0]
02-02 10:46:04.329 I/dvm_gc_info( 1115): [3349111792835229263,-8987630248270059468,-4005242647839147987,7358131]
02-02 10:46:04.359 I/dvm_gc_info( 1115): [3349111792835077204,-9114575325310838731,-4004961172862437331,7358131]
02-02 10:46:07.042 I/wifi_supplicant_state_changed(  283): 2
02-02 10:46:08.033 I/wifi_supplicant_state_changed(  283): 1
02-02 10:46:08.814 I/dvm_gc_info(  406): [8320808730291627631,-8948223820266805197,-4004398222909016019,7358200]
02-02 10:46:08.814 I/binder_sample(  422): [com.android.internal.telephony.ITelephonyRegistry,6,84,com.android.phone,16]
02-02 10:46:08.814 I/notification_cancel(  283): [com.android.phone,111,0]
02-02 10:46:09.394 I/dvm_gc_madvise_info( 1115): [282624,126976]
02-02 10:46:10.165 I/power_screen_state(  283): [0,3,0,0]
02-02 10:46:10.175 I/power_screen_broadcast_send(  283): 1
02-02 10:46:10.175 I/screen_toggled(  283): 0
02-02 10:46:10.195 I/am_pause_activity(  283): [1079273288,com.android.launcher/com.android.launcher2.Launcher]
02-02 10:46:10.215 I/am_on_paused_called(  522): com.android.launcher2.Launcher
02-02 10:46:10.255 I/power_screen_broadcast_done(  283): [0,75,1]
02-02 10:46:12.153 I/dvm_gc_info( 1115): [3349111792835298860,-9094590601964386251,-4004961172862437331,7358131]
