02-02 11:41:50.337 I/boot_progress_start(  120): 51323
02-02 11:42:05.342 I/boot_progress_preload_start(  120): 66323
02-02 11:42:05.352 I/dvm_gc_info(  120): [8825198673194394825,-9063934019012811202,-4012584086963378626,0]
02-02 11:42:07.004 I/dvm_gc_info(  120): [8825198673194543148,-8859841571167975388,-4012560997233768412,0]
02-02 11:42:07.344 I/dvm_gc_info(  120): [8825198673194526760,-8885174319071872984,-4012560997233706968,0]
02-02 11:42:08.485 I/dvm_gc_info(  120): [8825198673194530813,-8896151843163510739,-4012560997233629139,0]
02-02 11:42:08.515 I/dvm_gc_info(  120): [8825198673194476646,-9066162729096759251,-4012560997233641427,0]
02-02 11:42:08.735 I/dvm_gc_info(  120): [8825198673194484886,-9068696003887138771,-4012560997233625043,6825601]
02-02 11:42:08.825 I/boot_progress_preload_end(  120): 69812
02-02 11:42:08.845 I/dvm_gc_info(  120): [8825198673194484877,-9098813826395170770,-4010027722443220946,7358131]
02-02 11:42:08.875 I/dvm_gc_info(  120): [8825198673194480690,-9133435248530589650,-4010027722443229138,7358131]
02-02 11:42:08.895 I/dvm_gc_info(  120): [8825198673194484295,-9214781516799969234,-4010027722443229138,7358131]
02-02 11:42:09.186 I/boot_progress_system_run(  283): 70177
02-02 11:42:09.316 I/boot_progress_pms_start(  283): 70306
02-02 11:42:09.546 I/dvm_gc_info(  283): [8320808730291668516,-9024503882552817613,-4005524122815858643,7358131]
02-02 11:42:09.596 I/boot_progress_pms_system_scan_start(  283): 70588
02-02 11:42:11.478 I/dvm_gc_info(  283): [8320808730291664467,-9030695919673202634,-4004679697885726675,7358131]
02-02 11:42:11.638 I/dvm_gc_info(  283): [8320808730291684955,-9027880963697260487,-4003835272955594707,7358131]
02-02 11:42:11.708 I/dvm_gc_info(  283): [8320808730291754557,-9067568729204701124,-4003272323002173395,7358131]
02-02 11:42:11.738 I/dvm_gc_info(  283): [8320808730291680838,-9215342885802588099,-4002709373048752083,7358131]
02-02 11:42:11.758 I/dvm_gc_info(  283): [8320808730291680633,-9221816810250155970,-4002427898072041427,7358131]
02-02 11:42:11.808 I/dvm_gc_info(  283): [8320808730291826688,-9223223978924947391,-4001583473141909459,7358131]
02-02 11:42:11.848 I/dvm_gc_info(  283): [8320808730291721792,-9220127754214684609,-4002146423095330771,7358131]
02-02 11:42:11.868 I/dvm_gc_info(  283): [8320808730291684704,-9222098079018104767,-4001583473141909459,7358131]
02-02 11:42:11.918 I/dvm_gc_info(  283): [8320808730291802112,-9223223772716185533,-4000739048211777491,7358131]
02-02 11:42:12.119 I/dvm_gc_info(  283): [8320808730291664443,-9048146199662360503,-3999050198351513555,7358131]
02-02 11:42:12.339 I/dvm_gc_info(  283): [8320808730291660049,-9045893987347068847,-3995953973607696339,7358131]
02-02 11:42:12.559 I/dvm_gc_info(  283): [8320808730291668589,-9032663907409815465,-3993983648770721747,7358131]
02-02 11:42:12.839 I/dvm_gc_info(  283): [8320808730291721898,-8944843233572497318,-3993139223840589779,7358131]
02-02 11:42:13.140 I/dvm_gc_info(  283): [8320808730291677230,-8876726014331246533,-4003553797978884051,7358131]
02-02 11:42:13.230 I/dvm_gc_info(  283): [8320808730291668601,-8985375355341592517,-4003272323002173395,7358131]
02-02 11:42:13.370 I/dvm_gc_info(  283): [8320808730291664488,-8972708981389543363,-4002990848025462739,7358131]
02-02 11:42:13.540 I/dvm_gc_info(  283): [8320808730291676754,-9031537251522045889,-4002146423095330771,7358131]
02-02 11:42:13.650 I/dvm_gc_info(  283): [8320808730291664583,-8921762010604959685,-4003272323002173395,7358131]
02-02 11:42:13.800 I/dvm_gc_info(  283): [8320808730291676757,-9009582203338614723,-4002709373048752083,7358131]
02-02 11:42:13.940 I/dvm_gc_info(  283): [8320808730291668701,-8918665785861195720,-4004398222909016019,7358131]
02-02 11:42:14.101 I/dvm_gc_info(  283): [8320808730291664501,-8975805206133454792,-4004116747932305363,7358131]
02-02 11:42:14.211 I/dvm_gc_info(  283): [8320808730291664474,-9001982378967492549,-4003553797978884051,7358131]
02-02 11:42:14.321 I/dvm_gc_info(  283): [8320808730291672655,-9054618199612356546,-4002427898072041427,7358131]
02-02 11:42:14.481 I/dvm_gc_info(  283): [8320808730291664523,-8924858235348740035,-4002709373048752083,7358131]
02-02 11:42:14.581 I/dvm_gc_info(  283): [8320808730291672655,-9048144275147937728,-4001864948118620115,7358131]
02-02 11:42:14.731 I/dvm_gc_info(  283): [8320808730291676861,-8922324960558331844,-4002990848025462739,7358131]
02-02 11:42:14.861 I/dvm_gc_info(  283): [8320808730291668635,-8924858235348785094,-4003553797978884051,7358131]
02-02 11:42:15.031 I/dvm_gc_info(  283): [8320808730291713624,-9003108278874290115,-4002709373048752083,7358131]
02-02 11:42:15.192 I/dvm_gc_info(  283): [8320808730291668628,-8924858235348752324,-4003272323002173395,7358131]
02-02 11:42:15.542 I/dvm_gc_info(  283): [8320808730291668573,-8989034530038757314,-4002427898072041427,7358131]
02-02 11:42:15.612 I/dvm_gc_info(  283): [8320808730291672691,-9015774652826281922,-4002427898072041427,7358131]
02-02 11:42:15.752 I/dvm_gc_info(  283): [8320808730291664429,-9041951825660241852,-4000739048211777491,7358131]
02-02 11:42:15.902 I/dvm_gc_info(  283): [8320808730291684969,-8998886154223450043,-4000176098258356179,7358131]
02-02 11:42:16.153 I/dvm_gc_info(  283): [8320808730291668736,-8914443661210412994,-4002427898072041427,7358131]
02-02 11:42:16.243 I/dvm_gc_info(  283): [8320808730291660373,-9014085802966009792,-4001864948118620115,7358131]
02-02 11:42:16.283 I/dvm_gc_info(  283): [8320808730291742279,-9216466311220971455,-4001864948118620115,7358131]
02-02 11:42:16.403 I/dvm_gc_info(  283): [8320808730291668521,-9060247699146446778,-3999894623281645523,7358131]
02-02 11:42:16.543 I/dvm_gc_info(  283): [8320808730291664447,-9041670350683404213,-3998205773421381587,7358131]
02-02 11:42:16.803 I/dvm_gc_info(  283): [8320808730291697250,-8997478779339712433,-3996798398537828307,7358131]
02-02 11:42:16.903 I/dvm_gc_info(  283): [8320808730291664779,-8907406786792667070,-4001583473141909459,7358131]
02-02 11:42:17.023 I/dvm_gc_info(  283): [8320808730291672643,-9056869999425910715,-4000176098258356179,7358131]
02-02 11:42:17.184 I/dvm_gc_info(  283): [8320808730291664437,-9038574125939578805,-3998205773421381587,7358131]
02-02 11:42:17.394 I/dvm_gc_info(  283): [8320808730291684968,-9034914951242315698,-3997079873514538963,7358131]
02-02 11:42:17.544 I/dvm_gc_info(  283): [8320808730291668789,-8913317761303443387,-4000176098258356179,7358131]
02-02 11:42:17.714 I/dvm_gc_info(  283): [8320808730291684968,-8993819604642633656,-3999331673328224211,7358131]
02-02 11:42:17.864 I/dvm_gc_info(  283): [8320808730291672843,-8916976936000759744,-4001864948118620115,7358131]
02-02 11:42:18.094 I/dvm_gc_info(  283): [8320808730291668581,-8960042607437481918,-4001301998165198803,7358131]
02-02 11:42:18.205 I/dvm_gc_info(  283): [8320808730291664464,-9009863678315243452,-4000457573235066835,7358131]
02-02 11:42:18.235 I/dvm_gc_info(  283): [8320808730291705106,-9220125485918103482,-4000176098258356179,7358131]
02-02 11:42:18.265 I/dvm_gc_info(  283): [8320808730291748864,-9223221504453158839,-3999050198351513555,7358131]
02-02 11:42:18.305 I/dvm_gc_info(  283): [8320808730291705437,-9215621680081971128,-3999050198351513555,7358131]
02-02 11:42:18.335 I/dvm_gc_info(  283): [8320808730291709305,-9221814129569605558,-3998487248398092243,7358131]
02-02 11:42:18.365 I/dvm_gc_info(  283): [8320808730291748864,-9223221298244396980,-3997642823467960275,7358131]
02-02 11:42:18.405 I/dvm_gc_info(  283): [8320808730291750464,-9220125073500579765,-3998205773421381587,7358131]
02-02 11:42:18.435 I/dvm_gc_info(  283): [8320808730291709280,-9222095398337554356,-3997642823467960275,7358131]
02-02 11:42:18.475 I/dvm_gc_info(  283): [8320808730291748864,-9223221092035635121,-3996798398537828307,7358131]
02-02 11:42:18.675 I/dvm_gc_info(  283): [8320808730291664448,-9041106782103615402,-3994265123747432403,7358131]
02-02 11:42:18.875 I/dvm_gc_info(  283): [8320808730291668593,-9034351382662379428,-3992013323933747155,7358131]
02-02 11:42:19.165 I/dvm_gc_info(  283): [8320808730291668532,-8965671488210552728,-3988072674259797971,7358131]
02-02 11:42:19.456 I/dvm_gc_info(  283): [8320808730291734267,-8990159261394868119,-3987509724306376659,7358131]
02-02 11:42:19.686 I/dvm_gc_info(  283): [8320808730291681332,-8873628483598358457,-3999331673328224211,7358131]
02-02 11:42:19.976 I/dvm_gc_info(  283): [8320808730291672756,-8921479229639202746,-4000176098258356179,7358131]
02-02 11:42:20.126 I/dvm_gc_info(  283): [8320808730291672638,-9004232872792070069,-3998487248398092243,7358131]
02-02 11:42:20.267 I/dvm_gc_info(  283): [8320808730291660377,-9009580897349498801,-3996798398537828307,7358131]
02-02 11:42:20.307 I/dvm_gc_info(  283): [8320808730291729954,-9069253592412157871,-3996235448584406995,7358131]
02-02 11:42:20.357 I/dvm_gc_info(  283): [8320808730291769344,-9223220198464124844,-3995109548677564371,7358131]
02-02 11:42:20.397 I/dvm_gc_info(  283): [8320808730291770744,-9222938723487414190,-3995672498630985683,7358131]
02-02 11:42:20.447 I/dvm_gc_info(  283): [8320808730291769344,-9223219786046601128,-3993702173794011091,7358131]
02-02 11:42:20.477 I/dvm_gc_info(  283): [8320808730291729968,-9222375361116469163,-3994546598724143059,7358131]
02-02 11:42:20.517 I/dvm_gc_info(  283): [8320808730291769344,-9223219442365331366,-3993139223840589779,7358131]
02-02 11:42:20.567 I/dvm_gc_info(  283): [8320808730291734157,-9215619617994143657,-3993983648770721747,7358131]
02-02 11:42:20.597 I/dvm_gc_info(  283): [8320808730291734064,-9221812067481778086,-3993139223840589779,7358131]
02-02 11:42:20.637 I/dvm_gc_info(  283): [8320808730291769344,-9223219098684061602,-3991450373980325843,7358131]
02-02 11:42:20.687 I/dvm_gc_info(  283): [8320808730291771014,-9219841398963533733,-3992576273887168467,7358131]
02-02 11:42:20.717 I/dvm_gc_info(  283): [8320808730291729966,-9222093198777218978,-3991450373980325843,7358131]
02-02 11:42:20.767 I/dvm_gc_info(  283): [8320808730291769344,-9223218755002791837,-3989761524120061907,7358131]
02-02 11:42:21.037 I/dvm_gc_info(  283): [8320808730291668597,-9024215946468034452,-3986665299376244691,7358131]
02-02 11:42:21.318 I/dvm_gc_info(  283): [8320808730291664420,-9014927272236152710,-3981598749795452883,7358131]
02-02 11:42:21.638 I/dvm_gc_info(  283): [8320808730291668659,-9008734822563944315,-3977658100121503699,7358131]
02-02 11:42:22.028 I/dvm_gc_info(  283): [8320808730291775313,-8920069448901945207,-3976532200214661075,7358131]
02-02 11:42:22.489 I/dvm_gc_info(  283): [8320808730291689554,-8833656287455078319,-3995953973607696339,7358131]
02-02 11:42:22.679 I/dvm_gc_info(  283): [8320808730291672876,-8914439605771200438,-3998487248398092243,7358131]
02-02 11:42:22.859 I/dvm_gc_info(  283): [8320808730291676808,-8940053828651829172,-3997924298444670931,7358131]
02-02 11:42:23.109 I/dvm_gc_info(  283): [8320808730291668652,-8923446805025945524,-3997924298444670931,7358131]
02-02 11:42:23.249 I/dvm_gc_info(  283): [8320808730291668606,-9004793073295251378,-3997079873514538963,7358131]
02-02 11:42:23.470 I/dvm_gc_info(  283): [8320808730291684956,-9015770597386876845,-3995391023654275027,7358131]
02-02 11:42:23.660 I/dvm_gc_info(  283): [8320808730291676935,-8917817305491621809,-3996798398537828307,7358131]
02-02 11:42:23.830 I/dvm_gc_info(  283): [8320808730291676848,-8938083503814813617,-3996798398537828307,7358131]
02-02 11:42:24.020 I/dvm_gc_info(  283): [8320808730291689106,-8925698604839466927,-3995953973607696339,7358131]
02-02 11:42:24.230 I/dvm_gc_info(  283): [8320808730291668703,-8920913530235512753,-3996798398537828307,7358131]
02-02 11:42:24.431 I/dvm_gc_info(  283): [8320808730291668598,-8979460325391194029,-3995391023654275027,7358131]
02-02 11:42:24.691 I/dvm_gc_info(  283): [8320808730291684982,-9003104223434823593,-3993702173794011091,7358131]
02-02 11:42:24.881 I/dvm_gc_info(  283): [8320808730291672867,-8915284030701176749,-3995672498630985683,7358131]
02-02 11:42:25.081 I/dvm_gc_info(  283): [8320808730291684962,-9012392897666275240,-3993420698817300435,7358131]
02-02 11:42:25.221 I/dvm_gc_info(  283): [8320808730291672863,-8920350580281984940,-3995109548677564371,7358131]
02-02 11:42:25.442 I/dvm_gc_info(  283): [8320808730291668606,-8987904574692386727,-3993420698817300435,7358131]
02-02 11:42:25.672 I/dvm_gc_info(  283): [8320808730291705467,-9007326348085315490,-3991450373980325843,7358131]
02-02 11:42:25.922 I/dvm_gc_info(  283): [8320808730291673024,-8902336181772498863,-3995953973607696339,7358131]
02-02 11:42:26.132 I/dvm_gc_info(  283): [8320808730291676837,-8949342502883182509,-3995391023654275027,7358131]
02-02 11:42:26.363 I/dvm_gc_info(  283): [8320808730291685035,-8924009754979153836,-3994828073700853715,7358131]
02-02 11:42:26.453 I/boot_progress_pms_data_scan_start(  283): 87430
02-02 11:42:26.453 I/boot_progress_pms_scan_end(  283): 87430
02-02 11:42:26.653 I/dvm_gc_info(  283): [8320808730291701505,-8915846980654643120,-3996516923561117651,7358131]
02-02 11:42:26.663 I/boot_progress_pms_ready(  283): 87648
02-02 11:42:26.713 I/dvm_gc_info(  283): [8320808730291799620,-9001415373574748084,-3997924298444670931,7358131]
02-02 11:42:27.113 I/db_sample(  283): [/data/data/com.android.providers.settings/databases/settings.db,INSERT OR IGNORE INTO system(name,value) VALUES(?,?);,0,,1]
02-02 11:42:27.123 I/db_sample(  283): [/data/data/com.android.providers.settings/databases/settings.db,INSERT OR IGNORE INTO system(name,value) VALUES(?,?);,0,,1]
02-02 11:42:27.233 I/battery_status(  283): [3,2,1,0,Li-ion]
02-02 11:42:27.233 I/battery_level(  283): [68,3876,300]
02-02 11:42:27.414 I/dvm_gc_info(  283): [8320808730291672646,-9021963046874535855,-3996235448584406995,7358131]
02-02 11:42:27.484 I/free_storage_left(  283): [2771554304,68120576,292642816]
02-02 11:42:27.484 I/free_storage_changed(  283): 2771554304
02-02 11:42:27.794 I/backup_data_changed(  283): android
02-02 11:42:27.814 I/backup_data_changed(  283): com.android.browser
02-02 11:42:27.824 I/backup_data_changed(  283): com.android.inputmethod.latin
02-02 11:42:27.834 I/backup_data_changed(  283): com.android.providers.settings
02-02 11:42:27.844 I/backup_data_changed(  283): com.android.providers.userdictionary
02-02 11:42:27.854 I/backup_data_changed(  283): com.android.vending
02-02 11:42:27.864 I/am_create_service(  283): [1081685384,com.google.android.backup/.BackupTransportService,,283]
02-02 11:42:27.924 I/dvm_gc_info(  283): [8320808730291754619,-8985934249855530925,-3995391023654275027,7358131]
02-02 11:42:28.084 I/backup_data_changed(  283): com.android.providers.settings
02-02 11:42:28.094 I/power_screen_state(  283): [1,3,0,0]
02-02 11:42:28.094 I/power_screen_broadcast_send(  283): 1
02-02 11:42:28.104 I/am_proc_start(  283): [356,10029,com.google.process.gapps,broadcast,com.google.android.gsf/.loginservice.MigrateToAccountManagerBroadcastReceiver]
02-02 11:42:28.114 I/configuration_changed(  283): 504
02-02 11:42:28.114 I/screen_toggled(  283): 1
02-02 11:42:28.194 I/dvm_gc_madvise_info(  356): [372736,126976]
02-02 11:42:28.274 I/am_proc_bound(  283): [356,com.google.process.gapps]
02-02 11:42:28.495 I/dvm_gc_info(  283): [8320808730291971686,-8977771475530889130,-3995391023654275027,7358211]
02-02 11:42:28.495 I/battery_level(  283): [67,3876,300]
02-02 11:42:29.175 I/binder_sample(  356): [android.app.IActivityManager,17,907,<pre-initialized>,100]
02-02 11:42:29.325 I/dvm_gc_info(  356): [7449358886915593810,-9011274627434039249,-4006931497699411923,7358131]
02-02 11:42:29.385 I/dvm_gc_info(  283): [8320808730291848793,-9019711247060760488,-3995391023654275027,7899014]
02-02 11:42:29.626 I/dvm_gc_info(  283): [8320808730291668606,-8989874899529435048,-3990605949050193875,8116029]
02-02 11:42:29.686 I/binder_sample(  356): [android.content.pm.IPackageManager,50,427,com.google.process.gapps,85]
02-02 11:42:29.746 I/am_create_task(  283): 2
02-02 11:42:29.746 I/am_create_activity(  283): [1079489760,2,com.android.setupwizard/.SetupWizardActivity,android.intent.action.MAIN,NULL,NULL,276824064]
02-02 11:42:29.756 I/am_proc_start(  283): [385,10007,android.process.acore,broadcast,com.android.providers.contacts/.ContactsUpgradeReceiver]
02-02 11:42:29.766 I/power_screen_broadcast_stop(  283): [2,1]
02-02 11:42:29.836 I/dvm_gc_madvise_info(  385): [368640,126976]
02-02 11:42:29.836 I/wifi_supplicant_connection_state_changed(  283): 1
02-02 11:42:29.836 I/connectivity_state_changed(  283): 9
02-02 11:42:29.896 I/binder_sample(  356): [android.app.IActivityManager,110,37,com.google.process.gapps,7]
02-02 11:42:29.896 I/am_proc_bound(  283): [385,android.process.acore]
02-02 11:42:30.186 I/binder_sample(  356): [android.app.IActivityManager,110,263,com.google.process.gapps,52]
02-02 11:42:30.186 I/binder_sample(  385): [android.app.IActivityManager,17,297,<pre-initialized>,59]
02-02 11:42:30.276 I/dvm_gc_info(  385): [7017575181484877415,-9000297034622846929,-4006931497699411923,7358131]
02-02 11:42:30.346 I/db_sample(  385): [/data/data/com.android.providers.contacts/databases/contacts2.db,CREATE TABLE IF NOT EXISTS agg_exceptions (_id INTEGER PRIMARY K,1,android.process.acore,1]
02-02 11:42:30.416 I/db_sample(  385): [/data/data/com.android.providers.contacts/databases/contacts2.db,INSERT INTO nickname_lookup(name,cluster) VALUES (?,?),0,android.process.acore,1]
02-02 11:42:30.416 I/db_sample(  385): [/data/data/com.android.providers.contacts/databases/contacts2.db,INSERT INTO nickname_lookup(name,cluster) VALUES (?,?),0,android.process.acore,1]
02-02 11:42:30.436 I/db_sample(  385): [/data/data/com.android.providers.contacts/databases/contacts2.db,INSERT INTO nickname_lookup(name,cluster) VALUES (?,?),1,android.process.acore,1]
02-02 11:42:30.527 I/db_sample(  385): [/data/data/com.android.providers.contacts/databases/contacts2.db,CREATE VIEW view_v1_people AS SELECT raw_contacts._id AS _id, na,5,android.process.acore,2]
02-02 11:42:30.577 I/backup_data_changed(  283): com.android.providers.settings
02-02 11:42:30.627 I/dvm_gc_info(  385): [7017575181484918366,-8951883269892347856,-4006368547745990611,7358131]
02-02 11:42:30.667 I/wifi_supplicant_state_changed(  283): 1
02-02 11:42:30.737 I/contacts_upgrade_receiver(  385): 518
02-02 11:42:30.737 I/am_proc_start(  283): [396,10056,com.android.providers.calendar,broadcast,com.android.providers.calendar/.CalendarUpgradeReceiver]
02-02 11:42:30.747 I/dvm_gc_madvise_info(  396): [368640,126976]
02-02 11:42:30.767 I/am_proc_bound(  283): [396,com.android.providers.calendar]
02-02 11:42:31.227 I/binder_sample(  385): [android.app.IActivityManager,110,435,android.process.acore,87]
02-02 11:42:31.227 I/binder_sample(  396): [android.app.IActivityManager,17,457,<pre-initialized>,91]
02-02 11:42:31.247 I/binder_sample(  385): [android.app.IActivityManager,110,14,android.process.acore,2]
02-02 11:42:31.317 I/dvm_gc_info(  396): [7161124065388852841,-9000015559646136273,-4006931497699411923,7358131]
02-02 11:42:31.447 I/calendar_upgrade_receiver(  396): 173
02-02 11:42:31.457 I/boot_progress_ams_ready(  283): 92445
02-02 11:42:31.467 I/am_proc_start(  283): [406,1000,com.android.systemui,service,com.android.systemui/.statusbar.StatusBarService]
02-02 11:42:31.467 I/configuration_changed(  283): 512
02-02 11:42:31.498 I/dvm_gc_madvise_info(  406): [368640,126976]
02-02 11:42:31.508 I/db_sample(  283): [/data/data/com.android.providers.settings/databases/settings.db,INSERT INTO secure(value, name) VALUES(?, ?);,38,,8]
02-02 11:42:31.538 I/am_proc_bound(  283): [406,com.android.systemui]
02-02 11:42:31.608 I/backup_data_changed(  283): com.android.providers.settings
02-02 11:42:31.698 I/am_create_service(  283): [1083145568,com.android.systemui/.statusbar.StatusBarService,,406]
02-02 11:42:31.708 I/am_create_service(  283): [1083213416,android/com.android.internal.service.wallpaper.ImageWallpaper,act=android.service.wallpaper.WallpaperService,283]
02-02 11:42:31.718 I/am_proc_start(  283): [419,10041,com.android.inputmethod.latin,service,com.android.inputmethod.latin/.LatinIME]
02-02 11:42:31.818 I/dvm_gc_madvise_info(  422): [364544,126976]
02-02 11:42:31.828 I/dvm_gc_madvise_info(  419): [368640,126976]
02-02 11:42:31.928 I/am_proc_start(  283): [422,1001,com.android.phone,added application,com.android.phone]
02-02 11:42:31.938 I/dvm_gc_info(  283): [8320808730292242105,-8970171651159660454,-3990605949050193875,8116030]
02-02 11:42:31.938 I/am_proc_start(  283): [437,1002,com.broadcom.bt.app.system,added application,com.broadcom.bt.app.system]
02-02 11:42:31.968 I/am_proc_start(  283): [438,10018,com.android.setupwizard,activity,com.android.setupwizard/.SetupWizardActivity]
02-02 11:42:31.968 I/am_proc_start(  283): [439,10017,com.locationlabs.v3client,broadcast,com.locationlabs.v3client/com.locationlabs.util.android.Autostart]
02-02 11:42:31.968 I/am_proc_bound(  283): [422,com.android.phone]
02-02 11:42:32.008 I/dvm_gc_info(  406): [8320808730291906150,-8992415735274940369,-4006650022722701267,7358131]
02-02 11:42:32.058 I/backup_data_changed(  283): com.android.providers.settings
02-02 11:42:32.088 I/dvm_gc_madvise_info(  437): [364544,126976]
02-02 11:42:32.108 I/dvm_gc_madvise_info(  438): [364544,126976]
02-02 11:42:32.118 I/dvm_gc_madvise_info(  439): [360448,126976]
02-02 11:42:32.178 I/dvm_gc_info(  120): [8825198673195066413,-9139345947962275794,-4006087072769275858,7358131]
02-02 11:42:32.368 I/dvm_gc_info(  120): [8825198673194922032,-9222662541068629970,-4006087072769275858,7358131]
02-02 11:42:32.549 I/dvm_gc_info(  120): [8825198673195024432,-9222662541068629970,-4006087072769275858,7358131]
02-02 11:42:33.269 I/am_proc_bound(  283): [419,com.android.inputmethod.latin]
02-02 11:42:33.269 I/binder_sample(  422): [android.app.IActivityManager,17,1365,<pre-initialized>,100]
02-02 11:42:33.419 I/dvm_gc_info(  422): [8099846449757501030,-8991852785321519057,-4006650022722701267,7358131]
02-02 11:42:33.630 I/am_create_service(  283): [1082119544,com.android.inputmethod.latin/.LatinIME,act=android.view.InputMethod,419]
02-02 11:42:33.630 I/am_proc_bound(  283): [437,com.broadcom.bt.app.system]
02-02 11:42:33.640 I/notification_cancel(  283): [android,17302240,0]
02-02 11:42:33.640 I/binder_sample(  419): [android.app.IActivityManager,17,1736,<pre-initialized>,100]
02-02 11:42:33.740 I/am_proc_bound(  283): [438,com.android.setupwizard]
02-02 11:42:33.740 I/binder_sample(  437): [android.app.IActivityManager,17,1492,<pre-initialized>,100]
02-02 11:42:33.810 I/dvm_gc_info(  419): [7809651225003152998,-8991852785321519057,-4006650022722701267,7358131]
02-02 11:42:33.940 I/am_restart_activity(  283): [1079489760,2,com.android.setupwizard/.SetupWizardActivity]
02-02 11:42:33.950 I/am_proc_bound(  283): [439,com.locationlabs.v3client]
02-02 11:42:33.950 I/binder_sample(  438): [android.app.IActivityManager,17,1698,<pre-initialized>,100]
02-02 11:42:34.090 I/dvm_gc_info(  438): [8315180334748632661,-9006771027806668753,-4006931497699411923,7358131]
02-02 11:42:34.480 I/binder_sample(  422): [android.app.IActivityManager,30,1003,com.android.phone,100]
02-02 11:42:34.480 I/binder_sample(  437): [android.app.IActivityManager,29,674,com.broadcom.bt.app.system,100]
02-02 11:42:34.490 I/binder_sample(  419): [android.app.IActivityManager,29,635,com.android.inputmethod.latin,100]
02-02 11:42:34.490 I/binder_sample(  406): [android.app.IActivityManager,12,2048,com.android.systemui,100]
02-02 11:42:34.500 I/binder_sample(  439): [android.app.IActivityManager,17,2224,<pre-initialized>,100]
02-02 11:42:34.520 I/am_proc_start(  283): [475,10029,com.google.process.gapps,service,com.google.android.gsf/.loginservice.GoogleLoginService]
02-02 11:42:34.550 I/binder_sample(  406): [,1,21,com.android.systemui,4]
02-02 11:42:34.681 I/binder_sample(  406): [IMountService,1,31,com.android.systemui,6]
02-02 11:42:34.681 I/binder_sample(  422): [android.content.IContentProvider,21,50,com.android.phone,10]
02-02 11:42:34.701 I/binder_sample(  438): [,1,39,com.android.setupwizard,7]
02-02 11:42:34.711 I/notification_cancel(  283): [android,17302240,0]
02-02 11:42:34.831 I/dvm_gc_info(  437): [8320808730291709523,-9010430202503911377,-4006931497699411923,7358131]
02-02 11:42:34.851 I/dvm_gc_info(  439): [8517260637557028461,-8992978685228365777,-4006650022722701267,7358131]
02-02 11:42:34.911 I/binder_sample(  437): [android.content.IContentProvider,3,262,com.broadcom.bt.app.system,52]
02-02 11:42:34.911 I/binder_sample(  475): [,1,182,<pre-initialized>,36]
02-02 11:42:34.911 I/am_proc_bound(  283): [475,com.google.process.gapps]
02-02 11:42:34.921 I/content_update_sample(  437): [content://settings/system,insert,,279,com.broadcom.bt.app.system,56]
02-02 11:42:34.921 I/am_create_service(  283): [1080496312,com.google.android.gsf/.loginservice.GoogleLoginService,act=com.google.android.gsf.action.GET_GLS,475]
02-02 11:42:34.921 I/am_proc_start(  283): [497,10007,android.process.acore,content provider,com.android.providers.userdictionary/.UserDictionaryProvider]
02-02 11:42:34.961 I/binder_sample(  419): [android.content.IContentProvider,21,90,com.android.inputmethod.latin,18]
02-02 11:42:35.091 I/dvm_gc_info(  419): [7809651225003517312,-9051244005407442895,-4006650022722701267,7358207]
02-02 11:42:35.121 I/am_proc_bound(  283): [497,android.process.acore]
02-02 11:42:35.381 I/db_sample(  283): [/data/data/com.android.providers.settings/databases/settings.db,INSERT INTO secure(value, name) VALUES(?, ?);,470,,95]
02-02 11:42:35.391 I/binder_sample(  438): [android.content.IContentProvider,3,484,com.android.setupwizard,96]
02-02 11:42:35.391 I/content_update_sample(  438): [content://settings/secure,insert,,489,com.android.setupwizard,98]
02-02 11:42:35.421 I/backup_data_changed(  283): com.android.providers.settings
02-02 11:42:35.582 I/dvm_gc_info(  283): [8320808730291676871,-8947090703069349797,-3986383824399534035,8542164]
02-02 11:42:35.752 I/binder_sample(  439): [android.content.pm.IPackageManager,50,353,com.locationlabs.v3client,70]
02-02 11:42:35.762 I/binder_sample(  438): [android.content.pm.IPackageManager,10,352,com.android.setupwizard,70]
02-02 11:42:35.762 I/binder_sample(  406): [android.content.pm.IPackageManager,10,342,com.android.systemui,68]
02-02 11:42:35.772 I/binder_sample(  437): [android.content.IContentProvider,3,848,com.broadcom.bt.app.system,100]
02-02 11:42:35.802 I/content_update_sample(  437): [content://settings/system,insert,,880,com.broadcom.bt.app.system,100]
02-02 11:42:35.862 I/backup_data_changed(  283): com.android.providers.settings
02-02 11:42:35.942 I/dvm_gc_info(  439): [8517260637557024345,-9027318563634001871,-4006087072769279955,7358131]
02-02 11:42:36.933 I/db_sample(  419): [/data/data/com.android.inputmethod.latin/databases/userbigram_dict.db,COMMIT;PRAGMA user_version = 1,940,,100]
02-02 11:42:36.953 I/binder_sample(  437): [android.content.IContentProvider,3,1147,com.broadcom.bt.app.system,100]
02-02 11:42:36.953 I/content_update_sample(  437): [content://settings/system,insert,,1150,com.broadcom.bt.app.system,100]
02-02 11:42:36.963 I/binder_sample(  438): [android.content.pm.IPackageManager,50,1100,com.android.setupwizard,100]
02-02 11:42:36.973 I/binder_sample(  422): [android.app.IActivityManager,46,1779,com.android.phone,100]
02-02 11:42:36.983 I/binder_sample(  419): [android.app.IActivityManager,38,1760,com.android.inputmethod.latin,100]
02-02 11:42:36.983 I/binder_sample(  497): [android.app.IActivityManager,17,1868,<pre-initialized>,100]
02-02 11:42:37.003 I/binder_sample(  419): [android.app.IActivityManager,110,15,com.android.inputmethod.latin,3]
02-02 11:42:37.033 I/dvm_gc_madvise_info(  406): [237568,126976]
02-02 11:42:37.053 I/dvm_gc_info(  283): [8320808730291676971,-8922039430142101413,-3986383824399534035,8542164]
02-02 11:42:37.063 I/am_create_task(  283): 3
02-02 11:42:37.063 I/binder_sample(  475): [android.app.IActivityManager,12,1646,com.google.process.gapps,100]
02-02 11:42:37.063 I/am_create_activity(  283): [1079273288,3,com.android.launcher/com.android.launcher2.Launcher,android.intent.action.MAIN,NULL,NULL,270532608]
02-02 11:42:37.063 I/am_pause_activity(  283): [1079489760,com.android.setupwizard/.SetupWizardActivity]
02-02 11:42:37.073 I/binder_sample(  439): [android.app.IActivityManager,14,1254,com.locationlabs.v3client,100]
02-02 11:42:37.083 I/am_proc_start(  283): [517,1000,com.redbend.vdmc,broadcast,com.redbend.vdmc/.MyConnectionChangeReceiver]
02-02 11:42:37.083 I/configuration_changed(  283): 4
02-02 11:42:37.093 I/binder_sample(  406): [android.app.IActivityManager,12,1292,com.android.systemui,100]
02-02 11:42:37.113 I/db_sample(  283): [/data/data/com.android.providers.settings/databases/settings.db,INSERT INTO system(value, name) VALUES(?, ?);,54,,11]
02-02 11:42:37.153 I/db_sample(  419): [/data/data/com.android.inputmethod.latin/databases/auto_dict.db,COMMIT;PRAGMA user_version = 1,1087,,100]
02-02 11:42:37.173 I/am_proc_died(  283): [438,com.android.setupwizard]
02-02 11:42:37.173 I/am_destroy_service(  283): [1080496312,com.google.android.gsf/.loginservice.GoogleLoginService,475]
02-02 11:42:37.183 I/am_proc_start(  283): [522,10040,com.android.launcher,activity,com.android.launcher/com.android.launcher2.Launcher]
02-02 11:42:37.213 I/configuration_changed(  283): 3
02-02 11:42:37.273 I/binder_sample(  475): [android.app.IActivityManager,30,68,com.google.process.gapps,13]
02-02 11:42:37.313 I/backup_data_changed(  283): com.android.providers.settings
02-02 11:42:37.323 I/dvm_gc_info(  422): [8099846449757480489,-9025629713740150733,-4005524122815858643,7358131]
02-02 11:42:37.333 I/am_proc_bound(  283): [517,com.redbend.vdmc]
02-02 11:42:37.443 I/db_sample(  283): [/data/data/com.android.providers.settings/databases/settings.db,INSERT INTO system(value, name) VALUES(?, ?);,98,,20]
02-02 11:42:37.453 I/content_update_sample(  437): [content://settings/system,insert,,176,com.broadcom.bt.app.system,36]
02-02 11:42:37.563 I/dvm_gc_madvise_info(  517): [352256,126976]
02-02 11:42:37.573 I/dvm_gc_madvise_info(  522): [352256,126976]
02-02 11:42:37.593 I/dvm_gc_madvise_info(  497): [155648,126976]
02-02 11:42:37.613 I/dvm_gc_madvise_info(  475): [147456,126976]
02-02 11:42:37.704 I/binder_sample(  437): [android.content.IContentProvider,3,39,com.broadcom.bt.app.system,7]
02-02 11:42:37.814 I/dvm_gc_info(  437): [8320808730291656307,-9016622514552588241,-4006650022722701267,7358131]
02-02 11:42:37.834 I/dvm_gc_info(  475): [7449358886915622527,-8976089980450498512,-4006368547745990611,7358131]
02-02 11:42:37.984 I/am_proc_bound(  283): [522,com.android.launcher]
02-02 11:42:37.984 I/binder_sample(  422): [android.app.IActivityManager,12,641,com.android.phone,100]
02-02 11:42:37.994 I/binder_sample(  517): [android.app.IActivityManager,17,654,<pre-initialized>,100]
02-02 11:42:38.334 I/am_restart_activity(  283): [1079273288,3,com.android.launcher/com.android.launcher2.Launcher]
02-02 11:42:38.344 I/binder_sample(  439): [android.app.IActivityManager,110,994,com.locationlabs.v3client,100]
02-02 11:42:38.344 I/binder_sample(  406): [android.app.IActivityManager,110,974,com.android.systemui,100]
02-02 11:42:38.354 I/am_create_service(  283): [1086056040,com.google.android.location/.NetworkLocationService,act=com.google.android.location.NetworkLocationProvider,475]
02-02 11:42:38.354 I/binder_sample(  522): [android.app.IActivityManager,17,1006,<pre-initialized>,100]
02-02 11:42:38.644 I/binder_sample(  497): [android.app.IActivityManager,12,1088,android.process.acore,100]
02-02 11:42:38.644 I/am_proc_start(  283): [538,10021,com.google.android.apps.plus,broadcast,com.google.android.apps.plus/com.google.android.picasasync.ConnectivityReceiver]
02-02 11:42:38.644 I/binder_sample(  437): [android.app.IActivityManager,110,878,com.broadcom.bt.app.system,100]
02-02 11:42:38.644 I/binder_sample(  422): [android.app.IActivityManager,12,663,com.android.phone,100]
02-02 11:42:38.644 I/binder_sample(  517): [android.app.IActivityManager,110,594,com.redbend.vdmc,100]
02-02 11:42:38.644 I/binder_sample(  475): [android.app.IActivityManager,14,903,com.google.process.gapps,100]
02-02 11:42:38.725 I/db_sample(  475): [/data/data/com.google.android.gsf/databases/subscribedfeeds.db,DROP TABLE IF EXISTS _sync_state,1,com.google.process.gapps,1]
02-02 11:42:38.735 I/dvm_gc_madvise_info(  538): [368640,126976]
02-02 11:42:38.745 I/binder_sample(  439): [android.app.IActivityManager,110,373,com.locationlabs.v3client,74]
02-02 11:42:38.815 I/binder_sample(  422): [android.app.IActivityManager,14,143,com.android.phone,28]
02-02 11:42:38.815 I/am_proc_bound(  283): [538,com.google.android.apps.plus]
02-02 11:42:38.865 I/dvm_gc_info(  497): [7017575181484910202,-8973275230666602447,-4006368547745990611,7358131]
02-02 11:42:38.865 I/db_sample(  497): [/data/data/com.android.providers.contacts/databases/contacts2.db,PRAGMA user_version;,0,android.process.acore,1]
02-02 11:42:38.935 I/backup_data_changed(  283): com.android.providers.settings
02-02 11:42:39.035 I/backup_data_changed(  283): com.android.providers.settings
02-02 11:42:39.045 I/backup_data_changed(  283): com.android.providers.settings
02-02 11:42:39.165 I/db_sample(  283): [/data/data/com.android.providers.settings/databases/settings.db,INSERT INTO system(value, name) VALUES(?, ?);,107,,22]
02-02 11:42:39.165 I/backup_data_changed(  283): com.android.providers.settings
02-02 11:42:39.185 I/content_update_sample(  422): [content://settings/system,insert,,120,com.android.phone,25]
02-02 11:42:39.245 I/notification_cancel(  283): [com.android.phone,2,0]
02-02 11:42:40.106 I/dvm_gc_madvise_info(  419): [282624,126976]
02-02 11:42:41.047 I/dvm_gc_madvise_info(  439): [290816,126976]
02-02 11:42:42.118 I/dvm_gc_madvise_info(  283): [3170304,126976]
02-02 11:42:42.338 I/dvm_gc_madvise_info(  422): [131072,126976]
02-02 11:42:42.869 I/dvm_gc_madvise_info(  437): [495616,126976]
02-02 11:42:42.869 I/dvm_gc_madvise_info(  475): [462848,126976]
02-02 11:42:43.920 I/dvm_gc_madvise_info(  497): [339968,126976]
02-02 11:42:45.691 I/wifi_supplicant_state_changed(  283): 2
02-02 11:42:45.731 I/binder_sample(  522): [android.app.IActivityManager,12,6899,com.android.launcher,100]
02-02 11:42:45.731 I/binder_sample(  437): [android.app.IActivityManager,110,6904,com.broadcom.bt.app.system,100]
02-02 11:42:45.741 I/binder_sample(  517): [android.app.IActivityManager,110,6891,com.redbend.vdmc,100]
02-02 11:42:45.751 I/am_create_service(  283): [1086152824,com.google.android.location/.internal.server.NetworkLocationService,act=com.google.android.location.internal.ANDROID_NLP,475]
02-02 11:42:45.751 I/binder_sample(  475): [android.app.IActivityManager,36,6716,com.google.process.gapps,100]
02-02 11:42:45.771 I/binder_sample(  538): [android.app.IActivityManager,17,6971,<pre-initialized>,100]
02-02 11:42:45.811 I/binder_sample(  439): [android.app.IActivityManager,110,6827,com.locationlabs.v3client,100]
02-02 11:42:45.922 I/binder_sample(  422): [android.app.IActivityManager,12,6639,com.android.phone,100]
02-02 11:42:45.932 I/binder_sample(  497): [android.app.IActivityManager,12,6641,android.process.acore,100]
02-02 11:42:45.972 I/binder_sample(  475): [android.app.IActivityManager,29,91,com.google.process.gapps,18]
02-02 11:42:45.992 I/binder_sample(  439): [android.app.IActivityManager,110,171,com.locationlabs.v3client,34]
02-02 11:42:46.002 I/am_create_service(  283): [1081813496,com.android.phone/.BluetoothHeadsetService,act=android.bluetooth.IBluetoothHeadset,422]
02-02 11:42:46.002 I/binder_sample(  437): [android.app.IActivityManager,110,70,com.broadcom.bt.app.system,14]
02-02 11:42:46.082 I/content_query_sample(  475): [content://com.google.settings/partner,value,name='maps_client_id',,316,com.google.process.gapps,64]
02-02 11:42:46.122 I/binder_sample(  497): [android.content.IContentService,3,66,android.process.acore,13]
02-02 11:42:46.192 I/dvm_gc_info(  538): [3346293774832739951,-8982563904881268686,-4005805597792569299,7358131]
02-02 11:42:46.302 I/dvm_gc_info(  283): [8320808730291783440,-8920632055258519460,-3986102349422823379,8542164]
02-02 11:42:46.352 I/db_sample(  497): [/data/data/com.android.providers.contacts/databases/contacts2.db,INSERT INTO nickname_lookup(name,cluster) VALUES (?,?),0,,1]
02-02 11:42:46.382 I/db_sample(  497): [/data/data/com.android.providers.contacts/databases/contacts2.db,INSERT INTO nickname_lookup(name,cluster) VALUES (?,?),0,,1]
02-02 11:42:46.392 I/db_sample(  497): [/data/data/com.android.providers.contacts/databases/contacts2.db,INSERT INTO nickname_lookup(name,cluster) VALUES (?,?),0,,1]
02-02 11:42:46.502 I/binder_sample(  475): [android.app.IActivityManager,38,183,com.google.process.gapps,36]
02-02 11:42:46.502 I/binder_sample(  497): [android.app.IActivityManager,30,382,android.process.acore,76]
02-02 11:42:46.542 I/dvm_gc_info(  497): [7017575181484955221,-8966238356215236557,-4005524122815858643,7358131]
02-02 11:42:46.602 I/dvm_gc_info(  538): [3346293774832723572,-8938653671058638797,-4005524122815858643,7358131]
02-02 11:42:46.632 I/binder_sample(  522): [android.app.ISearchManager,3,523,com.android.launcher,100]
02-02 11:42:46.662 I/wifi_supplicant_state_changed(  283): 1
02-02 11:42:46.732 I/dvm_gc_info(  422): [8099846449757439578,-9025910913805375435,-4004961172862437331,7358131]
02-02 11:42:46.782 I/binder_sample(  497): [android.app.IActivityManager,110,149,android.process.acore,29]
02-02 11:42:46.792 I/binder_sample(  497): [android.app.IActivityManager,110,14,android.process.acore,2]
02-02 11:42:46.792 I/binder_sample(  538): [android.app.IActivityManager,30,84,com.google.android.apps.plus,16]
02-02 11:42:46.802 I/binder_sample(  522): [com.android.internal.appwidget.IAppWidgetService,3,159,com.android.launcher,31]
02-02 11:42:46.873 I/content_query_sample(  422): [content://call_log/calls,_id/number/date/duration/type,type=3 AND new=1,date DESC,552,,100]
02-02 11:42:46.883 I/notification_cancel(  283): [com.android.providers.contacts,1,0]
02-02 11:42:46.963 I/backup_data_changed(  283): com.android.providers.settings
02-02 11:42:46.963 I/content_update_sample(  422): [content://settings/secure,insert,,84,com.android.phone,17]
02-02 11:42:46.983 I/dvm_gc_info(  522): [7809652345805002376,-8969053106032736208,-4006368547745990611,7358136]
02-02 11:42:47.003 I/dvm_gc_info(  538): [3346293774832694865,-8980593373818664906,-4004679697885726675,7358131]
02-02 11:42:47.023 I/binder_sample(  422): [android.content.IContentProvider,21,49,com.android.phone,9]
02-02 11:42:47.303 I/db_sample(  422): [/data/data/com.android.providers.telephony/databases/telephony.db,INSERT INTO carriers(port, authtype, mmsproxy, numeric, mcc, typ,0,com.android.phone,1]
02-02 11:42:47.313 I/db_sample(  422): [/data/data/com.android.providers.telephony/databases/telephony.db,INSERT INTO carriers(port, authtype, mmsproxy, numeric, mcc, typ,0,com.android.phone,1]
02-02 11:42:47.353 I/dvm_gc_info(  283): [8320808730291676953,-8923446805025621923,-3985539399469402067,8542164]
02-02 11:42:47.423 I/db_sample(  422): [/data/data/com.android.providers.telephony/databases/telephony.db,INSERT INTO carriers(port, authtype, mmsproxy, numeric, mcc, typ,0,com.android.phone,1]
02-02 11:42:47.503 I/binder_sample(  538): [android.content.pm.IPackageManager,50,277,com.google.android.apps.plus,55]
02-02 11:42:47.603 I/content_query_sample(  522): [content://com.android.launcher2.settings/favorites?notify=true,_id/iconPackage/iconResource/appWidgetId,itemType=?,,1812,com.android.launcher,100]
02-02 11:42:47.633 I/dvm_gc_info(  422): [8099846449757521520,-8925424140944447434,-4004679697885726675,7358131]
02-02 11:42:47.703 I/am_proc_start(  283): [572,10034,com.google.android.apps.uploader,broadcast,com.google.android.apps.uploader/.ConnectivityBroadcastReceiver]
02-02 11:42:47.743 I/dvm_gc_madvise_info(  572): [364544,126976]
02-02 11:42:47.894 I/dvm_gc_info(  538): [3346293774833018475,-9010711058887763914,-4004679697885726675,7358131]
02-02 11:42:47.904 I/binder_sample(  522): [android.content.pm.IPackageManager,25,228,com.android.launcher,45]
02-02 11:42:47.934 I/am_proc_bound(  283): [572,com.google.android.apps.uploader]
02-02 11:42:48.044 I/dvm_gc_info(  422): [8099846449757525630,-8923172272411285450,-4004679697885726675,7358131]
02-02 11:42:48.104 I/content_query_sample(  538): [content://com.google.android.apps.plus.content.EsGooglePhotoProvider/settings,auto_upload_enabled,,,382,,77]
02-02 11:42:48.124 I/content_query_sample(  419): [content://com.android.contacts/contacts,_id/display_name,,,1381,,100]
02-02 11:42:48.184 I/db_sample(  422): [/data/data/com.android.providers.telephony/databases/telephony.db,INSERT INTO carriers(port, authtype, mmsproxy, numeric, mcc, typ,0,com.android.phone,1]
02-02 11:42:48.204 I/content_query_sample(  419): [content://user_dictionary/words,_id/word/frequency,(locale IS NULL) or (locale=?),,1865,,100]
02-02 11:42:48.384 I/binder_sample(  522): [android.app.IWallpaperManager,6,425,com.android.launcher,85]
02-02 11:42:48.384 I/binder_sample(  572): [android.app.IActivityManager,17,432,<pre-initialized>,86]
02-02 11:42:48.534 I/binder_sample(  538): [android.app.IActivityManager,110,466,com.google.android.apps.plus,93]
02-02 11:42:48.534 I/dvm_gc_info(  422): [8099846449757603438,-8924579647294838730,-4004679697885726675,7358131]
02-02 11:42:48.564 I/dvm_gc_info(  283): [8320808730292299471,-8947090703069329316,-3985539399469402067,8542164]
02-02 11:42:48.664 I/dvm_gc_info(  522): [7809652345805420101,-9035199725559732175,-4006368547745990611,7358210]
02-02 11:42:48.794 I/dvm_gc_info(  283): [8320808730292176001,-9102464890213611428,-3982724649702295507,8624167]
02-02 11:42:48.824 I/am_create_service(  283): [1082999216,com.google.android.gsf/.checkin.CheckinService,,475]
02-02 11:42:48.884 I/am_create_service(  283): [1082994840,com.google.android.gsf/.gtalkservice.service.GTalkService,act=com.google.android.gtalkservice.IGTalkService,475]
02-02 11:42:48.894 I/am_proc_start(  283): [586,10046,com.google.android.gm,broadcast,com.google.android.gm/.downloadprovider.DownloadReceiver]
02-02 11:42:48.894 I/gtalkservice(  475): 3
02-02 11:42:48.894 I/notification_enqueue(  283): [com.android.systemui,17301675,Notification(vibrate=null,sound=null,defaults=0x0,flags=0x2)]
02-02 11:42:48.985 I/dvm_gc_madvise_info(  586): [364544,126976]
02-02 11:42:49.115 I/am_proc_bound(  283): [586,com.google.android.gm]
02-02 11:42:49.235 I/dvm_gc_info(  475): [7449358886915675746,-9002267153250998222,-4005805597792569299,7358131]
02-02 11:42:49.375 I/dvm_gc_info(  406): [8320808730291656245,-9025066763786721229,-4004398222909016019,7358195]
02-02 11:42:49.385 I/db_sample(  475): [/data/data/com.google.android.gsf/databases/talk.db,CREATE TABLE avatars (_id INTEGER PRIMARY KEY,contact TEXT,provi,6,com.google.process.gapps,2]
02-02 11:42:49.385 I/dvm_gc_info(  522): [7809652345805538462,-9068413772811577295,-4006368547745990611,7903112]
02-02 11:42:49.475 I/content_query_sample(  475): [content://com.google.android.providers.talk/providers,_id/category,name=?,,552,com.google.process.gapps,100]
02-02 11:42:49.485 I/binder_sample(  538): [android.app.IActivityManager,110,890,com.google.android.apps.plus,100]
02-02 11:42:49.615 I/dvm_gc_info(  422): [8099846449757632118,-8924016697341421514,-4004679697885726675,7358131]
02-02 11:42:49.665 I/binder_sample(  572): [android.app.IActivityManager,16,859,com.google.android.apps.uploader,100]
02-02 11:42:49.855 I/db_sample(  422): [/data/data/com.android.providers.telephony/databases/telephony.db,INSERT INTO carriers(port, authtype, mmsproxy, numeric, mcc, typ,0,com.android.phone,1]
02-02 11:42:50.106 I/dvm_gc_info(  422): [8099846449757525618,-8924298172318123978,-4004679697885726675,7358131]
02-02 11:42:50.126 I/db_sample(  422): [/data/data/com.android.providers.telephony/databases/telephony.db,INSERT INTO carriers(port, authtype, mmsproxy, numeric, mcc, typ,0,com.android.phone,1]
02-02 11:42:50.566 I/dvm_gc_info(  422): [8099846449757525623,-8923735222364706762,-4004679697885726675,7358131]
02-02 11:42:50.656 I/content_query_sample(  422): [content://telephony/carriers/preferapn,_id/name/apn,,name ASC,3634,com.android.phone,100]
02-02 11:42:50.846 I/binder_sample(  406): [android.app.IActivityManager,12,1561,com.android.systemui,100]
02-02 11:42:50.846 I/binder_sample(  522): [android.app.IActivityManager,12,1425,com.android.launcher,100]
02-02 11:42:50.846 I/binder_sample(  475): [android.app.IActivityManager,12,1308,com.google.process.gapps,100]
02-02 11:42:50.856 I/am_create_activity(  283): [1079489760,3,com.sprint.w.installer/.WInstaller,com.sprint.installer.ACTION_FIRST_RUN,NULL,NULL,0]
02-02 11:42:50.876 I/am_pause_activity(  283): [1079273288,com.android.launcher/com.android.launcher2.Launcher]
02-02 11:42:50.876 I/am_on_resume_called(  522): com.android.launcher2.Launcher
02-02 11:42:50.896 I/binder_sample(  586): [android.app.IActivityManager,17,1781,<pre-initialized>,100]
02-02 11:42:50.946 I/am_on_paused_called(  522): com.android.launcher2.Launcher
02-02 11:42:50.946 I/binder_sample(  422): [com.android.internal.telephony.ITelephonyRegistry,14,277,com.android.phone,55]
02-02 11:42:50.946 I/binder_sample(  538): [android.app.IActivityManager,110,1408,com.google.android.apps.plus,100]
02-02 11:42:50.957 I/am_proc_start(  283): [608,10015,com.sprint.w.installer,activity,com.sprint.w.installer/.WInstaller]
02-02 11:42:50.997 I/binder_sample(  572): [android.app.IActivityManager,69,1278,com.google.android.apps.uploader,100]
02-02 11:42:51.047 I/db_sample(  475): [/data/data/com.google.android.gsf/databases/talk.db,COMMIT;INSERT OR REPLACE  INTO providerSettings(value, provider,,72,com.google.process.gapps,15]
02-02 11:42:51.107 I/dvm_gc_madvise_info(  608): [364544,126976]
02-02 11:42:51.157 I/am_create_service(  283): [1080908720,com.google.android.gsf/.loginservice.GoogleLoginService,act=android.accounts.AccountAuthenticator,475]
02-02 11:42:51.247 I/cdma_service_state_change(  422): [1,3]
02-02 11:42:51.247 I/binder_sample(  608): [,1,56,<pre-initialized>,11]
02-02 11:42:51.247 I/am_proc_bound(  283): [608,com.sprint.w.installer]
02-02 11:42:51.437 I/dvm_gc_info(  475): [7449358886915626594,-9006770684142106573,-4005805597792569299,7358131]
02-02 11:42:51.517 I/binder_sample(  538): [android.app.IActivityManager,110,345,com.google.android.apps.plus,69]
02-02 11:42:51.547 I/dvm_gc_madvise_info(  497): [172032,126976]
02-02 11:42:51.907 I/db_sample(  538): [/data/data/com.google.android.apps.plus/databases/picasa.db,CREATE INDEX photos_index_display_index ON photos (display_index,1072,,100]
02-02 11:42:51.917 I/content_query_sample(  283): [content://telephony/carriers/preferapn,apn,,name ASC,5371,,100]
02-02 11:42:51.957 I/am_restart_activity(  283): [1079489760,3,com.sprint.w.installer/.WInstaller]
02-02 11:42:51.957 I/binder_sample(  586): [android.app.IActivityManager,12,699,com.google.android.gm,100]
02-02 11:42:51.967 I/binder_sample(  422): [android.app.IActivityManager,14,699,com.android.phone,100]
02-02 11:42:51.967 I/binder_sample(  475): [android.app.IActivityManager,14,660,com.google.process.gapps,100]
02-02 11:42:51.967 I/am_proc_start(  283): [623,10051,com.android.email,content provider,com.android.email/com.android.exchange.provider.ExchangeProvider]
02-02 11:42:52.028 I/binder_sample(  608): [android.app.IActivityManager,17,780,<pre-initialized>,100]
02-02 11:42:52.078 I/binder_sample(  586): [,1,35,com.google.android.gm,7]
02-02 11:42:52.088 I/dvm_gc_madvise_info(  623): [360448,126976]
02-02 11:42:52.098 I/binder_sample(  572): [android.app.IActivityManager,110,597,com.google.android.apps.uploader,100]
02-02 11:42:52.148 I/dvm_gc_info(  586): [7594245893398943351,-8976089980433717199,-4006368547745990611,7358131]
02-02 11:42:52.198 I/am_proc_bound(  283): [623,com.android.email]
02-02 11:42:52.668 I/dvm_gc_info(  422): [8099846449758139999,-8924016697307822024,-4004398222909016019,7358131]
02-02 11:42:53.089 I/dvm_gc_madvise_info(  538): [274432,126976]
02-02 11:42:38.640 I/dvm_gc_madvise_info(  283): [3035136,126976]
02-02 11:42:39.120 I/notification_cancel(  283): [com.android.systemui,17301675,0]
02-02 11:42:39.200 I/dvm_gc_madvise_info(  406): [155648,126976]
02-02 11:42:39.360 I/dvm_gc_madvise_info(  522): [344064,126976]
02-02 11:42:40.901 I/binder_sample(  608): [android.app.IActivityManager,30,3870,com.sprint.w.installer,100]
02-02 11:42:40.911 I/binder_sample(  623): [android.app.IActivityManager,17,3880,<pre-initialized>,100]
02-02 11:42:40.911 I/am_proc_start(  283): [637,10026,android.process.media,broadcast,com.android.providers.downloads/.DownloadReceiver]
02-02 11:42:40.921 I/binder_sample(  422): [android.app.IActivityManager,46,3390,com.android.phone,100]
02-02 11:42:40.921 I/binder_sample(  406): [android.app.IActivityManager,13,1792,com.android.systemui,100]
02-02 11:42:40.921 I/activity_launch_time(  283): [1079273288,com.android.launcher/com.android.launcher2.Launcher,18921,26347]
02-02 11:42:40.921 I/binder_sample(  586): [android.app.IActivityManager,110,3842,com.google.android.gm,100]
02-02 11:42:40.951 I/binder_sample(  572): [android.app.IActivityManager,110,3923,com.google.android.apps.uploader,100]
02-02 11:42:40.971 I/am_create_service(  283): [1086142256,com.sprint.w.installer/com.sprint.id.updater.UpdaterService,,608]
02-02 11:42:41.001 I/dvm_gc_madvise_info(  637): [360448,126976]
02-02 11:42:41.031 I/binder_sample(  522): [android.app.IActivityManager,110,1170,com.android.launcher,100]
02-02 11:42:41.061 I/binder_sample(  522): [android.app.IActivityManager,110,37,com.android.launcher,7]
02-02 11:42:41.101 I/notification_cancel(  283): [com.android.phone,5,0]
02-02 11:42:41.101 I/binder_sample(  586): [android.app.IActivityManager,110,190,com.google.android.gm,38]
02-02 11:42:41.101 I/notification_cancel(  283): [com.android.phone,6,0]
