02-02 10:43:22.462 I/binder_sample(  855): [android.app.IActivityManager,61,472,com.sprint.ce.updater,94]
02-02 10:43:22.462 I/db_sample(  637): [/data/data/com.android.providers.media/databases/internal.db,INSERT INTO audio_meta(album_artist, date_modified, track, is_ri,561,,100]
02-02 10:43:22.482 I/am_proc_died(  283): [964,com.dataviz.docstogo]
02-02 10:43:22.482 I/am_broadcast_discard_app(  283): [1082122408,android.intent.action.BOOT_COMPLETED,31,ResolveInfo{407842b0 com.dataviz.dxtg.common.android.DTGPhoneBootReceiver p=0 o=0 m=0x108000}]
02-02 10:43:22.722 I/dvm_gc_info(  952): [7308604875704063613,-8997481597526599625,-4004398222909016019,7358131]
02-02 10:43:23.413 I/dvm_gc_info(  475): [7449358886915638869,-8976089842944354252,-4005242647839147987,7358131]
02-02 10:43:24.113 I/binder_sample(  422): [com.android.internal.telephony.ITelephonyRegistry,8,819,com.android.phone,100]
02-02 10:43:24.183 I/dvm_gc_info(  886): [7017575181484877427,-8974682536813869006,-4005805597792569299,7358131]
02-02 10:43:24.294 I/google_http_request(  475): [5000,200,Android-Checkin/2.0,1]
02-02 10:43:24.314 I/am_create_service(  283): [1086394568,com.android.contacts/.LoadGroupService,,886]
02-02 10:43:24.324 I/db_sample(  886): [/data/data/com.android.providers.contacts/databases/contacts2.db,SELECT times_contacted, contacts_status_updates.status AS contac,1,android.process.acore,1]
02-02 10:43:24.374 I/dvm_gc_info(  886): [7017575181484922439,-9011274215016404939,-4004961172862437331,7358131]
02-02 10:43:24.384 I/contacts_aggregation(  886): [1328201004395,-1]
02-02 10:43:24.384 I/contacts_aggregation(  886): [2,1]
02-02 10:43:24.504 I/am_proc_start(  283): [979,10055,com.android.camera,broadcast,com.android.camera/.BootCamera]
02-02 10:43:24.514 I/dvm_gc_madvise_info(  979): [372736,126976]
02-02 10:43:24.544 I/am_proc_bound(  283): [979,com.android.camera]
02-02 10:43:24.844 I/binder_sample(  979): [android.app.IActivityManager,17,298,<pre-initialized>,59]
02-02 10:43:24.944 I/am_proc_start(  283): [988,10056,com.android.providers.calendar,broadcast,com.android.providers.calendar/.CalendarReceiver]
02-02 10:43:24.984 I/notification_cancel(  283): [com.android.phone,111,0]
02-02 10:43:25.004 I/dvm_gc_madvise_info(  988): [368640,126976]
02-02 10:43:25.014 I/am_proc_bound(  283): [988,com.android.providers.calendar]
02-02 10:43:25.094 I/db_sample(  637): [/data/data/com.android.providers.media/databases/internal.db,INSERT INTO audio_meta(album_artist, date_modified, track, is_ri,398,,80]
02-02 10:43:25.114 I/am_proc_start(  283): [998,10057,com.android.calendar,broadcast,com.android.calendar/.AlertReceiver]
02-02 10:43:25.114 I/am_kill (  283): [797,com.google.android.googlequicksearchbox,14,too many background]
02-02 10:43:25.134 I/dvm_gc_madvise_info(  998): [368640,126976]
02-02 10:43:25.144 I/am_proc_bound(  283): [998,com.android.calendar]
02-02 10:43:25.485 I/am_proc_died(  283): [797,com.google.android.googlequicksearchbox]
02-02 10:43:25.495 I/binder_sample(  988): [android.app.IActivityManager,110,331,com.android.providers.calendar,66]
02-02 10:43:25.495 I/am_create_service(  283): [1083440488,com.android.providers.calendar/.EmptyService,,988]
02-02 10:43:25.495 I/binder_sample(  998): [android.app.IActivityManager,17,351,<pre-initialized>,70]
02-02 10:43:25.555 I/binder_sample(  988): [android.app.IActivityManager,61,42,com.android.providers.calendar,8]
02-02 10:43:25.575 I/am_create_service(  283): [1083439816,com.android.calendar/.AlertService,,998]
02-02 10:43:25.635 I/am_proc_start(  283): [1009,1000,com.qualcomm.cabl,broadcast,com.qualcomm.cabl/.CABLReceiver]
02-02 10:43:25.655 I/dvm_gc_madvise_info( 1009): [368640,126976]
02-02 10:43:25.665 I/am_proc_bound(  283): [1009,com.qualcomm.cabl]
02-02 10:43:25.725 I/dvm_gc_info(  637): [7882817126543758920,-8990726747942123471,-4006087072769279955,7358131]
02-02 10:43:25.725 I/db_sample(  475): [/data/data/com.google.android.gsf/databases/gservices.db,INSERT INTO main (name, value) VALUES (?, ?),5,,2]
02-02 10:43:25.735 I/db_sample(  475): [/data/data/com.google.android.gsf/databases/gservices.db,INSERT INTO main (name, value) VALUES (?, ?),0,,1]
02-02 10:43:25.755 I/binder_sample( 1009): [android.app.IActivityManager,17,90,<pre-initialized>,18]
02-02 10:43:25.775 I/am_create_service(  283): [1079877968,com.qualcomm.cabl/.CABLService,act=com.qualcomm.cabl.intent.action.BOOT_COMPLETED,1009]
02-02 10:43:25.785 I/am_proc_start(  283): [1018,10043,com.google.android.googlequicksearchbox,broadcast,com.google.android.googlequicksearchbox/.SearchWidgetProvider]
02-02 10:43:25.785 I/am_destroy_service(  283): [1079877968,com.qualcomm.cabl/.CABLService,1009]
02-02 10:43:25.805 I/dvm_gc_madvise_info( 1018): [368640,126976]
02-02 10:43:25.815 I/am_proc_bound(  283): [1018,com.google.android.googlequicksearchbox]
02-02 10:43:25.855 I/binder_sample( 1009): [android.app.IActivityManager,110,20,com.qualcomm.cabl,4]
02-02 10:43:25.875 I/am_create_service(  283): [1082955400,com.google.android.gsf/.loginservice.GoogleLoginService,act=android.accounts.AccountAuthenticator,475]
02-02 10:43:25.935 I/db_sample(  475): [/data/data/com.google.android.gsf/databases/gservices.db,INSERT INTO main (name, value) VALUES (?, ?),3,,1]
02-02 10:43:25.955 I/notification_cancel(  283): [com.android.calendar,0,0]
02-02 10:43:25.955 I/am_destroy_service(  283): [1083439816,com.android.calendar/.AlertService,998]
02-02 10:43:25.955 I/am_kill (  283): [808,com.qualcomm.privinit,12,too many background]
02-02 10:43:25.965 I/am_proc_died(  283): [808,com.qualcomm.privinit]
02-02 10:43:26.145 I/content_query_sample( 1018): [content://com.google.android.gsf.gservices,,,,239,com.google.android.googlequicksearchbox,48]
02-02 10:43:26.195 I/am_destroy_service(  283): [1082955400,com.google.android.gsf/.loginservice.GoogleLoginService,475]
02-02 10:43:26.215 I/binder_sample( 1018): [android.app.IActivityManager,29,24,com.google.android.googlequicksearchbox,4]
02-02 10:43:26.245 I/dvm_gc_info( 1018): [7453298398305789570,-8969053106032740304,-4006368547745990611,7358131]
02-02 10:43:26.275 I/binder_sample( 1018): [android.content.IContentProvider,1,60,com.google.android.googlequicksearchbox,12]
02-02 10:43:26.275 I/dvm_gc_info(  475): [7449358886915647044,-9015214795937294281,-4004398222909016019,7358131]
02-02 10:43:26.306 I/am_kill (  283): [817,com.cooliris.media,14,too many background]
02-02 10:43:26.456 I/content_query_sample(  475): [content://settings/secure/dropbox:data_app_crash,value,,,171,,35]
02-02 10:43:26.466 I/binder_sample( 1018): [android.app.IActivityManager,16,157,com.google.android.googlequicksearchbox,31]
02-02 10:43:26.726 I/backup_data_changed(  283): com.android.providers.settings
02-02 10:43:26.746 I/content_update_sample(  475): [content://settings/secure,insert,,110,,23]
02-02 10:43:26.976 I/db_sample(  637): [/data/data/com.android.providers.media/databases/internal.db,INSERT INTO audio_meta(album_artist, date_modified, track, is_ri,52,,11]
02-02 10:43:27.006 I/am_proc_died(  283): [817,com.cooliris.media]
02-02 10:43:27.016 I/am_create_service(  283): [1083241952,com.sprint.ce.updater/.UpdaterService,act=com.sprint.action.RUN_UPDATE,855]
02-02 10:43:27.026 I/binder_sample( 1018): [android.app.IActivityManager,69,551,com.google.android.googlequicksearchbox,100]
02-02 10:43:27.106 I/dvm_gc_info(  865): [8315180330336183969,-8956668207057487825,-4006931497699411923,7358131]
02-02 10:43:27.186 I/binder_sample( 1018): [android.app.IActivityManager,110,133,com.google.android.googlequicksearchbox,26]
02-02 10:43:27.206 I/am_proc_start(  283): [1032,10021,com.google.android.apps.plus,broadcast,com.google.android.apps.plus/.service.PackagesMediaMonitor]
02-02 10:43:27.226 I/dvm_gc_madvise_info( 1032): [364544,126976]
02-02 10:43:27.236 I/backup_data_changed(  283): com.android.providers.settings
02-02 10:43:27.246 I/am_proc_bound(  283): [1032,com.google.android.apps.plus]
02-02 10:43:27.367 I/dvm_gc_info( 1032): [3346293774832735855,-8982000954927847374,-4005805597792569299,7358131]
02-02 10:43:27.427 I/dvm_gc_madvise_info(  283): [2904064,126976]
02-02 10:43:27.507 I/dvm_gc_info( 1032): [3346293774832690804,-8938372196081928141,-4005524122815858643,7358131]
02-02 10:43:27.597 I/dvm_gc_info( 1032): [3346293774832694864,-8980874848795375562,-4004679697885726675,7358131]
02-02 10:43:27.627 I/backup_data_changed(  283): com.android.providers.settings
02-02 10:43:27.697 I/dvm_gc_madvise_info(  952): [356352,126976]
02-02 10:43:27.787 I/db_sample(  283): [/data/data/com.android.providers.settings/databases/settings.db,INSERT INTO secure(value, name) VALUES(?, ?);,48,,10]
02-02 10:43:27.797 I/am_proc_start(  283): [1045,10034,com.google.android.apps.uploader,broadcast,com.google.android.apps.uploader/.ConnectivityBroadcastReceiver]
02-02 10:43:27.797 I/backup_data_changed(  283): com.android.providers.settings
02-02 10:43:27.817 I/dvm_gc_madvise_info( 1045): [364544,126976]
02-02 10:43:27.837 I/am_proc_bound(  283): [1045,com.google.android.apps.uploader]
02-02 10:43:27.877 I/binder_sample( 1032): [android.app.IActivityManager,110,24,com.google.android.apps.plus,4]
02-02 10:43:27.897 I/am_kill (  283): [836,zte.com.cn.alarmclock,12,too many background]
02-02 10:43:27.907 I/am_proc_start(  283): [1055,10049,com.cooliris.media,broadcast,com.cooliris.media/com.cooliris.cache.BootReceiver]
02-02 10:43:27.917 I/dvm_gc_madvise_info( 1055): [364544,126976]
02-02 10:43:27.937 I/am_proc_bound(  283): [1055,com.cooliris.media]
02-02 10:43:27.977 I/binder_sample( 1032): [android.app.IActivityManager,110,94,com.google.android.apps.plus,18]
02-02 10:43:28.007 I/am_proc_died(  283): [836,zte.com.cn.alarmclock]
02-02 10:43:28.007 I/db_sample(  283): [/data/data/com.android.providers.settings/databases/settings.db,SELECT value FROM secure WHERE (name=?),0,,1]
02-02 10:43:28.007 I/content_query_sample(  475): [content://settings/secure/ssl_session_cache,value,,,190,,39]
02-02 10:43:28.047 I/dvm_gc_info( 1055): [7882817126543713943,-8925143009665882065,-4006650022722701267,7358131]
02-02 10:43:28.077 I/am_kill (  283): [756,com.sprint.zone,12,too many background]
02-02 10:43:28.087 I/am_proc_died(  283): [756,com.sprint.zone]
02-02 10:43:28.087 I/am_broadcast_discard_app(  283): [1081587864,android.intent.action.PACKAGE_CHANGED,0,ResolveInfo{4077b508 com.sprint.zone.PackageUpdateReceiver p=0 o=0 m=0x208000}]
02-02 10:43:28.097 I/am_proc_start(  283): [1065,10023,com.android.vending,broadcast,com.android.vending/com.google.android.finsky.receivers.PersistentPackageMonitorReceiver]
02-02 10:43:28.117 I/dvm_gc_madvise_info( 1065): [360448,126976]
02-02 10:43:28.127 I/am_proc_bound(  283): [1065,com.android.vending]
02-02 10:43:28.147 I/binder_sample( 1045): [android.app.IActivityManager,110,80,com.google.android.apps.uploader,16]
02-02 10:43:28.207 I/binder_sample( 1045): [android.app.IActivityManager,110,52,com.google.android.apps.uploader,10]
02-02 10:43:28.257 I/dvm_gc_info( 1065): [8531346446660724335,-8981719479967922127,-4006087072769279955,7358131]
02-02 10:43:28.277 I/binder_sample( 1055): [android.app.IActivityManager,110,31,com.cooliris.media,6]
02-02 10:43:28.287 I/binder_sample( 1055): [android.app.IActivityManager,110,12,com.cooliris.media,2]
02-02 10:43:28.317 I/dvm_gc_info(  855): [8462374069549995642,-8978341780264200144,-4006368547745990611,7358131]
02-02 10:43:28.327 I/db_sample(  475): [/data/data/com.google.android.gsf/databases/gservices.db,INSERT OR REPLACE INTO saved_secure (name, value) VALUES (?, ?),80,,17]
02-02 10:43:28.368 I/db_sample(  637): [/data/data/com.android.providers.media/databases/internal.db,INSERT INTO audio_meta(album_artist, date_modified, track, is_ri,33,,7]
02-02 10:43:28.378 I/backup_data_changed(  283): com.android.vending
02-02 10:43:28.398 I/backup_data_changed(  283): com.android.providers.settings
02-02 10:43:28.478 I/am_proc_start(  283): [1088,10001,zte.com.cn.alarmclock,broadcast,zte.com.cn.alarmclock/.AlarmInitReceiver]
02-02 10:43:28.478 I/am_kill (  283): [845,com.swype.android.inputmethod,12,too many background]
02-02 10:43:28.498 I/dvm_gc_madvise_info( 1088): [360448,126976]
02-02 10:43:28.508 I/am_proc_bound(  283): [1088,zte.com.cn.alarmclock]
02-02 10:43:28.558 I/am_proc_died(  283): [845,com.swype.android.inputmethod]
02-02 10:43:28.568 I/db_sample(  475): [/data/data/com.google.android.gsf/databases/gservices.db,INSERT OR REPLACE INTO saved_secure (name, value) VALUES (?, ?),148,,30]
02-02 10:43:28.598 I/binder_sample( 1065): [android.app.IActivityManager,16,104,com.android.vending,20]
02-02 10:43:28.608 I/am_kill (  283): [439,com.locationlabs.v3client,12,too many background]
02-02 10:43:28.638 I/am_proc_start(  283): [1097,10017,com.locationlabs.v3client,broadcast,com.locationlabs.v3client/.BootCompletedReceiver]
02-02 10:43:28.638 I/am_proc_died(  283): [1097,com.locationlabs.v3client]
02-02 10:43:28.648 I/backup_data_changed(  283): com.android.providers.settings
02-02 10:43:28.668 I/dvm_gc_madvise_info( 1097): [360448,126976]
02-02 10:43:28.668 I/dvm_gc_info(  120): [8825198673194550318,-9137375623125301202,-4006087072769275858,7358131]
02-02 10:43:28.698 I/dvm_gc_info(  120): [8825198673194508344,-9222662541068629970,-4006087072769275858,7358131]
02-02 10:43:28.718 I/am_proc_bound(  283): [1097,com.locationlabs.v3client]
02-02 10:43:28.738 I/dvm_gc_info(  120): [8825198673194524720,-9222662541068629970,-4006087072769275858,7358131]
02-02 10:43:28.758 I/binder_sample( 1065): [android.app.IActivityManager,110,35,com.android.vending,7]
02-02 10:43:28.858 I/dvm_gc_info( 1097): [8517260637557024388,-8969897530962864080,-4006368547745990611,7358131]
02-02 10:43:28.878 I/binder_sample( 1088): [android.app.IActivityManager,110,199,zte.com.cn.alarmclock,39]
02-02 10:43:28.888 I/content_update_sample(  475): [content://settings/secure,insert,,312,,63]
02-02 10:43:28.898 I/am_destroy_service(  283): [1083241952,com.sprint.ce.updater/.UpdaterService,855]
02-02 10:43:28.908 I/am_kill (  283): [894,com.android.mms,12,too many background]
02-02 10:43:28.908 I/am_proc_died(  283): [894,com.android.mms]
02-02 10:43:28.928 I/binder_sample( 1088): [android.app.IActivityManager,110,17,zte.com.cn.alarmclock,3]
02-02 10:43:28.958 I/am_create_service(  283): [1082923680,com.google.android.gsf/.gtalkservice.PushMessagingRegistrar,act=com.google.android.c2dm.intent.REGISTER,475]
02-02 10:43:28.968 I/am_create_service(  283): [1082947352,com.locationlabs.v3client/.AccountService,act=com.locationlabs.action.GET_ACCOUNT pkg=com.locationlabs.v3client,1097]
02-02 10:43:28.988 I/am_create_service(  283): [1080682128,com.locationlabs.v3client/.GpsStateService,act=com.locationlabs.action.TURN_OFF_GPS_DETECTION pkg=com.locationlabs.v3client,1097]
02-02 10:43:28.988 I/am_create_service(  283): [1082051152,com.locationlabs.v3client/.FeatureService,act=com.locationlabs.v3client.action.RESTART pkg=com.locationlabs.v3client,1097]
02-02 10:43:29.018 I/content_update_sample(  475): [content://com.google.android.gsf.gservices/main,update,,3419,,100]
02-02 10:43:29.048 I/am_destroy_service(  283): [1080682128,com.locationlabs.v3client/.GpsStateService,1097]
02-02 10:43:29.098 I/am_create_service(  283): [1081934656,com.google.android.gm/.downloadprovider.DownloadService,,942]
02-02 10:43:29.098 I/binder_sample( 1097): [android.app.IActivityManager,110,12,com.locationlabs.v3client,2]
02-02 10:43:29.168 I/dvm_gc_info(  283): [8320808730291631919,-8921195005211817887,-3983850549609138131,8542164]
02-02 10:43:29.208 I/dvm_gc_info( 1097): [8517260637557024346,-9010711402552317902,-4005805597792569299,7358131]
02-02 10:43:29.218 I/am_create_service(  283): [1086052176,com.google.android.gsf/.loginservice.GoogleLoginService,act=android.accounts.AccountAuthenticator,475]
02-02 10:43:29.228 I/am_create_service(  283): [1085706000,com.locationlabs.v3client/.V3ApiService,act=com.locationlabs.v3client.action.GET_ACCOUNT pkg=com.locationlabs.v3client,1097]
02-02 10:43:29.228 I/am_destroy_service(  283): [1082947352,com.locationlabs.v3client/.AccountService,1097]
02-02 10:43:29.238 I/am_destroy_service(  283): [1082051152,com.locationlabs.v3client/.FeatureService,1097]
02-02 10:43:29.298 I/dvm_gc_info(  475): [7449358886915597940,-8984815292294113225,-4004679697885726675,7358131]
02-02 10:43:29.308 I/dvm_gc_info( 1065): [8531346446660916827,-9006207802908166093,-4005805597792569299,7358131]
02-02 10:43:29.318 I/am_create_service(  283): [1085023696,com.android.providers.downloads/.DownloadService,,637]
02-02 10:43:29.348 I/binder_sample( 1065): [android.app.IActivityManager,110,70,com.android.vending,14]
02-02 10:43:29.348 I/notification_cancel_all(  283): [com.android.providers.downloads,0]
02-02 10:43:29.369 I/am_proc_start(  283): [1115,10002,com.sprint.zone,broadcast,com.sprint.zone/.PackageUpdateReceiver]
02-02 10:43:29.379 I/am_destroy_service(  283): [1086052176,com.google.android.gsf/.loginservice.GoogleLoginService,475]
02-02 10:43:29.379 I/gtalkservice(  475): 11
02-02 10:43:29.409 I/am_proc_bound(  283): [1115,com.sprint.zone]
02-02 10:43:29.449 I/dvm_gc_madvise_info(  886): [184320,126976]
02-02 10:43:29.539 I/content_query_sample(  475): [content://com.google.settings/partner,value,name=?,,231,,47]
02-02 10:43:29.549 I/am_proc_start(  283): [1124,10030,com.google.android.music:main,broadcast,com.google.android.music/.store.MediaStoreImportService$Receiver]
02-02 10:43:29.549 I/am_create_service(  283): [1081737544,com.sprint.w.installer/.service.D2CPackService,,608]
02-02 10:43:29.589 I/am_proc_bound(  283): [1124,com.google.android.music:main]
02-02 10:43:29.729 I/content_query_sample( 1065): [content://downloads/my_downloads,_id/uri/status/lastmod/title,,,1161,,100]
02-02 10:43:29.749 I/content_query_sample(  637): [content://downloads/all_downloads,_data,,,236,,48]
02-02 10:43:30.760 I/dvm_gc_madvise_info(  637): [192512,126976]
02-02 10:43:30.890 I/content_query_sample(  637): [content://downloads/all_downloads,,,,564,,100]
02-02 10:43:31.040 I/dvm_gc_info(  988): [7161124065389049479,-8974964149279913937,-4006650022722701267,7358131]
02-02 10:43:31.080 I/binder_sample(  422): [com.android.internal.telephony.ITelephonyRegistry,8,1331,com.android.phone,100]
02-02 10:43:31.090 I/am_destroy_service(  283): [1085023696,com.android.providers.downloads/.DownloadService,637]
02-02 10:43:31.090 I/am_destroy_service(  283): [1081934656,com.google.android.gm/.downloadprovider.DownloadService,942]
02-02 10:43:31.090 I/am_kill (  283): [926,com.android.zte.HiddenMenu,12,too many background]
02-02 10:43:31.100 I/binder_sample( 1124): [android.app.IActivityManager,17,1510,<pre-initialized>,100]
02-02 10:43:31.200 I/notification_cancel(  283): [com.android.phone,111,0]
02-02 10:43:31.230 I/binder_sample( 1115): [android.app.IActivityManager,110,1520,com.sprint.zone,100]
02-02 10:43:31.260 I/dvm_gc_madvise_info( 1018): [479232,126976]
02-02 10:43:31.270 I/dvm_gc_info( 1124): [7887337218879055472,-8984815704694958030,-4006087072769279955,7358131]
02-02 10:43:31.360 I/dvm_gc_info(  608): [7597136565101536868,-9033229125777721293,-4005242647839147987,7358152]
02-02 10:43:31.370 I/am_proc_died(  283): [926,com.android.zte.HiddenMenu]
02-02 10:43:31.421 I/dvm_gc_info( 1124): [7887337218879096356,-9045895705854506954,-4004679697885726675,7358131]
02-02 10:43:31.461 I/dvm_gc_info( 1097): [8517260637557036638,-8953008963590350797,-4005524122815858643,7358131]
02-02 10:43:31.491 I/am_destroy_service(  283): [1083440488,com.android.providers.calendar/.EmptyService,988]
02-02 10:43:31.491 I/am_kill (  283): [742,com.google.android.partnersetup,12,too many background]
02-02 10:43:31.501 I/am_proc_died(  283): [742,com.google.android.partnersetup]
02-02 10:43:31.511 I/am_proc_start(  283): [1138,10036,com.google.android.apps.maps:LocationFriendService,broadcast,com.google.android.apps.maps/com.google.googlenav.friend.reporting.LocationReportingIntentReceiver]
02-02 10:43:31.511 I/am_kill (  283): [979,com.android.camera,14,too many background]
02-02 10:43:31.561 I/am_proc_bound(  283): [1138,com.google.android.apps.maps:LocationFriendService]
02-02 10:43:31.561 I/am_proc_died(  283): [979,com.android.camera]
02-02 10:43:31.671 I/dvm_gc_info( 1138): [7881704463071766127,-8983689804788111310,-4006087072769279955,7358131]
02-02 10:43:31.711 I/binder_sample( 1124): [android.app.IActivityManager,110,41,com.google.android.music:main,8]
02-02 10:43:31.811 I/dvm_gc_info( 1138): [7881704463071766048,-9048428911891838920,-4004116747932305363,7358131]
02-02 10:43:31.911 I/am_kill (  283): [998,com.android.calendar,14,too many background]
02-02 10:43:31.921 I/am_proc_died(  283): [998,com.android.calendar]
02-02 10:43:31.951 I/power_screen_broadcast_done(  283): [0,20243,1]
02-02 10:43:31.981 I/binder_sample( 1138): [android.app.IActivityManager,110,30,com.google.android.apps.maps:LocationFr,6]
02-02 10:43:31.981 I/binder_sample( 1115): [android.app.IActivityManager,16,20,com.sprint.zone,4]
02-02 10:43:32.121 I/dvm_gc_info( 1115): [3349111792835032729,-8954416407243786193,-4006650022722701267,7358131]
02-02 10:43:32.181 I/am_create_service(  283): [1086395304,com.locationlabs.v3client/.AccountService,act=com.locationlabs.action.GET_ACCOUNT pkg=com.locationlabs.v3client,1097]
02-02 10:43:32.191 I/am_create_service(  283): [1080895208,com.locationlabs.v3client/.GpsStateService,act=com.locationlabs.action.TURN_OFF_GPS_DETECTION pkg=com.locationlabs.v3client,1097]
02-02 10:43:32.201 I/am_create_service(  283): [1083386312,com.locationlabs.v3client/.FeatureService,act=com.locationlabs.v3client.action.RESTART pkg=com.locationlabs.v3client,1097]
02-02 10:43:32.221 I/am_destroy_service(  283): [1080895208,com.locationlabs.v3client/.GpsStateService,1097]
02-02 10:43:32.241 I/am_destroy_service(  283): [1083386312,com.locationlabs.v3client/.FeatureService,1097]
02-02 10:43:32.261 I/am_proc_start(  283): [1149,10004,com.google.android.voicesearch,broadcast,com.google.android.voicesearch/.GservicesBroadcastReceiver]
02-02 10:43:32.271 I/am_proc_bound(  283): [1149,com.google.android.voicesearch]
02-02 10:43:32.391 I/dvm_gc_info( 1149): [8534155694507619964,-8976089980433709007,-4006087072769279955,7358131]
02-02 10:43:32.442 I/binder_sample( 1115): [android.app.IActivityManager,16,206,com.sprint.zone,41]
02-02 10:43:32.452 I/dvm_gc_madvise_info(  865): [389120,126976]
02-02 10:43:32.512 I/am_destroy_service(  283): [1086395304,com.locationlabs.v3client/.AccountService,1097]
02-02 10:43:32.512 I/am_kill (  283): [1009,com.qualcomm.cabl,14,too many background]
02-02 10:43:32.532 I/am_create_service(  283): [1085011384,com.google.android.gsf/.update.SystemUpdateService,,475]
02-02 10:43:32.552 I/am_proc_start(  283): [1159,10044,com.google.android.partnersetup,broadcast,com.google.android.partnersetup/.GservicesChangedReceiver]
02-02 10:43:32.562 I/am_create_task(  283): 5
02-02 10:43:32.562 I/am_create_activity(  283): [1080092040,5,com.google.android.gsf/.update.SystemUpdateInstallDialog,NULL,NULL,NULL,276824064]
02-02 10:43:32.562 I/am_restart_activity(  283): [1080092040,5,com.google.android.gsf/.update.SystemUpdateInstallDialog]
02-02 10:43:32.562 I/am_pause_activity(  283): [1080092040,com.google.android.gsf/.update.SystemUpdateInstallDialog]
02-02 10:43:32.572 I/notification_cancel(  283): [com.google.android.gsf,2130837525,0]
02-02 10:43:32.572 I/notification_cancel(  283): [com.google.android.gsf,2130837526,0]
02-02 10:43:32.572 I/am_destroy_service(  283): [1085011384,com.google.android.gsf/.update.SystemUpdateService,475]
02-02 10:43:32.572 I/system_update(  475): [512,0,-1,NULL]
02-02 10:43:32.612 I/am_proc_bound(  283): [1159,com.google.android.partnersetup]
02-02 10:43:32.622 I/am_finish_activity(  283): [1080092040,5,com.google.android.gsf/.update.SystemUpdateInstallDialog,app-request]
02-02 10:43:32.672 I/am_proc_died(  283): [1009,com.qualcomm.cabl]
02-02 10:43:32.672 I/am_resume_activity(  283): [1079489760,3,com.sprint.w.installer/.WInstaller]
02-02 10:43:32.672 I/am_on_resume_called(  608): com.sprint.w.installer.WInstaller
02-02 10:43:32.702 I/dvm_gc_info(  475): [7449358886915597940,-8995511341409109961,-4004398222909016019,7358132]
02-02 10:43:32.712 I/am_pause_activity(  283): [1079489760,com.sprint.w.installer/.WInstaller]
02-02 10:43:32.712 I/activity_launch_time(  283): [1079489760,com.sprint.w.installer/.WInstaller,56939,21376]
02-02 10:43:32.722 I/am_destroy_activity(  283): [1080092040,5,com.google.android.gsf/.update.SystemUpdateInstallDialog]
02-02 10:43:32.722 I/binder_sample(  475): [android.app.IActivityManager,110,52,com.google.process.gapps,10]
02-02 10:43:32.732 I/am_on_paused_called(  608): com.sprint.w.installer.WInstaller
02-02 10:43:32.772 I/dvm_gc_madvise_info( 1032): [200704,126976]
02-02 10:43:32.852 I/binder_sample( 1159): [android.content.IContentProvider,3,54,com.google.android.partnersetup,10]
02-02 10:43:32.912 I/dvm_gc_info( 1097): [8517260637557057118,-8971304699604010955,-4004961172862437331,7358131]
02-02 10:43:32.912 I/binder_sample( 1159): [android.content.IContentProvider,3,59,com.google.android.partnersetup,11]
02-02 10:43:32.942 I/am_destroy_service(  283): [1081588288,com.google.android.gsf/.checkin.CheckinService,475]
02-02 10:43:33.002 I/dvm_gc_info( 1159): [8097879449376188045,-8978623255240918993,-4006650022722701267,7358131]
02-02 10:43:33.052 I/binder_sample( 1159): [android.content.IContentProvider,3,30,com.google.android.partnersetup,6]
02-02 10:43:33.062 I/am_create_service(  283): [1083665000,com.google.android.partnersetup/.AppHiderService,,1159]
02-02 10:43:33.072 I/am_create_service(  283): [1083433424,com.google.android.gm/.GoogleMailSwitchService,act=com.google.gservices.intent.action.GSERVICES_CHANGED,942]
02-02 10:43:33.182 I/dvm_gc_madvise_info( 1055): [409600,126976]
02-02 10:43:33.222 I/dvm_gc_info( 1097): [8517260637557028486,-8972430462071908299,-4004961172862437331,7358131]
02-02 10:43:33.282 I/dvm_gc_info( 1097): [8517260637557118075,-9068694904106956747,-4004961172862437331,7358131]
02-02 10:43:33.312 I/dvm_gc_info( 1097): [8517260637557093373,-9169462808296867786,-4004679697885726675,7358131]
02-02 10:43:33.342 I/dvm_gc_madvise_info(  855): [380928,126976]
02-02 10:43:33.352 I/dvm_gc_info( 1097): [8517260637557108976,-9221535678988339146,-4004679697885726675,7358131]
02-02 10:43:33.382 I/dvm_gc_info( 1097): [8517260637557096448,-9223224391376095177,-4004398222909016019,7358131]
02-02 10:43:33.402 I/am_destroy_service(  283): [1083433424,com.google.android.gm/.GoogleMailSwitchService,942]
02-02 10:43:33.483 I/dvm_gc_info(  283): [8320808730291631902,-8919506155351549853,-3983287599655716819,8542164]
02-02 10:43:33.493 I/binder_sample( 1159): [android.app.IActivityManager,110,76,com.google.android.partnersetup,15]
02-02 10:43:33.543 I/am_destroy_service(  283): [1083665000,com.google.android.partnersetup/.AppHiderService,1159]
02-02 10:43:33.553 I/am_kill (  283): [952,com.android.email,14,too many background]
02-02 10:43:33.553 I/am_proc_died(  283): [952,com.android.email]
02-02 10:43:33.703 I/am_create_service(  283): [1084113960,com.sprint.w.installer/.TutorialService,,608]
02-02 10:43:33.713 I/am_destroy_service(  283): [1081737544,com.sprint.w.installer/.service.D2CPackService,608]
02-02 10:43:33.713 I/am_destroy_service(  283): [1084113960,com.sprint.w.installer/.TutorialService,608]
02-02 10:43:33.783 I/am_proc_start(  283): [1182,10053,com.android.defcontainer,service,com.android.defcontainer/.DefaultContainerService]
02-02 10:43:33.793 I/dvm_gc_madvise_info( 1182): [364544,126976]
02-02 10:43:33.843 I/am_proc_bound(  283): [1182,com.android.defcontainer]
02-02 10:43:34.003 I/dvm_gc_info(  608): [7597136565101495625,-9066443172945610695,-4003553797978884051,7358152]
02-02 10:43:34.033 I/am_create_service(  283): [1084037576,com.android.defcontainer/.DefaultContainerService,,1182]
02-02 10:43:34.043 I/am_create_service(  283): [1083379240,com.google.android.music/.MusicPreferenceService$MusicPreferenceServiceBinder,act=com.google.android.music.PREFERENCE_SERVICE,1124]
02-02 10:43:34.043 I/binder_sample( 1182): [android.app.IActivityManager,17,203,<pre-initialized>,40]
02-02 10:43:34.053 I/am_create_service(  283): [1083207888,com.sprint.w.installer/.VoicemailService,,608]
02-02 10:43:34.073 I/am_create_service(  283): [1082955888,com.sprint.w.installer/.AlarmService,,608]
02-02 10:43:34.083 I/am_destroy_service(  283): [1083207888,com.sprint.w.installer/.VoicemailService,608]
02-02 10:43:34.103 I/am_finish_activity(  283): [1079489760,3,com.sprint.w.installer/.WInstaller,app-request]
02-02 10:43:34.113 I/db_sample(  608): [/data/data/com.sprint.w.installer/databases/content.db,SELECT id, srcUrl, verName FROM packs,0,,1]
02-02 10:43:34.133 I/am_resume_activity(  283): [1079273288,3,com.android.launcher/com.android.launcher2.Launcher]
02-02 10:43:34.133 I/am_pause_activity(  283): [1079273288,com.android.launcher/com.android.launcher2.Launcher]
02-02 10:43:34.143 I/am_proc_start(  283): [1193,10020,com.sprint.w.prefact,service,com.sprint.w.prefact/.PreferredSetterService]
02-02 10:43:34.143 I/am_destroy_service(  283): [1082955888,com.sprint.w.installer/.AlarmService,608]
02-02 10:43:34.153 I/am_create_service(  283): [1081864144,com.sprint.w.installer/.WallpaperCaptureService,,608]
02-02 10:43:34.193 I/am_on_resume_called(  522): com.android.launcher2.Launcher
02-02 10:43:34.193 I/am_on_paused_called(  522): com.android.launcher2.Launcher
02-02 10:43:34.203 I/dvm_gc_madvise_info( 1193): [364544,126976]
02-02 10:43:34.233 I/am_proc_bound(  283): [1193,com.sprint.w.prefact]
02-02 10:43:34.333 I/dvm_gc_madvise_info( 1065): [266240,126976]
02-02 10:43:34.353 I/am_create_service(  283): [1082067048,com.sprint.w.prefact/.PreferredSetterService,act=com.sprint.action.SET_PREFERRED_APPLICATION,1193]
02-02 10:43:34.363 I/am_destroy_activity(  283): [1079489760,3,com.sprint.w.installer/.WInstaller]
02-02 10:43:34.524 I/dvm_gc_info( 1182): [7234300953690760784,-9017185670681225170,-4006931497699411923,7358131]
02-02 10:43:34.574 I/am_new_intent(  283): [1086047432,3,com.android.launcher/com.android.launcher2.Launcher,android.intent.action.MAIN,NULL,NULL,272629760]
02-02 10:43:34.574 I/am_resume_activity(  283): [1079273288,3,com.android.launcher/com.android.launcher2.Launcher]
02-02 10:43:34.574 I/am_pause_activity(  283): [1079273288,com.android.launcher/com.android.launcher2.Launcher]
02-02 10:43:34.584 I/am_on_resume_called(  522): com.android.launcher2.Launcher
02-02 10:43:34.584 I/am_on_paused_called(  522): com.android.launcher2.Launcher
02-02 10:43:34.594 I/db_sample( 1124): [/data/data/com.google.android.music/databases/music.db,ALTER TABLE LISTITEMS ADD COLUMN ClientId TEXT,556,,100]
02-02 10:43:34.594 I/am_destroy_service(  283): [1082067048,com.sprint.w.prefact/.PreferredSetterService,1193]
02-02 10:43:34.604 I/am_kill (  283): [988,com.android.providers.calendar,12,too many background]
02-02 10:43:34.674 I/dvm_gc_info(  522): [7809652345805194826,-9007615108904413131,-3994265123747432403,8570922]
02-02 10:43:34.754 I/am_proc_died(  283): [988,com.android.providers.calendar]
02-02 10:43:34.754 I/am_resume_activity(  283): [1079273288,3,com.android.launcher/com.android.launcher2.Launcher]
02-02 10:43:34.754 I/am_pause_activity(  283): [1079273288,com.android.launcher/com.android.launcher2.Launcher]
02-02 10:43:34.794 I/am_on_resume_called(  522): com.android.launcher2.Launcher
02-02 10:43:34.794 I/am_on_paused_called(  522): com.android.launcher2.Launcher
02-02 10:43:34.854 I/dvm_gc_info(  522): [7809652345805096494,-9035762606609041356,-3996235448584406995,8570917]
02-02 10:43:34.954 I/dvm_gc_info( 1097): [8517260637557442170,-9061939229720889292,-4005242647839147987,7358131]
02-02 10:43:34.994 I/db_sample( 1124): [/data/data/com.google.android.music/databases/music.db,ALTER TABLE MUSIC ADD COLUMN TrackType INTEGER NOT NULL DEFAULT ,408,,82]
02-02 10:43:34.994 I/dvm_gc_info(  608): [7597136565101520499,-8949068107657344972,-4003553797978884051,7358152]
02-02 10:43:35.064 I/dvm_gc_info(  608): [7597136565101511620,-9179877588560082891,-4003553797978884051,8550388]
02-02 10:43:35.064 I/db_sample( 1124): [/data/data/com.google.android.music/databases/music.db,ALTER TABLE MUSIC ADD COLUMN ArtistOrigin INTEGER NOT NULL DEFAU,47,,10]
02-02 10:43:35.074 I/am_create_service(  283): [1085190592,com.google.android.music/.dl.DownloadManager$DownloadManagerService,act=com.google.android.music.accountchanged,1124]
02-02 10:43:35.084 I/am_create_service(  283): [1083439320,com.google.android.music/.store.StoreService$StoreIntentService,act=com.google.android.music.accountchanged,1124]
02-02 10:43:35.094 I/db_sample( 1124): [/data/data/com.google.android.music/databases/music.db,GETLOCK:ALTER TABLE MUSIC ADD COLUMN ArtistId INTEGER NOT NULL D,27,,6]
02-02 10:43:35.945 I/am_create_service(  283): [1079850312,com.google.android.music/.store.StoreService$StoreServiceBinder,act=com.google.android.music.STORE_SERVICE,1124]
02-02 10:43:35.955 I/am_resume_activity(  283): [1079273288,3,com.android.launcher/com.android.launcher2.Launcher]
02-02 10:43:35.965 I/am_pause_activity(  283): [1079273288,com.android.launcher/com.android.launcher2.Launcher]
02-02 10:43:35.975 I/am_on_resume_called(  522): com.android.launcher2.Launcher
02-02 10:43:36.005 I/am_on_paused_called(  522): com.android.launcher2.Launcher
02-02 10:43:36.055 I/dvm_gc_info(  522): [7809652345805104683,-9044769805830203338,-3995672498630985683,8570917]
02-02 10:43:36.105 I/dvm_gc_info( 1124): [7887337218879358546,-9010710990117918663,-4003835272955594707,7358131]
02-02 10:43:36.265 I/dvm_gc_info(  283): [8320808730291734325,-8920913530235090845,-3983569074632427475,8542164]
02-02 10:43:36.265 I/db_sample( 1124): [/data/data/com.google.android.music/databases/music.db,COMMIT;PRAGMA user_version = 37,863,,100]
02-02 10:43:36.415 I/dvm_gc_info( 1097): [8517260637557024354,-9065879879394838475,-4004961172862437331,7358131]
02-02 10:43:36.435 I/db_sample( 1124): [/data/data/com.google.android.music/databases/music.db,SELECT count(*) AS _count FROM LISTS,15,,4]
02-02 10:43:36.445 I/content_query_sample( 1124): [content://com.google.android.music.MusicContent/playlists,count(*),,,4929,,100]
02-02 10:43:36.505 I/am_create_service(  283): [1086385528,com.google.android.music/.MusicPlaybackService,,1124]
02-02 10:43:36.515 I/binder_sample( 1124): [android.app.IActivityManager,34,344,com.google.android.music:main,68]
02-02 10:43:36.515 I/am_destroy_service(  283): [1081864144,com.sprint.w.installer/.WallpaperCaptureService,608]
02-02 10:43:36.786 I/dvm_gc_info( 1182): [7234300953690768425,-9186915081637750738,-4006931497699411923,7358131]
02-02 10:43:36.846 I/dvm_gc_madvise_info( 1138): [126976,126976]
02-02 10:43:36.916 I/db_sample( 1124): [/data/data/com.google.android.music/databases/music.db,COMMIT;DELETE FROM SHOULDKEEPON,126,,26]
02-02 10:43:36.936 I/wifi_supplicant_state_changed(  283): 2
02-02 10:43:36.976 I/am_destroy_service(  283): [1083439320,com.google.android.music/.store.StoreService$StoreIntentService,1124]
02-02 10:43:37.106 I/dvm_gc_info(  522): [7809652345805411879,-9050962255317837770,-3995672498630985683,8570917]
02-02 10:43:37.146 I/am_proc_start(  283): [1214,10022,com.svox.pico,broadcast,com.svox.pico/.VoiceDataInstallerReceiver]
02-02 10:43:37.166 I/dvm_gc_madvise_info( 1214): [364544,126976]
02-02 10:43:37.306 I/am_proc_bound(  283): [1214,com.svox.pico]
02-02 10:43:37.396 I/dvm_gc_info(  283): [8320808730291980006,-8922320905118664606,-3983850549609138131,8542164]
02-02 10:43:37.506 I/am_proc_start(  283): [1223,10036,com.google.android.apps.maps,broadcast,com.google.android.apps.maps/com.google.android.location.internal.NlpPackageUpdateReceiver]
02-02 10:43:37.506 I/am_kill (  283): [1018,com.google.android.googlequicksearchbox,12,too many background]
02-02 10:43:37.526 I/dvm_gc_madvise_info( 1223): [364544,126976]
02-02 10:43:37.536 I/am_proc_bound(  283): [1223,com.google.android.apps.maps]
02-02 10:43:37.597 I/binder_sample(  608): [android.app.IActivityManager,103,102,com.sprint.w.installer,20]
02-02 10:43:37.597 I/am_proc_died(  283): [1018,com.google.android.googlequicksearchbox]
02-02 10:43:37.627 I/am_resume_activity(  283): [1079273288,3,com.android.launcher/com.android.launcher2.Launcher]
02-02 10:43:37.637 I/am_pause_activity(  283): [1079273288,com.android.launcher/com.android.launcher2.Launcher]
02-02 10:43:37.647 I/am_on_resume_called(  522): com.android.launcher2.Launcher
02-02 10:43:37.677 I/am_on_paused_called(  522): com.android.launcher2.Launcher
02-02 10:43:37.677 I/dvm_gc_info( 1223): [3345437233799816816,-8981719479951136718,-4006087072769279955,7358131]
02-02 10:43:37.717 I/dvm_gc_madvise_info(  475): [253952,126976]
02-02 10:43:37.757 I/dvm_gc_madvise_info( 1115): [528384,126976]
02-02 10:43:37.767 I/am_destroy_service(  283): [1084037576,com.android.defcontainer/.DefaultContainerService,1182]
02-02 10:43:37.777 I/binder_sample(  522): [android.app.IActivityManager,19,95,com.android.launcher,19]
02-02 10:43:37.787 I/am_kill (  283): [855,com.sprint.ce.updater,12,too many background]
02-02 10:43:37.857 I/dvm_gc_info( 1223): [3345437233799882239,-9048710386868549576,-4004116747932305363,7358131]
02-02 10:43:37.897 I/wifi_supplicant_state_changed(  283): 1
02-02 10:43:37.947 I/am_proc_died(  283): [855,com.sprint.ce.updater]
02-02 10:43:37.947 I/am_resume_activity(  283): [1079273288,3,com.android.launcher/com.android.launcher2.Launcher]
02-02 10:43:37.947 I/am_pause_activity(  283): [1079273288,com.android.launcher/com.android.launcher2.Launcher]
02-02 10:43:37.957 I/binder_sample(  608): [android.content.IContentProvider,3,275,com.sprint.w.installer,55]
02-02 10:43:37.967 I/am_on_resume_called(  522): com.android.launcher2.Launcher
02-02 10:43:37.967 I/am_on_paused_called(  522): com.android.launcher2.Launcher
02-02 10:43:37.977 I/binder_sample( 1214): [android.app.IActivityManager,16,475,com.svox.pico,95]
02-02 10:43:38.027 I/dvm_gc_info(  522): [7809652345805108809,-9007052090248292299,-3995953973607696339,8570917]
02-02 10:43:38.037 I/dvm_gc_madvise_info( 1159): [507904,126976]
02-02 10:43:38.057 I/binder_sample( 1214): [android.app.IActivityManager,110,64,com.svox.pico,12]
02-02 10:43:38.117 I/binder_sample( 1214): [android.app.IActivityManager,110,37,com.svox.pico,7]
02-02 10:43:38.127 I/dvm_gc_madvise_info( 1149): [368640,126976]
02-02 10:43:38.127 I/content_query_sample( 1223): [content://com.google.settings/partner,value,name='maps_client_id',,17,com.google.android.apps.maps,4]
02-02 10:43:38.217 I/dvm_gc_info( 1223): [3345437233799820840,-9044206374806763458,-4002146423095330771,7358131]
02-02 10:43:38.287 I/am_kill (  283): [1055,com.cooliris.media,14,too many background]
02-02 10:43:38.307 I/am_proc_start(  283): [1232,10043,com.google.android.googlequicksearchbox,broadcast,com.google.android.googlequicksearchbox/.CorporaUpdateReceiver]
02-02 10:43:38.317 I/dvm_gc_madvise_info( 1232): [360448,126976]
02-02 10:43:38.337 I/am_proc_bound(  283): [1232,com.google.android.googlequicksearchbox]
02-02 10:43:38.347 I/am_proc_died(  283): [1055,com.cooliris.media]
02-02 10:43:38.347 I/am_resume_activity(  283): [1079273288,3,com.android.launcher/com.android.launcher2.Launcher]
02-02 10:43:38.347 I/am_pause_activity(  283): [1079273288,com.android.launcher/com.android.launcher2.Launcher]
02-02 10:43:38.377 I/content_update_sample(  608): [content://com.android.launcher2.settings/favorites?notify=false,insert,,699,com.sprint.w.installer,100]
02-02 10:43:38.407 I/am_on_resume_called(  522): com.android.launcher2.Launcher
02-02 10:43:38.407 I/am_on_paused_called(  522): com.android.launcher2.Launcher
02-02 10:43:38.417 I/am_create_service(  283): [1082781384,com.google.android.gsf/.loginservice.GoogleLoginService,act=android.accounts.AccountAuthenticator,475]
02-02 10:43:38.437 I/binder_sample( 1223): [android.app.IActivityManager,69,15,com.google.android.apps.maps,3]
02-02 10:43:38.497 I/dvm_gc_info(  475): [7449358886915597990,-8925424003488712651,-4004961172862437331,7358132]
02-02 10:43:38.527 I/dvm_gc_info( 1232): [7453298398305773184,-8969616124705638352,-4006650022722701267,7358131]
02-02 10:43:38.557 I/am_destroy_service(  283): [1082781384,com.google.android.gsf/.loginservice.GoogleLoginService,475]
02-02 10:43:38.608 I/am_kill (  283): [1088,zte.com.cn.alarmclock,14,too many background]
02-02 10:43:38.608 I/am_proc_died(  283): [1088,zte.com.cn.alarmclock]
02-02 10:43:38.618 I/am_resume_activity(  283): [1079273288,3,com.android.launcher/com.android.launcher2.Launcher]
02-02 10:43:38.618 I/am_on_resume_called(  522): com.android.launcher2.Launcher
02-02 10:43:38.628 I/am_pause_activity(  283): [1079273288,com.android.launcher/com.android.launcher2.Launcher]
02-02 10:43:38.628 I/am_on_paused_called(  522): com.android.launcher2.Launcher
02-02 10:43:38.638 I/binder_sample( 1214): [android.app.IActivityManager,110,50,com.svox.pico,10]
02-02 10:43:38.648 I/dvm_gc_info( 1097): [8517260637559219836,-9062502179674306507,-4005242647839147987,7358131]
02-02 10:43:38.678 I/dvm_gc_info(  522): [7809652345805112894,-9022251738990667723,-3995953973607696339,8570917]
02-02 10:43:38.698 I/binder_sample( 1232): [android.app.IActivityManager,110,28,com.google.android.googlequicksearchbox,5]
02-02 10:43:38.928 I/am_create_service(  283): [1083146000,com.google.android.gsf/.loginservice.GoogleLoginService,act=android.accounts.AccountAuthenticator,475]
02-02 10:43:38.958 I/db_sample(  522): [/data/data/com.android.launcher/databases/launcher.db,INSERT INTO favorites(cellX, screen, cellY, iconResource, iconPa,65,,14]
02-02 10:43:38.958 I/db_sample(  637): [/data/data/com.android.providers.media/databases/internal.db,INSERT INTO audio_meta(album_artist, date_modified, track, is_ri,1018,,100]
02-02 10:43:38.978 I/am_destroy_service(  283): [1083146000,com.google.android.gsf/.loginservice.GoogleLoginService,475]
02-02 10:43:38.978 I/gtalkservice(  475): 11
02-02 10:43:39.018 I/dvm_gc_info(  522): [7809652345805080172,-8985378379585828810,-3995672498630985683,8570917]
02-02 10:43:39.028 I/db_sample( 1124): [/data/data/com.google.android.music/databases/music.db,GETLOCK:SELECT Id, LocalCopyPath, LocalCopySize FROM MUSIC WHERE,173,,35]
02-02 10:43:39.088 I/binder_sample(  608): [android.app.IActivityManager,110,22,com.sprint.w.installer,4]
02-02 10:43:39.108 I/am_create_service(  283): [1083484544,com.locationlabs.v3client/.ConfigurationService,act=com.locationlabs.v3client.action.CHECK_CONFIGURATION pkg=com.locationlabs.v3client,1097]
02-02 10:43:39.148 I/am_destroy_service(  283): [1083484544,com.locationlabs.v3client/.ConfigurationService,1097]
02-02 10:43:39.178 I/db_sample( 1124): [/data/data/com.google.android.music/databases/music.db,GETLOCK:SELECT MusicId FROM RINGTONES JOIN MUSIC ON (MusicId = M,154,,31]
02-02 10:43:39.208 I/am_create_service(  283): [1082101528,com.locationlabs.v3client/.RadioSignalService,pkg=com.locationlabs.v3client,1097]
02-02 10:43:39.218 I/am_create_service(  283): [1085191448,com.locationlabs.v3client/.HeartbeatService,act=com.locationlabs.v3client.action.ACTION_UPDATE_HEARTBEAT pkg=com.locationlabs.v3client,1097]
02-02 10:43:39.238 I/dvm_gc_info( 1097): [8517260637557032557,-9034636156979943371,-4004961172862437331,7358131]
02-02 10:43:39.248 I/binder_sample( 1149): [android.content.pm.IPackageManager,26,30,com.google.android.voicesearch,6]
02-02 10:43:39.298 I/db_sample( 1124): [/data/data/com.google.android.music/databases/music.db,SELECT MusicId FROM RINGTONES JOIN MUSIC ON (MusicId = MUSIC.Id),273,,55]
02-02 10:43:39.338 I/am_destroy_service(  283): [1085191448,com.locationlabs.v3client/.HeartbeatService,1097]
02-02 10:43:39.348 I/content_update_sample(  522): [content://com.android.launcher2.settings/favorites/-1?notify=false,update,,169,,34]
02-02 10:43:39.408 I/am_destroy_service(  283): [1086385528,com.google.android.music/.MusicPlaybackService,1124]
02-02 10:43:39.428 I/am_destroy_service(  283): [1085190592,com.google.android.music/.dl.DownloadManager$DownloadManagerService,1124]
02-02 10:43:39.428 I/am_destroy_service(  283): [1079850312,com.google.android.music/.store.StoreService$StoreServiceBinder,1124]
02-02 10:43:39.428 I/am_kill (  283): [1045,com.google.android.apps.uploader,14,too many background]
02-02 10:43:39.438 I/am_proc_died(  283): [1045,com.google.android.apps.uploader]
02-02 10:43:39.438 I/am_resume_activity(  283): [1079273288,3,com.android.launcher/com.android.launcher2.Launcher]
02-02 10:43:39.448 I/am_pause_activity(  283): [1079273288,com.android.launcher/com.android.launcher2.Launcher]
02-02 10:43:39.458 I/am_on_resume_called(  522): com.android.launcher2.Launcher
02-02 10:43:39.478 I/am_on_paused_called(  522): com.android.launcher2.Launcher
02-02 10:43:39.568 I/dvm_gc_info(  522): [7809652345805223364,-9059687773420644298,-3995391023654275027,8570917]
02-02 10:43:39.659 I/am_resume_activity(  283): [1079273288,3,com.android.launcher/com.android.launcher2.Launcher]
02-02 10:43:39.659 I/am_pause_activity(  283): [1079273288,com.android.launcher/com.android.launcher2.Launcher]
02-02 10:43:39.779 I/am_on_resume_called(  522): com.android.launcher2.Launcher
02-02 10:43:39.779 I/am_on_paused_called(  522): com.android.launcher2.Launcher
02-02 10:43:39.829 I/dvm_gc_info(  522): [7809652345805080128,-9021688651581499338,-3995672498630985683,8570917]
02-02 10:43:39.829 I/db_sample(  522): [/data/data/com.android.launcher/databases/launcher.db,UPDATE favorites SET cellX=?, icon=?, cellY=?, screen=?, spanX=?,39,,8]
02-02 10:43:39.959 I/dvm_gc_info(  283): [8320808730291676942,-8920632055258384285,-3983287599655716819,8542164]
02-02 10:43:39.969 I/db_sample(  637): [/data/data/com.android.providers.media/databases/internal.db,INSERT INTO audio_meta(album_artist, date_modified, track, is_ri,126,,26]
02-02 10:43:40.079 I/dvm_gc_madvise_info(  608): [176128,126976]
02-02 10:43:41.150 I/dvm_gc_madvise_info( 1124): [237568,126976]
02-02 10:43:41.821 I/dvm_gc_madvise_info( 1182): [442368,126976]
02-02 10:43:42.862 I/db_sample(  637): [/data/data/com.android.providers.media/databases/internal.db,INSERT INTO audio_meta(album_artist, date_modified, track, is_ri,2638,,100]
02-02 10:43:42.902 I/am_create_activity(  283): [1082170832,3,com.android.launcher/com.android.launcher2.AppWidgetIdGenerator,com.sprint.ACTION_ALLOCATE_AND_BIND_ALL,NULL,NULL,268435456]
02-02 10:43:42.912 I/binder_sample(  422): [android.os.IPowerManager,1,689,com.android.phone,100]
02-02 10:43:42.932 I/am_restart_activity(  283): [1082170832,3,com.android.launcher/com.android.launcher2.AppWidgetIdGenerator]
02-02 10:43:42.932 I/am_pause_activity(  283): [1082170832,com.android.launcher/com.android.launcher2.AppWidgetIdGenerator]
02-02 10:43:42.982 I/binder_sample(  608): [android.app.IActivityManager,3,2959,com.sprint.w.installer,100]
02-02 10:43:42.982 I/dvm_gc_info(  522): [7809652345805161843,-9050117624262854603,-3995953973607696339,8570917]
02-02 10:43:43.002 I/am_create_service(  283): [1086047432,com.locationlabs.v3client/.SMSNotificationService,act=com.locationlabs.v3client.ACTION_SMS_NOTIFICATION pkg=com.locationlabs.v3client,1097]
02-02 10:43:43.202 I/binder_sample( 1115): [android.app.IActivityManager,110,60,com.sprint.zone,12]
02-02 10:43:43.212 I/am_create_service(  283): [1082996216,com.locationlabs.v3client/.ClaimNumberService,act=com.locationlabs.v3client.action.CLAIM_NUMBER pkg=com.locationlabs.v3client,1097]
02-02 10:43:43.252 I/battery_level(  283): [65,3861,320]
02-02 10:43:43.342 I/am_destroy_service(  283): [1086047432,com.locationlabs.v3client/.SMSNotificationService,1097]
02-02 10:43:43.402 I/dvm_gc_madvise_info( 1223): [147456,126976]
02-02 10:43:43.412 I/binder_sample( 1149): [android.content.pm.IPackageManager,26,242,com.google.android.voicesearch,48]
02-02 10:43:43.412 I/binder_sample( 1032): [android.app.IActivityManager,16,67,com.google.android.apps.plus,13]
02-02 10:43:43.462 I/am_destroy_service(  283): [1082996216,com.locationlabs.v3client/.ClaimNumberService,1097]
02-02 10:43:43.462 I/db_sample( 1032): [/data/data/com.google.android.apps.plus/databases/picasa.upload.db,SELECT account, album_id, auth_token_type, url, upload_url, cont,50,,11]
02-02 10:43:43.512 I/am_proc_start(  283): [1249,10063,com.sprint.widget.tutorial,broadcast,com.sprint.widget.tutorial/.TutorialWidgetProvider1]
02-02 10:43:43.522 I/dvm_gc_madvise_info(  475): [290816,126976]
02-02 10:43:43.562 I/dvm_gc_madvise_info( 1249): [360448,126976]
02-02 10:43:43.572 I/dvm_gc_info(  120): [8825198673194734637,-9139345947962275794,-4006087072769275858,7358131]
02-02 10:43:43.612 I/dvm_gc_info(  283): [8320808730291758947,-8919787630328256414,-3983569074632427475,8542164]
02-02 10:43:43.692 I/dvm_gc_info(  120): [8825198673194860592,-9222662541068629970,-4006087072769275858,7358131]
02-02 10:43:43.733 I/dvm_gc_info(  120): [8825198673194569784,-9222662541068629970,-4006087072769275858,7358131]
02-02 10:43:43.753 I/dvm_gc_info(  283): [8320808730292086306,-9052362344358991775,-3983850549609138131,8542164]
02-02 10:43:43.763 I/am_proc_bound(  283): [1249,com.sprint.widget.tutorial]
02-02 10:43:43.793 I/dvm_gc_madvise_info( 1232): [434176,126976]
02-02 10:43:43.823 I/am_kill (  283): [1138,com.google.android.apps.maps:LocationFriendService,14,too many background]
02-02 10:43:43.863 I/binder_sample( 1249): [android.app.IActivityManager,16,40,com.sprint.widget.tutorial,8]
02-02 10:43:43.893 I/dvm_gc_info(  522): [7809652345805006548,-8974963324411213770,-3995672498630985683,8570917]
02-02 10:43:43.893 I/binder_sample( 1149): [android.content.pm.IPackageManager,26,100,com.google.android.voicesearch,20]
02-02 10:43:43.893 I/am_proc_died(  283): [1138,com.google.android.apps.maps:LocationFriendService]
02-02 10:43:43.903 I/am_finish_activity(  283): [1082170832,3,com.android.launcher/com.android.launcher2.AppWidgetIdGenerator,app-request]
