02-03 19:26:52.437 W/Sclibration(27104): onSensorChanged filter =  27282  tp = 2
02-03 19:26:52.557 W/Sclibration(27104): onSensorChanged filter =  88723  tp = 3
02-03 19:26:52.557 W/Sclibration(27104): onSensorChanged filter =  30872  tp = 2
02-03 19:26:52.557 W/Sclibration(27104): onSensorChanged filter =  27283  tp = 3
02-03 19:26:52.678 W/Sclibration(27104): onSensorChanged filter =  88724  tp = 4
02-03 19:26:52.678 W/Sclibration(27104): onSensorChanged filter =  30873  tp = 3
02-03 19:26:52.678 W/Sclibration(27104): onSensorChanged filter =  27284  tp = 4
02-03 19:26:52.948 W/Sclibration(27104): onSensorChanged filter =  88725  tp = 5
02-03 19:26:52.958 W/Sclibration(27104): onSensorChanged filter =  30874  tp = 4
02-03 19:26:52.958 W/Sclibration(27104): onSensorChanged filter =  27285  tp = 5
02-03 19:26:53.048 W/Sclibration(27104): onSensorChanged filter =  88726  tp = 6
02-03 19:26:53.048 W/Sclibration(27104): onSensorChanged filter =  30875  tp = 5
02-03 19:26:53.048 W/Sclibration(27104): onSensorChanged filter =  27286  tp = 6
02-03 19:26:53.168 W/Sclibration(27104): onSensorChanged filter =  88727  tp = 7
02-03 19:26:53.168 W/Sclibration(27104): onSensorChanged filter =  30876  tp = 6
02-03 19:26:53.168 W/Sclibration(27104): onSensorChanged filter =  27287  tp = 7
02-03 19:26:53.428 W/Sclibration(27104): onSensorChanged filter =  88728  tp = 8
02-03 19:26:53.438 W/Sclibration(27104): onSensorChanged filter =  30877  tp = 7
02-03 19:26:53.438 W/Sclibration(27104): onSensorChanged filter =  27288  tp = 8
02-03 19:26:53.578 W/Sclibration(27104): onSensorChanged filter =  88729  tp = 9
02-03 19:26:53.578 W/Sclibration(27104): onSensorChanged filter =  30878  tp = 8
02-03 19:26:53.578 W/Sclibration(27104): onSensorChanged filter =  27289  tp = 9
02-03 19:26:53.709 W/Sclibration(27104): onSensorChanged filter =  88730  tp = 0
02-03 19:26:53.709 W/Sclibration(27104): onSensorChanged count =  8873
02-03 19:26:53.709 W/Sclibration(27104): onSensorChanged curX =  -5.2195725  curY =  -7.5537543  curZ =  1.8874419
02-03 19:26:53.709 W/Sclibration(27104): processUnSolicited begin
02-03 19:26:53.719 W/Sclibration(27104): processUnSolicited curX =  -5.2195725  curY =  -7.5537543  curZ =  1.8874419
02-03 19:26:53.719 W/Sclibration(27104): processUnSolicited x =  -73  y =  437
02-03 19:26:53.719 W/Sclibration(27104): processUnSolicited isLeftForX =  true  isDownForY =  false
02-03 19:26:53.719 W/Sclibration(27104): processUnSolicited sum =  134468.0  rr =  8464.0
02-03 19:26:53.719 W/Sclibration(27104): processUnSolicited angle =  -0.16551973491151198  tempX =  45  tempY =  150
02-03 19:26:53.719 W/Sclibration(27104): processUnSolicited end x =  45  y =  150
02-03 19:26:53.719 W/Sclibration(27104): ScalibrationView--setBallLocation  m_calibrated =  false
02-03 19:26:53.719 W/Sclibration(27104): ScalibrationView--setBallLocation2  m_calibrated =  false
02-03 19:26:53.719 W/Sclibration(27104): onSensorChanged count =  8873  count%LOOPCOUNT =  23
02-03 19:26:53.729 W/Sclibration(27104): onSensorChanged filter =  30879  tp = 9
02-03 19:26:53.729 W/Sclibration(27104): onSensorChanged filter =  27290  tp = 0
02-03 19:26:53.729 W/Sclibration(27104): onSensorChanged count =  2729
02-03 19:26:53.729 W/Sclibration(27104): onSensorChanged curX =  -5.2195725  curY =  -7.5537543  curZ =  1.8874419
02-03 19:26:53.729 W/Sclibration(27104): processUnSolicited begin
02-03 19:26:53.729 W/Sclibration(27104): processUnSolicited curX =  -5.2195725  curY =  -7.5537543  curZ =  1.8874419
02-03 19:26:53.729 W/Sclibration(27104): processUnSolicited x =  -73  y =  437
02-03 19:26:53.729 W/Sclibration(27104): processUnSolicited isLeftForX =  true  isDownForY =  false
02-03 19:26:53.729 W/Sclibration(27104): processUnSolicited sum =  134468.0  rr =  8464.0
02-03 19:26:53.739 W/Sclibration(27104): processUnSolicited angle =  -0.16551973491151198  tempX =  45  tempY =  150
02-03 19:26:53.739 W/Sclibration(27104): processUnSolicited end x =  45  y =  150
02-03 19:26:53.739 W/Sclibration(27104): ScalibrationView--setBallLocation  m_calibrated =  false
02-03 19:26:53.739 W/Sclibration(27104): ScalibrationView--setBallLocation2  m_calibrated =  false
02-03 19:26:53.739 W/Sclibration(27104): onSensorChanged count =  2729  count%LOOPCOUNT =  29
02-03 19:26:53.819 W/Sclibration(27104): onSensorChanged filter =  88731  tp = 1
02-03 19:26:53.819 W/Sclibration(27104): onSensorChanged filter =  30880  tp = 0
02-03 19:26:53.819 W/Sclibration(27104): onSensorChanged count =  3088
02-03 19:26:53.819 W/Sclibration(27104): onSensorChanged curX =  -5.2934923  curY =  -7.4818115  curZ =  1.869293
02-03 19:26:53.819 W/Sclibration(27104): processUnSolicited begin
02-03 19:26:53.819 W/Sclibration(27104): processUnSolicited curX =  -5.2934923  curY =  -7.4818115  curZ =  1.869293
02-03 19:26:53.829 W/Sclibration(27104): processUnSolicited x =  -76  y =  434
02-03 19:26:53.829 W/Sclibration(27104): processUnSolicited isLeftForX =  true  isDownForY =  false
02-03 19:26:53.829 W/Sclibration(27104): processUnSolicited sum =  133922.0  rr =  8464.0
02-03 19:26:53.829 W/Sclibration(27104): processUnSolicited angle =  -0.17335744825382202  tempX =  45  tempY =  150
02-03 19:26:53.829 W/Sclibration(27104): processUnSolicited end x =  45  y =  150
02-03 19:26:53.829 W/Sclibration(27104): ScalibrationView--setBallLocation  m_calibrated =  false
02-03 19:26:53.829 W/Sclibration(27104): ScalibrationView--setBallLocation2  m_calibrated =  false
02-03 19:26:53.829 W/Sclibration(27104): onSensorChanged count =  3088  count%LOOPCOUNT =  28
02-03 19:26:53.829 W/Sclibration(27104): onSensorChanged filter =  27291  tp = 1
02-03 19:26:53.939 W/Sclibration(27104): onSensorChanged filter =  88732  tp = 2
02-03 19:26:53.939 W/Sclibration(27104): onSensorChanged filter =  30881  tp = 1
02-03 19:26:53.939 W/Sclibration(27104): onSensorChanged filter =  27292  tp = 2
02-03 19:26:54.059 W/Sclibration(27104): onSensorChanged filter =  88733  tp = 3
02-03 19:26:54.059 W/Sclibration(27104): onSensorChanged filter =  30882  tp = 2
02-03 19:26:54.059 W/Sclibration(27104): onSensorChanged filter =  27293  tp = 3
02-03 19:26:54.179 W/Sclibration(27104): onSensorChanged filter =  88734  tp = 4
02-03 19:26:54.179 W/Sclibration(27104): onSensorChanged filter =  30883  tp = 3
02-03 19:26:54.179 W/Sclibration(27104): onSensorChanged filter =  27294  tp = 4
02-03 19:26:54.319 W/Sclibration(27104): onSensorChanged filter =  88735  tp = 5
02-03 19:26:54.319 W/Sclibration(27104): onSensorChanged filter =  30884  tp = 4
02-03 19:26:54.319 W/Sclibration(27104): onSensorChanged filter =  27295  tp = 5
02-03 19:26:54.419 W/Sclibration(27104): onSensorChanged filter =  88736  tp = 6
02-03 19:26:54.419 W/Sclibration(27104): onSensorChanged filter =  30885  tp = 5
02-03 19:26:54.419 W/Sclibration(27104): onSensorChanged filter =  27296  tp = 6
02-03 19:26:54.539 W/Sclibration(27104): onSensorChanged filter =  88737  tp = 7
02-03 19:26:54.539 W/Sclibration(27104): onSensorChanged filter =  30886  tp = 6
02-03 19:26:54.539 W/Sclibration(27104): onSensorChanged filter =  27297  tp = 7
02-03 19:26:54.790 W/Sclibration(27104): onSensorChanged filter =  88738  tp = 8
02-03 19:26:54.790 W/Sclibration(27104): onSensorChanged filter =  30887  tp = 7
02-03 19:26:54.790 W/Sclibration(27104): onSensorChanged filter =  27298  tp = 8
02-03 19:26:54.910 W/Sclibration(27104): onSensorChanged filter =  88739  tp = 9
02-03 19:26:54.910 W/Sclibration(27104): onSensorChanged filter =  30888  tp = 8
02-03 19:26:54.920 W/Sclibration(27104): onSensorChanged filter =  27299  tp = 9
02-03 19:26:55.030 W/Sclibration(27104): onSensorChanged filter =  88740  tp = 0
02-03 19:26:55.030 W/Sclibration(27104): onSensorChanged count =  8874
02-03 19:26:55.030 W/Sclibration(27104): onSensorChanged curX =  -5.180882  curY =  -7.5244346  curZ =  2.08994
02-03 19:26:55.030 W/Sclibration(27104): processUnSolicited begin
02-03 19:26:55.030 W/Sclibration(27104): processUnSolicited curX =  -5.180882  curY =  -7.5244346  curZ =  2.08994
02-03 19:26:55.030 W/Sclibration(27104): processUnSolicited x =  -72  y =  435
02-03 19:26:55.030 W/Sclibration(27104): processUnSolicited isLeftForX =  true  isDownForY =  false
02-03 19:26:55.030 W/Sclibration(27104): processUnSolicited sum =  132849.0  rr =  8464.0
02-03 19:26:55.030 W/Sclibration(27104): processUnSolicited angle =  -0.16403010964847992  tempX =  45  tempY =  150
02-03 19:26:55.030 W/Sclibration(27104): processUnSolicited end x =  45  y =  150
02-03 19:26:55.030 W/Sclibration(27104): ScalibrationView--setBallLocation  m_calibrated =  false
02-03 19:26:55.040 W/Sclibration(27104): ScalibrationView--setBallLocation2  m_calibrated =  false
02-03 19:26:55.040 W/Sclibration(27104): onSensorChanged count =  8874  count%LOOPCOUNT =  24
02-03 19:26:55.040 W/Sclibration(27104): onSensorChanged filter =  30889  tp = 9
02-03 19:26:55.040 W/Sclibration(27104): onSensorChanged filter =  27300  tp = 0
02-03 19:26:55.040 W/Sclibration(27104): onSensorChanged count =  2730
02-03 19:26:55.040 W/Sclibration(27104): onSensorChanged curX =  -5.180882  curY =  -7.5244346  curZ =  2.08994
02-03 19:26:55.040 W/Sclibration(27104): processUnSolicited begin
02-03 19:26:55.040 W/Sclibration(27104): processUnSolicited curX =  -5.180882  curY =  -7.5244346  curZ =  2.08994
02-03 19:26:55.040 W/Sclibration(27104): processUnSolicited x =  -72  y =  435
02-03 19:26:55.040 W/Sclibration(27104): processUnSolicited isLeftForX =  true  isDownForY =  false
02-03 19:26:55.050 W/Sclibration(27104): processUnSolicited sum =  132849.0  rr =  8464.0
02-03 19:26:55.050 W/Sclibration(27104): processUnSolicited angle =  -0.16403010964847992  tempX =  45  tempY =  150
02-03 19:26:55.050 W/Sclibration(27104): processUnSolicited end x =  45  y =  150
02-03 19:26:55.050 W/Sclibration(27104): ScalibrationView--setBallLocation  m_calibrated =  false
02-03 19:26:55.050 W/Sclibration(27104): ScalibrationView--setBallLocation2  m_calibrated =  false
02-03 19:26:55.050 W/Sclibration(27104): onSensorChanged count =  2730  count%LOOPCOUNT =  0
02-03 19:26:55.150 W/Sclibration(27104): onSensorChanged filter =  88741  tp = 1
02-03 19:26:55.150 W/Sclibration(27104): onSensorChanged filter =  30890  tp = 0
02-03 19:26:55.150 W/Sclibration(27104): onSensorChanged count =  3089
02-03 19:26:55.150 W/Sclibration(27104): onSensorChanged curX =  -5.101302  curY =  -7.603817  curZ =  2.1094615
02-03 19:26:55.150 W/Sclibration(27104): processUnSolicited begin
02-03 19:26:55.150 W/Sclibration(27104): processUnSolicited curX =  -5.101302  curY =  -7.603817  curZ =  2.1094615
02-03 19:26:55.150 W/Sclibration(27104): processUnSolicited x =  -69  y =  439
02-03 19:26:55.150 W/Sclibration(27104): processUnSolicited isLeftForX =  true  isDownForY =  false
02-03 19:26:55.150 W/Sclibration(27104): processUnSolicited sum =  134032.0  rr =  8464.0
02-03 19:26:55.160 W/Sclibration(27104): processUnSolicited angle =  -0.15589995851984634  tempX =  45  tempY =  149
02-03 19:26:55.160 W/Sclibration(27104): processUnSolicited end x =  45  y =  149
02-03 19:26:55.160 W/Sclibration(27104): ScalibrationView--setBallLocation  m_calibrated =  false
02-03 19:26:55.160 W/Sclibration(27104): ScalibrationView--setBallLocation2  m_calibrated =  false
02-03 19:26:55.160 W/Sclibration(27104): onSensorChanged count =  3089  count%LOOPCOUNT =  29
02-03 19:26:55.160 W/Sclibration(27104): onSensorChanged filter =  27301  tp = 1
02-03 19:26:55.270 W/Sclibration(27104): onSensorChanged filter =  88742  tp = 2
02-03 19:26:55.270 W/Sclibration(27104): onSensorChanged filter =  30891  tp = 1
02-03 19:26:55.270 W/Sclibration(27104): onSensorChanged filter =  27302  tp = 2
02-03 19:26:55.390 W/Sclibration(27104): onSensorChanged filter =  88743  tp = 3
02-03 19:26:55.390 W/Sclibration(27104): onSensorChanged filter =  30892  tp = 2
02-03 19:26:55.390 W/Sclibration(27104): onSensorChanged filter =  27303  tp = 3
02-03 19:26:55.520 W/Sclibration(27104): onSensorChanged filter =  88744  tp = 4
02-03 19:26:55.520 W/Sclibration(27104): onSensorChanged filter =  30893  tp = 3
02-03 19:26:55.520 W/Sclibration(27104): onSensorChanged filter =  27304  tp = 4
02-03 19:26:55.640 W/Sclibration(27104): onSensorChanged filter =  88745  tp = 5
02-03 19:26:55.640 W/Sclibration(27104): onSensorChanged filter =  30894  tp = 4
02-03 19:26:55.650 W/Sclibration(27104): onSensorChanged filter =  27305  tp = 5
02-03 19:26:55.761 W/Sclibration(27104): onSensorChanged filter =  88746  tp = 6
02-03 19:26:55.761 W/Sclibration(27104): onSensorChanged filter =  30895  tp = 5
02-03 19:26:55.771 W/Sclibration(27104): onSensorChanged filter =  27306  tp = 6
02-03 19:26:55.891 W/Sclibration(27104): onSensorChanged filter =  88747  tp = 7
02-03 19:26:55.891 W/Sclibration(27104): onSensorChanged filter =  30896  tp = 6
02-03 19:26:55.891 W/Sclibration(27104): onSensorChanged filter =  27307  tp = 7
02-03 19:26:56.011 W/Sclibration(27104): onSensorChanged filter =  88748  tp = 8
02-03 19:26:56.011 W/Sclibration(27104): onSensorChanged filter =  30897  tp = 7
02-03 19:26:56.011 W/Sclibration(27104): onSensorChanged filter =  27308  tp = 8
02-03 19:26:56.141 W/Sclibration(27104): onSensorChanged filter =  88749  tp = 9
02-03 19:26:56.141 W/Sclibration(27104): onSensorChanged filter =  30898  tp = 8
02-03 19:26:56.141 W/Sclibration(27104): onSensorChanged filter =  27309  tp = 9
02-03 19:26:56.251 W/Sclibration(27104): onSensorChanged filter =  88750  tp = 0
02-03 19:26:56.251 W/Sclibration(27104): onSensorChanged count =  8875
02-03 19:26:56.251 W/Sclibration(27104): onSensorChanged curX =  -5.112563  curY =  -7.5627794  curZ =  2.1078272
02-03 19:26:56.251 W/Sclibration(27104): processUnSolicited begin
02-03 19:26:56.261 W/Sclibration(27104): processUnSolicited curX =  -5.112563  curY =  -7.5627794  curZ =  2.1078272
02-03 19:26:56.261 W/Sclibration(27104): processUnSolicited x =  -69  y =  437
02-03 19:26:56.261 W/Sclibration(27104): processUnSolicited isLeftForX =  true  isDownForY =  false
02-03 19:26:56.261 W/Sclibration(27104): processUnSolicited sum =  132820.0  rr =  8464.0
02-03 19:26:56.261 W/Sclibration(27104): processUnSolicited angle =  -0.15660187698201536  tempX =  45  tempY =  149
02-03 19:26:56.261 W/Sclibration(27104): processUnSolicited end x =  45  y =  149
02-03 19:26:56.261 W/Sclibration(27104): ScalibrationView--setBallLocation  m_calibrated =  false
02-03 19:26:56.261 W/Sclibration(27104): ScalibrationView--setBallLocation2  m_calibrated =  false
02-03 19:26:56.261 W/Sclibration(27104): onSensorChanged count =  8875  count%LOOPCOUNT =  25
02-03 19:26:56.261 W/Sclibration(27104): onSensorChanged filter =  30899  tp = 9
02-03 19:26:56.261 W/Sclibration(27104): onSensorChanged filter =  27310  tp = 0
02-03 19:26:56.271 W/Sclibration(27104): onSensorChanged count =  2731
02-03 19:26:56.271 W/Sclibration(27104): onSensorChanged curX =  -5.112563  curY =  -7.5627794  curZ =  2.1078272
02-03 19:26:56.271 W/Sclibration(27104): processUnSolicited begin
02-03 19:26:56.271 W/Sclibration(27104): processUnSolicited curX =  -5.112563  curY =  -7.5627794  curZ =  2.1078272
02-03 19:26:56.271 W/Sclibration(27104): processUnSolicited x =  -69  y =  437
02-03 19:26:56.291 W/Sclibration(27104): processUnSolicited isLeftForX =  true  isDownForY =  false
02-03 19:26:56.291 W/Sclibration(27104): processUnSolicited sum =  132820.0  rr =  8464.0
02-03 19:26:56.301 W/Sclibration(27104): processUnSolicited angle =  -0.15660187698201536  tempX =  45  tempY =  149
02-03 19:26:56.301 W/Sclibration(27104): processUnSolicited end x =  45  y =  149
02-03 19:26:56.301 W/Sclibration(27104): ScalibrationView--setBallLocation  m_calibrated =  false
02-03 19:26:56.301 W/Sclibration(27104): ScalibrationView--setBallLocation2  m_calibrated =  false
02-03 19:26:56.301 W/Sclibration(27104): onSensorChanged count =  2731  count%LOOPCOUNT =  1
02-03 19:26:56.371 W/Sclibration(27104): onSensorChanged filter =  88751  tp = 1
02-03 19:26:56.371 W/Sclibration(27104): onSensorChanged filter =  30900  tp = 0
02-03 19:26:56.371 W/Sclibration(27104): onSensorChanged count =  3090
02-03 19:26:56.371 W/Sclibration(27104): onSensorChanged curX =  -5.138228  curY =  -7.5371346  curZ =  2.1235814
02-03 19:26:56.371 W/Sclibration(27104): processUnSolicited begin
02-03 19:26:56.371 W/Sclibration(27104): processUnSolicited curX =  -5.138228  curY =  -7.5371346  curZ =  2.1235814
02-03 19:26:56.371 W/Sclibration(27104): processUnSolicited x =  -70  y =  436
02-03 19:26:56.371 W/Sclibration(27104): processUnSolicited isLeftForX =  true  isDownForY =  false
02-03 19:26:56.371 W/Sclibration(27104): processUnSolicited sum =  132626.0  rr =  8464.0
02-03 19:26:56.371 W/Sclibration(27104): processUnSolicited angle =  -0.1591919347645736  tempX =  45  tempY =  149
02-03 19:26:56.371 W/Sclibration(27104): processUnSolicited end x =  45  y =  149
02-03 19:26:56.371 W/Sclibration(27104): ScalibrationView--setBallLocation  m_calibrated =  false
02-03 19:26:56.371 W/Sclibration(27104): ScalibrationView--setBallLocation2  m_calibrated =  false
02-03 19:26:56.371 W/Sclibration(27104): onSensorChanged count =  3090  count%LOOPCOUNT =  0
02-03 19:26:56.371 W/Sclibration(27104): onSensorChanged filter =  27311  tp = 1
02-03 19:26:56.391 W/Sclibration(27104): onSensorChanged filter =  88752  tp = 2
02-03 19:26:56.391 W/Sclibration(27104): onSensorChanged filter =  30901  tp = 1
02-03 19:26:56.391 W/Sclibration(27104): onSensorChanged filter =  27312  tp = 2
02-03 19:26:56.411 W/Sclibration(27104): onSensorChanged filter =  88753  tp = 3
02-03 19:26:56.411 W/Sclibration(27104): onSensorChanged filter =  30902  tp = 2
02-03 19:26:56.411 W/Sclibration(27104): onSensorChanged filter =  27313  tp = 3
02-03 19:26:56.431 W/Sclibration(27104): onSensorChanged filter =  88754  tp = 4
02-03 19:26:56.431 W/Sclibration(27104): onSensorChanged filter =  30903  tp = 3
02-03 19:26:56.431 W/Sclibration(27104): onSensorChanged filter =  27314  tp = 4
02-03 19:26:56.451 W/Sclibration(27104): onSensorChanged filter =  88755  tp = 5
02-03 19:26:56.451 W/Sclibration(27104): onSensorChanged filter =  30904  tp = 4
02-03 19:26:56.451 W/Sclibration(27104): onSensorChanged filter =  27315  tp = 5
02-03 19:26:56.471 W/Sclibration(27104): onSensorChanged filter =  88756  tp = 6
02-03 19:26:56.471 W/Sclibration(27104): onSensorChanged filter =  30905  tp = 5
02-03 19:26:56.471 W/Sclibration(27104): onSensorChanged filter =  27316  tp = 6
02-03 19:26:56.501 W/Sclibration(27104): onSensorChanged filter =  88757  tp = 7
02-03 19:26:56.501 W/Sclibration(27104): onSensorChanged filter =  30906  tp = 6
02-03 19:26:56.501 W/Sclibration(27104): onSensorChanged filter =  27317  tp = 7
02-03 19:26:56.521 W/Sclibration(27104): onSensorChanged filter =  88758  tp = 8
02-03 19:26:56.521 W/Sclibration(27104): onSensorChanged filter =  30907  tp = 7
02-03 19:26:56.521 W/Sclibration(27104): onSensorChanged filter =  27318  tp = 8
02-03 19:26:56.541 W/Sclibration(27104): onSensorChanged filter =  88759  tp = 9
02-03 19:26:56.541 W/Sclibration(27104): onSensorChanged filter =  30908  tp = 8
02-03 19:26:56.541 W/Sclibration(27104): onSensorChanged filter =  27319  tp = 9
02-03 19:26:56.561 W/Sclibration(27104): onSensorChanged filter =  88760  tp = 0
02-03 19:26:56.561 W/Sclibration(27104): onSensorChanged count =  8876
02-03 19:26:56.561 W/Sclibration(27104): onSensorChanged curX =  -5.0621896  curY =  -7.6311326  curZ =  2.175502
02-03 19:26:56.561 W/Sclibration(27104): processUnSolicited begin
02-03 19:26:56.561 W/Sclibration(27104): processUnSolicited curX =  -5.0621896  curY =  -7.6311326  curZ =  2.175502
02-03 19:26:56.561 W/Sclibration(27104): processUnSolicited x =  -67  y =  440
02-03 19:26:56.561 W/Sclibration(27104): processUnSolicited isLeftForX =  true  isDownForY =  false
02-03 19:26:56.561 W/Sclibration(27104): processUnSolicited sum =  133829.0  rr =  8464.0
02-03 19:26:56.561 W/Sclibration(27104): processUnSolicited angle =  -0.15111191928882195  tempX =  45  tempY =  148
02-03 19:26:56.561 W/Sclibration(27104): processUnSolicited end x =  45  y =  148
02-03 19:26:56.561 W/Sclibration(27104): ScalibrationView--setBallLocation  m_calibrated =  false
02-03 19:26:56.561 W/Sclibration(27104): ScalibrationView--setBallLocation2  m_calibrated =  false
02-03 19:26:56.561 W/Sclibration(27104): onSensorChanged count =  8876  count%LOOPCOUNT =  26
02-03 19:26:56.561 W/Sclibration(27104): onSensorChanged filter =  30909  tp = 9
02-03 19:26:56.561 W/Sclibration(27104): onSensorChanged filter =  27320  tp = 0
02-03 19:26:56.561 W/Sclibration(27104): onSensorChanged count =  2732
02-03 19:26:56.561 W/Sclibration(27104): onSensorChanged curX =  -5.0621896  curY =  -7.6311326  curZ =  2.175502
02-03 19:26:56.561 W/Sclibration(27104): processUnSolicited begin
02-03 19:26:56.561 W/Sclibration(27104): processUnSolicited curX =  -5.0621896  curY =  -7.6311326  curZ =  2.175502
02-03 19:26:56.561 W/Sclibration(27104): processUnSolicited x =  -67  y =  440
02-03 19:26:56.561 W/Sclibration(27104): processUnSolicited isLeftForX =  true  isDownForY =  false
02-03 19:26:56.561 W/Sclibration(27104): processUnSolicited sum =  133829.0  rr =  8464.0
02-03 19:26:56.561 W/Sclibration(27104): processUnSolicited angle =  -0.15111191928882195  tempX =  45  tempY =  148
02-03 19:26:56.561 W/Sclibration(27104): processUnSolicited end x =  45  y =  148
02-03 19:26:56.561 W/Sclibration(27104): ScalibrationView--setBallLocation  m_calibrated =  false
02-03 19:26:56.571 W/Sclibration(27104): ScalibrationView--setBallLocation2  m_calibrated =  false
02-03 19:26:56.571 W/Sclibration(27104): onSensorChanged count =  2732  count%LOOPCOUNT =  2
02-03 19:26:56.581 W/Sclibration(27104): onSensorChanged filter =  88761  tp = 1
02-03 19:26:56.581 W/Sclibration(27104): onSensorChanged filter =  30910  tp = 0
02-03 19:26:56.581 W/Sclibration(27104): onSensorChanged count =  3091
02-03 19:26:56.581 W/Sclibration(27104): onSensorChanged curX =  -5.0596232  curY =  -7.6336975  curZ =  2.1739266
02-03 19:26:56.581 W/Sclibration(27104): processUnSolicited begin
02-03 19:26:56.581 W/Sclibration(27104): processUnSolicited curX =  -5.0596232  curY =  -7.6336975  curZ =  2.1739266
02-03 19:26:56.581 W/Sclibration(27104): processUnSolicited x =  -67  y =  440
02-03 19:26:56.581 W/Sclibration(27104): processUnSolicited isLeftForX =  true  isDownForY =  false
02-03 19:26:56.581 W/Sclibration(27104): processUnSolicited sum =  133829.0  rr =  8464.0
02-03 19:26:56.581 W/Sclibration(27104): processUnSolicited angle =  -0.15111191928882195  tempX =  45  tempY =  148
02-03 19:26:56.591 W/Sclibration(27104): processUnSolicited end x =  45  y =  148
02-03 19:26:56.591 W/Sclibration(27104): ScalibrationView--setBallLocation  m_calibrated =  false
02-03 19:26:56.591 W/Sclibration(27104): ScalibrationView--setBallLocation2  m_calibrated =  false
02-03 19:26:56.591 W/Sclibration(27104): onSensorChanged count =  3091  count%LOOPCOUNT =  1
02-03 19:26:56.591 W/Sclibration(27104): onSensorChanged filter =  27321  tp = 1
02-03 19:26:56.701 W/Sclibration(27104): onSensorChanged filter =  88762  tp = 2
02-03 19:26:56.701 W/Sclibration(27104): onSensorChanged filter =  30911  tp = 1
02-03 19:26:56.701 W/Sclibration(27104): onSensorChanged filter =  27322  tp = 2
02-03 19:26:56.952 W/Sclibration(27104): onSensorChanged filter =  88763  tp = 3
02-03 19:26:56.952 W/Sclibration(27104): onSensorChanged filter =  30912  tp = 2
02-03 19:26:56.952 W/Sclibration(27104): onSensorChanged filter =  27323  tp = 3
02-03 19:26:57.072 W/Sclibration(27104): onSensorChanged filter =  88764  tp = 4
02-03 19:26:57.072 W/Sclibration(27104): onSensorChanged filter =  30913  tp = 3
02-03 19:26:57.082 W/Sclibration(27104): onSensorChanged filter =  27324  tp = 4
02-03 19:26:57.202 W/Sclibration(27104): onSensorChanged filter =  88765  tp = 5
02-03 19:26:57.202 W/Sclibration(27104): onSensorChanged filter =  30914  tp = 4
02-03 19:26:57.202 W/Sclibration(27104): onSensorChanged filter =  27325  tp = 5
02-03 19:26:57.322 W/Sclibration(27104): onSensorChanged filter =  88766  tp = 6
02-03 19:26:57.322 W/Sclibration(27104): onSensorChanged filter =  30915  tp = 5
02-03 19:26:57.322 W/Sclibration(27104): onSensorChanged filter =  27326  tp = 6
02-03 19:26:57.442 W/Sclibration(27104): onSensorChanged filter =  88767  tp = 7
02-03 19:26:57.442 W/Sclibration(27104): onSensorChanged filter =  30916  tp = 6
02-03 19:26:57.452 W/Sclibration(27104): onSensorChanged filter =  27327  tp = 7
02-03 19:26:57.552 I/ShutdownThread(26892): Radio file system sync incomplete - retry.
02-03 19:26:57.552 E/rmt_storage(  149): [MyTag]open: fd=-1
02-03 19:26:57.552 E/rmt_storage(  149): block rmt_storage client thread
02-03 19:26:57.562 W/Sclibration(27104): onSensorChanged filter =  88768  tp = 8
02-03 19:26:57.562 W/Sclibration(27104): onSensorChanged filter =  30917  tp = 7
02-03 19:26:57.562 W/Sclibration(27104): onSensorChanged filter =  27328  tp = 8
02-03 19:26:57.682 W/Sclibration(27104): onSensorChanged filter =  88769  tp = 9
02-03 19:26:57.692 W/Sclibration(27104): onSensorChanged filter =  30918  tp = 8
02-03 19:26:57.692 W/Sclibration(27104): onSensorChanged filter =  27329  tp = 9
02-03 19:26:57.813 W/Sclibration(27104): onSensorChanged filter =  88770  tp = 0
02-03 19:26:57.813 W/Sclibration(27104): onSensorChanged count =  8877
02-03 19:26:57.813 W/Sclibration(27104): onSensorChanged curX =  -4.9759707  curY =  -7.6774163  curZ =  2.1510282
02-03 19:26:57.813 W/Sclibration(27104): processUnSolicited begin
02-03 19:26:57.813 W/Sclibration(27104): processUnSolicited curX =  -4.9759707  curY =  -7.6774163  curZ =  2.1510282
02-03 19:26:57.813 W/Sclibration(27104): processUnSolicited x =  -64  y =  442
02-03 19:26:57.813 W/Sclibration(27104): processUnSolicited isLeftForX =  true  isDownForY =  false
02-03 19:26:57.813 W/Sclibration(27104): processUnSolicited sum =  133850.0  rr =  8464.0
02-03 19:26:57.813 W/Sclibration(27104): processUnSolicited angle =  -0.14379698898684187  tempX =  44  tempY =  148
02-03 19:26:57.813 W/Sclibration(27104): processUnSolicited end x =  44  y =  148
02-03 19:26:57.823 W/Sclibration(27104): ScalibrationView--setBallLocation  m_calibrated =  false
02-03 19:26:57.823 W/Sclibration(27104): ScalibrationView--setBallLocation2  m_calibrated =  false
02-03 19:26:57.823 W/Sclibration(27104): onSensorChanged count =  8877  count%LOOPCOUNT =  27
02-03 19:26:57.823 W/Sclibration(27104): onSensorChanged filter =  30919  tp = 9
02-03 19:26:57.823 W/Sclibration(27104): onSensorChanged filter =  27330  tp = 0
02-03 19:26:57.823 W/Sclibration(27104): onSensorChanged count =  2733
02-03 19:26:57.823 W/Sclibration(27104): onSensorChanged curX =  -4.9759707  curY =  -7.6774163  curZ =  2.1510282
02-03 19:26:57.823 W/Sclibration(27104): processUnSolicited begin
02-03 19:26:57.843 W/Sclibration(27104): processUnSolicited curX =  -4.9759707  curY =  -7.6774163  curZ =  2.1510282
02-03 19:26:57.843 W/Sclibration(27104): processUnSolicited x =  -64  y =  442
02-03 19:26:57.843 W/Sclibration(27104): processUnSolicited isLeftForX =  true  isDownForY =  false
02-03 19:26:57.843 W/Sclibration(27104): processUnSolicited sum =  133850.0  rr =  8464.0
02-03 19:26:57.853 W/Sclibration(27104): processUnSolicited angle =  -0.14379698898684187  tempX =  44  tempY =  148
02-03 19:26:57.853 W/Sclibration(27104): processUnSolicited end x =  44  y =  148
02-03 19:26:57.853 W/Sclibration(27104): ScalibrationView--setBallLocation  m_calibrated =  false
02-03 19:26:57.853 W/Sclibration(27104): ScalibrationView--setBallLocation2  m_calibrated =  false
02-03 19:26:57.853 W/Sclibration(27104): onSensorChanged count =  2733  count%LOOPCOUNT =  3
02-03 19:26:57.943 W/Sclibration(27104): onSensorChanged filter =  88771  tp = 1
02-03 19:26:57.943 W/Sclibration(27104): onSensorChanged filter =  30920  tp = 0
02-03 19:26:57.943 W/Sclibration(27104): onSensorChanged count =  3092
02-03 19:26:57.953 W/Sclibration(27104): onSensorChanged curX =  -4.9585214  curY =  -7.694866  curZ =  2.1334796
02-03 19:26:57.953 W/Sclibration(27104): processUnSolicited begin
02-03 19:26:57.953 W/Sclibration(27104): processUnSolicited curX =  -4.9585214  curY =  -7.694866  curZ =  2.1334796
02-03 19:26:57.953 W/Sclibration(27104): processUnSolicited x =  -63  y =  442
02-03 19:26:57.953 W/Sclibration(27104): processUnSolicited isLeftForX =  true  isDownForY =  false
02-03 19:26:57.953 W/Sclibration(27104): processUnSolicited sum =  133453.0  rr =  8464.0
02-03 19:26:57.953 W/Sclibration(27104): processUnSolicited angle =  -0.1415802982004404  tempX =  44  tempY =  147
02-03 19:26:57.953 W/Sclibration(27104): processUnSolicited end x =  44  y =  147
02-03 19:26:57.953 W/Sclibration(27104): ScalibrationView--setBallLocation  m_calibrated =  false
02-03 19:26:57.953 W/Sclibration(27104): ScalibrationView--setBallLocation2  m_calibrated =  false
02-03 19:26:57.963 W/Sclibration(27104): onSensorChanged count =  3092  count%LOOPCOUNT =  2
02-03 19:26:57.963 W/Sclibration(27104): onSensorChanged filter =  27331  tp = 1
02-03 19:26:58.053 I/ShutdownThread(26892): Radio file system sync complete.
02-03 19:26:58.053 I/ShutdownThread(26892): Shutting down MountService
02-03 19:26:58.063 I/PackageManager(26892): Updating external media status from mounted to unmounted
02-03 19:26:58.063 W/Sclibration(27104): onSensorChanged filter =  88772  tp = 2
02-03 19:26:58.073 W/Sclibration(27104): onSensorChanged filter =  30921  tp = 1
02-03 19:26:58.073 W/Sclibration(27104): onSensorChanged filter =  27332  tp = 2
02-03 19:26:58.103 I/PackageManager(26892): apps number on SD card is 0
02-03 19:26:58.103 I/PackageManager(26892): No secure containers on sdcard
02-03 19:26:58.173 W/Sclibration(27104): onSensorChanged filter =  88773  tp = 3
02-03 19:26:58.173 W/Sclibration(27104): onSensorChanged filter =  30922  tp = 2
02-03 19:26:58.173 W/Sclibration(27104): onSensorChanged filter =  27333  tp = 3
02-03 19:26:58.213 W/Sclibration(27104): onSensorChanged filter =  88774  tp = 4
02-03 19:26:58.213 W/Sclibration(27104): onSensorChanged filter =  30923  tp = 3
02-03 19:26:58.213 W/Sclibration(27104): onSensorChanged filter =  27334  tp = 4
02-03 19:26:58.243 W/Sclibration(27104): onSensorChanged filter =  88775  tp = 5
02-03 19:26:58.243 W/Sclibration(27104): onSensorChanged filter =  30924  tp = 4
02-03 19:26:58.243 W/Sclibration(27104): onSensorChanged filter =  27335  tp = 5
02-03 19:26:58.353 W/Sclibration(27104): onSensorChanged filter =  88776  tp = 6
02-03 19:26:58.373 W/Sclibration(27104): onSensorChanged filter =  30925  tp = 5
02-03 19:26:58.373 W/Sclibration(27104): onSensorChanged filter =  27336  tp = 6
02-03 19:26:58.393 W/Sclibration(27104): onSensorChanged filter =  88777  tp = 7
02-03 19:26:58.393 W/Sclibration(27104): onSensorChanged filter =  30926  tp = 6
02-03 19:26:58.393 W/Sclibration(27104): onSensorChanged filter =  27337  tp = 7
02-03 19:26:58.523 W/Sclibration(27104): onSensorChanged filter =  88778  tp = 8
02-03 19:26:58.523 W/Sclibration(27104): onSensorChanged filter =  30927  tp = 7
02-03 19:26:58.523 W/Sclibration(27104): onSensorChanged filter =  27338  tp = 8
02-03 19:26:58.543 W/Sclibration(27104): onSensorChanged filter =  88779  tp = 9
02-03 19:26:58.543 W/Sclibration(27104): onSensorChanged filter =  30928  tp = 8
02-03 19:26:58.543 W/Sclibration(27104): onSensorChanged filter =  27339  tp = 9
02-03 19:26:58.543 W/Sclibration(27104): onSensorChanged filter =  88780  tp = 0
02-03 19:26:58.553 W/Sclibration(27104): onSensorChanged count =  8878
02-03 19:26:58.553 W/Sclibration(27104): onSensorChanged curX =  -4.9682484  curY =  -7.637376  curZ =  2.247456
02-03 19:26:58.553 W/Sclibration(27104): processUnSolicited begin
02-03 19:26:58.553 W/Sclibration(27104): processUnSolicited curX =  -4.9682484  curY =  -7.637376  curZ =  2.247456
02-03 19:26:58.553 W/Sclibration(27104): processUnSolicited x =  -63  y =  440
02-03 19:26:58.553 W/Sclibration(27104): processUnSolicited isLeftForX =  true  isDownForY =  false
02-03 19:26:58.563 W/Sclibration(27104): processUnSolicited sum =  132229.0  rr =  8464.0
02-03 19:26:58.563 W/Sclibration(27104): processUnSolicited angle =  -0.14221522194945713  tempX =  44  tempY =  148
02-03 19:26:58.563 W/Sclibration(27104): processUnSolicited end x =  44  y =  148
02-03 19:26:58.563 W/Sclibration(27104): ScalibrationView--setBallLocation  m_calibrated =  false
02-03 19:26:58.573 W/Sclibration(27104): ScalibrationView--setBallLocation2  m_calibrated =  false
02-03 19:26:58.573 W/Sclibration(27104): onSensorChanged count =  8878  count%LOOPCOUNT =  28
02-03 19:26:58.573 W/Sclibration(27104): onSensorChanged filter =  30929  tp = 9
02-03 19:26:58.573 W/Sclibration(27104): onSensorChanged filter =  27340  tp = 0
02-03 19:26:58.573 W/Sclibration(27104): onSensorChanged count =  2734
02-03 19:26:58.583 W/Sclibration(27104): onSensorChanged curX =  -4.9682484  curY =  -7.637376  curZ =  2.247456
02-03 19:26:58.593 W/Sclibration(27104): processUnSolicited begin
02-03 19:26:58.593 W/Sclibration(27104): processUnSolicited curX =  -4.9682484  curY =  -7.637376  curZ =  2.247456
02-03 19:26:58.593 W/Sclibration(27104): processUnSolicited x =  -63  y =  440
02-03 19:26:58.593 W/Sclibration(27104): processUnSolicited isLeftForX =  true  isDownForY =  false
02-03 19:26:58.593 W/Sclibration(27104): processUnSolicited sum =  132229.0  rr =  8464.0
02-03 19:26:58.593 W/Sclibration(27104): processUnSolicited angle =  -0.14221522194945713  tempX =  44  tempY =  148
02-03 19:26:58.603 W/Sclibration(27104): processUnSolicited end x =  44  y =  148
02-03 19:26:58.603 W/Sclibration(27104): ScalibrationView--setBallLocation  m_calibrated =  false
02-03 19:26:58.603 W/Sclibration(27104): ScalibrationView--setBallLocation2  m_calibrated =  false
02-03 19:26:58.603 W/Sclibration(27104): onSensorChanged count =  2734  count%LOOPCOUNT =  4
02-03 19:26:58.613 W/Sclibration(27104): onSensorChanged filter =  88781  tp = 1
02-03 19:26:58.613 W/Sclibration(27104): onSensorChanged filter =  30930  tp = 0
02-03 19:26:58.613 W/Sclibration(27104): onSensorChanged count =  3093
02-03 19:26:58.613 W/Sclibration(27104): onSensorChanged curX =  -4.969993  curY =  -7.653337  curZ =  2.2859857
02-03 19:26:58.613 I/PackageManager(26892): Updating external media status from unmounted to unmounted
02-03 19:26:58.613 I/PackageManager(26892): Updating external media status from unmounted to unmounted
02-03 19:26:58.613 W/Sclibration(27104): processUnSolicited begin
02-03 19:26:58.613 W/Sclibration(27104): processUnSolicited curX =  -4.969993  curY =  -7.653337  curZ =  2.2859857
02-03 19:26:58.613 W/Sclibration(27104): processUnSolicited x =  -63  y =  441
02-03 19:26:58.613 W/Sclibration(27104): processUnSolicited isLeftForX =  true  isDownForY =  false
02-03 19:26:58.613 W/Sclibration(27104): processUnSolicited sum =  132840.0  rr =  8464.0
02-03 19:26:58.613 W/Sclibration(27104): processUnSolicited angle =  -0.1418970546041639  tempX =  44  tempY =  148
02-03 19:26:58.613 W/Sclibration(27104): processUnSolicited end x =  44  y =  148
02-03 19:26:58.613 W/Sclibration(27104): ScalibrationView--setBallLocation  m_calibrated =  false
02-03 19:26:58.613 W/Sclibration(27104): ScalibrationView--setBallLocation2  m_calibrated =  false
02-03 19:26:58.613 W/Sclibration(27104): onSensorChanged count =  3093  count%LOOPCOUNT =  3
02-03 19:26:58.613 W/Sclibration(27104): onSensorChanged filter =  27341  tp = 1
02-03 19:26:58.623 W/Sclibration(27104): onSensorChanged filter =  88782  tp = 2
02-03 19:26:58.623 W/Sclibration(27104): onSensorChanged filter =  30931  tp = 1
02-03 19:26:58.623 W/Sclibration(27104): onSensorChanged filter =  27342  tp = 2
02-03 19:26:58.623 W/Sclibration(27104): onSensorChanged filter =  88783  tp = 3
02-03 19:26:58.623 W/Sclibration(27104): onSensorChanged filter =  30932  tp = 2
02-03 19:26:58.623 W/Sclibration(27104): onSensorChanged filter =  27343  tp = 3
02-03 19:26:58.623 W/Sclibration(27104): onSensorChanged filter =  88784  tp = 4
02-03 19:26:58.623 W/Sclibration(27104): onSensorChanged filter =  30933  tp = 3
02-03 19:26:58.623 W/Sclibration(27104): onSensorChanged filter =  27344  tp = 4
02-03 19:26:58.663 W/Sclibration(27104): onSensorChanged filter =  88785  tp = 5
02-03 19:26:58.663 W/Sclibration(27104): onSensorChanged filter =  30934  tp = 4
02-03 19:26:58.663 W/Sclibration(27104): onSensorChanged filter =  27345  tp = 5
02-03 19:26:58.763 I/ActivityThread(  515): Pub com.cooliris.picasa.contentprovider: com.cooliris.picasa.PicasaContentProvider
02-03 19:26:58.763 W/Sclibration(27104): onSensorChanged filter =  88786  tp = 6
02-03 19:26:58.773 W/Sclibration(27104): onSensorChanged filter =  30935  tp = 5
02-03 19:26:58.783 W/Sclibration(27104): onSensorChanged filter =  27346  tp = 6
02-03 19:26:58.803 W/Sclibration(27104): onSensorChanged filter =  88787  tp = 7
02-03 19:26:58.813 W/Sclibration(27104): onSensorChanged filter =  30936  tp = 6
02-03 19:26:58.813 W/Sclibration(27104): onSensorChanged filter =  27347  tp = 7
02-03 19:26:58.884 D/Gallery3D(  515): [BootReceiver]: Got intent with action android.intent.action.MEDIA_EJECT
02-03 19:26:58.924 W/Sclibration(27104): onSensorChanged filter =  88788  tp = 8
02-03 19:26:58.924 W/Sclibration(27104): onSensorChanged filter =  30937  tp = 7
02-03 19:26:58.924 W/Sclibration(27104): onSensorChanged filter =  27348  tp = 8
02-03 19:26:58.944 W/Sclibration(27104): onSensorChanged filter =  88789  tp = 9
02-03 19:26:59.314 W/Sclibration(27104): onSensorChanged filter =  30938  tp = 8
02-03 19:26:59.814 D/Gallery3D(  515): [DiskCache]: Unable to create cache directory /mnt/sdcard/Android/data/com.cooliris.media/cache/picasa-thumbs/
02-03 19:26:59.814 D/Gallery3D(  515): [DiskCache]: Unable to create or tempFile /mnt/sdcard/Android/data/com.cooliris.media/cache/picasa-thumbs/
02-03 19:26:59.814 D/Gallery3D(  515): [DiskCache]: Unable to create or tempFile /mnt/sdcard/Android/data/com.cooliris.media/cache/local-album-cache/
02-03 19:26:59.824 D/Gallery3D(  515): [DiskCache]: Unable to create or tempFile /mnt/sdcard/Android/data/com.cooliris.media/cache/local-meta-cache/
02-03 19:26:59.834 W/Sclibration(27104): onSensorChanged filter =  27349  tp = 9
02-03 19:26:59.995 D/KeyguardUpdateMonitor(26892): received broadcast android.intent.action.TIME_TICK
02-03 19:26:59.995 D/KeyguardUpdateMonitor(26892): handleTimeUpdate
02-03 19:27:00.035 W/Sclibration(27104): onSensorChanged filter =  88790  tp = 0
02-03 19:27:00.035 W/Sclibration(27104): onSensorChanged count =  8879
02-03 19:27:00.035 W/Sclibration(27104): onSensorChanged curX =  -4.9676585  curY =  -7.6590858  curZ =  2.183332
02-03 19:27:00.035 W/Sclibration(27104): processUnSolicited begin
02-03 19:27:00.045 W/Sclibration(27104): processUnSolicited curX =  -4.9676585  curY =  -7.6590858  curZ =  2.183332
02-03 19:27:00.045 W/Sclibration(27104): processUnSolicited x =  -63  y =  441
02-03 19:27:00.045 W/Sclibration(27104): processUnSolicited isLeftForX =  true  isDownForY =  false
02-03 19:27:00.045 W/Sclibration(27104): processUnSolicited sum =  132840.0  rr =  8464.0
02-03 19:27:00.045 W/Sclibration(27104): processUnSolicited angle =  -0.1418970546041639  tempX =  44  tempY =  148
02-03 19:27:00.045 W/Sclibration(27104): processUnSolicited end x =  44  y =  148
02-03 19:27:00.045 W/Sclibration(27104): ScalibrationView--setBallLocation  m_calibrated =  false
02-03 19:27:00.045 W/Sclibration(27104): ScalibrationView--setBallLocation2  m_calibrated =  false
02-03 19:27:00.045 W/Sclibration(27104): onSensorChanged count =  8879  count%LOOPCOUNT =  29
02-03 19:27:00.045 W/Sclibration(27104): onSensorChanged filter =  30939  tp = 9
02-03 19:27:00.045 W/Sclibration(27104): onSensorChanged filter =  27350  tp = 0
02-03 19:27:00.045 W/Sclibration(27104): onSensorChanged count =  2735
02-03 19:27:00.045 W/Sclibration(27104): onSensorChanged curX =  -4.9676585  curY =  -7.6590858  curZ =  2.183332
02-03 19:27:00.045 W/Sclibration(27104): processUnSolicited begin
02-03 19:27:00.045 W/Sclibration(27104): processUnSolicited curX =  -4.9676585  curY =  -7.6590858  curZ =  2.183332
02-03 19:27:00.045 W/Sclibration(27104): processUnSolicited x =  -63  y =  441
02-03 19:27:00.045 W/Sclibration(27104): processUnSolicited isLeftForX =  true  isDownForY =  false
02-03 19:27:00.045 W/Sclibration(27104): processUnSolicited sum =  132840.0  rr =  8464.0
02-03 19:27:00.045 W/Sclibration(27104): processUnSolicited angle =  -0.1418970546041639  tempX =  44  tempY =  148
02-03 19:27:00.045 W/Sclibration(27104): processUnSolicited end x =  44  y =  148
02-03 19:27:00.045 W/Sclibration(27104): ScalibrationView--setBallLocation  m_calibrated =  false
02-03 19:27:00.045 W/Sclibration(27104): ScalibrationView--setBallLocation2  m_calibrated =  false
02-03 19:27:00.045 W/Sclibration(27104): onSensorChanged count =  2735  count%LOOPCOUNT =  5
02-03 19:27:00.045 W/Sclibration(27104): onSensorChanged filter =  88791  tp = 1
02-03 19:27:00.045 W/Sclibration(27104): onSensorChanged filter =  30940  tp = 0
02-03 19:27:00.045 W/Sclibration(27104): onSensorChanged count =  3094
02-03 19:27:00.045 W/Sclibration(27104): onSensorChanged curX =  -4.9497776  curY =  -7.622077  curZ =  2.214892
02-03 19:27:00.045 W/Sclibration(27104): processUnSolicited begin
02-03 19:27:00.045 W/Sclibration(27104): processUnSolicited curX =  -4.9497776  curY =  -7.622077  curZ =  2.214892
02-03 19:27:00.045 W/Sclibration(27104): processUnSolicited x =  -62  y =  439
02-03 19:27:00.055 W/Sclibration(27104): processUnSolicited isLeftForX =  true  isDownForY =  false
02-03 19:27:00.055 W/Sclibration(27104): processUnSolicited sum =  131225.0  rr =  8464.0
02-03 19:27:00.055 W/Sclibration(27104): processUnSolicited angle =  -0.140302159624733  tempX =  44  tempY =  147
02-03 19:27:00.055 W/Sclibration(27104): processUnSolicited end x =  44  y =  147
02-03 19:27:00.055 W/Sclibration(27104): ScalibrationView--setBallLocation  m_calibrated =  false
02-03 19:27:00.055 W/Sclibration(27104): ScalibrationView--setBallLocation2  m_calibrated =  false
02-03 19:27:00.055 W/Sclibration(27104): onSensorChanged count =  3094  count%LOOPCOUNT =  4
02-03 19:27:00.055 W/Sclibration(27104): onSensorChanged filter =  27351  tp = 1
02-03 19:27:00.055 W/Sclibration(27104): onSensorChanged filter =  88792  tp = 2
02-03 19:27:00.055 W/Sclibration(27104): onSensorChanged filter =  30941  tp = 1
02-03 19:27:00.055 W/Sclibration(27104): onSensorChanged filter =  27352  tp = 2
02-03 19:27:00.055 W/Sclibration(27104): onSensorChanged filter =  88793  tp = 3
02-03 19:27:00.055 W/Sclibration(27104): onSensorChanged filter =  30942  tp = 2
02-03 19:27:00.055 W/Sclibration(27104): onSensorChanged filter =  27353  tp = 3
02-03 19:27:00.055 W/Sclibration(27104): onSensorChanged filter =  88794  tp = 4
02-03 19:27:00.055 W/Sclibration(27104): onSensorChanged filter =  30943  tp = 3
02-03 19:27:00.055 W/Sclibration(27104): onSensorChanged filter =  27354  tp = 4
02-03 19:27:00.055 W/Sclibration(27104): onSensorChanged filter =  88795  tp = 5
02-03 19:27:00.055 W/Sclibration(27104): onSensorChanged filter =  30944  tp = 4
02-03 19:27:00.055 W/Sclibration(27104): onSensorChanged filter =  27355  tp = 5
02-03 19:27:00.055 W/Sclibration(27104): onSensorChanged filter =  88796  tp = 6
02-03 19:27:00.055 W/Sclibration(27104): onSensorChanged filter =  30945  tp = 5
02-03 19:27:00.055 W/Sclibration(27104): onSensorChanged filter =  27356  tp = 6
02-03 19:27:00.055 W/Sclibration(27104): onSensorChanged filter =  88797  tp = 7
02-03 19:27:00.055 W/Sclibration(27104): onSensorChanged filter =  30946  tp = 6
02-03 19:27:00.055 W/Sclibration(27104): onSensorChanged filter =  27357  tp = 7
02-03 19:27:00.055 W/Sclibration(27104): onSensorChanged filter =  88798  tp = 8
02-03 19:27:00.055 W/Sclibration(27104): onSensorChanged filter =  30947  tp = 7
02-03 19:27:00.055 W/Sclibration(27104): onSensorChanged filter =  27358  tp = 8
02-03 19:27:00.055 W/Sclibration(27104): onSensorChanged filter =  88799  tp = 9
02-03 19:27:00.065 W/Sclibration(27104): onSensorChanged filter =  30948  tp = 8
02-03 19:27:00.065 W/Sclibration(27104): onSensorChanged filter =  27359  tp = 9
02-03 19:27:00.065 W/Sclibration(27104): onSensorChanged filter =  88800  tp = 0
02-03 19:27:00.065 W/Sclibration(27104): onSensorChanged count =  8880
02-03 19:27:00.065 W/Sclibration(27104): onSensorChanged curX =  -5.0058546  curY =  -7.550677  curZ =  2.1870198
02-03 19:27:00.065 W/Sclibration(27104): processUnSolicited begin
02-03 19:27:00.065 W/Sclibration(27104): processUnSolicited curX =  -5.0058546  curY =  -7.550677  curZ =  2.1870198
02-03 19:27:00.065 W/Sclibration(27104): processUnSolicited x =  -65  y =  437
02-03 19:27:00.065 W/Sclibration(27104): processUnSolicited isLeftForX =  true  isDownForY =  false
02-03 19:27:00.065 W/Sclibration(27104): processUnSolicited sum =  131204.0  rr =  8464.0
02-03 19:27:00.065 W/Sclibration(27104): processUnSolicited angle =  -0.14765883463326268  tempX =  45  tempY =  148
02-03 19:27:00.065 W/Sclibration(27104): processUnSolicited end x =  45  y =  148
02-03 19:27:00.065 W/Sclibration(27104): ScalibrationView--setBallLocation  m_calibrated =  false
02-03 19:27:00.065 W/Sclibration(27104): ScalibrationView--setBallLocation2  m_calibrated =  false
02-03 19:27:00.065 W/Sclibration(27104): onSensorChanged count =  8880  count%LOOPCOUNT =  0
02-03 19:27:00.065 W/Sclibration(27104): onSensorChanged filter =  30949  tp = 9
02-03 19:27:00.065 W/Sclibration(27104): onSensorChanged filter =  27360  tp = 0
02-03 19:27:00.065 W/Sclibration(27104): onSensorChanged count =  2736
02-03 19:27:00.065 W/Sclibration(27104): onSensorChanged curX =  -5.0058546  curY =  -7.550677  curZ =  2.1870198
02-03 19:27:00.065 W/Sclibration(27104): processUnSolicited begin
02-03 19:27:00.065 W/Sclibration(27104): processUnSolicited curX =  -5.0058546  curY =  -7.550677  curZ =  2.1870198
02-03 19:27:00.065 W/Sclibration(27104): processUnSolicited x =  -65  y =  437
02-03 19:27:00.065 W/Sclibration(27104): processUnSolicited isLeftForX =  true  isDownForY =  false
02-03 19:27:00.065 W/Sclibration(27104): processUnSolicited sum =  131204.0  rr =  8464.0
02-03 19:27:00.065 W/Sclibration(27104): processUnSolicited angle =  -0.14765883463326268  tempX =  45  tempY =  148
02-03 19:27:00.065 W/Sclibration(27104): processUnSolicited end x =  45  y =  148
02-03 19:27:00.065 W/Sclibration(27104): ScalibrationView--setBallLocation  m_calibrated =  false
02-03 19:27:00.065 W/Sclibration(27104): ScalibrationView--setBallLocation2  m_calibrated =  false
02-03 19:27:00.065 W/Sclibration(27104): onSensorChanged count =  2736  count%LOOPCOUNT =  6
02-03 19:27:00.065 W/Sclibration(27104): onSensorChanged filter =  88801  tp = 1
02-03 19:27:00.065 W/Sclibration(27104): onSensorChanged filter =  30950  tp = 0
02-03 19:27:00.065 W/Sclibration(27104): onSensorChanged count =  3095
02-03 19:27:00.065 W/Sclibration(27104): onSensorChanged curX =  -5.0430555  curY =  -7.5543776  curZ =  2.1661577
02-03 19:27:00.065 W/Sclibration(27104): processUnSolicited begin
02-03 19:27:00.065 W/Sclibration(27104): processUnSolicited curX =  -5.0430555  curY =  -7.5543776  curZ =  2.1661577
02-03 19:27:00.065 W/Sclibration(27104): processUnSolicited x =  -66  y =  437
02-03 19:27:00.065 W/Sclibration(27104): processUnSolicited isLeftForX =  true  isDownForY =  false
02-03 19:27:00.065 W/Sclibration(27104): processUnSolicited sum =  131605.0  rr =  8464.0
02-03 19:27:00.065 W/Sclibration(27104): processUnSolicited angle =  -0.14989688394405057  tempX =  45  tempY =  148
02-03 19:27:00.065 W/Sclibration(27104): processUnSolicited end x =  45  y =  148
02-03 19:27:00.065 W/Sclibration(27104): ScalibrationView--setBallLocation  m_calibrated =  false
02-03 19:27:00.065 W/Sclibration(27104): ScalibrationView--setBallLocation2  m_calibrated =  false
02-03 19:27:00.065 W/Sclibration(27104): onSensorChanged count =  3095  count%LOOPCOUNT =  5
02-03 19:27:00.065 W/Sclibration(27104): onSensorChanged filter =  27361  tp = 1
02-03 19:27:00.065 W/Sclibration(27104): onSensorChanged filter =  88802  tp = 2
02-03 19:27:00.065 W/Sclibration(27104): onSensorChanged filter =  30951  tp = 1
02-03 19:27:00.065 W/Sclibration(27104): onSensorChanged filter =  27362  tp = 2
02-03 19:27:00.065 W/Sclibration(27104): onSensorChanged filter =  88803  tp = 3
02-03 19:27:00.065 W/Sclibration(27104): onSensorChanged filter =  30952  tp = 2
02-03 19:27:00.065 W/Sclibration(27104): onSensorChanged filter =  27363  tp = 3
02-03 19:27:00.065 W/Sclibration(27104): onSensorChanged filter =  88804  tp = 4
02-03 19:27:00.065 W/Sclibration(27104): onSensorChanged filter =  30953  tp = 3
02-03 19:27:00.065 W/Sclibration(27104): onSensorChanged filter =  27364  tp = 4
02-03 19:27:00.065 W/Sclibration(27104): onSensorChanged filter =  88805  tp = 5
02-03 19:27:00.065 W/Sclibration(27104): onSensorChanged filter =  30954  tp = 4
02-03 19:27:00.065 W/Sclibration(27104): onSensorChanged filter =  27365  tp = 5
02-03 19:27:00.065 W/Sclibration(27104): onSensorChanged filter =  88806  tp = 6
02-03 19:27:00.065 W/Sclibration(27104): onSensorChanged filter =  30955  tp = 5
02-03 19:27:00.075 W/Sclibration(27104): onSensorChanged filter =  27366  tp = 6
02-03 19:27:00.075 W/Sclibration(27104): onSensorChanged filter =  88807  tp = 7
02-03 19:27:00.075 W/Sclibration(27104): onSensorChanged filter =  30956  tp = 6
02-03 19:27:00.075 W/Sclibration(27104): onSensorChanged filter =  27367  tp = 7
02-03 19:27:00.075 W/Sclibration(27104): onSensorChanged filter =  88808  tp = 8
02-03 19:27:00.075 W/Sclibration(27104): onSensorChanged filter =  30957  tp = 7
02-03 19:27:00.075 W/Sclibration(27104): onSensorChanged filter =  27368  tp = 8
02-03 19:27:00.075 W/Sclibration(27104): onSensorChanged filter =  88809  tp = 9
02-03 19:27:00.075 W/Sclibration(27104): onSensorChanged filter =  30958  tp = 8
