02-03 17:56:32.223 W/Sclibration(27104): onSensorChanged filter =  87991  tp = 1
02-03 17:56:32.223 W/Sclibration(27104): onSensorChanged filter =  30140  tp = 0
02-03 17:56:32.223 W/Sclibration(27104): onSensorChanged count =  3014
02-03 17:56:32.223 W/Sclibration(27104): onSensorChanged curX =  0.60255194  curY =  -2.7696059  curZ =  -9.902549
02-03 17:56:32.223 W/Sclibration(27104): processUnSolicited begin
02-03 17:56:32.223 W/Sclibration(27104): processUnSolicited curX =  0.60255194  curY =  -2.7696059  curZ =  -9.902549
02-03 17:56:32.223 W/Sclibration(27104): processUnSolicited x =  159  y =  245
02-03 17:56:32.223 W/Sclibration(27104): processUnSolicited isLeftForX =  false  isDownForY =  false
02-03 17:56:32.223 W/Sclibration(27104): processUnSolicited sum =  12676.0  rr =  8464.0
02-03 17:56:32.223 W/Sclibration(27104): processUnSolicited angle =  0.5756575517033431  tempX =  212  tempY =  185
02-03 17:56:32.223 W/Sclibration(27104): processUnSolicited end x =  212  y =  185
02-03 17:56:32.223 W/Sclibration(27104): ScalibrationView--setBallLocation  m_calibrated =  false
02-03 17:56:32.223 W/Sclibration(27104): ScalibrationView--setBallLocation2  m_calibrated =  false
02-03 17:56:32.233 W/Sclibration(27104): onSensorChanged count =  3014  count%LOOPCOUNT =  14
02-03 17:56:32.233 W/Sclibration(27104): onSensorChanged filter =  26551  tp = 1
02-03 17:56:32.233 D/KeyguardViewMediator(26892): setHidden false
02-03 17:56:32.243 D/KeyguardViewMediator(26892): setHidden false
02-03 17:56:32.273 D/KeyguardViewMediator(26892): setHidden false
02-03 17:56:32.293 D/KeyguardViewMediator(26892): setHidden false
02-03 17:56:32.303 D/KeyguardViewMediator(26892): setHidden false
02-03 17:56:32.323 D/KeyguardViewMediator(26892): setHidden false
02-03 17:56:32.343 D/KeyguardViewMediator(26892): setHidden false
02-03 17:56:32.343 W/Sclibration(27104): onSensorChanged filter =  87992  tp = 2
02-03 17:56:32.343 W/Sclibration(27104): onSensorChanged filter =  30141  tp = 1
02-03 17:56:32.343 W/Sclibration(27104): onSensorChanged filter =  26552  tp = 2
02-03 17:56:32.353 D/KeyguardViewMediator(26892): setHidden false
02-03 17:56:32.373 W/Sclibration(27104): onSensorChanged filter =  87993  tp = 3
02-03 17:56:32.373 W/Sclibration(27104): onSensorChanged filter =  30142  tp = 2
02-03 17:56:32.373 W/Sclibration(27104): onSensorChanged filter =  26553  tp = 3
02-03 17:56:32.373 D/KeyguardViewMediator(26892): setHidden false
02-03 17:56:32.383 D/KeyguardViewMediator(26892): setHidden false
02-03 17:56:32.403 D/KeyguardViewMediator(26892): setHidden false
02-03 17:56:32.424 D/KeyguardViewMediator(26892): setHidden false
02-03 17:56:32.434 D/KeyguardViewMediator(26892): setHidden false
02-03 17:56:32.454 D/KeyguardViewMediator(26892): setHidden false
02-03 17:56:32.474 D/KeyguardViewMediator(26892): setHidden false
02-03 17:56:32.484 D/KeyguardViewMediator(26892): setHidden false
02-03 17:56:32.494 W/Sclibration(27104): onSensorChanged filter =  87994  tp = 4
02-03 17:56:32.494 W/Sclibration(27104): onSensorChanged filter =  30143  tp = 3
02-03 17:56:32.494 W/Sclibration(27104): onSensorChanged filter =  26554  tp = 4
02-03 17:56:32.504 D/KeyguardViewMediator(26892): setHidden false
02-03 17:56:32.514 W/Sclibration(27104): onSensorChanged filter =  87995  tp = 5
02-03 17:56:32.514 W/Sclibration(27104): onSensorChanged filter =  30144  tp = 4
02-03 17:56:32.514 W/Sclibration(27104): onSensorChanged filter =  26555  tp = 5
02-03 17:56:32.514 D/KeyguardViewMediator(26892): setHidden false
02-03 17:56:32.534 D/KeyguardViewMediator(26892): setHidden false
02-03 17:56:32.554 I/dun_service(  129): The value returned from dun_getusbmodemstate_fromsys is 2 
02-03 17:56:32.554 D/KeyguardViewMediator(26892): setHidden false
02-03 17:56:32.564 D/KeyguardUpdateMonitor(26892): received broadcast android.intent.action.BATTERY_CHANGED
02-03 17:56:32.564 D/KeyguardViewMediator(26892): setHidden false
02-03 17:56:32.574 D/KeyguardUpdateMonitor(26892): handleBatteryUpdate
02-03 17:56:32.574 D/KeyguardViewMediator(26892): setHidden false
02-03 17:56:32.644 W/Sclibration(27104): onSensorChanged filter =  87996  tp = 6
02-03 17:56:32.644 W/Sclibration(27104): onSensorChanged filter =  30145  tp = 5
02-03 17:56:32.644 W/Sclibration(27104): onSensorChanged filter =  26556  tp = 6
02-03 17:56:32.754 W/Sclibration(27104): onSensorChanged filter =  87997  tp = 7
02-03 17:56:32.754 W/Sclibration(27104): onSensorChanged filter =  30146  tp = 6
02-03 17:56:32.754 W/Sclibration(27104): onSensorChanged filter =  26557  tp = 7
02-03 17:56:32.874 W/Sclibration(27104): onSensorChanged filter =  87998  tp = 8
02-03 17:56:32.874 W/Sclibration(27104): onSensorChanged filter =  30147  tp = 7
02-03 17:56:32.874 W/Sclibration(27104): onSensorChanged filter =  26558  tp = 8
02-03 17:56:32.994 W/Sclibration(27104): onSensorChanged filter =  87999  tp = 9
02-03 17:56:32.994 W/Sclibration(27104): onSensorChanged filter =  30148  tp = 8
02-03 17:56:33.004 W/Sclibration(27104): onSensorChanged filter =  26559  tp = 9
02-03 17:56:33.114 W/Sclibration(27104): onSensorChanged filter =  88000  tp = 0
02-03 17:56:33.124 W/Sclibration(27104): onSensorChanged count =  8800
02-03 17:56:33.124 W/Sclibration(27104): onSensorChanged curX =  0.14562698  curY =  -0.8936447  curZ =  -9.075792
02-03 17:56:33.124 W/Sclibration(27104): processUnSolicited begin
02-03 17:56:33.124 W/Sclibration(27104): processUnSolicited curX =  0.14562698  curY =  -0.8936447  curZ =  -9.075792
02-03 17:56:33.124 W/Sclibration(27104): processUnSolicited x =  137  y =  152
02-03 17:56:33.124 W/Sclibration(27104): processUnSolicited isLeftForX =  false  isDownForY =  false
02-03 17:56:33.124 W/Sclibration(27104): processUnSolicited sum =  293.0  rr =  8464.0
02-03 17:56:33.124 W/Sclibration(27104): processUnSolicited end x =  137  y =  152
02-03 17:56:33.124 W/Sclibration(27104): ScalibrationView--setBallLocation  m_calibrated =  false
02-03 17:56:33.124 W/Sclibration(27104): ScalibrationView--setBallLocation2  m_calibrated =  false
02-03 17:56:33.124 W/Sclibration(27104): onSensorChanged count =  8800  count%LOOPCOUNT =  10
02-03 17:56:33.134 W/Sclibration(27104): onSensorChanged filter =  30149  tp = 9
02-03 17:56:33.134 W/Sclibration(27104): onSensorChanged filter =  26560  tp = 0
02-03 17:56:33.134 W/Sclibration(27104): onSensorChanged count =  2656
02-03 17:56:33.134 W/Sclibration(27104): onSensorChanged curX =  0.14562698  curY =  -0.8936447  curZ =  -9.075792
02-03 17:56:33.134 W/Sclibration(27104): processUnSolicited begin
02-03 17:56:33.134 W/Sclibration(27104): processUnSolicited curX =  0.14562698  curY =  -0.8936447  curZ =  -9.075792
02-03 17:56:33.134 W/Sclibration(27104): processUnSolicited x =  137  y =  152
02-03 17:56:33.134 W/Sclibration(27104): processUnSolicited isLeftForX =  false  isDownForY =  false
02-03 17:56:33.134 W/Sclibration(27104): processUnSolicited sum =  293.0  rr =  8464.0
02-03 17:56:33.134 W/Sclibration(27104): processUnSolicited end x =  137  y =  152
02-03 17:56:33.144 W/Sclibration(27104): ScalibrationView--setBallLocation  m_calibrated =  false
02-03 17:56:33.144 W/Sclibration(27104): ScalibrationView--setBallLocation2  m_calibrated =  false
02-03 17:56:33.144 W/Sclibration(27104): onSensorChanged count =  2656  count%LOOPCOUNT =  16
02-03 17:56:33.234 W/Sclibration(27104): onSensorChanged filter =  88001  tp = 1
02-03 17:56:33.234 W/Sclibration(27104): onSensorChanged filter =  30150  tp = 0
02-03 17:56:33.234 W/Sclibration(27104): onSensorChanged count =  3015
02-03 17:56:33.234 W/Sclibration(27104): onSensorChanged curX =  -0.15014948  curY =  -0.6955324  curZ =  -8.963495
02-03 17:56:33.234 W/Sclibration(27104): processUnSolicited begin
02-03 17:56:33.234 W/Sclibration(27104): processUnSolicited curX =  -0.15014948  curY =  -0.6955324  curZ =  -8.963495
02-03 17:56:33.234 W/Sclibration(27104): processUnSolicited x =  132  y =  148
02-03 17:56:33.234 W/Sclibration(27104): processUnSolicited isLeftForX =  true  isDownForY =  false
02-03 17:56:33.234 W/Sclibration(27104): processUnSolicited sum =  178.0  rr =  8464.0
02-03 17:56:33.234 W/Sclibration(27104): processUnSolicited end x =  132  y =  148
02-03 17:56:33.234 W/Sclibration(27104): ScalibrationView--setBallLocation  m_calibrated =  false
02-03 17:56:33.234 W/Sclibration(27104): ScalibrationView--setBallLocation2  m_calibrated =  false
02-03 17:56:33.244 W/Sclibration(27104): onSensorChanged count =  3015  count%LOOPCOUNT =  15
02-03 17:56:33.244 W/Sclibration(27104): onSensorChanged filter =  26561  tp = 1
02-03 17:56:33.254 W/Sclibration(27104): onSensorChanged filter =  88002  tp = 2
02-03 17:56:33.254 W/Sclibration(27104): onSensorChanged filter =  30151  tp = 1
02-03 17:56:33.264 W/Sclibration(27104): onSensorChanged filter =  26562  tp = 2
02-03 17:56:33.314 W/Sclibration(27104): onSensorChanged filter =  88003  tp = 3
02-03 17:56:33.314 W/Sclibration(27104): onSensorChanged filter =  30152  tp = 2
02-03 17:56:33.314 W/Sclibration(27104): onSensorChanged filter =  26563  tp = 3
02-03 17:56:33.404 W/Sclibration(27104): onSensorChanged filter =  88004  tp = 4
02-03 17:56:33.414 W/Sclibration(27104): onSensorChanged filter =  30153  tp = 3
02-03 17:56:33.414 W/Sclibration(27104): onSensorChanged filter =  26564  tp = 4
02-03 17:56:33.525 W/Sclibration(27104): onSensorChanged filter =  88005  tp = 5
02-03 17:56:33.535 W/Sclibration(27104): onSensorChanged filter =  30154  tp = 4
02-03 17:56:33.535 W/Sclibration(27104): onSensorChanged filter =  26565  tp = 5
02-03 17:56:33.555 D/Launcher(26987): Closing system Dialogs 
02-03 17:56:33.555 D/Launcher(26987): onNewIntent()android.intent.action.MAIN
02-03 17:56:33.555 D/Launcher(26987): Closing system Dialogs 
02-03 17:56:33.555 D/KeyguardViewMediator(26892): setHidden false
02-03 17:56:33.565 D/KeyguardViewMediator(26892): setHidden false
02-03 17:56:33.575 D/Warhol  (26987): A pack appears to be installed -- skipping Installer
02-03 17:56:33.575 D/KeyguardViewMediator(26892): setHidden false
02-03 17:56:33.585 I/hubo    (26892): Activity {com.android.launcher/com.android.launcher2.Launcher}
02-03 17:56:33.605 D/KeyguardViewMediator(26892): setHidden false
02-03 17:56:33.615 D/KeyguardViewMediator(26892): setHidden false
02-03 17:56:33.615 D/KeyguardViewMediator(26892): setHidden false
02-03 17:56:33.625 D/KeyguardViewMediator(26892): setHidden false
02-03 17:56:33.645 D/KeyguardViewMediator(26892): setHidden false
02-03 17:56:33.655 W/Sclibration(27104): onSensorChanged filter =  88006  tp = 6
02-03 17:56:33.655 W/Sclibration(27104): onSensorChanged filter =  30155  tp = 5
02-03 17:56:33.655 W/Sclibration(27104): onSensorChanged filter =  26566  tp = 6
02-03 17:56:33.665 D/KeyguardViewMediator(26892): setHidden false
02-03 17:56:33.675 D/KeyguardViewMediator(26892): setHidden false
02-03 17:56:33.695 D/KeyguardViewMediator(26892): setHidden false
02-03 17:56:33.715 D/KeyguardViewMediator(26892): setHidden false
02-03 17:56:33.725 D/KeyguardViewMediator(26892): setHidden false
02-03 17:56:33.745 D/KeyguardViewMediator(26892): setHidden false
02-03 17:56:33.755 D/KeyguardViewMediator(26892): setHidden false
02-03 17:56:33.775 W/Sclibration(27104): onSensorChanged filter =  88007  tp = 7
02-03 17:56:33.775 W/Sclibration(27104): onSensorChanged filter =  30156  tp = 6
02-03 17:56:33.775 W/Sclibration(27104): onSensorChanged filter =  26567  tp = 7
02-03 17:56:33.775 D/KeyguardViewMediator(26892): setHidden false
02-03 17:56:33.795 D/KeyguardViewMediator(26892): setHidden false
02-03 17:56:33.795 W/Sclibration(27104): onSensorChanged filter =  88008  tp = 8
02-03 17:56:33.795 W/Sclibration(27104): onSensorChanged filter =  30157  tp = 7
02-03 17:56:33.795 W/Sclibration(27104): onSensorChanged filter =  26568  tp = 8
02-03 17:56:33.805 D/KeyguardViewMediator(26892): setHidden false
02-03 17:56:33.825 D/KeyguardViewMediator(26892): setHidden false
02-03 17:56:33.835 D/KeyguardViewMediator(26892): setHidden false
02-03 17:56:33.855 D/KeyguardViewMediator(26892): setHidden false
02-03 17:56:33.875 D/KeyguardViewMediator(26892): setHidden false
02-03 17:56:33.885 D/KeyguardViewMediator(26892): setHidden false
02-03 17:56:33.905 D/KeyguardViewMediator(26892): setHidden false
02-03 17:56:33.915 W/Sclibration(27104): onSensorChanged filter =  88009  tp = 9
02-03 17:56:33.915 W/Sclibration(27104): onSensorChanged filter =  30158  tp = 8
02-03 17:56:33.915 W/Sclibration(27104): onSensorChanged filter =  26569  tp = 9
02-03 17:56:33.925 D/KeyguardViewMediator(26892): setHidden false
02-03 17:56:33.945 D/KeyguardViewMediator(26892): setHidden false
02-03 17:56:34.035 W/Sclibration(27104): onSensorChanged filter =  88010  tp = 0
02-03 17:56:34.045 W/Sclibration(27104): onSensorChanged count =  8801
02-03 17:56:34.045 W/Sclibration(27104): onSensorChanged curX =  0.6664547  curY =  0.3767538  curZ =  -9.261373
02-03 17:56:34.045 W/Sclibration(27104): processUnSolicited begin
02-03 17:56:34.045 W/Sclibration(27104): processUnSolicited curX =  0.6664547  curY =  0.3767538  curZ =  -9.261373
02-03 17:56:34.045 W/Sclibration(27104): processUnSolicited x =  148  y =  128
02-03 17:56:34.045 W/Sclibration(27104): processUnSolicited isLeftForX =  false  isDownForY =  true
02-03 17:56:34.045 W/Sclibration(27104): processUnSolicited sum =  218.0  rr =  8464.0
02-03 17:56:34.045 W/Sclibration(27104): processUnSolicited end x =  148  y =  128
02-03 17:56:34.045 W/Sclibration(27104): ScalibrationView--setBallLocation  m_calibrated =  false
02-03 17:56:34.045 W/Sclibration(27104): ScalibrationView--setBallLocation2  m_calibrated =  false
02-03 17:56:34.045 W/Sclibration(27104): onSensorChanged count =  8801  count%LOOPCOUNT =  11
02-03 17:56:34.055 W/Sclibration(27104): onSensorChanged filter =  30159  tp = 9
02-03 17:56:34.055 W/Sclibration(27104): onSensorChanged filter =  26570  tp = 0
02-03 17:56:34.055 W/Sclibration(27104): onSensorChanged count =  2657
02-03 17:56:34.055 W/Sclibration(27104): onSensorChanged curX =  0.6664547  curY =  0.3767538  curZ =  -9.261373
02-03 17:56:34.055 W/Sclibration(27104): processUnSolicited begin
02-03 17:56:34.055 W/Sclibration(27104): processUnSolicited curX =  0.6664547  curY =  0.3767538  curZ =  -9.261373
02-03 17:56:34.055 W/Sclibration(27104): processUnSolicited x =  148  y =  128
02-03 17:56:34.055 W/Sclibration(27104): processUnSolicited isLeftForX =  false  isDownForY =  true
02-03 17:56:34.055 W/Sclibration(27104): processUnSolicited sum =  218.0  rr =  8464.0
02-03 17:56:34.055 W/Sclibration(27104): processUnSolicited end x =  148  y =  128
02-03 17:56:34.055 W/Sclibration(27104): ScalibrationView--setBallLocation  m_calibrated =  false
02-03 17:56:34.065 W/Sclibration(27104): ScalibrationView--setBallLocation2  m_calibrated =  false
02-03 17:56:34.065 W/Sclibration(27104): onSensorChanged count =  2657  count%LOOPCOUNT =  17
02-03 17:56:34.165 W/Sclibration(27104): onSensorChanged filter =  88011  tp = 1
02-03 17:56:34.165 W/Sclibration(27104): onSensorChanged filter =  30160  tp = 0
02-03 17:56:34.165 W/Sclibration(27104): onSensorChanged count =  3016
02-03 17:56:34.165 W/Sclibration(27104): onSensorChanged curX =  0.71373874  curY =  0.10632819  curZ =  -9.362496
02-03 17:56:34.165 W/Sclibration(27104): processUnSolicited begin
02-03 17:56:34.165 W/Sclibration(27104): processUnSolicited curX =  0.71373874  curY =  0.10632819  curZ =  -9.362496
02-03 17:56:34.165 W/Sclibration(27104): processUnSolicited x =  149  y =  133
02-03 17:56:34.165 W/Sclibration(27104): processUnSolicited isLeftForX =  false  isDownForY =  true
02-03 17:56:34.165 W/Sclibration(27104): processUnSolicited sum =  200.0  rr =  8464.0
02-03 17:56:34.165 W/Sclibration(27104): processUnSolicited end x =  149  y =  133
02-03 17:56:34.175 W/Sclibration(27104): ScalibrationView--setBallLocation  m_calibrated =  false
02-03 17:56:34.175 W/Sclibration(27104): ScalibrationView--setBallLocation2  m_calibrated =  false
02-03 17:56:34.175 W/Sclibration(27104): onSensorChanged count =  3016  count%LOOPCOUNT =  16
02-03 17:56:34.175 W/Sclibration(27104): onSensorChanged filter =  26571  tp = 1
02-03 17:56:34.285 W/Sclibration(27104): onSensorChanged filter =  88012  tp = 2
02-03 17:56:34.285 W/Sclibration(27104): onSensorChanged filter =  30161  tp = 1
02-03 17:56:34.285 W/Sclibration(27104): onSensorChanged filter =  26572  tp = 2
02-03 17:56:34.405 W/Sclibration(27104): onSensorChanged filter =  88013  tp = 3
02-03 17:56:34.405 W/Sclibration(27104): onSensorChanged filter =  30162  tp = 2
02-03 17:56:34.405 W/Sclibration(27104): onSensorChanged filter =  26573  tp = 3
02-03 17:56:34.425 W/Sclibration(27104): onSensorChanged filter =  88014  tp = 4
02-03 17:56:34.425 W/Sclibration(27104): onSensorChanged filter =  30163  tp = 3
02-03 17:56:34.425 W/Sclibration(27104): onSensorChanged filter =  26574  tp = 4
02-03 17:56:34.556 W/Sclibration(27104): onSensorChanged filter =  88015  tp = 5
02-03 17:56:34.556 W/Sclibration(27104): onSensorChanged filter =  30164  tp = 4
02-03 17:56:34.556 W/Sclibration(27104): onSensorChanged filter =  26575  tp = 5
02-03 17:56:34.676 W/Sclibration(27104): onSensorChanged filter =  88016  tp = 6
02-03 17:56:34.676 W/Sclibration(27104): onSensorChanged filter =  30165  tp = 5
02-03 17:56:34.676 W/Sclibration(27104): onSensorChanged filter =  26576  tp = 6
02-03 17:56:34.696 W/Sclibration(27104): onSensorChanged filter =  88017  tp = 7
02-03 17:56:34.696 W/Sclibration(27104): onSensorChanged filter =  30166  tp = 6
02-03 17:56:34.696 W/Sclibration(27104): onSensorChanged filter =  26577  tp = 7
02-03 17:56:34.716 W/Sclibration(27104): onSensorChanged filter =  88018  tp = 8
02-03 17:56:34.716 W/Sclibration(27104): onSensorChanged filter =  30167  tp = 7
02-03 17:56:34.716 W/Sclibration(27104): onSensorChanged filter =  26578  tp = 8
02-03 17:56:34.736 W/Sclibration(27104): onSensorChanged filter =  88019  tp = 9
02-03 17:56:34.736 W/Sclibration(27104): onSensorChanged filter =  30168  tp = 8
02-03 17:56:34.736 W/Sclibration(27104): onSensorChanged filter =  26579  tp = 9
02-03 17:56:34.756 W/Sclibration(27104): onSensorChanged filter =  88020  tp = 0
02-03 17:56:34.756 W/Sclibration(27104): onSensorChanged count =  8802
02-03 17:56:34.756 W/Sclibration(27104): onSensorChanged curX =  -0.1742462  curY =  -1.9581444  curZ =  -8.560435
02-03 17:56:34.756 W/Sclibration(27104): processUnSolicited begin
02-03 17:56:34.756 W/Sclibration(27104): processUnSolicited curX =  -0.1742462  curY =  -1.9581444  curZ =  -8.560435
02-03 17:56:34.756 W/Sclibration(27104): processUnSolicited x =  129  y =  213
02-03 17:56:34.756 W/Sclibration(27104): processUnSolicited isLeftForX =  true  isDownForY =  false
02-03 17:56:34.756 W/Sclibration(27104): processUnSolicited sum =  6120.0  rr =  8464.0
02-03 17:56:34.756 W/Sclibration(27104): processUnSolicited end x =  129  y =  213
02-03 17:56:34.756 W/Sclibration(27104): ScalibrationView--setBallLocation  m_calibrated =  false
02-03 17:56:34.756 W/Sclibration(27104): ScalibrationView--setBallLocation2  m_calibrated =  false
02-03 17:56:34.756 W/Sclibration(27104): onSensorChanged count =  8802  count%LOOPCOUNT =  12
02-03 17:56:34.756 W/Sclibration(27104): onSensorChanged filter =  30169  tp = 9
02-03 17:56:34.756 W/Sclibration(27104): onSensorChanged filter =  26580  tp = 0
02-03 17:56:34.756 W/Sclibration(27104): onSensorChanged count =  2658
02-03 17:56:34.756 W/Sclibration(27104): onSensorChanged curX =  -0.1742462  curY =  -1.9581444  curZ =  -8.560435
02-03 17:56:34.756 W/Sclibration(27104): processUnSolicited begin
02-03 17:56:34.756 W/Sclibration(27104): processUnSolicited curX =  -0.1742462  curY =  -1.9581444  curZ =  -8.560435
02-03 17:56:34.756 W/Sclibration(27104): processUnSolicited x =  129  y =  213
02-03 17:56:34.756 W/Sclibration(27104): processUnSolicited isLeftForX =  true  isDownForY =  false
02-03 17:56:34.756 W/Sclibration(27104): processUnSolicited sum =  6120.0  rr =  8464.0
02-03 17:56:34.756 W/Sclibration(27104): processUnSolicited end x =  129  y =  213
02-03 17:56:34.756 W/Sclibration(27104): ScalibrationView--setBallLocation  m_calibrated =  false
02-03 17:56:34.756 W/Sclibration(27104): ScalibrationView--setBallLocation2  m_calibrated =  false
02-03 17:56:34.756 W/Sclibration(27104): onSensorChanged count =  2658  count%LOOPCOUNT =  18
02-03 17:56:34.776 W/Sclibration(27104): onSensorChanged filter =  88021  tp = 1
02-03 17:56:34.776 W/Sclibration(27104): onSensorChanged filter =  30170  tp = 0
02-03 17:56:34.776 W/Sclibration(27104): onSensorChanged count =  3017
02-03 17:56:34.776 W/Sclibration(27104): onSensorChanged curX =  -0.10678679  curY =  -2.0577712  curZ =  -8.587097
02-03 17:56:34.776 W/Sclibration(27104): processUnSolicited begin
02-03 17:56:34.776 W/Sclibration(27104): processUnSolicited curX =  -0.10678679  curY =  -2.0577712  curZ =  -8.587097
02-03 17:56:34.776 W/Sclibration(27104): processUnSolicited x =  131  y =  217
02-03 17:56:34.776 W/Sclibration(27104): processUnSolicited isLeftForX =  true  isDownForY =  false
02-03 17:56:34.776 W/Sclibration(27104): processUnSolicited sum =  6740.0  rr =  8464.0
02-03 17:56:34.776 W/Sclibration(27104): processUnSolicited end x =  131  y =  217
02-03 17:56:34.776 W/Sclibration(27104): ScalibrationView--setBallLocation  m_calibrated =  false
02-03 17:56:34.776 W/Sclibration(27104): ScalibrationView--setBallLocation2  m_calibrated =  false
02-03 17:56:34.776 W/Sclibration(27104): onSensorChanged count =  3017  count%LOOPCOUNT =  17
02-03 17:56:34.776 W/Sclibration(27104): onSensorChanged filter =  26581  tp = 1
02-03 17:56:34.796 W/Sclibration(27104): onSensorChanged filter =  88022  tp = 2
02-03 17:56:34.796 W/Sclibration(27104): onSensorChanged filter =  30171  tp = 1
02-03 17:56:34.796 W/Sclibration(27104): onSensorChanged filter =  26582  tp = 2
02-03 17:56:34.816 W/Sclibration(27104): onSensorChanged filter =  88023  tp = 3
02-03 17:56:34.816 W/Sclibration(27104): onSensorChanged filter =  30172  tp = 2
02-03 17:56:34.816 W/Sclibration(27104): onSensorChanged filter =  26583  tp = 3
02-03 17:56:34.836 W/Sclibration(27104): onSensorChanged filter =  88024  tp = 4
02-03 17:56:34.836 W/Sclibration(27104): onSensorChanged filter =  30173  tp = 3
02-03 17:56:34.836 W/Sclibration(27104): onSensorChanged filter =  26584  tp = 4
02-03 17:56:34.856 W/Sclibration(27104): onSensorChanged filter =  88025  tp = 5
02-03 17:56:34.856 W/Sclibration(27104): onSensorChanged filter =  30174  tp = 4
02-03 17:56:34.866 W/Sclibration(27104): onSensorChanged filter =  26585  tp = 5
02-03 17:56:34.926 D/KeyguardViewMediator(26892): setHidden false
02-03 17:56:34.936 D/KeyguardViewMediator(26892): setHidden false
02-03 17:56:34.956 D/Launcher(26987): onSaveInstanceState
02-03 17:56:34.956 D/Launcher(26987): Dissmis Preview for view :null ID:2131230735
02-03 17:56:34.956 D/Launcher(26987): Dissmis Preview for view :null ID:2131230736
02-03 17:56:34.956 D/Launcher(26987): Dissmis Preview for view :null ID:2131230739
02-03 17:56:34.956 D/Launcher(26987): Dissmis Preview for view :null ID:2131230741
02-03 17:56:34.986 W/Sclibration(27104): onSensorChanged filter =  88026  tp = 6
02-03 17:56:34.996 D/KeyguardViewMediator(26892): setHidden false
02-03 17:56:35.006 D/KeyguardViewMediator(26892): setHidden false
02-03 17:56:35.016 D/KeyguardViewMediator(26892): setHidden false
02-03 17:56:35.026 I/hubo    (26892): Activity {com.google.android.gm/com.google.android.gm.ConversationListActivityGmail}
02-03 17:56:35.026 D/KeyguardViewMediator(26892): setHidden false
02-03 17:56:35.046 D/KeyguardViewMediator(26892): setHidden false
02-03 17:56:35.046 W/Sclibration(27104): onSensorChanged filter =  30175  tp = 5
02-03 17:56:35.056 D/KeyguardViewMediator(26892): setHidden false
02-03 17:56:35.076 D/KeyguardViewMediator(26892): setHidden false
02-03 17:56:35.096 W/Sclibration(27104): onSensorChanged filter =  26586  tp = 6
02-03 17:56:35.096 D/KeyguardViewMediator(26892): setHidden false
02-03 17:56:35.106 W/Sclibration(27104): onSensorChanged filter =  88027  tp = 7
02-03 17:56:35.106 W/Sclibration(27104): onSensorChanged filter =  30176  tp = 6
02-03 17:56:35.106 W/Sclibration(27104): onSensorChanged filter =  26587  tp = 7
02-03 17:56:35.106 I/ActivityThread(32706): Pub gmail-ls: com.google.android.gm.provider.MailProvider
02-03 17:56:35.106 D/KeyguardViewMediator(26892): setHidden false
02-03 17:56:35.116 I/ActivityThread(32706): Pub com.google.android.gm.attachmentspreviews: com.google.android.gm.AttachmentPreviewProvider
02-03 17:56:35.116 I/ActivityThread(32706): Pub com.google.android.gmail.SuggestionProvider: com.google.android.gm.SuggestionsProvider
02-03 17:56:35.116 I/ActivityThread(32706): Pub gmail-downloads: com.google.android.gm.downloadprovider.DownloadProvider
02-03 17:56:35.126 W/Sclibration(27104): onSensorChanged filter =  88028  tp = 8
02-03 17:56:35.126 D/KeyguardViewMediator(26892): setHidden false
02-03 17:56:35.126 W/Sclibration(27104): onSensorChanged filter =  30177  tp = 7
02-03 17:56:35.136 W/Sclibration(27104): onSensorChanged filter =  26588  tp = 8
02-03 17:56:35.146 W/Sclibration(27104): onSensorChanged filter =  88029  tp = 9
02-03 17:56:35.146 D/KeyguardViewMediator(26892): setHidden false
02-03 17:56:35.146 W/Sclibration(27104): onSensorChanged filter =  30178  tp = 8
02-03 17:56:35.146 W/Sclibration(27104): onSensorChanged filter =  26589  tp = 9
02-03 17:56:35.156 D/KeyguardViewMediator(26892): setHidden false
02-03 17:56:35.176 W/Sclibration(27104): onSensorChanged filter =  88030  tp = 0
02-03 17:56:35.176 D/KeyguardViewMediator(26892): setHidden false
02-03 17:56:35.186 D/KeyguardViewMediator(26892): setHidden false
02-03 17:56:35.206 D/KeyguardViewMediator(26892): setHidden false
02-03 17:56:35.206 D/KeyguardViewMediator(26892): setHidden false
02-03 17:56:35.216 W/Sclibration(27104): onSensorChanged count =  8803
02-03 17:56:35.216 W/Sclibration(27104): onSensorChanged curX =  0.51865333  curY =  -1.8159109  curZ =  -9.296564
02-03 17:56:35.226 D/KeyguardViewMediator(26892): setHidden false
02-03 17:56:35.226 I/hubo    (26892): Activity {com.google.android.gm/com.google.android.gm.ConversationListActivity}
02-03 17:56:35.236 W/Sclibration(27104): processUnSolicited begin
02-03 17:56:35.236 W/Sclibration(27104): processUnSolicited curX =  0.51865333  curY =  -1.8159109  curZ =  -9.296564
02-03 17:56:35.236 W/Sclibration(27104): processUnSolicited x =  155  y =  207
02-03 17:56:35.236 W/Sclibration(27104): processUnSolicited isLeftForX =  false  isDownForY =  false
02-03 17:56:35.236 D/KeyguardViewMediator(26892): setHidden false
02-03 17:56:35.246 W/Sclibration(27104): processUnSolicited sum =  5584.0  rr =  8464.0
02-03 17:56:35.246 W/Sclibration(27104): processUnSolicited end x =  155  y =  207
02-03 17:56:35.246 W/Sclibration(27104): ScalibrationView--setBallLocation  m_calibrated =  false
02-03 17:56:35.246 W/Sclibration(27104): ScalibrationView--setBallLocation2  m_calibrated =  false
02-03 17:56:35.246 W/Sclibration(27104): onSensorChanged count =  8803  count%LOOPCOUNT =  13
02-03 17:56:35.246 W/Sclibration(27104): onSensorChanged filter =  30179  tp = 9
02-03 17:56:35.246 W/Sclibration(27104): onSensorChanged filter =  26590  tp = 0
02-03 17:56:35.246 W/Sclibration(27104): onSensorChanged count =  2659
02-03 17:56:35.246 W/Sclibration(27104): onSensorChanged curX =  0.51865333  curY =  -1.8159109  curZ =  -9.296564
02-03 17:56:35.246 W/Sclibration(27104): processUnSolicited begin
02-03 17:56:35.246 W/Sclibration(27104): processUnSolicited curX =  0.51865333  curY =  -1.8159109  curZ =  -9.296564
02-03 17:56:35.246 W/Sclibration(27104): processUnSolicited x =  155  y =  207
02-03 17:56:35.246 W/Sclibration(27104): processUnSolicited isLeftForX =  false  isDownForY =  false
02-03 17:56:35.246 W/Sclibration(27104): processUnSolicited sum =  5584.0  rr =  8464.0
02-03 17:56:35.246 W/Sclibration(27104): processUnSolicited end x =  155  y =  207
02-03 17:56:35.246 W/Sclibration(27104): ScalibrationView--setBallLocation  m_calibrated =  false
02-03 17:56:35.256 W/Sclibration(27104): ScalibrationView--setBallLocation2  m_calibrated =  false
02-03 17:56:35.256 W/Sclibration(27104): onSensorChanged count =  2659  count%LOOPCOUNT =  19
02-03 17:56:35.256 D/KeyguardViewMediator(26892): setHidden false
02-03 17:56:35.266 D/KeyguardViewMediator(26892): setHidden false
02-03 17:56:35.286 D/KeyguardViewMediator(26892): setHidden false
02-03 17:56:35.306 D/KeyguardViewMediator(26892): setHidden false
02-03 17:56:35.316 D/KeyguardViewMediator(26892): setHidden false
02-03 17:56:35.316 D/KeyguardViewMediator(26892): setHidden false
02-03 17:56:35.336 W/Sclibration(27104): onSensorChanged filter =  88031  tp = 1
02-03 17:56:35.336 W/Sclibration(27104): onSensorChanged filter =  30180  tp = 0
02-03 17:56:35.336 W/Sclibration(27104): onSensorChanged count =  3018
02-03 17:56:35.336 W/Sclibration(27104): onSensorChanged curX =  0.4043067  curY =  -1.751467  curZ =  -9.311603
02-03 17:56:35.336 W/Sclibration(27104): processUnSolicited begin
02-03 17:56:35.336 W/Sclibration(27104): processUnSolicited curX =  0.4043067  curY =  -1.751467  curZ =  -9.311603
02-03 17:56:35.336 W/Sclibration(27104): processUnSolicited x =  151  y =  205
02-03 17:56:35.336 W/Sclibration(27104): processUnSolicited isLeftForX =  false  isDownForY =  false
02-03 17:56:35.336 W/Sclibration(27104): processUnSolicited sum =  5156.0  rr =  8464.0
02-03 17:56:35.336 W/Sclibration(27104): processUnSolicited end x =  151  y =  205
02-03 17:56:35.336 W/Sclibration(27104): ScalibrationView--setBallLocation  m_calibrated =  false
02-03 17:56:35.336 W/Sclibration(27104): ScalibrationView--setBallLocation2  m_calibrated =  false
02-03 17:56:35.336 W/Sclibration(27104): onSensorChanged count =  3018  count%LOOPCOUNT =  18
02-03 17:56:35.336 W/Sclibration(27104): onSensorChanged filter =  26591  tp = 1
02-03 17:56:35.406 I/Gmail   (32706): calculateUnknownSyncRationalesAndPurgeInBackground: queueing
02-03 17:56:35.426 W/Sclibration(27104): onSensorChanged filter =  88032  tp = 2
02-03 17:56:35.426 W/Sclibration(27104): onSensorChanged filter =  30181  tp = 1
02-03 17:56:35.426 W/Sclibration(27104): onSensorChanged filter =  26592  tp = 2
02-03 17:56:35.466 I/Gmail   (32706): calculateUnknownSyncRationalesAndPurgeInBackground: running
02-03 17:56:35.537 D/KeyguardViewMediator(26892): setHidden false
02-03 17:56:35.627 W/Sclibration(27104): onSensorChanged filter =  88033  tp = 3
02-03 17:56:35.627 W/Sclibration(27104): onSensorChanged filter =  30182  tp = 2
02-03 17:56:35.637 W/Sclibration(27104): onSensorChanged filter =  26593  tp = 3
02-03 17:56:35.657 W/Sclibration(27104): onSensorChanged filter =  88034  tp = 4
02-03 17:56:35.667 W/Sclibration(27104): onSensorChanged filter =  30183  tp = 3
02-03 17:56:35.667 W/Sclibration(27104): onSensorChanged filter =  26594  tp = 4
02-03 17:56:35.677 W/Sclibration(27104): onSensorChanged filter =  88035  tp = 5
02-03 17:56:35.677 W/Sclibration(27104): onSensorChanged filter =  30184  tp = 4
02-03 17:56:35.677 W/Sclibration(27104): onSensorChanged filter =  26595  tp = 5
02-03 17:56:35.707 D/KeyguardViewMediator(26892): setHidden false
02-03 17:56:35.707 D/KeyguardViewMediator(26892): setHidden false
02-03 17:56:35.707 I/ActivityManager(26892): Displayed com.google.android.gm/.ConversationListActivity: +509ms (total +752ms)
02-03 17:56:35.707 D/KeyguardViewMediator(26892): setHidden false
02-03 17:56:35.717 W/Sclibration(27104): onSensorChanged filter =  88036  tp = 6
02-03 17:56:35.717 W/Sclibration(27104): onSensorChanged filter =  30185  tp = 5
02-03 17:56:35.717 W/Sclibration(27104): onSensorChanged filter =  26596  tp = 6
02-03 17:56:35.717 W/Sclibration(27104): onSensorChanged filter =  88037  tp = 7
02-03 17:56:35.717 W/Sclibration(27104): onSensorChanged filter =  30186  tp = 6
02-03 17:56:35.717 W/Sclibration(27104): onSensorChanged filter =  26597  tp = 7
02-03 17:56:35.727 D/KeyguardViewMediator(26892): setHidden false
02-03 17:56:35.747 D/KeyguardViewMediator(26892): setHidden false
02-03 17:56:35.747 W/Sclibration(27104): onSensorChanged filter =  88038  tp = 8
02-03 17:56:35.747 W/Sclibration(27104): onSensorChanged filter =  30187  tp = 7
02-03 17:56:35.747 W/Sclibration(27104): onSensorChanged filter =  26598  tp = 8
02-03 17:56:35.757 W/Sclibration(27104): onSensorChanged filter =  88039  tp = 9
02-03 17:56:35.757 W/Sclibration(27104): onSensorChanged filter =  30188  tp = 8
02-03 17:56:35.757 W/Sclibration(27104): onSensorChanged filter =  26599  tp = 9
02-03 17:56:35.757 D/KeyguardViewMediator(26892): setHidden false
02-03 17:56:35.777 D/KeyguardViewMediator(26892): setHidden false
02-03 17:56:35.777 W/Sclibration(27104): onSensorChanged filter =  88040  tp = 0
02-03 17:56:35.777 W/Sclibration(27104): onSensorChanged count =  8804
02-03 17:56:35.777 W/Sclibration(27104): onSensorChanged curX =  -0.26842886  curY =  -1.9009602  curZ =  -9.295138
02-03 17:56:35.777 W/Sclibration(27104): processUnSolicited begin
02-03 17:56:35.777 W/Sclibration(27104): processUnSolicited curX =  -0.26842886  curY =  -1.9009602  curZ =  -9.295138
02-03 17:56:35.777 W/Sclibration(27104): processUnSolicited x =  125  y =  211
02-03 17:56:35.777 W/Sclibration(27104): processUnSolicited isLeftForX =  true  isDownForY =  false
02-03 17:56:35.777 W/Sclibration(27104): processUnSolicited sum =  5876.0  rr =  8464.0
02-03 17:56:35.787 W/Sclibration(27104): processUnSolicited end x =  125  y =  211
02-03 17:56:35.787 W/Sclibration(27104): ScalibrationView--setBallLocation  m_calibrated =  false
02-03 17:56:35.787 W/Sclibration(27104): ScalibrationView--setBallLocation2  m_calibrated =  false
02-03 17:56:35.787 W/Sclibration(27104): onSensorChanged count =  8804  count%LOOPCOUNT =  14
02-03 17:56:35.787 W/Sclibration(27104): onSensorChanged filter =  30189  tp = 9
02-03 17:56:35.787 W/Sclibration(27104): onSensorChanged filter =  26600  tp = 0
02-03 17:56:35.787 W/Sclibration(27104): onSensorChanged count =  2660
02-03 17:56:35.787 W/Sclibration(27104): onSensorChanged curX =  -0.26842886  curY =  -1.9009602  curZ =  -9.295138
02-03 17:56:35.787 W/Sclibration(27104): processUnSolicited begin
02-03 17:56:35.787 W/Sclibration(27104): processUnSolicited curX =  -0.26842886  curY =  -1.9009602  curZ =  -9.295138
02-03 17:56:35.787 W/Sclibration(27104): processUnSolicited x =  125  y =  211
02-03 17:56:35.787 W/Sclibration(27104): processUnSolicited isLeftForX =  true  isDownForY =  false
02-03 17:56:35.787 W/Sclibration(27104): processUnSolicited sum =  5876.0  rr =  8464.0
02-03 17:56:35.787 W/Sclibration(27104): processUnSolicited end x =  125  y =  211
02-03 17:56:35.787 W/Sclibration(27104): ScalibrationView--setBallLocation  m_calibrated =  false
02-03 17:56:35.787 W/Sclibration(27104): ScalibrationView--setBallLocation2  m_calibrated =  false
02-03 17:56:35.787 W/Sclibration(27104): onSensorChanged count =  2660  count%LOOPCOUNT =  20
02-03 17:56:35.787 D/KeyguardViewMediator(26892): setHidden false
02-03 17:56:35.797 W/Sclibration(27104): onSensorChanged filter =  88041  tp = 1
02-03 17:56:35.797 W/Sclibration(27104): onSensorChanged filter =  30190  tp = 0
02-03 17:56:35.797 W/Sclibration(27104): onSensorChanged count =  3019
02-03 17:56:35.797 W/Sclibration(27104): onSensorChanged curX =  -0.29240713  curY =  -1.889698  curZ =  -9.293634
02-03 17:56:35.797 W/Sclibration(27104): processUnSolicited begin
02-03 17:56:35.797 W/Sclibration(27104): processUnSolicited curX =  -0.29240713  curY =  -1.889698  curZ =  -9.293634
02-03 17:56:35.797 W/Sclibration(27104): processUnSolicited x =  124  y =  210
02-03 17:56:35.797 W/Sclibration(27104): processUnSolicited isLeftForX =  true  isDownForY =  false
02-03 17:56:35.797 W/Sclibration(27104): processUnSolicited sum =  5746.0  rr =  8464.0
02-03 17:56:35.797 W/Sclibration(27104): processUnSolicited end x =  124  y =  210
02-03 17:56:35.797 W/Sclibration(27104): ScalibrationView--setBallLocation  m_calibrated =  false
02-03 17:56:35.797 W/Sclibration(27104): ScalibrationView--setBallLocation2  m_calibrated =  false
02-03 17:56:35.797 W/Sclibration(27104): onSensorChanged count =  3019  count%LOOPCOUNT =  19
02-03 17:56:35.797 W/Sclibration(27104): onSensorChanged filter =  26601  tp = 1
02-03 17:56:35.807 D/KeyguardViewMediator(26892): setHidden false
02-03 17:56:35.827 D/KeyguardViewMediator(26892): setHidden false
02-03 17:56:35.837 D/KeyguardViewMediator(26892): setHidden false
02-03 17:56:35.857 D/KeyguardViewMediator(26892): setHidden false
02-03 17:56:35.867 D/KeyguardViewMediator(26892): setHidden false
02-03 17:56:35.887 D/KeyguardViewMediator(26892): setHidden false
02-03 17:56:35.907 D/KeyguardViewMediator(26892): setHidden false
02-03 17:56:35.917 W/Sclibration(27104): onSensorChanged filter =  88042  tp = 2
02-03 17:56:35.917 W/Sclibration(27104): onSensorChanged filter =  30191  tp = 1
02-03 17:56:35.917 W/Sclibration(27104): onSensorChanged filter =  26602  tp = 2
02-03 17:56:35.917 D/KeyguardViewMediator(26892): setHidden false
02-03 17:56:35.937 D/KeyguardViewMediator(26892): setHidden false
02-03 17:56:35.947 W/Sclibration(27104): onSensorChanged filter =  88043  tp = 3
02-03 17:56:35.947 W/Sclibration(27104): onSensorChanged filter =  30192  tp = 2
02-03 17:56:35.947 W/Sclibration(27104): onSensorChanged filter =  26603  tp = 3
02-03 17:56:35.947 D/KeyguardViewMediator(26892): setHidden false
02-03 17:56:35.957 W/Sclibration(27104): onSensorChanged filter =  88044  tp = 4
02-03 17:56:35.957 W/Sclibration(27104): onSensorChanged filter =  30193  tp = 3
02-03 17:56:35.957 W/Sclibration(27104): onSensorChanged filter =  26604  tp = 4
02-03 17:56:35.957 D/KeyguardViewMediator(26892): setHidden false
02-03 17:56:35.967 W/Sclibration(27104): onSensorChanged filter =  88045  tp = 5
02-03 17:56:35.967 W/Sclibration(27104): onSensorChanged filter =  30194  tp = 4
02-03 17:56:35.967 W/Sclibration(27104): onSensorChanged filter =  26605  tp = 5
02-03 17:56:35.977 D/KeyguardViewMediator(26892): setHidden false
02-03 17:56:35.987 D/KeyguardViewMediator(26892): setHidden false
02-03 17:56:36.007 W/Sclibration(27104): onSensorChanged filter =  88046  tp = 6
02-03 17:56:36.007 W/Sclibration(27104): onSensorChanged filter =  30195  tp = 5
02-03 17:56:36.007 W/Sclibration(27104): onSensorChanged filter =  26606  tp = 6
02-03 17:56:36.007 D/KeyguardViewMediator(26892): setHidden false
02-03 17:56:36.017 W/Sclibration(27104): onSensorChanged filter =  88047  tp = 7
02-03 17:56:36.017 W/Sclibration(27104): onSensorChanged filter =  30196  tp = 6
02-03 17:56:36.017 W/Sclibration(27104): onSensorChanged filter =  26607  tp = 7
02-03 17:56:36.017 D/KeyguardViewMediator(26892): setHidden false
02-03 17:56:36.037 D/KeyguardViewMediator(26892): setHidden false
02-03 17:56:36.147 W/Sclibration(27104): onSensorChanged filter =  88048  tp = 8
02-03 17:56:36.147 W/Sclibration(27104): onSensorChanged filter =  30197  tp = 7
02-03 17:56:36.147 W/Sclibration(27104): onSensorChanged filter =  26608  tp = 8
02-03 17:56:36.167 W/Sclibration(27104): onSensorChanged filter =  88049  tp = 9
02-03 17:56:36.167 W/Sclibration(27104): onSensorChanged filter =  30198  tp = 8
02-03 17:56:36.167 W/Sclibration(27104): onSensorChanged filter =  26609  tp = 9
02-03 17:56:36.277 W/Sclibration(27104): onSensorChanged filter =  88050  tp = 0
02-03 17:56:36.277 W/Sclibration(27104): onSensorChanged count =  8805
02-03 17:56:36.277 W/Sclibration(27104): onSensorChanged curX =  -0.6160375  curY =  -2.1812067  curZ =  -8.87986
02-03 17:56:36.277 W/Sclibration(27104): processUnSolicited begin
02-03 17:56:36.277 W/Sclibration(27104): processUnSolicited curX =  -0.6160375  curY =  -2.1812067  curZ =  -8.87986
02-03 17:56:36.277 W/Sclibration(27104): processUnSolicited x =  111  y =  222
02-03 17:56:36.277 W/Sclibration(27104): processUnSolicited isLeftForX =  true  isDownForY =  false
02-03 17:56:36.287 W/Sclibration(27104): processUnSolicited sum =  8145.0  rr =  8464.0
02-03 17:56:36.287 W/Sclibration(27104): processUnSolicited end x =  111  y =  222
02-03 17:56:36.297 W/Sclibration(27104): ScalibrationView--setBallLocation  m_calibrated =  false
02-03 17:56:36.297 W/Sclibration(27104): ScalibrationView--setBallLocation2  m_calibrated =  false
02-03 17:56:36.297 W/Sclibration(27104): onSensorChanged count =  8805  count%LOOPCOUNT =  15
02-03 17:56:36.297 W/Sclibration(27104): onSensorChanged filter =  30199  tp = 9
02-03 17:56:36.297 W/Sclibration(27104): onSensorChanged filter =  26610  tp = 0
02-03 17:56:36.297 W/Sclibration(27104): onSensorChanged count =  2661
02-03 17:56:36.307 W/Sclibration(27104): onSensorChanged curX =  -0.6160375  curY =  -2.1812067  curZ =  -8.87986
02-03 17:56:36.307 W/Sclibration(27104): processUnSolicited begin
02-03 17:56:36.307 W/Sclibration(27104): processUnSolicited curX =  -0.6160375  curY =  -2.1812067  curZ =  -8.87986
02-03 17:56:36.307 W/Sclibration(27104): processUnSolicited x =  111  y =  222
02-03 17:56:36.307 W/Sclibration(27104): processUnSolicited isLeftForX =  true  isDownForY =  false
02-03 17:56:36.307 W/Sclibration(27104): processUnSolicited sum =  8145.0  rr =  8464.0
02-03 17:56:36.307 W/Sclibration(27104): processUnSolicited end x =  111  y =  222
02-03 17:56:36.307 W/Sclibration(27104): ScalibrationView--setBallLocation  m_calibrated =  false
02-03 17:56:36.307 W/Sclibration(27104): ScalibrationView--setBallLocation2  m_calibrated =  false
02-03 17:56:36.307 W/Sclibration(27104): onSensorChanged count =  2661  count%LOOPCOUNT =  21
02-03 17:56:36.397 W/Sclibration(27104): onSensorChanged filter =  88051  tp = 1
02-03 17:56:36.397 W/Sclibration(27104): onSensorChanged filter =  30200  tp = 0
02-03 17:56:36.397 W/Sclibration(27104): onSensorChanged count =  3020
02-03 17:56:36.397 W/Sclibration(27104): onSensorChanged curX =  -0.6136397  curY =  -2.1646264  curZ =  -8.790116
02-03 17:56:36.397 W/Sclibration(27104): processUnSolicited begin
02-03 17:56:36.407 W/Sclibration(27104): processUnSolicited curX =  -0.6136397  curY =  -2.1646264  curZ =  -8.790116
02-03 17:56:36.407 W/Sclibration(27104): processUnSolicited x =  111  y =  221
02-03 17:56:36.407 W/Sclibration(27104): processUnSolicited isLeftForX =  true  isDownForY =  false
02-03 17:56:36.407 W/Sclibration(27104): processUnSolicited sum =  7972.0  rr =  8464.0
02-03 17:56:36.407 W/Sclibration(27104): processUnSolicited end x =  111  y =  221
02-03 17:56:36.407 W/Sclibration(27104): ScalibrationView--setBallLocation  m_calibrated =  false
02-03 17:56:36.407 W/Sclibration(27104): ScalibrationView--setBallLocation2  m_calibrated =  false
02-03 17:56:36.407 W/Sclibration(27104): onSensorChanged count =  3020  count%LOOPCOUNT =  20
02-03 17:56:36.407 W/Sclibration(27104): onSensorChanged filter =  26611  tp = 1
02-03 17:56:36.518 W/Sclibration(27104): onSensorChanged filter =  88052  tp = 2
02-03 17:56:36.518 W/Sclibration(27104): onSensorChanged filter =  30201  tp = 1
02-03 17:56:36.518 W/Sclibration(27104): onSensorChanged filter =  26612  tp = 2
02-03 17:56:36.648 W/Sclibration(27104): onSensorChanged filter =  88053  tp = 3
02-03 17:56:36.648 W/Sclibration(27104): onSensorChanged filter =  30202  tp = 2
02-03 17:56:36.648 W/Sclibration(27104): onSensorChanged filter =  26613  tp = 3
02-03 17:56:36.778 W/Sclibration(27104): onSensorChanged filter =  88054  tp = 4
02-03 17:56:36.778 W/Sclibration(27104): onSensorChanged filter =  30203  tp = 3
02-03 17:56:36.778 W/Sclibration(27104): onSensorChanged filter =  26614  tp = 4
02-03 17:56:36.888 W/Sclibration(27104): onSensorChanged filter =  88055  tp = 5
02-03 17:56:36.888 W/Sclibration(27104): onSensorChanged filter =  30204  tp = 4
02-03 17:56:36.888 W/Sclibration(27104): onSensorChanged filter =  26615  tp = 5
02-03 17:56:36.938 D/KeyguardViewMediator(26892): handleTimeout
02-03 17:56:37.008 W/Sclibration(27104): onSensorChanged filter =  88056  tp = 6
02-03 17:56:37.008 W/Sclibration(27104): onSensorChanged filter =  30205  tp = 5
02-03 17:56:37.008 W/Sclibration(27104): onSensorChanged filter =  26616  tp = 6
02-03 17:56:37.028 W/Sclibration(27104): onSensorChanged filter =  88057  tp = 7
02-03 17:56:37.028 W/Sclibration(27104): onSensorChanged filter =  30206  tp = 6
02-03 17:56:37.028 W/Sclibration(27104): onSensorChanged filter =  26617  tp = 7
02-03 17:56:37.058 W/Sclibration(27104): onSensorChanged filter =  88058  tp = 8
02-03 17:56:37.068 W/Sclibration(27104): onSensorChanged filter =  30207  tp = 7
02-03 17:56:37.068 W/Sclibration(27104): onSensorChanged filter =  26618  tp = 8
02-03 17:56:37.188 W/Sclibration(27104): onSensorChanged filter =  88059  tp = 9
02-03 17:56:37.188 W/Sclibration(27104): onSensorChanged filter =  30208  tp = 8
02-03 17:56:37.188 W/Sclibration(27104): onSensorChanged filter =  26619  tp = 9
02-03 17:56:37.308 W/Sclibration(27104): onSensorChanged filter =  88060  tp = 0
02-03 17:56:37.308 W/Sclibration(27104): onSensorChanged count =  8806
02-03 17:56:37.318 W/Sclibration(27104): onSensorChanged curX =  -0.2925253  curY =  -1.417683  curZ =  -9.067125
02-03 17:56:37.318 W/Sclibration(27104): processUnSolicited begin
02-03 17:56:37.318 W/Sclibration(27104): processUnSolicited curX =  -0.2925253  curY =  -1.417683  curZ =  -9.067125
02-03 17:56:37.318 W/Sclibration(27104): processUnSolicited x =  124  y =  191
02-03 17:56:37.318 W/Sclibration(27104): processUnSolicited isLeftForX =  true  isDownForY =  false
02-03 17:56:37.318 W/Sclibration(27104): processUnSolicited sum =  3257.0  rr =  8464.0
02-03 17:56:37.318 W/Sclibration(27104): processUnSolicited end x =  124  y =  191
02-03 17:56:37.318 W/Sclibration(27104): ScalibrationView--setBallLocation  m_calibrated =  false
02-03 17:56:37.318 W/Sclibration(27104): ScalibrationView--setBallLocation2  m_calibrated =  false
02-03 17:56:37.318 W/Sclibration(27104): onSensorChanged count =  8806  count%LOOPCOUNT =  16
02-03 17:56:37.318 W/Sclibration(27104): onSensorChanged filter =  30209  tp = 9
02-03 17:56:37.328 W/Sclibration(27104): onSensorChanged filter =  26620  tp = 0
02-03 17:56:37.328 W/Sclibration(27104): onSensorChanged count =  2662
02-03 17:56:37.328 W/Sclibration(27104): onSensorChanged curX =  -0.2925253  curY =  -1.417683  curZ =  -9.067125
02-03 17:56:37.328 W/Sclibration(27104): processUnSolicited begin
02-03 17:56:37.328 W/Sclibration(27104): processUnSolicited curX =  -0.2925253  curY =  -1.417683  curZ =  -9.067125
02-03 17:56:37.328 W/Sclibration(27104): processUnSolicited x =  124  y =  191
02-03 17:56:37.328 W/Sclibration(27104): processUnSolicited isLeftForX =  true  isDownForY =  false
02-03 17:56:37.328 W/Sclibration(27104): processUnSolicited sum =  3257.0  rr =  8464.0
02-03 17:56:37.328 W/Sclibration(27104): processUnSolicited end x =  124  y =  191
02-03 17:56:37.328 W/Sclibration(27104): ScalibrationView--setBallLocation  m_calibrated =  false
02-03 17:56:37.338 W/Sclibration(27104): ScalibrationView--setBallLocation2  m_calibrated =  false
02-03 17:56:37.338 W/Sclibration(27104): onSensorChanged count =  2662  count%LOOPCOUNT =  22
02-03 17:56:37.438 W/Sclibration(27104): onSensorChanged filter =  88061  tp = 1
02-03 17:56:37.438 W/Sclibration(27104): onSensorChanged filter =  30210  tp = 0
02-03 17:56:37.438 W/Sclibration(27104): onSensorChanged count =  3021
02-03 17:56:37.438 W/Sclibration(27104): onSensorChanged curX =  -0.29276508  curY =  -1.3103783  curZ =  -9.111513
02-03 17:56:37.438 W/Sclibration(27104): processUnSolicited begin
02-03 17:56:37.438 W/Sclibration(27104): processUnSolicited curX =  -0.29276508  curY =  -1.3103783  curZ =  -9.111513
02-03 17:56:37.438 W/Sclibration(27104): processUnSolicited x =  124  y =  187
02-03 17:56:37.438 W/Sclibration(27104): processUnSolicited isLeftForX =  true  isDownForY =  false
02-03 17:56:37.438 W/Sclibration(27104): processUnSolicited sum =  2825.0  rr =  8464.0
02-03 17:56:37.438 W/Sclibration(27104): processUnSolicited end x =  124  y =  187
02-03 17:56:37.438 W/Sclibration(27104): ScalibrationView--setBallLocation  m_calibrated =  false
02-03 17:56:37.438 W/Sclibration(27104): ScalibrationView--setBallLocation2  m_calibrated =  false
02-03 17:56:37.448 W/Sclibration(27104): onSensorChanged count =  3021  count%LOOPCOUNT =  21
02-03 17:56:37.448 W/Sclibration(27104): onSensorChanged filter =  26621  tp = 1
02-03 17:56:37.559 W/Sclibration(27104): onSensorChanged filter =  88062  tp = 2
02-03 17:56:37.559 W/Sclibration(27104): onSensorChanged filter =  30211  tp = 1
02-03 17:56:37.559 W/Sclibration(27104): onSensorChanged filter =  26622  tp = 2
02-03 17:56:37.679 W/Sclibration(27104): onSensorChanged filter =  88063  tp = 3
02-03 17:56:37.679 W/Sclibration(27104): onSensorChanged filter =  30212  tp = 2
02-03 17:56:37.679 W/Sclibration(27104): onSensorChanged filter =  26623  tp = 3
02-03 17:56:37.779 W/KeyCharacterMap(32706): Can't open keycharmap file
02-03 17:56:37.779 W/KeyCharacterMap(32706): Error loading keycharmap file '/system/usr/keychars/synaptics-rmi4-ts.kcm.bin'. hw.keyboards.262146.devname='synaptics-rmi4-ts'
02-03 17:56:37.779 W/KeyCharacterMap(32706): Using default keymap: /system/usr/keychars/qwerty.kcm.bin
02-03 17:56:37.799 W/Sclibration(27104): onSensorChanged filter =  88064  tp = 4
02-03 17:56:37.799 W/Sclibration(27104): onSensorChanged filter =  30213  tp = 3
02-03 17:56:37.799 W/Sclibration(27104): onSensorChanged filter =  26624  tp = 4
02-03 17:56:37.819 W/Sclibration(27104): onSensorChanged filter =  88065  tp = 5
02-03 17:56:37.819 W/Sclibration(27104): onSensorChanged filter =  30214  tp = 4
02-03 17:56:37.819 W/Sclibration(27104): onSensorChanged filter =  26625  tp = 5
02-03 17:56:37.839 W/Sclibration(27104): onSensorChanged filter =  88066  tp = 6
02-03 17:56:37.839 W/Sclibration(27104): onSensorChanged filter =  30215  tp = 5
02-03 17:56:37.839 W/Sclibration(27104): onSensorChanged filter =  26626  tp = 6
02-03 17:56:37.859 W/Sclibration(27104): onSensorChanged filter =  88067  tp = 7
