02-03 17:56:46.367 D/Bitmap  (32706):       com.android.internal.os.ZygoteInit.main(ZygoteInit.java:633)
02-03 17:56:46.367 D/Bitmap  (32706):       dalvik.system.NativeStart.main(Native Method)
02-03 17:56:46.367 D/Bitmap  (32706): _
02-03 17:56:46.427 D/Bitmap  (32706): Detect unrecycled bitmap.
02-03 17:56:46.427 D/Bitmap  (32706):       Size: 38400 Bytes, Width: 320 , Height: 60 , Hash code: 1079766104
02-03 17:56:46.427 D/Bitmap  (32706):  This bimap was created in:
02-03 17:56:46.427 D/Bitmap  (32706):       android.graphics.Bitmap.<init>(Bitmap.java:136)
02-03 17:56:46.427 D/Bitmap  (32706):       android.graphics.Bitmap.nativeCreate(Native Method)
02-03 17:56:46.427 D/Bitmap  (32706):       android.graphics.Bitmap.createBitmap(Bitmap.java:547)
02-03 17:56:46.427 D/Bitmap  (32706):       android.view.View.buildDrawingCache(View.java:6577)
02-03 17:56:46.427 D/Bitmap  (32706):       android.view.View.getDrawingCache(View.java:6428)
02-03 17:56:46.427 D/Bitmap  (32706):       android.view.ViewGroup.drawChild(ViewGroup.java:1574)
02-03 17:56:46.427 D/Bitmap  (32706):       android.view.ViewGroup.dispatchDraw(ViewGroup.java:1376)
02-03 17:56:46.427 D/Bitmap  (32706):       android.widget.AbsListView.dispatchDraw(AbsListView.java:1480)
02-03 17:56:46.427 D/Bitmap  (32706):       android.widget.ListView.dispatchDraw(ListView.java:3138)
02-03 17:56:46.427 D/Bitmap  (32706):       android.view.View.draw(View.java:6883)
02-03 17:56:46.427 D/Bitmap  (32706):       android.widget.AbsListView.draw(AbsListView.java:2588)
02-03 17:56:46.427 D/Bitmap  (32706):       android.view.ViewGroup.drawChild(ViewGroup.java:1649)
02-03 17:56:46.427 D/Bitmap  (32706):       android.view.ViewGroup.dispatchDraw(ViewGroup.java:1376)
02-03 17:56:46.427 D/Bitmap  (32706):       android.view.ViewGroup.drawChild(ViewGroup.java:1647)
02-03 17:56:46.427 D/Bitmap  (32706):       android.view.ViewGroup.dispatchDraw(ViewGroup.java:1376)
02-03 17:56:46.427 D/Bitmap  (32706):       android.view.ViewGroup.drawChild(ViewGroup.java:1647)
02-03 17:56:46.427 D/Bitmap  (32706):       android.view.ViewGroup.dispatchDraw(ViewGroup.java:1376)
02-03 17:56:46.427 D/Bitmap  (32706):       android.view.ViewGroup.drawChild(ViewGroup.java:1647)
02-03 17:56:46.427 D/Bitmap  (32706):       android.view.ViewGroup.dispatchDraw(ViewGroup.java:1376)
02-03 17:56:46.427 D/Bitmap  (32706):       android.view.ViewGroup.drawChild(ViewGroup.java:1647)
02-03 17:56:46.427 D/Bitmap  (32706):       android.view.ViewGroup.dispatchDraw(ViewGroup.java:1376)
02-03 17:56:46.427 D/Bitmap  (32706):       android.view.ViewGroup.drawChild(ViewGroup.java:1647)
02-03 17:56:46.427 D/Bitmap  (32706):       android.view.ViewGroup.dispatchDraw(ViewGroup.java:1376)
02-03 17:56:46.427 D/Bitmap  (32706):       android.view.View.draw(View.java:6883)
02-03 17:56:46.427 D/Bitmap  (32706):       android.widget.FrameLayout.draw(FrameLayout.java:357)
02-03 17:56:46.427 D/Bitmap  (32706):       com.android.internal.policy.impl.PhoneWindow$DecorView.draw(PhoneWindow.java:1866)
02-03 17:56:46.427 D/Bitmap  (32706):       android.view.ViewRoot.draw(ViewRoot.java:1526)
02-03 17:56:46.427 D/Bitmap  (32706):       android.view.ViewRoot.performTraversals(ViewRoot.java:1262)
02-03 17:56:46.427 D/Bitmap  (32706):       android.view.ViewRoot.handleMessage(ViewRoot.java:1864)
02-03 17:56:46.427 D/Bitmap  (32706):       android.os.Handler.dispatchMessage(Handler.java:99)
02-03 17:56:46.427 D/Bitmap  (32706):       android.os.Looper.loop(Looper.java:130)
02-03 17:56:46.427 D/Bitmap  (32706):       android.app.ActivityThread.main(ActivityThread.java:3704)
02-03 17:56:46.427 D/Bitmap  (32706):       java.lang.reflect.Method.invokeNative(Native Method)
02-03 17:56:46.427 D/Bitmap  (32706):       java.lang.reflect.Method.invoke(Method.java:507)
02-03 17:56:46.427 D/Bitmap  (32706):       com.android.internal.os.ZygoteInit$MethodAndArgsCaller.run(ZygoteInit.java:875)
02-03 17:56:46.427 D/Bitmap  (32706):       com.android.internal.os.ZygoteInit.main(ZygoteInit.java:633)
02-03 17:56:46.427 D/Bitmap  (32706):       dalvik.system.NativeStart.main(Native Method)
02-03 17:56:46.427 D/Bitmap  (32706): _
02-03 17:56:46.427 D/Bitmap  (32706): Detect unrecycled bitmap.
02-03 17:56:46.427 D/Bitmap  (32706):       Size: 38400 Bytes, Width: 320 , Height: 60 , Hash code: 1079299456
02-03 17:56:46.427 D/Bitmap  (32706):  This bimap was created in:
02-03 17:56:46.427 D/Bitmap  (32706):       android.graphics.Bitmap.<init>(Bitmap.java:136)
02-03 17:56:46.427 D/Bitmap  (32706):       android.graphics.Bitmap.nativeCreate(Native Method)
02-03 17:56:46.427 D/Bitmap  (32706):       android.graphics.Bitmap.createBitmap(Bitmap.java:547)
02-03 17:56:46.427 D/Bitmap  (32706):       android.view.View.buildDrawingCache(View.java:6577)
02-03 17:56:46.427 D/Bitmap  (32706):       android.view.View.getDrawingCache(View.java:6428)
02-03 17:56:46.427 D/Bitmap  (32706):       android.view.ViewGroup.drawChild(ViewGroup.java:1574)
02-03 17:56:46.427 D/Bitmap  (32706):       android.view.ViewGroup.dispatchDraw(ViewGroup.java:1376)
02-03 17:56:46.427 D/Bitmap  (32706):       android.widget.AbsListView.dispatchDraw(AbsListView.java:1480)
02-03 17:56:46.427 D/Bitmap  (32706):       android.widget.ListView.dispatchDraw(ListView.java:3138)
02-03 17:56:46.427 D/Bitmap  (32706):       android.view.View.draw(View.java:6883)
02-03 17:56:46.427 D/Bitmap  (32706):       android.widget.AbsListView.draw(AbsListView.java:2588)
02-03 17:56:46.427 D/Bitmap  (32706):       android.view.ViewGroup.drawChild(ViewGroup.java:1649)
02-03 17:56:46.427 D/Bitmap  (32706):       android.view.ViewGroup.dispatchDraw(ViewGroup.java:1376)
02-03 17:56:46.427 D/Bitmap  (32706):       android.view.ViewGroup.drawChild(ViewGroup.java:1647)
02-03 17:56:46.427 D/Bitmap  (32706):       android.view.ViewGroup.dispatchDraw(ViewGroup.java:1376)
02-03 17:56:46.427 D/Bitmap  (32706):       android.view.ViewGroup.drawChild(ViewGroup.java:1647)
02-03 17:56:46.427 D/Bitmap  (32706):       android.view.ViewGroup.dispatchDraw(ViewGroup.java:1376)
02-03 17:56:46.427 D/Bitmap  (32706):       android.view.ViewGroup.drawChild(ViewGroup.java:1647)
02-03 17:56:46.437 D/Bitmap  (32706):       android.view.ViewGroup.dispatchDraw(ViewGroup.java:1376)
02-03 17:56:46.437 D/Bitmap  (32706):       android.view.ViewGroup.drawChild(ViewGroup.java:1647)
02-03 17:56:46.437 D/Bitmap  (32706):       android.view.ViewGroup.dispatchDraw(ViewGroup.java:1376)
02-03 17:56:46.437 D/Bitmap  (32706):       android.view.ViewGroup.drawChild(ViewGroup.java:1647)
02-03 17:56:46.437 D/Bitmap  (32706):       android.view.ViewGroup.dispatchDraw(ViewGroup.java:1376)
02-03 17:56:46.437 D/Bitmap  (32706):       android.view.View.draw(View.java:6883)
02-03 17:56:46.437 D/Bitmap  (32706):       android.widget.FrameLayout.draw(FrameLayout.java:357)
02-03 17:56:46.437 D/Bitmap  (32706):       com.android.internal.policy.impl.PhoneWindow$DecorView.draw(PhoneWindow.java:1866)
02-03 17:56:46.437 D/Bitmap  (32706):       android.view.ViewRoot.draw(ViewRoot.java:1526)
02-03 17:56:46.437 D/Bitmap  (32706):       android.view.ViewRoot.performTraversals(ViewRoot.java:1262)
02-03 17:56:46.437 D/Bitmap  (32706):       android.view.ViewRoot.handleMessage(ViewRoot.java:1864)
02-03 17:56:46.437 D/Bitmap  (32706):       android.os.Handler.dispatchMessage(Handler.java:99)
02-03 17:56:46.437 D/Bitmap  (32706):       android.os.Looper.loop(Looper.java:130)
02-03 17:56:46.437 D/Bitmap  (32706):       android.app.ActivityThread.main(ActivityThread.java:3704)
02-03 17:56:46.437 D/Bitmap  (32706):       java.lang.reflect.Method.invokeNative(Native Method)
02-03 17:56:46.437 D/Bitmap  (32706):       java.lang.reflect.Method.invoke(Method.java:507)
02-03 17:56:46.437 D/Bitmap  (32706):       com.android.internal.os.ZygoteInit$MethodAndArgsCaller.run(ZygoteInit.java:875)
02-03 17:56:46.437 D/Bitmap  (32706):       com.android.internal.os.ZygoteInit.main(ZygoteInit.java:633)
02-03 17:56:46.437 D/Bitmap  (32706):       dalvik.system.NativeStart.main(Native Method)
02-03 17:56:46.437 D/Bitmap  (32706): _
02-03 17:56:46.437 D/Bitmap  (32706): Detect unrecycled bitmap.
02-03 17:56:46.437 D/Bitmap  (32706):       Size: 38400 Bytes, Width: 320 , Height: 60 , Hash code: 1080314544
02-03 17:56:46.437 D/Bitmap  (32706):  This bimap was created in:
02-03 17:56:46.437 D/Bitmap  (32706):       android.graphics.Bitmap.<init>(Bitmap.java:136)
02-03 17:56:46.437 D/Bitmap  (32706):       android.graphics.Bitmap.nativeCreate(Native Method)
02-03 17:56:46.437 D/Bitmap  (32706):       android.graphics.Bitmap.createBitmap(Bitmap.java:547)
02-03 17:56:46.437 D/Bitmap  (32706):       android.view.View.buildDrawingCache(View.java:6577)
02-03 17:56:46.437 D/Bitmap  (32706):       android.view.View.getDrawingCache(View.java:6428)
02-03 17:56:46.437 D/Bitmap  (32706):       android.view.ViewGroup.drawChild(ViewGroup.java:1574)
02-03 17:56:46.437 D/Bitmap  (32706):       android.view.ViewGroup.dispatchDraw(ViewGroup.java:1376)
02-03 17:56:46.437 D/Bitmap  (32706):       android.widget.AbsListView.dispatchDraw(AbsListView.java:1480)
02-03 17:56:46.437 D/Bitmap  (32706):       android.widget.ListView.dispatchDraw(ListView.java:3138)
02-03 17:56:46.437 D/Bitmap  (32706):       android.view.View.draw(View.java:6883)
02-03 17:56:46.437 D/Bitmap  (32706):       android.widget.AbsListView.draw(AbsListView.java:2588)
02-03 17:56:46.437 D/Bitmap  (32706):       android.view.ViewGroup.drawChild(ViewGroup.java:1649)
02-03 17:56:46.437 D/Bitmap  (32706):       android.view.ViewGroup.dispatchDraw(ViewGroup.java:1376)
02-03 17:56:46.437 D/Bitmap  (32706):       android.view.ViewGroup.drawChild(ViewGroup.java:1647)
02-03 17:56:46.437 D/Bitmap  (32706):       android.view.ViewGroup.dispatchDraw(ViewGroup.java:1376)
02-03 17:56:46.437 D/Bitmap  (32706):       android.view.ViewGroup.drawChild(ViewGroup.java:1647)
02-03 17:56:46.437 D/Bitmap  (32706):       android.view.ViewGroup.dispatchDraw(ViewGroup.java:1376)
02-03 17:56:46.437 D/Bitmap  (32706):       android.view.ViewGroup.drawChild(ViewGroup.java:1647)
02-03 17:56:46.437 D/Bitmap  (32706):       android.view.ViewGroup.dispatchDraw(ViewGroup.java:1376)
02-03 17:56:46.437 D/Bitmap  (32706):       android.view.ViewGroup.drawChild(ViewGroup.java:1647)
02-03 17:56:46.437 D/Bitmap  (32706):       android.view.ViewGroup.dispatchDraw(ViewGroup.java:1376)
02-03 17:56:46.447 D/Bitmap  (32706):       android.view.ViewGroup.drawChild(ViewGroup.java:1647)
02-03 17:56:46.447 D/Bitmap  (32706):       android.view.ViewGroup.dispatchDraw(ViewGroup.java:1376)
02-03 17:56:46.447 D/Bitmap  (32706):       android.view.View.draw(View.java:6883)
02-03 17:56:46.447 D/Bitmap  (32706):       android.widget.FrameLayout.draw(FrameLayout.java:357)
02-03 17:56:46.447 D/Bitmap  (32706):       com.android.internal.policy.impl.PhoneWindow$DecorView.draw(PhoneWindow.java:1866)
02-03 17:56:46.447 D/Bitmap  (32706):       android.view.ViewRoot.draw(ViewRoot.java:1526)
02-03 17:56:46.447 D/Bitmap  (32706):       android.view.ViewRoot.performTraversals(ViewRoot.java:1262)
02-03 17:56:46.447 D/Bitmap  (32706):       android.view.ViewRoot.handleMessage(ViewRoot.java:1864)
02-03 17:56:46.447 D/Bitmap  (32706):       android.os.Handler.dispatchMessage(Handler.java:99)
02-03 17:56:46.447 D/Bitmap  (32706):       android.os.Looper.loop(Looper.java:130)
02-03 17:56:46.447 D/Bitmap  (32706):       android.app.ActivityThread.main(ActivityThread.java:3704)
02-03 17:56:46.447 D/Bitmap  (32706):       java.lang.reflect.Method.invokeNative(Native Method)
02-03 17:56:46.447 D/Bitmap  (32706):       java.lang.reflect.Method.invoke(Method.java:507)
02-03 17:56:46.447 D/Bitmap  (32706):       com.android.internal.os.ZygoteInit$MethodAndArgsCaller.run(ZygoteInit.java:875)
02-03 17:56:46.447 D/Bitmap  (32706):       com.android.internal.os.ZygoteInit.main(ZygoteInit.java:633)
02-03 17:56:46.447 D/Bitmap  (32706):       dalvik.system.NativeStart.main(Native Method)
02-03 17:56:46.447 D/Bitmap  (32706): _
02-03 17:56:46.447 W/Sclibration(27104): onSensorChanged filter =  88203  tp = 3
02-03 17:56:46.447 W/Sclibration(27104): onSensorChanged filter =  30352  tp = 2
02-03 17:56:46.457 W/Sclibration(27104): onSensorChanged filter =  26763  tp = 3
02-03 17:56:46.467 W/Sclibration(27104): onSensorChanged filter =  88204  tp = 4
02-03 17:56:46.467 W/Sclibration(27104): onSensorChanged filter =  30353  tp = 3
02-03 17:56:46.467 W/Sclibration(27104): onSensorChanged filter =  26764  tp = 4
02-03 17:56:46.477 W/Sclibration(27104): onSensorChanged filter =  88205  tp = 5
02-03 17:56:46.477 W/Sclibration(27104): onSensorChanged filter =  30354  tp = 4
02-03 17:56:46.477 W/Sclibration(27104): onSensorChanged filter =  26765  tp = 5
02-03 17:56:46.507 W/Sclibration(27104): onSensorChanged filter =  88206  tp = 6
02-03 17:56:46.507 W/Sclibration(27104): onSensorChanged filter =  30355  tp = 5
02-03 17:56:46.507 W/Sclibration(27104): onSensorChanged filter =  26766  tp = 6
02-03 17:56:46.517 W/Sclibration(27104): onSensorChanged filter =  88207  tp = 7
02-03 17:56:46.517 W/Sclibration(27104): onSensorChanged filter =  30356  tp = 6
02-03 17:56:46.517 W/Sclibration(27104): onSensorChanged filter =  26767  tp = 7
02-03 17:56:46.537 W/Sclibration(27104): onSensorChanged filter =  88208  tp = 8
02-03 17:56:46.557 W/Sclibration(27104): onSensorChanged filter =  30357  tp = 7
02-03 17:56:46.557 W/Sclibration(27104): onSensorChanged filter =  26768  tp = 8
02-03 17:56:46.557 W/Sclibration(27104): onSensorChanged filter =  88209  tp = 9
02-03 17:56:46.557 W/Sclibration(27104): onSensorChanged filter =  30358  tp = 8
02-03 17:56:46.557 W/Sclibration(27104): onSensorChanged filter =  26769  tp = 9
02-03 17:56:46.587 W/Sclibration(27104): onSensorChanged filter =  88210  tp = 0
02-03 17:56:46.587 W/Sclibration(27104): onSensorChanged count =  8821
02-03 17:56:46.587 W/Sclibration(27104): onSensorChanged curX =  -0.5619247  curY =  -2.185741  curZ =  -8.939425
02-03 17:56:46.587 W/Sclibration(27104): processUnSolicited begin
02-03 17:56:46.587 W/Sclibration(27104): processUnSolicited curX =  -0.5619247  curY =  -2.185741  curZ =  -8.939425
02-03 17:56:46.587 W/Sclibration(27104): processUnSolicited x =  113  y =  222
02-03 17:56:46.587 W/Sclibration(27104): processUnSolicited isLeftForX =  true  isDownForY =  false
02-03 17:56:46.587 W/Sclibration(27104): processUnSolicited sum =  8053.0  rr =  8464.0
02-03 17:56:46.587 W/Sclibration(27104): processUnSolicited end x =  113  y =  222
02-03 17:56:46.587 W/Sclibration(27104): ScalibrationView--setBallLocation  m_calibrated =  false
02-03 17:56:46.587 W/Sclibration(27104): ScalibrationView--setBallLocation2  m_calibrated =  false
02-03 17:56:46.587 W/Sclibration(27104): onSensorChanged count =  8821  count%LOOPCOUNT =  1
02-03 17:56:46.587 W/Sclibration(27104): onSensorChanged filter =  30359  tp = 9
02-03 17:56:46.587 W/Sclibration(27104): onSensorChanged filter =  26770  tp = 0
02-03 17:56:46.587 W/Sclibration(27104): onSensorChanged count =  2677
02-03 17:56:46.587 W/Sclibration(27104): onSensorChanged curX =  -0.5619247  curY =  -2.185741  curZ =  -8.939425
02-03 17:56:46.587 W/Sclibration(27104): processUnSolicited begin
02-03 17:56:46.587 W/Sclibration(27104): processUnSolicited curX =  -0.5619247  curY =  -2.185741  curZ =  -8.939425
02-03 17:56:46.587 W/Sclibration(27104): processUnSolicited x =  113  y =  222
02-03 17:56:46.587 W/Sclibration(27104): processUnSolicited isLeftForX =  true  isDownForY =  false
02-03 17:56:46.587 W/Sclibration(27104): processUnSolicited sum =  8053.0  rr =  8464.0
02-03 17:56:46.587 W/Sclibration(27104): processUnSolicited end x =  113  y =  222
02-03 17:56:46.587 W/Sclibration(27104): ScalibrationView--setBallLocation  m_calibrated =  false
02-03 17:56:46.587 W/Sclibration(27104): ScalibrationView--setBallLocation2  m_calibrated =  false
02-03 17:56:46.587 W/Sclibration(27104): onSensorChanged count =  2677  count%LOOPCOUNT =  7
02-03 17:56:46.657 I/Gmail   (32706): MainSyncRequestProto: lowestBkwdConvoId: 0, highestHandledServerOp: 739459, normalSync: true
02-03 17:56:46.687 I/Gmail   (32706): ConversationCursor requesting results for query[label:^t] with queryId 2 starting at 1380417244998779504
02-03 17:56:46.707 W/Sclibration(27104): onSensorChanged filter =  88211  tp = 1
02-03 17:56:46.707 D/Gmail   (32706): ConversationHeaderCursorAdapter.cursorStatusChanged: LOADING
02-03 17:56:46.737 W/Sclibration(27104): onSensorChanged filter =  30360  tp = 0
02-03 17:56:46.737 W/Sclibration(27104): onSensorChanged count =  3036
02-03 17:56:46.737 W/Sclibration(27104): onSensorChanged curX =  -0.5454017  curY =  -2.1421208  curZ =  -8.939212
02-03 17:56:46.737 W/Sclibration(27104): processUnSolicited begin
02-03 17:56:46.737 W/Sclibration(27104): processUnSolicited curX =  -0.5454017  curY =  -2.1421208  curZ =  -8.939212
02-03 17:56:46.737 W/Sclibration(27104): processUnSolicited x =  114  y =  220
02-03 17:56:46.737 W/Sclibration(27104): processUnSolicited isLeftForX =  true  isDownForY =  false
02-03 17:56:46.737 W/Sclibration(27104): processUnSolicited sum =  7666.0  rr =  8464.0
02-03 17:56:46.737 W/Sclibration(27104): processUnSolicited end x =  114  y =  220
02-03 17:56:46.737 W/Sclibration(27104): ScalibrationView--setBallLocation  m_calibrated =  false
02-03 17:56:46.737 W/Sclibration(27104): ScalibrationView--setBallLocation2  m_calibrated =  false
02-03 17:56:46.737 W/Sclibration(27104): onSensorChanged count =  3036  count%LOOPCOUNT =  6
02-03 17:56:46.737 W/Sclibration(27104): onSensorChanged filter =  26771  tp = 1
02-03 17:56:46.757 W/Sclibration(27104): onSensorChanged filter =  88212  tp = 2
02-03 17:56:46.757 W/Sclibration(27104): onSensorChanged filter =  30361  tp = 1
02-03 17:56:46.757 W/Sclibration(27104): onSensorChanged filter =  26772  tp = 2
02-03 17:56:46.768 W/Sclibration(27104): onSensorChanged filter =  88213  tp = 3
02-03 17:56:46.768 W/Sclibration(27104): onSensorChanged filter =  30362  tp = 2
02-03 17:56:46.768 W/Sclibration(27104): onSensorChanged filter =  26773  tp = 3
02-03 17:56:46.788 W/Sclibration(27104): onSensorChanged filter =  88214  tp = 4
02-03 17:56:46.788 W/Sclibration(27104): onSensorChanged filter =  30363  tp = 3
02-03 17:56:46.788 W/Sclibration(27104): onSensorChanged filter =  26774  tp = 4
02-03 17:56:46.808 W/Sclibration(27104): onSensorChanged filter =  88215  tp = 5
02-03 17:56:46.808 W/Sclibration(27104): onSensorChanged filter =  30364  tp = 4
02-03 17:56:46.808 W/Sclibration(27104): onSensorChanged filter =  26775  tp = 5
02-03 17:56:46.828 W/Sclibration(27104): onSensorChanged filter =  88216  tp = 6
02-03 17:56:46.828 W/Sclibration(27104): onSensorChanged filter =  30365  tp = 5
02-03 17:56:46.828 W/Sclibration(27104): onSensorChanged filter =  26776  tp = 6
02-03 17:56:46.848 W/Sclibration(27104): onSensorChanged filter =  88217  tp = 7
02-03 17:56:46.848 W/Sclibration(27104): onSensorChanged filter =  30366  tp = 6
02-03 17:56:46.848 W/Sclibration(27104): onSensorChanged filter =  26777  tp = 7
02-03 17:56:46.868 W/Sclibration(27104): onSensorChanged filter =  88218  tp = 8
02-03 17:56:46.868 W/Sclibration(27104): onSensorChanged filter =  30367  tp = 7
02-03 17:56:46.868 W/Sclibration(27104): onSensorChanged filter =  26778  tp = 8
02-03 17:56:46.888 W/Sclibration(27104): onSensorChanged filter =  88219  tp = 9
02-03 17:56:46.888 W/Sclibration(27104): onSensorChanged filter =  30368  tp = 8
02-03 17:56:46.888 W/Sclibration(27104): onSensorChanged filter =  26779  tp = 9
02-03 17:56:47.008 W/Sclibration(27104): onSensorChanged filter =  88220  tp = 0
02-03 17:56:47.008 W/Sclibration(27104): onSensorChanged count =  8822
02-03 17:56:47.008 W/Sclibration(27104): onSensorChanged curX =  -0.49406958  curY =  -2.0042667  curZ =  -9.043463
02-03 17:56:47.008 W/Sclibration(27104): processUnSolicited begin
02-03 17:56:47.008 W/Sclibration(27104): processUnSolicited curX =  -0.49406958  curY =  -2.0042667  curZ =  -9.043463
02-03 17:56:47.008 W/Sclibration(27104): processUnSolicited x =  116  y =  215
02-03 17:56:47.008 W/Sclibration(27104): processUnSolicited isLeftForX =  true  isDownForY =  false
02-03 17:56:47.008 W/Sclibration(27104): processUnSolicited sum =  6761.0  rr =  8464.0
02-03 17:56:47.008 W/Sclibration(27104): processUnSolicited end x =  116  y =  215
02-03 17:56:47.008 W/Sclibration(27104): ScalibrationView--setBallLocation  m_calibrated =  false
02-03 17:56:47.008 W/Sclibration(27104): ScalibrationView--setBallLocation2  m_calibrated =  false
02-03 17:56:47.008 W/Sclibration(27104): onSensorChanged count =  8822  count%LOOPCOUNT =  2
02-03 17:56:47.008 W/Sclibration(27104): onSensorChanged filter =  30369  tp = 9
02-03 17:56:47.008 W/Sclibration(27104): onSensorChanged filter =  26780  tp = 0
02-03 17:56:47.008 W/Sclibration(27104): onSensorChanged count =  2678
02-03 17:56:47.018 W/Sclibration(27104): onSensorChanged curX =  -0.49406958  curY =  -2.0042667  curZ =  -9.043463
02-03 17:56:47.018 W/Sclibration(27104): processUnSolicited begin
02-03 17:56:47.018 W/Sclibration(27104): processUnSolicited curX =  -0.49406958  curY =  -2.0042667  curZ =  -9.043463
02-03 17:56:47.018 W/Sclibration(27104): processUnSolicited x =  116  y =  215
02-03 17:56:47.018 W/Sclibration(27104): processUnSolicited isLeftForX =  true  isDownForY =  false
02-03 17:56:47.018 W/Sclibration(27104): processUnSolicited sum =  6761.0  rr =  8464.0
02-03 17:56:47.018 W/Sclibration(27104): processUnSolicited end x =  116  y =  215
02-03 17:56:47.018 W/Sclibration(27104): ScalibrationView--setBallLocation  m_calibrated =  false
02-03 17:56:47.018 W/Sclibration(27104): ScalibrationView--setBallLocation2  m_calibrated =  false
02-03 17:56:47.018 W/Sclibration(27104): onSensorChanged count =  2678  count%LOOPCOUNT =  8
02-03 17:56:47.028 W/Sclibration(27104): onSensorChanged filter =  88221  tp = 1
02-03 17:56:47.028 W/Sclibration(27104): onSensorChanged filter =  30370  tp = 0
02-03 17:56:47.028 W/Sclibration(27104): onSensorChanged count =  3037
02-03 17:56:47.028 W/Sclibration(27104): onSensorChanged curX =  -0.51342833  curY =  -2.0086288  curZ =  -8.971296
02-03 17:56:47.028 W/Sclibration(27104): processUnSolicited begin
02-03 17:56:47.038 W/Sclibration(27104): processUnSolicited curX =  -0.51342833  curY =  -2.0086288  curZ =  -8.971296
02-03 17:56:47.038 W/Sclibration(27104): processUnSolicited x =  115  y =  215
02-03 17:56:47.038 W/Sclibration(27104): processUnSolicited isLeftForX =  true  isDownForY =  false
02-03 17:56:47.038 W/Sclibration(27104): processUnSolicited sum =  6800.0  rr =  8464.0
02-03 17:56:47.038 W/Sclibration(27104): processUnSolicited end x =  115  y =  215
02-03 17:56:47.038 W/Sclibration(27104): ScalibrationView--setBallLocation  m_calibrated =  false
02-03 17:56:47.038 W/Sclibration(27104): ScalibrationView--setBallLocation2  m_calibrated =  false
02-03 17:56:47.038 W/Sclibration(27104): onSensorChanged count =  3037  count%LOOPCOUNT =  7
02-03 17:56:47.038 W/Sclibration(27104): onSensorChanged filter =  26781  tp = 1
02-03 17:56:47.148 W/Sclibration(27104): onSensorChanged filter =  88222  tp = 2
02-03 17:56:47.158 W/Sclibration(27104): onSensorChanged filter =  30371  tp = 1
02-03 17:56:47.168 W/Sclibration(27104): onSensorChanged filter =  26782  tp = 2
02-03 17:56:47.178 W/Sclibration(27104): onSensorChanged filter =  88223  tp = 3
02-03 17:56:47.178 W/Sclibration(27104): onSensorChanged filter =  30372  tp = 2
02-03 17:56:47.188 W/Sclibration(27104): onSensorChanged filter =  26783  tp = 3
02-03 17:56:47.188 W/Sclibration(27104): onSensorChanged filter =  88224  tp = 4
02-03 17:56:47.188 W/Sclibration(27104): onSensorChanged filter =  30373  tp = 3
02-03 17:56:47.198 W/Sclibration(27104): onSensorChanged filter =  26784  tp = 4
02-03 17:56:47.208 W/Sclibration(27104): onSensorChanged filter =  88225  tp = 5
02-03 17:56:47.218 W/Sclibration(27104): onSensorChanged filter =  30374  tp = 4
02-03 17:56:47.218 W/Sclibration(27104): onSensorChanged filter =  26785  tp = 5
02-03 17:56:47.238 W/Sclibration(27104): onSensorChanged filter =  88226  tp = 6
02-03 17:56:47.238 W/Sclibration(27104): onSensorChanged filter =  30375  tp = 5
02-03 17:56:47.238 W/Sclibration(27104): onSensorChanged filter =  26786  tp = 6
02-03 17:56:47.298 D/Gmail   (32706): ConversationHeaderCursorAdapter.cursorStatusChanged: LOADED
02-03 17:56:47.358 W/Sclibration(27104): onSensorChanged filter =  88227  tp = 7
02-03 17:56:47.358 W/Sclibration(27104): onSensorChanged filter =  30376  tp = 6
02-03 17:56:47.358 W/Sclibration(27104): onSensorChanged filter =  26787  tp = 7
02-03 17:56:47.368 W/Sclibration(27104): onSensorChanged filter =  88228  tp = 8
02-03 17:56:47.378 W/Sclibration(27104): onSensorChanged filter =  30377  tp = 7
02-03 17:56:47.378 W/Sclibration(27104): onSensorChanged filter =  26788  tp = 8
02-03 17:56:47.398 W/Sclibration(27104): onSensorChanged filter =  88229  tp = 9
02-03 17:56:47.398 W/Sclibration(27104): onSensorChanged filter =  30378  tp = 8
02-03 17:56:47.398 W/Sclibration(27104): onSensorChanged filter =  26789  tp = 9
02-03 17:56:47.418 W/Sclibration(27104): onSensorChanged filter =  88230  tp = 0
02-03 17:56:47.418 W/Sclibration(27104): onSensorChanged count =  8823
02-03 17:56:47.418 W/Sclibration(27104): onSensorChanged curX =  -0.48178664  curY =  -2.0401206  curZ =  -8.977216
02-03 17:56:47.418 W/Sclibration(27104): processUnSolicited begin
02-03 17:56:47.418 W/Sclibration(27104): processUnSolicited curX =  -0.48178664  curY =  -2.0401206  curZ =  -8.977216
02-03 17:56:47.418 W/Sclibration(27104): processUnSolicited x =  116  y =  216
02-03 17:56:47.418 W/Sclibration(27104): processUnSolicited isLeftForX =  true  isDownForY =  false
02-03 17:56:47.418 W/Sclibration(27104): processUnSolicited sum =  6922.0  rr =  8464.0
02-03 17:56:47.418 W/Sclibration(27104): processUnSolicited end x =  116  y =  216
02-03 17:56:47.418 W/Sclibration(27104): ScalibrationView--setBallLocation  m_calibrated =  false
02-03 17:56:47.418 W/Sclibration(27104): ScalibrationView--setBallLocation2  m_calibrated =  false
02-03 17:56:47.418 W/Sclibration(27104): onSensorChanged count =  8823  count%LOOPCOUNT =  3
02-03 17:56:47.418 W/Sclibration(27104): onSensorChanged filter =  30379  tp = 9
02-03 17:56:47.418 W/Sclibration(27104): onSensorChanged filter =  26790  tp = 0
02-03 17:56:47.418 W/Sclibration(27104): onSensorChanged count =  2679
02-03 17:56:47.418 W/Sclibration(27104): onSensorChanged curX =  -0.48178664  curY =  -2.0401206  curZ =  -8.977216
02-03 17:56:47.418 W/Sclibration(27104): processUnSolicited begin
02-03 17:56:47.418 W/Sclibration(27104): processUnSolicited curX =  -0.48178664  curY =  -2.0401206  curZ =  -8.977216
02-03 17:56:47.418 W/Sclibration(27104): processUnSolicited x =  116  y =  216
02-03 17:56:47.418 W/Sclibration(27104): processUnSolicited isLeftForX =  true  isDownForY =  false
02-03 17:56:47.418 W/Sclibration(27104): processUnSolicited sum =  6922.0  rr =  8464.0
02-03 17:56:47.418 W/Sclibration(27104): processUnSolicited end x =  116  y =  216
02-03 17:56:47.418 W/Sclibration(27104): ScalibrationView--setBallLocation  m_calibrated =  false
02-03 17:56:47.418 W/Sclibration(27104): ScalibrationView--setBallLocation2  m_calibrated =  false
02-03 17:56:47.418 W/Sclibration(27104): onSensorChanged count =  2679  count%LOOPCOUNT =  9
02-03 17:56:47.438 W/Sclibration(27104): onSensorChanged filter =  88231  tp = 1
02-03 17:56:47.438 W/Sclibration(27104): onSensorChanged filter =  30380  tp = 0
02-03 17:56:47.438 W/Sclibration(27104): onSensorChanged count =  3038
02-03 17:56:47.438 W/Sclibration(27104): onSensorChanged curX =  -0.4989192  curY =  -2.0396845  curZ =  -9.056621
02-03 17:56:47.438 W/Sclibration(27104): processUnSolicited begin
02-03 17:56:47.438 W/Sclibration(27104): processUnSolicited curX =  -0.4989192  curY =  -2.0396845  curZ =  -9.056621
02-03 17:56:47.438 W/Sclibration(27104): processUnSolicited x =  116  y =  216
02-03 17:56:47.438 W/Sclibration(27104): processUnSolicited isLeftForX =  true  isDownForY =  false
02-03 17:56:47.438 W/Sclibration(27104): processUnSolicited sum =  6922.0  rr =  8464.0
02-03 17:56:47.438 W/Sclibration(27104): processUnSolicited end x =  116  y =  216
02-03 17:56:47.438 W/Sclibration(27104): ScalibrationView--setBallLocation  m_calibrated =  false
02-03 17:56:47.438 W/Sclibration(27104): ScalibrationView--setBallLocation2  m_calibrated =  false
02-03 17:56:47.438 W/Sclibration(27104): onSensorChanged count =  3038  count%LOOPCOUNT =  8
02-03 17:56:47.438 W/Sclibration(27104): onSensorChanged filter =  26791  tp = 1
02-03 17:56:47.558 W/Sclibration(27104): onSensorChanged filter =  88232  tp = 2
02-03 17:56:47.568 W/Sclibration(27104): onSensorChanged filter =  30381  tp = 1
02-03 17:56:47.568 W/Sclibration(27104): onSensorChanged filter =  26792  tp = 2
02-03 17:56:47.598 W/Sclibration(27104): onSensorChanged filter =  88233  tp = 3
02-03 17:56:47.608 W/Sclibration(27104): onSensorChanged filter =  30382  tp = 2
02-03 17:56:47.608 W/Sclibration(27104): onSensorChanged filter =  26793  tp = 3
02-03 17:56:47.618 W/Sclibration(27104): onSensorChanged filter =  88234  tp = 4
02-03 17:56:47.618 W/Sclibration(27104): onSensorChanged filter =  30383  tp = 3
02-03 17:56:47.618 W/Sclibration(27104): onSensorChanged filter =  26794  tp = 4
02-03 17:56:47.638 W/Sclibration(27104): onSensorChanged filter =  88235  tp = 5
02-03 17:56:47.648 W/Sclibration(27104): onSensorChanged filter =  30384  tp = 4
02-03 17:56:47.648 W/Sclibration(27104): onSensorChanged filter =  26795  tp = 5
02-03 17:56:47.658 W/Sclibration(27104): onSensorChanged filter =  88236  tp = 6
02-03 17:56:47.658 W/Sclibration(27104): onSensorChanged filter =  30385  tp = 5
02-03 17:56:47.658 W/Sclibration(27104): onSensorChanged filter =  26796  tp = 6
02-03 17:56:47.678 W/Sclibration(27104): onSensorChanged filter =  88237  tp = 7
02-03 17:56:47.678 W/Sclibration(27104): onSensorChanged filter =  30386  tp = 6
02-03 17:56:47.678 W/Sclibration(27104): onSensorChanged filter =  26797  tp = 7
02-03 17:56:47.698 W/Sclibration(27104): onSensorChanged filter =  88238  tp = 8
02-03 17:56:47.698 W/Sclibration(27104): onSensorChanged filter =  30387  tp = 7
02-03 17:56:47.698 W/Sclibration(27104): onSensorChanged filter =  26798  tp = 8
02-03 17:56:47.718 W/Sclibration(27104): onSensorChanged filter =  88239  tp = 9
02-03 17:56:47.718 W/Sclibration(27104): onSensorChanged filter =  30388  tp = 8
02-03 17:56:47.718 W/Sclibration(27104): onSensorChanged filter =  26799  tp = 9
02-03 17:56:47.738 W/Sclibration(27104): onSensorChanged filter =  88240  tp = 0
02-03 17:56:47.738 W/Sclibration(27104): onSensorChanged count =  8824
02-03 17:56:47.738 W/Sclibration(27104): onSensorChanged curX =  -1.0986546  curY =  -2.0188289  curZ =  -9.004271
02-03 17:56:47.738 W/Sclibration(27104): processUnSolicited begin
02-03 17:56:47.738 W/Sclibration(27104): processUnSolicited curX =  -1.0986546  curY =  -2.0188289  curZ =  -9.004271
02-03 17:56:47.738 W/Sclibration(27104): processUnSolicited x =  92  y =  215
02-03 17:56:47.738 W/Sclibration(27104): processUnSolicited isLeftForX =  true  isDownForY =  false
02-03 17:56:47.738 W/Sclibration(27104): processUnSolicited sum =  8249.0  rr =  8464.0
02-03 17:56:47.738 W/Sclibration(27104): processUnSolicited end x =  92  y =  215
02-03 17:56:47.738 W/Sclibration(27104): ScalibrationView--setBallLocation  m_calibrated =  false
02-03 17:56:47.738 W/Sclibration(27104): ScalibrationView--setBallLocation2  m_calibrated =  false
02-03 17:56:47.738 W/Sclibration(27104): onSensorChanged count =  8824  count%LOOPCOUNT =  4
02-03 17:56:47.738 W/Sclibration(27104): onSensorChanged filter =  30389  tp = 9
02-03 17:56:47.738 W/Sclibration(27104): onSensorChanged filter =  26800  tp = 0
02-03 17:56:47.738 W/Sclibration(27104): onSensorChanged count =  2680
02-03 17:56:47.738 W/Sclibration(27104): onSensorChanged curX =  -1.0986546  curY =  -2.0188289  curZ =  -9.004271
02-03 17:56:47.738 W/Sclibration(27104): processUnSolicited begin
02-03 17:56:47.738 W/Sclibration(27104): processUnSolicited curX =  -1.0986546  curY =  -2.0188289  curZ =  -9.004271
02-03 17:56:47.738 W/Sclibration(27104): processUnSolicited x =  92  y =  215
02-03 17:56:47.738 W/Sclibration(27104): processUnSolicited isLeftForX =  true  isDownForY =  false
02-03 17:56:47.738 W/Sclibration(27104): processUnSolicited sum =  8249.0  rr =  8464.0
02-03 17:56:47.738 W/Sclibration(27104): processUnSolicited end x =  92  y =  215
02-03 17:56:47.738 W/Sclibration(27104): ScalibrationView--setBallLocation  m_calibrated =  false
02-03 17:56:47.738 W/Sclibration(27104): ScalibrationView--setBallLocation2  m_calibrated =  false
02-03 17:56:47.738 W/Sclibration(27104): onSensorChanged count =  2680  count%LOOPCOUNT =  10
02-03 17:56:47.758 W/Sclibration(27104): onSensorChanged filter =  88241  tp = 1
02-03 17:56:47.758 W/Sclibration(27104): onSensorChanged filter =  30390  tp = 0
02-03 17:56:47.758 W/Sclibration(27104): onSensorChanged count =  3039
02-03 17:56:47.758 W/Sclibration(27104): onSensorChanged curX =  -1.1323543  curY =  -2.0188723  curZ =  -9.014037
02-03 17:56:47.758 W/Sclibration(27104): processUnSolicited begin
02-03 17:56:47.758 W/Sclibration(27104): processUnSolicited curX =  -1.1323543  curY =  -2.0188723  curZ =  -9.014037
02-03 17:56:47.758 W/Sclibration(27104): processUnSolicited x =  90  y =  215
02-03 17:56:47.758 W/Sclibration(27104): processUnSolicited isLeftForX =  true  isDownForY =  false
02-03 17:56:47.758 W/Sclibration(27104): processUnSolicited sum =  8425.0  rr =  8464.0
02-03 17:56:47.758 W/Sclibration(27104): processUnSolicited end x =  90  y =  215
02-03 17:56:47.758 W/Sclibration(27104): ScalibrationView--setBallLocation  m_calibrated =  false
02-03 17:56:47.758 W/Sclibration(27104): ScalibrationView--setBallLocation2  m_calibrated =  false
02-03 17:56:47.758 W/Sclibration(27104): onSensorChanged count =  3039  count%LOOPCOUNT =  9
02-03 17:56:47.758 W/Sclibration(27104): onSensorChanged filter =  26801  tp = 1
02-03 17:56:47.778 W/Sclibration(27104): onSensorChanged filter =  88242  tp = 2
02-03 17:56:47.778 W/Sclibration(27104): onSensorChanged filter =  30391  tp = 1
02-03 17:56:47.778 W/Sclibration(27104): onSensorChanged filter =  26802  tp = 2
02-03 17:56:47.819 W/Sclibration(27104): onSensorChanged filter =  88243  tp = 3
02-03 17:56:47.819 W/Sclibration(27104): onSensorChanged filter =  30392  tp = 2
02-03 17:56:47.819 W/Sclibration(27104): onSensorChanged filter =  26803  tp = 3
02-03 17:56:47.839 W/Sclibration(27104): onSensorChanged filter =  88244  tp = 4
02-03 17:56:47.839 W/Sclibration(27104): onSensorChanged filter =  30393  tp = 3
02-03 17:56:47.839 W/Sclibration(27104): onSensorChanged filter =  26804  tp = 4
02-03 17:56:47.859 W/Sclibration(27104): onSensorChanged filter =  88245  tp = 5
02-03 17:56:47.859 W/Sclibration(27104): onSensorChanged filter =  30394  tp = 4
02-03 17:56:47.859 W/Sclibration(27104): onSensorChanged filter =  26805  tp = 5
02-03 17:56:47.979 W/Sclibration(27104): onSensorChanged filter =  88246  tp = 6
02-03 17:56:47.979 W/Sclibration(27104): onSensorChanged filter =  30395  tp = 5
02-03 17:56:47.979 W/Sclibration(27104): onSensorChanged filter =  26806  tp = 6
02-03 17:56:48.099 W/Sclibration(27104): onSensorChanged filter =  88247  tp = 7
02-03 17:56:48.099 W/Sclibration(27104): onSensorChanged filter =  30396  tp = 6
02-03 17:56:48.099 W/Sclibration(27104): onSensorChanged filter =  26807  tp = 7
02-03 17:56:48.219 W/Sclibration(27104): onSensorChanged filter =  88248  tp = 8
02-03 17:56:48.219 W/Sclibration(27104): onSensorChanged filter =  30397  tp = 7
02-03 17:56:48.219 W/Sclibration(27104): onSensorChanged filter =  26808  tp = 8
02-03 17:56:48.419 W/Sclibration(27104): onSensorChanged filter =  88249  tp = 9
02-03 17:56:48.439 W/Sclibration(27104): onSensorChanged filter =  30398  tp = 8
02-03 17:56:48.439 W/Sclibration(27104): onSensorChanged filter =  26809  tp = 9
02-03 17:56:48.549 W/Sclibration(27104): onSensorChanged filter =  88250  tp = 0
02-03 17:56:48.549 W/Sclibration(27104): onSensorChanged count =  8825
02-03 17:56:48.549 W/Sclibration(27104): onSensorChanged curX =  -1.160913  curY =  -1.8438934  curZ =  -9.0723915
02-03 17:56:48.549 W/Sclibration(27104): processUnSolicited begin
02-03 17:56:48.549 W/Sclibration(27104): processUnSolicited curX =  -1.160913  curY =  -1.8438934  curZ =  -9.0723915
02-03 17:56:48.549 W/Sclibration(27104): processUnSolicited x =  89  y =  208
02-03 17:56:48.559 W/Sclibration(27104): processUnSolicited isLeftForX =  true  isDownForY =  false
02-03 17:56:48.559 W/Sclibration(27104): processUnSolicited sum =  7445.0  rr =  8464.0
02-03 17:56:48.559 W/Sclibration(27104): processUnSolicited end x =  89  y =  208
02-03 17:56:48.559 W/Sclibration(27104): ScalibrationView--setBallLocation  m_calibrated =  false
02-03 17:56:48.559 W/Sclibration(27104): ScalibrationView--setBallLocation2  m_calibrated =  false
02-03 17:56:48.559 W/Sclibration(27104): onSensorChanged count =  8825  count%LOOPCOUNT =  5
02-03 17:56:48.559 W/Sclibration(27104): onSensorChanged filter =  30399  tp = 9
02-03 17:56:48.559 W/Sclibration(27104): onSensorChanged filter =  26810  tp = 0
02-03 17:56:48.559 W/Sclibration(27104): onSensorChanged count =  2681
02-03 17:56:48.559 W/Sclibration(27104): onSensorChanged curX =  -1.160913  curY =  -1.8438934  curZ =  -9.0723915
02-03 17:56:48.569 W/Sclibration(27104): processUnSolicited begin
02-03 17:56:48.569 W/Sclibration(27104): processUnSolicited curX =  -1.160913  curY =  -1.8438934  curZ =  -9.0723915
02-03 17:56:48.569 W/Sclibration(27104): processUnSolicited x =  89  y =  208
02-03 17:56:48.569 W/Sclibration(27104): processUnSolicited isLeftForX =  true  isDownForY =  false
02-03 17:56:48.569 W/Sclibration(27104): processUnSolicited sum =  7445.0  rr =  8464.0
02-03 17:56:48.569 W/Sclibration(27104): processUnSolicited end x =  89  y =  208
02-03 17:56:48.569 W/Sclibration(27104): ScalibrationView--setBallLocation  m_calibrated =  false
02-03 17:56:48.569 W/Sclibration(27104): ScalibrationView--setBallLocation2  m_calibrated =  false
02-03 17:56:48.569 W/Sclibration(27104): onSensorChanged count =  2681  count%LOOPCOUNT =  11
02-03 17:56:48.669 W/Sclibration(27104): onSensorChanged filter =  88251  tp = 1
02-03 17:56:48.669 W/Sclibration(27104): onSensorChanged filter =  30400  tp = 0
02-03 17:56:48.669 W/Sclibration(27104): onSensorChanged count =  3040
02-03 17:56:48.669 W/Sclibration(27104): onSensorChanged curX =  -1.1221302  curY =  -1.8261827  curZ =  -9.071415
02-03 17:56:48.679 W/Sclibration(27104): processUnSolicited begin
02-03 17:56:48.679 W/Sclibration(27104): processUnSolicited curX =  -1.1221302  curY =  -1.8261827  curZ =  -9.071415
02-03 17:56:48.679 W/Sclibration(27104): processUnSolicited x =  91  y =  208
02-03 17:56:48.679 W/Sclibration(27104): processUnSolicited isLeftForX =  true  isDownForY =  false
02-03 17:56:48.679 W/Sclibration(27104): processUnSolicited sum =  7265.0  rr =  8464.0
02-03 17:56:48.679 W/Sclibration(27104): processUnSolicited end x =  91  y =  208
02-03 17:56:48.679 W/Sclibration(27104): ScalibrationView--setBallLocation  m_calibrated =  false
02-03 17:56:48.679 W/Sclibration(27104): ScalibrationView--setBallLocation2  m_calibrated =  false
02-03 17:56:48.679 W/Sclibration(27104): onSensorChanged count =  3040  count%LOOPCOUNT =  10
02-03 17:56:48.679 W/Sclibration(27104): onSensorChanged filter =  26811  tp = 1
02-03 17:56:48.789 W/Sclibration(27104): onSensorChanged filter =  88252  tp = 2
02-03 17:56:48.789 W/Sclibration(27104): onSensorChanged filter =  30401  tp = 1
02-03 17:56:48.789 W/Sclibration(27104): onSensorChanged filter =  26812  tp = 2
02-03 17:56:48.910 W/Sclibration(27104): onSensorChanged filter =  88253  tp = 3
02-03 17:56:48.910 W/Sclibration(27104): onSensorChanged filter =  30402  tp = 2
02-03 17:56:48.920 W/Sclibration(27104): onSensorChanged filter =  26813  tp = 3
02-03 17:56:49.030 W/Sclibration(27104): onSensorChanged filter =  88254  tp = 4
02-03 17:56:49.030 W/Sclibration(27104): onSensorChanged filter =  30403  tp = 3
02-03 17:56:49.030 W/Sclibration(27104): onSensorChanged filter =  26814  tp = 4
02-03 17:56:49.050 W/Sclibration(27104): onSensorChanged filter =  88255  tp = 5
02-03 17:56:49.050 W/Sclibration(27104): onSensorChanged filter =  30404  tp = 4
02-03 17:56:49.050 W/Sclibration(27104): onSensorChanged filter =  26815  tp = 5
02-03 17:56:49.070 W/Sclibration(27104): onSensorChanged filter =  88256  tp = 6
02-03 17:56:49.070 W/Sclibration(27104): onSensorChanged filter =  30405  tp = 5
02-03 17:56:49.070 W/Sclibration(27104): onSensorChanged filter =  26816  tp = 6
02-03 17:56:49.100 W/Sclibration(27104): onSensorChanged filter =  88257  tp = 7
02-03 17:56:49.100 W/Sclibration(27104): onSensorChanged filter =  30406  tp = 6
02-03 17:56:49.100 W/Sclibration(27104): onSensorChanged filter =  26817  tp = 7
02-03 17:56:49.140 W/Sclibration(27104): onSensorChanged filter =  88258  tp = 8
02-03 17:56:49.140 W/Sclibration(27104): onSensorChanged filter =  30407  tp = 7
02-03 17:56:49.140 W/Sclibration(27104): onSensorChanged filter =  26818  tp = 8
02-03 17:56:49.160 W/Sclibration(27104): onSensorChanged filter =  88259  tp = 9
02-03 17:56:49.160 W/Sclibration(27104): onSensorChanged filter =  30408  tp = 8
02-03 17:56:49.160 W/Sclibration(27104): onSensorChanged filter =  26819  tp = 9
02-03 17:56:49.190 W/Sclibration(27104): onSensorChanged filter =  88260  tp = 0
02-03 17:56:49.230 W/Sclibration(27104): onSensorChanged count =  8826
02-03 17:56:49.230 W/Sclibration(27104): onSensorChanged curX =  -0.88636625  curY =  -1.8436806  curZ =  -8.6869335
02-03 17:56:49.230 W/Sclibration(27104): processUnSolicited begin
02-03 17:56:49.230 W/Sclibration(27104): processUnSolicited curX =  -0.88636625  curY =  -1.8436806  curZ =  -8.6869335
02-03 17:56:49.230 W/Sclibration(27104): processUnSolicited x =  100  y =  208
02-03 17:56:49.230 W/Sclibration(27104): processUnSolicited isLeftForX =  true  isDownForY =  false
02-03 17:56:49.230 W/Sclibration(27104): processUnSolicited sum =  6554.0  rr =  8464.0
02-03 17:56:49.230 W/Sclibration(27104): processUnSolicited end x =  100  y =  208
02-03 17:56:49.230 W/Sclibration(27104): ScalibrationView--setBallLocation  m_calibrated =  false
02-03 17:56:49.230 W/Sclibration(27104): ScalibrationView--setBallLocation2  m_calibrated =  false
02-03 17:56:49.230 W/Sclibration(27104): onSensorChanged count =  8826  count%LOOPCOUNT =  6
02-03 17:56:49.240 W/Sclibration(27104): onSensorChanged filter =  30409  tp = 9
02-03 17:56:49.240 W/Sclibration(27104): onSensorChanged filter =  26820  tp = 0
02-03 17:56:49.240 W/Sclibration(27104): onSensorChanged count =  2682
02-03 17:56:49.240 W/Sclibration(27104): onSensorChanged curX =  -0.88636625  curY =  -1.8436806  curZ =  -8.6869335
02-03 17:56:49.240 W/Sclibration(27104): processUnSolicited begin
02-03 17:56:49.250 W/Sclibration(27104): processUnSolicited curX =  -0.88636625  curY =  -1.8436806  curZ =  -8.6869335
02-03 17:56:49.270 W/Sclibration(27104): processUnSolicited x =  100  y =  208
02-03 17:56:49.270 W/Sclibration(27104): processUnSolicited isLeftForX =  true  isDownForY =  false
02-03 17:56:49.270 W/Sclibration(27104): processUnSolicited sum =  6554.0  rr =  8464.0
02-03 17:56:49.270 W/Sclibration(27104): processUnSolicited end x =  100  y =  208
02-03 17:56:49.270 W/Sclibration(27104): ScalibrationView--setBallLocation  m_calibrated =  false
02-03 17:56:49.270 W/Sclibration(27104): ScalibrationView--setBallLocation2  m_calibrated =  false
02-03 17:56:49.270 W/Sclibration(27104): onSensorChanged count =  2682  count%LOOPCOUNT =  12
02-03 17:56:49.290 D/KeyguardViewMediator(26892): setHidden false
02-03 17:56:49.290 I/hubo    (26892): Activity {com.google.android.gm/com.google.android.gm.HtmlConversationActivity}
02-03 17:56:49.290 W/Sclibration(27104): onSensorChanged filter =  88261  tp = 1
02-03 17:56:49.310 W/Sclibration(27104): onSensorChanged filter =  30410  tp = 0
02-03 17:56:49.320 W/Sclibration(27104): onSensorChanged count =  3041
02-03 17:56:49.320 W/Sclibration(27104): onSensorChanged curX =  -0.87117606  curY =  -1.8100386  curZ =  -8.704738
02-03 17:56:49.320 W/Sclibration(27104): processUnSolicited begin
02-03 17:56:49.320 W/Sclibration(27104): processUnSolicited curX =  -0.87117606  curY =  -1.8100386  curZ =  -8.704738
02-03 17:56:49.320 W/Sclibration(27104): processUnSolicited x =  101  y =  207
02-03 17:56:49.320 W/Sclibration(27104): processUnSolicited isLeftForX =  true  isDownForY =  false
02-03 17:56:49.320 W/Sclibration(27104): processUnSolicited sum =  6340.0  rr =  8464.0
02-03 17:56:49.320 W/Sclibration(27104): processUnSolicited end x =  101  y =  207
02-03 17:56:49.320 W/Sclibration(27104): ScalibrationView--setBallLocation  m_calibrated =  false
02-03 17:56:49.320 W/Sclibration(27104): ScalibrationView--setBallLocation2  m_calibrated =  false
02-03 17:56:49.320 W/Sclibration(27104): onSensorChanged count =  3041  count%LOOPCOUNT =  11
02-03 17:56:49.320 W/Sclibration(27104): onSensorChanged filter =  26821  tp = 1
02-03 17:56:49.330 W/Sclibration(27104): onSensorChanged filter =  88262  tp = 2
02-03 17:56:49.330 W/Sclibration(27104): onSensorChanged filter =  30411  tp = 1
02-03 17:56:49.330 W/Sclibration(27104): onSensorChanged filter =  26822  tp = 2
02-03 17:56:49.340 I/Gmail   (32706): getStartSyncRequest: handledServerOpId: 739459, upperFetchedConvoId: 1392720196796416000, lowerFetchedConvoId: 0, ackedClientOp: 15
02-03 17:56:49.360 W/Sclibration(27104): onSensorChanged filter =  88263  tp = 3
02-03 17:56:49.370 W/Sclibration(27104): onSensorChanged filter =  30412  tp = 2
02-03 17:56:49.370 W/Sclibration(27104): onSensorChanged filter =  26823  tp = 3
02-03 17:56:49.460 W/Sclibration(27104): onSensorChanged filter =  88264  tp = 4
02-03 17:56:49.470 W/Sclibration(27104): onSensorChanged filter =  30413  tp = 3
02-03 17:56:49.470 W/Sclibration(27104): onSensorChanged filter =  26824  tp = 4
02-03 17:56:49.470 D/ADDRESS_CACHE_MONITOR(32706): Address cache monitor created and armed
02-03 17:56:49.520 D/ADDRESS_CACHE_MONITOR(32706): network (mobile) is connected
02-03 17:56:49.520 D/ADDRESS_CACHE_MONITOR(32706): clearing address cache
02-03 17:56:49.530 D/KeyguardViewMediator(26892): setHidden false
02-03 17:56:49.590 D/KeyguardViewMediator(26892): setHidden false
02-03 17:56:49.600 D/KeyguardViewMediator(26892): setHidden false
02-03 17:56:49.620 D/KeyguardViewMediator(26892): setHidden false
02-03 17:56:49.630 D/KeyguardViewMediator(26892): setHidden false
02-03 17:56:49.640 D/KeyguardViewMediator(26892): setHidden false
02-03 17:56:49.650 D/KeyguardViewMediator(26892): setHidden false
02-03 17:56:49.670 D/KeyguardViewMediator(26892): setHidden false
02-03 17:56:49.670 W/Sclibration(27104): onSensorChanged filter =  88265  tp = 5
02-03 17:56:49.680 E/Web Console(32706): Not allowed to load local resource: file:///android_res/raw/styles.css at :0
02-03 17:56:49.680 W/Sclibration(27104): onSensorChanged filter =  30414  tp = 4
02-03 17:56:49.680 W/Sclibration(27104): onSensorChanged filter =  26825  tp = 5
02-03 17:56:49.690 D/KeyguardViewMediator(26892): setHidden false
02-03 17:56:49.700 D/KeyguardViewMediator(26892): setHidden false
02-03 17:56:49.710 W/Sclibration(27104): onSensorChanged filter =  88266  tp = 6
02-03 17:56:49.710 W/Sclibration(27104): onSensorChanged filter =  30415  tp = 5
02-03 17:56:49.710 W/Sclibration(27104): onSensorChanged filter =  26826  tp = 6
02-03 17:56:49.720 D/KeyguardViewMediator(26892): setHidden false
02-03 17:56:49.740 D/KeyguardViewMediator(26892): setHidden false
02-03 17:56:49.760 D/KeyguardViewMediator(26892): setHidden false
02-03 17:56:49.760 I/ActivityManager(26892): Displayed com.google.android.gm/.HtmlConversationActivity: +477ms
02-03 17:56:49.770 D/KeyguardViewMediator(26892): setHidden false
02-03 17:56:49.830 W/Sclibration(27104): onSensorChanged filter =  88267  tp = 7
02-03 17:56:49.830 W/Sclibration(27104): onSensorChanged filter =  30416  tp = 6
02-03 17:56:49.830 W/Sclibration(27104): onSensorChanged filter =  26827  tp = 7
02-03 17:56:49.951 W/Sclibration(27104): onSensorChanged filter =  88268  tp = 8
02-03 17:56:49.951 W/Sclibration(27104): onSensorChanged filter =  30417  tp = 7
02-03 17:56:49.951 W/Sclibration(27104): onSensorChanged filter =  26828  tp = 8
02-03 17:56:50.111 W/Sclibration(27104): onSensorChanged filter =  88269  tp = 9
02-03 17:56:50.111 W/Sclibration(27104): onSensorChanged filter =  30418  tp = 8
02-03 17:56:50.111 W/Sclibration(27104): onSensorChanged filter =  26829  tp = 9
02-03 17:56:50.201 W/Sclibration(27104): onSensorChanged filter =  88270  tp = 0
02-03 17:56:50.201 W/Sclibration(27104): onSensorChanged count =  8827
02-03 17:56:50.201 W/Sclibration(27104): onSensorChanged curX =  -0.8797701  curY =  -1.5958114  curZ =  -9.104125
02-03 17:56:50.201 W/Sclibration(27104): processUnSolicited begin
02-03 17:56:50.201 W/Sclibration(27104): processUnSolicited curX =  -0.8797701  curY =  -1.5958114  curZ =  -9.104125
02-03 17:56:50.201 W/Sclibration(27104): processUnSolicited x =  100  y =  198
02-03 17:56:50.201 W/Sclibration(27104): processUnSolicited isLeftForX =  true  isDownForY =  false
02-03 17:56:50.201 W/Sclibration(27104): processUnSolicited sum =  5194.0  rr =  8464.0
02-03 17:56:50.201 W/Sclibration(27104): processUnSolicited end x =  100  y =  198
02-03 17:56:50.201 W/Sclibration(27104): ScalibrationView--setBallLocation  m_calibrated =  false
02-03 17:56:50.201 W/Sclibration(27104): ScalibrationView--setBallLocation2  m_calibrated =  false
02-03 17:56:50.201 W/Sclibration(27104): onSensorChanged count =  8827  count%LOOPCOUNT =  7
02-03 17:56:50.201 W/Sclibration(27104): onSensorChanged filter =  30419  tp = 9
02-03 17:56:50.201 W/Sclibration(27104): onSensorChanged filter =  26830  tp = 0
