02-03 18:03:24.389 D/Bitmap  (26892):       android.graphics.drawable.StateListDrawable.inflate(StateListDrawable.java:162)
02-03 18:03:24.389 D/Bitmap  (26892):       android.graphics.drawable.Drawable.createFromXmlInner(Drawable.java:787)
02-03 18:03:24.389 D/Bitmap  (26892):       android.graphics.drawable.Drawable.createFromXml(Drawable.java:728)
02-03 18:03:24.389 D/Bitmap  (26892):       android.content.res.Resources.loadDrawable(Resources.java:1694)
02-03 18:03:24.389 D/Bitmap  (26892):       android.content.res.Resources.getDrawable(Resources.java:581)
02-03 18:03:24.389 D/Bitmap  (26892):       android.view.View.setBackgroundResource(View.java:7533)
02-03 18:03:24.389 D/Bitmap  (26892):       com.android.internal.widget.SlidingTab$Slider.<init>(SlidingTab.java:192)
02-03 18:03:24.389 D/Bitmap  (26892):       com.android.internal.widget.SlidingTab.<init>(SlidingTab.java:458)
02-03 18:03:24.389 D/Bitmap  (26892):       java.lang.reflect.Constructor.constructNative(Native Method)
02-03 18:03:24.389 D/Bitmap  (26892):       java.lang.reflect.Constructor.newInstance(Constructor.java:415)
02-03 18:03:24.389 D/Bitmap  (26892):       android.view.LayoutInflater.createView(LayoutInflater.java:505)
02-03 18:03:24.389 D/Bitmap  (26892):       android.view.LayoutInflater.createViewFromTag(LayoutInflater.java:570)
02-03 18:03:24.389 D/Bitmap  (26892):       android.view.LayoutInflater.rInflate(LayoutInflater.java:623)
02-03 18:03:24.389 D/Bitmap  (26892):       android.view.LayoutInflater.inflate(LayoutInflater.java:408)
02-03 18:03:24.389 D/Bitmap  (26892):       android.view.LayoutInflater.inflate(LayoutInflater.java:320)
02-03 18:03:24.389 D/Bitmap  (26892):       com.android.internal.policy.impl.LockScreen.<init>(LockScreen.java:328)
02-03 18:03:24.389 D/Bitmap  (26892):       com.android.internal.policy.impl.LockPatternKeyguardView.createLockScreen(LockPatternKeyguardView.java:821)
02-03 18:03:24.389 D/Bitmap  (26892):       com.android.internal.policy.impl.LockPatternKeyguardView.<init>(LockPatternKeyguardView.java:429)
02-03 18:03:24.389 D/Bitmap  (26892):       com.android.internal.policy.impl.LockPatternKeyguardViewProperties.createKeyguardView(LockPatternKeyguardViewProperties.java:49)
02-03 18:03:24.389 D/Bitmap  (26892):       com.android.internal.policy.impl.KeyguardViewManager.show(KeyguardViewManager.java:125)
02-03 18:03:24.389 D/Bitmap  (26892):       com.android.internal.policy.impl.KeyguardViewMediator.handleShow(KeyguardViewMediator.java:1064)
02-03 18:03:24.389 D/Bitmap  (26892):       com.android.internal.policy.impl.KeyguardViewMediator.access$700(KeyguardViewMediator.java:103)
02-03 18:03:24.389 D/Bitmap  (26892):       com.android.internal.policy.impl.KeyguardViewMediator$2.handleMessage(KeyguardViewMediator.java:931)
02-03 18:03:24.389 D/Bitmap  (26892):       android.os.Handler.dispatchMessage(Handler.java:99)
02-03 18:03:24.389 D/Bitmap  (26892):       android.os.Looper.loop(Looper.java:130)
02-03 18:03:24.389 D/Bitmap  (26892):       com.android.server.WindowManagerService$PolicyThread.run(WindowManagerService.java:613)
02-03 18:03:24.389 D/Bitmap  (26892): _
02-03 18:03:55.429 I/dun_service(  129): The value returned from dun_getusbmodemstate_fromsys is 2 
02-03 18:03:55.429 D/KeyguardUpdateMonitor(26892): received broadcast android.intent.action.BATTERY_CHANGED
02-03 18:03:55.429 D/KeyguardUpdateMonitor(26892): handleBatteryUpdate
02-03 18:04:16.429 D/PowerManagerService(26892): acquireWakeLock flags=0x1 tag=AlarmManager
02-03 18:04:16.429 D/KeyguardUpdateMonitor(26892): received broadcast android.intent.action.TIME_TICK
02-03 18:04:16.429 D/KeyguardUpdateMonitor(26892): handleTimeUpdate
02-03 18:04:16.459 D/PowerManagerService(26892): releaseWakeLock flags=0x1 tag=AlarmManager
02-03 18:04:16.459 D/PowerManagerService(26892):  ALL PARTIAL wakeLock Released ! 
02-03 18:04:18.433 E/rmt_storage(  149): [MyTag]open: fd=-1
02-03 18:04:18.433 E/rmt_storage(  149): block rmt_storage client thread
02-03 18:04:20.439 D/PowerManagerService(26892): acquireWakeLock flags=0x1 tag=GTALK_CONN
02-03 18:04:20.449 D/AlarmManager(26892): +++Alarm set:type=2 com.google.android.gsf  Trigger after:1680000ms
02-03 18:04:20.559 D/PowerManagerService(26892): releaseWakeLock flags=0x1 tag=GTALK_CONN
02-03 18:04:20.559 D/PowerManagerService(26892):  ALL PARTIAL wakeLock Released ! 
02-03 18:04:20.569 D/PowerManagerService(26892): acquireWakeLock flags=0x1 tag=GTALK_CONN
02-03 18:04:20.579 D/PowerManagerService(26892): acquireWakeLock flags=0x1 tag=GOOGLE_C2DM
02-03 18:04:20.599 D/PowerManagerService(26892): releaseWakeLock flags=0x1 tag=GTALK_CONN
02-03 18:04:20.599 D/GoogleVoice(27507): A notification tickle arrived.
02-03 18:04:23.271 E/lights  (26892):   g_haveAmberLed=0
02-03 18:04:23.271 E/lights  (26892):   red=0
02-03 18:04:23.271 E/lights  (26892):   green=255
02-03 18:04:23.271 E/lights  (26892):   blink=1
02-03 18:04:23.271 D/KeyguardViewMediator(26892): setHidden false
02-03 18:04:23.281 D/PowerManagerService(26892): acquireWakeLock flags=0x1 tag=NotificationService
02-03 18:04:23.281 D/KeyguardViewMediator(26892): setHidden false
02-03 18:04:23.291 D/PowerManagerService(26892): acquireWakeLock flags=0x1 tag=*vibrator*
02-03 18:04:23.321 E/wlg     (26892): MediaPlayer.IsSdpFile  path = 
02-03 18:04:23.321 E/wlg     (26892): MediaPlayer.IsSdpFile  path = 
02-03 18:04:23.321 D/MediaPlayer(26892): DRM scheme =null
02-03 18:04:23.321 D/MediaPlayer(26892): DRM uri.toString() =
02-03 18:04:23.321 D/MediaPlayer(26892): setDataSource()
02-03 18:04:23.321 D/MediaPlayerService(26882): Create new client(53) from pid 26892, url=, connId=53, audioSessionId=67
02-03 18:04:23.321 E/MediaPlayerService(26882): setDataSource()
02-03 18:04:23.321 E/MediaPlayer(26892): Unable to to create media player
02-03 18:04:23.321 W/NotificationService(26892): error loading sound for 
02-03 18:04:23.321 W/NotificationService(26892): java.io.IOException: setDataSource failed.: status=0x80000000
02-03 18:04:23.321 W/NotificationService(26892): 	at android.media.MediaPlayer.setDataSource(Native Method)
02-03 18:04:23.321 W/NotificationService(26892): 	at android.media.MediaPlayer.setDataSource(MediaPlayer.java:822)
02-03 18:04:23.321 W/NotificationService(26892): 	at android.media.MediaPlayer.setDataSource(MediaPlayer.java:729)
02-03 18:04:23.321 W/NotificationService(26892): 	at com.android.server.NotificationPlayer$CreationAndCompletionThread.run(NotificationPlayer.java:88)
02-03 18:04:23.321 D/PowerManagerService(26892): releaseWakeLock flags=0x1 tag=NotificationService
02-03 18:04:23.351 D/KeyguardViewMediator(26892): setHidden false
02-03 18:04:23.351 D/KeyguardViewMediator(26892): setHidden false
02-03 18:04:24.042 D/PowerManagerService(26892): releaseWakeLock flags=0x1 tag=*vibrator*
02-03 18:04:26.003 D/PowerManagerService(26892): acquireWakeLock flags=0x1 tag=com.google.android.apps.googlevoice.UpdateService
02-03 18:04:26.013 D/PowerManagerService(26892): releaseWakeLock flags=0x1 tag=GOOGLE_C2DM
02-03 18:04:26.024 I/ContactsProvider(27015): query: content://com.android.contacts/phone_lookup/+19137446943
02-03 18:04:26.024 E/ContactsProvider(27015): 101123 isCallerRegisterNeedSIMProc callerPid:27507, acorePid:27015
02-03 18:04:26.024 I/ContactsProvider(27015): query isCallerRegistered= false
02-03 18:04:26.024 I/ContactsProvider(27015): query forOnlyOneContactString= 0
02-03 18:04:26.034 I/ContactsProvider(27015): query: content://com.android.contacts/phone_lookup/+19137446943
02-03 18:04:26.034 E/ContactsProvider(27015): 101123 isCallerRegisterNeedSIMProc callerPid:27507, acorePid:27015
02-03 18:04:26.034 I/ContactsProvider(27015): query isCallerRegistered= false
02-03 18:04:26.034 I/ContactsProvider(27015): query forOnlyOneContactString= 0
02-03 18:04:26.054 I/ContactsProvider(27015): query: content://com.android.contacts/phone_lookup/+19137446943
02-03 18:04:26.054 E/ContactsProvider(27015): 101123 isCallerRegisterNeedSIMProc callerPid:27507, acorePid:27015
02-03 18:04:26.054 I/ContactsProvider(27015): query isCallerRegistered= false
02-03 18:04:26.054 I/ContactsProvider(27015): query forOnlyOneContactString= 0
02-03 18:04:26.074 D/PowerManagerService(26892): releaseWakeLock flags=0x1 tag=com.google.android.apps.googlevoice.UpdateService
02-03 18:04:26.074 D/PowerManagerService(26892):  ALL PARTIAL wakeLock Released ! 
02-03 18:04:35.429 I/dun_service(  129): The value returned from dun_getusbmodemstate_fromsys is 2 
02-03 18:04:35.429 D/KeyguardUpdateMonitor(26892): received broadcast android.intent.action.BATTERY_CHANGED
02-03 18:04:35.429 D/KeyguardUpdateMonitor(26892): handleBatteryUpdate
02-03 18:05:06.429 D/PowerManagerService(26892): acquireWakeLock flags=0x1 tag=AlarmManager
02-03 18:05:06.429 D/KeyguardUpdateMonitor(26892): received broadcast android.intent.action.TIME_TICK
02-03 18:05:06.429 D/KeyguardUpdateMonitor(26892): handleTimeUpdate
02-03 18:05:06.459 D/PowerManagerService(26892): releaseWakeLock flags=0x1 tag=AlarmManager
02-03 18:05:06.459 D/PowerManagerService(26892):  ALL PARTIAL wakeLock Released ! 
02-03 18:05:26.429 I/dun_service(  129): The value returned from dun_getusbmodemstate_fromsys is 2 
02-03 18:05:26.429 D/KeyguardUpdateMonitor(26892): received broadcast android.intent.action.BATTERY_CHANGED
02-03 18:05:26.429 D/KeyguardUpdateMonitor(26892): handleBatteryUpdate
02-03 18:05:36.429 I/dun_service(  129): The value returned from dun_getusbmodemstate_fromsys is 2 
02-03 18:05:36.429 D/KeyguardUpdateMonitor(26892): received broadcast android.intent.action.BATTERY_CHANGED
02-03 18:05:36.429 D/KeyguardUpdateMonitor(26892): handleBatteryUpdate
02-03 18:05:40.429 D/PowerManagerService(26892): acquireWakeLock flags=0x1 tag=GTALK_CONN
02-03 18:05:40.429 D/AlarmManager(26892): +++Alarm set:type=2 com.google.android.gsf  Trigger after:1680000ms
02-03 18:05:40.479 D/PowerManagerService(26892): releaseWakeLock flags=0x1 tag=GTALK_CONN
02-03 18:05:40.479 D/PowerManagerService(26892):  ALL PARTIAL wakeLock Released ! 
02-03 18:05:40.479 D/PowerManagerService(26892): acquireWakeLock flags=0x1 tag=GTALK_CONN
02-03 18:05:40.479 D/PowerManagerService(26892): acquireWakeLock flags=0x1 tag=GOOGLE_C2DM
02-03 18:05:40.529 D/PowerManagerService(26892): releaseWakeLock flags=0x1 tag=GTALK_CONN
02-03 18:05:41.219 D/GoogleVoice(27507): A notification tickle arrived.
02-03 18:05:41.219 D/PowerManagerService(26892): acquireWakeLock flags=0x1 tag=com.google.android.apps.googlevoice.UpdateService
02-03 18:05:41.229 D/PowerManagerService(26892): releaseWakeLock flags=0x1 tag=GOOGLE_C2DM
02-03 18:05:41.229 D/PowerManagerService(26892): releaseWakeLock flags=0x1 tag=com.google.android.apps.googlevoice.UpdateService
02-03 18:05:41.229 D/PowerManagerService(26892):  ALL PARTIAL wakeLock Released ! 
02-03 18:05:58.570 E/rmt_storage(  149): [MyTag]open: fd=-1
02-03 18:05:58.570 E/rmt_storage(  149): block rmt_storage client thread
02-03 18:06:06.429 I/dun_service(  129): The value returned from dun_getusbmodemstate_fromsys is 2 
02-03 18:06:06.429 D/PowerManagerService(26892): acquireWakeLock flags=0x1 tag=AlarmManager
02-03 18:06:06.429 D/KeyguardUpdateMonitor(26892): received broadcast android.intent.action.TIME_TICK
02-03 18:06:06.429 D/KeyguardUpdateMonitor(26892): handleTimeUpdate
02-03 18:06:06.449 D/KeyguardUpdateMonitor(26892): received broadcast android.intent.action.BATTERY_CHANGED
02-03 18:06:06.449 D/KeyguardUpdateMonitor(26892): handleBatteryUpdate
02-03 18:06:06.469 D/PowerManagerService(26892): releaseWakeLock flags=0x1 tag=AlarmManager
02-03 18:06:06.469 D/PowerManagerService(26892):  ALL PARTIAL wakeLock Released ! 
02-03 18:06:14.429 D/PowerManagerService(26892): acquireWakeLock flags=0x1 tag=GTALK_CONN
02-03 18:06:14.429 D/AlarmManager(26892): +++Alarm set:type=2 com.google.android.gsf  Trigger after:1680000ms
02-03 18:06:14.469 D/PowerManagerService(26892): releaseWakeLock flags=0x1 tag=GTALK_CONN
02-03 18:06:14.469 D/PowerManagerService(26892):  ALL PARTIAL wakeLock Released ! 
02-03 18:06:14.469 D/PowerManagerService(26892): acquireWakeLock flags=0x1 tag=GTALK_CONN
02-03 18:06:14.469 D/PowerManagerService(26892): acquireWakeLock flags=0x1 tag=GOOGLE_C2DM
02-03 18:06:14.489 D/GoogleVoice(27507): A notification tickle arrived.
02-03 18:06:14.509 D/PowerManagerService(26892): releaseWakeLock flags=0x1 tag=GTALK_CONN
02-03 18:06:17.161 D/PowerManagerService(26892): acquireWakeLock flags=0x1 tag=NotificationService
02-03 18:06:17.171 D/KeyguardViewMediator(26892): setHidden false
02-03 18:06:17.181 D/PowerManagerService(26892): acquireWakeLock flags=0x1 tag=*vibrator*
02-03 18:06:17.181 W/System.err(26892): java.lang.Exception: ldr print trace
02-03 18:06:17.181 W/System.err(26892): 	at android.media.MediaPlayer.stop(MediaPlayer.java:986)
02-03 18:06:17.181 W/System.err(26892): 	at com.android.server.NotificationPlayer$CmdThread.run(NotificationPlayer.java:179)
02-03 18:06:17.181 D/MediaPlayer(26892): stop state 128
02-03 18:06:17.181 D/AudioTrack(26882): stop 0x28810
02-03 18:06:17.181 D/AudioFlinger(26882): remove track (4098) and delete from mixer
02-03 18:06:17.181 I/AudioService(26892):  AudioFocus  abandonAudioFocus() from android.media.AudioManager@40790298
02-03 18:06:17.191 D/KeyguardViewMediator(26892): setHidden false
02-03 18:06:17.201 E/wlg     (26892): MediaPlayer.IsSdpFile  path = 
02-03 18:06:17.201 E/wlg     (26892): MediaPlayer.IsSdpFile  path = 
02-03 18:06:17.201 D/MediaPlayer(26892): DRM scheme =null
02-03 18:06:17.201 D/MediaPlayer(26892): DRM uri.toString() =
02-03 18:06:17.201 D/MediaPlayer(26892): setDataSource()
02-03 18:06:17.201 D/MediaPlayerService(26882): Create new client(54) from pid 26892, url=, connId=54, audioSessionId=68
02-03 18:06:17.201 E/MediaPlayerService(26882): setDataSource()
02-03 18:06:17.201 E/MediaPlayer(26892): Unable to to create media player
02-03 18:06:17.221 W/NotificationService(26892): error loading sound for 
02-03 18:06:17.221 W/NotificationService(26892): java.io.IOException: setDataSource failed.: status=0x80000000
02-03 18:06:17.221 W/NotificationService(26892): 	at android.media.MediaPlayer.setDataSource(Native Method)
02-03 18:06:17.221 W/NotificationService(26892): 	at android.media.MediaPlayer.setDataSource(MediaPlayer.java:822)
02-03 18:06:17.221 W/NotificationService(26892): 	at android.media.MediaPlayer.setDataSource(MediaPlayer.java:729)
02-03 18:06:17.221 W/NotificationService(26892): 	at com.android.server.NotificationPlayer$CreationAndCompletionThread.run(NotificationPlayer.java:88)
02-03 18:06:17.221 D/PowerManagerService(26892): releaseWakeLock flags=0x1 tag=NotificationService
02-03 18:06:17.251 D/KeyguardViewMediator(26892): setHidden false
02-03 18:06:17.261 D/KeyguardViewMediator(26892): setHidden false
02-03 18:06:17.951 D/PowerManagerService(26892): releaseWakeLock flags=0x1 tag=*vibrator*
02-03 18:06:19.323 D/PowerManagerService(26892): acquireWakeLock flags=0x1 tag=com.google.android.apps.googlevoice.UpdateService
02-03 18:06:19.333 D/PowerManagerService(26892): releaseWakeLock flags=0x1 tag=GOOGLE_C2DM
02-03 18:06:19.343 I/ContactsProvider(27015): query: content://com.android.contacts/phone_lookup/+19137446943
02-03 18:06:19.343 E/ContactsProvider(27015): 101123 isCallerRegisterNeedSIMProc callerPid:27507, acorePid:27015
02-03 18:06:19.343 I/ContactsProvider(27015): query isCallerRegistered= false
02-03 18:06:19.343 I/ContactsProvider(27015): query forOnlyOneContactString= 0
02-03 18:06:19.353 I/ContactsProvider(27015): query: content://com.android.contacts/phone_lookup/+19137446943
02-03 18:06:19.353 E/ContactsProvider(27015): 101123 isCallerRegisterNeedSIMProc callerPid:27507, acorePid:27015
02-03 18:06:19.363 I/ContactsProvider(27015): query isCallerRegistered= false
02-03 18:06:19.363 I/ContactsProvider(27015): query forOnlyOneContactString= 0
02-03 18:06:19.383 I/ContactsProvider(27015): query: content://com.android.contacts/phone_lookup/+19137446943
02-03 18:06:19.383 E/ContactsProvider(27015): 101123 isCallerRegisterNeedSIMProc callerPid:27507, acorePid:27015
02-03 18:06:19.383 I/ContactsProvider(27015): query isCallerRegistered= false
02-03 18:06:19.383 I/ContactsProvider(27015): query forOnlyOneContactString= 0
02-03 18:06:19.383 D/PowerManagerService(26892): releaseWakeLock flags=0x1 tag=com.google.android.apps.googlevoice.UpdateService
02-03 18:06:19.383 D/PowerManagerService(26892):  ALL PARTIAL wakeLock Released ! 
02-03 18:06:24.619 D/PowerManagerService(26892): acquireWakeLock flags=0x1 tag=GTALK_CONN
02-03 18:06:24.629 D/AlarmManager(26892): +++Alarm set:type=2 com.google.android.gsf  Trigger after:1679999ms
02-03 18:06:24.769 D/PowerManagerService(26892): releaseWakeLock flags=0x1 tag=GTALK_CONN
02-03 18:06:24.769 D/PowerManagerService(26892):  ALL PARTIAL wakeLock Released ! 
02-03 18:06:24.769 D/PowerManagerService(26892): acquireWakeLock flags=0x1 tag=GTALK_CONN
02-03 18:06:24.779 D/PowerManagerService(26892): acquireWakeLock flags=0x1 tag=GOOGLE_C2DM
02-03 18:06:24.799 D/PowerManagerService(26892): releaseWakeLock flags=0x1 tag=GTALK_CONN
02-03 18:06:25.139 D/GoogleVoice(27507): A notification tickle arrived.
02-03 18:06:25.139 D/PowerManagerService(26892): acquireWakeLock flags=0x1 tag=com.google.android.apps.googlevoice.UpdateService
02-03 18:06:25.159 D/PowerManagerService(26892): releaseWakeLock flags=0x1 tag=GOOGLE_C2DM
02-03 18:06:25.920 D/PowerManagerService(26892): releaseWakeLock flags=0x1 tag=com.google.android.apps.googlevoice.UpdateService
02-03 18:06:25.920 D/PowerManagerService(26892):  ALL PARTIAL wakeLock Released ! 
02-03 18:06:48.599 I/dun_service(  129): The value returned from dun_getusbmodemstate_fromsys is 2 
02-03 18:06:48.629 D/KeyguardUpdateMonitor(26892): received broadcast android.intent.action.BATTERY_CHANGED
02-03 18:06:48.629 D/KeyguardUpdateMonitor(26892): handleBatteryUpdate
02-03 18:07:08.429 D/PowerManagerService(26892): acquireWakeLock flags=0x1 tag=AlarmManager
02-03 18:07:08.429 D/KeyguardUpdateMonitor(26892): received broadcast android.intent.action.TIME_TICK
02-03 18:07:08.429 D/KeyguardUpdateMonitor(26892): handleTimeUpdate
02-03 18:07:08.449 D/PowerManagerService(26892): releaseWakeLock flags=0x1 tag=AlarmManager
02-03 18:07:08.449 D/PowerManagerService(26892):  ALL PARTIAL wakeLock Released ! 
02-03 18:07:43.851 E/rmt_storage(  149): [MyTag]open: fd=-1
02-03 18:07:43.851 E/rmt_storage(  149): block rmt_storage client thread
02-03 18:08:00.179 D/PowerManagerService(26892): acquireWakeLock flags=0x1 tag=AlarmManager
02-03 18:08:00.189 D/KeyguardUpdateMonitor(26892): received broadcast android.intent.action.TIME_TICK
02-03 18:08:00.189 D/KeyguardUpdateMonitor(26892): handleTimeUpdate
02-03 18:08:00.209 D/PowerManagerService(26892): releaseWakeLock flags=0x1 tag=AlarmManager
02-03 18:08:00.209 D/PowerManagerService(26892):  ALL PARTIAL wakeLock Released ! 
02-03 18:08:07.429 D/PowerManagerService(26892): acquireWakeLock flags=0x1 tag=GTALK_CONN
02-03 18:08:07.429 D/AlarmManager(26892): +++Alarm set:type=2 com.google.android.gsf  Trigger after:1680000ms
02-03 18:08:07.469 D/PowerManagerService(26892): releaseWakeLock flags=0x1 tag=GTALK_CONN
02-03 18:08:07.469 D/PowerManagerService(26892):  ALL PARTIAL wakeLock Released ! 
02-03 18:08:07.469 D/PowerManagerService(26892): acquireWakeLock flags=0x1 tag=GTALK_CONN
02-03 18:08:07.469 D/PowerManagerService(26892): acquireWakeLock flags=0x1 tag=GOOGLE_C2DM
02-03 18:08:07.489 D/GoogleVoice(27507): A notification tickle arrived.
02-03 18:08:07.509 D/PowerManagerService(26892): releaseWakeLock flags=0x1 tag=GTALK_CONN
02-03 18:08:08.199 D/PowerManagerService(26892): acquireWakeLock flags=0x1 tag=com.google.android.apps.googlevoice.UpdateService
02-03 18:08:08.199 D/PowerManagerService(26892): releaseWakeLock flags=0x1 tag=GOOGLE_C2DM
02-03 18:08:08.209 D/PowerManagerService(26892): releaseWakeLock flags=0x1 tag=com.google.android.apps.googlevoice.UpdateService
02-03 18:08:08.209 D/PowerManagerService(26892):  ALL PARTIAL wakeLock Released ! 
02-03 18:09:01.429 D/PowerManagerService(26892): acquireWakeLock flags=0x1 tag=AlarmManager
02-03 18:09:01.429 D/KeyguardUpdateMonitor(26892): received broadcast android.intent.action.TIME_TICK
02-03 18:09:01.429 D/KeyguardUpdateMonitor(26892): handleTimeUpdate
02-03 18:09:01.459 D/PowerManagerService(26892): releaseWakeLock flags=0x1 tag=AlarmManager
02-03 18:09:01.459 D/PowerManagerService(26892):  ALL PARTIAL wakeLock Released ! 
02-03 18:09:18.509 D/PowerManagerService(26892): acquireWakeLock flags=0x1 tag=GTALK_CONN
02-03 18:09:18.509 D/AlarmManager(26892): +++Alarm set:type=2 com.google.android.gsf  Trigger after:1680000ms
02-03 18:09:18.619 D/PowerManagerService(26892): releaseWakeLock flags=0x1 tag=GTALK_CONN
02-03 18:09:18.619 D/PowerManagerService(26892):  ALL PARTIAL wakeLock Released ! 
02-03 18:09:18.619 D/PowerManagerService(26892): acquireWakeLock flags=0x1 tag=GTALK_CONN
02-03 18:09:18.629 D/PowerManagerService(26892): acquireWakeLock flags=0x1 tag=GOOGLE_C2DM
02-03 18:09:18.679 D/PowerManagerService(26892): releaseWakeLock flags=0x1 tag=GTALK_CONN
02-03 18:09:19.119 D/PowerManagerService(26892): acquireWakeLock flags=0x1 tag=GTALK_CONN
02-03 18:09:19.119 D/AlarmManager(26892): +++Alarm set:type=2 com.google.android.gsf  Trigger after:1680000ms
02-03 18:09:19.249 D/PowerManagerService(26892): releaseWakeLock flags=0x1 tag=GTALK_CONN
02-03 18:09:19.259 D/PowerManagerService(26892): acquireWakeLock flags=0x1 tag=GTALK_CONN
02-03 18:09:19.259 D/PowerManagerService(26892): releaseWakeLock flags=0x1 tag=GTALK_CONN
02-03 18:09:19.279 D/GoogleVoice(27507): A notification tickle arrived.
02-03 18:09:21.361 E/rmt_storage(  149): [MyTag]open: fd=-1
02-03 18:09:21.361 E/rmt_storage(  149): block rmt_storage client thread
02-03 18:09:22.382 D/PowerManagerService(26892): acquireWakeLock flags=0x1 tag=NotificationService
02-03 18:09:22.392 D/KeyguardViewMediator(26892): setHidden false
02-03 18:09:22.392 W/NotificationService(26892): STOP command without a player
02-03 18:09:22.392 D/PowerManagerService(26892): releaseWakeLock flags=0x1 tag=NotificationService
02-03 18:09:22.392 D/KeyguardViewMediator(26892): setHidden false
02-03 18:09:22.402 D/PowerManagerService(26892): acquireWakeLock flags=0x1 tag=NotificationService
02-03 18:09:22.402 D/PowerManagerService(26892): acquireWakeLock flags=0x1 tag=*vibrator*
02-03 18:09:22.422 E/wlg     (26892): MediaPlayer.IsSdpFile  path = 
02-03 18:09:22.422 E/wlg     (26892): MediaPlayer.IsSdpFile  path = 
02-03 18:09:22.422 D/MediaPlayer(26892): DRM scheme =null
02-03 18:09:22.422 D/MediaPlayer(26892): DRM uri.toString() =
02-03 18:09:22.422 D/MediaPlayer(26892): setDataSource()
02-03 18:09:22.422 D/MediaPlayerService(26882): Create new client(55) from pid 26892, url=, connId=55, audioSessionId=69
02-03 18:09:22.422 E/MediaPlayerService(26882): setDataSource()
02-03 18:09:22.422 E/MediaPlayer(26892): Unable to to create media player
02-03 18:09:22.432 W/NotificationService(26892): error loading sound for 
02-03 18:09:22.432 W/NotificationService(26892): java.io.IOException: setDataSource failed.: status=0x80000000
02-03 18:09:22.432 W/NotificationService(26892): 	at android.media.MediaPlayer.setDataSource(Native Method)
02-03 18:09:22.432 W/NotificationService(26892): 	at android.media.MediaPlayer.setDataSource(MediaPlayer.java:822)
02-03 18:09:22.432 W/NotificationService(26892): 	at android.media.MediaPlayer.setDataSource(MediaPlayer.java:729)
02-03 18:09:22.432 W/NotificationService(26892): 	at com.android.server.NotificationPlayer$CreationAndCompletionThread.run(NotificationPlayer.java:88)
02-03 18:09:22.432 D/PowerManagerService(26892): releaseWakeLock flags=0x1 tag=NotificationService
02-03 18:09:22.492 D/KeyguardViewMediator(26892): setHidden false
02-03 18:09:22.492 D/KeyguardViewMediator(26892): setHidden false
02-03 18:09:23.173 D/PowerManagerService(26892): releaseWakeLock flags=0x1 tag=*vibrator*
02-03 18:09:24.494 D/PowerManagerService(26892): acquireWakeLock flags=0x1 tag=com.google.android.apps.googlevoice.UpdateService
02-03 18:09:24.524 I/ContactsProvider(27015): query: content://com.android.contacts/phone_lookup/+19137446943
02-03 18:09:24.524 E/ContactsProvider(27015): 101123 isCallerRegisterNeedSIMProc callerPid:27507, acorePid:27015
02-03 18:09:24.524 I/ContactsProvider(27015): query isCallerRegistered= false
02-03 18:09:24.524 I/ContactsProvider(27015): query forOnlyOneContactString= 0
02-03 18:09:24.534 I/ContactsProvider(27015): query: content://com.android.contacts/phone_lookup/+19137446943
02-03 18:09:24.534 E/ContactsProvider(27015): 101123 isCallerRegisterNeedSIMProc callerPid:27507, acorePid:27015
02-03 18:09:24.534 I/ContactsProvider(27015): query isCallerRegistered= false
02-03 18:09:24.534 I/ContactsProvider(27015): query forOnlyOneContactString= 0
02-03 18:09:24.544 I/ContactsProvider(27015): query: content://com.android.contacts/phone_lookup/+19137446943
02-03 18:09:24.544 E/ContactsProvider(27015): 101123 isCallerRegisterNeedSIMProc callerPid:27507, acorePid:27015
02-03 18:09:24.554 I/ContactsProvider(27015): query isCallerRegistered= false
02-03 18:09:24.554 I/ContactsProvider(27015): query forOnlyOneContactString= 0
02-03 18:09:25.165 D/PowerManagerService(26892): releaseWakeLock flags=0x1 tag=com.google.android.apps.googlevoice.UpdateService
02-03 18:09:25.175 D/GoogleVoice(27507): A notification tickle arrived.
02-03 18:09:25.955 D/PowerManagerService(26892): acquireWakeLock flags=0x1 tag=com.google.android.apps.googlevoice.UpdateService
02-03 18:09:25.955 D/PowerManagerService(26892): releaseWakeLock flags=0x1 tag=GOOGLE_C2DM
02-03 18:09:26.055 D/PowerManagerService(26892): releaseWakeLock flags=0x1 tag=com.google.android.apps.googlevoice.UpdateService
02-03 18:09:26.055 D/PowerManagerService(26892):  ALL PARTIAL wakeLock Released ! 
02-03 18:10:05.429 D/PowerManagerService(26892): acquireWakeLock flags=0x1 tag=AlarmManager
02-03 18:10:05.429 D/KeyguardUpdateMonitor(26892): received broadcast android.intent.action.TIME_TICK
02-03 18:10:05.429 D/KeyguardUpdateMonitor(26892): handleTimeUpdate
02-03 18:10:05.499 D/PowerManagerService(26892): releaseWakeLock flags=0x1 tag=AlarmManager
02-03 18:10:05.499 D/PowerManagerService(26892):  ALL PARTIAL wakeLock Released ! 
02-03 18:10:56.429 I/dun_service(  129): The value returned from dun_getusbmodemstate_fromsys is 2 
02-03 18:10:56.429 D/KeyguardUpdateMonitor(26892): received broadcast android.intent.action.BATTERY_CHANGED
02-03 18:10:56.429 D/KeyguardUpdateMonitor(26892): handleBatteryUpdate
02-03 18:11:06.429 D/PowerManagerService(26892): acquireWakeLock flags=0x1 tag=AlarmManager
02-03 18:11:06.429 D/KeyguardUpdateMonitor(26892): received broadcast android.intent.action.TIME_TICK
02-03 18:11:06.429 D/KeyguardUpdateMonitor(26892): handleTimeUpdate
02-03 18:11:06.449 D/PowerManagerService(26892): releaseWakeLock flags=0x1 tag=AlarmManager
02-03 18:11:06.449 D/PowerManagerService(26892):  ALL PARTIAL wakeLock Released ! 
02-03 18:11:28.491 E/rmt_storage(  149): [MyTag]open: fd=-1
02-03 18:11:28.491 E/rmt_storage(  149): block rmt_storage client thread
02-03 18:11:36.429 I/dun_service(  129): The value returned from dun_getusbmodemstate_fromsys is 2 
02-03 18:11:36.429 D/KeyguardUpdateMonitor(26892): received broadcast android.intent.action.BATTERY_CHANGED
02-03 18:11:36.429 D/KeyguardUpdateMonitor(26892): handleBatteryUpdate
02-03 18:12:07.429 D/PowerManagerService(26892): acquireWakeLock flags=0x1 tag=AlarmManager
02-03 18:12:07.429 D/KeyguardUpdateMonitor(26892): received broadcast android.intent.action.TIME_TICK
02-03 18:12:07.429 D/KeyguardUpdateMonitor(26892): handleTimeUpdate
02-03 18:12:07.459 D/PowerManagerService(26892): releaseWakeLock flags=0x1 tag=AlarmManager
02-03 18:12:07.459 D/PowerManagerService(26892):  ALL PARTIAL wakeLock Released ! 
02-03 18:12:35.429 I/dun_service(  129): The value returned from dun_getusbmodemstate_fromsys is 2 
02-03 18:12:35.429 D/KeyguardUpdateMonitor(26892): received broadcast android.intent.action.BATTERY_CHANGED
02-03 18:12:35.429 D/KeyguardUpdateMonitor(26892): handleBatteryUpdate
02-03 18:12:35.439 D/PowerManagerService(26892): acquireWakeLock flags=0x1 tag=GTALK_CONN
02-03 18:12:35.449 D/AlarmManager(26892): +++Alarm set:type=2 com.google.android.gsf  Trigger after:1679998ms
02-03 18:12:35.549 D/PowerManagerService(26892): releaseWakeLock flags=0x1 tag=GTALK_CONN
02-03 18:12:35.549 D/PowerManagerService(26892):  ALL PARTIAL wakeLock Released ! 
02-03 18:12:35.549 D/PowerManagerService(26892): acquireWakeLock flags=0x1 tag=GTALK_CONN
02-03 18:12:35.549 D/PowerManagerService(26892): acquireWakeLock flags=0x1 tag=GOOGLE_C2DM
02-03 18:12:35.579 D/PowerManagerService(26892): releaseWakeLock flags=0x1 tag=GTALK_CONN
02-03 18:12:36.199 D/GoogleVoice(27507): A notification tickle arrived.
02-03 18:12:36.199 D/PowerManagerService(26892): acquireWakeLock flags=0x1 tag=com.google.android.apps.googlevoice.UpdateService
02-03 18:12:36.269 D/PowerManagerService(26892): releaseWakeLock flags=0x1 tag=GOOGLE_C2DM
02-03 18:12:36.279 D/PowerManagerService(26892): releaseWakeLock flags=0x1 tag=com.google.android.apps.googlevoice.UpdateService
02-03 18:12:36.279 D/PowerManagerService(26892):  ALL PARTIAL wakeLock Released ! 
02-03 18:12:57.429 D/PowerManagerService(26892): acquireWakeLock flags=0x1 tag=AlarmManager
02-03 18:12:57.449 D/PowerManagerService(26892): releaseWakeLock flags=0x1 tag=AlarmManager
02-03 18:12:57.449 D/PowerManagerService(26892):  ALL PARTIAL wakeLock Released ! 
02-03 18:13:07.429 D/PowerManagerService(26892): acquireWakeLock flags=0x1 tag=AlarmManager
02-03 18:13:07.429 D/KeyguardUpdateMonitor(26892): received broadcast android.intent.action.TIME_TICK
02-03 18:13:07.429 D/KeyguardUpdateMonitor(26892): handleTimeUpdate
02-03 18:13:07.459 D/PowerManagerService(26892): releaseWakeLock flags=0x1 tag=AlarmManager
02-03 18:13:07.459 D/PowerManagerService(26892):  ALL PARTIAL wakeLock Released ! 
02-03 18:13:08.952 D/PowerManagerService(26892): acquireWakeLock flags=0x1 tag=GTALK_CONN
02-03 18:13:08.952 D/AlarmManager(26892): +++Alarm set:type=2 com.google.android.gsf  Trigger after:1679997ms
02-03 18:13:09.542 E/rmt_storage(  149): [MyTag]open: fd=-1
02-03 18:13:09.542 E/rmt_storage(  149): block rmt_storage client thread
02-03 18:13:09.642 D/PowerManagerService(26892): releaseWakeLock flags=0x1 tag=GTALK_CONN
02-03 18:13:09.642 D/PowerManagerService(26892):  ALL PARTIAL wakeLock Released ! 
02-03 18:13:09.652 D/PowerManagerService(26892): acquireWakeLock flags=0x1 tag=GTALK_CONN
02-03 18:13:09.672 D/PowerManagerService(26892): acquireWakeLock flags=0x1 tag=GOOGLE_C2DM
02-03 18:13:09.692 D/GoogleVoice(27507): A notification tickle arrived.
02-03 18:13:09.722 D/PowerManagerService(26892): releaseWakeLock flags=0x1 tag=GTALK_CONN
02-03 18:13:12.375 D/PowerManagerService(26892): acquireWakeLock flags=0x1 tag=NotificationService
02-03 18:13:12.375 D/KeyguardViewMediator(26892): setHidden false
02-03 18:13:12.395 D/PowerManagerService(26892): acquireWakeLock flags=0x1 tag=*vibrator*
02-03 18:13:12.395 W/NotificationService(26892): STOP command without a player
02-03 18:13:12.395 D/KeyguardViewMediator(26892): setHidden false
02-03 18:13:12.415 E/wlg     (26892): MediaPlayer.IsSdpFile  path = 
02-03 18:13:12.415 E/wlg     (26892): MediaPlayer.IsSdpFile  path = 
02-03 18:13:12.415 D/MediaPlayer(26892): DRM scheme =null
02-03 18:13:12.415 D/MediaPlayer(26892): DRM uri.toString() =
02-03 18:13:12.415 D/MediaPlayer(26892): setDataSource()
02-03 18:13:12.415 D/MediaPlayerService(26882): Create new client(56) from pid 26892, url=, connId=56, audioSessionId=70
02-03 18:13:12.415 E/MediaPlayerService(26882): setDataSource()
02-03 18:13:12.415 E/MediaPlayer(26892): Unable to to create media player
02-03 18:13:12.415 W/NotificationService(26892): error loading sound for 
02-03 18:13:12.415 W/NotificationService(26892): java.io.IOException: setDataSource failed.: status=0x80000000
02-03 18:13:12.415 W/NotificationService(26892): 	at android.media.MediaPlayer.setDataSource(Native Method)
02-03 18:13:12.415 W/NotificationService(26892): 	at android.media.MediaPlayer.setDataSource(MediaPlayer.java:822)
02-03 18:13:12.415 W/NotificationService(26892): 	at android.media.MediaPlayer.setDataSource(MediaPlayer.java:729)
02-03 18:13:12.415 W/NotificationService(26892): 	at com.android.server.NotificationPlayer$CreationAndCompletionThread.run(NotificationPlayer.java:88)
02-03 18:13:12.415 D/PowerManagerService(26892): releaseWakeLock flags=0x1 tag=NotificationService
02-03 18:13:12.465 D/KeyguardViewMediator(26892): setHidden false
02-03 18:13:12.475 D/KeyguardViewMediator(26892): setHidden false
02-03 18:13:13.165 D/PowerManagerService(26892): releaseWakeLock flags=0x1 tag=*vibrator*
02-03 18:13:15.177 D/PowerManagerService(26892): acquireWakeLock flags=0x1 tag=com.google.android.apps.googlevoice.UpdateService
02-03 18:13:15.187 D/PowerManagerService(26892): releaseWakeLock flags=0x1 tag=GOOGLE_C2DM
02-03 18:13:15.197 I/ContactsProvider(27015): query: content://com.android.contacts/phone_lookup/+19137446943
02-03 18:13:15.197 E/ContactsProvider(27015): 101123 isCallerRegisterNeedSIMProc callerPid:27507, acorePid:27015
02-03 18:13:15.207 I/ContactsProvider(27015): query isCallerRegistered= false
02-03 18:13:15.207 I/ContactsProvider(27015): query forOnlyOneContactString= 0
02-03 18:13:15.207 I/ContactsProvider(27015): query: content://com.android.contacts/phone_lookup/+19137446943
02-03 18:13:15.207 E/ContactsProvider(27015): 101123 isCallerRegisterNeedSIMProc callerPid:27507, acorePid:27015
02-03 18:13:15.217 I/ContactsProvider(27015): query isCallerRegistered= false
02-03 18:13:15.217 I/ContactsProvider(27015): query forOnlyOneContactString= 0
02-03 18:13:15.227 I/ContactsProvider(27015): query: content://com.android.contacts/phone_lookup/+19137446943
02-03 18:13:15.227 E/ContactsProvider(27015): 101123 isCallerRegisterNeedSIMProc callerPid:27507, acorePid:27015
02-03 18:13:15.237 I/ContactsProvider(27015): query isCallerRegistered= false
02-03 18:13:15.237 I/ContactsProvider(27015): query forOnlyOneContactString= 0
02-03 18:13:15.237 D/PowerManagerService(26892): releaseWakeLock flags=0x1 tag=com.google.android.apps.googlevoice.UpdateService
02-03 18:13:15.237 D/PowerManagerService(26892):  ALL PARTIAL wakeLock Released ! 
02-03 18:13:26.429 W/AlarmManager(26892): +++Alarm  wakeup phone ,pkg=com.google.android.gsf
02-03 18:13:26.429 D/PowerManagerService(26892): acquireWakeLock flags=0x1 tag=AlarmManager
02-03 18:13:26.429 D/PowerManagerService(26892): acquireWakeLock flags=0x1 tag=Event Log Handoff
02-03 18:13:26.429 W/AlarmManager(26892): +++alarm onSendFinished ,action=null
02-03 18:13:26.429 D/PowerManagerService(26892): releaseWakeLock flags=0x1 tag=AlarmManager
02-03 18:13:26.439 D/PowerManagerService(26892): acquireWakeLock flags=0x1 tag=Event Log Service
02-03 18:13:26.439 D/PowerManagerService(26892): releaseWakeLock flags=0x1 tag=Event Log Handoff
02-03 18:13:26.449 I/EventLogService(26998): Aggregate from 1328312605924 (log), 1328312605924 (data)
02-03 18:13:26.519 D/AlarmManager(26892): +++Alarm set:type=0 com.google.android.gsf  Trigger after:1799998ms
02-03 18:13:26.529 D/PowerManagerService(26892): releaseWakeLock flags=0x1 tag=Event Log Service
02-03 18:13:26.529 D/PowerManagerService(26892):  ALL PARTIAL wakeLock Released ! 
02-03 18:13:59.999 D/PowerManagerService(26892): acquireWakeLock flags=0x1 tag=AlarmManager
02-03 18:14:00.009 D/KeyguardUpdateMonitor(26892): received broadcast android.intent.action.TIME_TICK
02-03 18:14:00.009 D/KeyguardUpdateMonitor(26892): handleTimeUpdate
02-03 18:14:00.069 D/PowerManagerService(26892): releaseWakeLock flags=0x1 tag=AlarmManager
02-03 18:14:00.069 D/PowerManagerService(26892):  ALL PARTIAL wakeLock Released ! 
02-03 18:14:40.429 I/dun_service(  129): The value returned from dun_getusbmodemstate_fromsys is 2 
02-03 18:14:40.429 D/KeyguardUpdateMonitor(26892): received broadcast android.intent.action.BATTERY_CHANGED
02-03 18:14:40.429 D/KeyguardUpdateMonitor(26892): handleBatteryUpdate
02-03 18:14:52.759 E/rmt_storage(  149): [MyTag]open: fd=-1
02-03 18:14:52.769 E/rmt_storage(  149): block rmt_storage client thread
02-03 18:15:00.429 D/PowerManagerService(26892): acquireWakeLock flags=0x1 tag=AlarmManager
02-03 18:15:00.429 D/KeyguardUpdateMonitor(26892): received broadcast android.intent.action.TIME_TICK
02-03 18:15:00.429 D/KeyguardUpdateMonitor(26892): handleTimeUpdate
02-03 18:15:00.459 D/PowerManagerService(26892): releaseWakeLock flags=0x1 tag=AlarmManager
02-03 18:15:00.459 D/PowerManagerService(26892):  ALL PARTIAL wakeLock Released ! 
02-03 18:15:40.429 I/dun_service(  129): The value returned from dun_getusbmodemstate_fromsys is 2 
02-03 18:15:40.429 D/KeyguardUpdateMonitor(26892): received broadcast android.intent.action.BATTERY_CHANGED
02-03 18:15:40.429 D/KeyguardUpdateMonitor(26892): handleBatteryUpdate
02-03 18:16:01.429 D/PowerManagerService(26892): acquireWakeLock flags=0x1 tag=AlarmManager
02-03 18:16:01.429 D/KeyguardUpdateMonitor(26892): received broadcast android.intent.action.TIME_TICK
02-03 18:16:01.429 D/KeyguardUpdateMonitor(26892): handleTimeUpdate
02-03 18:16:01.449 D/PowerManagerService(26892): releaseWakeLock flags=0x1 tag=AlarmManager
02-03 18:16:01.449 D/PowerManagerService(26892):  ALL PARTIAL wakeLock Released ! 
02-03 18:16:33.402 E/rmt_storage(  149): [MyTag]open: fd=-1
02-03 18:16:33.402 E/rmt_storage(  149): block rmt_storage client thread
02-03 18:16:41.429 I/dun_service(  129): The value returned from dun_getusbmodemstate_fromsys is 2 
02-03 18:16:41.429 D/KeyguardUpdateMonitor(26892): received broadcast android.intent.action.BATTERY_CHANGED
02-03 18:16:41.429 D/KeyguardUpdateMonitor(26892): handleBatteryUpdate
02-03 18:17:02.429 D/PowerManagerService(26892): acquireWakeLock flags=0x1 tag=AlarmManager
02-03 18:17:02.429 D/KeyguardUpdateMonitor(26892): received broadcast android.intent.action.TIME_TICK
02-03 18:17:02.429 D/KeyguardUpdateMonitor(26892): handleTimeUpdate
02-03 18:17:02.459 D/PowerManagerService(26892): releaseWakeLock flags=0x1 tag=AlarmManager
02-03 18:17:02.459 D/PowerManagerService(26892):  ALL PARTIAL wakeLock Released ! 
02-03 18:17:16.439 D/PowerManagerService(26892): acquireWakeLock flags=0x1 tag=ServiceStateTracker
02-03 18:17:16.489 D/PowerManagerService(26892): releaseWakeLock flags=0x1 tag=ServiceStateTracker
02-03 18:17:16.489 D/PowerManagerService(26892):  ALL PARTIAL wakeLock Released ! 
02-03 18:17:16.499 D/Bitmap  (26949): Detect unrecycled bitmap.
02-03 18:17:16.499 D/Bitmap  (26949):       Size: 83200 Bytes, Width: 320 , Height: 65 , Hash code: 1079525968
02-03 18:17:16.499 D/Bitmap  (26949):  This bimap was created in:
02-03 18:17:16.499 D/Bitmap  (26949):       android.graphics.Bitmap.<init>(Bitmap.java:136)
02-03 18:17:16.499 D/Bitmap  (26949):       android.graphics.Bitmap.nativeCreate(Native Method)
02-03 18:17:16.499 D/Bitmap  (26949):       android.graphics.Bitmap.createBitmap(Bitmap.java:547)
02-03 18:17:16.499 D/Bitmap  (26949):       android.view.View.buildDrawingCache(View.java:6577)
02-03 18:17:16.499 D/Bitmap  (26949):       android.view.View.getDrawingCache(View.java:6428)
02-03 18:17:16.499 D/Bitmap  (26949):       android.view.ViewGroup.drawChild(ViewGroup.java:1574)
02-03 18:17:16.499 D/Bitmap  (26949):       android.view.ViewGroup.dispatchDraw(ViewGroup.java:1376)
02-03 18:17:16.499 D/Bitmap  (26949):       android.view.ViewGroup.drawChild(ViewGroup.java:1647)
02-03 18:17:16.499 D/Bitmap  (26949):       android.view.ViewGroup.dispatchDraw(ViewGroup.java:1376)
02-03 18:17:16.499 D/Bitmap  (26949):       android.view.ViewGroup.drawChild(ViewGroup.java:1647)
02-03 18:17:16.499 D/Bitmap  (26949):       android.view.ViewGroup.dispatchDraw(ViewGroup.java:1376)
02-03 18:17:16.499 D/Bitmap  (26949):       android.view.View.draw(View.java:6883)
02-03 18:17:16.499 D/Bitmap  (26949):       android.widget.FrameLayout.draw(FrameLayout.java:357)
02-03 18:17:16.499 D/Bitmap  (26949):       android.widget.ScrollView.draw(ScrollView.java:1417)
02-03 18:17:16.499 D/Bitmap  (26949):       android.view.ViewGroup.drawChild(ViewGroup.java:1649)
02-03 18:17:16.499 D/Bitmap  (26949):       android.view.ViewGroup.dispatchDraw(ViewGroup.java:1376)
02-03 18:17:16.499 D/Bitmap  (26949):       android.view.ViewGroup.drawChild(ViewGroup.java:1647)
02-03 18:17:16.499 D/Bitmap  (26949):       android.view.ViewGroup.dispatchDraw(ViewGroup.java:1376)
02-03 18:17:16.499 D/Bitmap  (26949):       android.view.ViewGroup.drawChild(ViewGroup.java:1647)
02-03 18:17:16.499 D/Bitmap  (26949):       android.view.ViewGroup.dispatchDraw(ViewGroup.java:1376)
02-03 18:17:16.499 D/Bitmap  (26949):       android.view.View.draw(View.java:6883)
02-03 18:17:16.499 D/Bitmap  (26949):       android.widget.FrameLayout.draw(FrameLayout.java:357)
02-03 18:17:16.499 D/Bitmap  (26949):       android.view.ViewGroup.drawChild(ViewGroup.java:1649)
02-03 18:17:16.499 D/Bitmap  (26949):       android.view.ViewGroup.dispatchDraw(ViewGroup.java:1376)
02-03 18:17:16.499 D/Bitmap  (26949):       android.view.View.draw(View.java:6883)
02-03 18:17:16.499 D/Bitmap  (26949):       android.widget.FrameLayout.draw(FrameLayout.java:357)
02-03 18:17:16.499 D/Bitmap  (26949):       com.android.internal.policy.impl.PhoneWindow$DecorView.draw(PhoneWindow.java:1866)
02-03 18:17:16.499 D/Bitmap  (26949):       android.view.ViewRoot.draw(ViewRoot.java:1526)
02-03 18:17:16.499 D/Bitmap  (26949):       android.view.ViewRoot.performTraversals(ViewRoot.java:1262)
02-03 18:17:16.499 D/Bitmap  (26949):       android.view.ViewRoot.handleMessage(ViewRoot.java:1864)
02-03 18:17:16.499 D/Bitmap  (26949):       android.os.Handler.dispatchMessage(Handler.java:99)
02-03 18:17:16.499 D/Bitmap  (26949):       android.os.Looper.loop(Looper.java:130)
02-03 18:17:16.499 D/Bitmap  (26949):       android.app.ActivityThread.main(ActivityThread.java:3704)
02-03 18:17:16.499 D/Bitmap  (26949):       java.lang.reflect.Method.invokeNative(Native Method)
02-03 18:17:16.499 D/Bitmap  (26949):       java.lang.reflect.Method.invoke(Method.java:507)
02-03 18:17:16.499 D/Bitmap  (26949):       com.android.internal.os.ZygoteInit$MethodAndArgsCaller.run(ZygoteInit.java:875)
02-03 18:17:16.499 D/Bitmap  (26949):       com.android.internal.os.ZygoteInit.main(ZygoteInit.java:633)
02-03 18:17:16.499 D/Bitmap  (26949):       dalvik.system.NativeStart.main(Native Method)
02-03 18:17:16.499 D/Bitmap  (26949): _
02-03 18:17:21.439 D/PowerManagerService(26892): acquireWakeLock flags=0x1 tag=ServiceStateTracker
02-03 18:17:21.449 D/PowerManagerService(26892): releaseWakeLock flags=0x1 tag=ServiceStateTracker
02-03 18:17:21.449 D/PowerManagerService(26892):  ALL PARTIAL wakeLock Released ! 
02-03 18:17:27.449 D/PowerManagerService(26892): acquireWakeLock flags=0x1 tag=ServiceStateTracker
02-03 18:17:27.459 D/PowerManagerService(26892): releaseWakeLock flags=0x1 tag=ServiceStateTracker
02-03 18:17:27.459 D/PowerManagerService(26892):  ALL PARTIAL wakeLock Released ! 
02-03 18:17:47.439 D/PowerManagerService(26892): acquireWakeLock flags=0x1 tag=ServiceStateTracker
02-03 18:17:47.449 D/PowerManagerService(26892): releaseWakeLock flags=0x1 tag=ServiceStateTracker
02-03 18:17:47.449 D/PowerManagerService(26892):  ALL PARTIAL wakeLock Released ! 
02-03 18:18:05.429 D/PowerManagerService(26892): acquireWakeLock flags=0x1 tag=AlarmManager
02-03 18:18:05.429 D/KeyguardUpdateMonitor(26892): received broadcast android.intent.action.TIME_TICK
02-03 18:18:05.429 D/KeyguardUpdateMonitor(26892): handleTimeUpdate
02-03 18:18:05.459 D/PowerManagerService(26892): releaseWakeLock flags=0x1 tag=AlarmManager
02-03 18:18:05.459 D/PowerManagerService(26892):  ALL PARTIAL wakeLock Released ! 
02-03 18:18:36.429 I/dun_service(  129): The value returned from dun_getusbmodemstate_fromsys is 2 
02-03 18:18:36.429 D/KeyguardUpdateMonitor(26892): received broadcast android.intent.action.BATTERY_CHANGED
02-03 18:18:36.429 D/KeyguardUpdateMonitor(26892): handleBatteryUpdate
02-03 18:18:50.124 E/rmt_storage(  149): [MyTag]open: fd=-1
02-03 18:18:50.124 E/rmt_storage(  149): block rmt_storage client thread
02-03 18:19:06.429 D/PowerManagerService(26892): acquireWakeLock flags=0x1 tag=AlarmManager
02-03 18:19:06.429 D/KeyguardUpdateMonitor(26892): received broadcast android.intent.action.TIME_TICK
02-03 18:19:06.429 D/KeyguardUpdateMonitor(26892): handleTimeUpdate
02-03 18:19:06.449 D/PowerManagerService(26892): releaseWakeLock flags=0x1 tag=AlarmManager
02-03 18:19:06.459 D/PowerManagerService(26892):  ALL PARTIAL wakeLock Released ! 
02-03 18:19:42.439 D/PowerManagerService(26892): acquireWakeLock flags=0x1 tag=ServiceStateTracker
02-03 18:19:42.449 D/PowerManagerService(26892): releaseWakeLock flags=0x1 tag=ServiceStateTracker
02-03 18:19:42.449 D/PowerManagerService(26892):  ALL PARTIAL wakeLock Released ! 
02-03 18:19:51.459 D/PowerManagerService(26892): acquireWakeLock flags=0x1 tag=ServiceStateTracker
02-03 18:19:51.469 D/PowerManagerService(26892): releaseWakeLock flags=0x1 tag=ServiceStateTracker
02-03 18:19:51.469 D/PowerManagerService(26892):  ALL PARTIAL wakeLock Released ! 
02-03 18:20:08.429 D/PowerManagerService(26892): acquireWakeLock flags=0x1 tag=AlarmManager
02-03 18:20:08.429 D/KeyguardUpdateMonitor(26892): received broadcast android.intent.action.TIME_TICK
02-03 18:20:08.429 D/KeyguardUpdateMonitor(26892): handleTimeUpdate
02-03 18:20:08.459 D/PowerManagerService(26892): releaseWakeLock flags=0x1 tag=AlarmManager
02-03 18:20:08.459 D/PowerManagerService(26892):  ALL PARTIAL wakeLock Released ! 
02-03 18:20:40.769 E/rmt_storage(  149): [MyTag]open: fd=-1
02-03 18:20:40.769 E/rmt_storage(  149): block rmt_storage client thread
02-03 18:21:03.429 D/PowerManagerService(26892): acquireWakeLock flags=0x1 tag=AlarmManager
02-03 18:21:03.429 D/KeyguardUpdateMonitor(26892): received broadcast android.intent.action.TIME_TICK
02-03 18:21:03.429 D/KeyguardUpdateMonitor(26892): handleTimeUpdate
02-03 18:21:03.459 D/PowerManagerService(26892): releaseWakeLock flags=0x1 tag=AlarmManager
02-03 18:21:03.459 D/PowerManagerService(26892):  ALL PARTIAL wakeLock Released ! 
02-03 18:21:35.190 W/AlarmManager(26892): +++Alarm  wakeup phone ,pkg=com.google.android.apps.maps
02-03 18:21:35.220 D/PowerManagerService(26892): acquireWakeLock flags=0x1 tag=AlarmManager
02-03 18:21:35.230 W/AlarmManager(26892): +++alarm onSendFinished ,action=null
02-03 18:21:35.230 D/PowerManagerService(26892): releaseWakeLock flags=0x1 tag=AlarmManager
02-03 18:21:35.230 D/PowerManagerService(26892):  ALL PARTIAL wakeLock Released ! 
02-03 18:21:35.260 D/AlarmManager(26892): +++Alarm set:type=2 com.google.android.apps.maps  Trigger after:1799917ms
02-03 18:22:04.429 D/PowerManagerService(26892): acquireWakeLock flags=0x1 tag=AlarmManager
02-03 18:22:04.429 D/KeyguardUpdateMonitor(26892): received broadcast android.intent.action.TIME_TICK
02-03 18:22:04.429 D/KeyguardUpdateMonitor(26892): handleTimeUpdate
02-03 18:22:04.459 D/PowerManagerService(26892): releaseWakeLock flags=0x1 tag=AlarmManager
02-03 18:22:04.459 D/PowerManagerService(26892):  ALL PARTIAL wakeLock Released ! 
02-03 18:22:35.195 D/PowerManagerService(26892): acquireWakeLock flags=0x1 tag=GTALK_CONN
02-03 18:22:35.195 D/AlarmManager(26892): +++Alarm set:type=2 com.google.android.gsf  Trigger after:1680000ms
02-03 18:22:35.315 D/PowerManagerService(26892): releaseWakeLock flags=0x1 tag=GTALK_CONN
02-03 18:22:35.315 D/PowerManagerService(26892):  ALL PARTIAL wakeLock Released ! 
02-03 18:22:35.325 D/PowerManagerService(26892): acquireWakeLock flags=0x1 tag=GTALK_CONN
02-03 18:22:35.335 D/PowerManagerService(26892): acquireWakeLock flags=0x1 tag=GOOGLE_C2DM
02-03 18:22:35.385 D/PowerManagerService(26892): releaseWakeLock flags=0x1 tag=GTALK_CONN
02-03 18:22:35.995 D/GoogleVoice(27507): A notification tickle arrived.
02-03 18:22:35.995 D/PowerManagerService(26892): acquireWakeLock flags=0x1 tag=com.google.android.apps.googlevoice.UpdateService
02-03 18:22:36.005 D/PowerManagerService(26892): releaseWakeLock flags=0x1 tag=GOOGLE_C2DM
02-03 18:22:36.015 D/PowerManagerService(26892): releaseWakeLock flags=0x1 tag=com.google.android.apps.googlevoice.UpdateService
02-03 18:22:36.015 D/PowerManagerService(26892):  ALL PARTIAL wakeLock Released ! 
02-03 18:23:05.429 D/PowerManagerService(26892): acquireWakeLock flags=0x1 tag=AlarmManager
02-03 18:23:05.429 D/KeyguardUpdateMonitor(26892): received broadcast android.intent.action.TIME_TICK
02-03 18:23:05.429 D/KeyguardUpdateMonitor(26892): handleTimeUpdate
02-03 18:23:05.459 D/PowerManagerService(26892): releaseWakeLock flags=0x1 tag=AlarmManager
02-03 18:23:05.469 D/PowerManagerService(26892):  ALL PARTIAL wakeLock Released ! 
02-03 18:23:07.679 E/rmt_storage(  149): [MyTag]open: fd=-1
02-03 18:23:07.679 E/rmt_storage(  149): block rmt_storage client thread
02-03 18:23:55.429 I/dun_service(  129): The value returned from dun_getusbmodemstate_fromsys is 2 
02-03 18:23:55.429 D/KeyguardUpdateMonitor(26892): received broadcast android.intent.action.BATTERY_CHANGED
02-03 18:23:55.429 D/KeyguardUpdateMonitor(26892): handleBatteryUpdate
02-03 18:24:05.429 D/PowerManagerService(26892): acquireWakeLock flags=0x1 tag=AlarmManager
02-03 18:24:05.429 D/KeyguardUpdateMonitor(26892): received broadcast android.intent.action.TIME_TICK
02-03 18:24:05.429 D/KeyguardUpdateMonitor(26892): handleTimeUpdate
02-03 18:24:05.459 D/PowerManagerService(26892): releaseWakeLock flags=0x1 tag=AlarmManager
02-03 18:24:05.459 D/PowerManagerService(26892):  ALL PARTIAL wakeLock Released ! 
02-03 18:24:46.811 I/dun_service(  129): The value returned from dun_getusbmodemstate_fromsys is 2 
02-03 18:24:46.811 D/KeyguardUpdateMonitor(26892): received broadcast android.intent.action.BATTERY_CHANGED
02-03 18:24:46.811 D/KeyguardUpdateMonitor(26892): handleBatteryUpdate
