02-03 19:26:37.983 W/Sclibration(27104): onSensorChanged count =  3069
02-03 19:26:37.983 W/Sclibration(27104): onSensorChanged curX =  -3.1749463  curY =  -7.928598  curZ =  -4.0095887
02-03 19:26:37.993 W/Sclibration(27104): processUnSolicited begin
02-03 19:26:37.993 W/Sclibration(27104): processUnSolicited curX =  -3.1749463  curY =  -7.928598  curZ =  -4.0095887
02-03 19:26:37.993 W/Sclibration(27104): processUnSolicited x =  9  y =  452
02-03 19:26:37.993 W/Sclibration(27104): processUnSolicited isLeftForX =  true  isDownForY =  false
02-03 19:26:37.993 W/Sclibration(27104): processUnSolicited sum =  116365.0  rr =  8464.0
02-03 19:26:37.993 W/Sclibration(27104): processUnSolicited angle =  0.01990887362573211  tempX =  44  tempY =  136
02-03 19:26:37.993 W/Sclibration(27104): processUnSolicited end x =  44  y =  136
02-03 19:26:37.993 W/Sclibration(27104): ScalibrationView--setBallLocation  m_calibrated =  false
02-03 19:26:37.993 W/Sclibration(27104): ScalibrationView--setBallLocation2  m_calibrated =  false
02-03 19:26:37.993 W/Sclibration(27104): onSensorChanged count =  3069  count%LOOPCOUNT =  9
02-03 19:26:38.003 W/Sclibration(27104): onSensorChanged filter =  27101  tp = 1
02-03 19:26:38.103 W/Sclibration(27104): onSensorChanged filter =  88542  tp = 2
02-03 19:26:38.103 W/Sclibration(27104): onSensorChanged filter =  30691  tp = 1
02-03 19:26:38.103 W/Sclibration(27104): onSensorChanged filter =  27102  tp = 2
02-03 19:26:38.223 W/Sclibration(27104): onSensorChanged filter =  88543  tp = 3
02-03 19:26:38.223 W/Sclibration(27104): onSensorChanged filter =  30692  tp = 2
02-03 19:26:38.233 W/Sclibration(27104): onSensorChanged filter =  27103  tp = 3
02-03 19:26:38.354 W/Sclibration(27104): onSensorChanged filter =  88544  tp = 4
02-03 19:26:38.354 W/Sclibration(27104): onSensorChanged filter =  30693  tp = 3
02-03 19:26:38.354 W/Sclibration(27104): onSensorChanged filter =  27104  tp = 4
02-03 19:26:38.474 W/Sclibration(27104): onSensorChanged filter =  88545  tp = 5
02-03 19:26:38.474 W/Sclibration(27104): onSensorChanged filter =  30694  tp = 4
02-03 19:26:38.474 W/Sclibration(27104): onSensorChanged filter =  27105  tp = 5
02-03 19:26:38.594 W/Sclibration(27104): onSensorChanged filter =  88546  tp = 6
02-03 19:26:38.594 W/Sclibration(27104): onSensorChanged filter =  30695  tp = 5
02-03 19:26:38.594 W/Sclibration(27104): onSensorChanged filter =  27106  tp = 6
02-03 19:26:38.714 W/Sclibration(27104): onSensorChanged filter =  88547  tp = 7
02-03 19:26:38.714 W/Sclibration(27104): onSensorChanged filter =  30696  tp = 6
02-03 19:26:38.714 W/Sclibration(27104): onSensorChanged filter =  27107  tp = 7
02-03 19:26:38.834 W/Sclibration(27104): onSensorChanged filter =  88548  tp = 8
02-03 19:26:38.834 W/Sclibration(27104): onSensorChanged filter =  30697  tp = 7
02-03 19:26:38.834 W/Sclibration(27104): onSensorChanged filter =  27108  tp = 8
02-03 19:26:38.954 W/Sclibration(27104): onSensorChanged filter =  88549  tp = 9
02-03 19:26:38.954 W/Sclibration(27104): onSensorChanged filter =  30698  tp = 8
02-03 19:26:38.954 W/Sclibration(27104): onSensorChanged filter =  27109  tp = 9
02-03 19:26:39.074 W/Sclibration(27104): onSensorChanged filter =  88550  tp = 0
02-03 19:26:39.074 W/Sclibration(27104): onSensorChanged count =  8855
02-03 19:26:39.074 W/Sclibration(27104): onSensorChanged curX =  -1.6114404  curY =  -5.9516253  curZ =  -6.891263
02-03 19:26:39.074 W/Sclibration(27104): processUnSolicited begin
02-03 19:26:39.074 W/Sclibration(27104): processUnSolicited curX =  -1.6114404  curY =  -5.9516253  curZ =  -6.891263
02-03 19:26:39.084 W/Sclibration(27104): processUnSolicited x =  71  y =  373
02-03 19:26:39.084 W/Sclibration(27104): processUnSolicited isLeftForX =  true  isDownForY =  false
02-03 19:26:39.084 W/Sclibration(27104): processUnSolicited sum =  60740.0  rr =  8464.0
02-03 19:26:39.084 W/Sclibration(27104): processUnSolicited angle =  0.1880983070794485  tempX =  45  tempY =  152
02-03 19:26:39.084 W/Sclibration(27104): processUnSolicited end x =  45  y =  152
02-03 19:26:39.084 W/Sclibration(27104): ScalibrationView--setBallLocation  m_calibrated =  false
02-03 19:26:39.084 W/Sclibration(27104): ScalibrationView--setBallLocation2  m_calibrated =  false
02-03 19:26:39.084 W/Sclibration(27104): onSensorChanged count =  8855  count%LOOPCOUNT =  5
02-03 19:26:39.084 W/Sclibration(27104): onSensorChanged filter =  30699  tp = 9
02-03 19:26:39.084 W/Sclibration(27104): onSensorChanged filter =  27110  tp = 0
02-03 19:26:39.094 W/Sclibration(27104): onSensorChanged count =  2711
02-03 19:26:39.094 W/Sclibration(27104): onSensorChanged curX =  -1.6114404  curY =  -5.9516253  curZ =  -6.891263
02-03 19:26:39.094 W/Sclibration(27104): processUnSolicited begin
02-03 19:26:39.094 W/Sclibration(27104): processUnSolicited curX =  -1.6114404  curY =  -5.9516253  curZ =  -6.891263
02-03 19:26:39.094 W/Sclibration(27104): processUnSolicited x =  71  y =  373
02-03 19:26:39.094 W/Sclibration(27104): processUnSolicited isLeftForX =  true  isDownForY =  false
02-03 19:26:39.094 W/Sclibration(27104): processUnSolicited sum =  60740.0  rr =  8464.0
02-03 19:26:39.094 W/Sclibration(27104): processUnSolicited angle =  0.1880983070794485  tempX =  45  tempY =  152
02-03 19:26:39.094 W/Sclibration(27104): processUnSolicited end x =  45  y =  152
02-03 19:26:39.094 W/Sclibration(27104): ScalibrationView--setBallLocation  m_calibrated =  false
02-03 19:26:39.094 W/Sclibration(27104): ScalibrationView--setBallLocation2  m_calibrated =  false
02-03 19:26:39.104 W/Sclibration(27104): onSensorChanged count =  2711  count%LOOPCOUNT =  11
02-03 19:26:39.194 W/Sclibration(27104): onSensorChanged filter =  88551  tp = 1
02-03 19:26:39.194 W/Sclibration(27104): onSensorChanged filter =  30700  tp = 0
02-03 19:26:39.194 W/Sclibration(27104): onSensorChanged count =  3070
02-03 19:26:39.204 W/Sclibration(27104): onSensorChanged curX =  -1.3319294  curY =  -5.7721477  curZ =  -7.1937475
02-03 19:26:39.204 W/Sclibration(27104): processUnSolicited begin
02-03 19:26:39.204 W/Sclibration(27104): processUnSolicited curX =  -1.3319294  curY =  -5.7721477  curZ =  -7.1937475
02-03 19:26:39.204 W/Sclibration(27104): processUnSolicited x =  82  y =  365
02-03 19:26:39.204 W/Sclibration(27104): processUnSolicited isLeftForX =  true  isDownForY =  false
02-03 19:26:39.204 W/Sclibration(27104): processUnSolicited sum =  55709.0  rr =  8464.0
02-03 19:26:39.204 W/Sclibration(27104): processUnSolicited angle =  0.2209884546164778  tempX =  46  tempY =  155
02-03 19:26:39.204 W/Sclibration(27104): processUnSolicited end x =  46  y =  155
02-03 19:26:39.204 W/Sclibration(27104): ScalibrationView--setBallLocation  m_calibrated =  false
02-03 19:26:39.204 W/Sclibration(27104): ScalibrationView--setBallLocation2  m_calibrated =  false
02-03 19:26:39.204 W/Sclibration(27104): onSensorChanged count =  3070  count%LOOPCOUNT =  10
02-03 19:26:39.214 W/Sclibration(27104): onSensorChanged filter =  27111  tp = 1
02-03 19:26:39.314 W/Sclibration(27104): onSensorChanged filter =  88552  tp = 2
02-03 19:26:39.314 W/Sclibration(27104): onSensorChanged filter =  30701  tp = 1
02-03 19:26:39.324 W/Sclibration(27104): onSensorChanged filter =  27112  tp = 2
02-03 19:26:39.435 W/Sclibration(27104): onSensorChanged filter =  88553  tp = 3
02-03 19:26:39.435 W/Sclibration(27104): onSensorChanged filter =  30702  tp = 2
02-03 19:26:39.445 W/Sclibration(27104): onSensorChanged filter =  27113  tp = 3
02-03 19:26:39.565 W/Sclibration(27104): onSensorChanged filter =  88554  tp = 4
02-03 19:26:39.565 W/Sclibration(27104): onSensorChanged filter =  30703  tp = 3
02-03 19:26:39.565 W/Sclibration(27104): onSensorChanged filter =  27114  tp = 4
02-03 19:26:39.685 W/Sclibration(27104): onSensorChanged filter =  88555  tp = 5
02-03 19:26:39.685 W/Sclibration(27104): onSensorChanged filter =  30704  tp = 4
02-03 19:26:39.685 W/Sclibration(27104): onSensorChanged filter =  27115  tp = 5
02-03 19:26:39.805 W/Sclibration(27104): onSensorChanged filter =  88556  tp = 6
02-03 19:26:39.805 W/Sclibration(27104): onSensorChanged filter =  30705  tp = 5
02-03 19:26:39.805 W/Sclibration(27104): onSensorChanged filter =  27116  tp = 6
02-03 19:26:39.815 D/PowerManagerService(26892): acquireWakeLock flags=0x1000001a tag=keyguard
02-03 19:26:39.815 D/PowerManagerService(26892): UnPartial  wakeLock  reactivate ,flags=0x1000001a tag=keyguard
02-03 19:26:39.925 W/Sclibration(27104): onSensorChanged filter =  88557  tp = 7
02-03 19:26:39.925 W/Sclibration(27104): onSensorChanged filter =  30706  tp = 6
02-03 19:26:39.925 W/Sclibration(27104): onSensorChanged filter =  27117  tp = 7
02-03 19:26:39.945 W/Sclibration(27104): onSensorChanged filter =  88558  tp = 8
02-03 19:26:39.945 W/Sclibration(27104): onSensorChanged filter =  30707  tp = 7
02-03 19:26:39.945 W/Sclibration(27104): onSensorChanged filter =  27118  tp = 8
02-03 19:26:39.965 W/Sclibration(27104): onSensorChanged filter =  88559  tp = 9
02-03 19:26:39.965 W/Sclibration(27104): onSensorChanged filter =  30708  tp = 8
02-03 19:26:39.965 W/Sclibration(27104): onSensorChanged filter =  27119  tp = 9
02-03 19:26:40.085 W/Sclibration(27104): onSensorChanged filter =  88560  tp = 0
02-03 19:26:40.085 W/Sclibration(27104): onSensorChanged count =  8856
02-03 19:26:40.085 W/Sclibration(27104): onSensorChanged curX =  4.2393207E-4  curY =  -6.654948  curZ =  -6.4016266
02-03 19:26:40.085 W/Sclibration(27104): processUnSolicited begin
02-03 19:26:40.085 W/Sclibration(27104): processUnSolicited curX =  4.2393207E-4  curY =  -6.654948  curZ =  -6.4016266
02-03 19:26:40.085 W/Sclibration(27104): processUnSolicited x =  135  y =  401
02-03 19:26:40.085 W/Sclibration(27104): processUnSolicited isLeftForX =  false  isDownForY =  false
02-03 19:26:40.085 W/Sclibration(27104): processUnSolicited sum =  70756.0  rr =  8464.0
02-03 19:26:40.085 W/Sclibration(27104): processUnSolicited angle =  0.32474008211235594  tempX =  222  tempY =  164
02-03 19:26:40.085 W/Sclibration(27104): processUnSolicited end x =  222  y =  164
02-03 19:26:40.085 W/Sclibration(27104): ScalibrationView--setBallLocation  m_calibrated =  false
02-03 19:26:40.085 W/Sclibration(27104): ScalibrationView--setBallLocation2  m_calibrated =  false
02-03 19:26:40.085 W/Sclibration(27104): onSensorChanged count =  8856  count%LOOPCOUNT =  6
02-03 19:26:40.085 W/Sclibration(27104): onSensorChanged filter =  30709  tp = 9
02-03 19:26:40.085 W/Sclibration(27104): onSensorChanged filter =  27120  tp = 0
02-03 19:26:40.085 W/Sclibration(27104): onSensorChanged count =  2712
02-03 19:26:40.085 W/Sclibration(27104): onSensorChanged curX =  4.2393207E-4  curY =  -6.654948  curZ =  -6.4016266
02-03 19:26:40.085 W/Sclibration(27104): processUnSolicited begin
02-03 19:26:40.085 W/Sclibration(27104): processUnSolicited curX =  4.2393207E-4  curY =  -6.654948  curZ =  -6.4016266
02-03 19:26:40.095 W/Sclibration(27104): processUnSolicited x =  135  y =  401
02-03 19:26:40.095 W/Sclibration(27104): processUnSolicited isLeftForX =  false  isDownForY =  false
02-03 19:26:40.095 W/Sclibration(27104): processUnSolicited sum =  70756.0  rr =  8464.0
02-03 19:26:40.095 W/Sclibration(27104): processUnSolicited angle =  0.32474008211235594  tempX =  222  tempY =  164
02-03 19:26:40.095 W/Sclibration(27104): processUnSolicited end x =  222  y =  164
02-03 19:26:40.095 W/Sclibration(27104): ScalibrationView--setBallLocation  m_calibrated =  false
02-03 19:26:40.095 W/Sclibration(27104): ScalibrationView--setBallLocation2  m_calibrated =  false
02-03 19:26:40.095 W/Sclibration(27104): onSensorChanged count =  2712  count%LOOPCOUNT =  12
02-03 19:26:40.105 W/Sclibration(27104): onSensorChanged filter =  88561  tp = 1
02-03 19:26:40.105 W/Sclibration(27104): onSensorChanged filter =  30710  tp = 0
02-03 19:26:40.105 W/Sclibration(27104): onSensorChanged count =  3071
02-03 19:26:40.105 W/Sclibration(27104): onSensorChanged curX =  -0.08064652  curY =  -6.709671  curZ =  -6.281484
02-03 19:26:40.105 W/Sclibration(27104): processUnSolicited begin
02-03 19:26:40.105 W/Sclibration(27104): processUnSolicited curX =  -0.08064652  curY =  -6.709671  curZ =  -6.281484
02-03 19:26:40.105 W/Sclibration(27104): processUnSolicited x =  132  y =  403
02-03 19:26:40.105 W/Sclibration(27104): processUnSolicited isLeftForX =  true  isDownForY =  false
02-03 19:26:40.105 W/Sclibration(27104): processUnSolicited sum =  71833.0  rr =  8464.0
02-03 19:26:40.105 W/Sclibration(27104): processUnSolicited angle =  0.3165306167219198  tempX =  48  tempY =  163
02-03 19:26:40.105 W/Sclibration(27104): processUnSolicited end x =  48  y =  163
02-03 19:26:40.105 W/Sclibration(27104): ScalibrationView--setBallLocation  m_calibrated =  false
02-03 19:26:40.105 W/Sclibration(27104): ScalibrationView--setBallLocation2  m_calibrated =  false
02-03 19:26:40.105 W/Sclibration(27104): onSensorChanged count =  3071  count%LOOPCOUNT =  11
02-03 19:26:40.105 W/Sclibration(27104): onSensorChanged filter =  27121  tp = 1
02-03 19:26:40.225 W/Sclibration(27104): onSensorChanged filter =  88562  tp = 2
02-03 19:26:40.225 W/Sclibration(27104): onSensorChanged filter =  30711  tp = 1
02-03 19:26:40.225 W/Sclibration(27104): onSensorChanged filter =  27122  tp = 2
02-03 19:26:40.355 W/Sclibration(27104): onSensorChanged filter =  88563  tp = 3
02-03 19:26:40.355 W/Sclibration(27104): onSensorChanged filter =  30712  tp = 2
02-03 19:26:40.355 W/Sclibration(27104): onSensorChanged filter =  27123  tp = 3
02-03 19:26:40.466 W/Sclibration(27104): onSensorChanged filter =  88564  tp = 4
02-03 19:26:40.466 W/Sclibration(27104): onSensorChanged filter =  30713  tp = 3
02-03 19:26:40.466 W/Sclibration(27104): onSensorChanged filter =  27124  tp = 4
02-03 19:26:40.496 W/Sclibration(27104): onSensorChanged filter =  88565  tp = 5
02-03 19:26:40.496 W/Sclibration(27104): onSensorChanged filter =  30714  tp = 4
02-03 19:26:40.496 W/Sclibration(27104): onSensorChanged filter =  27125  tp = 5
02-03 19:26:40.636 D/DATA    (26963): [DSST(0)] pollstate() : reason = data network state changed
02-03 19:26:40.646 W/Sclibration(27104): onSensorChanged filter =  88566  tp = 6
02-03 19:26:40.646 W/Sclibration(27104): onSensorChanged filter =  30715  tp = 5
02-03 19:26:40.646 W/Sclibration(27104): onSensorChanged filter =  27126  tp = 6
02-03 19:26:40.686 D/PowerManagerService(26892): acquireWakeLock flags=0x1000001a tag=keyguard
02-03 19:26:40.686 D/PowerManagerService(26892): UnPartial  wakeLock  reactivate ,flags=0x1000001a tag=keyguard
02-03 19:26:40.686 D/MobileDataStateTracker(26892): [hipri]  MobileDataStateReceiver onReceive(): Entry.
02-03 19:26:40.686 D/MobileDataStateTracker(26892): [hipri]  intent.getAction()= android.intent.action.SERVICE_STATE
02-03 19:26:40.686 D/MobileDataStateTracker(26892): [hipri]  mEnabled = false
02-03 19:26:40.696 D/MobileDataStateTracker(26892): [dun]  MobileDataStateReceiver onReceive(): Entry.
02-03 19:26:40.696 D/MobileDataStateTracker(26892): [dun]  intent.getAction()= android.intent.action.SERVICE_STATE
02-03 19:26:40.696 D/MobileDataStateTracker(26892): [dun]  mEnabled = false
02-03 19:26:40.696 D/MobileDataStateTracker(26892): [supl]  MobileDataStateReceiver onReceive(): Entry.
02-03 19:26:40.696 D/MobileDataStateTracker(26892): [supl]  intent.getAction()= android.intent.action.SERVICE_STATE
02-03 19:26:40.696 D/MobileDataStateTracker(26892): [supl]  mEnabled = false
02-03 19:26:40.696 D/MobileDataStateTracker(26892): [mms]  MobileDataStateReceiver onReceive(): Entry.
02-03 19:26:40.696 D/MobileDataStateTracker(26892): [mms]  intent.getAction()= android.intent.action.SERVICE_STATE
02-03 19:26:40.696 D/MobileDataStateTracker(26892): [mms]  mEnabled = false
02-03 19:26:40.706 D/MobileDataStateTracker(26892): [default]  MobileDataStateReceiver onReceive(): Entry.
02-03 19:26:40.706 D/MobileDataStateTracker(26892): [default]  intent.getAction()= android.intent.action.SERVICE_STATE
02-03 19:26:40.706 D/MobileDataStateTracker(26892): [default]  mEnabled = true
02-03 19:26:40.706 D/CallManager(26963):  handleMessage (EVENT_SERVICE_STATE_CHANGED)
02-03 19:26:40.706 E/BT HS/HF(26963): SERVICE_STATE_CHANGED called
02-03 19:26:40.706 E/BT HS/HF(26963): updateServiceState called, sendUpdate:false  ServiceState:0 home Sprint  310099  EvDo rev. A CSS not supported 41 4139RoamInd: 1RoamStatus(sprint): 1DefRoamInd: 160EmergOnly: false
02-03 19:26:40.716 E/BT HS/HF(26963): service:1 mService:1
02-03 19:26:40.726 D/DATA    (26963): [DSST(0)]  registrationState = 1  radioTechnology = 8 reasonForDenial = 0
02-03 19:26:40.726 D/DATA    (26963): [DSST(0)]  set mNewDataConnectionState = 0
02-03 19:26:40.726 D/DATA    (26963): [DSST(0)]  mNewDataConnectionState : 0  mDataConnectionState : 0
02-03 19:26:40.726 D/DATA    (26963): [DSST(0)] Poll ServiceState done: oldSS=[0 home null null null  EvDo rev. A CSS not supported -1 -1RoamInd: -1RoamStatus(sprint): -1DefRoamInd: -1EmergOnly: false] newSS=[0 home null null null  EvDo rev. A CSS not supported -1 -1RoamInd: -1RoamStatus(sprint): -1DefRoamInd: -1EmergOnly: false]
02-03 19:26:40.726 D/DATA    (26963): [DSST(0)]  mDataConnectionState = 0
02-03 19:26:40.746 W/Sclibration(27104): onSensorChanged filter =  88567  tp = 7
02-03 19:26:40.756 W/Sclibration(27104): onSensorChanged filter =  30716  tp = 6
02-03 19:26:40.756 W/Sclibration(27104): onSensorChanged filter =  27127  tp = 7
02-03 19:26:40.756 W/Sclibration(27104): onSensorChanged filter =  88568  tp = 8
02-03 19:26:40.756 W/Sclibration(27104): onSensorChanged filter =  30717  tp = 7
02-03 19:26:40.756 W/Sclibration(27104): onSensorChanged filter =  27128  tp = 8
02-03 19:26:40.776 W/Sclibration(27104): onSensorChanged filter =  88569  tp = 9
02-03 19:26:40.776 W/Sclibration(27104): onSensorChanged filter =  30718  tp = 8
02-03 19:26:40.786 W/Sclibration(27104): onSensorChanged filter =  27129  tp = 9
02-03 19:26:40.806 W/Sclibration(27104): onSensorChanged filter =  88570  tp = 0
02-03 19:26:40.806 W/Sclibration(27104): onSensorChanged count =  8857
02-03 19:26:40.806 W/Sclibration(27104): onSensorChanged curX =  0.01766407  curY =  -6.4593096  curZ =  -6.593604
02-03 19:26:40.806 W/Sclibration(27104): processUnSolicited begin
02-03 19:26:40.806 W/Sclibration(27104): processUnSolicited curX =  0.01766407  curY =  -6.4593096  curZ =  -6.593604
02-03 19:26:40.806 W/Sclibration(27104): processUnSolicited x =  135  y =  393
02-03 19:26:40.806 W/Sclibration(27104): processUnSolicited isLeftForX =  false  isDownForY =  false
02-03 19:26:40.806 W/Sclibration(27104): processUnSolicited sum =  66564.0  rr =  8464.0
02-03 19:26:40.806 W/Sclibration(27104): processUnSolicited angle =  0.33088272061605306  tempX =  222  tempY =  164
02-03 19:26:40.806 W/Sclibration(27104): processUnSolicited end x =  222  y =  164
02-03 19:26:40.806 W/Sclibration(27104): ScalibrationView--setBallLocation  m_calibrated =  false
02-03 19:26:40.806 W/Sclibration(27104): ScalibrationView--setBallLocation2  m_calibrated =  false
02-03 19:26:40.806 W/Sclibration(27104): onSensorChanged count =  8857  count%LOOPCOUNT =  7
02-03 19:26:40.806 W/Sclibration(27104): onSensorChanged filter =  30719  tp = 9
02-03 19:26:40.806 W/Sclibration(27104): onSensorChanged filter =  27130  tp = 0
02-03 19:26:40.806 W/Sclibration(27104): onSensorChanged count =  2713
02-03 19:26:40.806 W/Sclibration(27104): onSensorChanged curX =  0.01766407  curY =  -6.4593096  curZ =  -6.593604
02-03 19:26:40.806 W/Sclibration(27104): processUnSolicited begin
02-03 19:26:40.806 W/Sclibration(27104): processUnSolicited curX =  0.01766407  curY =  -6.4593096  curZ =  -6.593604
02-03 19:26:40.806 W/Sclibration(27104): processUnSolicited x =  135  y =  393
02-03 19:26:40.806 W/Sclibration(27104): processUnSolicited isLeftForX =  false  isDownForY =  false
02-03 19:26:40.806 W/Sclibration(27104): processUnSolicited sum =  66564.0  rr =  8464.0
02-03 19:26:40.806 W/Sclibration(27104): processUnSolicited angle =  0.33088272061605306  tempX =  222  tempY =  164
02-03 19:26:40.806 W/Sclibration(27104): processUnSolicited end x =  222  y =  164
02-03 19:26:40.806 W/Sclibration(27104): ScalibrationView--setBallLocation  m_calibrated =  false
02-03 19:26:40.806 W/Sclibration(27104): ScalibrationView--setBallLocation2  m_calibrated =  false
02-03 19:26:40.806 W/Sclibration(27104): onSensorChanged count =  2713  count%LOOPCOUNT =  13
02-03 19:26:40.916 D/KeyguardViewMediator(26892): keyguardDone(true)
02-03 19:26:40.926 W/Sclibration(27104): onSensorChanged filter =  88571  tp = 1
02-03 19:26:40.926 W/Sclibration(27104): onSensorChanged filter =  30720  tp = 0
02-03 19:26:40.926 W/Sclibration(27104): onSensorChanged count =  3072
02-03 19:26:40.926 W/Sclibration(27104): onSensorChanged curX =  0.043477573  curY =  -6.48925  curZ =  -6.4966555
02-03 19:26:40.926 W/Sclibration(27104): processUnSolicited begin
02-03 19:26:40.926 W/Sclibration(27104): processUnSolicited curX =  0.043477573  curY =  -6.48925  curZ =  -6.4966555
02-03 19:26:40.926 W/Sclibration(27104): processUnSolicited x =  136  y =  394
02-03 19:26:40.926 W/Sclibration(27104): processUnSolicited isLeftForX =  false  isDownForY =  false
02-03 19:26:40.926 W/Sclibration(27104): processUnSolicited sum =  67082.0  rr =  8464.0
02-03 19:26:40.926 W/Sclibration(27104): processUnSolicited angle =  0.33237230970380416  tempX =  221  tempY =  165
02-03 19:26:40.926 W/Sclibration(27104): processUnSolicited end x =  221  y =  165
02-03 19:26:40.926 W/Sclibration(27104): ScalibrationView--setBallLocation  m_calibrated =  false
02-03 19:26:40.926 W/Sclibration(27104): ScalibrationView--setBallLocation2  m_calibrated =  false
02-03 19:26:40.926 D/KeyguardViewMediator(26892): handleKeyguardDone
02-03 19:26:40.926 D/KeyguardViewMediator(26892): handleHide
02-03 19:26:40.926 D/KeyguardViewMediator(26892): adjustUserActivityLocked mShowing: false mHidden: false
02-03 19:26:40.936 D/PowerManagerService(26892): UnPartial  wakeLock  reactivate ,flags=0x1000001a tag=keyguard
02-03 19:26:40.936 D/PowerManagerService(26892): releaseWakeLock flags=0x1000001a tag=keyguard
02-03 19:26:40.946 D/KeyguardViewMediator(26892): setHidden false
02-03 19:26:40.946 D/KeyguardViewMediator(26892): setHidden false
02-03 19:26:40.956 D/KeyguardViewMediator(26892): setHidden false
02-03 19:26:40.976 D/KeyguardViewMediator(26892): setHidden false
02-03 19:26:40.986 W/Sclibration(27104): onSensorChanged count =  3072  count%LOOPCOUNT =  12
02-03 19:26:40.986 D/KeyguardViewMediator(26892): setHidden false
02-03 19:26:40.996 W/Sclibration(27104): onSensorChanged filter =  27131  tp = 1
02-03 19:26:40.996 W/Sclibration(27104): onSensorChanged filter =  88572  tp = 2
02-03 19:26:40.996 W/Sclibration(27104): onSensorChanged filter =  30721  tp = 1
02-03 19:26:40.996 W/Sclibration(27104): onSensorChanged filter =  27132  tp = 2
02-03 19:26:41.006 D/KeyguardViewMediator(26892): setHidden false
02-03 19:26:41.016 D/KeyguardViewMediator(26892): setHidden false
02-03 19:26:41.036 D/KeyguardViewMediator(26892): setHidden false
02-03 19:26:41.056 D/KeyguardViewMediator(26892): setHidden false
02-03 19:26:41.066 W/Sclibration(27104): onSensorChanged filter =  88573  tp = 3
02-03 19:26:41.066 W/Sclibration(27104): onSensorChanged filter =  30722  tp = 2
02-03 19:26:41.066 W/Sclibration(27104): onSensorChanged filter =  27133  tp = 3
02-03 19:26:41.066 D/KeyguardViewMediator(26892): setHidden false
02-03 19:26:41.086 W/Sclibration(27104): onSensorChanged filter =  88574  tp = 4
02-03 19:26:41.086 W/Sclibration(27104): onSensorChanged filter =  30723  tp = 3
02-03 19:26:41.086 W/Sclibration(27104): onSensorChanged filter =  27134  tp = 4
02-03 19:26:41.086 D/KeyguardViewMediator(26892): setHidden false
02-03 19:26:41.096 D/KeyguardViewMediator(26892): setHidden false
02-03 19:26:41.116 W/Sclibration(27104): onSensorChanged filter =  88575  tp = 5
02-03 19:26:41.116 W/Sclibration(27104): onSensorChanged filter =  30724  tp = 4
02-03 19:26:41.116 W/Sclibration(27104): onSensorChanged filter =  27135  tp = 5
02-03 19:26:41.116 D/KeyguardViewMediator(26892): setHidden false
02-03 19:26:41.126 W/Sclibration(27104): onSensorChanged filter =  88576  tp = 6
02-03 19:26:41.126 W/Sclibration(27104): onSensorChanged filter =  30725  tp = 5
02-03 19:26:41.126 W/Sclibration(27104): onSensorChanged filter =  27136  tp = 6
02-03 19:26:41.136 D/KeyguardViewMediator(26892): setHidden false
02-03 19:26:41.146 D/KeyguardViewMediator(26892): setHidden false
02-03 19:26:41.166 D/KeyguardViewMediator(26892): setHidden false
02-03 19:26:41.176 D/KeyguardViewMediator(26892): setHidden false
02-03 19:26:41.196 D/KeyguardViewMediator(26892): setHidden false
02-03 19:26:41.216 D/KeyguardViewMediator(26892): setHidden false
02-03 19:26:41.226 D/KeyguardViewMediator(26892): setHidden false
02-03 19:26:41.246 D/KeyguardViewMediator(26892): setHidden false
02-03 19:26:41.256 W/Sclibration(27104): onSensorChanged filter =  88577  tp = 7
02-03 19:26:41.256 W/Sclibration(27104): onSensorChanged filter =  30726  tp = 6
02-03 19:26:41.256 W/Sclibration(27104): onSensorChanged filter =  27137  tp = 7
02-03 19:26:41.266 D/KeyguardViewMediator(26892): setHidden false
02-03 19:26:41.276 W/Sclibration(27104): onSensorChanged filter =  88578  tp = 8
02-03 19:26:41.276 W/Sclibration(27104): onSensorChanged filter =  30727  tp = 7
02-03 19:26:41.276 W/Sclibration(27104): onSensorChanged filter =  27138  tp = 8
02-03 19:26:41.276 D/KeyguardViewMediator(26892): setHidden false
02-03 19:26:41.296 D/KeyguardViewMediator(26892): setHidden false
02-03 19:26:41.306 D/KeyguardViewMediator(26892): setHidden false
02-03 19:26:41.326 D/KeyguardViewMediator(26892): setHidden false
02-03 19:26:41.346 D/KeyguardViewMediator(26892): setHidden false
02-03 19:26:41.356 D/KeyguardViewMediator(26892): setHidden false
02-03 19:26:41.366 D/KeyguardViewMediator(26892): setHidden false
02-03 19:26:41.376 D/KeyguardViewMediator(26892): setHidden false
02-03 19:26:41.386 W/Sclibration(27104): onSensorChanged filter =  88579  tp = 9
02-03 19:26:41.396 W/Sclibration(27104): onSensorChanged filter =  30728  tp = 8
02-03 19:26:41.396 W/Sclibration(27104): onSensorChanged filter =  27139  tp = 9
02-03 19:26:41.417 W/Sclibration(27104): onSensorChanged filter =  88580  tp = 0
02-03 19:26:41.417 W/Sclibration(27104): onSensorChanged count =  8858
02-03 19:26:41.417 W/Sclibration(27104): onSensorChanged curX =  0.22977948  curY =  -7.0904264  curZ =  -5.6196194
02-03 19:26:41.417 W/Sclibration(27104): processUnSolicited begin
02-03 19:26:41.417 W/Sclibration(27104): processUnSolicited curX =  0.22977948  curY =  -7.0904264  curZ =  -5.6196194
02-03 19:26:41.417 W/Sclibration(27104): processUnSolicited x =  144  y =  418
02-03 19:26:41.417 W/Sclibration(27104): processUnSolicited isLeftForX =  false  isDownForY =  false
02-03 19:26:41.417 W/Sclibration(27104): processUnSolicited sum =  80170.0  rr =  8464.0
02-03 19:26:41.417 W/Sclibration(27104): processUnSolicited angle =  0.3317645258024333  tempX =  221  tempY =  164
02-03 19:26:41.417 W/Sclibration(27104): processUnSolicited end x =  221  y =  164
02-03 19:26:41.417 W/Sclibration(27104): ScalibrationView--setBallLocation  m_calibrated =  false
02-03 19:26:41.417 W/Sclibration(27104): ScalibrationView--setBallLocation2  m_calibrated =  false
02-03 19:26:41.417 W/Sclibration(27104): onSensorChanged count =  8858  count%LOOPCOUNT =  8
02-03 19:26:41.417 W/Sclibration(27104): onSensorChanged filter =  30729  tp = 9
02-03 19:26:41.417 W/Sclibration(27104): onSensorChanged filter =  27140  tp = 0
02-03 19:26:41.417 W/Sclibration(27104): onSensorChanged count =  2714
02-03 19:26:41.417 W/Sclibration(27104): onSensorChanged curX =  0.22977948  curY =  -7.0904264  curZ =  -5.6196194
02-03 19:26:41.417 W/Sclibration(27104): processUnSolicited begin
02-03 19:26:41.417 W/Sclibration(27104): processUnSolicited curX =  0.22977948  curY =  -7.0904264  curZ =  -5.6196194
02-03 19:26:41.417 W/Sclibration(27104): processUnSolicited x =  144  y =  418
02-03 19:26:41.417 W/Sclibration(27104): processUnSolicited isLeftForX =  false  isDownForY =  false
02-03 19:26:41.417 W/Sclibration(27104): processUnSolicited sum =  80170.0  rr =  8464.0
02-03 19:26:41.417 W/Sclibration(27104): processUnSolicited angle =  0.3317645258024333  tempX =  221  tempY =  164
02-03 19:26:41.417 W/Sclibration(27104): processUnSolicited end x =  221  y =  164
02-03 19:26:41.417 W/Sclibration(27104): ScalibrationView--setBallLocation  m_calibrated =  false
02-03 19:26:41.417 W/Sclibration(27104): ScalibrationView--setBallLocation2  m_calibrated =  false
02-03 19:26:41.417 W/Sclibration(27104): onSensorChanged count =  2714  count%LOOPCOUNT =  14
02-03 19:26:41.437 W/Sclibration(27104): onSensorChanged filter =  88581  tp = 1
02-03 19:26:41.437 W/Sclibration(27104): onSensorChanged filter =  30730  tp = 0
02-03 19:26:41.437 W/Sclibration(27104): onSensorChanged count =  3073
02-03 19:26:41.437 W/Sclibration(27104): onSensorChanged curX =  0.2803175  curY =  -7.0329514  curZ =  -5.77369
02-03 19:26:41.437 W/Sclibration(27104): processUnSolicited begin
02-03 19:26:41.437 W/Sclibration(27104): processUnSolicited curX =  0.2803175  curY =  -7.0329514  curZ =  -5.77369
02-03 19:26:41.437 W/Sclibration(27104): processUnSolicited x =  146  y =  416
02-03 19:26:41.437 W/Sclibration(27104): processUnSolicited isLeftForX =  false  isDownForY =  false
02-03 19:26:41.437 W/Sclibration(27104): processUnSolicited sum =  79082.0  rr =  8464.0
02-03 19:26:41.437 W/Sclibration(27104): processUnSolicited angle =  0.3375311668545553  tempX =  221  tempY =  165
02-03 19:26:41.437 W/Sclibration(27104): processUnSolicited end x =  221  y =  165
02-03 19:26:41.437 W/Sclibration(27104): ScalibrationView--setBallLocation  m_calibrated =  false
02-03 19:26:41.437 W/Sclibration(27104): ScalibrationView--setBallLocation2  m_calibrated =  false
02-03 19:26:41.437 W/Sclibration(27104): onSensorChanged count =  3073  count%LOOPCOUNT =  13
02-03 19:26:41.437 W/Sclibration(27104): onSensorChanged filter =  27141  tp = 1
02-03 19:26:41.557 W/Sclibration(27104): onSensorChanged filter =  88582  tp = 2
02-03 19:26:41.557 W/Sclibration(27104): onSensorChanged filter =  30731  tp = 1
02-03 19:26:41.557 W/Sclibration(27104): onSensorChanged filter =  27142  tp = 2
02-03 19:26:41.577 W/Sclibration(27104): onSensorChanged filter =  88583  tp = 3
02-03 19:26:41.577 W/Sclibration(27104): onSensorChanged filter =  30732  tp = 2
02-03 19:26:41.577 W/Sclibration(27104): onSensorChanged filter =  27143  tp = 3
02-03 19:26:41.597 W/Sclibration(27104): onSensorChanged filter =  88584  tp = 4
02-03 19:26:41.597 W/Sclibration(27104): onSensorChanged filter =  30733  tp = 3
02-03 19:26:41.597 W/Sclibration(27104): onSensorChanged filter =  27144  tp = 4
02-03 19:26:41.617 W/Sclibration(27104): onSensorChanged filter =  88585  tp = 5
02-03 19:26:41.617 W/Sclibration(27104): onSensorChanged filter =  30734  tp = 4
02-03 19:26:41.617 W/Sclibration(27104): onSensorChanged filter =  27145  tp = 5
02-03 19:26:41.637 W/Sclibration(27104): onSensorChanged filter =  88586  tp = 6
02-03 19:26:41.637 W/Sclibration(27104): onSensorChanged filter =  30735  tp = 5
02-03 19:26:41.637 W/Sclibration(27104): onSensorChanged filter =  27146  tp = 6
02-03 19:26:41.757 W/Sclibration(27104): onSensorChanged filter =  88587  tp = 7
02-03 19:26:41.757 W/Sclibration(27104): onSensorChanged filter =  30736  tp = 6
02-03 19:26:41.757 W/Sclibration(27104): onSensorChanged filter =  27147  tp = 7
02-03 19:26:41.877 W/Sclibration(27104): onSensorChanged filter =  88588  tp = 8
02-03 19:26:41.877 W/Sclibration(27104): onSensorChanged filter =  30737  tp = 7
02-03 19:26:41.877 W/Sclibration(27104): onSensorChanged filter =  27148  tp = 8
02-03 19:26:42.007 W/Sclibration(27104): onSensorChanged filter =  88589  tp = 9
02-03 19:26:42.007 W/Sclibration(27104): onSensorChanged filter =  30738  tp = 8
02-03 19:26:42.007 W/Sclibration(27104): onSensorChanged filter =  27149  tp = 9
02-03 19:26:42.127 W/Sclibration(27104): onSensorChanged filter =  88590  tp = 0
02-03 19:26:42.127 W/Sclibration(27104): onSensorChanged count =  8859
02-03 19:26:42.137 W/KeyCharacterMap(32706): Can't open keycharmap file
02-03 19:26:42.147 W/KeyCharacterMap(32706): Error loading keycharmap file '/system/usr/keychars/7k_handset.kcm.bin'. hw.keyboards.65537.devname='7k_handset'
02-03 19:26:42.147 W/KeyCharacterMap(32706): Using default keymap: /system/usr/keychars/qwerty.kcm.bin
02-03 19:26:42.147 D/Gmail   (32706): com.google.android.gm.HtmlConversationActivity@405ce2c0 onKeyDown() keyCode:26 event:KeyEvent{action=0 code=26 repeat=1 meta=0 scancode=116 mFlags=136}
02-03 19:26:42.157 W/Sclibration(27104): onSensorChanged curX =  -0.25452384  curY =  -6.8107514  curZ =  -6.3285723
02-03 19:26:42.197 D/GlobalActions(26892): Device WarmBoot Capability = false
02-03 19:26:42.197 D/Gmail   (32706): com.google.android.gm.HtmlConversationActivity@405ce2c0 onKeyDown() keyCode:26 event:KeyEvent{action=0 code=26 repeat=2 meta=0 scancode=116 mFlags=8}
02-03 19:26:42.207 D/Launcher(26987): Closing system Dialogs 
02-03 19:26:42.217 W/Sclibration(27104): processUnSolicited begin
02-03 19:26:42.227 W/Sclibration(27104): processUnSolicited curX =  -0.25452384  curY =  -6.8107514  curZ =  -6.3285723
02-03 19:26:42.227 D/Gmail   (32706): com.google.android.gm.HtmlConversationActivity@405ce2c0 onKeyDown() keyCode:26 event:KeyEvent{action=0 code=26 repeat=3 meta=0 scancode=116 mFlags=8}
02-03 19:26:42.237 W/Sclibration(27104): processUnSolicited x =  125  y =  407
02-03 19:26:42.247 W/Sclibration(27104): processUnSolicited isLeftForX =  true  isDownForY =  false
02-03 19:26:42.247 W/Sclibration(27104): processUnSolicited sum =  74084.0  rr =  8464.0
02-03 19:26:42.257 W/Sclibration(27104): processUnSolicited angle =  0.29798088638990416  tempX =  48  tempY =  162
02-03 19:26:42.257 W/Sclibration(27104): processUnSolicited end x =  48  y =  162
02-03 19:26:42.257 W/Sclibration(27104): ScalibrationView--setBallLocation  m_calibrated =  false
02-03 19:26:42.257 W/Sclibration(27104): ScalibrationView--setBallLocation2  m_calibrated =  false
02-03 19:26:42.257 W/Sclibration(27104): onSensorChanged count =  8859  count%LOOPCOUNT =  9
02-03 19:26:42.267 D/KeyguardViewMediator(26892): setHidden false
02-03 19:26:42.287 W/Sclibration(27104): onSensorChanged filter =  30739  tp = 9
02-03 19:26:42.287 W/Sclibration(27104): onSensorChanged filter =  27150  tp = 0
02-03 19:26:42.287 W/Sclibration(27104): onSensorChanged count =  2715
02-03 19:26:42.287 W/Sclibration(27104): onSensorChanged curX =  -0.25452384  curY =  -6.8107514  curZ =  -6.3285723
02-03 19:26:42.287 W/KeyCharacterMap(26892): Can't open keycharmap file
02-03 19:26:42.287 W/KeyCharacterMap(26892): Error loading keycharmap file '/system/usr/keychars/7k_handset.kcm.bin'. hw.keyboards.65537.devname='7k_handset'
02-03 19:26:42.287 W/KeyCharacterMap(26892): Using default keymap: /system/usr/keychars/qwerty.kcm.bin
02-03 19:26:42.307 W/Sclibration(27104): processUnSolicited begin
02-03 19:26:42.307 W/Sclibration(27104): processUnSolicited curX =  -0.25452384  curY =  -6.8107514  curZ =  -6.3285723
02-03 19:26:42.307 W/Sclibration(27104): processUnSolicited x =  125  y =  407
02-03 19:26:42.307 W/Sclibration(27104): processUnSolicited isLeftForX =  true  isDownForY =  false
02-03 19:26:42.307 W/Sclibration(27104): processUnSolicited sum =  74084.0  rr =  8464.0
02-03 19:26:42.307 W/Sclibration(27104): processUnSolicited angle =  0.29798088638990416  tempX =  48  tempY =  162
02-03 19:26:42.307 D/KeyguardViewMediator(26892): setHidden false
02-03 19:26:42.307 W/Sclibration(27104): processUnSolicited end x =  48  y =  162
02-03 19:26:42.307 W/Sclibration(27104): ScalibrationView--setBallLocation  m_calibrated =  false
02-03 19:26:42.307 W/Sclibration(27104): ScalibrationView--setBallLocation2  m_calibrated =  false
02-03 19:26:42.317 D/KeyguardViewMediator(26892): setHidden false
02-03 19:26:42.347 D/KeyguardViewMediator(26892): setHidden false
02-03 19:26:42.357 D/KeyguardViewMediator(26892): setHidden false
02-03 19:26:42.377 D/KeyguardViewMediator(26892): setHidden false
02-03 19:26:42.417 D/KeyguardViewMediator(26892): setHidden false
02-03 19:26:42.428 W/Sclibration(27104): onSensorChanged count =  2715  count%LOOPCOUNT =  15
02-03 19:26:42.428 W/Sclibration(27104): onSensorChanged filter =  88591  tp = 1
02-03 19:26:42.428 W/Sclibration(27104): onSensorChanged filter =  30740  tp = 0
02-03 19:26:42.428 W/Sclibration(27104): onSensorChanged count =  3074
02-03 19:26:42.428 W/Sclibration(27104): onSensorChanged curX =  -0.33040348  curY =  -6.853274  curZ =  -6.2954583
02-03 19:26:42.428 W/Sclibration(27104): processUnSolicited begin
02-03 19:26:42.428 W/Sclibration(27104): processUnSolicited curX =  -0.33040348  curY =  -6.853274  curZ =  -6.2954583
02-03 19:26:42.428 W/Sclibration(27104): processUnSolicited x =  122  y =  409
02-03 19:26:42.428 W/Sclibration(27104): processUnSolicited isLeftForX =  true  isDownForY =  false
02-03 19:26:42.428 W/Sclibration(27104): processUnSolicited sum =  75245.0  rr =  8464.0
02-03 19:26:42.428 W/Sclibration(27104): processUnSolicited angle =  0.28988588015069816  tempX =  47  tempY =  161
02-03 19:26:42.428 W/Sclibration(27104): processUnSolicited end x =  47  y =  161
02-03 19:26:42.428 D/KeyguardViewMediator(26892): setHidden false
02-03 19:26:42.438 W/Sclibration(27104): ScalibrationView--setBallLocation  m_calibrated =  false
02-03 19:26:42.438 W/Sclibration(27104): ScalibrationView--setBallLocation2  m_calibrated =  false
02-03 19:26:42.438 W/Sclibration(27104): onSensorChanged count =  3074  count%LOOPCOUNT =  14
02-03 19:26:42.438 W/Sclibration(27104): onSensorChanged filter =  27151  tp = 1
02-03 19:26:42.438 W/Sclibration(27104): onSensorChanged filter =  88592  tp = 2
02-03 19:26:42.438 W/Sclibration(27104): onSensorChanged filter =  30741  tp = 1
02-03 19:26:42.438 W/Sclibration(27104): onSensorChanged filter =  27152  tp = 2
02-03 19:26:42.438 W/Sclibration(27104): onSensorChanged filter =  88593  tp = 3
02-03 19:26:42.438 W/Sclibration(27104): onSensorChanged filter =  30742  tp = 2
02-03 19:26:42.438 W/Sclibration(27104): onSensorChanged filter =  27153  tp = 3
02-03 19:26:42.438 W/Sclibration(27104): onSensorChanged filter =  88594  tp = 4
02-03 19:26:42.438 W/Sclibration(27104): onSensorChanged filter =  30743  tp = 3
02-03 19:26:42.438 W/Sclibration(27104): onSensorChanged filter =  27154  tp = 4
02-03 19:26:42.438 W/Sclibration(27104): onSensorChanged filter =  88595  tp = 5
02-03 19:26:42.438 W/Sclibration(27104): onSensorChanged filter =  30744  tp = 4
02-03 19:26:42.438 W/Sclibration(27104): onSensorChanged filter =  27155  tp = 5
02-03 19:26:42.448 D/KeyguardViewMediator(26892): setHidden false
02-03 19:26:42.458 W/Sclibration(27104): onSensorChanged filter =  88596  tp = 6
02-03 19:26:42.458 W/Sclibration(27104): onSensorChanged filter =  30745  tp = 5
02-03 19:26:42.458 W/Sclibration(27104): onSensorChanged filter =  27156  tp = 6
02-03 19:26:42.468 D/KeyguardViewMediator(26892): setHidden false
02-03 19:26:42.478 W/Sclibration(27104): onSensorChanged filter =  88597  tp = 7
02-03 19:26:42.478 W/Sclibration(27104): onSensorChanged filter =  30746  tp = 6
02-03 19:26:42.478 W/Sclibration(27104): onSensorChanged filter =  27157  tp = 7
02-03 19:26:42.478 D/KeyguardViewMediator(26892): setHidden false
02-03 19:26:42.498 D/KeyguardViewMediator(26892): setHidden false
02-03 19:26:42.518 D/KeyguardViewMediator(26892): setHidden false
02-03 19:26:42.528 D/KeyguardViewMediator(26892): setHidden false
02-03 19:26:42.548 D/KeyguardViewMediator(26892): setHidden false
02-03 19:26:42.558 D/KeyguardViewMediator(26892): setHidden false
02-03 19:26:42.578 D/KeyguardViewMediator(26892): setHidden false
02-03 19:26:42.598 D/KeyguardViewMediator(26892): setHidden false
02-03 19:26:42.598 W/Sclibration(27104): onSensorChanged filter =  88598  tp = 8
02-03 19:26:42.598 W/Sclibration(27104): onSensorChanged filter =  30747  tp = 7
02-03 19:26:42.598 W/Sclibration(27104): onSensorChanged filter =  27158  tp = 8
02-03 19:26:42.608 D/KeyguardViewMediator(26892): setHidden false
02-03 19:26:42.618 W/Sclibration(27104): onSensorChanged filter =  88599  tp = 9
02-03 19:26:42.618 W/Sclibration(27104): onSensorChanged filter =  30748  tp = 8
02-03 19:26:42.618 W/Sclibration(27104): onSensorChanged filter =  27159  tp = 9
02-03 19:26:42.628 D/KeyguardViewMediator(26892): setHidden false
02-03 19:26:42.638 W/Sclibration(27104): onSensorChanged filter =  88600  tp = 0
02-03 19:26:42.638 W/Sclibration(27104): onSensorChanged count =  8860
02-03 19:26:42.638 W/Sclibration(27104): onSensorChanged curX =  -0.74137324  curY =  -6.878218  curZ =  -6.0438375
02-03 19:26:42.638 W/Sclibration(27104): processUnSolicited begin
02-03 19:26:42.638 D/KeyguardViewMediator(26892): setHidden false
02-03 19:26:42.648 W/Sclibration(27104): processUnSolicited curX =  -0.74137324  curY =  -6.878218  curZ =  -6.0438375
02-03 19:26:42.648 W/Sclibration(27104): processUnSolicited x =  106  y =  410
02-03 19:26:42.648 W/Sclibration(27104): processUnSolicited isLeftForX =  true  isDownForY =  false
02-03 19:26:42.648 W/Sclibration(27104): processUnSolicited sum =  76466.0  rr =  8464.0
02-03 19:26:42.648 W/Sclibration(27104): processUnSolicited angle =  0.25299681889712666  tempX =  46  tempY =  158
02-03 19:26:42.648 W/Sclibration(27104): processUnSolicited end x =  46  y =  158
02-03 19:26:42.648 W/Sclibration(27104): ScalibrationView--setBallLocation  m_calibrated =  false
02-03 19:26:42.648 W/Sclibration(27104): ScalibrationView--setBallLocation2  m_calibrated =  false
02-03 19:26:42.648 W/Sclibration(27104): onSensorChanged count =  8860  count%LOOPCOUNT =  10
02-03 19:26:42.648 W/Sclibration(27104): onSensorChanged filter =  30749  tp = 9
02-03 19:26:42.648 W/Sclibration(27104): onSensorChanged filter =  27160  tp = 0
02-03 19:26:42.648 W/Sclibration(27104): onSensorChanged count =  2716
02-03 19:26:42.648 W/Sclibration(27104): onSensorChanged curX =  -0.74137324  curY =  -6.878218  curZ =  -6.0438375
02-03 19:26:42.648 W/Sclibration(27104): processUnSolicited begin
02-03 19:26:42.648 W/Sclibration(27104): processUnSolicited curX =  -0.74137324  curY =  -6.878218  curZ =  -6.0438375
02-03 19:26:42.648 W/Sclibration(27104): processUnSolicited x =  106  y =  410
02-03 19:26:42.648 W/Sclibration(27104): processUnSolicited isLeftForX =  true  isDownForY =  false
02-03 19:26:42.648 W/Sclibration(27104): processUnSolicited sum =  76466.0  rr =  8464.0
02-03 19:26:42.648 W/Sclibration(27104): processUnSolicited angle =  0.25299681889712666  tempX =  46  tempY =  158
02-03 19:26:42.648 W/Sclibration(27104): processUnSolicited end x =  46  y =  158
02-03 19:26:42.648 W/Sclibration(27104): ScalibrationView--setBallLocation  m_calibrated =  false
02-03 19:26:42.648 W/Sclibration(27104): ScalibrationView--setBallLocation2  m_calibrated =  false
02-03 19:26:42.648 W/Sclibration(27104): onSensorChanged count =  2716  count%LOOPCOUNT =  16
02-03 19:26:42.658 D/KeyguardViewMediator(26892): setHidden false
02-03 19:26:42.678 D/KeyguardViewMediator(26892): setHidden false
02-03 19:26:42.688 D/KeyguardViewMediator(26892): setHidden false
02-03 19:26:42.708 D/KeyguardViewMediator(26892): setHidden false
02-03 19:26:42.718 D/KeyguardViewMediator(26892): setHidden false
02-03 19:26:42.738 D/KeyguardViewMediator(26892): setHidden false
02-03 19:26:42.758 D/KeyguardViewMediator(26892): setHidden false
02-03 19:26:42.768 D/KeyguardViewMediator(26892): setHidden false
02-03 19:26:42.788 W/Sclibration(27104): onSensorChanged filter =  88601  tp = 1
02-03 19:26:42.788 W/Sclibration(27104): onSensorChanged filter =  30750  tp = 0
02-03 19:26:42.788 D/KeyguardViewMediator(26892): setHidden false
02-03 19:26:42.808 D/KeyguardViewMediator(26892): setHidden false
02-03 19:26:42.818 W/Sclibration(27104): onSensorChanged count =  3075
02-03 19:26:42.818 W/Sclibration(27104): onSensorChanged curX =  -0.7160788  curY =  -6.909379  curZ =  -6.119336
02-03 19:26:42.818 W/Sclibration(27104): processUnSolicited begin
02-03 19:26:42.818 W/Sclibration(27104): processUnSolicited curX =  -0.7160788  curY =  -6.909379  curZ =  -6.119336
02-03 19:26:42.818 W/Sclibration(27104): processUnSolicited x =  107  y =  411
02-03 19:26:42.818 W/Sclibration(27104): processUnSolicited isLeftForX =  true  isDownForY =  false
02-03 19:26:42.818 W/Sclibration(27104): processUnSolicited sum =  76960.0  rr =  8464.0
02-03 19:26:42.818 W/Sclibration(27104): processUnSolicited angle =  0.25468709596097305  tempX =  46  tempY =  158
02-03 19:26:42.818 W/Sclibration(27104): processUnSolicited end x =  46  y =  158
02-03 19:26:42.818 W/Sclibration(27104): ScalibrationView--setBallLocation  m_calibrated =  false
02-03 19:26:42.818 W/Sclibration(27104): ScalibrationView--setBallLocation2  m_calibrated =  false
02-03 19:26:42.818 W/Sclibration(27104): onSensorChanged count =  3075  count%LOOPCOUNT =  15
02-03 19:26:42.818 W/Sclibration(27104): onSensorChanged filter =  27161  tp = 1
02-03 19:26:42.818 W/Sclibration(27104): onSensorChanged filter =  88602  tp = 2
02-03 19:26:42.818 W/Sclibration(27104): onSensorChanged filter =  30751  tp = 1
02-03 19:26:42.818 W/Sclibration(27104): onSensorChanged filter =  27162  tp = 2
02-03 19:26:42.818 W/Sclibration(27104): onSensorChanged filter =  88603  tp = 3
02-03 19:26:42.818 W/Sclibration(27104): onSensorChanged filter =  30752  tp = 2
02-03 19:26:42.818 W/Sclibration(27104): onSensorChanged filter =  27163  tp = 3
02-03 19:26:42.828 D/KeyguardViewMediator(26892): setHidden false
02-03 19:26:42.838 D/KeyguardViewMediator(26892): setHidden false
02-03 19:26:42.878 D/KeyguardViewMediator(26892): setHidden false
02-03 19:26:42.888 D/KeyguardViewMediator(26892): setHidden false
02-03 19:26:42.908 D/KeyguardViewMediator(26892): setHidden false
02-03 19:26:42.928 D/KeyguardViewMediator(26892): setHidden false
02-03 19:26:42.948 D/KeyguardViewMediator(26892): setHidden false
02-03 19:26:42.978 D/KeyguardViewMediator(26892): setHidden false
02-03 19:26:42.978 W/Sclibration(27104): onSensorChanged filter =  88604  tp = 4
02-03 19:26:42.988 D/KeyguardViewMediator(26892): setHidden false
02-03 19:26:43.008 W/Sclibration(27104): onSensorChanged filter =  30753  tp = 3
02-03 19:26:43.008 W/Sclibration(27104): onSensorChanged filter =  27164  tp = 4
02-03 19:26:43.008 D/KeyguardViewMediator(26892): setHidden false
02-03 19:26:43.018 D/KeyguardViewMediator(26892): setHidden false
02-03 19:26:43.038 D/KeyguardViewMediator(26892): setHidden false
02-03 19:26:43.058 D/KeyguardViewMediator(26892): setHidden false
02-03 19:26:43.068 D/KeyguardViewMediator(26892): setHidden false
02-03 19:26:43.078 W/Sclibration(27104): onSensorChanged filter =  88605  tp = 5
02-03 19:26:43.078 W/Sclibration(27104): onSensorChanged filter =  30754  tp = 4
02-03 19:26:43.088 W/Sclibration(27104): onSensorChanged filter =  27165  tp = 5
02-03 19:26:43.088 W/Sclibration(27104): onSensorChanged filter =  88606  tp = 6
02-03 19:26:43.088 D/KeyguardViewMediator(26892): setHidden false
02-03 19:26:43.098 W/Sclibration(27104): onSensorChanged filter =  30755  tp = 5
02-03 19:26:43.108 D/KeyguardViewMediator(26892): setHidden false
02-03 19:26:43.108 W/Sclibration(27104): onSensorChanged filter =  27166  tp = 6
02-03 19:26:43.108 W/Sclibration(27104): onSensorChanged filter =  88607  tp = 7
02-03 19:26:43.108 W/Sclibration(27104): onSensorChanged filter =  30756  tp = 6
02-03 19:26:43.108 W/Sclibration(27104): onSensorChanged filter =  27167  tp = 7
02-03 19:26:43.118 D/KeyguardViewMediator(26892): setHidden false
02-03 19:26:43.138 D/KeyguardViewMediator(26892): setHidden false
02-03 19:26:43.158 D/KeyguardViewMediator(26892): setHidden false
02-03 19:26:43.168 D/KeyguardViewMediator(26892): setHidden false
02-03 19:26:43.188 D/KeyguardViewMediator(26892): setHidden false
02-03 19:26:43.208 D/KeyguardViewMediator(26892): setHidden false
02-03 19:26:43.218 D/KeyguardViewMediator(26892): setHidden false
02-03 19:26:43.228 W/Sclibration(27104): onSensorChanged filter =  88608  tp = 8
02-03 19:26:43.238 W/Sclibration(27104): onSensorChanged filter =  30757  tp = 7
02-03 19:26:43.238 W/Sclibration(27104): onSensorChanged filter =  27168  tp = 8
02-03 19:26:43.248 W/Sclibration(27104): onSensorChanged filter =  88609  tp = 9
02-03 19:26:43.248 W/Sclibration(27104): onSensorChanged filter =  30758  tp = 8
02-03 19:26:43.248 W/Sclibration(27104): onSensorChanged filter =  27169  tp = 9
02-03 19:26:43.368 W/Sclibration(27104): onSensorChanged filter =  88610  tp = 0
02-03 19:26:43.368 W/Sclibration(27104): onSensorChanged count =  8861
02-03 19:26:43.368 W/Sclibration(27104): onSensorChanged curX =  -0.7294632  curY =  -6.851041  curZ =  -6.126792
02-03 19:26:43.368 W/Sclibration(27104): processUnSolicited begin
02-03 19:26:43.368 W/Sclibration(27104): processUnSolicited curX =  -0.7294632  curY =  -6.851041  curZ =  -6.126792
02-03 19:26:43.368 W/Sclibration(27104): processUnSolicited x =  106  y =  409
02-03 19:26:43.368 W/Sclibration(27104): processUnSolicited isLeftForX =  true  isDownForY =  false
02-03 19:26:43.368 W/Sclibration(27104): processUnSolicited sum =  75917.0  rr =  8464.0
02-03 19:26:43.378 W/Sclibration(27104): processUnSolicited angle =  0.2535892425113538  tempX =  46  tempY =  158
02-03 19:26:43.378 W/Sclibration(27104): processUnSolicited end x =  46  y =  158
02-03 19:26:43.378 W/Sclibration(27104): ScalibrationView--setBallLocation  m_calibrated =  false
02-03 19:26:43.378 W/Sclibration(27104): ScalibrationView--setBallLocation2  m_calibrated =  false
02-03 19:26:43.378 W/Sclibration(27104): onSensorChanged count =  8861  count%LOOPCOUNT =  11
02-03 19:26:43.388 W/Sclibration(27104): onSensorChanged filter =  30759  tp = 9
02-03 19:26:43.408 W/Sclibration(27104): onSensorChanged filter =  27170  tp = 0
