02-03 17:57:00.641 W/Sclibration(27104): onSensorChanged filter =  88448  tp = 8
02-03 17:57:00.641 W/Sclibration(27104): onSensorChanged filter =  30597  tp = 7
02-03 17:57:00.641 W/Sclibration(27104): onSensorChanged filter =  27008  tp = 8
02-03 17:57:00.661 W/Sclibration(27104): onSensorChanged filter =  88449  tp = 9
02-03 17:57:00.671 W/Sclibration(27104): onSensorChanged filter =  30598  tp = 8
02-03 17:57:00.671 W/Sclibration(27104): onSensorChanged filter =  27009  tp = 9
02-03 17:57:00.691 W/Sclibration(27104): onSensorChanged filter =  88450  tp = 0
02-03 17:57:00.691 W/Sclibration(27104): onSensorChanged count =  8845
02-03 17:57:00.691 W/Sclibration(27104): onSensorChanged curX =  -1.4493065  curY =  -2.3149645  curZ =  -8.845144
02-03 17:57:00.691 W/Sclibration(27104): processUnSolicited begin
02-03 17:57:00.691 W/Sclibration(27104): processUnSolicited curX =  -1.4493065  curY =  -2.3149645  curZ =  -8.845144
02-03 17:57:00.691 W/Sclibration(27104): processUnSolicited x =  78  y =  227
02-03 17:57:00.691 W/Sclibration(27104): processUnSolicited isLeftForX =  true  isDownForY =  false
02-03 17:57:00.691 W/Sclibration(27104): processUnSolicited sum =  11713.0  rr =  8464.0
02-03 17:57:00.691 W/Sclibration(27104): processUnSolicited angle =  0.3309729543211049  tempX =  48  tempY =  164
02-03 17:57:00.691 W/Sclibration(27104): processUnSolicited end x =  48  y =  164
02-03 17:57:00.691 W/Sclibration(27104): ScalibrationView--setBallLocation  m_calibrated =  false
02-03 17:57:00.691 W/Sclibration(27104): ScalibrationView--setBallLocation2  m_calibrated =  false
02-03 17:57:00.691 W/Sclibration(27104): onSensorChanged count =  8845  count%LOOPCOUNT =  25
02-03 17:57:00.691 W/Sclibration(27104): onSensorChanged filter =  30599  tp = 9
02-03 17:57:00.691 W/Sclibration(27104): onSensorChanged filter =  27010  tp = 0
02-03 17:57:00.691 W/Sclibration(27104): onSensorChanged count =  2701
02-03 17:57:00.691 W/Sclibration(27104): onSensorChanged curX =  -1.4493065  curY =  -2.3149645  curZ =  -8.845144
02-03 17:57:00.691 W/Sclibration(27104): processUnSolicited begin
02-03 17:57:00.691 W/Sclibration(27104): processUnSolicited curX =  -1.4493065  curY =  -2.3149645  curZ =  -8.845144
02-03 17:57:00.691 W/Sclibration(27104): processUnSolicited x =  78  y =  227
02-03 17:57:00.691 W/Sclibration(27104): processUnSolicited isLeftForX =  true  isDownForY =  false
02-03 17:57:00.691 W/Sclibration(27104): processUnSolicited sum =  11713.0  rr =  8464.0
02-03 17:57:00.691 W/Sclibration(27104): processUnSolicited angle =  0.3309729543211049  tempX =  48  tempY =  164
02-03 17:57:00.691 W/Sclibration(27104): processUnSolicited end x =  48  y =  164
02-03 17:57:00.691 W/Sclibration(27104): ScalibrationView--setBallLocation  m_calibrated =  false
02-03 17:57:00.691 W/Sclibration(27104): ScalibrationView--setBallLocation2  m_calibrated =  false
02-03 17:57:00.691 W/Sclibration(27104): onSensorChanged count =  2701  count%LOOPCOUNT =  1
02-03 17:57:00.701 W/Sclibration(27104): onSensorChanged filter =  88451  tp = 1
02-03 17:57:00.701 W/Sclibration(27104): onSensorChanged filter =  30600  tp = 0
02-03 17:57:00.711 W/Sclibration(27104): onSensorChanged count =  3060
02-03 17:57:00.711 W/Sclibration(27104): onSensorChanged curX =  -1.5020715  curY =  -2.3517394  curZ =  -8.82588
02-03 17:57:00.711 W/Sclibration(27104): processUnSolicited begin
02-03 17:57:00.711 W/Sclibration(27104): processUnSolicited curX =  -1.5020715  curY =  -2.3517394  curZ =  -8.82588
02-03 17:57:00.711 W/Sclibration(27104): processUnSolicited x =  75  y =  229
02-03 17:57:00.711 W/Sclibration(27104): processUnSolicited isLeftForX =  true  isDownForY =  false
02-03 17:57:00.711 W/Sclibration(27104): processUnSolicited sum =  12436.0  rr =  8464.0
02-03 17:57:00.711 W/Sclibration(27104): processUnSolicited angle =  0.31650125878011565  tempX =  48  tempY =  163
02-03 17:57:00.711 W/Sclibration(27104): processUnSolicited end x =  48  y =  163
02-03 17:57:00.711 W/Sclibration(27104): ScalibrationView--setBallLocation  m_calibrated =  false
02-03 17:57:00.711 W/Sclibration(27104): ScalibrationView--setBallLocation2  m_calibrated =  false
02-03 17:57:00.711 W/Sclibration(27104): onSensorChanged count =  3060  count%LOOPCOUNT =  0
02-03 17:57:00.711 W/Sclibration(27104): onSensorChanged filter =  27011  tp = 1
02-03 17:57:00.731 W/Sclibration(27104): onSensorChanged filter =  88452  tp = 2
02-03 17:57:00.731 W/Sclibration(27104): onSensorChanged filter =  30601  tp = 1
02-03 17:57:00.731 W/Sclibration(27104): onSensorChanged filter =  27012  tp = 2
02-03 17:57:00.751 W/Sclibration(27104): onSensorChanged filter =  88453  tp = 3
02-03 17:57:00.751 W/Sclibration(27104): onSensorChanged filter =  30602  tp = 2
02-03 17:57:00.751 W/Sclibration(27104): onSensorChanged filter =  27013  tp = 3
02-03 17:57:00.871 W/Sclibration(27104): onSensorChanged filter =  88454  tp = 4
02-03 17:57:00.871 W/Sclibration(27104): onSensorChanged filter =  30603  tp = 3
02-03 17:57:00.871 W/Sclibration(27104): onSensorChanged filter =  27014  tp = 4
02-03 17:57:00.901 W/Sclibration(27104): onSensorChanged filter =  88455  tp = 5
02-03 17:57:00.901 W/Sclibration(27104): onSensorChanged filter =  30604  tp = 4
02-03 17:57:00.901 W/Sclibration(27104): onSensorChanged filter =  27015  tp = 5
02-03 17:57:00.911 W/Sclibration(27104): onSensorChanged filter =  88456  tp = 6
02-03 17:57:00.911 W/Sclibration(27104): onSensorChanged filter =  30605  tp = 5
02-03 17:57:00.911 W/Sclibration(27104): onSensorChanged filter =  27016  tp = 6
02-03 17:57:01.041 W/Sclibration(27104): onSensorChanged filter =  88457  tp = 7
02-03 17:57:01.041 W/Sclibration(27104): onSensorChanged filter =  30606  tp = 6
02-03 17:57:01.041 W/Sclibration(27104): onSensorChanged filter =  27017  tp = 7
02-03 17:57:01.162 W/Sclibration(27104): onSensorChanged filter =  88458  tp = 8
02-03 17:57:01.162 W/Sclibration(27104): onSensorChanged filter =  30607  tp = 7
02-03 17:57:01.162 W/Sclibration(27104): onSensorChanged filter =  27018  tp = 8
02-03 17:57:01.282 W/Sclibration(27104): onSensorChanged filter =  88459  tp = 9
02-03 17:57:01.282 W/Sclibration(27104): onSensorChanged filter =  30608  tp = 8
02-03 17:57:01.282 W/Sclibration(27104): onSensorChanged filter =  27019  tp = 9
02-03 17:57:01.302 W/Sclibration(27104): onSensorChanged filter =  88460  tp = 0
02-03 17:57:01.302 W/Sclibration(27104): onSensorChanged count =  8846
02-03 17:57:01.302 W/Sclibration(27104): onSensorChanged curX =  -1.3996167  curY =  -2.2474067  curZ =  -8.995687
02-03 17:57:01.302 W/Sclibration(27104): processUnSolicited begin
02-03 17:57:01.302 W/Sclibration(27104): processUnSolicited curX =  -1.3996167  curY =  -2.2474067  curZ =  -8.995687
02-03 17:57:01.302 W/Sclibration(27104): processUnSolicited x =  80  y =  224
02-03 17:57:01.302 W/Sclibration(27104): processUnSolicited isLeftForX =  true  isDownForY =  false
02-03 17:57:01.302 W/Sclibration(27104): processUnSolicited sum =  10946.0  rr =  8464.0
02-03 17:57:01.302 W/Sclibration(27104): processUnSolicited angle =  0.3430239404207034  tempX =  49  tempY =  165
02-03 17:57:01.302 W/Sclibration(27104): processUnSolicited end x =  49  y =  165
02-03 17:57:01.302 W/Sclibration(27104): ScalibrationView--setBallLocation  m_calibrated =  false
02-03 17:57:01.302 W/Sclibration(27104): ScalibrationView--setBallLocation2  m_calibrated =  false
02-03 17:57:01.302 W/Sclibration(27104): onSensorChanged count =  8846  count%LOOPCOUNT =  26
02-03 17:57:01.302 W/Sclibration(27104): onSensorChanged filter =  30609  tp = 9
02-03 17:57:01.302 W/Sclibration(27104): onSensorChanged filter =  27020  tp = 0
02-03 17:57:01.302 W/Sclibration(27104): onSensorChanged count =  2702
02-03 17:57:01.302 W/Sclibration(27104): onSensorChanged curX =  -1.3996167  curY =  -2.2474067  curZ =  -8.995687
02-03 17:57:01.302 W/Sclibration(27104): processUnSolicited begin
02-03 17:57:01.302 W/Sclibration(27104): processUnSolicited curX =  -1.3996167  curY =  -2.2474067  curZ =  -8.995687
02-03 17:57:01.302 W/Sclibration(27104): processUnSolicited x =  80  y =  224
02-03 17:57:01.302 W/Sclibration(27104): processUnSolicited isLeftForX =  true  isDownForY =  false
02-03 17:57:01.302 W/Sclibration(27104): processUnSolicited sum =  10946.0  rr =  8464.0
02-03 17:57:01.302 W/Sclibration(27104): processUnSolicited angle =  0.3430239404207034  tempX =  49  tempY =  165
02-03 17:57:01.302 W/Sclibration(27104): processUnSolicited end x =  49  y =  165
02-03 17:57:01.302 W/Sclibration(27104): ScalibrationView--setBallLocation  m_calibrated =  false
02-03 17:57:01.302 W/Sclibration(27104): ScalibrationView--setBallLocation2  m_calibrated =  false
02-03 17:57:01.302 W/Sclibration(27104): onSensorChanged count =  2702  count%LOOPCOUNT =  2
02-03 17:57:01.422 W/Sclibration(27104): onSensorChanged filter =  88461  tp = 1
02-03 17:57:01.422 W/Sclibration(27104): onSensorChanged filter =  30610  tp = 0
02-03 17:57:01.422 W/Sclibration(27104): onSensorChanged count =  3061
02-03 17:57:01.422 W/Sclibration(27104): onSensorChanged curX =  -1.304446  curY =  -2.2069545  curZ =  -9.034388
02-03 17:57:01.422 W/Sclibration(27104): processUnSolicited begin
02-03 17:57:01.422 W/Sclibration(27104): processUnSolicited curX =  -1.304446  curY =  -2.2069545  curZ =  -9.034388
02-03 17:57:01.422 W/Sclibration(27104): processUnSolicited x =  83  y =  223
02-03 17:57:01.422 W/Sclibration(27104): processUnSolicited isLeftForX =  true  isDownForY =  false
02-03 17:57:01.432 W/Sclibration(27104): processUnSolicited sum =  10448.0  rr =  8464.0
02-03 17:57:01.432 W/Sclibration(27104): processUnSolicited angle =  0.35631125565237476  tempX =  49  tempY =  167
02-03 17:57:01.432 W/Sclibration(27104): processUnSolicited end x =  49  y =  167
02-03 17:57:01.432 W/Sclibration(27104): ScalibrationView--setBallLocation  m_calibrated =  false
02-03 17:57:01.432 W/Sclibration(27104): ScalibrationView--setBallLocation2  m_calibrated =  false
02-03 17:57:01.432 W/Sclibration(27104): onSensorChanged count =  3061  count%LOOPCOUNT =  1
02-03 17:57:01.432 W/Sclibration(27104): onSensorChanged filter =  27021  tp = 1
02-03 17:57:01.452 W/Sclibration(27104): onSensorChanged filter =  88462  tp = 2
02-03 17:57:01.452 W/Sclibration(27104): onSensorChanged filter =  30611  tp = 1
02-03 17:57:01.452 W/Sclibration(27104): onSensorChanged filter =  27022  tp = 2
02-03 17:57:01.572 W/Sclibration(27104): onSensorChanged filter =  88463  tp = 3
02-03 17:57:01.572 W/Sclibration(27104): onSensorChanged filter =  30612  tp = 2
02-03 17:57:01.572 W/Sclibration(27104): onSensorChanged filter =  27023  tp = 3
02-03 17:57:01.692 W/Sclibration(27104): onSensorChanged filter =  88464  tp = 4
02-03 17:57:01.692 W/Sclibration(27104): onSensorChanged filter =  30613  tp = 3
02-03 17:57:01.692 W/Sclibration(27104): onSensorChanged filter =  27024  tp = 4
02-03 17:57:01.812 W/Sclibration(27104): onSensorChanged filter =  88465  tp = 5
02-03 17:57:01.812 W/Sclibration(27104): onSensorChanged filter =  30614  tp = 4
02-03 17:57:01.812 W/Sclibration(27104): onSensorChanged filter =  27025  tp = 5
02-03 17:57:01.932 W/Sclibration(27104): onSensorChanged filter =  88466  tp = 6
02-03 17:57:01.932 W/Sclibration(27104): onSensorChanged filter =  30615  tp = 5
02-03 17:57:01.932 W/Sclibration(27104): onSensorChanged filter =  27026  tp = 6
02-03 17:57:02.052 W/Sclibration(27104): onSensorChanged filter =  88467  tp = 7
02-03 17:57:02.052 W/Sclibration(27104): onSensorChanged filter =  30616  tp = 6
02-03 17:57:02.052 W/Sclibration(27104): onSensorChanged filter =  27027  tp = 7
02-03 17:57:02.072 W/Sclibration(27104): onSensorChanged filter =  88468  tp = 8
02-03 17:57:02.072 W/Sclibration(27104): onSensorChanged filter =  30617  tp = 7
02-03 17:57:02.072 W/Sclibration(27104): onSensorChanged filter =  27028  tp = 8
02-03 17:57:02.092 W/Sclibration(27104): onSensorChanged filter =  88469  tp = 9
02-03 17:57:02.092 W/Sclibration(27104): onSensorChanged filter =  30618  tp = 8
02-03 17:57:02.092 W/Sclibration(27104): onSensorChanged filter =  27029  tp = 9
02-03 17:57:02.112 W/Sclibration(27104): onSensorChanged filter =  88470  tp = 0
02-03 17:57:02.112 W/Sclibration(27104): onSensorChanged count =  8847
02-03 17:57:02.112 W/Sclibration(27104): onSensorChanged curX =  -1.7982137  curY =  -2.7594771  curZ =  -8.478041
02-03 17:57:02.112 W/Sclibration(27104): processUnSolicited begin
02-03 17:57:02.112 W/Sclibration(27104): processUnSolicited curX =  -1.7982137  curY =  -2.7594771  curZ =  -8.478041
02-03 17:57:02.112 W/Sclibration(27104): processUnSolicited x =  64  y =  245
02-03 17:57:02.112 W/Sclibration(27104): processUnSolicited isLeftForX =  true  isDownForY =  false
02-03 17:57:02.112 W/Sclibration(27104): processUnSolicited sum =  17141.0  rr =  8464.0
02-03 17:57:02.112 W/Sclibration(27104): processUnSolicited angle =  0.2555146717184082  tempX =  46  tempY =  158
02-03 17:57:02.112 W/Sclibration(27104): processUnSolicited end x =  46  y =  158
02-03 17:57:02.112 W/Sclibration(27104): ScalibrationView--setBallLocation  m_calibrated =  false
02-03 17:57:02.112 W/Sclibration(27104): ScalibrationView--setBallLocation2  m_calibrated =  false
02-03 17:57:02.112 W/Sclibration(27104): onSensorChanged count =  8847  count%LOOPCOUNT =  27
02-03 17:57:02.112 W/Sclibration(27104): onSensorChanged filter =  30619  tp = 9
02-03 17:57:02.112 W/Sclibration(27104): onSensorChanged filter =  27030  tp = 0
02-03 17:57:02.112 W/Sclibration(27104): onSensorChanged count =  2703
02-03 17:57:02.112 W/Sclibration(27104): onSensorChanged curX =  -1.7982137  curY =  -2.7594771  curZ =  -8.478041
02-03 17:57:02.112 W/Sclibration(27104): processUnSolicited begin
02-03 17:57:02.112 W/Sclibration(27104): processUnSolicited curX =  -1.7982137  curY =  -2.7594771  curZ =  -8.478041
02-03 17:57:02.112 W/Sclibration(27104): processUnSolicited x =  64  y =  245
02-03 17:57:02.112 W/Sclibration(27104): processUnSolicited isLeftForX =  true  isDownForY =  false
02-03 17:57:02.112 W/Sclibration(27104): processUnSolicited sum =  17141.0  rr =  8464.0
02-03 17:57:02.112 W/Sclibration(27104): processUnSolicited angle =  0.2555146717184082  tempX =  46  tempY =  158
02-03 17:57:02.112 W/Sclibration(27104): processUnSolicited end x =  46  y =  158
02-03 17:57:02.112 W/Sclibration(27104): ScalibrationView--setBallLocation  m_calibrated =  false
02-03 17:57:02.112 W/Sclibration(27104): ScalibrationView--setBallLocation2  m_calibrated =  false
02-03 17:57:02.112 W/Sclibration(27104): onSensorChanged count =  2703  count%LOOPCOUNT =  3
02-03 17:57:02.132 W/Sclibration(27104): onSensorChanged filter =  88471  tp = 1
02-03 17:57:02.132 W/Sclibration(27104): onSensorChanged filter =  30620  tp = 0
02-03 17:57:02.132 W/Sclibration(27104): onSensorChanged count =  3062
02-03 17:57:02.132 W/Sclibration(27104): onSensorChanged curX =  -1.8431438  curY =  -2.9078984  curZ =  -8.3665695
02-03 17:57:02.132 W/Sclibration(27104): processUnSolicited begin
02-03 17:57:02.132 W/Sclibration(27104): processUnSolicited curX =  -1.8431438  curY =  -2.9078984  curZ =  -8.3665695
02-03 17:57:02.132 W/Sclibration(27104): processUnSolicited x =  62  y =  251
02-03 17:57:02.132 W/Sclibration(27104): processUnSolicited isLeftForX =  true  isDownForY =  false
02-03 17:57:02.132 W/Sclibration(27104): processUnSolicited sum =  18785.0  rr =  8464.0
02-03 17:57:02.132 W/Sclibration(27104): processUnSolicited angle =  0.24216441164470243  tempX =  46  tempY =  157
02-03 17:57:02.132 W/Sclibration(27104): processUnSolicited end x =  46  y =  157
02-03 17:57:02.132 W/Sclibration(27104): ScalibrationView--setBallLocation  m_calibrated =  false
02-03 17:57:02.132 W/Sclibration(27104): ScalibrationView--setBallLocation2  m_calibrated =  false
02-03 17:57:02.132 W/Sclibration(27104): onSensorChanged count =  3062  count%LOOPCOUNT =  2
02-03 17:57:02.132 W/Sclibration(27104): onSensorChanged filter =  27031  tp = 1
02-03 17:57:02.153 W/Sclibration(27104): onSensorChanged filter =  88472  tp = 2
02-03 17:57:02.153 W/Sclibration(27104): onSensorChanged filter =  30621  tp = 1
02-03 17:57:02.153 W/Sclibration(27104): onSensorChanged filter =  27032  tp = 2
02-03 17:57:02.173 W/Sclibration(27104): onSensorChanged filter =  88473  tp = 3
02-03 17:57:02.173 W/Sclibration(27104): onSensorChanged filter =  30622  tp = 2
02-03 17:57:02.173 W/Sclibration(27104): onSensorChanged filter =  27033  tp = 3
02-03 17:57:02.193 W/Sclibration(27104): onSensorChanged filter =  88474  tp = 4
02-03 17:57:02.193 W/Sclibration(27104): onSensorChanged filter =  30623  tp = 3
02-03 17:57:02.193 W/Sclibration(27104): onSensorChanged filter =  27034  tp = 4
02-03 17:57:02.213 W/Sclibration(27104): onSensorChanged filter =  88475  tp = 5
02-03 17:57:02.213 W/Sclibration(27104): onSensorChanged filter =  30624  tp = 4
02-03 17:57:02.213 W/Sclibration(27104): onSensorChanged filter =  27035  tp = 5
02-03 17:57:02.333 W/Sclibration(27104): onSensorChanged filter =  88476  tp = 6
02-03 17:57:02.333 W/Sclibration(27104): onSensorChanged filter =  30625  tp = 5
02-03 17:57:02.333 W/Sclibration(27104): onSensorChanged filter =  27036  tp = 6
02-03 17:57:02.453 W/Sclibration(27104): onSensorChanged filter =  88477  tp = 7
02-03 17:57:02.453 W/Sclibration(27104): onSensorChanged filter =  30626  tp = 6
02-03 17:57:02.463 W/Sclibration(27104): onSensorChanged filter =  27037  tp = 7
02-03 17:57:02.563 I/dun_service(  129): The value returned from dun_getusbmodemstate_fromsys is 2 
02-03 17:57:02.573 D/KeyguardUpdateMonitor(26892): received broadcast android.intent.action.BATTERY_CHANGED
02-03 17:57:02.573 D/KeyguardUpdateMonitor(26892): handleBatteryUpdate
02-03 17:57:02.613 W/Sclibration(27104): onSensorChanged filter =  88478  tp = 8
02-03 17:57:02.613 W/Sclibration(27104): onSensorChanged filter =  30627  tp = 7
02-03 17:57:02.613 W/Sclibration(27104): onSensorChanged filter =  27038  tp = 8
02-03 17:57:02.703 W/Sclibration(27104): onSensorChanged filter =  88479  tp = 9
02-03 17:57:02.703 W/Sclibration(27104): onSensorChanged filter =  30628  tp = 8
02-03 17:57:02.703 W/Sclibration(27104): onSensorChanged filter =  27039  tp = 9
02-03 17:57:02.823 W/Sclibration(27104): onSensorChanged filter =  88480  tp = 0
02-03 17:57:02.823 W/Sclibration(27104): onSensorChanged count =  8848
02-03 17:57:02.823 W/Sclibration(27104): onSensorChanged curX =  -2.6586595  curY =  -3.8251388  curZ =  -7.9713717
02-03 17:57:02.823 W/Sclibration(27104): processUnSolicited begin
02-03 17:57:02.833 W/Sclibration(27104): processUnSolicited curX =  -2.6586595  curY =  -3.8251388  curZ =  -7.9713717
02-03 17:57:02.833 W/Sclibration(27104): processUnSolicited x =  29  y =  288
02-03 17:57:02.833 W/Sclibration(27104): processUnSolicited isLeftForX =  true  isDownForY =  false
02-03 17:57:02.833 W/Sclibration(27104): processUnSolicited sum =  34645.0  rr =  8464.0
02-03 17:57:02.833 W/Sclibration(27104): processUnSolicited angle =  0.10035617386788126  tempX =  44  tempY =  144
02-03 17:57:02.833 W/Sclibration(27104): processUnSolicited end x =  44  y =  144
02-03 17:57:02.833 W/Sclibration(27104): ScalibrationView--setBallLocation  m_calibrated =  false
02-03 17:57:02.833 W/Sclibration(27104): ScalibrationView--setBallLocation2  m_calibrated =  false
02-03 17:57:02.833 W/Sclibration(27104): onSensorChanged count =  8848  count%LOOPCOUNT =  28
02-03 17:57:02.833 W/Sclibration(27104): onSensorChanged filter =  30629  tp = 9
02-03 17:57:02.843 W/Sclibration(27104): onSensorChanged filter =  27040  tp = 0
02-03 17:57:02.843 W/Sclibration(27104): onSensorChanged count =  2704
02-03 17:57:02.843 W/Sclibration(27104): onSensorChanged curX =  -2.6586595  curY =  -3.8251388  curZ =  -7.9713717
02-03 17:57:02.843 W/Sclibration(27104): processUnSolicited begin
02-03 17:57:02.843 W/Sclibration(27104): processUnSolicited curX =  -2.6586595  curY =  -3.8251388  curZ =  -7.9713717
02-03 17:57:02.843 W/Sclibration(27104): processUnSolicited x =  29  y =  288
02-03 17:57:02.843 W/Sclibration(27104): processUnSolicited isLeftForX =  true  isDownForY =  false
02-03 17:57:02.843 W/Sclibration(27104): processUnSolicited sum =  34645.0  rr =  8464.0
02-03 17:57:02.843 W/Sclibration(27104): processUnSolicited angle =  0.10035617386788126  tempX =  44  tempY =  144
02-03 17:57:02.843 W/Sclibration(27104): processUnSolicited end x =  44  y =  144
02-03 17:57:02.843 W/Sclibration(27104): ScalibrationView--setBallLocation  m_calibrated =  false
02-03 17:57:02.853 W/Sclibration(27104): ScalibrationView--setBallLocation2  m_calibrated =  false
02-03 17:57:02.853 W/Sclibration(27104): onSensorChanged count =  2704  count%LOOPCOUNT =  4
02-03 17:57:02.943 W/Sclibration(27104): onSensorChanged filter =  88481  tp = 1
02-03 17:57:02.943 W/Sclibration(27104): onSensorChanged filter =  30630  tp = 0
02-03 17:57:02.943 W/Sclibration(27104): onSensorChanged count =  3063
02-03 17:57:02.953 W/Sclibration(27104): onSensorChanged curX =  -2.7985418  curY =  -4.0990486  curZ =  -7.7291803
02-03 17:57:02.953 W/Sclibration(27104): processUnSolicited begin
02-03 17:57:02.953 W/Sclibration(27104): processUnSolicited curX =  -2.7985418  curY =  -4.0990486  curZ =  -7.7291803
02-03 17:57:02.953 W/Sclibration(27104): processUnSolicited x =  24  y =  298
02-03 17:57:02.953 W/Sclibration(27104): processUnSolicited isLeftForX =  true  isDownForY =  false
02-03 17:57:02.953 W/Sclibration(27104): processUnSolicited sum =  38890.0  rr =  8464.0
02-03 17:57:02.953 W/Sclibration(27104): processUnSolicited angle =  0.08036346125512055  tempX =  44  tempY =  142
02-03 17:57:02.953 W/Sclibration(27104): processUnSolicited end x =  44  y =  142
02-03 17:57:02.953 W/Sclibration(27104): ScalibrationView--setBallLocation  m_calibrated =  false
02-03 17:57:02.953 W/Sclibration(27104): ScalibrationView--setBallLocation2  m_calibrated =  false
02-03 17:57:02.963 W/Sclibration(27104): onSensorChanged count =  3063  count%LOOPCOUNT =  3
02-03 17:57:02.963 W/Sclibration(27104): onSensorChanged filter =  27041  tp = 1
02-03 17:57:03.063 W/Sclibration(27104): onSensorChanged filter =  88482  tp = 2
02-03 17:57:03.073 W/Sclibration(27104): onSensorChanged filter =  30631  tp = 1
02-03 17:57:03.073 W/Sclibration(27104): onSensorChanged filter =  27042  tp = 2
02-03 17:57:03.194 W/Sclibration(27104): onSensorChanged filter =  88483  tp = 3
02-03 17:57:03.194 W/Sclibration(27104): onSensorChanged filter =  30632  tp = 2
02-03 17:57:03.194 W/Sclibration(27104): onSensorChanged filter =  27043  tp = 3
02-03 17:57:03.314 W/Sclibration(27104): onSensorChanged filter =  88484  tp = 4
02-03 17:57:03.314 W/Sclibration(27104): onSensorChanged filter =  30633  tp = 3
02-03 17:57:03.314 W/Sclibration(27104): onSensorChanged filter =  27044  tp = 4
02-03 17:57:03.434 D/PowerManagerService(26892): Go to sleep-->
02-03 17:57:03.434 D/PowerManagerService(26892): setPowerState: mPowerState=0x3 newState=0x0 noChangeLights=false reason=2
02-03 17:57:03.434 W/Sclibration(27104): onSensorChanged filter =  88485  tp = 5
02-03 17:57:03.444 W/Sclibration(27104): onSensorChanged filter =  30634  tp = 4
02-03 17:57:03.444 W/Sclibration(27104): onSensorChanged filter =  27045  tp = 5
02-03 17:57:03.564 W/Sclibration(27104): onSensorChanged filter =  88486  tp = 6
02-03 17:57:03.564 W/Sclibration(27104): onSensorChanged filter =  30635  tp = 5
02-03 17:57:03.564 W/Sclibration(27104): onSensorChanged filter =  27046  tp = 6
02-03 17:57:03.694 D/PowerManagerService(26892): acquireWakeLock flags=0x1 tag=sleep_broadcast
02-03 17:57:03.704 D/PowerManagerService(26892): Go to standby ,PARTIAL_WAKE_LOCK tag = sleep_broadcast
02-03 17:57:03.704 D/KeyguardViewMediator(26892): onScreenTurnedOff(2)
02-03 17:57:03.704 D/lisha   (26892): isLockedOrMissing ***state.isPinLocked()=false***requireSim = true***state=READY
02-03 17:57:03.704 D/lisha   (26892): ***lockedOrMissing=false***provisioned=true
02-03 17:57:03.704 D/KeyguardViewMediator(26892): doKeyguard: showing the lock screen
02-03 17:57:03.704 D/KeyguardViewMediator(26892): showLocked
02-03 17:57:03.704 D/PowerManagerService(26892): acquireWakeLock flags=0x1 tag=show keyguard
02-03 17:57:03.704 D/PowerManagerService(26892): acquireWakeLock flags=0x1 tag=ActivityManager-Sleep
02-03 17:57:03.704 D/KeyguardViewMediator(26892): handleShow
02-03 17:57:03.704 D/PhoneWindow(32706): couldn't save which view has focus because the focused view android.webkit.WebView@40650fc8 has no id.
02-03 17:57:03.704 D/Gmail   (32706): com.google.android.gm.HtmlConversationActivity@405ce2c0 onPause() finished
02-03 17:57:03.724 I/LockPatternKeyguardView(26892): updateLockscreenBackground
02-03 17:57:03.724 I/LockPatternKeyguardView(26892): setBackgroundDrawable
02-03 17:57:03.724 I/LockPatternKeyguardView(26892): file not found: etc/customize/default_lockscreen
02-03 17:57:03.734 W/Sclibration(27104): onSensorChanged filter =  88487  tp = 7
02-03 17:57:03.744 D/PowerManagerService(26892): releaseWakeLock flags=0x1 tag=ActivityManager-Sleep
02-03 17:57:03.754 D/LockScreen(26892): initCarrierVisibility - mResId.length=2, mCarrier.length=1
02-03 17:57:03.754 D/LockScreen(26892): updateLayout: status=Normalsubscription=0
02-03 17:57:03.754 D/LockScreen(26892): Updating Lock Screen text to Ruim
02-03 17:57:03.764 W/Sclibration(27104): onSensorChanged filter =  30636  tp = 6
02-03 17:57:03.774 D/PowerManagerService(26892): acquireWakeLock flags=0x1 tag=RILJ
02-03 17:57:03.774 D/PowerManagerService(26892): releaseWakeLock flags=0x1 tag=RILJ
02-03 17:57:03.774 I/DATA    (26963): [DCT(0) ] intent received :android.intent.action.SCREEN_OFF
02-03 17:57:03.784 D/PowerManagerService(26892): releaseWakeLock flags=0x1 tag=sleep_broadcast
02-03 17:57:03.784 W/Sclibration(27104): onSensorChanged filter =  27047  tp = 7
02-03 17:57:03.794 D/LockPatternKeyguardView(26892): LockPatternKeyguardView ctor: about to createUnlockScreenFor; mEnableFallback=false
02-03 17:57:03.794 D/UnlockScreen(26892): *******mCreationOrientation = 1
02-03 17:57:03.814 W/Sclibration(27104): onSensorChanged filter =  88488  tp = 8
02-03 17:57:03.814 W/Sclibration(27104): onSensorChanged filter =  30637  tp = 7
02-03 17:57:03.824 W/Sclibration(27104): onSensorChanged filter =  27048  tp = 8
02-03 17:57:03.824 D/LockPatternKeyguardView(26892): createUnlockScreenFor(Pattern): mEnableFallback=false
02-03 17:57:03.844 I/LockPatternKeyguardView(26892): updateLockscreenBackground
02-03 17:57:03.844 I/LockPatternKeyguardView(26892): setBackgroundDrawable
02-03 17:57:03.844 I/LockPatternKeyguardView(26892): file not found: etc/customize/default_lockscreen
02-03 17:57:03.844 D/LockScreen(26892): updateLayout: status=Normalsubscription=0
02-03 17:57:03.844 D/LockScreen(26892): Updating Lock Screen text to Ruim
02-03 17:57:03.854 D/KeyguardViewMediator(26892): adjustUserActivityLocked mShowing: true mHidden: false
02-03 17:57:03.874 D/PowerManagerService(26892): releaseWakeLock flags=0x1 tag=show keyguard
02-03 17:57:03.874 D/PowerManagerService(26892):  ALL PARTIAL wakeLock Released ! 
02-03 17:57:03.874 D/skia    (26892): purging 197K from font cache [21 entries]
02-03 17:57:03.874 D/KeyguardViewMediator(26892): setHidden false
02-03 17:57:03.884 D/Launcher(26987): Closing system Dialogs 
02-03 17:57:03.944 D/KeyguardViewMediator(26892): setHidden false
02-03 17:57:03.944 D/KeyguardViewMediator(26892): setHidden false
02-03 17:57:32.429 I/dun_service(  129): The value returned from dun_getusbmodemstate_fromsys is 2 
02-03 17:57:32.429 D/KeyguardUpdateMonitor(26892): received broadcast android.intent.action.BATTERY_CHANGED
02-03 17:57:32.429 D/KeyguardUpdateMonitor(26892): handleBatteryUpdate
02-03 17:57:32.439 D/PowerManagerService(26892): acquireWakeLock flags=0x1 tag=GTALK_CONN
02-03 17:57:32.449 D/AlarmManager(26892): +++Alarm set:type=2 com.google.android.gsf  Trigger after:1679999ms
02-03 17:57:32.619 D/PowerManagerService(26892): releaseWakeLock flags=0x1 tag=GTALK_CONN
02-03 17:57:32.619 D/PowerManagerService(26892):  ALL PARTIAL wakeLock Released ! 
02-03 17:57:32.629 D/PowerManagerService(26892): acquireWakeLock flags=0x1 tag=GTALK_CONN
02-03 17:57:32.639 D/PowerManagerService(26892): acquireWakeLock flags=0x1 tag=GOOGLE_C2DM
02-03 17:57:32.669 D/PowerManagerService(26892): releaseWakeLock flags=0x1 tag=GTALK_CONN
02-03 17:57:32.679 D/GoogleVoice(27507): A notification tickle arrived.
02-03 17:57:33.609 E/rmt_storage(  149): [MyTag]open: fd=-1
02-03 17:57:33.609 E/rmt_storage(  149): block rmt_storage client thread
02-03 17:57:35.611 D/PowerManagerService(26892): acquireWakeLock flags=0x1 tag=NotificationService
02-03 17:57:35.621 D/PowerManagerService(26892): acquireWakeLock flags=0x1 tag=*vibrator*
02-03 17:57:35.621 E/lights  (26892):   g_haveAmberLed=0
02-03 17:57:35.621 E/lights  (26892):   red=0
02-03 17:57:35.621 E/lights  (26892):   green=255
02-03 17:57:35.621 E/lights  (26892):   blink=1
02-03 17:57:35.641 E/wlg     (26892): MediaPlayer.IsSdpFile  path = 
02-03 17:57:35.641 E/wlg     (26892): MediaPlayer.IsSdpFile  path = 
02-03 17:57:35.641 D/MediaPlayer(26892): DRM scheme =null
02-03 17:57:35.641 D/MediaPlayer(26892): DRM uri.toString() =
02-03 17:57:35.641 D/MediaPlayer(26892): setDataSource()
02-03 17:57:35.641 D/MediaPlayerService(26882): Create new client(51) from pid 26892, url=, connId=51, audioSessionId=65
02-03 17:57:35.641 E/MediaPlayerService(26882): setDataSource()
02-03 17:57:35.641 E/MediaPlayer(26892): Unable to to create media player
02-03 17:57:35.641 W/NotificationService(26892): error loading sound for 
02-03 17:57:35.641 W/NotificationService(26892): java.io.IOException: setDataSource failed.: status=0x80000000
02-03 17:57:35.641 W/NotificationService(26892): 	at android.media.MediaPlayer.setDataSource(Native Method)
02-03 17:57:35.641 W/NotificationService(26892): 	at android.media.MediaPlayer.setDataSource(MediaPlayer.java:822)
02-03 17:57:35.641 W/NotificationService(26892): 	at android.media.MediaPlayer.setDataSource(MediaPlayer.java:729)
02-03 17:57:35.641 W/NotificationService(26892): 	at com.android.server.NotificationPlayer$CreationAndCompletionThread.run(NotificationPlayer.java:88)
02-03 17:57:35.641 D/PowerManagerService(26892): releaseWakeLock flags=0x1 tag=NotificationService
02-03 17:57:35.661 D/KeyguardViewMediator(26892): setHidden false
02-03 17:57:35.661 D/KeyguardViewMediator(26892): setHidden false
02-03 17:57:36.392 D/PowerManagerService(26892): releaseWakeLock flags=0x1 tag=*vibrator*
02-03 17:57:37.743 D/PowerManagerService(26892): acquireWakeLock flags=0x1 tag=com.google.android.apps.googlevoice.UpdateService
02-03 17:57:37.753 D/PowerManagerService(26892): releaseWakeLock flags=0x1 tag=GOOGLE_C2DM
02-03 17:57:37.763 I/ContactsProvider(27015): query: content://com.android.contacts/phone_lookup/+19137446943
02-03 17:57:37.763 E/ContactsProvider(27015): 101123 isCallerRegisterNeedSIMProc callerPid:27507, acorePid:27015
02-03 17:57:37.763 I/ContactsProvider(27015): query isCallerRegistered= false
02-03 17:57:37.763 I/ContactsProvider(27015): query forOnlyOneContactString= 0
02-03 17:57:37.773 I/ContactsProvider(27015): query: content://com.android.contacts/phone_lookup/+19137446943
02-03 17:57:37.773 E/ContactsProvider(27015): 101123 isCallerRegisterNeedSIMProc callerPid:27507, acorePid:27015
02-03 17:57:37.783 I/ContactsProvider(27015): query isCallerRegistered= false
02-03 17:57:37.783 I/ContactsProvider(27015): query forOnlyOneContactString= 0
02-03 17:57:37.793 I/ContactsProvider(27015): query: content://com.android.contacts/phone_lookup/+19137446943
02-03 17:57:37.793 E/ContactsProvider(27015): 101123 isCallerRegisterNeedSIMProc callerPid:27507, acorePid:27015
02-03 17:57:37.803 I/ContactsProvider(27015): query isCallerRegistered= false
02-03 17:57:37.803 I/ContactsProvider(27015): query forOnlyOneContactString= 0
02-03 17:57:38.424 D/PowerManagerService(26892): releaseWakeLock flags=0x1 tag=com.google.android.apps.googlevoice.UpdateService
02-03 17:57:38.424 D/PowerManagerService(26892):  ALL PARTIAL wakeLock Released ! 
02-03 17:57:50.429 I/dun_service(  129): The value returned from dun_getusbmodemstate_fromsys is 2 
02-03 17:57:50.429 D/KeyguardUpdateMonitor(26892): received broadcast android.intent.action.BATTERY_CHANGED
02-03 17:57:50.429 D/KeyguardUpdateMonitor(26892): handleBatteryUpdate
02-03 17:58:00.429 D/PowerManagerService(26892): acquireWakeLock flags=0x1 tag=AlarmManager
02-03 17:58:00.429 D/KeyguardUpdateMonitor(26892): received broadcast android.intent.action.TIME_TICK
02-03 17:58:00.429 D/KeyguardUpdateMonitor(26892): handleTimeUpdate
02-03 17:58:00.449 D/PowerManagerService(26892): releaseWakeLock flags=0x1 tag=AlarmManager
02-03 17:58:00.449 D/PowerManagerService(26892):  ALL PARTIAL wakeLock Released ! 
02-03 17:58:40.429 I/dun_service(  129): The value returned from dun_getusbmodemstate_fromsys is 2 
02-03 17:58:40.429 D/KeyguardUpdateMonitor(26892): received broadcast android.intent.action.BATTERY_CHANGED
02-03 17:58:40.429 D/KeyguardUpdateMonitor(26892): handleBatteryUpdate
02-03 17:59:00.429 D/PowerManagerService(26892): acquireWakeLock flags=0x1 tag=AlarmManager
02-03 17:59:00.429 D/KeyguardUpdateMonitor(26892): received broadcast android.intent.action.TIME_TICK
02-03 17:59:00.429 D/KeyguardUpdateMonitor(26892): handleTimeUpdate
02-03 17:59:00.459 D/PowerManagerService(26892): releaseWakeLock flags=0x1 tag=AlarmManager
02-03 17:59:00.459 D/PowerManagerService(26892):  ALL PARTIAL wakeLock Released ! 
02-03 17:59:21.429 I/dun_service(  129): The value returned from dun_getusbmodemstate_fromsys is 2 
02-03 17:59:21.429 D/KeyguardUpdateMonitor(26892): received broadcast android.intent.action.BATTERY_CHANGED
02-03 17:59:21.429 D/KeyguardUpdateMonitor(26892): handleBatteryUpdate
02-03 17:59:22.350 D/PowerManagerService(26892): acquireWakeLock flags=0x1 tag=GTALK_CONN
02-03 17:59:22.350 D/AlarmManager(26892): +++Alarm set:type=2 com.google.android.gsf  Trigger after:1680000ms
02-03 17:59:23.531 E/rmt_storage(  149): [MyTag]open: fd=-1
02-03 17:59:23.531 E/rmt_storage(  149): block rmt_storage client thread
02-03 17:59:23.591 D/PowerManagerService(26892): releaseWakeLock flags=0x1 tag=GTALK_CONN
02-03 17:59:23.601 D/PowerManagerService(26892):  ALL PARTIAL wakeLock Released ! 
02-03 17:59:23.601 D/PowerManagerService(26892): acquireWakeLock flags=0x1 tag=GTALK_CONN
02-03 17:59:23.611 D/PowerManagerService(26892): acquireWakeLock flags=0x1 tag=GOOGLE_C2DM
02-03 17:59:23.641 D/PowerManagerService(26892): releaseWakeLock flags=0x1 tag=GTALK_CONN
02-03 17:59:23.651 D/PowerManagerService(26892): releaseWakeLock flags=0x1 tag=GOOGLE_C2DM
02-03 17:59:23.651 D/PowerManagerService(26892):  ALL PARTIAL wakeLock Released ! 
02-03 17:59:23.661 D/AlarmManager(26892): +++Alarm set:type=2 android  Trigger after:-5ms
02-03 17:59:23.661 W/AlarmManager(26892): +++Alarm  wakeup phone ,pkg=android
02-03 17:59:23.661 D/PowerManagerService(26892): acquireWakeLock flags=0x1 tag=AlarmManager
02-03 17:59:23.661 D/PowerManagerService(26892): acquireWakeLock flags=0x1 tag=SyncManagerHandleSyncAlarm
02-03 17:59:23.661 W/AlarmManager(26892): +++alarm onSendFinished ,action=android.content.syncmanager.SYNC_ALARM
02-03 17:59:23.661 D/PowerManagerService(26892): releaseWakeLock flags=0x1 tag=AlarmManager
02-03 17:59:23.681 D/PowerManagerService(26892): acquireWakeLock flags=0x1 tag=*sync*
02-03 17:59:23.681 D/PowerManagerService(26892): releaseWakeLock flags=0x1 tag=SyncManagerHandleSyncAlarm
02-03 17:59:23.681 D/AlarmManager(26892): +++Alarm set:type=2 android  Trigger after:30000ms
02-03 17:59:23.691 I/Gmail   (32706): MainSyncRequestProto: lowestBkwdConvoId: 0, highestHandledServerOp: 739550, normalSync: true
02-03 17:59:24.862 I/Gmail   (32706): MainSyncRequestProto: lowestBkwdConvoId: 0, highestHandledServerOp: 739578, normalSync: true
02-03 17:59:25.443 D/Gmail   (32706): Inserting message 1392837713541025178. synced=true
02-03 17:59:25.713 I/Gmail   (32706): MainSyncRequestProto: lowestBkwdConvoId: 0, highestHandledServerOp: 739590, normalSync: true
02-03 17:59:25.743 I/Gmail   (32706): Sending notification intent: Intent { act=android.intent.action.PROVIDER_CHANGED dat=content://gmail-ls/unread/^i (has extras) }
02-03 17:59:25.743 D/PowerManagerService(26892): acquireWakeLock flags=0x1 tag=GmailProviderProviderChangedBroadcastWakeLock
02-03 17:59:25.783 D/PowerManagerService(26892): acquireWakeLock flags=0x1 tag=NotificationService
02-03 17:59:25.813 E/wlg     (26892): MediaPlayer.IsSdpFile  path = /system/notification_sound
02-03 17:59:25.813 E/wlg     (26892): MediaPlayer.IsSdpFile  path = /system/notification_sound
02-03 17:59:25.813 D/MediaPlayer(26892): DRM scheme =content
02-03 17:59:25.813 D/MediaPlayer(26892): DRM uri.toString() =content://settings/system/notification_sound
02-03 17:59:25.813 I/RingtoneManager(26892): getActualDefaultRingtoneUri().setting=notification_sound uriString=content://media/internal/audio/media/17
02-03 17:59:25.813 I/RingtoneManager(26892): TYPE_NOTIFICATION getActualDefaultRingtoneUri().volume = internal
02-03 17:59:25.813 D/DrmContent(26892): Uri=content://media/internal/audio/media/17
02-03 17:59:25.823 D/DrmContent(26892): ret=983062
02-03 17:59:25.823 D/MediaPlayer(26892): setDataSource(286, 0, 576460752303423487)
02-03 17:59:25.823 D/MediaPlayerService(26882): Create new client(52) from pid 26892, fd=19, offset=0, length=576460752303423487, audioSessionId=66
02-03 17:59:25.833 E/MediaPlayerService(26882): ident is:1399285583, buf is:OggS
02-03 17:59:25.833 E/MediaPlayerService(26882):  create VorbisPlayer
02-03 17:59:25.833 D/KeyguardViewMediator(26892): setHidden false
02-03 17:59:25.843 I/AudioService(26892):  AudioFocus  requestAudioFocus() from android.media.AudioManager@40790298
02-03 17:59:25.843 E/wlg     (26892): MediaPlayer.start()  mIsStream = false
02-03 17:59:25.843 D/MediaPlayer(26892): start state 8
02-03 17:59:25.843 D/KeyguardViewMediator(26892): setHidden false
02-03 17:59:25.853 D/AudioTrack(26882): Request AudioFlinger to create track
02-03 17:59:25.853 D/AudioFlinger(26882): createTrack() lSessionId: 66
02-03 17:59:25.853 D/AudioFlinger(26882): Track constructor name 4098, calling thread 26882
02-03 17:59:25.853 D/AudioTrack(26882): start 0x28810
02-03 17:59:25.853 D/AudioFlinger(26882): start(4098), calling thread 26882 session 66
02-03 17:59:25.853 D/PowerManagerService(26892): releaseWakeLock flags=0x1 tag=NotificationService
02-03 17:59:25.863 I/Gmail   (32706): Sending notification intent: Intent { act=android.intent.action.PROVIDER_CHANGED dat=content://gmail-ls/unread/^iim (has extras) }
02-03 17:59:25.863 D/PowerManagerService(26892): acquireWakeLock flags=0x1 tag=GmailProviderProviderChangedBroadcastWakeLock
02-03 17:59:25.863 D/AudioHardwareMSM7X30(26882): value of device and enable is 2 1 ALSA dev id:3
02-03 17:59:25.943 D/AudioHardwareMSM7X30(26882): msm_route_stream(PCM_PLAY,5,3,1)
02-03 17:59:26.003 D/PowerManagerService(26892): releaseWakeLock flags=0x1 tag=*sync*
02-03 17:59:27.695 D/AudioTrack(26882): stop 0x28810
02-03 17:59:27.695 D/AudioFlinger(26882): stop(4098), calling thread 26882
02-03 17:59:27.695 I/AudioService(26892):  AudioFocus  abandonAudioFocus() from android.media.AudioManager@40790298
02-03 17:59:27.745 D/PowerManagerService(26892): releaseWakeLock flags=0x1 tag=GmailProviderProviderChangedBroadcastWakeLock
02-03 17:59:27.745 D/PowerManagerService(26892):  ALL PARTIAL wakeLock Released ! 
02-03 17:59:30.798 D/AudioHardwareMSM7X30(26882): AudioStreamOutMSM72xx::standby()
02-03 17:59:30.798 D/AudioHardwareMSM7X30(26882): Deroute pcm out stream
02-03 17:59:30.798 D/AudioHardwareMSM7X30(26882): updateDeviceInfo: E rx_device 2 and tx_device 3
02-03 17:59:30.798 D/AudioHardwareMSM7X30(26882): No active voicecall/playback, disabling cur_rx 2
02-03 17:59:30.798 D/AudioHardwareMSM7X30(26882): value of device and enable is 2 0 ALSA dev id:3
02-03 17:59:30.808 D/AudioHardwareMSM7X30(26882): No active voicecall/recording, disabling cur_tx 3
02-03 17:59:30.808 D/AudioHardwareMSM7X30(26882): value of device and enable is 3 0 ALSA dev id:10
02-03 17:59:30.808 E/AudioHardwareMSM7X30(26882): There is no node in the routing table!
02-03 17:59:30.808 D/AudioHardwareMSM7X30(26882): updateDeviceInfo: X cur_rx 2 cur_tx 3
02-03 17:59:35.429 I/dun_service(  129): The value returned from dun_getusbmodemstate_fromsys is 2 
02-03 17:59:35.429 D/KeyguardUpdateMonitor(26892): received broadcast android.intent.action.BATTERY_CHANGED
02-03 17:59:35.429 D/KeyguardUpdateMonitor(26892): handleBatteryUpdate
02-03 17:59:35.439 D/PowerManagerService(26892): acquireWakeLock flags=0x1 tag=GTALK_CONN
02-03 17:59:35.449 D/AlarmManager(26892): +++Alarm set:type=2 com.google.android.gsf  Trigger after:1679999ms
02-03 17:59:35.619 D/PowerManagerService(26892): releaseWakeLock flags=0x1 tag=GTALK_CONN
02-03 17:59:35.619 D/PowerManagerService(26892):  ALL PARTIAL wakeLock Released ! 
02-03 17:59:35.619 D/PowerManagerService(26892): acquireWakeLock flags=0x1 tag=GTALK_CONN
02-03 17:59:35.629 D/PowerManagerService(26892): acquireWakeLock flags=0x1 tag=GOOGLE_C2DM
02-03 17:59:35.669 D/GoogleVoice(27507): A notification tickle arrived.
02-03 17:59:35.699 D/PowerManagerService(26892): releaseWakeLock flags=0x1 tag=GTALK_CONN
02-03 17:59:36.259 D/PowerManagerService(26892): acquireWakeLock flags=0x1 tag=com.google.android.apps.googlevoice.UpdateService
02-03 17:59:36.259 D/PowerManagerService(26892): releaseWakeLock flags=0x1 tag=GOOGLE_C2DM
02-03 17:59:36.269 D/PowerManagerService(26892): releaseWakeLock flags=0x1 tag=com.google.android.apps.googlevoice.UpdateService
02-03 17:59:36.269 D/PowerManagerService(26892):  ALL PARTIAL wakeLock Released ! 
02-03 17:59:53.690 W/AlarmManager(26892): +++Alarm  wakeup phone ,pkg=android
02-03 17:59:53.690 D/PowerManagerService(26892): acquireWakeLock flags=0x1 tag=SyncManagerHandleSyncAlarm
02-03 17:59:53.700 D/PowerManagerService(26892): acquireWakeLock flags=0x1 tag=AlarmManager
02-03 17:59:53.710 W/AlarmManager(26892): +++alarm onSendFinished ,action=android.content.syncmanager.SYNC_ALARM
02-03 17:59:53.710 D/PowerManagerService(26892): releaseWakeLock flags=0x1 tag=AlarmManager
02-03 17:59:53.720 D/PowerManagerService(26892): releaseWakeLock flags=0x1 tag=SyncManagerHandleSyncAlarm
02-03 17:59:53.730 D/PowerManagerService(26892):  ALL PARTIAL wakeLock Released ! 
02-03 17:59:53.750 D/AlarmManager(26892): +++Alarm set:type=2 android  Trigger after:60661773ms
02-03 18:00:01.429 D/PowerManagerService(26892): acquireWakeLock flags=0x1 tag=AlarmManager
02-03 18:00:01.429 D/KeyguardUpdateMonitor(26892): received broadcast android.intent.action.TIME_TICK
02-03 18:00:01.429 D/KeyguardUpdateMonitor(26892): handleTimeUpdate
02-03 18:00:01.459 D/PowerManagerService(26892): releaseWakeLock flags=0x1 tag=AlarmManager
02-03 18:00:01.459 D/PowerManagerService(26892):  ALL PARTIAL wakeLock Released ! 
02-03 18:00:02.029 I/dun_service(  129): The value returned from dun_getusbmodemstate_fromsys is 2 
02-03 18:00:02.039 D/KeyguardUpdateMonitor(26892): received broadcast android.intent.action.BATTERY_CHANGED
02-03 18:00:02.039 D/KeyguardUpdateMonitor(26892): handleBatteryUpdate
02-03 18:00:42.429 I/dun_service(  129): The value returned from dun_getusbmodemstate_fromsys is 2 
02-03 18:00:42.429 D/KeyguardUpdateMonitor(26892): received broadcast android.intent.action.BATTERY_CHANGED
02-03 18:00:42.429 D/KeyguardUpdateMonitor(26892): handleBatteryUpdate
02-03 18:00:52.429 I/dun_service(  129): The value returned from dun_getusbmodemstate_fromsys is 2 
02-03 18:00:52.429 D/KeyguardUpdateMonitor(26892): received broadcast android.intent.action.BATTERY_CHANGED
02-03 18:00:52.429 D/KeyguardUpdateMonitor(26892): handleBatteryUpdate
02-03 18:00:56.429 D/GpsLocationProvider(26892): xtraDownloadRequest
02-03 18:00:56.429 D/PowerManagerService(26892): acquireWakeLock flags=0x1 tag=GpsLocationProvider
02-03 18:00:59.931 E/rmt_storage(  149): [MyTag]open: fd=-1
02-03 18:00:59.931 E/rmt_storage(  149): block rmt_storage client thread
02-03 18:00:59.992 D/PowerManagerService(26892): acquireWakeLock flags=0x1 tag=AlarmManager
02-03 18:00:59.992 D/KeyguardUpdateMonitor(26892): received broadcast android.intent.action.TIME_TICK
02-03 18:00:59.992 D/KeyguardUpdateMonitor(26892): handleTimeUpdate
02-03 18:01:00.022 D/PowerManagerService(26892): releaseWakeLock flags=0x1 tag=AlarmManager
02-03 18:01:07.659 D/GpsLocationProvider(26892): calling native_inject_xtra_data
02-03 18:01:07.929 E/loc_api_rpc_glue(26892): loc_api_sync_ioctl: IOCTL result failed, result: 1 (select id 0)
02-03 18:01:07.929 D/PowerManagerService(26892): releaseWakeLock flags=0x1 tag=GpsLocationProvider
02-03 18:01:07.929 D/PowerManagerService(26892):  ALL PARTIAL wakeLock Released ! 
02-03 18:01:12.699 D/PowerManagerService(26892): acquireWakeLock flags=0x1 tag=ServiceStateTracker
02-03 18:01:12.709 D/PowerManagerService(26892): releaseWakeLock flags=0x1 tag=ServiceStateTracker
02-03 18:01:12.709 D/PowerManagerService(26892):  ALL PARTIAL wakeLock Released ! 
02-03 18:01:15.439 D/PowerManagerService(26892): acquireWakeLock flags=0x1 tag=ServiceStateTracker
02-03 18:01:15.449 D/PowerManagerService(26892): releaseWakeLock flags=0x1 tag=ServiceStateTracker
02-03 18:01:15.449 D/PowerManagerService(26892):  ALL PARTIAL wakeLock Released ! 
02-03 18:01:32.429 I/dun_service(  129): The value returned from dun_getusbmodemstate_fromsys is 2 
02-03 18:01:32.429 D/KeyguardUpdateMonitor(26892): received broadcast android.intent.action.BATTERY_CHANGED
02-03 18:01:32.429 D/KeyguardUpdateMonitor(26892): handleBatteryUpdate
02-03 18:02:03.429 D/PowerManagerService(26892): acquireWakeLock flags=0x1 tag=AlarmManager
02-03 18:02:03.429 D/KeyguardUpdateMonitor(26892): received broadcast android.intent.action.TIME_TICK
02-03 18:02:03.429 D/KeyguardUpdateMonitor(26892): handleTimeUpdate
02-03 18:02:03.459 D/PowerManagerService(26892): releaseWakeLock flags=0x1 tag=AlarmManager
02-03 18:02:03.459 D/PowerManagerService(26892):  ALL PARTIAL wakeLock Released ! 
02-03 18:02:23.429 I/dun_service(  129): The value returned from dun_getusbmodemstate_fromsys is 2 
02-03 18:02:23.429 D/KeyguardUpdateMonitor(26892): received broadcast android.intent.action.BATTERY_CHANGED
02-03 18:02:23.429 D/KeyguardUpdateMonitor(26892): handleBatteryUpdate
02-03 18:02:33.429 I/dun_service(  129): The value returned from dun_getusbmodemstate_fromsys is 2 
02-03 18:02:33.429 D/KeyguardUpdateMonitor(26892): received broadcast android.intent.action.BATTERY_CHANGED
02-03 18:02:33.429 D/KeyguardUpdateMonitor(26892): handleBatteryUpdate
02-03 18:02:34.721 E/rmt_storage(  149): [MyTag]open: fd=-1
02-03 18:02:34.721 E/rmt_storage(  149): block rmt_storage client thread
02-03 18:02:54.429 D/PowerManagerService(26892): acquireWakeLock flags=0x1 tag=AlarmManager
02-03 18:02:54.429 D/PowerManagerService(26892): releaseWakeLock flags=0x1 tag=AlarmManager
02-03 18:02:54.429 D/PowerManagerService(26892):  ALL PARTIAL wakeLock Released ! 
02-03 18:03:04.429 I/dun_service(  129): The value returned from dun_getusbmodemstate_fromsys is 2 
02-03 18:03:04.429 D/PowerManagerService(26892): acquireWakeLock flags=0x1 tag=AlarmManager
02-03 18:03:04.429 D/KeyguardUpdateMonitor(26892): received broadcast android.intent.action.TIME_TICK
02-03 18:03:04.429 D/KeyguardUpdateMonitor(26892): handleTimeUpdate
02-03 18:03:04.439 D/KeyguardUpdateMonitor(26892): received broadcast android.intent.action.BATTERY_CHANGED
02-03 18:03:04.449 D/KeyguardUpdateMonitor(26892): handleBatteryUpdate
02-03 18:03:04.459 D/PowerManagerService(26892): releaseWakeLock flags=0x1 tag=AlarmManager
02-03 18:03:04.459 D/PowerManagerService(26892):  ALL PARTIAL wakeLock Released ! 
02-03 18:03:23.429 D/PowerManagerService(26892): acquireWakeLock flags=0x1 tag=GTALK_CONN
02-03 18:03:23.429 D/AlarmManager(26892): +++Alarm set:type=2 com.google.android.gsf  Trigger after:1680000ms
02-03 18:03:23.559 D/PowerManagerService(26892): releaseWakeLock flags=0x1 tag=GTALK_CONN
02-03 18:03:23.559 D/PowerManagerService(26892):  ALL PARTIAL wakeLock Released ! 
02-03 18:03:23.569 D/PowerManagerService(26892): acquireWakeLock flags=0x1 tag=GTALK_CONN
02-03 18:03:23.569 D/PowerManagerService(26892): acquireWakeLock flags=0x1 tag=GOOGLE_C2DM
02-03 18:03:23.619 D/PowerManagerService(26892): releaseWakeLock flags=0x1 tag=GTALK_CONN
02-03 18:03:24.199 D/GoogleVoice(27507): A notification tickle arrived.
02-03 18:03:24.199 D/PowerManagerService(26892): acquireWakeLock flags=0x1 tag=com.google.android.apps.googlevoice.UpdateService
02-03 18:03:24.229 D/PowerManagerService(26892): releaseWakeLock flags=0x1 tag=GOOGLE_C2DM
02-03 18:03:24.229 D/PowerManagerService(26892): releaseWakeLock flags=0x1 tag=com.google.android.apps.googlevoice.UpdateService
02-03 18:03:24.229 D/PowerManagerService(26892):  ALL PARTIAL wakeLock Released ! 
02-03 18:03:24.389 D/Bitmap  (26892): Detect unrecycled bitmap.
02-03 18:03:24.389 D/Bitmap  (26892):       Size: 39744 Bytes, Width: 108 , Height: 92 , Hash code: 1086475296
02-03 18:03:24.389 D/Bitmap  (26892):  This bimap was created in:
02-03 18:03:24.389 D/Bitmap  (26892):       android.graphics.Bitmap.<init>(Bitmap.java:136)
02-03 18:03:24.389 D/Bitmap  (26892):       android.graphics.BitmapFactory.nativeDecodeAsset(Native Method)
02-03 18:03:24.389 D/Bitmap  (26892):       android.graphics.BitmapFactory.decodeStream(BitmapFactory.java:460)
02-03 18:03:24.389 D/Bitmap  (26892):       android.graphics.BitmapFactory.decodeResourceStream(BitmapFactory.java:336)
02-03 18:03:24.389 D/Bitmap  (26892):       android.graphics.drawable.Drawable.createFromResourceStream(Drawable.java:697)
02-03 18:03:24.389 D/Bitmap  (26892):       android.content.res.Resources.loadDrawable(Resources.java:1709)
02-03 18:03:24.389 D/Bitmap  (26892):       android.content.res.Resources.getDrawable(Resources.java:581)
