02-03 17:56:37.859 W/Sclibration(27104): onSensorChanged filter =  30216  tp = 6
02-03 17:56:37.859 W/Sclibration(27104): onSensorChanged filter =  26627  tp = 7
02-03 17:56:37.879 W/Sclibration(27104): onSensorChanged filter =  88068  tp = 8
02-03 17:56:37.879 W/Sclibration(27104): onSensorChanged filter =  30217  tp = 7
02-03 17:56:37.879 W/Sclibration(27104): onSensorChanged filter =  26628  tp = 8
02-03 17:56:37.989 D/KeyguardViewMediator(26892): setHidden false
02-03 17:56:38.009 W/Sclibration(27104): onSensorChanged filter =  88069  tp = 9
02-03 17:56:38.019 W/Sclibration(27104): onSensorChanged filter =  30218  tp = 8
02-03 17:56:38.019 W/Sclibration(27104): onSensorChanged filter =  26629  tp = 9
02-03 17:56:38.019 D/KeyguardViewMediator(26892): setHidden false
02-03 17:56:38.019 D/KeyguardViewMediator(26892): setHidden false
02-03 17:56:38.029 W/Sclibration(27104): onSensorChanged filter =  88070  tp = 0
02-03 17:56:38.029 W/Sclibration(27104): onSensorChanged count =  8807
02-03 17:56:38.029 D/KeyguardViewMediator(26892): setHidden false
02-03 17:56:38.039 W/Sclibration(27104): onSensorChanged curX =  -0.47061425  curY =  -0.35401234  curZ =  -8.793699
02-03 17:56:38.039 W/Sclibration(27104): processUnSolicited begin
02-03 17:56:38.039 W/Sclibration(27104): processUnSolicited curX =  -0.47061425  curY =  -0.35401234  curZ =  -8.793699
02-03 17:56:38.039 W/Sclibration(27104): processUnSolicited x =  126  y =  142
02-03 17:56:38.039 W/Sclibration(27104): processUnSolicited isLeftForX =  true  isDownForY =  false
02-03 17:56:38.039 W/Sclibration(27104): processUnSolicited sum =  130.0  rr =  8464.0
02-03 17:56:38.039 W/Sclibration(27104): processUnSolicited end x =  126  y =  142
02-03 17:56:38.039 W/Sclibration(27104): ScalibrationView--setBallLocation  m_calibrated =  false
02-03 17:56:38.039 W/Sclibration(27104): ScalibrationView--setBallLocation2  m_calibrated =  false
02-03 17:56:38.039 W/Sclibration(27104): onSensorChanged count =  8807  count%LOOPCOUNT =  17
02-03 17:56:38.039 W/Sclibration(27104): onSensorChanged filter =  30219  tp = 9
02-03 17:56:38.039 W/Sclibration(27104): onSensorChanged filter =  26630  tp = 0
02-03 17:56:38.039 W/Sclibration(27104): onSensorChanged count =  2663
02-03 17:56:38.039 W/Sclibration(27104): onSensorChanged curX =  -0.47061425  curY =  -0.35401234  curZ =  -8.793699
02-03 17:56:38.039 W/Sclibration(27104): processUnSolicited begin
02-03 17:56:38.039 W/Sclibration(27104): processUnSolicited curX =  -0.47061425  curY =  -0.35401234  curZ =  -8.793699
02-03 17:56:38.039 W/Sclibration(27104): processUnSolicited x =  126  y =  142
02-03 17:56:38.039 W/Sclibration(27104): processUnSolicited isLeftForX =  true  isDownForY =  false
02-03 17:56:38.039 W/Sclibration(27104): processUnSolicited sum =  130.0  rr =  8464.0
02-03 17:56:38.039 W/Sclibration(27104): processUnSolicited end x =  126  y =  142
02-03 17:56:38.039 W/Sclibration(27104): ScalibrationView--setBallLocation  m_calibrated =  false
02-03 17:56:38.039 W/Sclibration(27104): ScalibrationView--setBallLocation2  m_calibrated =  false
02-03 17:56:38.039 W/Sclibration(27104): onSensorChanged count =  2663  count%LOOPCOUNT =  23
02-03 17:56:38.059 D/KeyguardViewMediator(26892): setHidden false
02-03 17:56:38.069 D/KeyguardViewMediator(26892): setHidden false
02-03 17:56:38.079 D/KeyguardViewMediator(26892): setHidden false
02-03 17:56:38.109 D/KeyguardViewMediator(26892): setHidden false
02-03 17:56:38.119 D/KeyguardViewMediator(26892): setHidden false
02-03 17:56:38.139 D/KeyguardViewMediator(26892): setHidden false
02-03 17:56:38.139 W/Sclibration(27104): onSensorChanged filter =  88071  tp = 1
02-03 17:56:38.139 W/Sclibration(27104): onSensorChanged filter =  30220  tp = 0
02-03 17:56:38.149 W/Sclibration(27104): onSensorChanged count =  3022
02-03 17:56:38.149 W/Sclibration(27104): onSensorChanged curX =  -0.5250716  curY =  -0.41922426  curZ =  -8.808329
02-03 17:56:38.149 W/Sclibration(27104): processUnSolicited begin
02-03 17:56:38.149 W/Sclibration(27104): processUnSolicited curX =  -0.5250716  curY =  -0.41922426  curZ =  -8.808329
02-03 17:56:38.149 W/Sclibration(27104): processUnSolicited x =  125  y =  143
02-03 17:56:38.149 W/Sclibration(27104): processUnSolicited isLeftForX =  true  isDownForY =  false
02-03 17:56:38.149 W/Sclibration(27104): processUnSolicited sum =  164.0  rr =  8464.0
02-03 17:56:38.149 W/Sclibration(27104): processUnSolicited end x =  125  y =  143
02-03 17:56:38.149 W/Sclibration(27104): ScalibrationView--setBallLocation  m_calibrated =  false
02-03 17:56:38.149 W/Sclibration(27104): ScalibrationView--setBallLocation2  m_calibrated =  false
02-03 17:56:38.149 W/Sclibration(27104): onSensorChanged count =  3022  count%LOOPCOUNT =  22
02-03 17:56:38.149 W/Sclibration(27104): onSensorChanged filter =  26631  tp = 1
02-03 17:56:38.149 D/KeyguardViewMediator(26892): setHidden false
02-03 17:56:38.159 D/KeyguardViewMediator(26892): setHidden false
02-03 17:56:38.189 D/KeyguardViewMediator(26892): setHidden false
02-03 17:56:38.199 D/KeyguardViewMediator(26892): setHidden false
02-03 17:56:38.269 W/Sclibration(27104): onSensorChanged filter =  88072  tp = 2
02-03 17:56:38.269 W/Sclibration(27104): onSensorChanged filter =  30221  tp = 1
02-03 17:56:38.269 W/Sclibration(27104): onSensorChanged filter =  26632  tp = 2
02-03 17:56:38.409 W/Sclibration(27104): onSensorChanged filter =  88073  tp = 3
02-03 17:56:38.409 W/Sclibration(27104): onSensorChanged filter =  30222  tp = 2
02-03 17:56:38.409 W/Sclibration(27104): onSensorChanged filter =  26633  tp = 3
02-03 17:56:38.529 W/Sclibration(27104): onSensorChanged filter =  88074  tp = 4
02-03 17:56:38.529 W/Sclibration(27104): onSensorChanged filter =  30223  tp = 3
02-03 17:56:38.529 W/Sclibration(27104): onSensorChanged filter =  26634  tp = 4
02-03 17:56:38.650 W/Sclibration(27104): onSensorChanged filter =  88075  tp = 5
02-03 17:56:38.650 W/Sclibration(27104): onSensorChanged filter =  30224  tp = 4
02-03 17:56:38.650 W/Sclibration(27104): onSensorChanged filter =  26635  tp = 5
02-03 17:56:38.770 W/Sclibration(27104): onSensorChanged filter =  88076  tp = 6
02-03 17:56:38.770 W/Sclibration(27104): onSensorChanged filter =  30225  tp = 5
02-03 17:56:38.770 W/Sclibration(27104): onSensorChanged filter =  26636  tp = 6
02-03 17:56:38.890 W/Sclibration(27104): onSensorChanged filter =  88077  tp = 7
02-03 17:56:38.890 W/Sclibration(27104): onSensorChanged filter =  30226  tp = 6
02-03 17:56:38.890 W/Sclibration(27104): onSensorChanged filter =  26637  tp = 7
02-03 17:56:39.030 W/Sclibration(27104): onSensorChanged filter =  88078  tp = 8
02-03 17:56:39.030 W/Sclibration(27104): onSensorChanged filter =  30227  tp = 7
02-03 17:56:39.030 W/Sclibration(27104): onSensorChanged filter =  26638  tp = 8
02-03 17:56:39.140 W/Sclibration(27104): onSensorChanged filter =  88079  tp = 9
02-03 17:56:39.140 W/Sclibration(27104): onSensorChanged filter =  30228  tp = 8
02-03 17:56:39.140 W/Sclibration(27104): onSensorChanged filter =  26639  tp = 9
02-03 17:56:39.160 W/Sclibration(27104): onSensorChanged filter =  88080  tp = 0
02-03 17:56:39.160 W/Sclibration(27104): onSensorChanged count =  8808
02-03 17:56:39.160 W/Sclibration(27104): onSensorChanged curX =  -1.1705977  curY =  -1.814242  curZ =  -9.093448
02-03 17:56:39.160 W/Sclibration(27104): processUnSolicited begin
02-03 17:56:39.160 W/Sclibration(27104): processUnSolicited curX =  -1.1705977  curY =  -1.814242  curZ =  -9.093448
02-03 17:56:39.160 W/Sclibration(27104): processUnSolicited x =  89  y =  207
02-03 17:56:39.160 W/Sclibration(27104): processUnSolicited isLeftForX =  true  isDownForY =  false
02-03 17:56:39.160 W/Sclibration(27104): processUnSolicited sum =  7300.0  rr =  8464.0
02-03 17:56:39.160 W/Sclibration(27104): processUnSolicited end x =  89  y =  207
02-03 17:56:39.160 W/Sclibration(27104): ScalibrationView--setBallLocation  m_calibrated =  false
02-03 17:56:39.160 W/Sclibration(27104): ScalibrationView--setBallLocation2  m_calibrated =  false
02-03 17:56:39.160 W/Sclibration(27104): onSensorChanged count =  8808  count%LOOPCOUNT =  18
02-03 17:56:39.160 W/Sclibration(27104): onSensorChanged filter =  30229  tp = 9
02-03 17:56:39.160 W/Sclibration(27104): onSensorChanged filter =  26640  tp = 0
02-03 17:56:39.160 W/Sclibration(27104): onSensorChanged count =  2664
02-03 17:56:39.160 W/Sclibration(27104): onSensorChanged curX =  -1.1705977  curY =  -1.814242  curZ =  -9.093448
02-03 17:56:39.160 W/Sclibration(27104): processUnSolicited begin
02-03 17:56:39.160 W/Sclibration(27104): processUnSolicited curX =  -1.1705977  curY =  -1.814242  curZ =  -9.093448
02-03 17:56:39.160 W/Sclibration(27104): processUnSolicited x =  89  y =  207
02-03 17:56:39.170 W/Sclibration(27104): processUnSolicited isLeftForX =  true  isDownForY =  false
02-03 17:56:39.170 W/Sclibration(27104): processUnSolicited sum =  7300.0  rr =  8464.0
02-03 17:56:39.170 W/Sclibration(27104): processUnSolicited end x =  89  y =  207
02-03 17:56:39.170 W/Sclibration(27104): ScalibrationView--setBallLocation  m_calibrated =  false
02-03 17:56:39.170 W/Sclibration(27104): ScalibrationView--setBallLocation2  m_calibrated =  false
02-03 17:56:39.170 W/Sclibration(27104): onSensorChanged count =  2664  count%LOOPCOUNT =  24
02-03 17:56:39.180 W/Sclibration(27104): onSensorChanged filter =  88081  tp = 1
02-03 17:56:39.180 W/Sclibration(27104): onSensorChanged filter =  30230  tp = 0
02-03 17:56:39.180 W/Sclibration(27104): onSensorChanged count =  3023
02-03 17:56:39.180 W/Sclibration(27104): onSensorChanged curX =  -1.1651518  curY =  -1.8799088  curZ =  -9.00073
02-03 17:56:39.180 W/Sclibration(27104): processUnSolicited begin
02-03 17:56:39.180 W/Sclibration(27104): processUnSolicited curX =  -1.1651518  curY =  -1.8799088  curZ =  -9.00073
02-03 17:56:39.180 W/Sclibration(27104): processUnSolicited x =  89  y =  210
02-03 17:56:39.180 W/Sclibration(27104): processUnSolicited isLeftForX =  true  isDownForY =  false
02-03 17:56:39.180 W/Sclibration(27104): processUnSolicited sum =  7741.0  rr =  8464.0
02-03 17:56:39.190 W/Sclibration(27104): processUnSolicited end x =  89  y =  210
02-03 17:56:39.190 W/Sclibration(27104): ScalibrationView--setBallLocation  m_calibrated =  false
02-03 17:56:39.190 W/Sclibration(27104): ScalibrationView--setBallLocation2  m_calibrated =  false
02-03 17:56:39.190 W/Sclibration(27104): onSensorChanged count =  3023  count%LOOPCOUNT =  23
02-03 17:56:39.190 W/Sclibration(27104): onSensorChanged filter =  26641  tp = 1
02-03 17:56:39.300 W/Sclibration(27104): onSensorChanged filter =  88082  tp = 2
02-03 17:56:39.300 W/Sclibration(27104): onSensorChanged filter =  30231  tp = 1
02-03 17:56:39.300 W/Sclibration(27104): onSensorChanged filter =  26642  tp = 2
02-03 17:56:39.320 W/Sclibration(27104): onSensorChanged filter =  88083  tp = 3
02-03 17:56:39.320 W/Sclibration(27104): onSensorChanged filter =  30232  tp = 2
02-03 17:56:39.320 W/Sclibration(27104): onSensorChanged filter =  26643  tp = 3
02-03 17:56:39.340 W/Sclibration(27104): onSensorChanged filter =  88084  tp = 4
02-03 17:56:39.340 W/Sclibration(27104): onSensorChanged filter =  30233  tp = 3
02-03 17:56:39.340 W/Sclibration(27104): onSensorChanged filter =  26644  tp = 4
02-03 17:56:39.370 D/KeyguardViewMediator(26892): setHidden false
02-03 17:56:39.380 I/hubo    (26892): Activity {com.google.android.gm/com.google.android.gm.LabelsActivity}
02-03 17:56:39.400 D/KeyguardViewMediator(26892): setHidden false
02-03 17:56:39.470 W/Sclibration(27104): onSensorChanged filter =  88085  tp = 5
02-03 17:56:39.480 W/Sclibration(27104): onSensorChanged filter =  30234  tp = 4
02-03 17:56:39.490 W/Sclibration(27104): onSensorChanged filter =  26645  tp = 5
02-03 17:56:39.500 W/Sclibration(27104): onSensorChanged filter =  88086  tp = 6
02-03 17:56:39.510 W/Sclibration(27104): onSensorChanged filter =  30235  tp = 5
02-03 17:56:39.520 W/Sclibration(27104): onSensorChanged filter =  26646  tp = 6
02-03 17:56:39.520 W/Sclibration(27104): onSensorChanged filter =  88087  tp = 7
02-03 17:56:39.520 W/Sclibration(27104): onSensorChanged filter =  30236  tp = 6
02-03 17:56:39.520 W/Sclibration(27104): onSensorChanged filter =  26647  tp = 7
02-03 17:56:39.611 D/Bitmap  (26892): Detect unrecycled bitmap.
02-03 17:56:39.611 D/Bitmap  (26892):       Size: 39744 Bytes, Width: 108 , Height: 92 , Hash code: 1083092672
02-03 17:56:39.611 D/Bitmap  (26892):  This bimap was created in:
02-03 17:56:39.611 D/Bitmap  (26892):       android.graphics.Bitmap.<init>(Bitmap.java:136)
02-03 17:56:39.611 D/Bitmap  (26892):       android.graphics.BitmapFactory.nativeDecodeAsset(Native Method)
02-03 17:56:39.611 D/Bitmap  (26892):       android.graphics.BitmapFactory.decodeStream(BitmapFactory.java:460)
02-03 17:56:39.611 D/Bitmap  (26892):       android.graphics.BitmapFactory.decodeResourceStream(BitmapFactory.java:336)
02-03 17:56:39.611 D/Bitmap  (26892):       android.graphics.drawable.Drawable.createFromResourceStream(Drawable.java:697)
02-03 17:56:39.611 D/Bitmap  (26892):       android.content.res.Resources.loadDrawable(Resources.java:1709)
02-03 17:56:39.611 D/Bitmap  (26892):       android.content.res.Resources.getDrawable(Resources.java:581)
02-03 17:56:39.611 D/Bitmap  (26892):       android.graphics.drawable.StateListDrawable.inflate(StateListDrawable.java:162)
02-03 17:56:39.611 D/Bitmap  (26892):       android.graphics.drawable.Drawable.createFromXmlInner(Drawable.java:787)
02-03 17:56:39.611 D/Bitmap  (26892):       android.graphics.drawable.Drawable.createFromXml(Drawable.java:728)
02-03 17:56:39.611 D/Bitmap  (26892):       android.content.res.Resources.loadDrawable(Resources.java:1694)
02-03 17:56:39.611 D/Bitmap  (26892):       android.content.res.Resources.getDrawable(Resources.java:581)
02-03 17:56:39.611 D/Bitmap  (26892):       android.view.View.setBackgroundResource(View.java:7533)
02-03 17:56:39.611 D/Bitmap  (26892):       com.android.internal.widget.SlidingTab$Slider.<init>(SlidingTab.java:192)
02-03 17:56:39.611 D/Bitmap  (26892):       com.android.internal.widget.SlidingTab.<init>(SlidingTab.java:458)
02-03 17:56:39.611 D/Bitmap  (26892):       java.lang.reflect.Constructor.constructNative(Native Method)
02-03 17:56:39.611 D/Bitmap  (26892):       java.lang.reflect.Constructor.newInstance(Constructor.java:415)
02-03 17:56:39.611 D/Bitmap  (26892):       android.view.LayoutInflater.createView(LayoutInflater.java:505)
02-03 17:56:39.611 D/Bitmap  (26892):       android.view.LayoutInflater.createViewFromTag(LayoutInflater.java:570)
02-03 17:56:39.611 D/Bitmap  (26892):       android.view.LayoutInflater.rInflate(LayoutInflater.java:623)
02-03 17:56:39.611 D/Bitmap  (26892):       android.view.LayoutInflater.inflate(LayoutInflater.java:408)
02-03 17:56:39.611 D/Bitmap  (26892):       android.view.LayoutInflater.inflate(LayoutInflater.java:320)
02-03 17:56:39.611 D/Bitmap  (26892):       com.android.internal.policy.impl.LockScreen.<init>(LockScreen.java:328)
02-03 17:56:39.611 D/Bitmap  (26892):       com.android.internal.policy.impl.LockPatternKeyguardView.createLockScreen(LockPatternKeyguardView.java:821)
02-03 17:56:39.611 D/Bitmap  (26892):       com.android.internal.policy.impl.LockPatternKeyguardView.<init>(LockPatternKeyguardView.java:429)
02-03 17:56:39.611 D/Bitmap  (26892):       com.android.internal.policy.impl.LockPatternKeyguardViewProperties.createKeyguardView(LockPatternKeyguardViewProperties.java:49)
02-03 17:56:39.611 D/Bitmap  (26892):       com.android.internal.policy.impl.KeyguardViewManager.show(KeyguardViewManager.java:125)
02-03 17:56:39.611 D/Bitmap  (26892):       com.android.internal.policy.impl.KeyguardViewMediator.handleShow(KeyguardViewMediator.java:1064)
02-03 17:56:39.611 D/Bitmap  (26892):       com.android.internal.policy.impl.KeyguardViewMediator.access$700(KeyguardViewMediator.java:103)
02-03 17:56:39.611 D/Bitmap  (26892):       com.android.internal.policy.impl.KeyguardViewMediator$2.handleMessage(KeyguardViewMediator.java:931)
02-03 17:56:39.611 D/Bitmap  (26892):       android.os.Handler.dispatchMessage(Handler.java:99)
02-03 17:56:39.611 D/Bitmap  (26892):       android.os.Looper.loop(Looper.java:130)
02-03 17:56:39.611 D/Bitmap  (26892):       com.android.server.WindowManagerService$PolicyThread.run(WindowManagerService.java:613)
02-03 17:56:39.611 D/Bitmap  (26892): _
02-03 17:56:39.631 D/KeyguardViewMediator(26892): setHidden false
02-03 17:56:39.631 W/Sclibration(27104): onSensorChanged filter =  88088  tp = 8
02-03 17:56:39.631 W/Sclibration(27104): onSensorChanged filter =  30237  tp = 7
02-03 17:56:39.631 W/Sclibration(27104): onSensorChanged filter =  26648  tp = 8
02-03 17:56:39.631 W/Sclibration(27104): onSensorChanged filter =  88089  tp = 9
02-03 17:56:39.631 W/Sclibration(27104): onSensorChanged filter =  30238  tp = 8
02-03 17:56:39.631 W/Sclibration(27104): onSensorChanged filter =  26649  tp = 9
02-03 17:56:39.691 W/Sclibration(27104): onSensorChanged filter =  88090  tp = 0
02-03 17:56:39.691 W/Sclibration(27104): onSensorChanged count =  8809
02-03 17:56:39.691 W/Sclibration(27104): onSensorChanged curX =  -0.52990675  curY =  -2.02371  curZ =  -8.593573
02-03 17:56:39.691 W/Sclibration(27104): processUnSolicited begin
02-03 17:56:39.691 W/Sclibration(27104): processUnSolicited curX =  -0.52990675  curY =  -2.02371  curZ =  -8.593573
02-03 17:56:39.691 W/Sclibration(27104): processUnSolicited x =  114  y =  215
02-03 17:56:39.691 W/Sclibration(27104): processUnSolicited isLeftForX =  true  isDownForY =  false
02-03 17:56:39.701 W/Sclibration(27104): processUnSolicited sum =  6841.0  rr =  8464.0
02-03 17:56:39.701 W/Sclibration(27104): processUnSolicited end x =  114  y =  215
02-03 17:56:39.701 W/Sclibration(27104): ScalibrationView--setBallLocation  m_calibrated =  false
02-03 17:56:39.701 W/Sclibration(27104): ScalibrationView--setBallLocation2  m_calibrated =  false
02-03 17:56:39.701 W/Sclibration(27104): onSensorChanged count =  8809  count%LOOPCOUNT =  19
02-03 17:56:39.701 W/Sclibration(27104): onSensorChanged filter =  30239  tp = 9
02-03 17:56:39.701 W/Sclibration(27104): onSensorChanged filter =  26650  tp = 0
02-03 17:56:39.701 W/Sclibration(27104): onSensorChanged count =  2665
02-03 17:56:39.701 W/Sclibration(27104): onSensorChanged curX =  -0.52990675  curY =  -2.02371  curZ =  -8.593573
02-03 17:56:39.701 W/Sclibration(27104): processUnSolicited begin
02-03 17:56:39.701 W/Sclibration(27104): processUnSolicited curX =  -0.52990675  curY =  -2.02371  curZ =  -8.593573
02-03 17:56:39.701 W/Sclibration(27104): processUnSolicited x =  114  y =  215
02-03 17:56:39.701 W/Sclibration(27104): processUnSolicited isLeftForX =  true  isDownForY =  false
02-03 17:56:39.701 W/Sclibration(27104): processUnSolicited sum =  6841.0  rr =  8464.0
02-03 17:56:39.701 W/Sclibration(27104): processUnSolicited end x =  114  y =  215
02-03 17:56:39.701 W/Sclibration(27104): ScalibrationView--setBallLocation  m_calibrated =  false
02-03 17:56:39.701 W/Sclibration(27104): ScalibrationView--setBallLocation2  m_calibrated =  false
02-03 17:56:39.701 W/Sclibration(27104): onSensorChanged count =  2665  count%LOOPCOUNT =  25
02-03 17:56:39.701 W/Sclibration(27104): onSensorChanged filter =  88091  tp = 1
02-03 17:56:39.701 W/Sclibration(27104): onSensorChanged filter =  30240  tp = 0
02-03 17:56:39.701 W/Sclibration(27104): onSensorChanged count =  3024
02-03 17:56:39.701 W/Sclibration(27104): onSensorChanged curX =  -0.62034565  curY =  -2.0893312  curZ =  -8.63962
02-03 17:56:39.701 W/Sclibration(27104): processUnSolicited begin
02-03 17:56:39.701 W/Sclibration(27104): processUnSolicited curX =  -0.62034565  curY =  -2.0893312  curZ =  -8.63962
02-03 17:56:39.701 W/Sclibration(27104): processUnSolicited x =  111  y =  218
02-03 17:56:39.701 W/Sclibration(27104): processUnSolicited isLeftForX =  true  isDownForY =  false
02-03 17:56:39.701 W/Sclibration(27104): processUnSolicited sum =  7465.0  rr =  8464.0
02-03 17:56:39.701 W/Sclibration(27104): processUnSolicited end x =  111  y =  218
02-03 17:56:39.701 W/Sclibration(27104): ScalibrationView--setBallLocation  m_calibrated =  false
02-03 17:56:39.701 W/Sclibration(27104): ScalibrationView--setBallLocation2  m_calibrated =  false
02-03 17:56:39.701 W/Sclibration(27104): onSensorChanged count =  3024  count%LOOPCOUNT =  24
02-03 17:56:39.701 W/Sclibration(27104): onSensorChanged filter =  26651  tp = 1
02-03 17:56:39.751 W/Sclibration(27104): onSensorChanged filter =  88092  tp = 2
02-03 17:56:39.761 W/Sclibration(27104): onSensorChanged filter =  30241  tp = 1
02-03 17:56:39.761 W/Sclibration(27104): onSensorChanged filter =  26652  tp = 2
02-03 17:56:39.801 D/KeyguardViewMediator(26892): setHidden false
02-03 17:56:39.811 D/KeyguardViewMediator(26892): setHidden false
02-03 17:56:39.821 D/KeyguardViewMediator(26892): setHidden false
02-03 17:56:39.821 D/KeyguardViewMediator(26892): setHidden false
02-03 17:56:39.841 D/KeyguardViewMediator(26892): setHidden false
02-03 17:56:39.851 W/Sclibration(27104): onSensorChanged filter =  88093  tp = 3
02-03 17:56:39.851 W/Sclibration(27104): onSensorChanged filter =  30242  tp = 2
02-03 17:56:39.851 W/Sclibration(27104): onSensorChanged filter =  26653  tp = 3
02-03 17:56:39.861 D/KeyguardViewMediator(26892): setHidden false
02-03 17:56:39.871 D/KeyguardViewMediator(26892): setHidden false
02-03 17:56:39.891 D/KeyguardViewMediator(26892): setHidden false
02-03 17:56:39.901 D/KeyguardViewMediator(26892): setHidden false
02-03 17:56:39.921 D/KeyguardViewMediator(26892): setHidden false
02-03 17:56:39.941 D/KeyguardViewMediator(26892): setHidden false
02-03 17:56:39.951 D/KeyguardViewMediator(26892): setHidden false
02-03 17:56:39.961 W/Sclibration(27104): onSensorChanged filter =  88094  tp = 4
02-03 17:56:39.961 W/Sclibration(27104): onSensorChanged filter =  30243  tp = 3
02-03 17:56:39.961 W/Sclibration(27104): onSensorChanged filter =  26654  tp = 4
02-03 17:56:39.971 D/KeyguardViewMediator(26892): setHidden false
02-03 17:56:39.981 D/KeyguardViewMediator(26892): setHidden false
02-03 17:56:39.981 I/ActivityManager(26892): Displayed com.google.android.gm/.LabelsActivity: +619ms
02-03 17:56:39.991 D/KeyguardViewMediator(26892): setHidden false
02-03 17:56:40.081 W/Sclibration(27104): onSensorChanged filter =  88095  tp = 5
02-03 17:56:40.081 W/Sclibration(27104): onSensorChanged filter =  30244  tp = 4
02-03 17:56:40.081 W/Sclibration(27104): onSensorChanged filter =  26655  tp = 5
02-03 17:56:40.101 W/Sclibration(27104): onSensorChanged filter =  88096  tp = 6
02-03 17:56:40.101 W/Sclibration(27104): onSensorChanged filter =  30245  tp = 5
02-03 17:56:40.101 W/Sclibration(27104): onSensorChanged filter =  26656  tp = 6
02-03 17:56:40.121 W/Sclibration(27104): onSensorChanged filter =  88097  tp = 7
02-03 17:56:40.121 W/Sclibration(27104): onSensorChanged filter =  30246  tp = 6
02-03 17:56:40.121 W/Sclibration(27104): onSensorChanged filter =  26657  tp = 7
02-03 17:56:40.141 W/Sclibration(27104): onSensorChanged filter =  88098  tp = 8
02-03 17:56:40.141 W/Sclibration(27104): onSensorChanged filter =  30247  tp = 7
02-03 17:56:40.141 W/Sclibration(27104): onSensorChanged filter =  26658  tp = 8
02-03 17:56:40.161 W/Sclibration(27104): onSensorChanged filter =  88099  tp = 9
02-03 17:56:40.161 W/Sclibration(27104): onSensorChanged filter =  30248  tp = 8
02-03 17:56:40.161 W/Sclibration(27104): onSensorChanged filter =  26659  tp = 9
02-03 17:56:40.181 W/Sclibration(27104): onSensorChanged filter =  88100  tp = 0
02-03 17:56:40.181 W/Sclibration(27104): onSensorChanged count =  8810
02-03 17:56:40.181 W/Sclibration(27104): onSensorChanged curX =  -1.6713455  curY =  -1.9877809  curZ =  -9.005861
02-03 17:56:40.181 W/Sclibration(27104): processUnSolicited begin
02-03 17:56:40.181 W/Sclibration(27104): processUnSolicited curX =  -1.6713455  curY =  -1.9877809  curZ =  -9.005861
02-03 17:56:40.181 W/Sclibration(27104): processUnSolicited x =  69  y =  214
02-03 17:56:40.181 W/Sclibration(27104): processUnSolicited isLeftForX =  true  isDownForY =  false
02-03 17:56:40.181 W/Sclibration(27104): processUnSolicited sum =  10597.0  rr =  8464.0
02-03 17:56:40.181 W/Sclibration(27104): processUnSolicited angle =  0.31190558415213104  tempX =  48  tempY =  163
02-03 17:56:40.181 W/Sclibration(27104): processUnSolicited end x =  48  y =  163
02-03 17:56:40.181 W/Sclibration(27104): ScalibrationView--setBallLocation  m_calibrated =  false
02-03 17:56:40.181 W/Sclibration(27104): ScalibrationView--setBallLocation2  m_calibrated =  false
02-03 17:56:40.181 W/Sclibration(27104): onSensorChanged count =  8810  count%LOOPCOUNT =  20
02-03 17:56:40.181 W/Sclibration(27104): onSensorChanged filter =  30249  tp = 9
02-03 17:56:40.181 W/Sclibration(27104): onSensorChanged filter =  26660  tp = 0
02-03 17:56:40.181 W/Sclibration(27104): onSensorChanged count =  2666
02-03 17:56:40.191 W/Sclibration(27104): onSensorChanged curX =  -1.6713455  curY =  -1.9877809  curZ =  -9.005861
02-03 17:56:40.191 W/Sclibration(27104): processUnSolicited begin
02-03 17:56:40.191 W/Sclibration(27104): processUnSolicited curX =  -1.6713455  curY =  -1.9877809  curZ =  -9.005861
02-03 17:56:40.191 W/Sclibration(27104): processUnSolicited x =  69  y =  214
02-03 17:56:40.191 W/Sclibration(27104): processUnSolicited isLeftForX =  true  isDownForY =  false
02-03 17:56:40.191 W/Sclibration(27104): processUnSolicited sum =  10597.0  rr =  8464.0
02-03 17:56:40.191 W/Sclibration(27104): processUnSolicited angle =  0.31190558415213104  tempX =  48  tempY =  163
02-03 17:56:40.191 W/Sclibration(27104): processUnSolicited end x =  48  y =  163
02-03 17:56:40.191 W/Sclibration(27104): ScalibrationView--setBallLocation  m_calibrated =  false
02-03 17:56:40.191 W/Sclibration(27104): ScalibrationView--setBallLocation2  m_calibrated =  false
02-03 17:56:40.191 W/Sclibration(27104): onSensorChanged count =  2666  count%LOOPCOUNT =  26
02-03 17:56:40.201 W/Sclibration(27104): onSensorChanged filter =  88101  tp = 1
02-03 17:56:40.201 W/Sclibration(27104): onSensorChanged filter =  30250  tp = 0
02-03 17:56:40.201 W/Sclibration(27104): onSensorChanged count =  3025
02-03 17:56:40.211 W/Sclibration(27104): onSensorChanged curX =  -1.6255267  curY =  -1.9090312  curZ =  -8.98355
02-03 17:56:40.211 W/Sclibration(27104): processUnSolicited begin
02-03 17:56:40.211 W/Sclibration(27104): processUnSolicited curX =  -1.6255267  curY =  -1.9090312  curZ =  -8.98355
02-03 17:56:40.211 W/Sclibration(27104): processUnSolicited x =  70  y =  211
02-03 17:56:40.211 W/Sclibration(27104): processUnSolicited isLeftForX =  true  isDownForY =  false
02-03 17:56:40.211 W/Sclibration(27104): processUnSolicited sum =  10001.0  rr =  8464.0
02-03 17:56:40.211 W/Sclibration(27104): processUnSolicited angle =  0.32032808024938425  tempX =  48  tempY =  163
02-03 17:56:40.211 W/Sclibration(27104): processUnSolicited end x =  48  y =  163
02-03 17:56:40.211 W/Sclibration(27104): ScalibrationView--setBallLocation  m_calibrated =  false
02-03 17:56:40.211 W/Sclibration(27104): ScalibrationView--setBallLocation2  m_calibrated =  false
02-03 17:56:40.211 W/Sclibration(27104): onSensorChanged count =  3025  count%LOOPCOUNT =  25
02-03 17:56:40.221 W/Sclibration(27104): onSensorChanged filter =  26661  tp = 1
02-03 17:56:40.321 W/Sclibration(27104): onSensorChanged filter =  88102  tp = 2
02-03 17:56:40.321 W/Sclibration(27104): onSensorChanged filter =  30251  tp = 1
02-03 17:56:40.351 W/Sclibration(27104): onSensorChanged filter =  26662  tp = 2
02-03 17:56:40.441 W/Sclibration(27104): onSensorChanged filter =  88103  tp = 3
02-03 17:56:40.441 W/Sclibration(27104): onSensorChanged filter =  30252  tp = 2
02-03 17:56:40.441 W/Sclibration(27104): onSensorChanged filter =  26663  tp = 3
02-03 17:56:40.461 W/Sclibration(27104): onSensorChanged filter =  88104  tp = 4
02-03 17:56:40.461 W/Sclibration(27104): onSensorChanged filter =  30253  tp = 3
02-03 17:56:40.461 W/Sclibration(27104): onSensorChanged filter =  26664  tp = 4
02-03 17:56:40.481 W/Sclibration(27104): onSensorChanged filter =  88105  tp = 5
02-03 17:56:40.481 W/Sclibration(27104): onSensorChanged filter =  30254  tp = 4
02-03 17:56:40.481 W/Sclibration(27104): onSensorChanged filter =  26665  tp = 5
02-03 17:56:40.501 W/Sclibration(27104): onSensorChanged filter =  88106  tp = 6
02-03 17:56:40.501 W/Sclibration(27104): onSensorChanged filter =  30255  tp = 5
02-03 17:56:40.501 W/Sclibration(27104): onSensorChanged filter =  26666  tp = 6
02-03 17:56:40.521 W/Sclibration(27104): onSensorChanged filter =  88107  tp = 7
02-03 17:56:40.521 W/Sclibration(27104): onSensorChanged filter =  30256  tp = 6
02-03 17:56:40.521 W/Sclibration(27104): onSensorChanged filter =  26667  tp = 7
02-03 17:56:40.541 W/Sclibration(27104): onSensorChanged filter =  88108  tp = 8
02-03 17:56:40.541 W/Sclibration(27104): onSensorChanged filter =  30257  tp = 7
02-03 17:56:40.541 W/Sclibration(27104): onSensorChanged filter =  26668  tp = 8
02-03 17:56:40.561 W/Sclibration(27104): onSensorChanged filter =  88109  tp = 9
02-03 17:56:40.571 W/Sclibration(27104): onSensorChanged filter =  30258  tp = 8
02-03 17:56:40.571 W/Sclibration(27104): onSensorChanged filter =  26669  tp = 9
02-03 17:56:40.692 W/Sclibration(27104): onSensorChanged filter =  88110  tp = 0
02-03 17:56:40.692 W/Sclibration(27104): onSensorChanged count =  8811
02-03 17:56:40.692 W/Sclibration(27104): onSensorChanged curX =  -1.3215694  curY =  -1.6168143  curZ =  -8.656812
02-03 17:56:40.692 W/Sclibration(27104): processUnSolicited begin
02-03 17:56:40.692 W/Sclibration(27104): processUnSolicited curX =  -1.3215694  curY =  -1.6168143  curZ =  -8.656812
02-03 17:56:40.692 W/Sclibration(27104): processUnSolicited x =  83  y =  199
02-03 17:56:40.702 W/Sclibration(27104): processUnSolicited isLeftForX =  true  isDownForY =  false
02-03 17:56:40.702 W/Sclibration(27104): processUnSolicited sum =  6800.0  rr =  8464.0
02-03 17:56:40.702 W/Sclibration(27104): processUnSolicited end x =  83  y =  199
02-03 17:56:40.702 W/Sclibration(27104): ScalibrationView--setBallLocation  m_calibrated =  false
02-03 17:56:40.702 W/Sclibration(27104): ScalibrationView--setBallLocation2  m_calibrated =  false
02-03 17:56:40.702 W/Sclibration(27104): onSensorChanged count =  8811  count%LOOPCOUNT =  21
02-03 17:56:40.702 W/Sclibration(27104): onSensorChanged filter =  30259  tp = 9
02-03 17:56:40.702 W/Sclibration(27104): onSensorChanged filter =  26670  tp = 0
02-03 17:56:40.702 W/Sclibration(27104): onSensorChanged count =  2667
02-03 17:56:40.702 W/Sclibration(27104): onSensorChanged curX =  -1.3215694  curY =  -1.6168143  curZ =  -8.656812
02-03 17:56:40.702 W/Sclibration(27104): processUnSolicited begin
02-03 17:56:40.702 W/Sclibration(27104): processUnSolicited curX =  -1.3215694  curY =  -1.6168143  curZ =  -8.656812
02-03 17:56:40.702 W/Sclibration(27104): processUnSolicited x =  83  y =  199
02-03 17:56:40.702 W/Sclibration(27104): processUnSolicited isLeftForX =  true  isDownForY =  false
02-03 17:56:40.702 W/Sclibration(27104): processUnSolicited sum =  6800.0  rr =  8464.0
02-03 17:56:40.702 W/Sclibration(27104): processUnSolicited end x =  83  y =  199
02-03 17:56:40.702 W/Sclibration(27104): ScalibrationView--setBallLocation  m_calibrated =  false
02-03 17:56:40.702 W/Sclibration(27104): ScalibrationView--setBallLocation2  m_calibrated =  false
02-03 17:56:40.702 W/Sclibration(27104): onSensorChanged count =  2667  count%LOOPCOUNT =  27
02-03 17:56:40.802 W/Sclibration(27104): onSensorChanged filter =  88111  tp = 1
02-03 17:56:40.802 W/Sclibration(27104): onSensorChanged filter =  30260  tp = 0
02-03 17:56:40.802 W/Sclibration(27104): onSensorChanged count =  3026
02-03 17:56:40.802 W/Sclibration(27104): onSensorChanged curX =  -1.2185506  curY =  -1.6968771  curZ =  -8.659043
02-03 17:56:40.802 W/Sclibration(27104): processUnSolicited begin
02-03 17:56:40.802 W/Sclibration(27104): processUnSolicited curX =  -1.2185506  curY =  -1.6968771  curZ =  -8.659043
02-03 17:56:40.802 W/Sclibration(27104): processUnSolicited x =  87  y =  202
02-03 17:56:40.812 W/Sclibration(27104): processUnSolicited isLeftForX =  true  isDownForY =  false
02-03 17:56:40.812 W/Sclibration(27104): processUnSolicited sum =  6793.0  rr =  8464.0
02-03 17:56:40.812 W/Sclibration(27104): processUnSolicited end x =  87  y =  202
02-03 17:56:40.812 W/Sclibration(27104): ScalibrationView--setBallLocation  m_calibrated =  false
02-03 17:56:40.812 W/Sclibration(27104): ScalibrationView--setBallLocation2  m_calibrated =  false
02-03 17:56:40.812 W/Sclibration(27104): onSensorChanged count =  3026  count%LOOPCOUNT =  26
02-03 17:56:40.812 W/Sclibration(27104): onSensorChanged filter =  26671  tp = 1
02-03 17:56:40.822 W/Sclibration(27104): onSensorChanged filter =  88112  tp = 2
02-03 17:56:40.832 W/Sclibration(27104): onSensorChanged filter =  30261  tp = 1
02-03 17:56:40.832 W/Sclibration(27104): onSensorChanged filter =  26672  tp = 2
02-03 17:56:40.842 W/Sclibration(27104): onSensorChanged filter =  88113  tp = 3
02-03 17:56:40.842 W/Sclibration(27104): onSensorChanged filter =  30262  tp = 2
02-03 17:56:40.852 W/Sclibration(27104): onSensorChanged filter =  26673  tp = 3
02-03 17:56:40.862 W/Sclibration(27104): onSensorChanged filter =  88114  tp = 4
02-03 17:56:40.862 W/Sclibration(27104): onSensorChanged filter =  30263  tp = 3
02-03 17:56:40.862 W/Sclibration(27104): onSensorChanged filter =  26674  tp = 4
02-03 17:56:40.892 W/Sclibration(27104): onSensorChanged filter =  88115  tp = 5
02-03 17:56:40.892 W/Sclibration(27104): onSensorChanged filter =  30264  tp = 4
02-03 17:56:40.892 W/Sclibration(27104): onSensorChanged filter =  26675  tp = 5
02-03 17:56:41.042 W/Sclibration(27104): onSensorChanged filter =  88116  tp = 6
02-03 17:56:41.042 W/Sclibration(27104): onSensorChanged filter =  30265  tp = 5
02-03 17:56:41.052 D/KeyguardViewMediator(26892): setHidden false
02-03 17:56:41.052 I/hubo    (26892): Activity {com.google.android.gm/com.google.android.gm.ConversationListActivityGmail}
02-03 17:56:41.062 W/Sclibration(27104): onSensorChanged filter =  26676  tp = 6
02-03 17:56:41.082 D/KeyguardViewMediator(26892): setHidden false
02-03 17:56:41.082 I/hubo    (26892): Activity {com.google.android.gm/com.google.android.gm.ConversationListActivity}
02-03 17:56:41.102 W/Sclibration(27104): onSensorChanged filter =  88117  tp = 7
02-03 17:56:41.102 W/Sclibration(27104): onSensorChanged filter =  30266  tp = 6
02-03 17:56:41.122 W/Sclibration(27104): onSensorChanged filter =  26677  tp = 7
02-03 17:56:41.132 W/Sclibration(27104): onSensorChanged filter =  88118  tp = 8
02-03 17:56:41.132 W/Sclibration(27104): onSensorChanged filter =  30267  tp = 7
02-03 17:56:41.132 W/Sclibration(27104): onSensorChanged filter =  26678  tp = 8
02-03 17:56:41.182 W/Sclibration(27104): onSensorChanged filter =  88119  tp = 9
02-03 17:56:41.192 W/Sclibration(27104): onSensorChanged filter =  30268  tp = 8
02-03 17:56:41.202 I/Gmail   (32706): MainSyncRequestProto: lowestBkwdConvoId: 0, highestHandledServerOp: 739459, normalSync: true
02-03 17:56:41.252 W/Sclibration(27104): onSensorChanged filter =  26679  tp = 9
02-03 17:56:41.262 W/Sclibration(27104): onSensorChanged filter =  88120  tp = 0
02-03 17:56:41.282 I/Gmail   (32706): ConversationCursor requesting results for query[label:^t] with queryId 2 starting at 9223372036854775807
02-03 17:56:41.292 D/Gmail   (32706): ConversationHeaderCursorAdapter.cursorStatusChanged: LOADING
02-03 17:56:41.302 D/KeyguardViewMediator(26892): setHidden false
02-03 17:56:41.312 W/Sclibration(27104): onSensorChanged count =  8812
02-03 17:56:41.332 W/Sclibration(27104): onSensorChanged curX =  -1.4478034  curY =  -1.7233747  curZ =  -8.7475605
02-03 17:56:41.342 W/Sclibration(27104): processUnSolicited begin
02-03 17:56:41.402 W/Sclibration(27104): processUnSolicited curX =  -1.4478034  curY =  -1.7233747  curZ =  -8.7475605
02-03 17:56:41.412 W/Sclibration(27104): processUnSolicited x =  78  y =  203
02-03 17:56:41.422 W/Sclibration(27104): processUnSolicited isLeftForX =  true  isDownForY =  false
02-03 17:56:41.422 D/KeyguardViewMediator(26892): setHidden false
02-03 17:56:41.432 D/KeyguardViewMediator(26892): setHidden false
02-03 17:56:41.452 W/Sclibration(27104): processUnSolicited sum =  7873.0  rr =  8464.0
02-03 17:56:41.452 D/KeyguardViewMediator(26892): setHidden false
02-03 17:56:41.462 D/KeyguardViewMediator(26892): setHidden false
02-03 17:56:41.472 D/KeyguardViewMediator(26892): setHidden false
02-03 17:56:41.482 W/Sclibration(27104): processUnSolicited end x =  78  y =  203
02-03 17:56:41.482 W/Sclibration(27104): ScalibrationView--setBallLocation  m_calibrated =  false
02-03 17:56:41.482 W/Sclibration(27104): ScalibrationView--setBallLocation2  m_calibrated =  false
02-03 17:56:41.482 W/Sclibration(27104): onSensorChanged count =  8812  count%LOOPCOUNT =  22
02-03 17:56:41.482 W/Sclibration(27104): onSensorChanged filter =  30269  tp = 9
02-03 17:56:41.492 D/KeyguardViewMediator(26892): setHidden false
02-03 17:56:41.502 D/KeyguardViewMediator(26892): setHidden false
02-03 17:56:41.522 D/KeyguardViewMediator(26892): setHidden false
02-03 17:56:41.532 W/Sclibration(27104): onSensorChanged filter =  26680  tp = 0
02-03 17:56:41.532 W/Sclibration(27104): onSensorChanged count =  2668
02-03 17:56:41.532 W/Sclibration(27104): onSensorChanged curX =  -1.4478034  curY =  -1.7233747  curZ =  -8.7475605
02-03 17:56:41.532 W/Sclibration(27104): processUnSolicited begin
02-03 17:56:41.532 W/Sclibration(27104): processUnSolicited curX =  -1.4478034  curY =  -1.7233747  curZ =  -8.7475605
02-03 17:56:41.532 W/Sclibration(27104): processUnSolicited x =  78  y =  203
02-03 17:56:41.532 W/Sclibration(27104): processUnSolicited isLeftForX =  true  isDownForY =  false
02-03 17:56:41.532 W/Sclibration(27104): processUnSolicited sum =  7873.0  rr =  8464.0
02-03 17:56:41.532 W/Sclibration(27104): processUnSolicited end x =  78  y =  203
02-03 17:56:41.532 W/Sclibration(27104): ScalibrationView--setBallLocation  m_calibrated =  false
02-03 17:56:41.532 W/Sclibration(27104): ScalibrationView--setBallLocation2  m_calibrated =  false
02-03 17:56:41.532 W/Sclibration(27104): onSensorChanged count =  2668  count%LOOPCOUNT =  28
02-03 17:56:41.532 W/Sclibration(27104): onSensorChanged filter =  88121  tp = 1
02-03 17:56:41.532 W/Sclibration(27104): onSensorChanged filter =  30270  tp = 0
02-03 17:56:41.532 W/Sclibration(27104): onSensorChanged count =  3027
02-03 17:56:41.532 W/Sclibration(27104): onSensorChanged curX =  -1.6378939  curY =  -1.6077677  curZ =  -8.747337
02-03 17:56:41.532 W/Sclibration(27104): processUnSolicited begin
02-03 17:56:41.532 W/Sclibration(27104): processUnSolicited curX =  -1.6378939  curY =  -1.6077677  curZ =  -8.747337
02-03 17:56:41.532 W/Sclibration(27104): processUnSolicited x =  70  y =  199
02-03 17:56:41.532 W/Sclibration(27104): processUnSolicited isLeftForX =  true  isDownForY =  false
02-03 17:56:41.532 W/Sclibration(27104): processUnSolicited sum =  8321.0  rr =  8464.0
02-03 17:56:41.532 W/Sclibration(27104): processUnSolicited end x =  70  y =  199
02-03 17:56:41.532 W/Sclibration(27104): ScalibrationView--setBallLocation  m_calibrated =  false
02-03 17:56:41.532 W/Sclibration(27104): ScalibrationView--setBallLocation2  m_calibrated =  false
02-03 17:56:41.532 W/Sclibration(27104): onSensorChanged count =  3027  count%LOOPCOUNT =  27
02-03 17:56:41.532 W/Sclibration(27104): onSensorChanged filter =  26681  tp = 1
02-03 17:56:41.532 W/Sclibration(27104): onSensorChanged filter =  88122  tp = 2
02-03 17:56:41.532 W/Sclibration(27104): onSensorChanged filter =  30271  tp = 1
02-03 17:56:41.532 W/Sclibration(27104): onSensorChanged filter =  26682  tp = 2
02-03 17:56:41.532 W/Sclibration(27104): onSensorChanged filter =  88123  tp = 3
02-03 17:56:41.532 W/Sclibration(27104): onSensorChanged filter =  30272  tp = 2
02-03 17:56:41.532 W/Sclibration(27104): onSensorChanged filter =  26683  tp = 3
02-03 17:56:41.532 W/Sclibration(27104): onSensorChanged filter =  88124  tp = 4
02-03 17:56:41.532 W/Sclibration(27104): onSensorChanged filter =  30273  tp = 3
02-03 17:56:41.532 W/Sclibration(27104): onSensorChanged filter =  26684  tp = 4
02-03 17:56:41.542 D/KeyguardViewMediator(26892): setHidden false
02-03 17:56:41.552 D/KeyguardViewMediator(26892): setHidden false
02-03 17:56:41.572 D/KeyguardViewMediator(26892): setHidden false
02-03 17:56:41.582 D/KeyguardViewMediator(26892): setHidden false
02-03 17:56:41.592 I/ActivityManager(26892): Displayed com.google.android.gm/.ConversationListActivity: +515ms (total +548ms)
02-03 17:56:41.602 D/KeyguardViewMediator(26892): setHidden false
02-03 17:56:41.612 W/Sclibration(27104): onSensorChanged filter =  88125  tp = 5
02-03 17:56:41.612 W/Sclibration(27104): onSensorChanged filter =  30274  tp = 4
02-03 17:56:41.612 W/Sclibration(27104): onSensorChanged filter =  26685  tp = 5
02-03 17:56:41.733 W/Sclibration(27104): onSensorChanged filter =  88126  tp = 6
02-03 17:56:41.733 W/Sclibration(27104): onSensorChanged filter =  30275  tp = 5
02-03 17:56:41.733 W/Sclibration(27104): onSensorChanged filter =  26686  tp = 6
02-03 17:56:41.753 W/Sclibration(27104): onSensorChanged filter =  88127  tp = 7
02-03 17:56:41.753 W/Sclibration(27104): onSensorChanged filter =  30276  tp = 6
02-03 17:56:41.753 W/Sclibration(27104): onSensorChanged filter =  26687  tp = 7
02-03 17:56:41.783 W/Sclibration(27104): onSensorChanged filter =  88128  tp = 8
02-03 17:56:41.783 W/Sclibration(27104): onSensorChanged filter =  30277  tp = 7
02-03 17:56:41.783 W/Sclibration(27104): onSensorChanged filter =  26688  tp = 8
02-03 17:56:41.903 W/Sclibration(27104): onSensorChanged filter =  88129  tp = 9
02-03 17:56:41.903 W/Sclibration(27104): onSensorChanged filter =  30278  tp = 8
02-03 17:56:41.903 W/Sclibration(27104): onSensorChanged filter =  26689  tp = 9
02-03 17:56:42.033 W/Sclibration(27104): onSensorChanged filter =  88130  tp = 0
02-03 17:56:42.033 W/Sclibration(27104): onSensorChanged count =  8813
02-03 17:56:42.033 W/Sclibration(27104): onSensorChanged curX =  -2.099853  curY =  -1.3000221  curZ =  -8.685366
02-03 17:56:42.033 W/Sclibration(27104): processUnSolicited begin
02-03 17:56:42.033 W/Sclibration(27104): processUnSolicited curX =  -2.099853  curY =  -1.3000221  curZ =  -8.685366
02-03 17:56:42.033 W/Sclibration(27104): processUnSolicited x =  52  y =  187
02-03 17:56:42.033 W/Sclibration(27104): processUnSolicited isLeftForX =  true  isDownForY =  false
02-03 17:56:42.033 W/Sclibration(27104): processUnSolicited sum =  9593.0  rr =  8464.0
02-03 17:56:42.033 W/Sclibration(27104): processUnSolicited angle =  0.27122263632150034  tempX =  47  tempY =  159
02-03 17:56:42.043 W/Sclibration(27104): processUnSolicited end x =  47  y =  159
02-03 17:56:42.043 W/Sclibration(27104): ScalibrationView--setBallLocation  m_calibrated =  false
02-03 17:56:42.043 W/Sclibration(27104): ScalibrationView--setBallLocation2  m_calibrated =  false
02-03 17:56:42.043 W/Sclibration(27104): onSensorChanged count =  8813  count%LOOPCOUNT =  23
02-03 17:56:42.043 W/Sclibration(27104): onSensorChanged filter =  30279  tp = 9
02-03 17:56:42.043 W/Sclibration(27104): onSensorChanged filter =  26690  tp = 0
02-03 17:56:42.043 W/Sclibration(27104): onSensorChanged count =  2669
02-03 17:56:42.043 W/Sclibration(27104): onSensorChanged curX =  -2.099853  curY =  -1.3000221  curZ =  -8.685366
02-03 17:56:42.043 W/Sclibration(27104): processUnSolicited begin
02-03 17:56:42.043 W/Sclibration(27104): processUnSolicited curX =  -2.099853  curY =  -1.3000221  curZ =  -8.685366
02-03 17:56:42.043 W/Sclibration(27104): processUnSolicited x =  52  y =  187
02-03 17:56:42.053 W/Sclibration(27104): processUnSolicited isLeftForX =  true  isDownForY =  false
02-03 17:56:42.053 W/Sclibration(27104): processUnSolicited sum =  9593.0  rr =  8464.0
02-03 17:56:42.053 W/Sclibration(27104): processUnSolicited angle =  0.27122263632150034  tempX =  47  tempY =  159
02-03 17:56:42.053 W/Sclibration(27104): processUnSolicited end x =  47  y =  159
02-03 17:56:42.053 W/Sclibration(27104): ScalibrationView--setBallLocation  m_calibrated =  false
02-03 17:56:42.053 W/Sclibration(27104): ScalibrationView--setBallLocation2  m_calibrated =  false
02-03 17:56:42.053 W/Sclibration(27104): onSensorChanged count =  2669  count%LOOPCOUNT =  29
02-03 17:56:42.173 W/Sclibration(27104): onSensorChanged filter =  88131  tp = 1
02-03 17:56:42.183 W/Sclibration(27104): onSensorChanged filter =  30280  tp = 0
02-03 17:56:42.183 W/Sclibration(27104): onSensorChanged count =  3028
02-03 17:56:42.183 W/Sclibration(27104): onSensorChanged curX =  -2.0454311  curY =  -1.2748078  curZ =  -8.757576
02-03 17:56:42.193 W/Sclibration(27104): processUnSolicited begin
02-03 17:56:42.193 W/Sclibration(27104): processUnSolicited curX =  -2.0454311  curY =  -1.2748078  curZ =  -8.757576
02-03 17:56:42.193 W/Sclibration(27104): processUnSolicited x =  54  y =  185
02-03 17:56:42.193 W/Sclibration(27104): processUnSolicited isLeftForX =  true  isDownForY =  false
02-03 17:56:42.193 W/Sclibration(27104): processUnSolicited sum =  9061.0  rr =  8464.0
02-03 17:56:42.193 W/Sclibration(27104): processUnSolicited angle =  0.284001664207423  tempX =  47  tempY =  160
02-03 17:56:42.193 W/Sclibration(27104): processUnSolicited end x =  47  y =  160
02-03 17:56:42.193 W/Sclibration(27104): ScalibrationView--setBallLocation  m_calibrated =  false
02-03 17:56:42.193 W/Sclibration(27104): ScalibrationView--setBallLocation2  m_calibrated =  false
02-03 17:56:42.193 W/Sclibration(27104): onSensorChanged count =  3028  count%LOOPCOUNT =  28
02-03 17:56:42.193 W/Sclibration(27104): onSensorChanged filter =  26691  tp = 1
02-03 17:56:42.293 W/Sclibration(27104): onSensorChanged filter =  88132  tp = 2
02-03 17:56:42.293 W/Sclibration(27104): onSensorChanged filter =  30281  tp = 1
02-03 17:56:42.293 W/Sclibration(27104): onSensorChanged filter =  26692  tp = 2
02-03 17:56:42.313 W/Sclibration(27104): onSensorChanged filter =  88133  tp = 3
02-03 17:56:42.313 W/Sclibration(27104): onSensorChanged filter =  30282  tp = 2
02-03 17:56:42.313 W/Sclibration(27104): onSensorChanged filter =  26693  tp = 3
02-03 17:56:42.333 W/Sclibration(27104): onSensorChanged filter =  88134  tp = 4
02-03 17:56:42.333 W/Sclibration(27104): onSensorChanged filter =  30283  tp = 3
02-03 17:56:42.333 W/Sclibration(27104): onSensorChanged filter =  26694  tp = 4
02-03 17:56:42.353 W/Sclibration(27104): onSensorChanged filter =  88135  tp = 5
02-03 17:56:42.353 W/Sclibration(27104): onSensorChanged filter =  30284  tp = 4
02-03 17:56:42.353 W/Sclibration(27104): onSensorChanged filter =  26695  tp = 5
02-03 17:56:42.373 W/Sclibration(27104): onSensorChanged filter =  88136  tp = 6
02-03 17:56:42.373 W/Sclibration(27104): onSensorChanged filter =  30285  tp = 5
02-03 17:56:42.373 W/Sclibration(27104): onSensorChanged filter =  26696  tp = 6
02-03 17:56:42.403 W/Sclibration(27104): onSensorChanged filter =  88137  tp = 7
02-03 17:56:42.403 W/Sclibration(27104): onSensorChanged filter =  30286  tp = 6
02-03 17:56:42.403 W/Sclibration(27104): onSensorChanged filter =  26697  tp = 7
02-03 17:56:42.543 W/Sclibration(27104): onSensorChanged filter =  88138  tp = 8
02-03 17:56:42.593 W/Sclibration(27104): onSensorChanged filter =  30287  tp = 7
02-03 17:56:42.603 W/Sclibration(27104): onSensorChanged filter =  26698  tp = 8
02-03 17:56:42.643 W/Sclibration(27104): onSensorChanged filter =  88139  tp = 9
02-03 17:56:42.643 W/Sclibration(27104): onSensorChanged filter =  30288  tp = 8
02-03 17:56:42.643 W/Sclibration(27104): onSensorChanged filter =  26699  tp = 9
02-03 17:56:42.663 W/Sclibration(27104): onSensorChanged filter =  88140  tp = 0
02-03 17:56:42.663 W/Sclibration(27104): onSensorChanged count =  8814
02-03 17:56:42.663 W/Sclibration(27104): onSensorChanged curX =  -1.6764328  curY =  -0.85611093  curZ =  -9.17647
02-03 17:56:42.663 W/Sclibration(27104): processUnSolicited begin
02-03 17:56:42.663 W/Sclibration(27104): processUnSolicited curX =  -1.6764328  curY =  -0.85611093  curZ =  -9.17647
02-03 17:56:42.663 W/Sclibration(27104): processUnSolicited x =  68  y =  169
02-03 17:56:42.663 W/Sclibration(27104): processUnSolicited isLeftForX =  true  isDownForY =  false
02-03 17:56:42.663 W/Sclibration(27104): processUnSolicited sum =  5645.0  rr =  8464.0
02-03 17:56:42.663 W/Sclibration(27104): processUnSolicited end x =  68  y =  169
02-03 17:56:42.663 W/Sclibration(27104): ScalibrationView--setBallLocation  m_calibrated =  false
02-03 17:56:42.663 W/Sclibration(27104): ScalibrationView--setBallLocation2  m_calibrated =  false
02-03 17:56:42.663 W/Sclibration(27104): onSensorChanged count =  8814  count%LOOPCOUNT =  24
02-03 17:56:42.663 W/Sclibration(27104): onSensorChanged filter =  30289  tp = 9
02-03 17:56:42.663 W/Sclibration(27104): onSensorChanged filter =  26700  tp = 0
02-03 17:56:42.663 W/Sclibration(27104): onSensorChanged count =  2670
02-03 17:56:42.663 W/Sclibration(27104): onSensorChanged curX =  -1.6764328  curY =  -0.85611093  curZ =  -9.17647
02-03 17:56:42.663 W/Sclibration(27104): processUnSolicited begin
02-03 17:56:42.663 W/Sclibration(27104): processUnSolicited curX =  -1.6764328  curY =  -0.85611093  curZ =  -9.17647
02-03 17:56:42.663 W/Sclibration(27104): processUnSolicited x =  68  y =  169
02-03 17:56:42.663 W/Sclibration(27104): processUnSolicited isLeftForX =  true  isDownForY =  false
02-03 17:56:42.663 W/Sclibration(27104): processUnSolicited sum =  5645.0  rr =  8464.0
02-03 17:56:42.674 W/Sclibration(27104): processUnSolicited end x =  68  y =  169
02-03 17:56:42.674 W/Sclibration(27104): ScalibrationView--setBallLocation  m_calibrated =  false
02-03 17:56:42.674 W/Sclibration(27104): ScalibrationView--setBallLocation2  m_calibrated =  false
