02-03 19:27:00.075 W/Sclibration(27104): onSensorChanged filter =  27369  tp = 9
02-03 19:27:00.075 W/Sclibration(27104): onSensorChanged filter =  88810  tp = 0
02-03 19:27:00.075 W/Sclibration(27104): onSensorChanged count =  8881
02-03 19:27:00.075 W/Sclibration(27104): onSensorChanged curX =  -5.0728602  curY =  -7.6146364  curZ =  2.0627062
02-03 19:27:00.075 W/Sclibration(27104): processUnSolicited begin
02-03 19:27:00.075 W/Sclibration(27104): processUnSolicited curX =  -5.0728602  curY =  -7.6146364  curZ =  2.0627062
02-03 19:27:00.075 W/Sclibration(27104): processUnSolicited x =  -67  y =  439
02-03 19:27:00.075 W/Sclibration(27104): processUnSolicited isLeftForX =  true  isDownForY =  false
02-03 19:27:00.075 W/Sclibration(27104): processUnSolicited sum =  133220.0  rr =  8464.0
02-03 19:27:00.075 W/Sclibration(27104): processUnSolicited angle =  -0.15145090404176104  tempX =  45  tempY =  148
02-03 19:27:00.075 W/Sclibration(27104): processUnSolicited end x =  45  y =  148
02-03 19:27:00.075 W/Sclibration(27104): ScalibrationView--setBallLocation  m_calibrated =  false
02-03 19:27:00.075 W/Sclibration(27104): ScalibrationView--setBallLocation2  m_calibrated =  false
02-03 19:27:00.075 W/Sclibration(27104): onSensorChanged count =  8881  count%LOOPCOUNT =  1
02-03 19:27:00.075 W/Sclibration(27104): onSensorChanged filter =  30959  tp = 9
02-03 19:27:00.075 W/Sclibration(27104): onSensorChanged filter =  27370  tp = 0
02-03 19:27:00.075 W/Sclibration(27104): onSensorChanged count =  2737
02-03 19:27:00.075 W/Sclibration(27104): onSensorChanged curX =  -5.0728602  curY =  -7.6146364  curZ =  2.0627062
02-03 19:27:00.075 W/Sclibration(27104): processUnSolicited begin
02-03 19:27:00.075 W/Sclibration(27104): processUnSolicited curX =  -5.0728602  curY =  -7.6146364  curZ =  2.0627062
02-03 19:27:00.075 W/Sclibration(27104): processUnSolicited x =  -67  y =  439
02-03 19:27:00.075 W/Sclibration(27104): processUnSolicited isLeftForX =  true  isDownForY =  false
02-03 19:27:00.075 W/Sclibration(27104): processUnSolicited sum =  133220.0  rr =  8464.0
02-03 19:27:00.075 W/Sclibration(27104): processUnSolicited angle =  -0.15145090404176104  tempX =  45  tempY =  148
02-03 19:27:00.075 W/Sclibration(27104): processUnSolicited end x =  45  y =  148
02-03 19:27:00.075 W/Sclibration(27104): ScalibrationView--setBallLocation  m_calibrated =  false
02-03 19:27:00.075 W/Sclibration(27104): ScalibrationView--setBallLocation2  m_calibrated =  false
02-03 19:27:00.075 W/Sclibration(27104): onSensorChanged count =  2737  count%LOOPCOUNT =  7
02-03 19:27:00.075 W/Sclibration(27104): onSensorChanged filter =  88811  tp = 1
02-03 19:27:00.075 W/Sclibration(27104): onSensorChanged filter =  30960  tp = 0
02-03 19:27:00.075 W/Sclibration(27104): onSensorChanged count =  3096
02-03 19:27:00.075 W/Sclibration(27104): onSensorChanged curX =  -5.0691404  curY =  -7.6142664  curZ =  2.047086
02-03 19:27:00.075 W/Sclibration(27104): processUnSolicited begin
02-03 19:27:00.075 W/Sclibration(27104): processUnSolicited curX =  -5.0691404  curY =  -7.6142664  curZ =  2.047086
02-03 19:27:00.075 W/Sclibration(27104): processUnSolicited x =  -67  y =  439
02-03 19:27:00.075 W/Sclibration(27104): processUnSolicited isLeftForX =  true  isDownForY =  false
02-03 19:27:00.075 W/Sclibration(27104): processUnSolicited sum =  133220.0  rr =  8464.0
02-03 19:27:00.075 W/Sclibration(27104): processUnSolicited angle =  -0.15145090404176104  tempX =  45  tempY =  148
02-03 19:27:00.075 W/Sclibration(27104): processUnSolicited end x =  45  y =  148
02-03 19:27:00.075 W/Sclibration(27104): ScalibrationView--setBallLocation  m_calibrated =  false
02-03 19:27:00.075 W/Sclibration(27104): ScalibrationView--setBallLocation2  m_calibrated =  false
02-03 19:27:00.075 W/Sclibration(27104): onSensorChanged count =  3096  count%LOOPCOUNT =  6
02-03 19:27:00.075 W/Sclibration(27104): onSensorChanged filter =  27371  tp = 1
02-03 19:27:00.075 W/Sclibration(27104): onSensorChanged filter =  88812  tp = 2
02-03 19:27:00.075 W/Sclibration(27104): onSensorChanged filter =  30961  tp = 1
02-03 19:27:00.075 W/Sclibration(27104): onSensorChanged filter =  27372  tp = 2
02-03 19:27:00.075 W/Sclibration(27104): onSensorChanged filter =  88813  tp = 3
02-03 19:27:00.075 W/Sclibration(27104): onSensorChanged filter =  30962  tp = 2
02-03 19:27:00.075 W/Sclibration(27104): onSensorChanged filter =  27373  tp = 3
02-03 19:27:00.075 W/Sclibration(27104): onSensorChanged filter =  88814  tp = 4
02-03 19:27:00.075 W/Sclibration(27104): onSensorChanged filter =  30963  tp = 3
02-03 19:27:00.075 W/Sclibration(27104): onSensorChanged filter =  27374  tp = 4
02-03 19:27:00.075 W/Sclibration(27104): onSensorChanged filter =  88815  tp = 5
02-03 19:27:00.075 W/Sclibration(27104): onSensorChanged filter =  30964  tp = 4
02-03 19:27:00.085 W/Sclibration(27104): onSensorChanged filter =  27375  tp = 5
02-03 19:27:00.085 W/Sclibration(27104): onSensorChanged filter =  88816  tp = 6
02-03 19:27:00.085 W/Sclibration(27104): onSensorChanged filter =  30965  tp = 5
02-03 19:27:00.085 W/Sclibration(27104): onSensorChanged filter =  27376  tp = 6
02-03 19:27:00.085 W/Sclibration(27104): onSensorChanged filter =  88817  tp = 7
02-03 19:27:00.085 W/Sclibration(27104): onSensorChanged filter =  30966  tp = 6
02-03 19:27:00.085 W/Sclibration(27104): onSensorChanged filter =  27377  tp = 7
02-03 19:27:00.085 W/Sclibration(27104): onSensorChanged filter =  88818  tp = 8
02-03 19:27:00.085 W/Sclibration(27104): onSensorChanged filter =  30967  tp = 7
02-03 19:27:00.085 W/Sclibration(27104): onSensorChanged filter =  27378  tp = 8
02-03 19:27:00.085 W/Sclibration(27104): onSensorChanged filter =  88819  tp = 9
02-03 19:27:00.095 W/ShutdownThread(26892): Result code 0 from MountService.shutdown
02-03 19:27:00.095 W/Sclibration(27104): onSensorChanged filter =  30968  tp = 8
02-03 19:27:00.105 W/Sclibration(27104): onSensorChanged filter =  27379  tp = 9
02-03 19:27:00.105 W/Sclibration(27104): onSensorChanged filter =  88820  tp = 0
02-03 19:27:00.105 W/Sclibration(27104): onSensorChanged count =  8882
02-03 19:27:00.115 W/Sclibration(27104): onSensorChanged curX =  -5.0675225  curY =  -7.608241  curZ =  2.2018073
02-03 19:27:00.115 W/Sclibration(27104): processUnSolicited begin
02-03 19:27:00.115 W/Sclibration(27104): processUnSolicited curX =  -5.0675225  curY =  -7.608241  curZ =  2.2018073
02-03 19:27:00.115 W/Sclibration(27104): processUnSolicited x =  -67  y =  439
02-03 19:27:00.115 W/Sclibration(27104): processUnSolicited isLeftForX =  true  isDownForY =  false
02-03 19:27:00.115 W/Sclibration(27104): processUnSolicited sum =  133220.0  rr =  8464.0
02-03 19:27:00.115 W/Sclibration(27104): processUnSolicited angle =  -0.15145090404176104  tempX =  45  tempY =  148
02-03 19:27:00.115 W/Sclibration(27104): processUnSolicited end x =  45  y =  148
02-03 19:27:00.115 W/Sclibration(27104): ScalibrationView--setBallLocation  m_calibrated =  false
02-03 19:27:00.115 W/Sclibration(27104): ScalibrationView--setBallLocation2  m_calibrated =  false
02-03 19:27:00.115 W/Sclibration(27104): onSensorChanged count =  8882  count%LOOPCOUNT =  2
02-03 19:27:00.115 W/Sclibration(27104): onSensorChanged filter =  30969  tp = 9
02-03 19:27:00.115 W/Sclibration(27104): onSensorChanged filter =  27380  tp = 0
02-03 19:27:00.115 W/Sclibration(27104): onSensorChanged count =  2738
02-03 19:27:00.115 W/Sclibration(27104): onSensorChanged curX =  -5.0675225  curY =  -7.608241  curZ =  2.2018073
02-03 19:27:00.115 W/Sclibration(27104): processUnSolicited begin
02-03 19:27:00.115 W/Sclibration(27104): processUnSolicited curX =  -5.0675225  curY =  -7.608241  curZ =  2.2018073
02-03 19:27:00.115 W/Sclibration(27104): processUnSolicited x =  -67  y =  439
02-03 19:27:00.115 W/Sclibration(27104): processUnSolicited isLeftForX =  true  isDownForY =  false
02-03 19:27:00.115 W/Sclibration(27104): processUnSolicited sum =  133220.0  rr =  8464.0
02-03 19:27:00.115 W/Sclibration(27104): processUnSolicited angle =  -0.15145090404176104  tempX =  45  tempY =  148
02-03 19:27:00.115 W/Sclibration(27104): processUnSolicited end x =  45  y =  148
02-03 19:27:00.115 W/Sclibration(27104): ScalibrationView--setBallLocation  m_calibrated =  false
02-03 19:27:00.115 W/Sclibration(27104): ScalibrationView--setBallLocation2  m_calibrated =  false
02-03 19:27:00.115 W/Sclibration(27104): onSensorChanged count =  2738  count%LOOPCOUNT =  8
02-03 19:27:00.115 W/Sclibration(27104): onSensorChanged filter =  88821  tp = 1
02-03 19:27:00.115 W/Sclibration(27104): onSensorChanged filter =  30970  tp = 0
02-03 19:27:00.115 W/Sclibration(27104): onSensorChanged count =  3097
02-03 19:27:00.115 W/Sclibration(27104): onSensorChanged curX =  -5.032481  curY =  -7.6436906  curZ =  2.1843004
02-03 19:27:00.115 W/Sclibration(27104): processUnSolicited begin
02-03 19:27:00.115 W/Sclibration(27104): processUnSolicited curX =  -5.032481  curY =  -7.6436906  curZ =  2.1843004
02-03 19:27:00.115 W/Sclibration(27104): processUnSolicited x =  -66  y =  440
02-03 19:27:00.115 W/Sclibration(27104): processUnSolicited isLeftForX =  true  isDownForY =  false
02-03 19:27:00.125 W/Sclibration(27104): processUnSolicited sum =  133426.0  rr =  8464.0
02-03 19:27:00.125 W/Sclibration(27104): processUnSolicited angle =  -0.14888994760949725  tempX =  45  tempY =  148
02-03 19:27:00.125 W/Sclibration(27104): processUnSolicited end x =  45  y =  148
02-03 19:27:00.125 W/Sclibration(27104): ScalibrationView--setBallLocation  m_calibrated =  false
02-03 19:27:00.125 W/Sclibration(27104): ScalibrationView--setBallLocation2  m_calibrated =  false
02-03 19:27:00.125 W/Sclibration(27104): onSensorChanged count =  3097  count%LOOPCOUNT =  7
02-03 19:27:00.125 W/Sclibration(27104): onSensorChanged filter =  27381  tp = 1
02-03 19:27:00.125 W/Sclibration(27104): onSensorChanged filter =  88822  tp = 2
02-03 19:27:00.125 W/Sclibration(27104): onSensorChanged filter =  30971  tp = 1
02-03 19:27:00.125 W/Sclibration(27104): onSensorChanged filter =  27382  tp = 2
02-03 19:27:00.125 W/Sclibration(27104): onSensorChanged filter =  88823  tp = 3
02-03 19:27:00.125 W/Sclibration(27104): onSensorChanged filter =  30972  tp = 2
02-03 19:27:00.125 W/Sclibration(27104): onSensorChanged filter =  27383  tp = 3
02-03 19:27:00.125 W/Sclibration(27104): onSensorChanged filter =  88824  tp = 4
02-03 19:27:00.125 W/Sclibration(27104): onSensorChanged filter =  30973  tp = 3
02-03 19:27:00.125 W/Sclibration(27104): onSensorChanged filter =  27384  tp = 4
02-03 19:27:00.125 W/Sclibration(27104): onSensorChanged filter =  88825  tp = 5
02-03 19:27:00.125 W/Sclibration(27104): onSensorChanged filter =  30974  tp = 4
02-03 19:27:00.125 W/Sclibration(27104): onSensorChanged filter =  27385  tp = 5
02-03 19:27:00.125 W/Sclibration(27104): onSensorChanged filter =  88826  tp = 6
02-03 19:27:00.125 W/Sclibration(27104): onSensorChanged filter =  30975  tp = 5
02-03 19:27:00.125 W/Sclibration(27104): onSensorChanged filter =  27386  tp = 6
02-03 19:27:00.125 W/Sclibration(27104): onSensorChanged filter =  88827  tp = 7
02-03 19:27:00.125 W/Sclibration(27104): onSensorChanged filter =  30976  tp = 6
02-03 19:27:00.125 W/Sclibration(27104): onSensorChanged filter =  27387  tp = 7
02-03 19:27:00.125 W/Sclibration(27104): onSensorChanged filter =  88828  tp = 8
02-03 19:27:00.125 W/Sclibration(27104): onSensorChanged filter =  30977  tp = 7
02-03 19:27:00.125 W/Sclibration(27104): onSensorChanged filter =  27388  tp = 8
02-03 19:27:00.125 W/Sclibration(27104): onSensorChanged filter =  88829  tp = 9
02-03 19:27:00.125 W/Sclibration(27104): onSensorChanged filter =  30978  tp = 8
02-03 19:27:00.125 W/Sclibration(27104): onSensorChanged filter =  27389  tp = 9
02-03 19:27:00.125 W/Sclibration(27104): onSensorChanged filter =  88830  tp = 0
02-03 19:27:00.125 W/Sclibration(27104): onSensorChanged count =  8883
02-03 19:27:00.125 W/Sclibration(27104): onSensorChanged curX =  -5.051711  curY =  -7.6619997  curZ =  2.1865346
02-03 19:27:00.125 W/Sclibration(27104): processUnSolicited begin
02-03 19:27:00.125 W/Sclibration(27104): processUnSolicited curX =  -5.051711  curY =  -7.6619997  curZ =  2.1865346
02-03 19:27:00.125 W/Sclibration(27104): processUnSolicited x =  -67  y =  441
02-03 19:27:00.125 W/Sclibration(27104): processUnSolicited isLeftForX =  true  isDownForY =  false
02-03 19:27:00.125 W/Sclibration(27104): processUnSolicited sum =  134440.0  rr =  8464.0
02-03 19:27:00.125 W/Sclibration(27104): processUnSolicited angle =  -0.15077443712018984  tempX =  45  tempY =  148
02-03 19:27:00.125 W/Sclibration(27104): processUnSolicited end x =  45  y =  148
02-03 19:27:00.125 W/Sclibration(27104): ScalibrationView--setBallLocation  m_calibrated =  false
02-03 19:27:00.125 W/Sclibration(27104): ScalibrationView--setBallLocation2  m_calibrated =  false
02-03 19:27:00.125 W/Sclibration(27104): onSensorChanged count =  8883  count%LOOPCOUNT =  3
02-03 19:27:00.125 W/Sclibration(27104): onSensorChanged filter =  30979  tp = 9
02-03 19:27:00.125 W/Sclibration(27104): onSensorChanged filter =  27390  tp = 0
02-03 19:27:00.125 W/Sclibration(27104): onSensorChanged count =  2739
02-03 19:27:00.125 W/Sclibration(27104): onSensorChanged curX =  -5.051711  curY =  -7.6619997  curZ =  2.1865346
02-03 19:27:00.125 W/Sclibration(27104): processUnSolicited begin
02-03 19:27:00.125 W/Sclibration(27104): processUnSolicited curX =  -5.051711  curY =  -7.6619997  curZ =  2.1865346
02-03 19:27:00.125 W/Sclibration(27104): processUnSolicited x =  -67  y =  441
02-03 19:27:00.125 W/Sclibration(27104): processUnSolicited isLeftForX =  true  isDownForY =  false
02-03 19:27:00.125 W/Sclibration(27104): processUnSolicited sum =  134440.0  rr =  8464.0
02-03 19:27:00.125 W/Sclibration(27104): processUnSolicited angle =  -0.15077443712018984  tempX =  45  tempY =  148
02-03 19:27:00.125 W/Sclibration(27104): processUnSolicited end x =  45  y =  148
02-03 19:27:00.125 W/Sclibration(27104): ScalibrationView--setBallLocation  m_calibrated =  false
02-03 19:27:00.125 W/Sclibration(27104): ScalibrationView--setBallLocation2  m_calibrated =  false
02-03 19:27:00.125 W/Sclibration(27104): onSensorChanged count =  2739  count%LOOPCOUNT =  9
02-03 19:27:00.125 W/Sclibration(27104): onSensorChanged filter =  88831  tp = 1
02-03 19:27:00.125 W/Sclibration(27104): onSensorChanged filter =  30980  tp = 0
02-03 19:27:00.125 W/Sclibration(27104): onSensorChanged count =  3098
02-03 19:27:00.125 W/Sclibration(27104): onSensorChanged curX =  -5.0729218  curY =  -7.658454  curZ =  2.1882854
02-03 19:27:00.135 W/Sclibration(27104): processUnSolicited begin
02-03 19:27:00.135 W/Sclibration(27104): processUnSolicited curX =  -5.0729218  curY =  -7.658454  curZ =  2.1882854
02-03 19:27:00.135 W/Sclibration(27104): processUnSolicited x =  -67  y =  441
02-03 19:27:00.135 W/Sclibration(27104): processUnSolicited isLeftForX =  true  isDownForY =  false
02-03 19:27:00.135 W/Sclibration(27104): processUnSolicited sum =  134440.0  rr =  8464.0
02-03 19:27:00.135 W/Sclibration(27104): processUnSolicited angle =  -0.15077443712018984  tempX =  45  tempY =  148
02-03 19:27:00.135 W/Sclibration(27104): processUnSolicited end x =  45  y =  148
02-03 19:27:00.135 W/Sclibration(27104): ScalibrationView--setBallLocation  m_calibrated =  false
02-03 19:27:00.135 W/Sclibration(27104): ScalibrationView--setBallLocation2  m_calibrated =  false
02-03 19:27:00.135 W/Sclibration(27104): onSensorChanged count =  3098  count%LOOPCOUNT =  8
02-03 19:27:00.135 W/Sclibration(27104): onSensorChanged filter =  27391  tp = 1
02-03 19:27:00.135 W/Sclibration(27104): onSensorChanged filter =  88832  tp = 2
02-03 19:27:00.135 W/Sclibration(27104): onSensorChanged filter =  30981  tp = 1
02-03 19:27:00.135 W/Sclibration(27104): onSensorChanged filter =  27392  tp = 2
02-03 19:27:00.135 W/Sclibration(27104): onSensorChanged filter =  88833  tp = 3
02-03 19:27:00.135 W/Sclibration(27104): onSensorChanged filter =  30982  tp = 2
02-03 19:27:00.135 W/Sclibration(27104): onSensorChanged filter =  27393  tp = 3
02-03 19:27:00.135 W/Sclibration(27104): onSensorChanged filter =  88834  tp = 4
02-03 19:27:00.135 W/Sclibration(27104): onSensorChanged filter =  30983  tp = 3
02-03 19:27:00.135 W/Sclibration(27104): onSensorChanged filter =  27394  tp = 4
02-03 19:27:00.135 W/Sclibration(27104): onSensorChanged filter =  88835  tp = 5
02-03 19:27:00.135 W/Sclibration(27104): onSensorChanged filter =  30984  tp = 4
02-03 19:27:00.135 W/Sclibration(27104): onSensorChanged filter =  27395  tp = 5
02-03 19:27:00.135 W/Sclibration(27104): onSensorChanged filter =  88836  tp = 6
02-03 19:27:00.135 W/Sclibration(27104): onSensorChanged filter =  30985  tp = 5
02-03 19:27:00.135 W/Sclibration(27104): onSensorChanged filter =  27396  tp = 6
02-03 19:27:00.135 W/Sclibration(27104): onSensorChanged filter =  88837  tp = 7
02-03 19:27:00.135 W/Sclibration(27104): onSensorChanged filter =  30986  tp = 6
02-03 19:27:00.135 W/Sclibration(27104): onSensorChanged filter =  27397  tp = 7
02-03 19:27:00.155 W/Sclibration(27104): onSensorChanged filter =  88838  tp = 8
02-03 19:27:00.155 W/Sclibration(27104): onSensorChanged filter =  30987  tp = 7
02-03 19:27:00.155 W/Sclibration(27104): onSensorChanged filter =  27398  tp = 8
02-03 19:27:00.175 W/Sclibration(27104): onSensorChanged filter =  88839  tp = 9
02-03 19:27:00.175 W/Sclibration(27104): onSensorChanged filter =  30988  tp = 8
02-03 19:27:00.175 W/Sclibration(27104): onSensorChanged filter =  27399  tp = 9
02-03 19:27:00.195 W/Sclibration(27104): onSensorChanged filter =  88840  tp = 0
02-03 19:27:00.195 W/Sclibration(27104): onSensorChanged count =  8884
02-03 19:27:00.195 W/Sclibration(27104): onSensorChanged curX =  -5.0328627  curY =  -7.7832923  curZ =  2.0396001
02-03 19:27:00.195 W/Sclibration(27104): processUnSolicited begin
02-03 19:27:00.195 W/Sclibration(27104): processUnSolicited curX =  -5.0328627  curY =  -7.7832923  curZ =  2.0396001
02-03 19:27:00.195 W/Sclibration(27104): processUnSolicited x =  -66  y =  446
02-03 19:27:00.195 W/Sclibration(27104): processUnSolicited isLeftForX =  true  isDownForY =  false
02-03 19:27:00.195 W/Sclibration(27104): processUnSolicited sum =  137122.0  rr =  8464.0
02-03 19:27:00.195 W/Sclibration(27104): processUnSolicited angle =  -0.14691583304301076  tempX =  44  tempY =  148
02-03 19:27:00.195 W/Sclibration(27104): processUnSolicited end x =  44  y =  148
02-03 19:27:00.195 W/Sclibration(27104): ScalibrationView--setBallLocation  m_calibrated =  false
02-03 19:27:00.195 W/Sclibration(27104): ScalibrationView--setBallLocation2  m_calibrated =  false
02-03 19:27:00.195 W/Sclibration(27104): onSensorChanged count =  8884  count%LOOPCOUNT =  4
02-03 19:27:00.195 W/Sclibration(27104): onSensorChanged filter =  30989  tp = 9
02-03 19:27:00.195 W/Sclibration(27104): onSensorChanged filter =  27400  tp = 0
02-03 19:27:00.195 W/Sclibration(27104): onSensorChanged count =  2740
02-03 19:27:00.195 W/Sclibration(27104): onSensorChanged curX =  -5.0328627  curY =  -7.7832923  curZ =  2.0396001
02-03 19:27:00.195 W/Sclibration(27104): processUnSolicited begin
02-03 19:27:00.195 W/Sclibration(27104): processUnSolicited curX =  -5.0328627  curY =  -7.7832923  curZ =  2.0396001
02-03 19:27:00.195 W/Sclibration(27104): processUnSolicited x =  -66  y =  446
02-03 19:27:00.195 W/Sclibration(27104): processUnSolicited isLeftForX =  true  isDownForY =  false
02-03 19:27:00.195 W/Sclibration(27104): processUnSolicited sum =  137122.0  rr =  8464.0
02-03 19:27:00.205 W/Sclibration(27104): processUnSolicited angle =  -0.14691583304301076  tempX =  44  tempY =  148
02-03 19:27:00.205 W/Sclibration(27104): processUnSolicited end x =  44  y =  148
02-03 19:27:00.205 W/Sclibration(27104): ScalibrationView--setBallLocation  m_calibrated =  false
02-03 19:27:00.205 W/Sclibration(27104): ScalibrationView--setBallLocation2  m_calibrated =  false
02-03 19:27:00.205 W/Sclibration(27104): onSensorChanged count =  2740  count%LOOPCOUNT =  10
02-03 19:27:00.215 W/Sclibration(27104): onSensorChanged filter =  88841  tp = 1
02-03 19:27:00.215 W/Sclibration(27104): onSensorChanged filter =  30990  tp = 0
02-03 19:27:00.215 W/Sclibration(27104): onSensorChanged count =  3099
02-03 19:27:00.225 W/Sclibration(27104): onSensorChanged curX =  -5.067516  curY =  -7.676047  curZ =  2.0762
02-03 19:27:00.225 W/Sclibration(27104): processUnSolicited begin
02-03 19:27:00.225 W/Sclibration(27104): processUnSolicited curX =  -5.067516  curY =  -7.676047  curZ =  2.0762
02-03 19:27:00.225 W/Sclibration(27104): processUnSolicited x =  -67  y =  442
02-03 19:27:00.225 W/Sclibration(27104): processUnSolicited isLeftForX =  true  isDownForY =  false
02-03 19:27:00.225 W/Sclibration(27104): processUnSolicited sum =  135053.0  rr =  8464.0
02-03 19:27:00.225 W/Sclibration(27104): processUnSolicited angle =  -0.15043844764378775  tempX =  45  tempY =  148
02-03 19:27:00.225 W/Sclibration(27104): processUnSolicited end x =  45  y =  148
02-03 19:27:00.225 W/Sclibration(27104): ScalibrationView--setBallLocation  m_calibrated =  false
02-03 19:27:00.225 W/Sclibration(27104): ScalibrationView--setBallLocation2  m_calibrated =  false
02-03 19:27:00.225 W/Sclibration(27104): onSensorChanged count =  3099  count%LOOPCOUNT =  9
02-03 19:27:00.225 W/Sclibration(27104): onSensorChanged filter =  27401  tp = 1
02-03 19:27:00.345 W/Sclibration(27104): onSensorChanged filter =  88842  tp = 2
02-03 19:27:00.345 W/Sclibration(27104): onSensorChanged filter =  30991  tp = 1
02-03 19:27:00.345 W/Sclibration(27104): onSensorChanged filter =  27402  tp = 2
02-03 19:27:00.465 W/Sclibration(27104): onSensorChanged filter =  88843  tp = 3
02-03 19:27:00.465 W/Sclibration(27104): onSensorChanged filter =  30992  tp = 2
02-03 19:27:00.465 W/Sclibration(27104): onSensorChanged filter =  27403  tp = 3
02-03 19:27:00.585 W/Sclibration(27104): onSensorChanged filter =  88844  tp = 4
02-03 19:27:00.585 W/Sclibration(27104): onSensorChanged filter =  30993  tp = 3
02-03 19:27:00.595 W/Sclibration(27104): onSensorChanged filter =  27404  tp = 4
02-03 19:27:00.605 I/ShutdownThread(26892): Performing low-level shutdown...
02-03 19:27:00.705 W/Sclibration(27104): onSensorChanged filter =  88845  tp = 5
02-03 19:27:00.715 W/Sclibration(27104): onSensorChanged filter =  30994  tp = 4
02-03 19:27:00.715 W/Sclibration(27104): onSensorChanged filter =  27405  tp = 5
02-03 19:27:00.825 D/KeyguardViewMediator(26892): setHidden false
02-03 19:27:00.835 W/Sclibration(27104): onSensorChanged filter =  88846  tp = 6
02-03 19:27:00.835 D/KeyguardViewMediator(26892): setHidden false
02-03 19:27:00.845 W/Sclibration(27104): onSensorChanged filter =  30995  tp = 5
02-03 19:27:00.845 W/Sclibration(27104): onSensorChanged filter =  27406  tp = 6
02-03 19:27:00.855 W/Sclibration(27104): onSensorChanged filter =  88847  tp = 7
02-03 19:27:00.855 W/Sclibration(27104): onSensorChanged filter =  30996  tp = 6
02-03 19:27:00.855 W/Sclibration(27104): onSensorChanged filter =  27407  tp = 7
02-03 19:27:00.976 W/Sclibration(27104): onSensorChanged filter =  88848  tp = 8
02-03 19:27:00.976 W/Sclibration(27104): onSensorChanged filter =  30997  tp = 7
02-03 19:27:00.976 W/Sclibration(27104): onSensorChanged filter =  27408  tp = 8
02-03 19:27:01.006 W/Sclibration(27104): onSensorChanged filter =  88849  tp = 9
02-03 19:27:01.006 W/Sclibration(27104): onSensorChanged filter =  30998  tp = 8
02-03 19:27:01.006 W/Sclibration(27104): onSensorChanged filter =  27409  tp = 9
02-03 19:27:01.136 W/Sclibration(27104): onSensorChanged filter =  88850  tp = 0
02-03 19:27:01.136 W/Sclibration(27104): onSensorChanged count =  8885
02-03 19:27:01.136 W/Sclibration(27104): onSensorChanged curX =  -4.803201  curY =  -7.4115868  curZ =  2.273581
02-03 19:27:01.136 W/Sclibration(27104): processUnSolicited begin
02-03 19:27:01.136 W/Sclibration(27104): processUnSolicited curX =  -4.803201  curY =  -7.4115868  curZ =  2.273581
02-03 19:27:01.136 W/Sclibration(27104): processUnSolicited x =  -57  y =  431
02-03 19:27:01.136 W/Sclibration(27104): processUnSolicited isLeftForX =  true  isDownForY =  false
02-03 19:27:01.136 W/Sclibration(27104): processUnSolicited sum =  124480.0  rr =  8464.0
02-03 19:27:01.136 W/Sclibration(27104): processUnSolicited angle =  -0.13148754121011275  tempX =  44  tempY =  147
02-03 19:27:01.146 W/Sclibration(27104): processUnSolicited end x =  44  y =  147
02-03 19:27:01.146 W/Sclibration(27104): ScalibrationView--setBallLocation  m_calibrated =  false
02-03 19:27:01.146 W/Sclibration(27104): ScalibrationView--setBallLocation2  m_calibrated =  false
02-03 19:27:01.146 W/Sclibration(27104): onSensorChanged count =  8885  count%LOOPCOUNT =  5
02-03 19:27:01.146 W/Sclibration(27104): onSensorChanged filter =  30999  tp = 9
02-03 19:27:01.146 W/Sclibration(27104): onSensorChanged filter =  27410  tp = 0
02-03 19:27:01.146 W/Sclibration(27104): onSensorChanged count =  2741
02-03 19:27:01.146 W/Sclibration(27104): onSensorChanged curX =  -4.803201  curY =  -7.4115868  curZ =  2.273581
02-03 19:27:01.146 W/Sclibration(27104): processUnSolicited begin
02-03 19:27:01.156 W/Sclibration(27104): processUnSolicited curX =  -4.803201  curY =  -7.4115868  curZ =  2.273581
02-03 19:27:01.156 W/Sclibration(27104): processUnSolicited x =  -57  y =  431
02-03 19:27:01.156 W/Sclibration(27104): processUnSolicited isLeftForX =  true  isDownForY =  false
02-03 19:27:01.156 W/Sclibration(27104): processUnSolicited sum =  124480.0  rr =  8464.0
02-03 19:27:01.156 W/Sclibration(27104): processUnSolicited angle =  -0.13148754121011275  tempX =  44  tempY =  147
02-03 19:27:01.156 W/Sclibration(27104): processUnSolicited end x =  44  y =  147
02-03 19:27:01.166 W/Sclibration(27104): ScalibrationView--setBallLocation  m_calibrated =  false
02-03 19:27:01.166 W/Sclibration(27104): ScalibrationView--setBallLocation2  m_calibrated =  false
02-03 19:27:01.166 W/Sclibration(27104): onSensorChanged count =  2741  count%LOOPCOUNT =  11
02-03 19:27:01.246 W/Sclibration(27104): onSensorChanged filter =  88851  tp = 1
02-03 19:27:01.246 W/Sclibration(27104): onSensorChanged filter =  31000  tp = 0
02-03 19:27:01.246 W/Sclibration(27104): onSensorChanged count =  3100
02-03 19:27:01.246 W/Sclibration(27104): onSensorChanged curX =  -4.8719234  curY =  -7.4046044  curZ =  2.269921
02-03 19:27:01.246 W/Sclibration(27104): processUnSolicited begin
02-03 19:27:01.246 W/Sclibration(27104): processUnSolicited curX =  -4.8719234  curY =  -7.4046044  curZ =  2.269921
02-03 19:27:01.246 W/Sclibration(27104): processUnSolicited x =  -59  y =  431
02-03 19:27:01.256 W/Sclibration(27104): processUnSolicited isLeftForX =  true  isDownForY =  false
02-03 19:27:01.256 W/Sclibration(27104): processUnSolicited sum =  125252.0  rr =  8464.0
02-03 19:27:01.256 W/Sclibration(27104): processUnSolicited angle =  -0.13604536587010518  tempX =  44  tempY =  147
02-03 19:27:01.256 W/Sclibration(27104): processUnSolicited end x =  44  y =  147
02-03 19:27:01.256 W/Sclibration(27104): ScalibrationView--setBallLocation  m_calibrated =  false
02-03 19:27:01.256 W/Sclibration(27104): ScalibrationView--setBallLocation2  m_calibrated =  false
02-03 19:27:01.256 W/Sclibration(27104): onSensorChanged count =  3100  count%LOOPCOUNT =  10
02-03 19:27:01.256 W/Sclibration(27104): onSensorChanged filter =  27411  tp = 1
02-03 19:27:01.446 W/Sclibration(27104): onSensorChanged filter =  88852  tp = 2
02-03 19:27:01.446 W/Sclibration(27104): onSensorChanged filter =  31001  tp = 1
02-03 19:27:01.446 W/Sclibration(27104): onSensorChanged filter =  27412  tp = 2
02-03 19:27:01.486 W/Sclibration(27104): onSensorChanged filter =  88853  tp = 3
02-03 19:27:01.486 W/Sclibration(27104): onSensorChanged filter =  31002  tp = 2
02-03 19:27:01.486 W/Sclibration(27104): onSensorChanged filter =  27413  tp = 3
02-03 19:27:01.506 W/Sclibration(27104): onSensorChanged filter =  88854  tp = 4
02-03 19:27:01.506 W/Sclibration(27104): onSensorChanged filter =  31003  tp = 3
02-03 19:27:01.506 W/Sclibration(27104): onSensorChanged filter =  27414  tp = 4
02-03 19:27:01.526 W/Sclibration(27104): onSensorChanged filter =  88855  tp = 5
02-03 19:27:01.526 W/Sclibration(27104): onSensorChanged filter =  31004  tp = 4
02-03 19:27:01.526 W/Sclibration(27104): onSensorChanged filter =  27415  tp = 5
02-03 19:27:01.656 W/Sclibration(27104): onSensorChanged filter =  88856  tp = 6
02-03 19:27:01.656 W/Sclibration(27104): onSensorChanged filter =  31005  tp = 5
02-03 19:27:01.656 W/Sclibration(27104): onSensorChanged filter =  27416  tp = 6
02-03 19:27:01.786 W/Sclibration(27104): onSensorChanged filter =  88857  tp = 7
02-03 19:27:01.786 W/Sclibration(27104): onSensorChanged filter =  31006  tp = 6
02-03 19:27:01.786 W/Sclibration(27104): onSensorChanged filter =  27417  tp = 7
02-03 19:27:01.796 W/Sclibration(27104): onSensorChanged filter =  88858  tp = 8
02-03 19:27:01.806 W/Sclibration(27104): onSensorChanged filter =  31007  tp = 7
02-03 19:27:01.806 W/Sclibration(27104): onSensorChanged filter =  27418  tp = 8
02-03 19:27:01.816 W/Sclibration(27104): onSensorChanged filter =  88859  tp = 9
02-03 19:27:01.836 W/Sclibration(27104): onSensorChanged filter =  31008  tp = 8
02-03 19:27:01.836 W/Sclibration(27104): onSensorChanged filter =  27419  tp = 9
02-03 19:27:01.836 W/Sclibration(27104): onSensorChanged filter =  88860  tp = 0
02-03 19:27:01.836 W/Sclibration(27104): onSensorChanged count =  8886
02-03 19:27:01.836 W/Sclibration(27104): onSensorChanged curX =  -1.2603602  curY =  -7.3030195  curZ =  -4.961791
02-03 19:27:01.836 W/Sclibration(27104): processUnSolicited begin
02-03 19:27:01.836 W/Sclibration(27104): processUnSolicited curX =  -1.2603602  curY =  -7.3030195  curZ =  -4.961791
02-03 19:27:01.836 W/Sclibration(27104): processUnSolicited x =  85  y =  427
02-03 19:27:01.856 W/Sclibration(27104): processUnSolicited isLeftForX =  true  isDownForY =  false
02-03 19:27:01.856 W/Sclibration(27104): processUnSolicited sum =  87764.0  rr =  8464.0
02-03 19:27:01.856 W/Sclibration(27104): processUnSolicited angle =  0.1964946591927102  tempX =  45  tempY =  152
02-03 19:27:01.856 W/Sclibration(27104): processUnSolicited end x =  45  y =  152
02-03 19:27:01.856 W/Sclibration(27104): ScalibrationView--setBallLocation  m_calibrated =  false
02-03 19:27:01.856 W/Sclibration(27104): ScalibrationView--setBallLocation2  m_calibrated =  false
02-03 19:27:01.856 W/Sclibration(27104): onSensorChanged count =  8886  count%LOOPCOUNT =  6
02-03 19:27:01.856 W/Sclibration(27104): onSensorChanged filter =  31009  tp = 9
02-03 19:27:01.856 W/Sclibration(27104): onSensorChanged filter =  27420  tp = 0
02-03 19:27:01.866 W/Sclibration(27104): onSensorChanged count =  2742
02-03 19:27:01.866 W/Sclibration(27104): onSensorChanged curX =  -1.2603602  curY =  -7.3030195  curZ =  -4.961791
02-03 19:27:01.866 W/Sclibration(27104): processUnSolicited begin
02-03 19:27:01.866 W/Sclibration(27104): processUnSolicited curX =  -1.2603602  curY =  -7.3030195  curZ =  -4.961791
02-03 19:27:01.866 W/Sclibration(27104): processUnSolicited x =  85  y =  427
02-03 19:27:01.866 W/Sclibration(27104): processUnSolicited isLeftForX =  true  isDownForY =  false
02-03 19:27:01.876 W/Sclibration(27104): processUnSolicited sum =  87764.0  rr =  8464.0
02-03 19:27:01.876 W/Sclibration(27104): processUnSolicited angle =  0.1964946591927102  tempX =  45  tempY =  152
02-03 19:27:01.876 W/Sclibration(27104): processUnSolicited end x =  45  y =  152
02-03 19:27:01.876 W/Sclibration(27104): ScalibrationView--setBallLocation  m_calibrated =  false
02-03 19:27:01.876 W/Sclibration(27104): ScalibrationView--setBallLocation2  m_calibrated =  false
02-03 19:27:01.876 W/Sclibration(27104): onSensorChanged count =  2742  count%LOOPCOUNT =  12
02-03 19:27:01.967 W/Sclibration(27104): onSensorChanged filter =  88861  tp = 1
02-03 19:27:01.967 W/Sclibration(27104): onSensorChanged filter =  31010  tp = 0
02-03 19:27:01.967 W/Sclibration(27104): onSensorChanged count =  3101
02-03 19:27:01.967 W/Sclibration(27104): onSensorChanged curX =  -0.5874531  curY =  -7.213823  curZ =  -5.969331
02-03 19:27:01.967 W/Sclibration(27104): processUnSolicited begin
02-03 19:27:01.967 W/Sclibration(27104): processUnSolicited curX =  -0.5874531  curY =  -7.213823  curZ =  -5.969331
02-03 19:27:01.967 W/Sclibration(27104): processUnSolicited x =  112  y =  423
02-03 19:27:01.967 W/Sclibration(27104): processUnSolicited isLeftForX =  true  isDownForY =  false
02-03 19:27:01.967 W/Sclibration(27104): processUnSolicited sum =  83473.0  rr =  8464.0
02-03 19:27:01.967 W/Sclibration(27104): processUnSolicited angle =  0.25883586922156593  tempX =  47  tempY =  158
02-03 19:27:01.967 W/Sclibration(27104): processUnSolicited end x =  47  y =  158
02-03 19:27:01.967 W/Sclibration(27104): ScalibrationView--setBallLocation  m_calibrated =  false
02-03 19:27:01.967 W/Sclibration(27104): ScalibrationView--setBallLocation2  m_calibrated =  false
02-03 19:27:01.967 W/Sclibration(27104): onSensorChanged count =  3101  count%LOOPCOUNT =  11
02-03 19:27:01.967 W/Sclibration(27104): onSensorChanged filter =  27421  tp = 1
02-03 19:27:02.087 W/Sclibration(27104): onSensorChanged filter =  88862  tp = 2
02-03 19:27:02.087 W/Sclibration(27104): onSensorChanged filter =  31011  tp = 1
02-03 19:27:02.087 W/Sclibration(27104): onSensorChanged filter =  27422  tp = 2
02-03 19:27:02.107 W/Sclibration(27104): onSensorChanged filter =  88863  tp = 3
02-03 19:27:02.107 W/Sclibration(27104): onSensorChanged filter =  31012  tp = 2
02-03 19:27:02.117 W/Sclibration(27104): onSensorChanged filter =  27423  tp = 3
02-03 19:27:02.227 W/Sclibration(27104): onSensorChanged filter =  88864  tp = 4
02-03 19:27:02.237 W/Sclibration(27104): onSensorChanged filter =  31013  tp = 3
02-03 19:27:02.237 W/Sclibration(27104): onSensorChanged filter =  27424  tp = 4
02-03 19:27:02.357 W/Sclibration(27104): onSensorChanged filter =  88865  tp = 5
02-03 19:27:02.367 W/Sclibration(27104): onSensorChanged filter =  31014  tp = 4
02-03 19:27:02.367 W/Sclibration(27104): onSensorChanged filter =  27425  tp = 5
02-03 19:27:02.477 W/Sclibration(27104): onSensorChanged filter =  88866  tp = 6
02-03 19:27:02.487 W/Sclibration(27104): onSensorChanged filter =  31015  tp = 5
02-03 19:27:02.487 W/Sclibration(27104): onSensorChanged filter =  27426  tp = 6
02-03 19:27:02.607 W/Sclibration(27104): onSensorChanged filter =  88867  tp = 7
02-03 19:27:02.607 W/Sclibration(27104): onSensorChanged filter =  31016  tp = 6
02-03 19:27:02.607 W/Sclibration(27104): onSensorChanged filter =  27427  tp = 7
02-03 19:27:02.727 W/Sclibration(27104): onSensorChanged filter =  88868  tp = 8
02-03 19:27:02.727 W/Sclibration(27104): onSensorChanged filter =  31017  tp = 7
02-03 19:27:02.727 W/Sclibration(27104): onSensorChanged filter =  27428  tp = 8
02-03 19:27:02.928 W/Sclibration(27104): onSensorChanged filter =  88869  tp = 9
02-03 19:27:02.928 W/Sclibration(27104): onSensorChanged filter =  31018  tp = 8
02-03 19:27:02.928 W/Sclibration(27104): onSensorChanged filter =  27429  tp = 9
02-03 19:27:02.958 E/rmt_storage(  149): [MyTag]open: fd=-1
02-03 19:27:02.958 E/rmt_storage(  149): block rmt_storage client thread
02-03 19:27:02.968 W/Sclibration(27104): onSensorChanged filter =  88870  tp = 0
02-03 19:27:02.968 W/Sclibration(27104): onSensorChanged count =  8887
02-03 19:27:02.968 W/Sclibration(27104): onSensorChanged curX =  -1.2754977  curY =  -7.371081  curZ =  -4.452094
02-03 19:27:02.968 W/Sclibration(27104): processUnSolicited begin
02-03 19:27:02.968 W/Sclibration(27104): processUnSolicited curX =  -1.2754977  curY =  -7.371081  curZ =  -4.452094
02-03 19:27:02.968 W/Sclibration(27104): processUnSolicited x =  84  y =  429
02-03 19:27:02.968 W/Sclibration(27104): processUnSolicited isLeftForX =  true  isDownForY =  false
02-03 19:27:02.968 W/Sclibration(27104): processUnSolicited sum =  89037.0  rr =  8464.0
02-03 19:27:02.968 W/Sclibration(27104): processUnSolicited angle =  0.19335789673109366  tempX =  45  tempY =  152
02-03 19:27:02.968 W/Sclibration(27104): processUnSolicited end x =  45  y =  152
02-03 19:27:02.968 W/Sclibration(27104): ScalibrationView--setBallLocation  m_calibrated =  false
02-03 19:27:02.968 W/Sclibration(27104): ScalibrationView--setBallLocation2  m_calibrated =  false
02-03 19:27:02.968 W/Sclibration(27104): onSensorChanged count =  8887  count%LOOPCOUNT =  7
02-03 19:27:02.968 W/Sclibration(27104): onSensorChanged filter =  31019  tp = 9
02-03 19:27:02.968 W/Sclibration(27104): onSensorChanged filter =  27430  tp = 0
02-03 19:27:02.968 W/Sclibration(27104): onSensorChanged count =  2743
02-03 19:27:02.968 W/Sclibration(27104): onSensorChanged curX =  -1.2754977  curY =  -7.371081  curZ =  -4.452094
02-03 19:27:02.968 W/Sclibration(27104): processUnSolicited begin
02-03 19:27:02.968 W/Sclibration(27104): processUnSolicited curX =  -1.2754977  curY =  -7.371081  curZ =  -4.452094
02-03 19:27:02.968 W/Sclibration(27104): processUnSolicited x =  84  y =  429
02-03 19:27:02.968 W/Sclibration(27104): processUnSolicited isLeftForX =  true  isDownForY =  false
02-03 19:27:02.968 W/Sclibration(27104): processUnSolicited sum =  89037.0  rr =  8464.0
02-03 19:27:02.968 W/Sclibration(27104): processUnSolicited angle =  0.19335789673109366  tempX =  45  tempY =  152
02-03 19:27:02.968 W/Sclibration(27104): processUnSolicited end x =  45  y =  152
02-03 19:27:02.968 W/Sclibration(27104): ScalibrationView--setBallLocation  m_calibrated =  false
02-03 19:27:02.978 W/Sclibration(27104): ScalibrationView--setBallLocation2  m_calibrated =  false
02-03 19:27:02.978 W/Sclibration(27104): onSensorChanged count =  2743  count%LOOPCOUNT =  13
02-03 19:27:03.088 W/Sclibration(27104): onSensorChanged filter =  88871  tp = 1
02-03 19:27:03.088 W/Sclibration(27104): onSensorChanged filter =  31020  tp = 0
02-03 19:27:03.088 W/Sclibration(27104): onSensorChanged count =  3102
02-03 19:27:03.098 W/Sclibration(27104): onSensorChanged curX =  -1.6478841  curY =  -7.595202  curZ =  -3.325727
02-03 19:27:03.098 W/Sclibration(27104): processUnSolicited begin
02-03 19:27:03.098 W/Sclibration(27104): processUnSolicited curX =  -1.6478841  curY =  -7.595202  curZ =  -3.325727
02-03 19:27:03.098 W/Sclibration(27104): processUnSolicited x =  70  y =  438
02-03 19:27:03.098 W/Sclibration(27104): processUnSolicited isLeftForX =  true  isDownForY =  false
02-03 19:27:03.098 W/Sclibration(27104): processUnSolicited sum =  96034.0  rr =  8464.0
02-03 19:27:03.098 W/Sclibration(27104): processUnSolicited angle =  0.1584771677982576  tempX =  45  tempY =  149
02-03 19:27:03.098 W/Sclibration(27104): processUnSolicited end x =  45  y =  149
02-03 19:27:03.108 W/Sclibration(27104): ScalibrationView--setBallLocation  m_calibrated =  false
02-03 19:27:03.108 W/Sclibration(27104): ScalibrationView--setBallLocation2  m_calibrated =  false
02-03 19:27:03.108 W/Sclibration(27104): onSensorChanged count =  3102  count%LOOPCOUNT =  12
02-03 19:27:03.108 W/Sclibration(27104): onSensorChanged filter =  27431  tp = 1
02-03 19:27:03.208 W/Sclibration(27104): onSensorChanged filter =  88872  tp = 2
02-03 19:27:03.208 W/Sclibration(27104): onSensorChanged filter =  31021  tp = 1
02-03 19:27:03.218 W/Sclibration(27104): onSensorChanged filter =  27432  tp = 2
02-03 19:27:03.338 W/Sclibration(27104): onSensorChanged filter =  88873  tp = 3
02-03 19:27:03.338 W/Sclibration(27104): onSensorChanged filter =  31022  tp = 2
02-03 19:27:03.338 W/Sclibration(27104): onSensorChanged filter =  27433  tp = 3
02-03 19:27:03.468 W/Sclibration(27104): onSensorChanged filter =  88874  tp = 4
02-03 19:27:03.468 W/Sclibration(27104): onSensorChanged filter =  31023  tp = 3
02-03 19:27:03.468 W/Sclibration(27104): onSensorChanged filter =  27434  tp = 4
02-03 19:27:03.518 D/PowerManagerService(26892): UnPartial  wakeLock  reactivate ,flags=0x1a tag=Shutdown
02-03 19:27:03.558 D/PowerManagerService(26892): UnPartial  wakeLock  reactivate ,flags=0x1a tag=Shutdown
02-03 19:27:03.578 W/Sclibration(27104): onSensorChanged filter =  88875  tp = 5
02-03 19:27:03.578 W/Sclibration(27104): onSensorChanged filter =  31024  tp = 4
02-03 19:27:03.578 W/Sclibration(27104): onSensorChanged filter =  27435  tp = 5
02-03 19:27:03.598 W/Sclibration(27104): onSensorChanged filter =  88876  tp = 6
02-03 19:27:03.598 W/Sclibration(27104): onSensorChanged filter =  31025  tp = 5
02-03 19:27:03.598 W/Sclibration(27104): onSensorChanged filter =  27436  tp = 6
02-03 19:27:03.638 W/Sclibration(27104): onSensorChanged filter =  88877  tp = 7
02-03 19:27:03.668 W/Sclibration(27104): onSensorChanged filter =  31026  tp = 6
02-03 19:27:03.668 W/Sclibration(27104): onSensorChanged filter =  27437  tp = 7
02-03 19:27:03.748 W/Sclibration(27104): onSensorChanged filter =  88878  tp = 8
02-03 19:27:03.748 W/Sclibration(27104): onSensorChanged filter =  31027  tp = 7
02-03 19:27:03.748 W/Sclibration(27104): onSensorChanged filter =  27438  tp = 8
02-03 19:27:03.768 W/Sclibration(27104): onSensorChanged filter =  88879  tp = 9
02-03 19:27:03.768 W/Sclibration(27104): onSensorChanged filter =  31028  tp = 8
02-03 19:27:03.768 W/Sclibration(27104): onSensorChanged filter =  27439  tp = 9
02-03 19:27:03.798 W/Sclibration(27104): onSensorChanged filter =  88880  tp = 0
02-03 19:27:03.798 W/Sclibration(27104): onSensorChanged count =  8888
02-03 19:27:03.798 W/Sclibration(27104): onSensorChanged curX =  -4.944668  curY =  -8.083429  curZ =  0.76801157
02-03 19:27:03.798 W/Sclibration(27104): processUnSolicited begin
02-03 19:27:03.798 W/Sclibration(27104): processUnSolicited curX =  -4.944668  curY =  -8.083429  curZ =  0.76801157
02-03 19:27:03.798 W/Sclibration(27104): processUnSolicited x =  -62  y =  458
02-03 19:27:03.798 W/Sclibration(27104): processUnSolicited isLeftForX =  true  isDownForY =  false
02-03 19:27:03.798 W/Sclibration(27104): processUnSolicited sum =  143138.0  rr =  8464.0
02-03 19:27:03.868 W/Sclibration(27104): processUnSolicited angle =  -0.13455324537950747  tempX =  44  tempY =  147
02-03 19:27:03.868 W/Sclibration(27104): processUnSolicited end x =  44  y =  147
02-03 19:27:03.868 W/Sclibration(27104): ScalibrationView--setBallLocation  m_calibrated =  false
02-03 19:27:03.868 W/Sclibration(27104): ScalibrationView--setBallLocation2  m_calibrated =  false
02-03 19:27:03.868 W/Sclibration(27104): onSensorChanged count =  8888  count%LOOPCOUNT =  8
02-03 19:27:03.868 W/Sclibration(27104): onSensorChanged filter =  31029  tp = 9
02-03 19:27:03.868 W/Sclibration(27104): onSensorChanged filter =  27440  tp = 0
02-03 19:27:03.868 W/Sclibration(27104): onSensorChanged count =  2744
02-03 19:27:03.868 W/Sclibration(27104): onSensorChanged curX =  -4.944668  curY =  -8.083429  curZ =  0.76801157
02-03 19:27:03.868 W/Sclibration(27104): processUnSolicited begin
02-03 19:27:03.868 W/Sclibration(27104): processUnSolicited curX =  -4.944668  curY =  -8.083429  curZ =  0.76801157
02-03 19:27:03.868 W/Sclibration(27104): processUnSolicited x =  -62  y =  458
02-03 19:27:03.868 W/Sclibration(27104): processUnSolicited isLeftForX =  true  isDownForY =  false
02-03 19:27:03.868 W/Sclibration(27104): processUnSolicited sum =  143138.0  rr =  8464.0
02-03 19:27:03.868 W/Sclibration(27104): processUnSolicited angle =  -0.13455324537950747  tempX =  44  tempY =  147
02-03 19:27:03.868 W/Sclibration(27104): processUnSolicited end x =  44  y =  147
02-03 19:27:03.868 W/Sclibration(27104): ScalibrationView--setBallLocation  m_calibrated =  false
02-03 19:27:03.868 W/Sclibration(27104): ScalibrationView--setBallLocation2  m_calibrated =  false
02-03 19:27:03.868 W/Sclibration(27104): onSensorChanged count =  2744  count%LOOPCOUNT =  14
02-03 19:27:03.908 W/Sclibration(27104): onSensorChanged filter =  88881  tp = 1
02-03 19:27:03.908 W/Sclibration(27104): onSensorChanged filter =  31030  tp = 0
02-03 19:27:03.908 W/Sclibration(27104): onSensorChanged count =  3103
02-03 19:27:03.908 W/Sclibration(27104): onSensorChanged curX =  -5.0695105  curY =  -8.115499  curZ =  0.43881136
02-03 19:27:03.908 W/Sclibration(27104): processUnSolicited begin
02-03 19:27:03.908 W/Sclibration(27104): processUnSolicited curX =  -5.0695105  curY =  -8.115499  curZ =  0.43881136
02-03 19:27:03.908 W/Sclibration(27104): processUnSolicited x =  -67  y =  459
02-03 19:27:03.908 W/Sclibration(27104): processUnSolicited isLeftForX =  true  isDownForY =  false
02-03 19:27:03.908 W/Sclibration(27104): processUnSolicited sum =  145780.0  rr =  8464.0
02-03 19:27:03.908 W/Sclibration(27104): processUnSolicited angle =  -0.1449458256458198  tempX =  44  tempY =  148
02-03 19:27:03.908 W/Sclibration(27104): processUnSolicited end x =  44  y =  148
02-03 19:27:03.908 W/Sclibration(27104): ScalibrationView--setBallLocation  m_calibrated =  false
02-03 19:27:03.908 W/Sclibration(27104): ScalibrationView--setBallLocation2  m_calibrated =  false
02-03 19:27:03.908 W/Sclibration(27104): onSensorChanged count =  3103  count%LOOPCOUNT =  13
02-03 19:27:03.908 W/Sclibration(27104): onSensorChanged filter =  27441  tp = 1
02-03 19:27:03.928 W/Sclibration(27104): onSensorChanged filter =  88882  tp = 2
02-03 19:27:03.928 W/Sclibration(27104): onSensorChanged filter =  31031  tp = 1
02-03 19:27:03.928 W/Sclibration(27104): onSensorChanged filter =  27442  tp = 2
02-03 19:27:03.948 W/Sclibration(27104): onSensorChanged filter =  88883  tp = 3
02-03 19:27:03.948 W/Sclibration(27104): onSensorChanged filter =  31032  tp = 2
02-03 19:27:03.959 W/Sclibration(27104): onSensorChanged filter =  27443  tp = 3
02-03 19:27:03.969 W/Sclibration(27104): onSensorChanged filter =  88884  tp = 4
02-03 19:27:03.969 W/Sclibration(27104): onSensorChanged filter =  31033  tp = 3
02-03 19:27:03.979 W/Sclibration(27104): onSensorChanged filter =  27444  tp = 4
02-03 19:27:04.099 W/Sclibration(27104): onSensorChanged filter =  88885  tp = 5
02-03 19:27:04.099 W/Sclibration(27104): onSensorChanged filter =  31034  tp = 4
02-03 19:27:04.099 W/Sclibration(27104): onSensorChanged filter =  27445  tp = 5
02-03 19:27:04.219 W/Sclibration(27104): onSensorChanged filter =  88886  tp = 6
02-03 19:27:04.219 W/Sclibration(27104): onSensorChanged filter =  31035  tp = 5
02-03 19:27:04.219 W/Sclibration(27104): onSensorChanged filter =  27446  tp = 6
02-03 19:27:04.339 W/Sclibration(27104): onSensorChanged filter =  88887  tp = 7
02-03 19:27:04.339 W/Sclibration(27104): onSensorChanged filter =  31036  tp = 6
02-03 19:27:04.339 W/Sclibration(27104): onSensorChanged filter =  27447  tp = 7
02-03 19:27:04.459 W/Sclibration(27104): onSensorChanged filter =  88888  tp = 8
02-03 19:27:04.459 W/Sclibration(27104): onSensorChanged filter =  31037  tp = 7
02-03 19:27:04.459 W/Sclibration(27104): onSensorChanged filter =  27448  tp = 8
02-03 19:27:04.469 W/Sclibration(27104): onSensorChanged filter =  88889  tp = 9
02-03 19:27:04.469 W/Sclibration(27104): onSensorChanged filter =  31038  tp = 8
02-03 19:27:04.469 W/Sclibration(27104): onSensorChanged filter =  27449  tp = 9
02-03 19:27:04.499 W/Sclibration(27104): onSensorChanged filter =  88890  tp = 0
02-03 19:27:04.499 W/Sclibration(27104): onSensorChanged count =  8889
02-03 19:27:04.499 W/Sclibration(27104): onSensorChanged curX =  -3.9307842  curY =  -8.514785  curZ =  0.63554305
02-03 19:27:04.499 W/Sclibration(27104): processUnSolicited begin
02-03 19:27:04.499 W/Sclibration(27104): processUnSolicited curX =  -3.9307842  curY =  -8.514785  curZ =  0.63554305
02-03 19:27:04.499 W/Sclibration(27104): processUnSolicited x =  -22  y =  475
02-03 19:27:04.499 W/Sclibration(27104): processUnSolicited isLeftForX =  true  isDownForY =  false
02-03 19:27:04.499 W/Sclibration(27104): processUnSolicited sum =  140249.0  rr =  8464.0
02-03 19:27:04.499 W/Sclibration(27104): processUnSolicited angle =  -0.04628271389294037  tempX =  44  tempY =  139
02-03 19:27:04.499 W/Sclibration(27104): processUnSolicited end x =  44  y =  139
02-03 19:27:04.499 W/Sclibration(27104): ScalibrationView--setBallLocation  m_calibrated =  false
02-03 19:27:04.499 W/Sclibration(27104): ScalibrationView--setBallLocation2  m_calibrated =  false
02-03 19:27:04.499 W/Sclibration(27104): onSensorChanged count =  8889  count%LOOPCOUNT =  9
02-03 19:27:04.499 W/Sclibration(27104): onSensorChanged filter =  31039  tp = 9
02-03 19:27:04.499 W/Sclibration(27104): onSensorChanged filter =  27450  tp = 0
02-03 19:27:04.499 W/Sclibration(27104): onSensorChanged count =  2745
02-03 19:27:04.499 W/Sclibration(27104): onSensorChanged curX =  -3.9307842  curY =  -8.514785  curZ =  0.63554305
02-03 19:27:04.499 W/Sclibration(27104): processUnSolicited begin
02-03 19:27:04.499 W/Sclibration(27104): processUnSolicited curX =  -3.9307842  curY =  -8.514785  curZ =  0.63554305
02-03 19:27:04.499 W/Sclibration(27104): processUnSolicited x =  -22  y =  475
02-03 19:27:04.499 W/Sclibration(27104): processUnSolicited isLeftForX =  true  isDownForY =  false
02-03 19:27:04.499 W/Sclibration(27104): processUnSolicited sum =  140249.0  rr =  8464.0
02-03 19:27:04.499 W/Sclibration(27104): processUnSolicited angle =  -0.04628271389294037  tempX =  44  tempY =  139
02-03 19:27:04.499 W/Sclibration(27104): processUnSolicited end x =  44  y =  139
02-03 19:27:04.499 W/Sclibration(27104): ScalibrationView--setBallLocation  m_calibrated =  false
02-03 19:27:04.499 W/Sclibration(27104): ScalibrationView--setBallLocation2  m_calibrated =  false
02-03 19:27:04.499 W/Sclibration(27104): onSensorChanged count =  2745  count%LOOPCOUNT =  15
02-03 19:27:04.509 W/Sclibration(27104): onSensorChanged filter =  88891  tp = 1
02-03 19:27:04.509 W/Sclibration(27104): onSensorChanged filter =  31040  tp = 0
02-03 19:27:04.509 W/Sclibration(27104): onSensorChanged count =  3104
