02-03 19:26:43.408 W/Sclibration(27104): onSensorChanged count =  2717
02-03 19:26:43.408 W/Sclibration(27104): onSensorChanged curX =  -0.7294632  curY =  -6.851041  curZ =  -6.126792
02-03 19:26:43.428 W/Sclibration(27104): processUnSolicited begin
02-03 19:26:43.428 W/Sclibration(27104): processUnSolicited curX =  -0.7294632  curY =  -6.851041  curZ =  -6.126792
02-03 19:26:43.428 W/Sclibration(27104): processUnSolicited x =  106  y =  409
02-03 19:26:43.428 W/Sclibration(27104): processUnSolicited isLeftForX =  true  isDownForY =  false
02-03 19:26:43.428 W/Sclibration(27104): processUnSolicited sum =  75917.0  rr =  8464.0
02-03 19:26:43.428 W/Sclibration(27104): processUnSolicited angle =  0.2535892425113538  tempX =  46  tempY =  158
02-03 19:26:43.428 W/Sclibration(27104): processUnSolicited end x =  46  y =  158
02-03 19:26:43.428 W/Sclibration(27104): ScalibrationView--setBallLocation  m_calibrated =  false
02-03 19:26:43.428 W/Sclibration(27104): ScalibrationView--setBallLocation2  m_calibrated =  false
02-03 19:26:43.428 W/Sclibration(27104): onSensorChanged count =  2717  count%LOOPCOUNT =  17
02-03 19:26:43.428 W/Sclibration(27104): onSensorChanged filter =  88611  tp = 1
02-03 19:26:43.428 W/Sclibration(27104): onSensorChanged filter =  30760  tp = 0
02-03 19:26:43.428 W/Sclibration(27104): onSensorChanged count =  3076
02-03 19:26:43.428 W/Sclibration(27104): onSensorChanged curX =  -0.786474  curY =  -6.794805  curZ =  -6.011641
02-03 19:26:43.428 W/Sclibration(27104): processUnSolicited begin
02-03 19:26:43.428 W/Sclibration(27104): processUnSolicited curX =  -0.786474  curY =  -6.794805  curZ =  -6.011641
02-03 19:26:43.428 W/Sclibration(27104): processUnSolicited x =  104  y =  406
02-03 19:26:43.428 W/Sclibration(27104): processUnSolicited isLeftForX =  true  isDownForY =  false
02-03 19:26:43.428 W/Sclibration(27104): processUnSolicited sum =  74402.0  rr =  8464.0
02-03 19:26:43.428 W/Sclibration(27104): processUnSolicited angle =  0.25076563556296616  tempX =  46  tempY =  157
02-03 19:26:43.428 W/Sclibration(27104): processUnSolicited end x =  46  y =  157
02-03 19:26:43.428 W/Sclibration(27104): ScalibrationView--setBallLocation  m_calibrated =  false
02-03 19:26:43.428 W/Sclibration(27104): ScalibrationView--setBallLocation2  m_calibrated =  false
02-03 19:26:43.428 W/Sclibration(27104): onSensorChanged count =  3076  count%LOOPCOUNT =  16
02-03 19:26:43.428 W/Sclibration(27104): onSensorChanged filter =  27171  tp = 1
02-03 19:26:43.529 W/Sclibration(27104): onSensorChanged filter =  88612  tp = 2
02-03 19:26:43.529 W/Sclibration(27104): onSensorChanged filter =  30761  tp = 1
02-03 19:26:43.529 W/Sclibration(27104): onSensorChanged filter =  27172  tp = 2
02-03 19:26:43.539 D/ShutdownThread(26892): Notifying thread to start radio shutdown
02-03 19:26:43.599 D/KeyguardViewMediator(26892): setHidden false
02-03 19:26:43.609 D/KeyguardViewMediator(26892): setHidden false
02-03 19:26:43.629 D/KeyguardViewMediator(26892): setHidden false
02-03 19:26:43.649 D/KeyguardViewMediator(26892): setHidden false
02-03 19:26:43.649 W/Sclibration(27104): onSensorChanged filter =  88613  tp = 3
02-03 19:26:43.649 W/Sclibration(27104): onSensorChanged filter =  30762  tp = 2
02-03 19:26:43.659 D/KeyguardViewMediator(26892): setHidden false
02-03 19:26:43.669 D/KeyguardViewMediator(26892): setHidden false
02-03 19:26:43.679 D/KeyguardViewMediator(26892): setHidden false
02-03 19:26:43.679 W/Sclibration(27104): onSensorChanged filter =  27173  tp = 3
02-03 19:26:43.689 D/KeyguardViewMediator(26892): setHidden false
02-03 19:26:43.719 D/KeyguardViewMediator(26892): setHidden false
02-03 19:26:43.739 D/KeyguardViewMediator(26892): setHidden false
02-03 19:26:43.749 D/KeyguardViewMediator(26892): setHidden false
02-03 19:26:43.769 W/Sclibration(27104): onSensorChanged filter =  88614  tp = 4
02-03 19:26:43.769 D/KeyguardViewMediator(26892): setHidden false
02-03 19:26:43.779 D/KeyguardViewMediator(26892): setHidden false
02-03 19:26:43.789 D/KeyguardViewMediator(26892): setHidden false
02-03 19:26:43.789 W/Sclibration(27104): onSensorChanged filter =  30763  tp = 3
02-03 19:26:43.789 W/Sclibration(27104): onSensorChanged filter =  27174  tp = 4
02-03 19:26:43.799 W/Sclibration(27104): onSensorChanged filter =  88615  tp = 5
02-03 19:26:43.799 W/Sclibration(27104): onSensorChanged filter =  30764  tp = 4
02-03 19:26:43.799 W/Sclibration(27104): onSensorChanged filter =  27175  tp = 5
02-03 19:26:43.799 D/KeyguardViewMediator(26892): setHidden false
02-03 19:26:43.809 W/Sclibration(27104): onSensorChanged filter =  88616  tp = 6
02-03 19:26:43.809 W/Sclibration(27104): onSensorChanged filter =  30765  tp = 5
02-03 19:26:43.809 W/Sclibration(27104): onSensorChanged filter =  27176  tp = 6
02-03 19:26:43.819 D/KeyguardViewMediator(26892): setHidden false
02-03 19:26:43.839 D/KeyguardViewMediator(26892): setHidden false
02-03 19:26:43.849 D/KeyguardViewMediator(26892): setHidden false
02-03 19:26:43.869 D/KeyguardViewMediator(26892): setHidden false
02-03 19:26:43.879 D/KeyguardViewMediator(26892): setHidden false
02-03 19:26:43.899 D/KeyguardViewMediator(26892): setHidden false
02-03 19:26:43.919 D/KeyguardViewMediator(26892): setHidden false
02-03 19:26:43.949 W/Sclibration(27104): onSensorChanged filter =  88617  tp = 7
02-03 19:26:43.949 D/KeyguardViewMediator(26892): setHidden false
02-03 19:26:43.959 W/Sclibration(27104): onSensorChanged filter =  30766  tp = 6
02-03 19:26:43.959 W/Sclibration(27104): onSensorChanged filter =  27177  tp = 7
02-03 19:26:43.959 D/KeyguardViewMediator(26892): setHidden false
02-03 19:26:43.979 D/KeyguardViewMediator(26892): setHidden false
02-03 19:26:43.999 D/KeyguardViewMediator(26892): setHidden false
02-03 19:26:44.019 D/KeyguardViewMediator(26892): setHidden false
02-03 19:26:44.039 D/KeyguardViewMediator(26892): setHidden false
02-03 19:26:44.039 D/KeyguardViewMediator(26892): setHidden false
02-03 19:26:44.059 W/Sclibration(27104): onSensorChanged filter =  88618  tp = 8
02-03 19:26:44.059 W/Sclibration(27104): onSensorChanged filter =  30767  tp = 7
02-03 19:26:44.059 W/Sclibration(27104): onSensorChanged filter =  27178  tp = 8
02-03 19:26:44.059 D/KeyguardViewMediator(26892): setHidden false
02-03 19:26:44.079 D/KeyguardViewMediator(26892): setHidden false
02-03 19:26:44.079 W/Sclibration(27104): onSensorChanged filter =  88619  tp = 9
02-03 19:26:44.079 W/Sclibration(27104): onSensorChanged filter =  30768  tp = 8
02-03 19:26:44.079 W/Sclibration(27104): onSensorChanged filter =  27179  tp = 9
02-03 19:26:44.089 D/KeyguardViewMediator(26892): setHidden false
02-03 19:26:44.119 D/KeyguardViewMediator(26892): setHidden false
02-03 19:26:44.129 D/KeyguardViewMediator(26892): setHidden false
02-03 19:26:44.149 D/KeyguardViewMediator(26892): setHidden false
02-03 19:26:44.159 D/KeyguardViewMediator(26892): setHidden false
02-03 19:26:44.169 D/KeyguardViewMediator(26892): setHidden false
02-03 19:26:44.189 D/KeyguardViewMediator(26892): setHidden false
02-03 19:26:44.209 D/KeyguardViewMediator(26892): setHidden false
02-03 19:26:44.219 W/Sclibration(27104): onSensorChanged filter =  88620  tp = 0
02-03 19:26:44.219 W/Sclibration(27104): onSensorChanged count =  8862
02-03 19:26:44.219 W/Sclibration(27104): onSensorChanged curX =  -0.7156718  curY =  -6.262635  curZ =  -6.6210876
02-03 19:26:44.219 W/Sclibration(27104): processUnSolicited begin
02-03 19:26:44.219 W/Sclibration(27104): processUnSolicited curX =  -0.7156718  curY =  -6.262635  curZ =  -6.6210876
02-03 19:26:44.219 W/Sclibration(27104): processUnSolicited x =  107  y =  385
02-03 19:26:44.219 D/KeyguardViewMediator(26892): setHidden false
02-03 19:26:44.239 W/Sclibration(27104): processUnSolicited isLeftForX =  true  isDownForY =  false
02-03 19:26:44.239 W/Sclibration(27104): processUnSolicited sum =  63284.0  rr =  8464.0
02-03 19:26:44.239 D/KeyguardViewMediator(26892): setHidden false
02-03 19:26:44.249 W/Sclibration(27104): processUnSolicited angle =  0.2710808088104926  tempX =  47  tempY =  159
02-03 19:26:44.249 W/Sclibration(27104): processUnSolicited end x =  47  y =  159
02-03 19:26:44.249 W/Sclibration(27104): ScalibrationView--setBallLocation  m_calibrated =  false
02-03 19:26:44.249 W/Sclibration(27104): ScalibrationView--setBallLocation2  m_calibrated =  false
02-03 19:26:44.249 W/Sclibration(27104): onSensorChanged count =  8862  count%LOOPCOUNT =  12
02-03 19:26:44.249 W/Sclibration(27104): onSensorChanged filter =  30769  tp = 9
02-03 19:26:44.249 D/KeyguardViewMediator(26892): setHidden false
02-03 19:26:44.269 W/Sclibration(27104): onSensorChanged filter =  27180  tp = 0
02-03 19:26:44.269 W/Sclibration(27104): onSensorChanged count =  2718
02-03 19:26:44.269 W/Sclibration(27104): onSensorChanged curX =  -0.7156718  curY =  -6.262635  curZ =  -6.6210876
02-03 19:26:44.269 W/Sclibration(27104): processUnSolicited begin
02-03 19:26:44.269 W/Sclibration(27104): processUnSolicited curX =  -0.7156718  curY =  -6.262635  curZ =  -6.6210876
02-03 19:26:44.269 W/Sclibration(27104): processUnSolicited x =  107  y =  385
02-03 19:26:44.269 W/Sclibration(27104): processUnSolicited isLeftForX =  true  isDownForY =  false
02-03 19:26:44.269 W/Sclibration(27104): processUnSolicited sum =  63284.0  rr =  8464.0
02-03 19:26:44.269 W/Sclibration(27104): processUnSolicited angle =  0.2710808088104926  tempX =  47  tempY =  159
02-03 19:26:44.269 W/Sclibration(27104): processUnSolicited end x =  47  y =  159
02-03 19:26:44.269 D/KeyguardViewMediator(26892): setHidden false
02-03 19:26:44.279 W/Sclibration(27104): ScalibrationView--setBallLocation  m_calibrated =  false
02-03 19:26:44.279 W/Sclibration(27104): ScalibrationView--setBallLocation2  m_calibrated =  false
02-03 19:26:44.279 W/Sclibration(27104): onSensorChanged count =  2718  count%LOOPCOUNT =  18
02-03 19:26:44.279 W/Sclibration(27104): onSensorChanged filter =  88621  tp = 1
02-03 19:26:44.279 W/Sclibration(27104): onSensorChanged filter =  30770  tp = 0
02-03 19:26:44.279 W/Sclibration(27104): onSensorChanged count =  3077
02-03 19:26:44.279 W/Sclibration(27104): onSensorChanged curX =  -0.69226426  curY =  -6.196071  curZ =  -6.7579103
02-03 19:26:44.279 W/Sclibration(27104): processUnSolicited begin
02-03 19:26:44.279 W/Sclibration(27104): processUnSolicited curX =  -0.69226426  curY =  -6.196071  curZ =  -6.7579103
02-03 19:26:44.279 W/Sclibration(27104): processUnSolicited x =  108  y =  382
02-03 19:26:44.279 W/Sclibration(27104): processUnSolicited isLeftForX =  true  isDownForY =  false
02-03 19:26:44.279 W/Sclibration(27104): processUnSolicited sum =  61738.0  rr =  8464.0
02-03 19:26:44.279 W/Sclibration(27104): processUnSolicited angle =  0.2755314999856957  tempX =  47  tempY =  160
02-03 19:26:44.279 W/Sclibration(27104): processUnSolicited end x =  47  y =  160
02-03 19:26:44.279 W/Sclibration(27104): ScalibrationView--setBallLocation  m_calibrated =  false
02-03 19:26:44.279 W/Sclibration(27104): ScalibrationView--setBallLocation2  m_calibrated =  false
02-03 19:26:44.289 W/Sclibration(27104): onSensorChanged count =  3077  count%LOOPCOUNT =  17
02-03 19:26:44.289 W/Sclibration(27104): onSensorChanged filter =  27181  tp = 1
02-03 19:26:44.289 D/KeyguardViewMediator(26892): setHidden false
02-03 19:26:44.319 D/KeyguardViewMediator(26892): setHidden false
02-03 19:26:44.329 D/KeyguardViewMediator(26892): setHidden false
02-03 19:26:44.349 D/KeyguardViewMediator(26892): setHidden false
02-03 19:26:44.349 W/Sclibration(27104): onSensorChanged filter =  88622  tp = 2
02-03 19:26:44.359 W/Sclibration(27104): onSensorChanged filter =  30771  tp = 1
02-03 19:26:44.359 W/Sclibration(27104): onSensorChanged filter =  27182  tp = 2
02-03 19:26:44.359 E/rmt_storage(  149): [MyTag]open: fd=-1
02-03 19:26:44.359 E/rmt_storage(  149): block rmt_storage client thread
02-03 19:26:44.359 D/KeyguardViewMediator(26892): setHidden false
02-03 19:26:44.389 D/KeyguardViewMediator(26892): setHidden false
02-03 19:26:44.399 D/KeyguardViewMediator(26892): setHidden false
02-03 19:26:44.419 D/KeyguardViewMediator(26892): setHidden false
02-03 19:26:44.449 D/KeyguardViewMediator(26892): setHidden false
02-03 19:26:44.459 D/KeyguardViewMediator(26892): setHidden false
02-03 19:26:44.469 W/Sclibration(27104): onSensorChanged filter =  88623  tp = 3
02-03 19:26:44.469 W/Sclibration(27104): onSensorChanged filter =  30772  tp = 2
02-03 19:26:44.469 W/Sclibration(27104): onSensorChanged filter =  27183  tp = 3
02-03 19:26:44.480 D/KeyguardViewMediator(26892): setHidden false
02-03 19:26:44.490 W/Sclibration(27104): onSensorChanged filter =  88624  tp = 4
02-03 19:26:44.490 W/Sclibration(27104): onSensorChanged filter =  30773  tp = 3
02-03 19:26:44.490 W/Sclibration(27104): onSensorChanged filter =  27184  tp = 4
02-03 19:26:44.490 D/KeyguardViewMediator(26892): setHidden false
02-03 19:26:44.520 D/KeyguardViewMediator(26892): setHidden false
02-03 19:26:44.540 D/KeyguardViewMediator(26892): setHidden false
02-03 19:26:44.540 D/KeyguardViewMediator(26892): setHidden false
02-03 19:26:44.570 D/KeyguardViewMediator(26892): setHidden false
02-03 19:26:44.610 W/Sclibration(27104): onSensorChanged filter =  88625  tp = 5
02-03 19:26:44.610 W/Sclibration(27104): onSensorChanged filter =  30774  tp = 4
02-03 19:26:44.610 W/Sclibration(27104): onSensorChanged filter =  27185  tp = 5
02-03 19:26:44.630 W/Sclibration(27104): onSensorChanged filter =  88626  tp = 6
02-03 19:26:44.630 W/Sclibration(27104): onSensorChanged filter =  30775  tp = 5
02-03 19:26:44.630 W/Sclibration(27104): onSensorChanged filter =  27186  tp = 6
02-03 19:26:44.760 W/Sclibration(27104): onSensorChanged filter =  88627  tp = 7
02-03 19:26:44.760 W/Sclibration(27104): onSensorChanged filter =  30776  tp = 6
02-03 19:26:44.760 W/Sclibration(27104): onSensorChanged filter =  27187  tp = 7
02-03 19:26:44.780 W/Sclibration(27104): onSensorChanged filter =  88628  tp = 8
02-03 19:26:44.780 W/Sclibration(27104): onSensorChanged filter =  30777  tp = 7
02-03 19:26:44.780 W/Sclibration(27104): onSensorChanged filter =  27188  tp = 8
02-03 19:26:44.870 W/Sclibration(27104): onSensorChanged filter =  88629  tp = 9
02-03 19:26:44.900 W/Sclibration(27104): onSensorChanged filter =  30778  tp = 8
02-03 19:26:44.900 W/Sclibration(27104): onSensorChanged filter =  27189  tp = 9
02-03 19:26:44.960 W/Sclibration(27104): onSensorChanged filter =  88630  tp = 0
02-03 19:26:44.960 W/Sclibration(27104): onSensorChanged count =  8863
02-03 19:26:44.960 W/Sclibration(27104): onSensorChanged curX =  -0.9322525  curY =  -6.1389627  curZ =  -6.876754
02-03 19:26:44.960 W/Sclibration(27104): processUnSolicited begin
02-03 19:26:44.960 W/Sclibration(27104): processUnSolicited curX =  -0.9322525  curY =  -6.1389627  curZ =  -6.876754
02-03 19:26:44.960 W/Sclibration(27104): processUnSolicited x =  98  y =  380
02-03 19:26:44.960 W/Sclibration(27104): processUnSolicited isLeftForX =  true  isDownForY =  false
02-03 19:26:44.960 W/Sclibration(27104): processUnSolicited sum =  61394.0  rr =  8464.0
02-03 19:26:44.960 W/Sclibration(27104): processUnSolicited angle =  0.2523950908064656  tempX =  46  tempY =  157
02-03 19:26:44.960 W/Sclibration(27104): processUnSolicited end x =  46  y =  157
02-03 19:26:44.960 W/Sclibration(27104): ScalibrationView--setBallLocation  m_calibrated =  false
02-03 19:26:44.960 W/Sclibration(27104): ScalibrationView--setBallLocation2  m_calibrated =  false
02-03 19:26:44.960 W/Sclibration(27104): onSensorChanged count =  8863  count%LOOPCOUNT =  13
02-03 19:26:44.960 W/Sclibration(27104): onSensorChanged filter =  30779  tp = 9
02-03 19:26:44.960 W/Sclibration(27104): onSensorChanged filter =  27190  tp = 0
02-03 19:26:44.960 W/Sclibration(27104): onSensorChanged count =  2719
02-03 19:26:44.960 W/Sclibration(27104): onSensorChanged curX =  -0.9322525  curY =  -6.1389627  curZ =  -6.876754
02-03 19:26:44.960 W/Sclibration(27104): processUnSolicited begin
02-03 19:26:44.960 W/Sclibration(27104): processUnSolicited curX =  -0.9322525  curY =  -6.1389627  curZ =  -6.876754
02-03 19:26:44.960 W/Sclibration(27104): processUnSolicited x =  98  y =  380
02-03 19:26:44.960 W/Sclibration(27104): processUnSolicited isLeftForX =  true  isDownForY =  false
02-03 19:26:44.960 W/Sclibration(27104): processUnSolicited sum =  61394.0  rr =  8464.0
02-03 19:26:44.960 W/Sclibration(27104): processUnSolicited angle =  0.2523950908064656  tempX =  46  tempY =  157
02-03 19:26:44.960 W/Sclibration(27104): processUnSolicited end x =  46  y =  157
02-03 19:26:44.960 W/Sclibration(27104): ScalibrationView--setBallLocation  m_calibrated =  false
02-03 19:26:44.960 W/Sclibration(27104): ScalibrationView--setBallLocation2  m_calibrated =  false
02-03 19:26:44.960 W/Sclibration(27104): onSensorChanged count =  2719  count%LOOPCOUNT =  19
02-03 19:26:45.080 W/Sclibration(27104): onSensorChanged filter =  88631  tp = 1
02-03 19:26:45.080 W/Sclibration(27104): onSensorChanged filter =  30780  tp = 0
02-03 19:26:45.080 W/Sclibration(27104): onSensorChanged count =  3078
02-03 19:26:45.080 W/Sclibration(27104): onSensorChanged curX =  -0.9522997  curY =  -6.181032  curZ =  -6.845365
02-03 19:26:45.080 W/Sclibration(27104): processUnSolicited begin
02-03 19:26:45.090 W/Sclibration(27104): processUnSolicited curX =  -0.9522997  curY =  -6.181032  curZ =  -6.845365
02-03 19:26:45.090 W/Sclibration(27104): processUnSolicited x =  97  y =  382
02-03 19:26:45.090 W/Sclibration(27104): processUnSolicited isLeftForX =  true  isDownForY =  false
02-03 19:26:45.090 W/Sclibration(27104): processUnSolicited sum =  62453.0  rr =  8464.0
02-03 19:26:45.090 W/Sclibration(27104): processUnSolicited angle =  0.2486709540400647  tempX =  46  tempY =  157
02-03 19:26:45.090 W/Sclibration(27104): processUnSolicited end x =  46  y =  157
02-03 19:26:45.090 W/Sclibration(27104): ScalibrationView--setBallLocation  m_calibrated =  false
02-03 19:26:45.090 W/Sclibration(27104): ScalibrationView--setBallLocation2  m_calibrated =  false
02-03 19:26:45.090 W/Sclibration(27104): onSensorChanged count =  3078  count%LOOPCOUNT =  18
02-03 19:26:45.090 W/Sclibration(27104): onSensorChanged filter =  27191  tp = 1
02-03 19:26:45.100 W/Sclibration(27104): onSensorChanged filter =  88632  tp = 2
02-03 19:26:45.100 W/Sclibration(27104): onSensorChanged filter =  30781  tp = 1
02-03 19:26:45.100 W/Sclibration(27104): onSensorChanged filter =  27192  tp = 2
02-03 19:26:45.120 W/Sclibration(27104): onSensorChanged filter =  88633  tp = 3
02-03 19:26:45.130 D/PowerManagerService(26892): acquireWakeLock flags=0x1a tag=Shutdown
02-03 19:26:45.130 W/Sclibration(27104): onSensorChanged filter =  30782  tp = 2
02-03 19:26:45.130 W/Sclibration(27104): onSensorChanged filter =  27193  tp = 3
02-03 19:26:45.140 I/ShutdownThread(26892): Sending shutdown broadcast...
02-03 19:26:45.140 W/SyncManager(26892): Writing sync state before shutdown...
02-03 19:26:45.180 D/KeyguardViewMediator(26892): setHidden false
02-03 19:26:45.190 W/Sclibration(27104): onSensorChanged filter =  88634  tp = 4
02-03 19:26:45.190 W/Sclibration(27104): onSensorChanged filter =  30783  tp = 3
02-03 19:26:45.190 W/Sclibration(27104): onSensorChanged filter =  27194  tp = 4
02-03 19:26:45.210 D/KeyguardViewMediator(26892): setHidden false
02-03 19:26:45.220 D/KeyguardViewMediator(26892): setHidden false
02-03 19:26:45.240 D/KeyguardViewMediator(26892): setHidden false
02-03 19:26:45.240 D/KeyguardViewMediator(26892): setHidden false
02-03 19:26:45.250 I/ShutdownThread(26892): Shutting down activity manager...
02-03 19:26:45.250 D/PhoneWindow(32706): couldn't save which view has focus because the focused view android.webkit.WebView@40650fc8 has no id.
02-03 19:26:45.250 D/Gmail   (32706): com.google.android.gm.HtmlConversationActivity@405ce2c0 onPause() finished
02-03 19:26:45.260 D/KeyguardViewMediator(26892): setHidden false
02-03 19:26:45.280 D/KeyguardViewMediator(26892): setHidden false
02-03 19:26:45.280 W/Sclibration(27104): onSensorChanged filter =  88635  tp = 5
02-03 19:26:45.290 W/Sclibration(27104): onSensorChanged filter =  30784  tp = 4
02-03 19:26:45.290 W/Sclibration(27104): onSensorChanged filter =  27195  tp = 5
02-03 19:26:45.290 D/KeyguardViewMediator(26892): setHidden false
02-03 19:26:45.320 D/KeyguardViewMediator(26892): setHidden false
02-03 19:26:45.330 D/KeyguardViewMediator(26892): setHidden false
02-03 19:26:45.350 D/KeyguardViewMediator(26892): setHidden false
02-03 19:26:45.360 D/KeyguardViewMediator(26892): setHidden false
02-03 19:26:45.380 D/KeyguardViewMediator(26892): setHidden false
02-03 19:26:45.390 W/ShutdownThread(26892): Turning off radio on Subscription :0
02-03 19:26:45.400 D/KeyguardViewMediator(26892): setHidden false
02-03 19:26:45.410 I/DATA    (26963): [DCT(0) ] tryDisconnectDataCall : dc=Cid=0, State=DcActiveState, bearerType=IP, create=1328298695810, lastFail=-1, lastFailCause=NONE, dp=[dpt=PROFILE_TYPE_3GPP2_NAI, active=false, , reason=radioTurnedOff
02-03 19:26:45.410 D/DATA    (26963): [DC cid = 0]DcActiveState msg.what=EVENT_DISCONNECT
02-03 19:26:45.410 D/DATA    (26963): [DC cid = 0]tearDownData radio is on, call deactivateDataCall
02-03 19:26:45.410 I/ShutdownThread(26892): Waiting for Bluetooth and Radio...
02-03 19:26:45.450 D/KeyguardViewMediator(26892): setHidden false
02-03 19:26:45.450 W/Sclibration(27104): onSensorChanged filter =  88636  tp = 6
02-03 19:26:45.450 W/Sclibration(27104): onSensorChanged filter =  30785  tp = 5
02-03 19:26:45.450 W/Sclibration(27104): onSensorChanged filter =  27196  tp = 6
02-03 19:26:45.450 W/Sclibration(27104): onSensorChanged filter =  88637  tp = 7
02-03 19:26:45.450 W/Sclibration(27104): onSensorChanged filter =  30786  tp = 6
02-03 19:26:45.450 W/Sclibration(27104): onSensorChanged filter =  27197  tp = 7
02-03 19:26:45.460 D/KeyguardViewMediator(26892): setHidden false
02-03 19:26:45.480 D/KeyguardViewMediator(26892): setHidden false
02-03 19:26:45.501 D/KeyguardViewMediator(26892): setHidden false
02-03 19:26:45.521 D/KeyguardViewMediator(26892): setHidden false
02-03 19:26:45.531 D/KeyguardViewMediator(26892): setHidden false
02-03 19:26:45.551 W/Sclibration(27104): onSensorChanged filter =  88638  tp = 8
02-03 19:26:45.551 W/Sclibration(27104): onSensorChanged filter =  30787  tp = 7
02-03 19:26:45.551 W/Sclibration(27104): onSensorChanged filter =  27198  tp = 8
02-03 19:26:45.551 D/KeyguardViewMediator(26892): setHidden false
02-03 19:26:45.571 D/KeyguardViewMediator(26892): setHidden false
02-03 19:26:45.571 D/KeyguardViewMediator(26892): setHidden false
02-03 19:26:45.591 D/KeyguardViewMediator(26892): setHidden false
02-03 19:26:45.611 W/Sclibration(27104): onSensorChanged filter =  88639  tp = 9
02-03 19:26:45.611 W/Sclibration(27104): onSensorChanged filter =  30788  tp = 8
02-03 19:26:45.611 W/Sclibration(27104): onSensorChanged filter =  27199  tp = 9
02-03 19:26:45.611 D/KeyguardViewMediator(26892): setHidden false
02-03 19:26:45.621 D/KeyguardViewMediator(26892): setHidden false
02-03 19:26:45.641 D/KeyguardViewMediator(26892): setHidden false
02-03 19:26:45.671 D/KeyguardViewMediator(26892): setHidden false
02-03 19:26:45.671 D/KeyguardViewMediator(26892): setHidden false
02-03 19:26:45.681 D/KeyguardViewMediator(26892): handleTimeout
02-03 19:26:45.701 D/KeyguardViewMediator(26892): setHidden false
02-03 19:26:45.711 D/KeyguardViewMediator(26892): setHidden false
02-03 19:26:45.721 D/KeyguardViewMediator(26892): setHidden false
02-03 19:26:45.731 W/Sclibration(27104): onSensorChanged filter =  88640  tp = 0
02-03 19:26:45.731 W/Sclibration(27104): onSensorChanged count =  8864
02-03 19:26:45.731 W/Sclibration(27104): onSensorChanged curX =  -0.6913068  curY =  -6.1703987  curZ =  -6.7272415
02-03 19:26:45.731 W/Sclibration(27104): processUnSolicited begin
02-03 19:26:45.731 W/Sclibration(27104): processUnSolicited curX =  -0.6913068  curY =  -6.1703987  curZ =  -6.7272415
02-03 19:26:45.731 W/Sclibration(27104): processUnSolicited x =  108  y =  381
02-03 19:26:45.731 W/Sclibration(27104): processUnSolicited isLeftForX =  true  isDownForY =  false
02-03 19:26:45.731 W/Sclibration(27104): processUnSolicited sum =  61245.0  rr =  8464.0
02-03 19:26:45.731 W/Sclibration(27104): processUnSolicited angle =  0.27621849655713243  tempX =  47  tempY =  160
02-03 19:26:45.731 W/Sclibration(27104): processUnSolicited end x =  47  y =  160
02-03 19:26:45.731 W/Sclibration(27104): ScalibrationView--setBallLocation  m_calibrated =  false
02-03 19:26:45.731 W/Sclibration(27104): ScalibrationView--setBallLocation2  m_calibrated =  false
02-03 19:26:45.731 W/Sclibration(27104): onSensorChanged count =  8864  count%LOOPCOUNT =  14
02-03 19:26:45.741 W/Sclibration(27104): onSensorChanged filter =  30789  tp = 9
02-03 19:26:45.741 W/Sclibration(27104): onSensorChanged filter =  27200  tp = 0
02-03 19:26:45.741 W/Sclibration(27104): onSensorChanged count =  2720
02-03 19:26:45.741 W/Sclibration(27104): onSensorChanged curX =  -0.6913068  curY =  -6.1703987  curZ =  -6.7272415
02-03 19:26:45.741 W/Sclibration(27104): processUnSolicited begin
02-03 19:26:45.741 W/Sclibration(27104): processUnSolicited curX =  -0.6913068  curY =  -6.1703987  curZ =  -6.7272415
02-03 19:26:45.741 D/KeyguardViewMediator(26892): setHidden false
02-03 19:26:45.741 W/Sclibration(27104): processUnSolicited x =  108  y =  381
02-03 19:26:45.741 W/Sclibration(27104): processUnSolicited isLeftForX =  true  isDownForY =  false
02-03 19:26:45.741 W/Sclibration(27104): processUnSolicited sum =  61245.0  rr =  8464.0
02-03 19:26:45.741 W/Sclibration(27104): processUnSolicited angle =  0.27621849655713243  tempX =  47  tempY =  160
02-03 19:26:45.741 W/Sclibration(27104): processUnSolicited end x =  47  y =  160
02-03 19:26:45.741 W/Sclibration(27104): ScalibrationView--setBallLocation  m_calibrated =  false
02-03 19:26:45.741 W/Sclibration(27104): ScalibrationView--setBallLocation2  m_calibrated =  false
02-03 19:26:45.741 W/Sclibration(27104): onSensorChanged count =  2720  count%LOOPCOUNT =  20
02-03 19:26:45.751 W/Sclibration(27104): onSensorChanged filter =  88641  tp = 1
02-03 19:26:45.751 W/Sclibration(27104): onSensorChanged filter =  30790  tp = 0
02-03 19:26:45.751 W/Sclibration(27104): onSensorChanged count =  3079
02-03 19:26:45.751 W/Sclibration(27104): onSensorChanged curX =  -0.67159563  curY =  -6.148485  curZ =  -6.73038
02-03 19:26:45.751 W/Sclibration(27104): processUnSolicited begin
02-03 19:26:45.751 W/Sclibration(27104): processUnSolicited curX =  -0.67159563  curY =  -6.148485  curZ =  -6.73038
02-03 19:26:45.751 W/Sclibration(27104): processUnSolicited x =  109  y =  380
02-03 19:26:45.751 W/Sclibration(27104): processUnSolicited isLeftForX =  true  isDownForY =  false
02-03 19:26:45.751 W/Sclibration(27104): processUnSolicited sum =  60701.0  rr =  8464.0
02-03 19:26:45.751 W/Sclibration(27104): processUnSolicited angle =  0.27934204917655775  tempX =  47  tempY =  160
02-03 19:26:45.751 W/Sclibration(27104): processUnSolicited end x =  47  y =  160
02-03 19:26:45.751 W/Sclibration(27104): ScalibrationView--setBallLocation  m_calibrated =  false
02-03 19:26:45.751 W/Sclibration(27104): ScalibrationView--setBallLocation2  m_calibrated =  false
02-03 19:26:45.751 W/Sclibration(27104): onSensorChanged count =  3079  count%LOOPCOUNT =  19
02-03 19:26:45.751 W/Sclibration(27104): onSensorChanged filter =  27201  tp = 1
02-03 19:26:45.751 D/KeyguardViewMediator(26892): setHidden false
02-03 19:26:45.781 D/KeyguardViewMediator(26892): setHidden false
02-03 19:26:45.791 D/KeyguardViewMediator(26892): setHidden false
02-03 19:26:45.801 D/KeyguardViewMediator(26892): setHidden false
02-03 19:26:45.831 D/KeyguardViewMediator(26892): setHidden false
02-03 19:26:45.841 D/KeyguardViewMediator(26892): setHidden false
02-03 19:26:45.851 D/KeyguardViewMediator(26892): setHidden false
02-03 19:26:45.871 D/KeyguardViewMediator(26892): setHidden false
02-03 19:26:45.891 W/Sclibration(27104): onSensorChanged filter =  88642  tp = 2
02-03 19:26:45.891 W/Sclibration(27104): onSensorChanged filter =  30791  tp = 1
02-03 19:26:45.891 D/KeyguardViewMediator(26892): setHidden false
02-03 19:26:45.891 W/Sclibration(27104): onSensorChanged filter =  27202  tp = 2
02-03 19:26:45.901 D/KeyguardViewMediator(26892): setHidden false
02-03 19:26:45.921 I/dun_service(  129): process rmnet event
02-03 19:26:45.921 I/dun_service(  129): Post event 3
02-03 19:26:45.921 I/dun_service(  129): received event: DUN_EVENT_RMNET_DOWN 
02-03 19:26:45.921 I/dun_service(  129): received event(DUN_EVENT_RMNET_DOWN) in state(DUN_STATE_USB_UNPLUG)
02-03 19:26:45.921 I/dun_service(  129): Ignoring the event DUN_EVENT_RMNET_DOWN in USB_UNPLUG_STATE
02-03 19:26:45.921 I/dun_service(  129): Moved to state(DUN_STATE_USB_UNPLUG)
02-03 19:26:45.941 D/KeyguardViewMediator(26892): setHidden false
02-03 19:26:45.971 D/KeyguardViewMediator(26892): setHidden false
02-03 19:26:45.981 W/Sclibration(27104): onSensorChanged filter =  88643  tp = 3
02-03 19:26:45.981 W/Sclibration(27104): onSensorChanged filter =  30792  tp = 2
02-03 19:26:45.981 W/Sclibration(27104): onSensorChanged filter =  27203  tp = 3
02-03 19:26:45.981 W/Smack/Packet(26998): notify conn break (IOEx), close connection
02-03 19:26:45.981 D/Smack   (26998): [XMPPConn] close connection, notifyClosed=false
02-03 19:26:45.981 D/KeyguardViewMediator(26892): setHidden false
02-03 19:26:46.001 D/KeyguardViewMediator(26892): setHidden false
02-03 19:26:46.001 I/dun_service(  129): process rmnet event
02-03 19:26:46.001 I/dun_service(  129): Post event 3
02-03 19:26:46.001 I/dun_service(  129): received event: DUN_EVENT_RMNET_DOWN 
02-03 19:26:46.001 I/dun_service(  129): received event(DUN_EVENT_RMNET_DOWN) in state(DUN_STATE_USB_UNPLUG)
02-03 19:26:46.001 I/dun_service(  129): Ignoring the event DUN_EVENT_RMNET_DOWN in USB_UNPLUG_STATE
02-03 19:26:46.001 I/dun_service(  129): Moved to state(DUN_STATE_USB_UNPLUG)
02-03 19:26:46.011 D/DATA    (26963): [DC cid = 0]DcDisconnectingState msg.what=EVENT_DEACTIVATE_DONE
02-03 19:26:46.011 D/DATA    (26963): [DC cid = 0]DcInactiveState: setEnterNoticationParams dp
02-03 19:26:46.011 D/DATA    (26963): [DC cid = 0]DcInactiveState: enter notifyDisconnectCompleted
02-03 19:26:46.011 D/DATA    (26963): [DC cid = 0]NotifyDisconnectCompleted
02-03 19:26:46.011 D/DATA    (26963): [DC cid = 0]msg.what=4 msg.obj=<no-reason>
02-03 19:26:46.011 D/DATA    (26963): [DC cid = 0]clearSettings
02-03 19:26:46.011 I/DATA    (26963): [DCT(0) ] onDisconnectDone: reason=radioTurnedOff
02-03 19:26:46.011 I/DATA    (26963): [DCT(0) ] handleDisconnectedDc() : Cid=0, State=DcInactiveState, bearerType=null, create=-1, lastFail=-1, lastFailCause=NONE, dp=null
02-03 19:26:46.011 I/DATA    (26963): [SERVICE_TYPE_DEFAULT] Service is inactive on INET
02-03 19:26:46.011 I/DATA    (26963): [SERVICE_TYPE_DEFAULT] set newState =  IDLEoldState =  CONNECTED
02-03 19:26:46.011 D/Phone   (26963): [PhoneNotifier] [DefaultPhoneNotifier] : default, INET, DISCONNECTED
02-03 19:26:46.021 I/TelephonyRegistry(26892): notifyDataConnection: state=0 isDataConnectivityPossible=true reason=radioTurnedOff interfaceName=null networkType=6 apnType=default apn=null
02-03 19:26:46.021 I/TelephonyRegistry(26892): +++broadcastDataConnectionStateChanged
02-03 19:26:46.021 I/TelephonyRegistry(26892): +++sendStickyBroadcast
02-03 19:26:46.021 D/MobileDataStateTracker(26892): [hipri]  MobileDataStateReceiver onReceive(): Entry.
02-03 19:26:46.021 D/MobileDataStateTracker(26892): [hipri]  intent.getAction()= android.intent.action.ANY_DATA_STATE
02-03 19:26:46.021 D/MobileDataStateTracker(26892): [hipri]  mEnabled = false
02-03 19:26:46.031 D/MobileDataStateTracker(26892): [hipri]  apnTypeList = default
02-03 19:26:46.031 D/MobileDataStateTracker(26892): [hipri]  unavailable = false
02-03 19:26:46.031 D/MobileDataStateTracker(26892): [hipri] Do not process intents if disabled.
02-03 19:26:46.031 D/MobileDataStateTracker(26892): [dun]  MobileDataStateReceiver onReceive(): Entry.
02-03 19:26:46.031 D/MobileDataStateTracker(26892): [dun]  intent.getAction()= android.intent.action.ANY_DATA_STATE
02-03 19:26:46.031 D/MobileDataStateTracker(26892): [dun]  mEnabled = false
02-03 19:26:46.041 W/Sclibration(27104): onSensorChanged filter =  88644  tp = 4
02-03 19:26:46.041 W/Sclibration(27104): onSensorChanged filter =  30793  tp = 3
02-03 19:26:46.041 W/Sclibration(27104): onSensorChanged filter =  27204  tp = 4
02-03 19:26:46.041 D/MobileDataStateTracker(26892): [dun]  apnTypeList = default
02-03 19:26:46.041 D/MobileDataStateTracker(26892): [dun]  unavailable = false
02-03 19:26:46.041 D/MobileDataStateTracker(26892): [dun] Do not process intents if disabled.
02-03 19:26:46.041 D/MobileDataStateTracker(26892): [supl]  MobileDataStateReceiver onReceive(): Entry.
02-03 19:26:46.041 D/MobileDataStateTracker(26892): [supl]  intent.getAction()= android.intent.action.ANY_DATA_STATE
02-03 19:26:46.041 D/MobileDataStateTracker(26892): [supl]  mEnabled = false
02-03 19:26:46.051 D/MobileDataStateTracker(26892): [supl]  apnTypeList = default
02-03 19:26:46.051 D/MobileDataStateTracker(26892): [supl]  unavailable = false
02-03 19:26:46.051 D/MobileDataStateTracker(26892): [supl] Do not process intents if disabled.
02-03 19:26:46.051 D/MobileDataStateTracker(26892): [mms]  MobileDataStateReceiver onReceive(): Entry.
02-03 19:26:46.051 D/MobileDataStateTracker(26892): [mms]  intent.getAction()= android.intent.action.ANY_DATA_STATE
02-03 19:26:46.051 D/MobileDataStateTracker(26892): [mms]  mEnabled = false
02-03 19:26:46.051 D/Phone   (26963): [PhoneNotifier] [DefaultPhoneNotifier] : default, INET6, DISCONNECTED
02-03 19:26:46.051 I/TelephonyRegistry(26892): notifyDataConnection: state=0 isDataConnectivityPossible=true reason=radioTurnedOff interfaceName=null networkType=6 apnType=default apn=null
02-03 19:26:46.051 I/TelephonyRegistry(26892): +++broadcastDataConnectionStateChanged
02-03 19:26:46.051 D/MobileDataStateTracker(26892): [mms]  apnTypeList = default
02-03 19:26:46.051 D/MobileDataStateTracker(26892): [mms]  unavailable = false
02-03 19:26:46.051 D/MobileDataStateTracker(26892): [mms] Do not process intents if disabled.
02-03 19:26:46.051 D/MobileDataStateTracker(26892): [default]  MobileDataStateReceiver onReceive(): Entry.
02-03 19:26:46.051 D/MobileDataStateTracker(26892): [default]  intent.getAction()= android.intent.action.ANY_DATA_STATE
02-03 19:26:46.051 D/MobileDataStateTracker(26892): [default]  mEnabled = true
02-03 19:26:46.051 D/MobileDataStateTracker(26892): [default]  apnTypeList = default
02-03 19:26:46.051 D/MobileDataStateTracker(26892): [default]  unavailable = false
02-03 19:26:46.051 D/MobileDataStateTracker(26892): [default] CALL updateMobileInfoFromIntent
02-03 19:26:46.061 I/TelephonyRegistry(26892): +++sendStickyBroadcast
02-03 19:26:46.071 D/KeyguardViewMediator(26892): setHidden false
02-03 19:26:46.081 I/MobileDataStateTracker(26892): [default] dc state change intent received for default/INET with state  DISCONNECTED. enabled=true state change reason = radioTurnedOff
02-03 19:26:46.081 I/MobileDataStateTracker(26892): [default] old state = CONNECTED
02-03 19:26:46.081 I/MobileDataStateTracker(26892): [default] updated mobile state info for INET : [state=DISCONNECTED, iface=rmnet0, mApnName=null, mIpAddress=/173.155.50.106, mGateway=/173.155.50.105]
02-03 19:26:46.081 D/NetworkStateTracker(26892): setDetailed state, old =CONNECTED and new state=DISCONNECTED
02-03 19:26:46.091 D/KeyguardViewMediator(26892): setHidden false
02-03 19:26:46.091 I/DATA    (26963): [SERVICE_TYPE_MMS] Service is inactive on INET
02-03 19:26:46.091 I/DATA    (26963): [SERVICE_TYPE_MMS] set newState =  IDLEoldState =  CONNECTED
02-03 19:26:46.091 D/Phone   (26963): [PhoneNotifier] [DefaultPhoneNotifier] : mms, INET, DISCONNECTED
02-03 19:26:46.091 D/MobileDataStateTracker(26892): [hipri]  MobileDataStateReceiver onReceive(): Entry.
02-03 19:26:46.091 D/MobileDataStateTracker(26892): [hipri]  intent.getAction()= android.intent.action.ANY_DATA_STATE
02-03 19:26:46.091 D/MobileDataStateTracker(26892): [hipri]  mEnabled = false
02-03 19:26:46.101 D/MobileDataStateTracker(26892): [hipri]  apnTypeList = default
02-03 19:26:46.101 D/MobileDataStateTracker(26892): [hipri]  unavailable = false
02-03 19:26:46.101 D/MobileDataStateTracker(26892): [hipri] Do not process intents if disabled.
02-03 19:26:46.101 D/MobileDataStateTracker(26892): [dun]  MobileDataStateReceiver onReceive(): Entry.
02-03 19:26:46.101 D/MobileDataStateTracker(26892): [dun]  intent.getAction()= android.intent.action.ANY_DATA_STATE
02-03 19:26:46.101 D/MobileDataStateTracker(26892): [dun]  mEnabled = false
02-03 19:26:46.101 I/TelephonyRegistry(26892): notifyDataConnection: state=0 isDataConnectivityPossible=true reason=radioTurnedOff interfaceName=null networkType=6 apnType=mms apn=null
02-03 19:26:46.101 I/TelephonyRegistry(26892): +++broadcastDataConnectionStateChanged
02-03 19:26:46.101 I/TelephonyRegistry(26892): +++sendStickyBroadcast
02-03 19:26:46.101 D/MobileDataStateTracker(26892): [dun]  apnTypeList = default
02-03 19:26:46.101 D/MobileDataStateTracker(26892): [dun]  unavailable = false
02-03 19:26:46.101 D/MobileDataStateTracker(26892): [dun] Do not process intents if disabled.
02-03 19:26:46.101 D/MobileDataStateTracker(26892): [supl]  MobileDataStateReceiver onReceive(): Entry.
02-03 19:26:46.101 D/MobileDataStateTracker(26892): [supl]  intent.getAction()= android.intent.action.ANY_DATA_STATE
02-03 19:26:46.101 D/MobileDataStateTracker(26892): [supl]  mEnabled = false
02-03 19:26:46.111 D/MobileDataStateTracker(26892): [supl]  apnTypeList = default
02-03 19:26:46.111 D/MobileDataStateTracker(26892): [supl]  unavailable = false
02-03 19:26:46.111 D/MobileDataStateTracker(26892): [supl] Do not process intents if disabled.
02-03 19:26:46.111 D/MobileDataStateTracker(26892): [mms]  MobileDataStateReceiver onReceive(): Entry.
02-03 19:26:46.111 D/MobileDataStateTracker(26892): [mms]  intent.getAction()= android.intent.action.ANY_DATA_STATE
02-03 19:26:46.111 D/MobileDataStateTracker(26892): [mms]  mEnabled = false
02-03 19:26:46.111 W/NetworkStateTracker(26892): ### removeDefaultRoute. do nothing 
02-03 19:26:46.121 D/MobileDataStateTracker(26892): [mms]  apnTypeList = default
02-03 19:26:46.121 D/MobileDataStateTracker(26892): [mms]  unavailable = false
02-03 19:26:46.121 D/MobileDataStateTracker(26892): [mms] Do not process intents if disabled.
02-03 19:26:46.121 D/MobileDataStateTracker(26892): [default]  MobileDataStateReceiver onReceive(): Entry.
02-03 19:26:46.121 D/MobileDataStateTracker(26892): [default]  intent.getAction()= android.intent.action.ANY_DATA_STATE
02-03 19:26:46.121 D/MobileDataStateTracker(26892): [default]  mEnabled = true
02-03 19:26:46.121 D/GTalkService(26998): ##### Network broadcast (connected=false) type=mobile, state=DISCONNECTED
02-03 19:26:46.131 D/ADDRESS_CACHE_MONITOR(32706): network (mobile) is disconnected
02-03 19:26:46.131 I/GTalkService(26998): [GTalkConnection.1] setInternalNetworkState: type=0, state=DISCONNECTED
02-03 19:26:46.131 D/Phone   (26963): [PhoneNotifier] [DefaultPhoneNotifier] : mms, INET6, DISCONNECTED
02-03 19:26:46.141 I/TelephonyRegistry(26892): notifyDataConnection: state=0 isDataConnectivityPossible=true reason=radioTurnedOff interfaceName=null networkType=6 apnType=mms apn=null
02-03 19:26:46.141 I/TelephonyRegistry(26892): +++broadcastDataConnectionStateChanged
02-03 19:26:46.141 I/TelephonyRegistry(26892): +++sendStickyBroadcast
02-03 19:26:46.151 D/KeyguardViewMediator(26892): setHidden false
02-03 19:26:46.151 I/GTalkService(26998): [GTalkConnection.26] connectionClosed: connId=978117, error=NO NETWORK
02-03 19:26:46.151 I/DATA    (26963): [SERVICE_TYPE_SUPL] Service is inactive on INET
02-03 19:26:46.151 I/DATA    (26963): [SERVICE_TYPE_SUPL] set newState =  IDLEoldState =  CONNECTED
02-03 19:26:46.161 D/Phone   (26963): [PhoneNotifier] [DefaultPhoneNotifier] : supl, INET, DISCONNECTED
02-03 19:26:46.161 D/MobileDataStateTracker(26892): [default]  apnTypeList = default
02-03 19:26:46.161 D/MobileDataStateTracker(26892): [default]  unavailable = false
02-03 19:26:46.161 D/MobileDataStateTracker(26892): [default] CALL updateMobileInfoFromIntent
02-03 19:26:46.171 W/Sclibration(27104): onSensorChanged filter =  88645  tp = 5
02-03 19:26:46.171 W/Sclibration(27104): onSensorChanged filter =  30794  tp = 4
02-03 19:26:46.171 W/Sclibration(27104): onSensorChanged filter =  27205  tp = 5
02-03 19:26:46.171 I/MobileDataStateTracker(26892): [default] dc state change intent received for default/INET6 with state  DISCONNECTED. enabled=true state change reason = radioTurnedOff
02-03 19:26:46.171 I/MobileDataStateTracker(26892): [default] old state = DISCONNECTED
02-03 19:26:46.171 I/MobileDataStateTracker(26892): [default] no change,  just return
02-03 19:26:46.171 D/MobileDataStateTracker(26892): [default] No need to update detailed state
02-03 19:26:46.171 D/MobileDataStateTracker(26892): [hipri]  MobileDataStateReceiver onReceive(): Entry.
02-03 19:26:46.171 D/MobileDataStateTracker(26892): [hipri]  intent.getAction()= android.intent.action.ANY_DATA_STATE
02-03 19:26:46.171 D/MobileDataStateTracker(26892): [hipri]  mEnabled = false
02-03 19:26:46.171 D/MobileDataStateTracker(26892): [hipri]  apnTypeList = mms
02-03 19:26:46.171 D/MobileDataStateTracker(26892): [hipri]  unavailable = false
02-03 19:26:46.171 D/MobileDataStateTracker(26892): [hipri] Do not process intents if disabled.
02-03 19:26:46.171 D/MobileDataStateTracker(26892): [dun]  MobileDataStateReceiver onReceive(): Entry.
02-03 19:26:46.171 D/MobileDataStateTracker(26892): [dun]  intent.getAction()= android.intent.action.ANY_DATA_STATE
02-03 19:26:46.171 D/MobileDataStateTracker(26892): [dun]  mEnabled = false
02-03 19:26:46.171 I/TelephonyRegistry(26892): notifyDataConnection: state=0 isDataConnectivityPossible=true reason=radioTurnedOff interfaceName=null networkType=6 apnType=supl apn=null
02-03 19:26:46.171 I/TelephonyRegistry(26892): +++broadcastDataConnectionStateChanged
02-03 19:26:46.171 I/TelephonyRegistry(26892): +++sendStickyBroadcast
02-03 19:26:46.181 D/MobileDataStateTracker(26892): [dun]  apnTypeList = mms
02-03 19:26:46.181 D/MobileDataStateTracker(26892): [dun]  unavailable = false
02-03 19:26:46.181 D/MobileDataStateTracker(26892): [dun] Do not process intents if disabled.
02-03 19:26:46.181 D/MobileDataStateTracker(26892): [supl]  MobileDataStateReceiver onReceive(): Entry.
02-03 19:26:46.181 D/MobileDataStateTracker(26892): [supl]  intent.getAction()= android.intent.action.ANY_DATA_STATE
02-03 19:26:46.181 D/MobileDataStateTracker(26892): [supl]  mEnabled = false
02-03 19:26:46.181 D/MobileDataStateTracker(26892): [supl]  apnTypeList = mms
02-03 19:26:46.181 D/MobileDataStateTracker(26892): [supl]  unavailable = false
02-03 19:26:46.181 D/MobileDataStateTracker(26892): [supl] Do not process intents if disabled.
02-03 19:26:46.181 D/MobileDataStateTracker(26892): [mms]  MobileDataStateReceiver onReceive(): Entry.
02-03 19:26:46.181 D/MobileDataStateTracker(26892): [mms]  intent.getAction()= android.intent.action.ANY_DATA_STATE
02-03 19:26:46.181 D/MobileDataStateTracker(26892): [mms]  mEnabled = false
02-03 19:26:46.191 D/Phone   (26963): [PhoneNotifier] [DefaultPhoneNotifier] : supl, INET6, DISCONNECTED
02-03 19:26:46.191 I/TelephonyRegistry(26892): notifyDataConnection: state=0 isDataConnectivityPossible=true reason=radioTurnedOff interfaceName=null networkType=6 apnType=supl apn=null
02-03 19:26:46.191 I/TelephonyRegistry(26892): +++broadcastDataConnectionStateChanged
02-03 19:26:46.191 I/TelephonyRegistry(26892): +++sendStickyBroadcast
02-03 19:26:46.191 I/DATA    (26963): [SERVICE_TYPE_HIPRI] Service is inactive on INET
02-03 19:26:46.191 I/DATA    (26963): [SERVICE_TYPE_HIPRI] set newState =  IDLEoldState =  CONNECTED
02-03 19:26:46.191 D/Phone   (26963): [PhoneNotifier] [DefaultPhoneNotifier] : hipri, INET, DISCONNECTED
02-03 19:26:46.191 I/TelephonyRegistry(26892): notifyDataConnection: state=0 isDataConnectivityPossible=true reason=radioTurnedOff interfaceName=null networkType=6 apnType=hipri apn=null
02-03 19:26:46.191 I/TelephonyRegistry(26892): +++broadcastDataConnectionStateChanged
02-03 19:26:46.201 I/TelephonyRegistry(26892): +++sendStickyBroadcast
02-03 19:26:46.201 D/MobileDataStateTracker(26892): [mms]  apnTypeList = mms
02-03 19:26:46.201 D/MobileDataStateTracker(26892): [mms]  unavailable = false
02-03 19:26:46.201 D/MobileDataStateTracker(26892): [mms] Do not process intents if disabled.
02-03 19:26:46.201 D/MobileDataStateTracker(26892): [default]  MobileDataStateReceiver onReceive(): Entry.
02-03 19:26:46.201 D/MobileDataStateTracker(26892): [default]  intent.getAction()= android.intent.action.ANY_DATA_STATE
02-03 19:26:46.201 D/MobileDataStateTracker(26892): [default]  mEnabled = true
02-03 19:26:46.201 D/MobileDataStateTracker(26892): [default]  apnTypeList = mms
02-03 19:26:46.201 D/MobileDataStateTracker(26892): [default]  unavailable = false
02-03 19:26:46.201 D/MobileDataStateTracker(26892): [default] not what we are looking for.
02-03 19:26:46.201 D/Tethering(26892): MasterInitialState.processMessage what=3
02-03 19:26:46.211 D/Phone   (26963): [PhoneNotifier] [DefaultPhoneNotifier] : hipri, INET6, DISCONNECTED
02-03 19:26:46.211 I/TelephonyRegistry(26892): notifyDataConnection: state=0 isDataConnectivityPossible=true reason=radioTurnedOff interfaceName=null networkType=6 apnType=hipri apn=null
02-03 19:26:46.211 I/TelephonyRegistry(26892): +++broadcastDataConnectionStateChanged
02-03 19:26:46.211 I/TelephonyRegistry(26892): +++sendStickyBroadcast
02-03 19:26:46.231 D/PhoneApp(26963): mReceiver: ACTION_ANY_DATA_CONNECTION_STATE_CHANGED
02-03 19:26:46.231 D/PhoneApp(26963): - state: CONNECTED
02-03 19:26:46.231 D/PhoneApp(26963): - reason: radioTurnedOff
02-03 19:26:46.241 D/PhoneApp(26963): mReceiver: ACTION_ANY_DATA_CONNECTION_STATE_CHANGED
02-03 19:26:46.241 D/PhoneApp(26963): - state: CONNECTED
02-03 19:26:46.241 D/PhoneApp(26963): - reason: radioTurnedOff
02-03 19:26:46.241 D/PhoneApp(26963): mReceiver: ACTION_ANY_DATA_CONNECTION_STATE_CHANGED
02-03 19:26:46.241 D/PhoneApp(26963): - state: CONNECTED
02-03 19:26:46.241 D/PhoneApp(26963): - reason: radioTurnedOff
02-03 19:26:46.241 D/PhoneApp(26963): mReceiver: ACTION_ANY_DATA_CONNECTION_STATE_CHANGED
02-03 19:26:46.241 D/PhoneApp(26963): - state: CONNECTED
02-03 19:26:46.241 D/PhoneApp(26963): - reason: radioTurnedOff
02-03 19:26:46.241 D/PhoneApp(26963): mReceiver: ACTION_ANY_DATA_CONNECTION_STATE_CHANGED
02-03 19:26:46.241 D/PhoneApp(26963): - state: CONNECTED
02-03 19:26:46.241 D/PhoneApp(26963): - reason: radioTurnedOff
02-03 19:26:46.251 D/PhoneApp(26963): mReceiver: ACTION_ANY_DATA_CONNECTION_STATE_CHANGED
02-03 19:26:46.251 D/PhoneApp(26963): - state: CONNECTED
02-03 19:26:46.251 D/PhoneApp(26963): - reason: radioTurnedOff
02-03 19:26:46.251 D/PhoneApp(26963): mReceiver: ACTION_ANY_DATA_CONNECTION_STATE_CHANGED
02-03 19:26:46.251 D/PhoneApp(26963): - state: DISCONNECTED
02-03 19:26:46.251 D/PhoneApp(26963): - reason: radioTurnedOff
02-03 19:26:46.251 D/PhoneApp(26963): mReceiver: ACTION_ANY_DATA_CONNECTION_STATE_CHANGED
02-03 19:26:46.251 D/PhoneApp(26963): - state: DISCONNECTED
02-03 19:26:46.251 D/PhoneApp(26963): - reason: radioTurnedOff
02-03 19:26:46.251 D/MobileDataStateTracker(26892): [hipri]  MobileDataStateReceiver onReceive(): Entry.
02-03 19:26:46.251 D/MobileDataStateTracker(26892): [hipri]  intent.getAction()= android.intent.action.ANY_DATA_STATE
02-03 19:26:46.251 D/MobileDataStateTracker(26892): [hipri]  mEnabled = false
02-03 19:26:46.261 D/MobileDataStateTracker(26892): [hipri]  apnTypeList = mms
02-03 19:26:46.261 D/MobileDataStateTracker(26892): [hipri]  unavailable = false
02-03 19:26:46.261 D/MobileDataStateTracker(26892): [hipri] Do not process intents if disabled.
02-03 19:26:46.261 D/MobileDataStateTracker(26892): [dun]  MobileDataStateReceiver onReceive(): Entry.
02-03 19:26:46.261 D/MobileDataStateTracker(26892): [dun]  intent.getAction()= android.intent.action.ANY_DATA_STATE
02-03 19:26:46.261 D/MobileDataStateTracker(26892): [dun]  mEnabled = false
02-03 19:26:46.261 D/MobileDataStateTracker(26892): [dun]  apnTypeList = mms
02-03 19:26:46.261 D/MobileDataStateTracker(26892): [dun]  unavailable = false
02-03 19:26:46.261 D/MobileDataStateTracker(26892): [dun] Do not process intents if disabled.
02-03 19:26:46.261 D/MobileDataStateTracker(26892): [supl]  MobileDataStateReceiver onReceive(): Entry.
02-03 19:26:46.261 D/MobileDataStateTracker(26892): [supl]  intent.getAction()= android.intent.action.ANY_DATA_STATE
02-03 19:26:46.261 D/MobileDataStateTracker(26892): [supl]  mEnabled = false
02-03 19:26:46.261 D/MobileDataStateTracker(26892): [supl]  apnTypeList = mms
02-03 19:26:46.261 D/MobileDataStateTracker(26892): [supl]  unavailable = false
02-03 19:26:46.261 D/MobileDataStateTracker(26892): [supl] Do not process intents if disabled.
02-03 19:26:46.261 D/MobileDataStateTracker(26892): [mms]  MobileDataStateReceiver onReceive(): Entry.
02-03 19:26:46.261 D/MobileDataStateTracker(26892): [mms]  intent.getAction()= android.intent.action.ANY_DATA_STATE
02-03 19:26:46.261 D/MobileDataStateTracker(26892): [mms]  mEnabled = false
02-03 19:26:46.271 D/MobileDataStateTracker(26892): [mms]  apnTypeList = mms
02-03 19:26:46.271 I/DATA    (26963): [DCT(0) ] onUpdateDataConnections: reason=radioTurnedOff
02-03 19:26:46.271 I/DATA    (26963): [DCT(0) ] ---dc list---
02-03 19:26:46.271 D/MobileDataStateTracker(26892): [mms]  unavailable = false
02-03 19:26:46.271 D/MobileDataStateTracker(26892): [mms] Do not process intents if disabled.
02-03 19:26:46.271 D/MobileDataStateTracker(26892): [default]  MobileDataStateReceiver onReceive(): Entry.
