02-03 18:59:00.011 D/KeyguardUpdateMonitor(26892): received broadcast android.intent.action.TIME_TICK
02-03 18:59:00.011 D/KeyguardUpdateMonitor(26892): handleTimeUpdate
02-03 18:59:00.061 D/PowerManagerService(26892): releaseWakeLock flags=0x1 tag=AlarmManager
02-03 18:59:00.061 D/PowerManagerService(26892):  ALL PARTIAL wakeLock Released ! 
02-03 18:59:19.811 I/dun_service(  129): The value returned from dun_getusbmodemstate_fromsys is 2 
02-03 18:59:19.811 D/KeyguardUpdateMonitor(26892): received broadcast android.intent.action.BATTERY_CHANGED
02-03 18:59:19.811 D/KeyguardUpdateMonitor(26892): handleBatteryUpdate
02-03 18:59:30.811 I/dun_service(  129): The value returned from dun_getusbmodemstate_fromsys is 2 
02-03 18:59:30.811 D/KeyguardUpdateMonitor(26892): received broadcast android.intent.action.BATTERY_CHANGED
02-03 18:59:30.811 D/KeyguardUpdateMonitor(26892): handleBatteryUpdate
02-03 19:00:00.811 I/dun_service(  129): The value returned from dun_getusbmodemstate_fromsys is 2 
02-03 19:00:00.811 D/PowerManagerService(26892): acquireWakeLock flags=0x1 tag=AlarmManager
02-03 19:00:00.811 D/KeyguardUpdateMonitor(26892): received broadcast android.intent.action.TIME_TICK
02-03 19:00:00.811 D/KeyguardUpdateMonitor(26892): handleTimeUpdate
02-03 19:00:00.821 D/KeyguardUpdateMonitor(26892): received broadcast android.intent.action.BATTERY_CHANGED
02-03 19:00:00.831 D/KeyguardUpdateMonitor(26892): handleBatteryUpdate
02-03 19:00:00.841 D/PowerManagerService(26892): releaseWakeLock flags=0x1 tag=AlarmManager
02-03 19:00:00.841 D/PowerManagerService(26892):  ALL PARTIAL wakeLock Released ! 
02-03 19:00:14.546 E/rmt_storage(  149): [MyTag]open: fd=-1
02-03 19:00:14.546 E/rmt_storage(  149): block rmt_storage client thread
02-03 19:00:30.811 I/dun_service(  129): The value returned from dun_getusbmodemstate_fromsys is 2 
02-03 19:00:30.811 D/KeyguardUpdateMonitor(26892): received broadcast android.intent.action.BATTERY_CHANGED
02-03 19:00:30.811 D/KeyguardUpdateMonitor(26892): handleBatteryUpdate
02-03 19:00:51.811 I/dun_service(  129): The value returned from dun_getusbmodemstate_fromsys is 2 
02-03 19:00:51.811 D/KeyguardUpdateMonitor(26892): received broadcast android.intent.action.BATTERY_CHANGED
02-03 19:00:51.811 D/KeyguardUpdateMonitor(26892): handleBatteryUpdate
02-03 19:01:01.811 D/PowerManagerService(26892): acquireWakeLock flags=0x1 tag=AlarmManager
02-03 19:01:01.811 D/KeyguardUpdateMonitor(26892): received broadcast android.intent.action.TIME_TICK
02-03 19:01:01.811 D/KeyguardUpdateMonitor(26892): handleTimeUpdate
02-03 19:01:01.841 D/PowerManagerService(26892): releaseWakeLock flags=0x1 tag=AlarmManager
02-03 19:01:01.841 D/PowerManagerService(26892):  ALL PARTIAL wakeLock Released ! 
02-03 19:01:31.811 I/dun_service(  129): The value returned from dun_getusbmodemstate_fromsys is 2 
02-03 19:01:31.811 D/KeyguardUpdateMonitor(26892): received broadcast android.intent.action.BATTERY_CHANGED
02-03 19:01:31.811 D/KeyguardUpdateMonitor(26892): handleBatteryUpdate
02-03 19:01:54.824 E/rmt_storage(  149): [MyTag]open: fd=-1
02-03 19:01:54.824 E/rmt_storage(  149): block rmt_storage client thread
02-03 19:02:02.811 D/PowerManagerService(26892): acquireWakeLock flags=0x1 tag=AlarmManager
02-03 19:02:02.811 D/KeyguardUpdateMonitor(26892): received broadcast android.intent.action.TIME_TICK
02-03 19:02:02.811 D/KeyguardUpdateMonitor(26892): handleTimeUpdate
02-03 19:02:02.841 D/PowerManagerService(26892): releaseWakeLock flags=0x1 tag=AlarmManager
02-03 19:02:02.841 D/PowerManagerService(26892):  ALL PARTIAL wakeLock Released ! 
02-03 19:02:12.811 I/dun_service(  129): The value returned from dun_getusbmodemstate_fromsys is 2 
02-03 19:02:12.811 D/KeyguardUpdateMonitor(26892): received broadcast android.intent.action.BATTERY_CHANGED
02-03 19:02:12.811 D/KeyguardUpdateMonitor(26892): handleBatteryUpdate
02-03 19:03:03.811 I/dun_service(  129): The value returned from dun_getusbmodemstate_fromsys is 2 
02-03 19:03:03.811 D/PowerManagerService(26892): acquireWakeLock flags=0x1 tag=AlarmManager
02-03 19:03:03.811 D/KeyguardUpdateMonitor(26892): received broadcast android.intent.action.BATTERY_CHANGED
02-03 19:03:03.811 D/KeyguardUpdateMonitor(26892): received broadcast android.intent.action.TIME_TICK
02-03 19:03:03.811 D/KeyguardUpdateMonitor(26892): handleBatteryUpdate
02-03 19:03:03.811 D/KeyguardUpdateMonitor(26892): handleTimeUpdate
02-03 19:03:03.841 D/PowerManagerService(26892): releaseWakeLock flags=0x1 tag=AlarmManager
02-03 19:03:03.841 D/PowerManagerService(26892):  ALL PARTIAL wakeLock Released ! 
02-03 19:03:13.811 D/PowerManagerService(26892): acquireWakeLock flags=0x1 tag=AlarmManager
02-03 19:03:13.811 D/PowerManagerService(26892): releaseWakeLock flags=0x1 tag=AlarmManager
02-03 19:03:13.811 D/PowerManagerService(26892):  ALL PARTIAL wakeLock Released ! 
02-03 19:03:45.883 E/rmt_storage(  149): [MyTag]open: fd=-1
02-03 19:03:45.883 E/rmt_storage(  149): block rmt_storage client thread
02-03 19:04:03.811 D/PowerManagerService(26892): acquireWakeLock flags=0x1 tag=AlarmManager
02-03 19:04:03.811 D/KeyguardUpdateMonitor(26892): received broadcast android.intent.action.TIME_TICK
02-03 19:04:03.811 D/KeyguardUpdateMonitor(26892): handleTimeUpdate
02-03 19:04:03.831 D/PowerManagerService(26892): releaseWakeLock flags=0x1 tag=AlarmManager
02-03 19:04:03.831 D/PowerManagerService(26892):  ALL PARTIAL wakeLock Released ! 
02-03 19:04:34.811 I/dun_service(  129): The value returned from dun_getusbmodemstate_fromsys is 2 
02-03 19:04:34.811 D/KeyguardUpdateMonitor(26892): received broadcast android.intent.action.BATTERY_CHANGED
02-03 19:04:34.811 D/KeyguardUpdateMonitor(26892): handleBatteryUpdate
02-03 19:05:05.811 D/PowerManagerService(26892): acquireWakeLock flags=0x1 tag=AlarmManager
02-03 19:05:05.811 D/KeyguardUpdateMonitor(26892): received broadcast android.intent.action.TIME_TICK
02-03 19:05:05.811 D/KeyguardUpdateMonitor(26892): handleTimeUpdate
02-03 19:05:05.831 D/PowerManagerService(26892): releaseWakeLock flags=0x1 tag=AlarmManager
02-03 19:05:05.831 D/PowerManagerService(26892):  ALL PARTIAL wakeLock Released ! 
02-03 19:05:26.811 I/dun_service(  129): The value returned from dun_getusbmodemstate_fromsys is 2 
02-03 19:05:26.811 D/KeyguardUpdateMonitor(26892): received broadcast android.intent.action.BATTERY_CHANGED
02-03 19:05:26.811 D/KeyguardUpdateMonitor(26892): handleBatteryUpdate
02-03 19:05:28.843 E/rmt_storage(  149): [MyTag]open: fd=-1
02-03 19:05:28.843 E/rmt_storage(  149): block rmt_storage client thread
02-03 19:06:06.811 D/PowerManagerService(26892): acquireWakeLock flags=0x1 tag=AlarmManager
02-03 19:06:06.811 D/KeyguardUpdateMonitor(26892): received broadcast android.intent.action.TIME_TICK
02-03 19:06:06.811 D/KeyguardUpdateMonitor(26892): handleTimeUpdate
02-03 19:06:06.841 D/PowerManagerService(26892): releaseWakeLock flags=0x1 tag=AlarmManager
02-03 19:06:06.841 D/PowerManagerService(26892):  ALL PARTIAL wakeLock Released ! 
02-03 19:06:27.811 I/dun_service(  129): The value returned from dun_getusbmodemstate_fromsys is 2 
02-03 19:06:27.811 D/KeyguardUpdateMonitor(26892): received broadcast android.intent.action.BATTERY_CHANGED
02-03 19:06:27.811 D/KeyguardUpdateMonitor(26892): handleBatteryUpdate
02-03 19:07:07.811 D/PowerManagerService(26892): acquireWakeLock flags=0x1 tag=AlarmManager
02-03 19:07:07.811 D/KeyguardUpdateMonitor(26892): received broadcast android.intent.action.TIME_TICK
02-03 19:07:07.811 D/KeyguardUpdateMonitor(26892): handleTimeUpdate
02-03 19:07:07.841 D/PowerManagerService(26892): releaseWakeLock flags=0x1 tag=AlarmManager
02-03 19:07:07.841 D/PowerManagerService(26892):  ALL PARTIAL wakeLock Released ! 
02-03 19:07:09.854 E/rmt_storage(  149): [MyTag]open: fd=-1
02-03 19:07:09.854 E/rmt_storage(  149): block rmt_storage client thread
02-03 19:07:18.811 I/dun_service(  129): The value returned from dun_getusbmodemstate_fromsys is 2 
02-03 19:07:18.811 D/KeyguardUpdateMonitor(26892): received broadcast android.intent.action.BATTERY_CHANGED
02-03 19:07:18.811 D/KeyguardUpdateMonitor(26892): handleBatteryUpdate
02-03 19:07:59.811 I/dun_service(  129): The value returned from dun_getusbmodemstate_fromsys is 2 
02-03 19:07:59.811 D/KeyguardUpdateMonitor(26892): received broadcast android.intent.action.BATTERY_CHANGED
02-03 19:07:59.811 D/KeyguardUpdateMonitor(26892): handleBatteryUpdate
02-03 19:07:59.991 D/PowerManagerService(26892): acquireWakeLock flags=0x1 tag=AlarmManager
02-03 19:08:00.001 D/KeyguardUpdateMonitor(26892): received broadcast android.intent.action.TIME_TICK
02-03 19:08:00.001 D/KeyguardUpdateMonitor(26892): handleTimeUpdate
02-03 19:08:00.061 D/PowerManagerService(26892): releaseWakeLock flags=0x1 tag=AlarmManager
02-03 19:08:00.061 D/PowerManagerService(26892):  ALL PARTIAL wakeLock Released ! 
02-03 19:08:53.111 E/rmt_storage(  149): [MyTag]open: fd=-1
02-03 19:08:53.111 E/rmt_storage(  149): block rmt_storage client thread
02-03 19:09:00.811 D/PowerManagerService(26892): acquireWakeLock flags=0x1 tag=AlarmManager
02-03 19:09:00.811 D/KeyguardUpdateMonitor(26892): received broadcast android.intent.action.TIME_TICK
02-03 19:09:00.811 D/KeyguardUpdateMonitor(26892): handleTimeUpdate
02-03 19:09:00.841 D/PowerManagerService(26892): releaseWakeLock flags=0x1 tag=AlarmManager
02-03 19:09:00.841 D/PowerManagerService(26892):  ALL PARTIAL wakeLock Released ! 
02-03 19:10:02.811 D/PowerManagerService(26892): acquireWakeLock flags=0x1 tag=AlarmManager
02-03 19:10:02.811 D/KeyguardUpdateMonitor(26892): received broadcast android.intent.action.TIME_TICK
02-03 19:10:02.811 D/KeyguardUpdateMonitor(26892): handleTimeUpdate
02-03 19:10:02.841 D/PowerManagerService(26892): releaseWakeLock flags=0x1 tag=AlarmManager
02-03 19:10:02.841 D/PowerManagerService(26892):  ALL PARTIAL wakeLock Released ! 
02-03 19:11:01.811 D/PowerManagerService(26892): acquireWakeLock flags=0x1 tag=AlarmManager
02-03 19:11:01.811 D/KeyguardUpdateMonitor(26892): received broadcast android.intent.action.TIME_TICK
02-03 19:11:01.811 D/KeyguardUpdateMonitor(26892): handleTimeUpdate
02-03 19:11:01.831 D/PowerManagerService(26892): releaseWakeLock flags=0x1 tag=AlarmManager
02-03 19:11:01.831 D/PowerManagerService(26892):  ALL PARTIAL wakeLock Released ! 
02-03 19:11:01.841 D/GpsLocationProvider(26892): xtraDownloadRequest
02-03 19:11:01.841 D/PowerManagerService(26892): acquireWakeLock flags=0x1 tag=GpsLocationProvider
02-03 19:11:03.372 D/GpsLocationProvider(26892): calling native_inject_xtra_data
02-03 19:11:03.562 E/loc_api_rpc_glue(26892): loc_api_sync_ioctl: IOCTL result failed, result: 1 (select id 0)
02-03 19:11:03.562 D/PowerManagerService(26892): releaseWakeLock flags=0x1 tag=GpsLocationProvider
02-03 19:11:03.562 D/PowerManagerService(26892):  ALL PARTIAL wakeLock Released ! 
02-03 19:11:15.714 E/rmt_storage(  149): [MyTag]open: fd=-1
02-03 19:11:15.714 E/rmt_storage(  149): block rmt_storage client thread
02-03 19:12:04.811 D/PowerManagerService(26892): acquireWakeLock flags=0x1 tag=AlarmManager
02-03 19:12:04.811 D/KeyguardUpdateMonitor(26892): received broadcast android.intent.action.TIME_TICK
02-03 19:12:04.811 D/KeyguardUpdateMonitor(26892): handleTimeUpdate
02-03 19:12:04.841 D/PowerManagerService(26892): releaseWakeLock flags=0x1 tag=AlarmManager
02-03 19:12:04.841 D/PowerManagerService(26892):  ALL PARTIAL wakeLock Released ! 
02-03 19:13:06.811 D/PowerManagerService(26892): acquireWakeLock flags=0x1 tag=AlarmManager
02-03 19:13:06.811 D/KeyguardUpdateMonitor(26892): received broadcast android.intent.action.TIME_TICK
02-03 19:13:06.811 D/KeyguardUpdateMonitor(26892): handleTimeUpdate
02-03 19:13:06.831 D/PowerManagerService(26892): releaseWakeLock flags=0x1 tag=AlarmManager
02-03 19:13:06.831 D/PowerManagerService(26892):  ALL PARTIAL wakeLock Released ! 
02-03 19:13:16.811 D/PowerManagerService(26892): acquireWakeLock flags=0x1 tag=AlarmManager
02-03 19:13:16.811 D/PowerManagerService(26892): releaseWakeLock flags=0x1 tag=AlarmManager
02-03 19:13:16.811 D/PowerManagerService(26892):  ALL PARTIAL wakeLock Released ! 
02-03 19:13:18.863 E/rmt_storage(  149): [MyTag]open: fd=-1
02-03 19:13:18.863 E/rmt_storage(  149): block rmt_storage client thread
02-03 19:13:26.811 W/AlarmManager(26892): +++Alarm  wakeup phone ,pkg=com.google.android.gsf
02-03 19:13:26.811 D/PowerManagerService(26892): acquireWakeLock flags=0x1 tag=AlarmManager
02-03 19:13:26.831 D/PowerManagerService(26892): acquireWakeLock flags=0x1 tag=Event Log Handoff
02-03 19:13:26.841 W/AlarmManager(26892): +++alarm onSendFinished ,action=null
02-03 19:13:26.841 D/PowerManagerService(26892): releaseWakeLock flags=0x1 tag=AlarmManager
02-03 19:13:26.841 D/PowerManagerService(26892): acquireWakeLock flags=0x1 tag=Event Log Service
02-03 19:13:26.841 D/PowerManagerService(26892): releaseWakeLock flags=0x1 tag=Event Log Handoff
02-03 19:13:26.841 I/EventLogService(26998): Aggregate from 1328316206600 (log), 1328316206600 (data)
02-03 19:13:26.891 D/AlarmManager(26892): +++Alarm set:type=0 com.google.android.gsf  Trigger after:1799999ms
02-03 19:13:26.891 D/PowerManagerService(26892): releaseWakeLock flags=0x1 tag=Event Log Service
02-03 19:13:26.891 D/PowerManagerService(26892):  ALL PARTIAL wakeLock Released ! 
02-03 19:14:07.811 D/PowerManagerService(26892): acquireWakeLock flags=0x1 tag=AlarmManager
02-03 19:14:07.811 D/KeyguardUpdateMonitor(26892): received broadcast android.intent.action.TIME_TICK
02-03 19:14:07.811 D/KeyguardUpdateMonitor(26892): handleTimeUpdate
02-03 19:14:07.841 D/PowerManagerService(26892): releaseWakeLock flags=0x1 tag=AlarmManager
02-03 19:14:07.841 D/PowerManagerService(26892):  ALL PARTIAL wakeLock Released ! 
02-03 19:15:09.811 D/PowerManagerService(26892): acquireWakeLock flags=0x1 tag=AlarmManager
02-03 19:15:09.811 D/KeyguardUpdateMonitor(26892): received broadcast android.intent.action.TIME_TICK
02-03 19:15:09.811 D/KeyguardUpdateMonitor(26892): handleTimeUpdate
02-03 19:15:09.851 D/PowerManagerService(26892): releaseWakeLock flags=0x1 tag=AlarmManager
02-03 19:15:09.851 D/PowerManagerService(26892):  ALL PARTIAL wakeLock Released ! 
02-03 19:15:22.643 E/rmt_storage(  149): [MyTag]open: fd=-1
02-03 19:15:22.643 E/rmt_storage(  149): block rmt_storage client thread
02-03 19:15:29.811 I/dun_service(  129): The value returned from dun_getusbmodemstate_fromsys is 2 
02-03 19:15:29.811 D/KeyguardUpdateMonitor(26892): received broadcast android.intent.action.BATTERY_CHANGED
02-03 19:15:29.811 D/KeyguardUpdateMonitor(26892): handleBatteryUpdate
02-03 19:16:00.811 D/PowerManagerService(26892): acquireWakeLock flags=0x1 tag=AlarmManager
02-03 19:16:00.811 D/KeyguardUpdateMonitor(26892): received broadcast android.intent.action.TIME_TICK
02-03 19:16:00.811 D/KeyguardUpdateMonitor(26892): handleTimeUpdate
02-03 19:16:00.831 D/PowerManagerService(26892): releaseWakeLock flags=0x1 tag=AlarmManager
02-03 19:16:00.831 D/PowerManagerService(26892):  ALL PARTIAL wakeLock Released ! 
02-03 19:17:01.811 D/PowerManagerService(26892): acquireWakeLock flags=0x1 tag=AlarmManager
02-03 19:17:01.811 D/KeyguardUpdateMonitor(26892): received broadcast android.intent.action.TIME_TICK
02-03 19:17:01.811 D/KeyguardUpdateMonitor(26892): handleTimeUpdate
02-03 19:17:01.841 D/PowerManagerService(26892): releaseWakeLock flags=0x1 tag=AlarmManager
02-03 19:17:01.841 D/PowerManagerService(26892):  ALL PARTIAL wakeLock Released ! 
02-03 19:17:03.853 E/rmt_storage(  149): [MyTag]open: fd=-1
02-03 19:17:03.853 E/rmt_storage(  149): block rmt_storage client thread
02-03 19:18:03.811 I/dun_service(  129): The value returned from dun_getusbmodemstate_fromsys is 2 
02-03 19:18:03.811 D/PowerManagerService(26892): acquireWakeLock flags=0x1 tag=AlarmManager
02-03 19:18:03.811 D/KeyguardUpdateMonitor(26892): received broadcast android.intent.action.TIME_TICK
02-03 19:18:03.811 D/KeyguardUpdateMonitor(26892): handleTimeUpdate
02-03 19:18:03.831 D/KeyguardUpdateMonitor(26892): received broadcast android.intent.action.BATTERY_CHANGED
02-03 19:18:03.831 D/KeyguardUpdateMonitor(26892): handleBatteryUpdate
02-03 19:18:03.841 D/PowerManagerService(26892): releaseWakeLock flags=0x1 tag=AlarmManager
02-03 19:18:03.841 D/PowerManagerService(26892):  ALL PARTIAL wakeLock Released ! 
02-03 19:18:47.071 E/rmt_storage(  149): [MyTag]open: fd=-1
02-03 19:18:47.071 E/rmt_storage(  149): block rmt_storage client thread
02-03 19:19:04.811 D/PowerManagerService(26892): acquireWakeLock flags=0x1 tag=AlarmManager
02-03 19:19:04.811 D/KeyguardUpdateMonitor(26892): received broadcast android.intent.action.TIME_TICK
02-03 19:19:04.811 D/KeyguardUpdateMonitor(26892): handleTimeUpdate
02-03 19:19:04.831 D/PowerManagerService(26892): releaseWakeLock flags=0x1 tag=AlarmManager
02-03 19:19:04.831 D/PowerManagerService(26892):  ALL PARTIAL wakeLock Released ! 
02-03 19:20:06.811 D/PowerManagerService(26892): acquireWakeLock flags=0x1 tag=AlarmManager
02-03 19:20:06.811 D/KeyguardUpdateMonitor(26892): received broadcast android.intent.action.TIME_TICK
02-03 19:20:06.811 D/KeyguardUpdateMonitor(26892): handleTimeUpdate
02-03 19:20:06.841 D/PowerManagerService(26892): releaseWakeLock flags=0x1 tag=AlarmManager
02-03 19:20:06.841 D/PowerManagerService(26892):  ALL PARTIAL wakeLock Released ! 
02-03 19:21:01.811 D/PowerManagerService(26892): acquireWakeLock flags=0x1 tag=AlarmManager
02-03 19:21:01.811 D/KeyguardUpdateMonitor(26892): received broadcast android.intent.action.TIME_TICK
02-03 19:21:01.811 D/KeyguardUpdateMonitor(26892): handleTimeUpdate
02-03 19:21:01.831 D/PowerManagerService(26892): releaseWakeLock flags=0x1 tag=AlarmManager
02-03 19:21:01.831 D/PowerManagerService(26892):  ALL PARTIAL wakeLock Released ! 
02-03 19:21:01.841 D/GpsLocationProvider(26892): xtraDownloadRequest
02-03 19:21:01.841 D/PowerManagerService(26892): acquireWakeLock flags=0x1 tag=GpsLocationProvider
02-03 19:21:03.242 D/GpsLocationProvider(26892): calling native_inject_xtra_data
02-03 19:21:03.422 E/loc_api_rpc_glue(26892): loc_api_sync_ioctl: IOCTL result failed, result: 1 (select id 0)
02-03 19:21:03.422 D/PowerManagerService(26892): releaseWakeLock flags=0x1 tag=GpsLocationProvider
02-03 19:21:03.422 D/PowerManagerService(26892):  ALL PARTIAL wakeLock Released ! 
02-03 19:21:20.783 E/rmt_storage(  149): [MyTag]open: fd=-1
02-03 19:21:20.783 E/rmt_storage(  149): block rmt_storage client thread
02-03 19:21:28.811 I/dun_service(  129): The value returned from dun_getusbmodemstate_fromsys is 2 
02-03 19:21:28.811 D/KeyguardUpdateMonitor(26892): received broadcast android.intent.action.BATTERY_CHANGED
02-03 19:21:28.811 D/KeyguardUpdateMonitor(26892): handleBatteryUpdate
02-03 19:21:29.881 W/AlarmManager(26892): +++Alarm  wakeup phone ,pkg=com.google.android.apps.maps
02-03 19:21:29.891 D/PowerManagerService(26892): acquireWakeLock flags=0x1 tag=AlarmManager
02-03 19:21:29.891 W/AlarmManager(26892): +++alarm onSendFinished ,action=null
02-03 19:21:29.891 D/PowerManagerService(26892): releaseWakeLock flags=0x1 tag=AlarmManager
02-03 19:21:29.891 D/PowerManagerService(26892):  ALL PARTIAL wakeLock Released ! 
02-03 19:21:29.901 D/AlarmManager(26892): +++Alarm set:type=2 com.google.android.apps.maps  Trigger after:1799971ms
02-03 19:21:49.811 I/dun_service(  129): The value returned from dun_getusbmodemstate_fromsys is 2 
02-03 19:21:49.811 D/KeyguardUpdateMonitor(26892): received broadcast android.intent.action.BATTERY_CHANGED
02-03 19:21:49.811 D/KeyguardUpdateMonitor(26892): handleBatteryUpdate
02-03 19:21:59.991 D/PowerManagerService(26892): acquireWakeLock flags=0x1 tag=AlarmManager
02-03 19:22:00.001 D/KeyguardUpdateMonitor(26892): received broadcast android.intent.action.TIME_TICK
02-03 19:22:00.001 D/KeyguardUpdateMonitor(26892): handleTimeUpdate
02-03 19:22:00.061 D/PowerManagerService(26892): releaseWakeLock flags=0x1 tag=AlarmManager
02-03 19:22:00.061 D/PowerManagerService(26892):  ALL PARTIAL wakeLock Released ! 
02-03 19:22:22.503 W/AlarmManager(26892): +++Alarm  wakeup phone ,pkg=com.google.android.gsf
02-03 19:22:22.503 D/PowerManagerService(26892): acquireWakeLock flags=0x1 tag=GTALK_CONN
02-03 19:22:22.513 D/PowerManagerService(26892): acquireWakeLock flags=0x1 tag=AlarmManager
02-03 19:22:22.513 D/AlarmManager(26892): +++Alarm set:type=2 com.google.android.gsf  Trigger after:59999ms
02-03 19:22:22.513 D/PowerManagerService(26892): releaseWakeLock flags=0x1 tag=GTALK_CONN
02-03 19:22:22.523 W/AlarmManager(26892): +++alarm onSendFinished ,action=com.google.android.intent.action.GTALK_HEARTBEAT
02-03 19:22:22.523 D/PowerManagerService(26892): releaseWakeLock flags=0x1 tag=AlarmManager
02-03 19:22:22.523 D/PowerManagerService(26892):  ALL PARTIAL wakeLock Released ! 
02-03 19:22:22.663 D/PowerManagerService(26892): acquireWakeLock flags=0x1 tag=GTALK_CONN
02-03 19:22:22.663 D/AlarmManager(26892): +++Alarm set:type=2 com.google.android.gsf  Trigger after:1679999ms
02-03 19:22:22.663 D/PowerManagerService(26892): releaseWakeLock flags=0x1 tag=GTALK_CONN
02-03 19:22:22.663 D/PowerManagerService(26892):  ALL PARTIAL wakeLock Released ! 
02-03 19:22:22.673 D/PowerManagerService(26892): acquireWakeLock flags=0x1 tag=GTALK_CONN
02-03 19:22:22.673 D/PowerManagerService(26892): releaseWakeLock flags=0x1 tag=GTALK_CONN
02-03 19:22:22.673 D/PowerManagerService(26892):  ALL PARTIAL wakeLock Released ! 
02-03 19:23:00.811 D/PowerManagerService(26892): acquireWakeLock flags=0x1 tag=AlarmManager
02-03 19:23:00.811 D/KeyguardUpdateMonitor(26892): received broadcast android.intent.action.TIME_TICK
02-03 19:23:00.811 D/KeyguardUpdateMonitor(26892): handleTimeUpdate
02-03 19:23:00.831 D/PowerManagerService(26892): releaseWakeLock flags=0x1 tag=AlarmManager
02-03 19:23:00.831 D/PowerManagerService(26892):  ALL PARTIAL wakeLock Released ! 
02-03 19:23:20.811 D/PowerManagerService(26892): acquireWakeLock flags=0x1 tag=AlarmManager
02-03 19:23:20.811 D/PowerManagerService(26892): releaseWakeLock flags=0x1 tag=AlarmManager
02-03 19:23:20.811 D/PowerManagerService(26892):  ALL PARTIAL wakeLock Released ! 
02-03 19:23:24.174 E/rmt_storage(  149): [MyTag]open: fd=-1
02-03 19:23:24.174 E/rmt_storage(  149): block rmt_storage client thread
02-03 19:24:01.811 D/PowerManagerService(26892): acquireWakeLock flags=0x1 tag=AlarmManager
02-03 19:24:01.811 D/KeyguardUpdateMonitor(26892): received broadcast android.intent.action.TIME_TICK
02-03 19:24:01.811 D/KeyguardUpdateMonitor(26892): handleTimeUpdate
02-03 19:24:01.831 D/PowerManagerService(26892): releaseWakeLock flags=0x1 tag=AlarmManager
02-03 19:24:01.831 D/PowerManagerService(26892):  ALL PARTIAL wakeLock Released ! 
02-03 19:24:42.811 I/dun_service(  129): The value returned from dun_getusbmodemstate_fromsys is 2 
02-03 19:24:42.811 D/KeyguardUpdateMonitor(26892): received broadcast android.intent.action.BATTERY_CHANGED
02-03 19:24:42.811 D/KeyguardUpdateMonitor(26892): handleBatteryUpdate
02-03 19:25:03.811 D/PowerManagerService(26892): acquireWakeLock flags=0x1 tag=AlarmManager
02-03 19:25:03.811 D/KeyguardUpdateMonitor(26892): received broadcast android.intent.action.TIME_TICK
02-03 19:25:03.811 D/KeyguardUpdateMonitor(26892): handleTimeUpdate
02-03 19:25:03.841 D/PowerManagerService(26892): releaseWakeLock flags=0x1 tag=AlarmManager
02-03 19:25:03.841 D/PowerManagerService(26892):  ALL PARTIAL wakeLock Released ! 
02-03 19:25:06.061 E/rmt_storage(  149): [MyTag]open: fd=-1
02-03 19:25:06.061 E/rmt_storage(  149): block rmt_storage client thread
02-03 19:26:04.811 D/PowerManagerService(26892): acquireWakeLock flags=0x1 tag=AlarmManager
02-03 19:26:04.811 D/KeyguardUpdateMonitor(26892): received broadcast android.intent.action.TIME_TICK
02-03 19:26:04.811 D/KeyguardUpdateMonitor(26892): handleTimeUpdate
02-03 19:26:04.841 D/PowerManagerService(26892): releaseWakeLock flags=0x1 tag=AlarmManager
02-03 19:26:04.841 D/PowerManagerService(26892):  ALL PARTIAL wakeLock Released ! 
02-03 19:26:34.811 D/KeyguardViewMediator(26892):  onWakeKeyWhenKeyguardShowing(26)
02-03 19:26:34.811 D/KeyguardViewMediator(26892): wakeWhenReadyLocked(26)
02-03 19:26:34.811 D/PowerManagerService(26892): acquireWakeLock flags=0x1 tag=keyguardWakeAndHandOff
02-03 19:26:34.811 D/LockPatternKeyguardView(26892): onWakeKey
02-03 19:26:34.811 D/LockPatternKeyguardView(26892): poking wake lock immediately
02-03 19:26:34.811 D/PowerManagerService(26892): acquireWakeLock flags=0x1000001a tag=keyguard
02-03 19:26:34.811 D/PowerManagerService(26892): UnPartial  wakeLock  reactivate ,flags=0x1000001a tag=keyguard
02-03 19:26:34.811 D/PowerManagerService(26892): setPowerState: mPowerState=0x0 newState=0x3 noChangeLights=false reason=3
02-03 19:26:34.811 D/KeyguardViewMediator(26892): onScreenTurnedOn, seq = 20
02-03 19:26:34.811 D/KeyguardViewMediator(26892): notifyScreenOnLocked
02-03 19:26:34.811 E/Sensors (26892): [HAL]ready to call enable(Accelerometer,1),AAAAAAAA
02-03 19:26:34.811 D/KeyguardViewMediator(26892): handleNotifyScreenOn
02-03 19:26:34.811 I/LockPatternKeyguardView(26892): updateLockscreenBackground
02-03 19:26:34.811 I/LockPatternKeyguardView(26892): setBackgroundDrawable
02-03 19:26:34.811 I/LockPatternKeyguardView(26892): file not found: etc/customize/default_lockscreen
02-03 19:26:34.811 D/LockScreen(26892): updateLayout: status=Normalsubscription=0
02-03 19:26:34.821 D/LockScreen(26892): Updating Lock Screen text to Ruim
02-03 19:26:34.821 D/KeyguardViewMediator(26892): setHidden false
02-03 19:26:34.851 D/KeyguardViewMediator(26892): setHidden false
02-03 19:26:34.851 I/hubo    (26892): Activity {com.google.android.gm/com.google.android.gm.HtmlConversationActivity}
02-03 19:26:34.861 I/DATA    (26963): [DCT(0) ] intent received :android.intent.action.SCREEN_ON
02-03 19:26:34.881 D/DATA    (26963): [DSST(0)] pollstate() : reason = data network state changed
02-03 19:26:34.911 D/MobileDataStateTracker(26892): [hipri]  MobileDataStateReceiver onReceive(): Entry.
02-03 19:26:34.911 D/MobileDataStateTracker(26892): [hipri]  intent.getAction()= android.intent.action.SERVICE_STATE
02-03 19:26:34.911 D/MobileDataStateTracker(26892): [hipri]  mEnabled = false
02-03 19:26:34.911 D/MobileDataStateTracker(26892): [dun]  MobileDataStateReceiver onReceive(): Entry.
02-03 19:26:34.911 D/MobileDataStateTracker(26892): [dun]  intent.getAction()= android.intent.action.SERVICE_STATE
02-03 19:26:34.911 D/MobileDataStateTracker(26892): [dun]  mEnabled = false
02-03 19:26:34.911 D/MobileDataStateTracker(26892): [supl]  MobileDataStateReceiver onReceive(): Entry.
02-03 19:26:34.911 D/MobileDataStateTracker(26892): [supl]  intent.getAction()= android.intent.action.SERVICE_STATE
02-03 19:26:34.911 D/MobileDataStateTracker(26892): [supl]  mEnabled = false
02-03 19:26:34.921 D/MobileDataStateTracker(26892): [mms]  MobileDataStateReceiver onReceive(): Entry.
02-03 19:26:34.921 D/MobileDataStateTracker(26892): [mms]  intent.getAction()= android.intent.action.SERVICE_STATE
02-03 19:26:34.921 D/MobileDataStateTracker(26892): [mms]  mEnabled = false
02-03 19:26:34.921 D/MobileDataStateTracker(26892): [default]  MobileDataStateReceiver onReceive(): Entry.
02-03 19:26:34.921 D/MobileDataStateTracker(26892): [default]  intent.getAction()= android.intent.action.SERVICE_STATE
02-03 19:26:34.921 D/MobileDataStateTracker(26892): [default]  mEnabled = true
02-03 19:26:34.931 D/CallManager(26963):  handleMessage (EVENT_SERVICE_STATE_CHANGED)
02-03 19:26:34.931 E/BT HS/HF(26963): SERVICE_STATE_CHANGED called
02-03 19:26:34.931 E/BT HS/HF(26963): updateServiceState called, sendUpdate:false  ServiceState:0 home Sprint  310099  EvDo rev. A CSS not supported 41 4139RoamInd: 1RoamStatus(sprint): 1DefRoamInd: 160EmergOnly: false
02-03 19:26:34.931 E/BT HS/HF(26963): service:1 mService:1
02-03 19:26:34.931 D/DATA    (26963): [DSST(0)]  registrationState = 1  radioTechnology = 8 reasonForDenial = 0
02-03 19:26:34.931 D/DATA    (26963): [DSST(0)]  set mNewDataConnectionState = 0
02-03 19:26:34.931 D/DATA    (26963): [DSST(0)]  mNewDataConnectionState : 0  mDataConnectionState : 0
02-03 19:26:34.931 D/DATA    (26963): [DSST(0)] Poll ServiceState done: oldSS=[0 home null null null  EvDo rev. A CSS not supported -1 -1RoamInd: -1RoamStatus(sprint): -1DefRoamInd: -1EmergOnly: false] newSS=[0 home null null null  EvDo rev. A CSS not supported -1 -1RoamInd: -1RoamStatus(sprint): -1DefRoamInd: -1EmergOnly: false]
02-03 19:26:34.931 D/DATA    (26963): [DSST(0)]  mDataConnectionState = 0
02-03 19:26:35.521 W/Sclibration(27104): onSensorChanged filter =  88504  tp = 4
02-03 19:26:35.531 W/Sclibration(27104): onSensorChanged filter =  30653  tp = 3
02-03 19:26:35.531 W/Sclibration(27104): onSensorChanged filter =  27064  tp = 4
02-03 19:26:35.641 W/Sclibration(27104): onSensorChanged filter =  88505  tp = 5
02-03 19:26:35.641 W/Sclibration(27104): onSensorChanged filter =  30654  tp = 4
02-03 19:26:35.641 W/Sclibration(27104): onSensorChanged filter =  27065  tp = 5
02-03 19:26:35.661 W/Sclibration(27104): onSensorChanged filter =  88506  tp = 6
02-03 19:26:35.661 W/Sclibration(27104): onSensorChanged filter =  30655  tp = 5
02-03 19:26:35.661 W/Sclibration(27104): onSensorChanged filter =  27066  tp = 6
02-03 19:26:35.681 W/Sclibration(27104): onSensorChanged filter =  88507  tp = 7
02-03 19:26:35.681 W/Sclibration(27104): onSensorChanged filter =  30656  tp = 6
02-03 19:26:35.681 W/Sclibration(27104): onSensorChanged filter =  27067  tp = 7
02-03 19:26:35.701 W/Sclibration(27104): onSensorChanged filter =  88508  tp = 8
02-03 19:26:35.701 W/Sclibration(27104): onSensorChanged filter =  30657  tp = 7
02-03 19:26:35.701 W/Sclibration(27104): onSensorChanged filter =  27068  tp = 8
02-03 19:26:35.721 W/Sclibration(27104): onSensorChanged filter =  88509  tp = 9
02-03 19:26:35.721 W/Sclibration(27104): onSensorChanged filter =  30658  tp = 8
02-03 19:26:35.721 W/Sclibration(27104): onSensorChanged filter =  27069  tp = 9
02-03 19:26:35.741 W/Sclibration(27104): onSensorChanged filter =  88510  tp = 0
02-03 19:26:35.741 W/Sclibration(27104): onSensorChanged count =  8851
02-03 19:26:35.741 W/Sclibration(27104): onSensorChanged curX =  -3.3028088  curY =  -8.213277  curZ =  -4.373749
02-03 19:26:35.741 W/Sclibration(27104): processUnSolicited begin
02-03 19:26:35.741 W/Sclibration(27104): processUnSolicited curX =  -3.3028088  curY =  -8.213277  curZ =  -4.373749
02-03 19:26:35.741 W/Sclibration(27104): processUnSolicited x =  3  y =  463
02-03 19:26:35.741 W/Sclibration(27104): processUnSolicited isLeftForX =  true  isDownForY =  false
02-03 19:26:35.741 W/Sclibration(27104): processUnSolicited sum =  125008.0  rr =  8464.0
02-03 19:26:35.741 W/Sclibration(27104): processUnSolicited angle =  0.00647939096625314  tempX =  44  tempY =  135
02-03 19:26:35.741 W/Sclibration(27104): ScalibrationView--setBallLocation  m_calibrated =  false
02-03 19:26:35.741 W/Sclibration(27104): ScalibrationView--setBallLocation2  m_calibrated =  false
02-03 19:26:35.741 W/Sclibration(27104): onSensorChanged count =  8851  count%LOOPCOUNT =  1
02-03 19:26:35.741 W/Sclibration(27104): onSensorChanged filter =  30659  tp = 9
02-03 19:26:35.741 W/Sclibration(27104): onSensorChanged filter =  27070  tp = 0
02-03 19:26:35.741 W/Sclibration(27104): onSensorChanged count =  2707
02-03 19:26:35.741 W/Sclibration(27104): onSensorChanged curX =  -3.3028088  curY =  -8.213277  curZ =  -4.373749
02-03 19:26:35.741 W/Sclibration(27104): processUnSolicited begin
02-03 19:26:35.741 W/Sclibration(27104): processUnSolicited end x =  44  y =  135
02-03 19:26:35.751 W/Sclibration(27104): processUnSolicited curX =  -3.3028088  curY =  -8.213277  curZ =  -4.373749
02-03 19:26:35.751 W/Sclibration(27104): processUnSolicited x =  3  y =  463
02-03 19:26:35.751 W/Sclibration(27104): processUnSolicited isLeftForX =  true  isDownForY =  false
02-03 19:26:35.751 W/Sclibration(27104): processUnSolicited sum =  125008.0  rr =  8464.0
02-03 19:26:35.751 W/Sclibration(27104): processUnSolicited angle =  0.00647939096625314  tempX =  44  tempY =  135
02-03 19:26:35.751 W/Sclibration(27104): processUnSolicited end x =  44  y =  135
02-03 19:26:35.751 W/Sclibration(27104): ScalibrationView--setBallLocation  m_calibrated =  false
02-03 19:26:35.751 W/Sclibration(27104): ScalibrationView--setBallLocation2  m_calibrated =  false
02-03 19:26:35.751 W/Sclibration(27104): onSensorChanged count =  2707  count%LOOPCOUNT =  7
02-03 19:26:35.761 W/Sclibration(27104): onSensorChanged filter =  88511  tp = 1
02-03 19:26:35.761 W/Sclibration(27104): onSensorChanged filter =  30660  tp = 0
02-03 19:26:35.761 W/Sclibration(27104): onSensorChanged count =  3066
02-03 19:26:35.761 W/Sclibration(27104): onSensorChanged curX =  -2.912351  curY =  -7.3522367  curZ =  -5.0494375
02-03 19:26:35.761 W/Sclibration(27104): processUnSolicited begin
02-03 19:26:35.761 W/Sclibration(27104): processUnSolicited curX =  -2.912351  curY =  -7.3522367  curZ =  -5.0494375
02-03 19:26:35.761 W/Sclibration(27104): processUnSolicited x =  19  y =  429
02-03 19:26:35.761 W/Sclibration(27104): processUnSolicited isLeftForX =  true  isDownForY =  false
02-03 19:26:35.771 W/Sclibration(27104): processUnSolicited sum =  99892.0  rr =  8464.0
02-03 19:26:35.771 W/Sclibration(27104): processUnSolicited angle =  0.044260120381794485  tempX =  44  tempY =  139
02-03 19:26:35.771 W/Sclibration(27104): processUnSolicited end x =  44  y =  139
02-03 19:26:35.771 W/Sclibration(27104): ScalibrationView--setBallLocation  m_calibrated =  false
02-03 19:26:35.771 W/Sclibration(27104): ScalibrationView--setBallLocation2  m_calibrated =  false
02-03 19:26:35.771 W/Sclibration(27104): onSensorChanged count =  3066  count%LOOPCOUNT =  6
02-03 19:26:35.771 W/Sclibration(27104): onSensorChanged filter =  27071  tp = 1
02-03 19:26:35.881 W/Sclibration(27104): onSensorChanged filter =  88512  tp = 2
02-03 19:26:35.881 W/Sclibration(27104): onSensorChanged filter =  30661  tp = 1
02-03 19:26:35.881 W/Sclibration(27104): onSensorChanged filter =  27072  tp = 2
02-03 19:26:36.001 W/Sclibration(27104): onSensorChanged filter =  88513  tp = 3
02-03 19:26:36.001 W/Sclibration(27104): onSensorChanged filter =  30662  tp = 2
02-03 19:26:36.001 W/Sclibration(27104): onSensorChanged filter =  27073  tp = 3
02-03 19:26:36.121 W/Sclibration(27104): onSensorChanged filter =  88514  tp = 4
02-03 19:26:36.121 W/Sclibration(27104): onSensorChanged filter =  30663  tp = 3
02-03 19:26:36.121 W/Sclibration(27104): onSensorChanged filter =  27074  tp = 4
02-03 19:26:36.282 W/Sclibration(27104): onSensorChanged filter =  88515  tp = 5
02-03 19:26:36.292 W/Sclibration(27104): onSensorChanged filter =  30664  tp = 4
02-03 19:26:36.292 W/Sclibration(27104): onSensorChanged filter =  27075  tp = 5
02-03 19:26:36.372 W/Sclibration(27104): onSensorChanged filter =  88516  tp = 6
02-03 19:26:36.372 W/Sclibration(27104): onSensorChanged filter =  30665  tp = 5
02-03 19:26:36.372 W/Sclibration(27104): onSensorChanged filter =  27076  tp = 6
02-03 19:26:36.392 W/Sclibration(27104): onSensorChanged filter =  88517  tp = 7
02-03 19:26:36.392 W/Sclibration(27104): onSensorChanged filter =  30666  tp = 6
02-03 19:26:36.392 W/Sclibration(27104): onSensorChanged filter =  27077  tp = 7
02-03 19:26:36.412 W/Sclibration(27104): onSensorChanged filter =  88518  tp = 8
02-03 19:26:36.412 W/Sclibration(27104): onSensorChanged filter =  30667  tp = 7
02-03 19:26:36.412 W/Sclibration(27104): onSensorChanged filter =  27078  tp = 8
02-03 19:26:36.432 W/Sclibration(27104): onSensorChanged filter =  88519  tp = 9
02-03 19:26:36.432 W/Sclibration(27104): onSensorChanged filter =  30668  tp = 8
02-03 19:26:36.432 W/Sclibration(27104): onSensorChanged filter =  27079  tp = 9
02-03 19:26:36.452 W/Sclibration(27104): onSensorChanged filter =  88520  tp = 0
02-03 19:26:36.452 W/Sclibration(27104): onSensorChanged count =  8852
02-03 19:26:36.452 W/Sclibration(27104): onSensorChanged curX =  -1.2496793  curY =  -5.9275546  curZ =  -7.048368
02-03 19:26:36.452 W/Sclibration(27104): processUnSolicited begin
02-03 19:26:36.452 W/Sclibration(27104): processUnSolicited x =  86  y =  372
02-03 19:26:36.452 W/Sclibration(27104): processUnSolicited isLeftForX =  true  isDownForY =  false
02-03 19:26:36.452 W/Sclibration(27104): processUnSolicited sum =  58570.0  rr =  8464.0
02-03 19:26:36.452 W/Sclibration(27104): processUnSolicited angle =  0.22719146680088895  tempX =  46  tempY =  155
02-03 19:26:36.452 W/Sclibration(27104): processUnSolicited end x =  46  y =  155
02-03 19:26:36.452 W/Sclibration(27104): ScalibrationView--setBallLocation  m_calibrated =  false
02-03 19:26:36.452 W/Sclibration(27104): ScalibrationView--setBallLocation2  m_calibrated =  false
02-03 19:26:36.452 W/Sclibration(27104): onSensorChanged count =  8852  count%LOOPCOUNT =  2
02-03 19:26:36.452 W/Sclibration(27104): onSensorChanged filter =  30669  tp = 9
02-03 19:26:36.452 W/Sclibration(27104): onSensorChanged filter =  27080  tp = 0
02-03 19:26:36.452 W/Sclibration(27104): processUnSolicited curX =  -1.2496793  curY =  -5.9275546  curZ =  -7.048368
02-03 19:26:36.462 W/Sclibration(27104): onSensorChanged count =  2708
02-03 19:26:36.462 W/Sclibration(27104): onSensorChanged curX =  -1.2496793  curY =  -5.9275546  curZ =  -7.048368
02-03 19:26:36.462 W/Sclibration(27104): processUnSolicited begin
02-03 19:26:36.462 W/Sclibration(27104): processUnSolicited curX =  -1.2496793  curY =  -5.9275546  curZ =  -7.048368
02-03 19:26:36.462 W/Sclibration(27104): processUnSolicited x =  86  y =  372
02-03 19:26:36.462 W/Sclibration(27104): processUnSolicited isLeftForX =  true  isDownForY =  false
02-03 19:26:36.462 W/Sclibration(27104): processUnSolicited sum =  58570.0  rr =  8464.0
02-03 19:26:36.462 W/Sclibration(27104): processUnSolicited angle =  0.22719146680088895  tempX =  46  tempY =  155
02-03 19:26:36.462 W/Sclibration(27104): processUnSolicited end x =  46  y =  155
02-03 19:26:36.462 W/Sclibration(27104): ScalibrationView--setBallLocation  m_calibrated =  false
02-03 19:26:36.472 W/Sclibration(27104): ScalibrationView--setBallLocation2  m_calibrated =  false
02-03 19:26:36.472 W/Sclibration(27104): onSensorChanged count =  2708  count%LOOPCOUNT =  8
02-03 19:26:36.472 W/Sclibration(27104): onSensorChanged filter =  88521  tp = 1
02-03 19:26:36.472 W/Sclibration(27104): onSensorChanged filter =  30670  tp = 0
02-03 19:26:36.472 W/Sclibration(27104): onSensorChanged count =  3067
02-03 19:26:36.472 W/Sclibration(27104): onSensorChanged curX =  -1.162056  curY =  -6.066778  curZ =  -6.9086113
02-03 19:26:36.472 W/Sclibration(27104): processUnSolicited begin
02-03 19:26:36.482 W/Sclibration(27104): processUnSolicited curX =  -1.162056  curY =  -6.066778  curZ =  -6.9086113
02-03 19:26:36.482 W/Sclibration(27104): processUnSolicited x =  89  y =  377
02-03 19:26:36.482 W/Sclibration(27104): processUnSolicited isLeftForX =  true  isDownForY =  false
02-03 19:26:36.482 W/Sclibration(27104): processUnSolicited sum =  60680.0  rr =  8464.0
02-03 19:26:36.482 W/Sclibration(27104): processUnSolicited angle =  0.23182976536138952  tempX =  46  tempY =  156
02-03 19:26:36.482 W/Sclibration(27104): processUnSolicited end x =  46  y =  156
02-03 19:26:36.482 W/Sclibration(27104): ScalibrationView--setBallLocation  m_calibrated =  false
02-03 19:26:36.482 W/Sclibration(27104): ScalibrationView--setBallLocation2  m_calibrated =  false
02-03 19:26:36.482 W/Sclibration(27104): onSensorChanged count =  3067  count%LOOPCOUNT =  7
02-03 19:26:36.482 W/Sclibration(27104): onSensorChanged filter =  27081  tp = 1
02-03 19:26:36.592 W/Sclibration(27104): onSensorChanged filter =  88522  tp = 2
02-03 19:26:36.592 W/Sclibration(27104): onSensorChanged filter =  30671  tp = 1
02-03 19:26:36.592 W/Sclibration(27104): onSensorChanged filter =  27082  tp = 2
02-03 19:26:36.712 W/Sclibration(27104): onSensorChanged filter =  88523  tp = 3
02-03 19:26:36.712 W/Sclibration(27104): onSensorChanged filter =  30672  tp = 2
02-03 19:26:36.712 W/Sclibration(27104): onSensorChanged filter =  27083  tp = 3
02-03 19:26:36.832 W/Sclibration(27104): onSensorChanged filter =  88524  tp = 4
02-03 19:26:36.832 W/Sclibration(27104): onSensorChanged filter =  30673  tp = 3
02-03 19:26:36.832 W/Sclibration(27104): onSensorChanged filter =  27084  tp = 4
02-03 19:26:36.952 W/Sclibration(27104): onSensorChanged filter =  88525  tp = 5
02-03 19:26:36.952 W/Sclibration(27104): onSensorChanged filter =  30674  tp = 4
02-03 19:26:36.952 W/Sclibration(27104): onSensorChanged filter =  27085  tp = 5
02-03 19:26:37.072 W/Sclibration(27104): onSensorChanged filter =  88526  tp = 6
02-03 19:26:37.072 W/Sclibration(27104): onSensorChanged filter =  30675  tp = 5
02-03 19:26:37.072 W/Sclibration(27104): onSensorChanged filter =  27086  tp = 6
02-03 19:26:37.192 W/Sclibration(27104): onSensorChanged filter =  88527  tp = 7
02-03 19:26:37.192 W/Sclibration(27104): onSensorChanged filter =  30676  tp = 6
02-03 19:26:37.202 W/Sclibration(27104): onSensorChanged filter =  27087  tp = 7
02-03 19:26:37.313 W/Sclibration(27104): onSensorChanged filter =  88528  tp = 8
02-03 19:26:37.323 W/Sclibration(27104): onSensorChanged filter =  30677  tp = 7
02-03 19:26:37.323 W/Sclibration(27104): onSensorChanged filter =  27088  tp = 8
02-03 19:26:37.443 W/Sclibration(27104): onSensorChanged filter =  88529  tp = 9
02-03 19:26:37.443 W/Sclibration(27104): onSensorChanged filter =  30678  tp = 8
02-03 19:26:37.443 W/Sclibration(27104): onSensorChanged filter =  27089  tp = 9
02-03 19:26:37.553 W/Sclibration(27104): onSensorChanged filter =  88530  tp = 0
02-03 19:26:37.553 W/Sclibration(27104): onSensorChanged count =  8853
02-03 19:26:37.553 W/Sclibration(27104): onSensorChanged curX =  -2.535086  curY =  -7.8668427  curZ =  -4.18623
02-03 19:26:37.553 W/Sclibration(27104): processUnSolicited begin
02-03 19:26:37.563 W/Sclibration(27104): processUnSolicited curX =  -2.535086  curY =  -7.8668427  curZ =  -4.18623
02-03 19:26:37.563 W/Sclibration(27104): processUnSolicited x =  34  y =  449
02-03 19:26:37.563 W/Sclibration(27104): processUnSolicited isLeftForX =  true  isDownForY =  false
02-03 19:26:37.563 W/Sclibration(27104): processUnSolicited sum =  108797.0  rr =  8464.0
02-03 19:26:37.563 W/Sclibration(27104): processUnSolicited angle =  0.07557959069355966  tempX =  44  tempY =  141
02-03 19:26:37.563 W/Sclibration(27104): processUnSolicited end x =  44  y =  141
02-03 19:26:37.563 W/Sclibration(27104): ScalibrationView--setBallLocation  m_calibrated =  false
02-03 19:26:37.563 W/Sclibration(27104): ScalibrationView--setBallLocation2  m_calibrated =  false
02-03 19:26:37.563 W/Sclibration(27104): onSensorChanged count =  8853  count%LOOPCOUNT =  3
02-03 19:26:37.563 W/Sclibration(27104): onSensorChanged filter =  30679  tp = 9
02-03 19:26:37.563 W/Sclibration(27104): onSensorChanged filter =  27090  tp = 0
02-03 19:26:37.563 W/Sclibration(27104): onSensorChanged count =  2709
02-03 19:26:37.563 W/Sclibration(27104): onSensorChanged curX =  -2.535086  curY =  -7.8668427  curZ =  -4.18623
02-03 19:26:37.563 W/Sclibration(27104): processUnSolicited begin
02-03 19:26:37.563 W/Sclibration(27104): processUnSolicited curX =  -2.535086  curY =  -7.8668427  curZ =  -4.18623
02-03 19:26:37.563 W/Sclibration(27104): processUnSolicited x =  34  y =  449
02-03 19:26:37.563 W/Sclibration(27104): processUnSolicited isLeftForX =  true  isDownForY =  false
02-03 19:26:37.563 W/Sclibration(27104): processUnSolicited sum =  108797.0  rr =  8464.0
02-03 19:26:37.563 W/Sclibration(27104): processUnSolicited angle =  0.07557959069355966  tempX =  44  tempY =  141
02-03 19:26:37.563 W/Sclibration(27104): processUnSolicited end x =  44  y =  141
02-03 19:26:37.563 W/Sclibration(27104): ScalibrationView--setBallLocation  m_calibrated =  false
02-03 19:26:37.563 W/Sclibration(27104): ScalibrationView--setBallLocation2  m_calibrated =  false
02-03 19:26:37.563 W/Sclibration(27104): onSensorChanged count =  2709  count%LOOPCOUNT =  9
02-03 19:26:37.573 W/Sclibration(27104): onSensorChanged filter =  88531  tp = 1
02-03 19:26:37.573 W/Sclibration(27104): onSensorChanged filter =  30680  tp = 0
02-03 19:26:37.573 W/Sclibration(27104): onSensorChanged count =  3068
02-03 19:26:37.583 W/Sclibration(27104): onSensorChanged curX =  -2.7781184  curY =  -8.034071  curZ =  -3.965936
02-03 19:26:37.583 W/Sclibration(27104): processUnSolicited begin
02-03 19:26:37.583 W/Sclibration(27104): processUnSolicited curX =  -2.7781184  curY =  -8.034071  curZ =  -3.965936
02-03 19:26:37.583 W/Sclibration(27104): processUnSolicited x =  24  y =  456
02-03 19:26:37.583 W/Sclibration(27104): processUnSolicited isLeftForX =  true  isDownForY =  false
02-03 19:26:37.583 W/Sclibration(27104): processUnSolicited sum =  115362.0  rr =  8464.0
02-03 19:26:37.583 W/Sclibration(27104): processUnSolicited angle =  0.052583061610941714  tempX =  44  tempY =  139
02-03 19:26:37.583 W/Sclibration(27104): processUnSolicited end x =  44  y =  139
02-03 19:26:37.583 W/Sclibration(27104): ScalibrationView--setBallLocation  m_calibrated =  false
02-03 19:26:37.583 W/Sclibration(27104): ScalibrationView--setBallLocation2  m_calibrated =  false
02-03 19:26:37.583 W/Sclibration(27104): onSensorChanged count =  3068  count%LOOPCOUNT =  8
02-03 19:26:37.583 W/Sclibration(27104): onSensorChanged filter =  27091  tp = 1
02-03 19:26:37.603 W/Sclibration(27104): onSensorChanged filter =  88532  tp = 2
02-03 19:26:37.603 W/Sclibration(27104): onSensorChanged filter =  30681  tp = 1
02-03 19:26:37.603 W/Sclibration(27104): onSensorChanged filter =  27092  tp = 2
02-03 19:26:37.623 W/Sclibration(27104): onSensorChanged filter =  88533  tp = 3
02-03 19:26:37.623 W/Sclibration(27104): onSensorChanged filter =  30682  tp = 2
02-03 19:26:37.623 W/Sclibration(27104): onSensorChanged filter =  27093  tp = 3
02-03 19:26:37.643 W/Sclibration(27104): onSensorChanged filter =  88534  tp = 4
02-03 19:26:37.643 W/Sclibration(27104): onSensorChanged filter =  30683  tp = 3
02-03 19:26:37.643 W/Sclibration(27104): onSensorChanged filter =  27094  tp = 4
02-03 19:26:37.663 W/Sclibration(27104): onSensorChanged filter =  88535  tp = 5
02-03 19:26:37.663 W/Sclibration(27104): onSensorChanged filter =  30684  tp = 4
02-03 19:26:37.663 W/Sclibration(27104): onSensorChanged filter =  27095  tp = 5
02-03 19:26:37.683 W/Sclibration(27104): onSensorChanged filter =  88536  tp = 6
02-03 19:26:37.683 W/Sclibration(27104): onSensorChanged filter =  30685  tp = 5
02-03 19:26:37.683 W/Sclibration(27104): onSensorChanged filter =  27096  tp = 6
02-03 19:26:37.703 W/Sclibration(27104): onSensorChanged filter =  88537  tp = 7
02-03 19:26:37.703 W/Sclibration(27104): onSensorChanged filter =  30686  tp = 6
02-03 19:26:37.703 W/Sclibration(27104): onSensorChanged filter =  27097  tp = 7
02-03 19:26:37.723 W/Sclibration(27104): onSensorChanged filter =  88538  tp = 8
02-03 19:26:37.723 W/Sclibration(27104): onSensorChanged filter =  30687  tp = 7
02-03 19:26:37.723 W/Sclibration(27104): onSensorChanged filter =  27098  tp = 8
02-03 19:26:37.743 W/Sclibration(27104): onSensorChanged filter =  88539  tp = 9
02-03 19:26:37.743 W/Sclibration(27104): onSensorChanged filter =  30688  tp = 8
02-03 19:26:37.743 W/Sclibration(27104): onSensorChanged filter =  27099  tp = 9
02-03 19:26:37.863 W/Sclibration(27104): onSensorChanged filter =  88540  tp = 0
02-03 19:26:37.863 W/Sclibration(27104): onSensorChanged count =  8854
02-03 19:26:37.863 W/Sclibration(27104): onSensorChanged curX =  -3.2537308  curY =  -7.945321  curZ =  -3.9698532
02-03 19:26:37.863 W/Sclibration(27104): processUnSolicited begin
02-03 19:26:37.863 W/Sclibration(27104): processUnSolicited curX =  -3.2537308  curY =  -7.945321  curZ =  -3.9698532
02-03 19:26:37.873 W/Sclibration(27104): processUnSolicited x =  5  y =  452
02-03 19:26:37.873 W/Sclibration(27104): processUnSolicited isLeftForX =  true  isDownForY =  false
02-03 19:26:37.873 W/Sclibration(27104): processUnSolicited sum =  117389.0  rr =  8464.0
02-03 19:26:37.873 W/Sclibration(27104): processUnSolicited angle =  0.011061495731246677  tempX =  44  tempY =  136
02-03 19:26:37.873 W/Sclibration(27104): processUnSolicited end x =  44  y =  136
02-03 19:26:37.873 W/Sclibration(27104): ScalibrationView--setBallLocation  m_calibrated =  false
02-03 19:26:37.873 W/Sclibration(27104): ScalibrationView--setBallLocation2  m_calibrated =  false
02-03 19:26:37.873 W/Sclibration(27104): onSensorChanged count =  8854  count%LOOPCOUNT =  4
02-03 19:26:37.873 W/Sclibration(27104): onSensorChanged filter =  30689  tp = 9
02-03 19:26:37.873 W/Sclibration(27104): onSensorChanged filter =  27100  tp = 0
02-03 19:26:37.873 W/Sclibration(27104): onSensorChanged count =  2710
02-03 19:26:37.883 W/Sclibration(27104): onSensorChanged curX =  -3.2537308  curY =  -7.945321  curZ =  -3.9698532
02-03 19:26:37.883 W/Sclibration(27104): processUnSolicited begin
02-03 19:26:37.883 W/Sclibration(27104): processUnSolicited curX =  -3.2537308  curY =  -7.945321  curZ =  -3.9698532
02-03 19:26:37.883 W/Sclibration(27104): processUnSolicited x =  5  y =  452
02-03 19:26:37.883 W/Sclibration(27104): processUnSolicited isLeftForX =  true  isDownForY =  false
02-03 19:26:37.883 W/Sclibration(27104): processUnSolicited sum =  117389.0  rr =  8464.0
02-03 19:26:37.883 W/Sclibration(27104): processUnSolicited angle =  0.011061495731246677  tempX =  44  tempY =  136
02-03 19:26:37.883 W/Sclibration(27104): processUnSolicited end x =  44  y =  136
02-03 19:26:37.883 W/Sclibration(27104): ScalibrationView--setBallLocation  m_calibrated =  false
02-03 19:26:37.883 W/Sclibration(27104): ScalibrationView--setBallLocation2  m_calibrated =  false
02-03 19:26:37.893 W/Sclibration(27104): onSensorChanged count =  2710  count%LOOPCOUNT =  10
02-03 19:26:37.983 W/Sclibration(27104): onSensorChanged filter =  88541  tp = 1
02-03 19:26:37.983 W/Sclibration(27104): onSensorChanged filter =  30690  tp = 0
