02-03 19:26:46.862 D/MobileDataStateTracker(26892): [hipri]  MobileDataStateReceiver onReceive(): Entry.
02-03 19:26:46.862 D/MobileDataStateTracker(26892): [hipri]  intent.getAction()= android.intent.action.ANY_DATA_STATE
02-03 19:26:46.862 D/MobileDataStateTracker(26892): [hipri]  mEnabled = false
02-03 19:26:46.872 D/MobileDataStateTracker(26892): [hipri]  apnTypeList = dun
02-03 19:26:46.872 D/MobileDataStateTracker(26892): [hipri]  unavailable = false
02-03 19:26:46.872 D/MobileDataStateTracker(26892): [hipri] Do not process intents if disabled.
02-03 19:26:46.872 D/MobileDataStateTracker(26892): [dun]  MobileDataStateReceiver onReceive(): Entry.
02-03 19:26:46.872 D/MobileDataStateTracker(26892): [dun]  intent.getAction()= android.intent.action.ANY_DATA_STATE
02-03 19:26:46.872 D/MobileDataStateTracker(26892): [dun]  mEnabled = false
02-03 19:26:46.872 D/MobileDataStateTracker(26892): [dun]  apnTypeList = dun
02-03 19:26:46.872 D/MobileDataStateTracker(26892): [dun]  unavailable = false
02-03 19:26:46.872 D/MobileDataStateTracker(26892): [dun] Do not process intents if disabled.
02-03 19:26:46.872 D/MobileDataStateTracker(26892): [supl]  MobileDataStateReceiver onReceive(): Entry.
02-03 19:26:46.872 D/MobileDataStateTracker(26892): [supl]  intent.getAction()= android.intent.action.ANY_DATA_STATE
02-03 19:26:46.872 D/MobileDataStateTracker(26892): [supl]  mEnabled = false
02-03 19:26:46.872 D/MobileDataStateTracker(26892): [supl]  apnTypeList = dun
02-03 19:26:46.872 D/MobileDataStateTracker(26892): [supl]  unavailable = false
02-03 19:26:46.872 D/MobileDataStateTracker(26892): [supl] Do not process intents if disabled.
02-03 19:26:46.872 D/MobileDataStateTracker(26892): [mms]  MobileDataStateReceiver onReceive(): Entry.
02-03 19:26:46.872 D/MobileDataStateTracker(26892): [mms]  intent.getAction()= android.intent.action.ANY_DATA_STATE
02-03 19:26:46.872 D/MobileDataStateTracker(26892): [mms]  mEnabled = false
02-03 19:26:46.872 D/MobileDataStateTracker(26892): [mms]  apnTypeList = dun
02-03 19:26:46.872 D/MobileDataStateTracker(26892): [mms]  unavailable = false
02-03 19:26:46.872 D/MobileDataStateTracker(26892): [mms] Do not process intents if disabled.
02-03 19:26:46.872 D/MobileDataStateTracker(26892): [default]  MobileDataStateReceiver onReceive(): Entry.
02-03 19:26:46.872 D/MobileDataStateTracker(26892): [default]  intent.getAction()= android.intent.action.ANY_DATA_STATE
02-03 19:26:46.872 D/MobileDataStateTracker(26892): [default]  mEnabled = true
02-03 19:26:46.872 D/MobileDataStateTracker(26892): [default]  apnTypeList = dun
02-03 19:26:46.872 D/MobileDataStateTracker(26892): [default]  unavailable = false
02-03 19:26:46.882 D/MobileDataStateTracker(26892): [default] not what we are looking for.
02-03 19:26:46.882 D/MobileDataStateTracker(26892): [hipri]  MobileDataStateReceiver onReceive(): Entry.
02-03 19:26:46.882 D/MobileDataStateTracker(26892): [hipri]  intent.getAction()= android.intent.action.ANY_DATA_STATE
02-03 19:26:46.882 D/MobileDataStateTracker(26892): [hipri]  mEnabled = false
02-03 19:26:46.882 D/MobileDataStateTracker(26892): [hipri]  apnTypeList = dun
02-03 19:26:46.882 D/MobileDataStateTracker(26892): [hipri]  unavailable = false
02-03 19:26:46.882 D/MobileDataStateTracker(26892): [hipri] Do not process intents if disabled.
02-03 19:26:46.882 D/MobileDataStateTracker(26892): [dun]  MobileDataStateReceiver onReceive(): Entry.
02-03 19:26:46.882 D/MobileDataStateTracker(26892): [dun]  intent.getAction()= android.intent.action.ANY_DATA_STATE
02-03 19:26:46.882 D/MobileDataStateTracker(26892): [dun]  mEnabled = false
02-03 19:26:46.882 D/MobileDataStateTracker(26892): [dun]  apnTypeList = dun
02-03 19:26:46.882 D/MobileDataStateTracker(26892): [dun]  unavailable = false
02-03 19:26:46.882 D/MobileDataStateTracker(26892): [dun] Do not process intents if disabled.
02-03 19:26:46.882 D/MobileDataStateTracker(26892): [supl]  MobileDataStateReceiver onReceive(): Entry.
02-03 19:26:46.882 D/MobileDataStateTracker(26892): [supl]  intent.getAction()= android.intent.action.ANY_DATA_STATE
02-03 19:26:46.882 D/MobileDataStateTracker(26892): [supl]  mEnabled = false
02-03 19:26:46.882 D/MobileDataStateTracker(26892): [supl]  apnTypeList = dun
02-03 19:26:46.882 D/MobileDataStateTracker(26892): [supl]  unavailable = false
02-03 19:26:46.882 D/MobileDataStateTracker(26892): [supl] Do not process intents if disabled.
02-03 19:26:46.882 D/MobileDataStateTracker(26892): [mms]  MobileDataStateReceiver onReceive(): Entry.
02-03 19:26:46.882 D/MobileDataStateTracker(26892): [mms]  intent.getAction()= android.intent.action.ANY_DATA_STATE
02-03 19:26:46.882 D/MobileDataStateTracker(26892): [mms]  mEnabled = false
02-03 19:26:46.882 D/MobileDataStateTracker(26892): [mms]  apnTypeList = dun
02-03 19:26:46.882 D/MobileDataStateTracker(26892): [mms]  unavailable = false
02-03 19:26:46.882 D/MobileDataStateTracker(26892): [mms] Do not process intents if disabled.
02-03 19:26:46.882 D/MobileDataStateTracker(26892): [default]  MobileDataStateReceiver onReceive(): Entry.
02-03 19:26:46.882 D/MobileDataStateTracker(26892): [default]  intent.getAction()= android.intent.action.ANY_DATA_STATE
02-03 19:26:46.882 D/MobileDataStateTracker(26892): [default]  mEnabled = true
02-03 19:26:46.892 D/MobileDataStateTracker(26892): [default]  apnTypeList = dun
02-03 19:26:46.892 D/MobileDataStateTracker(26892): [default]  unavailable = false
02-03 19:26:46.892 D/MobileDataStateTracker(26892): [default] not what we are looking for.
02-03 19:26:46.892 D/MobileDataStateTracker(26892): [hipri]  MobileDataStateReceiver onReceive(): Entry.
02-03 19:26:46.892 D/MobileDataStateTracker(26892): [hipri]  intent.getAction()= android.intent.action.ANY_DATA_STATE
02-03 19:26:46.892 D/MobileDataStateTracker(26892): [hipri]  mEnabled = false
02-03 19:26:46.892 D/MobileDataStateTracker(26892): [hipri]  apnTypeList = hipri
02-03 19:26:46.892 D/MobileDataStateTracker(26892): [hipri]  unavailable = false
02-03 19:26:46.892 D/MobileDataStateTracker(26892): [hipri] Do not process intents if disabled.
02-03 19:26:46.892 D/MobileDataStateTracker(26892): [dun]  MobileDataStateReceiver onReceive(): Entry.
02-03 19:26:46.892 D/MobileDataStateTracker(26892): [dun]  intent.getAction()= android.intent.action.ANY_DATA_STATE
02-03 19:26:46.892 D/MobileDataStateTracker(26892): [dun]  mEnabled = false
02-03 19:26:46.892 D/MobileDataStateTracker(26892): [dun]  apnTypeList = hipri
02-03 19:26:46.892 D/MobileDataStateTracker(26892): [dun]  unavailable = false
02-03 19:26:46.892 D/MobileDataStateTracker(26892): [dun] Do not process intents if disabled.
02-03 19:26:46.892 D/MobileDataStateTracker(26892): [supl]  MobileDataStateReceiver onReceive(): Entry.
02-03 19:26:46.892 D/MobileDataStateTracker(26892): [supl]  intent.getAction()= android.intent.action.ANY_DATA_STATE
02-03 19:26:46.892 D/MobileDataStateTracker(26892): [supl]  mEnabled = false
02-03 19:26:46.892 D/MobileDataStateTracker(26892): [supl]  apnTypeList = hipri
02-03 19:26:46.892 D/MobileDataStateTracker(26892): [supl]  unavailable = false
02-03 19:26:46.892 D/MobileDataStateTracker(26892): [supl] Do not process intents if disabled.
02-03 19:26:46.892 D/MobileDataStateTracker(26892): [mms]  MobileDataStateReceiver onReceive(): Entry.
02-03 19:26:46.892 D/MobileDataStateTracker(26892): [mms]  intent.getAction()= android.intent.action.ANY_DATA_STATE
02-03 19:26:46.892 D/MobileDataStateTracker(26892): [mms]  mEnabled = false
02-03 19:26:46.892 D/MobileDataStateTracker(26892): [mms]  apnTypeList = hipri
02-03 19:26:46.892 D/MobileDataStateTracker(26892): [mms]  unavailable = false
02-03 19:26:46.892 D/MobileDataStateTracker(26892): [mms] Do not process intents if disabled.
02-03 19:26:46.892 D/MobileDataStateTracker(26892): [default]  MobileDataStateReceiver onReceive(): Entry.
02-03 19:26:46.892 D/MobileDataStateTracker(26892): [default]  intent.getAction()= android.intent.action.ANY_DATA_STATE
02-03 19:26:46.892 D/MobileDataStateTracker(26892): [default]  mEnabled = true
02-03 19:26:46.902 D/MobileDataStateTracker(26892): [default]  apnTypeList = hipri
02-03 19:26:46.902 D/MobileDataStateTracker(26892): [default]  unavailable = false
02-03 19:26:46.902 D/MobileDataStateTracker(26892): [default] not what we are looking for.
02-03 19:26:46.902 D/MobileDataStateTracker(26892): [hipri]  MobileDataStateReceiver onReceive(): Entry.
02-03 19:26:46.902 D/MobileDataStateTracker(26892): [hipri]  intent.getAction()= android.intent.action.ANY_DATA_STATE
02-03 19:26:46.902 D/MobileDataStateTracker(26892): [hipri]  mEnabled = false
02-03 19:26:46.902 D/MobileDataStateTracker(26892): [hipri]  apnTypeList = hipri
02-03 19:26:46.902 D/MobileDataStateTracker(26892): [hipri]  unavailable = false
02-03 19:26:46.902 D/MobileDataStateTracker(26892): [hipri] Do not process intents if disabled.
02-03 19:26:46.902 D/MobileDataStateTracker(26892): [dun]  MobileDataStateReceiver onReceive(): Entry.
02-03 19:26:46.902 D/MobileDataStateTracker(26892): [dun]  intent.getAction()= android.intent.action.ANY_DATA_STATE
02-03 19:26:46.902 D/MobileDataStateTracker(26892): [dun]  mEnabled = false
02-03 19:26:46.902 D/MobileDataStateTracker(26892): [dun]  apnTypeList = hipri
02-03 19:26:46.902 D/MobileDataStateTracker(26892): [dun]  unavailable = false
02-03 19:26:46.902 D/MobileDataStateTracker(26892): [dun] Do not process intents if disabled.
02-03 19:26:46.902 D/MobileDataStateTracker(26892): [supl]  MobileDataStateReceiver onReceive(): Entry.
02-03 19:26:46.902 D/MobileDataStateTracker(26892): [supl]  intent.getAction()= android.intent.action.ANY_DATA_STATE
02-03 19:26:46.902 D/MobileDataStateTracker(26892): [supl]  mEnabled = false
02-03 19:26:46.902 D/MobileDataStateTracker(26892): [supl]  apnTypeList = hipri
02-03 19:26:46.902 D/MobileDataStateTracker(26892): [supl]  unavailable = false
02-03 19:26:46.902 D/MobileDataStateTracker(26892): [supl] Do not process intents if disabled.
02-03 19:26:46.902 D/MobileDataStateTracker(26892): [mms]  MobileDataStateReceiver onReceive(): Entry.
02-03 19:26:46.902 D/MobileDataStateTracker(26892): [mms]  intent.getAction()= android.intent.action.ANY_DATA_STATE
02-03 19:26:46.902 D/MobileDataStateTracker(26892): [mms]  mEnabled = false
02-03 19:26:46.902 D/MobileDataStateTracker(26892): [mms]  apnTypeList = hipri
02-03 19:26:46.902 D/MobileDataStateTracker(26892): [mms]  unavailable = false
02-03 19:26:46.902 D/MobileDataStateTracker(26892): [mms] Do not process intents if disabled.
02-03 19:26:46.902 D/MobileDataStateTracker(26892): [default]  MobileDataStateReceiver onReceive(): Entry.
02-03 19:26:46.902 D/MobileDataStateTracker(26892): [default]  intent.getAction()= android.intent.action.ANY_DATA_STATE
02-03 19:26:46.902 D/MobileDataStateTracker(26892): [default]  mEnabled = true
02-03 19:26:46.992 W/Sclibration(27104): processUnSolicited sum =  74084.0  rr =  8464.0
02-03 19:26:47.002 W/Sclibration(27104): processUnSolicited angle =  0.29798088638990416  tempX =  48  tempY =  162
02-03 19:26:47.002 W/Sclibration(27104): processUnSolicited end x =  48  y =  162
02-03 19:26:47.022 W/Sclibration(27104): ScalibrationView--setBallLocation  m_calibrated =  false
02-03 19:26:47.022 W/Sclibration(27104): ScalibrationView--setBallLocation2  m_calibrated =  false
02-03 19:26:47.022 W/Sclibration(27104): onSensorChanged count =  2721  count%LOOPCOUNT =  21
02-03 19:26:47.022 W/Sclibration(27104): onSensorChanged filter =  88651  tp = 1
02-03 19:26:47.022 W/Sclibration(27104): onSensorChanged filter =  30800  tp = 0
02-03 19:26:47.022 W/Sclibration(27104): onSensorChanged count =  3080
02-03 19:26:47.022 W/Sclibration(27104): onSensorChanged curX =  -0.3618814  curY =  -7.106527  curZ =  -3.8802438
02-03 19:26:47.022 W/Sclibration(27104): processUnSolicited begin
02-03 19:26:47.022 W/Sclibration(27104): processUnSolicited curX =  -0.3618814  curY =  -7.106527  curZ =  -3.8802438
02-03 19:26:47.032 W/Sclibration(27104): processUnSolicited x =  121  y =  419
02-03 19:26:47.032 W/Sclibration(27104): processUnSolicited isLeftForX =  true  isDownForY =  false
02-03 19:26:47.032 W/Sclibration(27104): processUnSolicited sum =  80852.0  rr =  8464.0
02-03 19:26:47.032 W/Sclibration(27104): processUnSolicited angle =  0.28113429708210913  tempX =  47  tempY =  160
02-03 19:26:47.032 W/Sclibration(27104): processUnSolicited end x =  47  y =  160
02-03 19:26:47.032 W/Sclibration(27104): ScalibrationView--setBallLocation  m_calibrated =  false
02-03 19:26:47.032 W/Sclibration(27104): ScalibrationView--setBallLocation2  m_calibrated =  false
02-03 19:26:47.032 W/Sclibration(27104): onSensorChanged count =  3080  count%LOOPCOUNT =  20
02-03 19:26:47.032 W/Sclibration(27104): onSensorChanged filter =  27211  tp = 1
02-03 19:26:47.032 W/Sclibration(27104): onSensorChanged filter =  88652  tp = 2
02-03 19:26:47.032 W/Sclibration(27104): onSensorChanged filter =  30801  tp = 1
02-03 19:26:47.032 W/Sclibration(27104): onSensorChanged filter =  27212  tp = 2
02-03 19:26:47.032 W/Sclibration(27104): onSensorChanged filter =  88653  tp = 3
02-03 19:26:47.032 W/Sclibration(27104): onSensorChanged filter =  30802  tp = 2
02-03 19:26:47.032 W/Sclibration(27104): onSensorChanged filter =  27213  tp = 3
02-03 19:26:47.032 W/Sclibration(27104): onSensorChanged filter =  88654  tp = 4
02-03 19:26:47.032 W/Sclibration(27104): onSensorChanged filter =  30803  tp = 3
02-03 19:26:47.032 W/Sclibration(27104): onSensorChanged filter =  27214  tp = 4
02-03 19:26:47.032 W/Sclibration(27104): onSensorChanged filter =  88655  tp = 5
02-03 19:26:47.032 W/Sclibration(27104): onSensorChanged filter =  30804  tp = 4
02-03 19:26:47.032 W/Sclibration(27104): onSensorChanged filter =  27215  tp = 5
02-03 19:26:47.032 W/Sclibration(27104): onSensorChanged filter =  88656  tp = 6
02-03 19:26:47.032 W/Sclibration(27104): onSensorChanged filter =  30805  tp = 5
02-03 19:26:47.032 W/Sclibration(27104): onSensorChanged filter =  27216  tp = 6
02-03 19:26:47.032 W/Sclibration(27104): onSensorChanged filter =  88657  tp = 7
02-03 19:26:47.032 W/Sclibration(27104): onSensorChanged filter =  30806  tp = 6
02-03 19:26:47.032 W/Sclibration(27104): onSensorChanged filter =  27217  tp = 7
02-03 19:26:47.032 W/Sclibration(27104): onSensorChanged filter =  88658  tp = 8
02-03 19:26:47.032 W/Sclibration(27104): onSensorChanged filter =  30807  tp = 7
02-03 19:26:47.032 W/Sclibration(27104): onSensorChanged filter =  27218  tp = 8
02-03 19:26:47.042 D/MobileDataStateTracker(26892): [default]  apnTypeList = hipri
02-03 19:26:47.042 D/MobileDataStateTracker(26892): [default]  unavailable = false
02-03 19:26:47.042 D/MobileDataStateTracker(26892): [default] not what we are looking for.
02-03 19:26:47.062 D/MediaUploader(  504): nonWifiLimit=20971520, default=20971520
02-03 19:26:47.062 I/MediaUploader(  504): No need to wake up
02-03 19:26:47.092 D/DATA    (26963): [DSST(0)] pollstate() : reason = data network state changed
02-03 19:26:47.202 W/Sclibration(27104): onSensorChanged filter =  88659  tp = 9
02-03 19:26:47.202 W/Sclibration(27104): onSensorChanged filter =  30808  tp = 8
02-03 19:26:47.202 W/Sclibration(27104): onSensorChanged filter =  27219  tp = 9
02-03 19:26:47.212 D/PicasaSyncManager(31152): active network: null
02-03 19:26:47.212 D/DATA    (26963): [DSST(0)] pollstate() : reason = radio state changed
02-03 19:26:47.212 D/DATA    (26963): [DSST(0)] Poll ServiceState done: oldSS=[0 home null null null  1xRTT CSS not supported -1 -1RoamInd: -1RoamStatus(sprint): -1DefRoamInd: -1EmergOnly: false] newSS=[3 home null null null  Unknown CSS not supported -1 -1RoamInd: -1RoamStatus(sprint): -1DefRoamInd: -1EmergOnly: false]
02-03 19:26:47.212 D/DATA    (26963): [DSST(0)]  mDataConnectionState = 0
02-03 19:26:47.232 D/MobileDataStateTracker(26892): [hipri]  MobileDataStateReceiver onReceive(): Entry.
02-03 19:26:47.232 D/MobileDataStateTracker(26892): [hipri]  intent.getAction()= android.intent.action.SERVICE_STATE
02-03 19:26:47.232 D/MobileDataStateTracker(26892): [hipri]  mEnabled = false
02-03 19:26:47.232 D/MobileDataStateTracker(26892): [dun]  MobileDataStateReceiver onReceive(): Entry.
02-03 19:26:47.232 D/MobileDataStateTracker(26892): [dun]  intent.getAction()= android.intent.action.SERVICE_STATE
02-03 19:26:47.232 D/MobileDataStateTracker(26892): [dun]  mEnabled = false
02-03 19:26:47.232 D/MobileDataStateTracker(26892): [supl]  MobileDataStateReceiver onReceive(): Entry.
02-03 19:26:47.232 D/MobileDataStateTracker(26892): [supl]  intent.getAction()= android.intent.action.SERVICE_STATE
02-03 19:26:47.232 D/MobileDataStateTracker(26892): [supl]  mEnabled = false
02-03 19:26:47.232 D/MobileDataStateTracker(26892): [mms]  MobileDataStateReceiver onReceive(): Entry.
02-03 19:26:47.232 D/MobileDataStateTracker(26892): [mms]  intent.getAction()= android.intent.action.SERVICE_STATE
02-03 19:26:47.232 D/MobileDataStateTracker(26892): [mms]  mEnabled = false
02-03 19:26:47.232 E/DATA    (26963): Wrong network type: 0
02-03 19:26:47.242 D/MobileDataStateTracker(26892): [mms] subType changed, oldSubtype = 7new subtype = 0
02-03 19:26:47.242 D/MobileDataStateTracker(26892): [default]  MobileDataStateReceiver onReceive(): Entry.
02-03 19:26:47.252 D/MobileDataStateTracker(26892): [default]  intent.getAction()= android.intent.action.SERVICE_STATE
02-03 19:26:47.252 D/MobileDataStateTracker(26892): [default]  mEnabled = true
02-03 19:26:47.252 D/MobileDataStateTracker(26892): [default] subType changed, oldSubtype = 7new subtype = 0
02-03 19:26:47.252 D/KeyguardUpdateMonitor(26892): received broadcast android.provider.Telephony.SPN_STRINGS_UPDATED
02-03 19:26:47.252 D/KeyguardUpdateMonitor(26892): Received SPN update on sub :0
02-03 19:26:47.252 D/KeyguardUpdateMonitor(26892): handleCarrierInfoUpdate: plmn = (No service), spn = null, subscription = 0
02-03 19:26:47.272 D/MobileDataStateTracker(26892): [hipri]  MobileDataStateReceiver onReceive(): Entry.
02-03 19:26:47.272 D/MobileDataStateTracker(26892): [hipri]  intent.getAction()= android.intent.action.SERVICE_STATE
02-03 19:26:47.272 D/MobileDataStateTracker(26892): [hipri]  mEnabled = false
02-03 19:26:47.272 D/MobileDataStateTracker(26892): [hipri] subType changed, oldSubtype = 7new subtype = 0
02-03 19:26:47.282 D/MobileDataStateTracker(26892): [dun]  MobileDataStateReceiver onReceive(): Entry.
02-03 19:26:47.282 D/MobileDataStateTracker(26892): [dun]  intent.getAction()= android.intent.action.SERVICE_STATE
02-03 19:26:47.282 D/MobileDataStateTracker(26892): [dun]  mEnabled = false
02-03 19:26:47.282 D/CAT     (26963): CatService: Sending Radio Status: RADIO_OFF
02-03 19:26:47.282 D/DATA    (26963): [DCT(0) ] onRadioOn : register for roaming on/off
02-03 19:26:47.282 D/MobileDataStateTracker(26892): [dun] subType changed, oldSubtype = 7new subtype = 0
02-03 19:26:47.282 D/MobileDataStateTracker(26892): [supl]  MobileDataStateReceiver onReceive(): Entry.
02-03 19:26:47.282 D/MobileDataStateTracker(26892): [supl]  intent.getAction()= android.intent.action.SERVICE_STATE
02-03 19:26:47.282 D/MobileDataStateTracker(26892): [supl]  mEnabled = false
02-03 19:26:47.292 D/CallManager(26963):  handleMessage (EVENT_SERVICE_STATE_CHANGED)
02-03 19:26:47.292 E/BT HS/HF(26963): SERVICE_STATE_CHANGED called
02-03 19:26:47.292 E/BT HS/HF(26963): updateServiceState called, sendUpdate:false  ServiceState:0 home Sprint  310099  1xRTT CSS not supported 41 4139RoamInd: 1RoamStatus(sprint): 1DefRoamInd: 160EmergOnly: false
02-03 19:26:47.292 E/BT HS/HF(26963): service:1 mService:1
02-03 19:26:47.292 D/MobileDataStateTracker(26892): [supl] subType changed, oldSubtype = 7new subtype = 0
02-03 19:26:47.292 D/MobileDataStateTracker(26892): [mms]  MobileDataStateReceiver onReceive(): Entry.
02-03 19:26:47.292 D/MobileDataStateTracker(26892): [mms]  intent.getAction()= android.intent.action.SERVICE_STATE
02-03 19:26:47.302 D/MobileDataStateTracker(26892): [mms]  mEnabled = false
02-03 19:26:47.302 D/MobileDataStateTracker(26892): [default]  MobileDataStateReceiver onReceive(): Entry.
02-03 19:26:47.302 D/MobileDataStateTracker(26892): [default]  intent.getAction()= android.intent.action.SERVICE_STATE
02-03 19:26:47.302 D/MobileDataStateTracker(26892): [default]  mEnabled = true
02-03 19:26:47.302 D/Phone   (26963): [PhoneNotifier] [DefaultPhoneNotifier] : default, INET, DISCONNECTED
02-03 19:26:47.302 I/TelephonyRegistry(26892): notifyDataConnection: state=0 isDataConnectivityPossible=false reason=radioTechnologyChanged interfaceName=null networkType=0 apnType=default apn=null
02-03 19:26:47.302 I/TelephonyRegistry(26892): +++broadcastDataConnectionStateChanged
02-03 19:26:47.302 I/TelephonyRegistry(26892): +++sendStickyBroadcast
02-03 19:26:47.322 D/Phone   (26963): [PhoneNotifier] [DefaultPhoneNotifier] : default, INET6, DISCONNECTED
02-03 19:26:47.322 D/MobileDataStateTracker(26892): [hipri]  MobileDataStateReceiver onReceive(): Entry.
02-03 19:26:47.322 D/MobileDataStateTracker(26892): [hipri]  intent.getAction()= android.intent.action.ANY_DATA_STATE
02-03 19:26:47.322 D/MobileDataStateTracker(26892): [hipri]  mEnabled = false
02-03 19:26:47.332 I/TelephonyRegistry(26892): notifyDataConnection: state=0 isDataConnectivityPossible=false reason=radioTechnologyChanged interfaceName=null networkType=0 apnType=default apn=null
02-03 19:26:47.332 I/TelephonyRegistry(26892): +++broadcastDataConnectionStateChanged
02-03 19:26:47.332 I/TelephonyRegistry(26892): +++sendStickyBroadcast
02-03 19:26:47.332 D/MobileDataStateTracker(26892): [hipri]  apnTypeList = default
02-03 19:26:47.332 D/MobileDataStateTracker(26892): [hipri]  unavailable = true
02-03 19:26:47.332 D/MobileDataStateTracker(26892): [hipri] Do not process intents if disabled.
02-03 19:26:47.332 D/MobileDataStateTracker(26892): [dun]  MobileDataStateReceiver onReceive(): Entry.
02-03 19:26:47.332 D/MobileDataStateTracker(26892): [dun]  intent.getAction()= android.intent.action.ANY_DATA_STATE
02-03 19:26:47.332 D/MobileDataStateTracker(26892): [dun]  mEnabled = false
02-03 19:26:47.342 D/MobileDataStateTracker(26892): [dun]  apnTypeList = default
02-03 19:26:47.342 D/MobileDataStateTracker(26892): [dun]  unavailable = true
02-03 19:26:47.342 D/Phone   (26963): [PhoneNotifier] [DefaultPhoneNotifier] : mms, INET, DISCONNECTED
02-03 19:26:47.342 I/TelephonyRegistry(26892): notifyDataConnection: state=0 isDataConnectivityPossible=false reason=radioTechnologyChanged interfaceName=null networkType=0 apnType=mms apn=null
02-03 19:26:47.342 I/TelephonyRegistry(26892): +++broadcastDataConnectionStateChanged
02-03 19:26:47.342 I/TelephonyRegistry(26892): +++sendStickyBroadcast
02-03 19:26:47.352 D/MobileDataStateTracker(26892): [dun] Do not process intents if disabled.
02-03 19:26:47.352 D/MobileDataStateTracker(26892): [supl]  MobileDataStateReceiver onReceive(): Entry.
02-03 19:26:47.352 D/MobileDataStateTracker(26892): [supl]  intent.getAction()= android.intent.action.ANY_DATA_STATE
02-03 19:26:47.352 D/MobileDataStateTracker(26892): [supl]  mEnabled = false
02-03 19:26:47.352 D/MobileDataStateTracker(26892): [supl]  apnTypeList = default
02-03 19:26:47.352 D/Phone   (26963): [PhoneNotifier] [DefaultPhoneNotifier] : mms, INET6, DISCONNECTED
02-03 19:26:47.362 I/TelephonyRegistry(26892): notifyDataConnection: state=0 isDataConnectivityPossible=false reason=radioTechnologyChanged interfaceName=null networkType=0 apnType=mms apn=null
02-03 19:26:47.362 I/TelephonyRegistry(26892): +++broadcastDataConnectionStateChanged
02-03 19:26:47.362 I/TelephonyRegistry(26892): +++sendStickyBroadcast
02-03 19:26:47.362 D/MobileDataStateTracker(26892): [supl]  unavailable = true
02-03 19:26:47.362 D/MobileDataStateTracker(26892): [supl] Do not process intents if disabled.
02-03 19:26:47.362 D/MobileDataStateTracker(26892): [mms]  MobileDataStateReceiver onReceive(): Entry.
02-03 19:26:47.362 D/MobileDataStateTracker(26892): [mms]  intent.getAction()= android.intent.action.ANY_DATA_STATE
02-03 19:26:47.362 D/MobileDataStateTracker(26892): [mms]  mEnabled = false
02-03 19:26:47.362 D/MobileDataStateTracker(26892): [mms]  apnTypeList = default
02-03 19:26:47.362 D/MobileDataStateTracker(26892): [mms]  unavailable = true
02-03 19:26:47.362 D/MobileDataStateTracker(26892): [mms] Do not process intents if disabled.
02-03 19:26:47.362 D/MobileDataStateTracker(26892): [default]  MobileDataStateReceiver onReceive(): Entry.
02-03 19:26:47.362 D/MobileDataStateTracker(26892): [default]  intent.getAction()= android.intent.action.ANY_DATA_STATE
02-03 19:26:47.362 D/MobileDataStateTracker(26892): [default]  mEnabled = true
02-03 19:26:47.372 D/Phone   (26963): [PhoneNotifier] [DefaultPhoneNotifier] : supl, INET, DISCONNECTED
02-03 19:26:47.372 I/TelephonyRegistry(26892): notifyDataConnection: state=0 isDataConnectivityPossible=false reason=radioTechnologyChanged interfaceName=null networkType=0 apnType=supl apn=null
02-03 19:26:47.372 I/TelephonyRegistry(26892): +++broadcastDataConnectionStateChanged
02-03 19:26:47.372 I/TelephonyRegistry(26892): +++sendStickyBroadcast
02-03 19:26:47.372 D/Phone   (26963): [PhoneNotifier] [DefaultPhoneNotifier] : supl, INET6, DISCONNECTED
02-03 19:26:47.372 I/TelephonyRegistry(26892): notifyDataConnection: state=0 isDataConnectivityPossible=false reason=radioTechnologyChanged interfaceName=null networkType=0 apnType=supl apn=null
02-03 19:26:47.372 I/TelephonyRegistry(26892): +++broadcastDataConnectionStateChanged
02-03 19:26:47.382 D/MobileDataStateTracker(26892): [default]  apnTypeList = default
02-03 19:26:47.382 D/MobileDataStateTracker(26892): [default]  unavailable = true
02-03 19:26:47.382 D/MobileDataStateTracker(26892): [default] CALL updateMobileInfoFromIntent
02-03 19:26:47.382 I/MobileDataStateTracker(26892): [default] dc state change intent received for default/INET with state  DISCONNECTED. enabled=true state change reason = radioTechnologyChanged
02-03 19:26:47.382 I/MobileDataStateTracker(26892): [default] old state = DISCONNECTED
02-03 19:26:47.382 I/MobileDataStateTracker(26892): [default] no change,  just return
02-03 19:26:47.382 D/MobileDataStateTracker(26892): [default] No need to update detailed state
02-03 19:26:47.382 D/MobileDataStateTracker(26892): [hipri]  MobileDataStateReceiver onReceive(): Entry.
02-03 19:26:47.382 D/MobileDataStateTracker(26892): [hipri]  intent.getAction()= android.intent.action.ANY_DATA_STATE
02-03 19:26:47.382 D/MobileDataStateTracker(26892): [hipri]  mEnabled = false
02-03 19:26:47.382 D/MobileDataStateTracker(26892): [hipri]  apnTypeList = default
02-03 19:26:47.382 I/TelephonyRegistry(26892): +++sendStickyBroadcast
02-03 19:26:47.382 D/Phone   (26963): [PhoneNotifier] [DefaultPhoneNotifier] : dun, INET, DISCONNECTED
02-03 19:26:47.392 I/TelephonyRegistry(26892): notifyDataConnection: state=0 isDataConnectivityPossible=false reason=radioTechnologyChanged interfaceName=null networkType=0 apnType=dun apn=null
02-03 19:26:47.392 I/TelephonyRegistry(26892): +++broadcastDataConnectionStateChanged
02-03 19:26:47.392 I/TelephonyRegistry(26892): +++sendStickyBroadcast
02-03 19:26:47.392 D/MobileDataStateTracker(26892): [hipri]  unavailable = true
02-03 19:26:47.392 D/MobileDataStateTracker(26892): [hipri] Do not process intents if disabled.
02-03 19:26:47.392 D/MobileDataStateTracker(26892): [dun]  MobileDataStateReceiver onReceive(): Entry.
02-03 19:26:47.392 D/MobileDataStateTracker(26892): [dun]  intent.getAction()= android.intent.action.ANY_DATA_STATE
02-03 19:26:47.392 D/MobileDataStateTracker(26892): [dun]  mEnabled = false
02-03 19:26:47.392 D/MobileDataStateTracker(26892): [dun]  apnTypeList = default
02-03 19:26:47.392 D/MobileDataStateTracker(26892): [dun]  unavailable = true
02-03 19:26:47.392 D/MobileDataStateTracker(26892): [dun] Do not process intents if disabled.
02-03 19:26:47.392 D/MobileDataStateTracker(26892): [supl]  MobileDataStateReceiver onReceive(): Entry.
02-03 19:26:47.392 D/MobileDataStateTracker(26892): [supl]  intent.getAction()= android.intent.action.ANY_DATA_STATE
02-03 19:26:47.392 D/MobileDataStateTracker(26892): [supl]  mEnabled = false
02-03 19:26:47.402 D/Phone   (26963): [PhoneNotifier] [DefaultPhoneNotifier] : dun, INET6, DISCONNECTED
02-03 19:26:47.402 I/TelephonyRegistry(26892): notifyDataConnection: state=0 isDataConnectivityPossible=false reason=radioTechnologyChanged interfaceName=null networkType=0 apnType=dun apn=null
02-03 19:26:47.402 I/TelephonyRegistry(26892): +++broadcastDataConnectionStateChanged
02-03 19:26:47.402 I/TelephonyRegistry(26892): +++sendStickyBroadcast
02-03 19:26:47.402 D/Phone   (26963): [PhoneNotifier] [DefaultPhoneNotifier] : hipri, INET, DISCONNECTED
02-03 19:26:47.412 D/MobileDataStateTracker(26892): [supl]  apnTypeList = default
02-03 19:26:47.412 D/MobileDataStateTracker(26892): [supl]  unavailable = true
02-03 19:26:47.412 D/MobileDataStateTracker(26892): [supl] Do not process intents if disabled.
02-03 19:26:47.412 D/MobileDataStateTracker(26892): [mms]  MobileDataStateReceiver onReceive(): Entry.
02-03 19:26:47.412 D/MobileDataStateTracker(26892): [mms]  intent.getAction()= android.intent.action.ANY_DATA_STATE
02-03 19:26:47.412 D/MobileDataStateTracker(26892): [mms]  mEnabled = false
02-03 19:26:47.442 I/TelephonyRegistry(26892): notifyDataConnection: state=0 isDataConnectivityPossible=false reason=radioTechnologyChanged interfaceName=null networkType=0 apnType=hipri apn=null
02-03 19:26:47.442 I/TelephonyRegistry(26892): +++broadcastDataConnectionStateChanged
02-03 19:26:47.442 D/MobileDataStateTracker(26892): [mms]  apnTypeList = default
02-03 19:26:47.442 D/MobileDataStateTracker(26892): [mms]  unavailable = true
02-03 19:26:47.442 D/MobileDataStateTracker(26892): [mms] Do not process intents if disabled.
02-03 19:26:47.442 D/MobileDataStateTracker(26892): [default]  MobileDataStateReceiver onReceive(): Entry.
02-03 19:26:47.442 D/MobileDataStateTracker(26892): [default]  intent.getAction()= android.intent.action.ANY_DATA_STATE
02-03 19:26:47.442 D/MobileDataStateTracker(26892): [default]  mEnabled = true
02-03 19:26:47.442 I/TelephonyRegistry(26892): +++sendStickyBroadcast
02-03 19:26:47.462 D/MobileDataStateTracker(26892): [default]  apnTypeList = default
02-03 19:26:47.462 D/MobileDataStateTracker(26892): [default]  unavailable = true
02-03 19:26:47.462 D/MobileDataStateTracker(26892): [default] CALL updateMobileInfoFromIntent
02-03 19:26:47.462 I/MobileDataStateTracker(26892): [default] dc state change intent received for default/INET6 with state  DISCONNECTED. enabled=true state change reason = radioTechnologyChanged
02-03 19:26:47.462 I/MobileDataStateTracker(26892): [default] old state = DISCONNECTED
02-03 19:26:47.462 I/MobileDataStateTracker(26892): [default] no change,  just return
02-03 19:26:47.462 D/MobileDataStateTracker(26892): [default] No need to update detailed state
02-03 19:26:47.462 D/MobileDataStateTracker(26892): [hipri]  MobileDataStateReceiver onReceive(): Entry.
02-03 19:26:47.462 D/MobileDataStateTracker(26892): [hipri]  intent.getAction()= android.intent.action.ANY_DATA_STATE
02-03 19:26:47.462 D/MobileDataStateTracker(26892): [hipri]  mEnabled = false
02-03 19:26:47.462 D/MobileDataStateTracker(26892): [hipri]  apnTypeList = mms
02-03 19:26:47.462 D/MobileDataStateTracker(26892): [hipri]  unavailable = true
02-03 19:26:47.462 D/Phone   (26963): [PhoneNotifier] [DefaultPhoneNotifier] : hipri, INET6, DISCONNECTED
02-03 19:26:47.462 I/TelephonyRegistry(26892): notifyDataConnection: state=0 isDataConnectivityPossible=false reason=radioTechnologyChanged interfaceName=null networkType=0 apnType=hipri apn=null
02-03 19:26:47.462 I/TelephonyRegistry(26892): +++broadcastDataConnectionStateChanged
02-03 19:26:47.462 I/TelephonyRegistry(26892): +++sendStickyBroadcast
02-03 19:26:47.472 D/DATA    (26963): [DCT(0) ] Resetting all profiles and service states!
02-03 19:26:47.472 D/CallManager(26963):  handleMessage (EVENT_SERVICE_STATE_CHANGED)
02-03 19:26:47.472 E/BT HS/HF(26963): SERVICE_STATE_CHANGED called
02-03 19:26:47.472 E/BT HS/HF(26963): updateServiceState called, sendUpdate:false  ServiceState:3 home null null null  Unknown CSS not supported -1 -1RoamInd: -1RoamStatus(sprint): -1DefRoamInd: -1EmergOnly: false
02-03 19:26:47.472 E/BT HS/HF(26963): service:0 mService:1
02-03 19:26:47.482 D/PhoneApp(26963): mReceiver: ACTION_ANY_DATA_CONNECTION_STATE_CHANGED
02-03 19:26:47.482 D/PhoneApp(26963): - state: DISCONNECTED
02-03 19:26:47.482 D/PhoneApp(26963): - reason: radioTechnologyChanged
02-03 19:26:47.482 D/PhoneApp(26963): mReceiver: ACTION_ANY_DATA_CONNECTION_STATE_CHANGED
02-03 19:26:47.482 D/PhoneApp(26963): - state: DISCONNECTED
02-03 19:26:47.482 D/PhoneApp(26963): - reason: radioTechnologyChanged
02-03 19:26:47.482 D/PhoneApp(26963): mReceiver: ACTION_ANY_DATA_CONNECTION_STATE_CHANGED
02-03 19:26:47.482 D/PhoneApp(26963): - state: DISCONNECTED
02-03 19:26:47.482 D/PhoneApp(26963): - reason: radioTechnologyChanged
02-03 19:26:47.482 D/PhoneApp(26963): mReceiver: ACTION_ANY_DATA_CONNECTION_STATE_CHANGED
02-03 19:26:47.482 D/MobileDataStateTracker(26892): [hipri] Do not process intents if disabled.
02-03 19:26:47.482 D/MobileDataStateTracker(26892): [dun]  MobileDataStateReceiver onReceive(): Entry.
02-03 19:26:47.482 D/MobileDataStateTracker(26892): [dun]  intent.getAction()= android.intent.action.ANY_DATA_STATE
02-03 19:26:47.482 D/MobileDataStateTracker(26892): [dun]  mEnabled = false
02-03 19:26:47.482 D/MobileDataStateTracker(26892): [dun]  apnTypeList = mms
02-03 19:26:47.482 D/MobileDataStateTracker(26892): [dun]  unavailable = true
02-03 19:26:47.482 D/MobileDataStateTracker(26892): [dun] Do not process intents if disabled.
02-03 19:26:47.482 D/MobileDataStateTracker(26892): [supl]  MobileDataStateReceiver onReceive(): Entry.
02-03 19:26:47.482 D/MobileDataStateTracker(26892): [supl]  intent.getAction()= android.intent.action.ANY_DATA_STATE
02-03 19:26:47.482 D/MobileDataStateTracker(26892): [supl]  mEnabled = false
02-03 19:26:47.482 D/MobileDataStateTracker(26892): [supl]  apnTypeList = mms
02-03 19:26:47.482 D/MobileDataStateTracker(26892): [supl]  unavailable = true
02-03 19:26:47.482 D/MobileDataStateTracker(26892): [supl] Do not process intents if disabled.
02-03 19:26:47.482 D/MobileDataStateTracker(26892): [mms]  MobileDataStateReceiver onReceive(): Entry.
02-03 19:26:47.482 D/MobileDataStateTracker(26892): [mms]  intent.getAction()= android.intent.action.ANY_DATA_STATE
02-03 19:26:47.482 D/MobileDataStateTracker(26892): [mms]  mEnabled = false
02-03 19:26:47.492 D/MobileDataStateTracker(26892): [mms]  apnTypeList = mms
02-03 19:26:47.492 D/MobileDataStateTracker(26892): [mms]  unavailable = true
02-03 19:26:47.492 D/MobileDataStateTracker(26892): [mms] Do not process intents if disabled.
02-03 19:26:47.492 D/MobileDataStateTracker(26892): [default]  MobileDataStateReceiver onReceive(): Entry.
02-03 19:26:47.492 D/MobileDataStateTracker(26892): [default]  intent.getAction()= android.intent.action.ANY_DATA_STATE
02-03 19:26:47.492 D/MobileDataStateTracker(26892): [default]  mEnabled = true
02-03 19:26:47.492 D/MobileDataStateTracker(26892): [default]  apnTypeList = mms
02-03 19:26:47.492 D/MobileDataStateTracker(26892): [default]  unavailable = true
02-03 19:26:47.492 D/MobileDataStateTracker(26892): [default] not what we are looking for.
02-03 19:26:47.492 D/MobileDataStateTracker(26892): [hipri]  MobileDataStateReceiver onReceive(): Entry.
02-03 19:26:47.492 D/MobileDataStateTracker(26892): [hipri]  intent.getAction()= android.intent.action.ANY_DATA_STATE
02-03 19:26:47.492 D/MobileDataStateTracker(26892): [hipri]  mEnabled = false
02-03 19:26:47.492 D/MobileDataStateTracker(26892): [hipri]  apnTypeList = mms
02-03 19:26:47.492 D/MobileDataStateTracker(26892): [hipri]  unavailable = true
02-03 19:26:47.492 D/MobileDataStateTracker(26892): [hipri] Do not process intents if disabled.
02-03 19:26:47.492 D/MobileDataStateTracker(26892): [dun]  MobileDataStateReceiver onReceive(): Entry.
02-03 19:26:47.492 D/MobileDataStateTracker(26892): [dun]  intent.getAction()= android.intent.action.ANY_DATA_STATE
02-03 19:26:47.492 D/MobileDataStateTracker(26892): [dun]  mEnabled = false
02-03 19:26:47.492 D/MobileDataStateTracker(26892): [dun]  apnTypeList = mms
02-03 19:26:47.492 D/MobileDataStateTracker(26892): [dun]  unavailable = true
02-03 19:26:47.492 D/MobileDataStateTracker(26892): [dun] Do not process intents if disabled.
02-03 19:26:47.492 D/MobileDataStateTracker(26892): [supl]  MobileDataStateReceiver onReceive(): Entry.
02-03 19:26:47.492 D/MobileDataStateTracker(26892): [supl]  intent.getAction()= android.intent.action.ANY_DATA_STATE
02-03 19:26:47.492 D/MobileDataStateTracker(26892): [supl]  mEnabled = false
02-03 19:26:47.502 D/PhoneApp(26963): - state: DISCONNECTED
02-03 19:26:47.502 D/PhoneApp(26963): - reason: radioTechnologyChanged
02-03 19:26:47.502 D/PhoneApp(26963): mReceiver: ACTION_ANY_DATA_CONNECTION_STATE_CHANGED
02-03 19:26:47.502 D/PhoneApp(26963): - state: DISCONNECTED
02-03 19:26:47.502 D/PhoneApp(26963): - reason: radioTechnologyChanged
02-03 19:26:47.502 D/PhoneApp(26963): mReceiver: ACTION_ANY_DATA_CONNECTION_STATE_CHANGED
02-03 19:26:47.502 D/PhoneApp(26963): - state: DISCONNECTED
02-03 19:26:47.502 D/PhoneApp(26963): - reason: radioTechnologyChanged
02-03 19:26:47.502 D/PhoneApp(26963): mReceiver: ACTION_ANY_DATA_CONNECTION_STATE_CHANGED
02-03 19:26:47.502 D/PhoneApp(26963): - state: DISCONNECTED
02-03 19:26:47.502 D/PhoneApp(26963): - reason: radioTechnologyChanged
02-03 19:26:47.502 D/PhoneApp(26963): mReceiver: ACTION_ANY_DATA_CONNECTION_STATE_CHANGED
02-03 19:26:47.502 D/PhoneApp(26963): - state: DISCONNECTED
02-03 19:26:47.502 D/PhoneApp(26963): - reason: radioTechnologyChanged
02-03 19:26:47.502 D/PhoneApp(26963): mReceiver: ACTION_ANY_DATA_CONNECTION_STATE_CHANGED
02-03 19:26:47.502 D/PhoneApp(26963): - state: DISCONNECTED
02-03 19:26:47.502 D/PhoneApp(26963): - reason: radioTechnologyChanged
02-03 19:26:47.512 D/PhoneApp(26963): mReceiver: ACTION_ANY_DATA_CONNECTION_STATE_CHANGED
02-03 19:26:47.512 D/PhoneApp(26963): - state: DISCONNECTED
02-03 19:26:47.512 D/PhoneApp(26963): - reason: radioTechnologyChanged
02-03 19:26:47.512 I/DATA    (26963): [DCT(0) ] onUpdateDataConnections: reason=radioTechnologyChanged
02-03 19:26:47.512 I/DATA    (26963): [DCT(0) ] ---dc list---
02-03 19:26:47.512 I/DATA    (26963): [DCT(0) ] ---ds list---
02-03 19:26:47.512 I/DATA    (26963): [DCT(0) ] ds= SERVICE_TYPE_DEFAULT, enabled = true, active = v4:IDLE v6:IDLE
02-03 19:26:47.512 I/DATA    (26963): [DCT(0) ] ds= SERVICE_TYPE_MMS, enabled = false, active = v4:IDLE v6:IDLE
02-03 19:26:47.512 I/DATA    (26963): [DCT(0) ] ds= SERVICE_TYPE_SUPL, enabled = false, active = v4:IDLE v6:IDLE
02-03 19:26:47.512 I/DATA    (26963): [DCT(0) ] ds= SERVICE_TYPE_DUN, enabled = false, active = v4:IDLE v6:IDLE
02-03 19:26:47.512 I/DATA    (26963): [DCT(0) ] ds= SERVICE_TYPE_HIPRI, enabled = false, active = v4:IDLE v6:IDLE
02-03 19:26:47.512 I/DATA    (26963): [DCT(0) ] ***** NOT Ready for data :
02-03 19:26:47.512 I/DATA    (26963): [DCT(0) ]    getDesiredPowerState() = false
02-03 19:26:47.512 I/DATA    (26963): [DCT(0) ]    mCm.getRadioState() = RADIO_OFF
02-03 19:26:47.512 I/DATA    (26963): [DCT(0) ]    [DataRadioTech = RADIO_TECH_UNKNOWN, data network state = 3, mMasterDataEnabled = true, is Roaming = false, dataOnRoamingEnable = false, isPsRestricted = false, desiredPowerState  = false, mSIMRecords = , cdmaSubSource = 1/310120, mRuimRecords = , checks = true/true]
02-03 19:26:47.512 D/PhoneApp(26963): old phone type:2, New Phone type:2
02-03 19:26:47.512 D/NotificationMgr(26963): hideDataDisconnectedRoaming()...
02-03 19:26:47.512 D/MobileDataStateTracker(26892): [supl]  apnTypeList = mms
02-03 19:26:47.512 D/MobileDataStateTracker(26892): [supl]  unavailable = true
02-03 19:26:47.512 D/MobileDataStateTracker(26892): [supl] Do not process intents if disabled.
02-03 19:26:47.512 D/MobileDataStateTracker(26892): [mms]  MobileDataStateReceiver onReceive(): Entry.
02-03 19:26:47.512 D/MobileDataStateTracker(26892): [mms]  intent.getAction()= android.intent.action.ANY_DATA_STATE
02-03 19:26:47.512 D/MobileDataStateTracker(26892): [mms]  mEnabled = false
02-03 19:26:47.512 D/MobileDataStateTracker(26892): [mms]  apnTypeList = mms
02-03 19:26:47.512 D/MobileDataStateTracker(26892): [mms]  unavailable = true
02-03 19:26:47.512 D/MobileDataStateTracker(26892): [mms] Do not process intents if disabled.
02-03 19:26:47.512 D/MobileDataStateTracker(26892): [default]  MobileDataStateReceiver onReceive(): Entry.
02-03 19:26:47.512 D/MobileDataStateTracker(26892): [default]  intent.getAction()= android.intent.action.ANY_DATA_STATE
02-03 19:26:47.512 D/MobileDataStateTracker(26892): [default]  mEnabled = true
02-03 19:26:47.522 D/MobileDataStateTracker(26892): [default]  apnTypeList = mms
02-03 19:26:47.522 D/MobileDataStateTracker(26892): [default]  unavailable = true
02-03 19:26:47.522 D/MobileDataStateTracker(26892): [default] not what we are looking for.
02-03 19:26:47.522 D/MobileDataStateTracker(26892): [hipri]  MobileDataStateReceiver onReceive(): Entry.
02-03 19:26:47.522 D/MobileDataStateTracker(26892): [hipri]  intent.getAction()= android.intent.action.ANY_DATA_STATE
02-03 19:26:47.522 D/MobileDataStateTracker(26892): [hipri]  mEnabled = false
02-03 19:26:47.522 D/MobileDataStateTracker(26892): [hipri]  apnTypeList = supl
02-03 19:26:47.522 D/MobileDataStateTracker(26892): [hipri]  unavailable = true
02-03 19:26:47.522 D/MobileDataStateTracker(26892): [hipri] Do not process intents if disabled.
02-03 19:26:47.522 D/MobileDataStateTracker(26892): [dun]  MobileDataStateReceiver onReceive(): Entry.
02-03 19:26:47.522 D/MobileDataStateTracker(26892): [dun]  intent.getAction()= android.intent.action.ANY_DATA_STATE
02-03 19:26:47.522 D/MobileDataStateTracker(26892): [dun]  mEnabled = false
02-03 19:26:47.522 D/MobileDataStateTracker(26892): [dun]  apnTypeList = supl
02-03 19:26:47.522 D/MobileDataStateTracker(26892): [dun]  unavailable = true
02-03 19:26:47.522 D/MobileDataStateTracker(26892): [dun] Do not process intents if disabled.
02-03 19:26:47.522 D/MobileDataStateTracker(26892): [supl]  MobileDataStateReceiver onReceive(): Entry.
02-03 19:26:47.522 D/MobileDataStateTracker(26892): [supl]  intent.getAction()= android.intent.action.ANY_DATA_STATE
02-03 19:26:47.522 D/MobileDataStateTracker(26892): [supl]  mEnabled = false
02-03 19:26:47.522 D/MobileDataStateTracker(26892): [supl]  apnTypeList = supl
02-03 19:26:47.522 D/MobileDataStateTracker(26892): [supl]  unavailable = true
02-03 19:26:47.522 D/MobileDataStateTracker(26892): [supl] Do not process intents if disabled.
02-03 19:26:47.532 D/MobileDataStateTracker(26892): [mms]  MobileDataStateReceiver onReceive(): Entry.
02-03 19:26:47.532 D/PhoneApp(26963): old phone type:2, New Phone type:2
02-03 19:26:47.532 D/NotificationMgr(26963): hideDataDisconnectedRoaming()...
02-03 19:26:47.532 D/PhoneApp(26963): old phone type:2, New Phone type:2
02-03 19:26:47.532 D/NotificationMgr(26963): hideDataDisconnectedRoaming()...
02-03 19:26:47.532 D/PhoneApp(26963): old phone type:2, New Phone type:2
02-03 19:26:47.532 D/NotificationMgr(26963): hideDataDisconnectedRoaming()...
02-03 19:26:47.532 D/PhoneApp(26963): old phone type:2, New Phone type:2
02-03 19:26:47.532 D/NotificationMgr(26963): hideDataDisconnectedRoaming()...
02-03 19:26:47.532 D/PhoneApp(26963): old phone type:2, New Phone type:2
02-03 19:26:47.532 D/NotificationMgr(26963): hideDataDisconnectedRoaming()...
02-03 19:26:47.532 D/PhoneApp(26963): old phone type:2, New Phone type:2
02-03 19:26:47.532 D/NotificationMgr(26963): hideDataDisconnectedRoaming()...
02-03 19:26:47.532 D/MobileDataStateTracker(26892): [mms]  intent.getAction()= android.intent.action.ANY_DATA_STATE
02-03 19:26:47.532 D/MobileDataStateTracker(26892): [mms]  mEnabled = false
02-03 19:26:47.532 D/PhoneApp(26963): old phone type:2, New Phone type:2
02-03 19:26:47.532 D/NotificationMgr(26963): hideDataDisconnectedRoaming()...
02-03 19:26:47.532 D/MobileDataStateTracker(26892): [mms]  apnTypeList = supl
02-03 19:26:47.532 D/MobileDataStateTracker(26892): [mms]  unavailable = true
02-03 19:26:47.532 D/MobileDataStateTracker(26892): [mms] Do not process intents if disabled.
02-03 19:26:47.532 D/MobileDataStateTracker(26892): [default]  MobileDataStateReceiver onReceive(): Entry.
02-03 19:26:47.532 D/MobileDataStateTracker(26892): [default]  intent.getAction()= android.intent.action.ANY_DATA_STATE
02-03 19:26:47.532 D/MobileDataStateTracker(26892): [default]  mEnabled = true
02-03 19:26:47.542 D/MobileDataStateTracker(26892): [default]  apnTypeList = supl
02-03 19:26:47.542 D/MobileDataStateTracker(26892): [default]  unavailable = true
02-03 19:26:47.542 D/MobileDataStateTracker(26892): [default] not what we are looking for.
02-03 19:26:47.542 D/MobileDataStateTracker(26892): [hipri]  MobileDataStateReceiver onReceive(): Entry.
02-03 19:26:47.542 D/MobileDataStateTracker(26892): [hipri]  intent.getAction()= android.intent.action.ANY_DATA_STATE
02-03 19:26:47.542 D/MobileDataStateTracker(26892): [hipri]  mEnabled = false
02-03 19:26:47.542 D/PhoneApp(26963): old phone type:2, New Phone type:2
02-03 19:26:47.542 D/NotificationMgr(26963): hideDataDisconnectedRoaming()...
02-03 19:26:47.542 D/PhoneApp(26963): old phone type:2, New Phone type:2
02-03 19:26:47.542 D/NotificationMgr(26963): hideDataDisconnectedRoaming()...
02-03 19:26:47.542 D/MobileDataStateTracker(26892): [hipri]  apnTypeList = supl
02-03 19:26:47.542 D/MobileDataStateTracker(26892): [hipri]  unavailable = true
02-03 19:26:47.542 D/MobileDataStateTracker(26892): [hipri] Do not process intents if disabled.
02-03 19:26:47.542 D/MobileDataStateTracker(26892): [dun]  MobileDataStateReceiver onReceive(): Entry.
02-03 19:26:47.542 D/MobileDataStateTracker(26892): [dun]  intent.getAction()= android.intent.action.ANY_DATA_STATE
02-03 19:26:47.542 D/MobileDataStateTracker(26892): [dun]  mEnabled = false
02-03 19:26:47.553 I/ShutdownThread(26892): Radio and Bluetooth shutdown complete.
02-03 19:26:47.553 E/ShutdownThread(26892): Exception during mdmEfsSync
02-03 19:26:47.553 E/ShutdownThread(26892): java.io.FileNotFoundException: /sys/devices/platform/rs300100a7.65536/force_sync (No such file or directory)
02-03 19:26:47.553 E/ShutdownThread(26892): 	at org.apache.harmony.luni.platform.OSFileSystem.open(Native Method)
02-03 19:26:47.553 E/ShutdownThread(26892): 	at dalvik.system.BlockGuard$WrappedFileSystem.open(BlockGuard.java:232)
02-03 19:26:47.553 E/ShutdownThread(26892): 	at java.io.FileInputStream.<init>(FileInputStream.java:80)
02-03 19:26:47.553 E/ShutdownThread(26892): 	at java.io.FileInputStream.<init>(FileInputStream.java:132)
02-03 19:26:47.553 E/ShutdownThread(26892): 	at com.android.internal.app.ShutdownThread.run(ShutdownThread.java:400)
02-03 19:26:47.553 I/ShutdownThread(26892): Waiting for radio file system sync to complete ...
02-03 19:26:47.553 D/MobileDataStateTracker(26892): [dun]  apnTypeList = supl
02-03 19:26:47.553 D/MobileDataStateTracker(26892): [dun]  unavailable = true
02-03 19:26:47.553 D/MobileDataStateTracker(26892): [dun] Do not process intents if disabled.
02-03 19:26:47.553 D/MobileDataStateTracker(26892): [supl]  MobileDataStateReceiver onReceive(): Entry.
02-03 19:26:47.553 D/MobileDataStateTracker(26892): [supl]  intent.getAction()= android.intent.action.ANY_DATA_STATE
02-03 19:26:47.553 D/MobileDataStateTracker(26892): [supl]  mEnabled = false
02-03 19:26:47.553 D/MobileDataStateTracker(26892): [supl]  apnTypeList = supl
02-03 19:26:47.553 D/MobileDataStateTracker(26892): [supl]  unavailable = true
02-03 19:26:47.553 D/MobileDataStateTracker(26892): [supl] Do not process intents if disabled.
02-03 19:26:47.553 D/MobileDataStateTracker(26892): [mms]  MobileDataStateReceiver onReceive(): Entry.
02-03 19:26:47.553 D/MobileDataStateTracker(26892): [mms]  intent.getAction()= android.intent.action.ANY_DATA_STATE
02-03 19:26:47.553 D/MobileDataStateTracker(26892): [mms]  mEnabled = false
02-03 19:26:47.563 D/MobileDataStateTracker(26892): [mms]  apnTypeList = supl
02-03 19:26:47.563 D/MobileDataStateTracker(26892): [mms]  unavailable = true
02-03 19:26:47.563 D/MobileDataStateTracker(26892): [mms] Do not process intents if disabled.
02-03 19:26:47.563 D/MobileDataStateTracker(26892): [default]  MobileDataStateReceiver onReceive(): Entry.
02-03 19:26:47.563 D/MobileDataStateTracker(26892): [default]  intent.getAction()= android.intent.action.ANY_DATA_STATE
02-03 19:26:47.563 D/MobileDataStateTracker(26892): [default]  mEnabled = true
02-03 19:26:47.563 D/MobileDataStateTracker(26892): [default]  apnTypeList = supl
02-03 19:26:47.563 D/MobileDataStateTracker(26892): [default]  unavailable = true
02-03 19:26:47.563 D/MobileDataStateTracker(26892): [default] not what we are looking for.
02-03 19:26:47.563 D/MobileDataStateTracker(26892): [hipri]  MobileDataStateReceiver onReceive(): Entry.
02-03 19:26:47.563 D/MobileDataStateTracker(26892): [hipri]  intent.getAction()= android.intent.action.ANY_DATA_STATE
02-03 19:26:47.563 D/MobileDataStateTracker(26892): [hipri]  mEnabled = false
02-03 19:26:47.563 D/MobileDataStateTracker(26892): [hipri]  apnTypeList = dun
02-03 19:26:47.563 D/MobileDataStateTracker(26892): [hipri]  unavailable = true
02-03 19:26:47.563 D/MobileDataStateTracker(26892): [hipri] Do not process intents if disabled.
02-03 19:26:47.563 D/MobileDataStateTracker(26892): [dun]  MobileDataStateReceiver onReceive(): Entry.
02-03 19:26:47.563 D/MobileDataStateTracker(26892): [dun]  intent.getAction()= android.intent.action.ANY_DATA_STATE
02-03 19:26:47.563 D/MobileDataStateTracker(26892): [dun]  mEnabled = false
02-03 19:26:47.563 D/MobileDataStateTracker(26892): [dun]  apnTypeList = dun
02-03 19:26:47.563 D/MobileDataStateTracker(26892): [dun]  unavailable = true
02-03 19:26:47.563 D/MobileDataStateTracker(26892): [dun] Do not process intents if disabled.
