02-03 18:25:00.004 D/PowerManagerService(26892): acquireWakeLock flags=0x1 tag=AlarmManager
02-03 18:25:00.014 D/KeyguardUpdateMonitor(26892): received broadcast android.intent.action.TIME_TICK
02-03 18:25:00.014 D/KeyguardUpdateMonitor(26892): handleTimeUpdate
02-03 18:25:00.084 D/PowerManagerService(26892): releaseWakeLock flags=0x1 tag=AlarmManager
02-03 18:25:00.084 D/PowerManagerService(26892):  ALL PARTIAL wakeLock Released ! 
02-03 18:25:01.075 E/rmt_storage(  149): [MyTag]open: fd=-1
02-03 18:25:01.075 E/rmt_storage(  149): block rmt_storage client thread
02-03 18:25:47.811 I/dun_service(  129): The value returned from dun_getusbmodemstate_fromsys is 2 
02-03 18:25:47.811 D/KeyguardUpdateMonitor(26892): received broadcast android.intent.action.BATTERY_CHANGED
02-03 18:25:47.811 D/KeyguardUpdateMonitor(26892): handleBatteryUpdate
02-03 18:26:08.811 D/PowerManagerService(26892): acquireWakeLock flags=0x1 tag=AlarmManager
02-03 18:26:08.811 D/KeyguardUpdateMonitor(26892): received broadcast android.intent.action.TIME_TICK
02-03 18:26:08.811 D/KeyguardUpdateMonitor(26892): handleTimeUpdate
02-03 18:26:08.831 D/PowerManagerService(26892): releaseWakeLock flags=0x1 tag=AlarmManager
02-03 18:26:08.831 D/PowerManagerService(26892):  ALL PARTIAL wakeLock Released ! 
02-03 18:26:40.845 E/rmt_storage(  149): [MyTag]open: fd=-1
02-03 18:26:40.845 E/rmt_storage(  149): block rmt_storage client thread
02-03 18:27:08.811 D/PowerManagerService(26892): acquireWakeLock flags=0x1 tag=AlarmManager
02-03 18:27:08.811 D/KeyguardUpdateMonitor(26892): received broadcast android.intent.action.TIME_TICK
02-03 18:27:08.811 D/KeyguardUpdateMonitor(26892): handleTimeUpdate
02-03 18:27:08.841 D/PowerManagerService(26892): releaseWakeLock flags=0x1 tag=AlarmManager
02-03 18:27:08.841 D/PowerManagerService(26892):  ALL PARTIAL wakeLock Released ! 
02-03 18:27:49.811 I/dun_service(  129): The value returned from dun_getusbmodemstate_fromsys is 2 
02-03 18:27:49.811 D/KeyguardUpdateMonitor(26892): received broadcast android.intent.action.BATTERY_CHANGED
02-03 18:27:49.811 D/KeyguardUpdateMonitor(26892): handleBatteryUpdate
02-03 18:28:00.001 D/PowerManagerService(26892): acquireWakeLock flags=0x1 tag=AlarmManager
02-03 18:28:00.011 D/KeyguardUpdateMonitor(26892): received broadcast android.intent.action.TIME_TICK
02-03 18:28:00.011 D/KeyguardUpdateMonitor(26892): handleTimeUpdate
02-03 18:28:00.061 D/PowerManagerService(26892): releaseWakeLock flags=0x1 tag=AlarmManager
02-03 18:28:00.061 D/PowerManagerService(26892):  ALL PARTIAL wakeLock Released ! 
02-03 18:28:51.764 E/rmt_storage(  149): [MyTag]open: fd=-1
02-03 18:28:51.764 E/rmt_storage(  149): block rmt_storage client thread
02-03 18:28:59.991 D/PowerManagerService(26892): acquireWakeLock flags=0x1 tag=AlarmManager
02-03 18:29:00.011 D/KeyguardUpdateMonitor(26892): received broadcast android.intent.action.TIME_TICK
02-03 18:29:00.011 D/KeyguardUpdateMonitor(26892): handleTimeUpdate
02-03 18:29:00.071 D/PowerManagerService(26892): releaseWakeLock flags=0x1 tag=AlarmManager
02-03 18:29:00.071 D/PowerManagerService(26892):  ALL PARTIAL wakeLock Released ! 
02-03 18:29:50.811 I/dun_service(  129): The value returned from dun_getusbmodemstate_fromsys is 2 
02-03 18:29:50.811 D/KeyguardUpdateMonitor(26892): received broadcast android.intent.action.BATTERY_CHANGED
02-03 18:29:50.811 D/KeyguardUpdateMonitor(26892): handleBatteryUpdate
02-03 18:30:01.811 D/PowerManagerService(26892): acquireWakeLock flags=0x1 tag=AlarmManager
02-03 18:30:01.811 D/KeyguardUpdateMonitor(26892): received broadcast android.intent.action.TIME_TICK
02-03 18:30:01.811 D/KeyguardUpdateMonitor(26892): handleTimeUpdate
02-03 18:30:01.841 D/PowerManagerService(26892): releaseWakeLock flags=0x1 tag=AlarmManager
02-03 18:30:01.841 D/PowerManagerService(26892):  ALL PARTIAL wakeLock Released ! 
02-03 18:30:34.111 E/rmt_storage(  149): [MyTag]open: fd=-1
02-03 18:30:34.111 E/rmt_storage(  149): block rmt_storage client thread
02-03 18:31:01.811 D/PowerManagerService(26892): acquireWakeLock flags=0x1 tag=AlarmManager
02-03 18:31:01.811 D/KeyguardUpdateMonitor(26892): received broadcast android.intent.action.TIME_TICK
02-03 18:31:01.811 D/KeyguardUpdateMonitor(26892): handleTimeUpdate
02-03 18:31:01.841 D/PowerManagerService(26892): releaseWakeLock flags=0x1 tag=AlarmManager
02-03 18:31:01.841 D/PowerManagerService(26892):  ALL PARTIAL wakeLock Released ! 
02-03 18:31:42.811 I/dun_service(  129): The value returned from dun_getusbmodemstate_fromsys is 2 
02-03 18:31:42.811 D/KeyguardUpdateMonitor(26892): received broadcast android.intent.action.BATTERY_CHANGED
02-03 18:31:42.811 D/KeyguardUpdateMonitor(26892): handleBatteryUpdate
02-03 18:32:03.811 D/PowerManagerService(26892): acquireWakeLock flags=0x1 tag=AlarmManager
02-03 18:32:03.811 D/KeyguardUpdateMonitor(26892): received broadcast android.intent.action.TIME_TICK
02-03 18:32:03.811 D/KeyguardUpdateMonitor(26892): handleTimeUpdate
02-03 18:32:03.841 D/PowerManagerService(26892): releaseWakeLock flags=0x1 tag=AlarmManager
02-03 18:32:03.841 D/PowerManagerService(26892):  ALL PARTIAL wakeLock Released ! 
02-03 18:32:17.366 E/rmt_storage(  149): [MyTag]open: fd=-1
02-03 18:32:17.366 E/rmt_storage(  149): block rmt_storage client thread
02-03 18:32:34.811 I/dun_service(  129): The value returned from dun_getusbmodemstate_fromsys is 2 
02-03 18:32:34.811 D/KeyguardUpdateMonitor(26892): received broadcast android.intent.action.BATTERY_CHANGED
02-03 18:32:34.811 D/KeyguardUpdateMonitor(26892): handleBatteryUpdate
02-03 18:33:04.811 D/PowerManagerService(26892): acquireWakeLock flags=0x1 tag=AlarmManager
02-03 18:33:04.811 D/KeyguardUpdateMonitor(26892): received broadcast android.intent.action.TIME_TICK
02-03 18:33:04.811 D/KeyguardUpdateMonitor(26892): handleTimeUpdate
02-03 18:33:04.831 D/PowerManagerService(26892): releaseWakeLock flags=0x1 tag=AlarmManager
02-03 18:33:04.831 D/PowerManagerService(26892):  ALL PARTIAL wakeLock Released ! 
02-03 18:33:05.601 D/PowerManagerService(26892): acquireWakeLock flags=0x1 tag=AlarmManager
02-03 18:33:05.601 D/PowerManagerService(26892): releaseWakeLock flags=0x1 tag=AlarmManager
02-03 18:33:05.601 D/PowerManagerService(26892):  ALL PARTIAL wakeLock Released ! 
02-03 18:33:57.884 E/rmt_storage(  149): [MyTag]open: fd=-1
02-03 18:33:57.884 E/rmt_storage(  149): block rmt_storage client thread
02-03 18:34:06.811 D/PowerManagerService(26892): acquireWakeLock flags=0x1 tag=AlarmManager
02-03 18:34:06.811 D/KeyguardUpdateMonitor(26892): received broadcast android.intent.action.TIME_TICK
02-03 18:34:06.811 D/KeyguardUpdateMonitor(26892): handleTimeUpdate
02-03 18:34:06.831 D/PowerManagerService(26892): releaseWakeLock flags=0x1 tag=AlarmManager
02-03 18:34:06.831 D/PowerManagerService(26892):  ALL PARTIAL wakeLock Released ! 
02-03 18:34:26.811 I/dun_service(  129): The value returned from dun_getusbmodemstate_fromsys is 2 
02-03 18:34:26.811 D/KeyguardUpdateMonitor(26892): received broadcast android.intent.action.BATTERY_CHANGED
02-03 18:34:26.811 D/KeyguardUpdateMonitor(26892): handleBatteryUpdate
02-03 18:35:07.811 D/PowerManagerService(26892): acquireWakeLock flags=0x1 tag=AlarmManager
02-03 18:35:07.811 D/KeyguardUpdateMonitor(26892): received broadcast android.intent.action.TIME_TICK
02-03 18:35:07.811 D/KeyguardUpdateMonitor(26892): handleTimeUpdate
02-03 18:35:07.841 D/PowerManagerService(26892): releaseWakeLock flags=0x1 tag=AlarmManager
02-03 18:35:07.841 D/PowerManagerService(26892):  ALL PARTIAL wakeLock Released ! 
02-03 18:36:08.811 D/PowerManagerService(26892): acquireWakeLock flags=0x1 tag=AlarmManager
02-03 18:36:08.811 D/KeyguardUpdateMonitor(26892): received broadcast android.intent.action.TIME_TICK
02-03 18:36:08.811 D/KeyguardUpdateMonitor(26892): handleTimeUpdate
02-03 18:36:08.841 D/PowerManagerService(26892): releaseWakeLock flags=0x1 tag=AlarmManager
02-03 18:36:08.841 D/PowerManagerService(26892):  ALL PARTIAL wakeLock Released ! 
02-03 18:36:41.714 E/rmt_storage(  149): [MyTag]open: fd=-1
02-03 18:36:41.714 E/rmt_storage(  149): block rmt_storage client thread
02-03 18:36:59.991 D/PowerManagerService(26892): acquireWakeLock flags=0x1 tag=AlarmManager
02-03 18:37:00.001 D/KeyguardUpdateMonitor(26892): received broadcast android.intent.action.TIME_TICK
02-03 18:37:00.001 D/KeyguardUpdateMonitor(26892): handleTimeUpdate
02-03 18:37:00.061 D/PowerManagerService(26892): releaseWakeLock flags=0x1 tag=AlarmManager
02-03 18:37:00.061 D/PowerManagerService(26892):  ALL PARTIAL wakeLock Released ! 
02-03 18:38:00.811 D/PowerManagerService(26892): acquireWakeLock flags=0x1 tag=AlarmManager
02-03 18:38:00.811 D/KeyguardUpdateMonitor(26892): received broadcast android.intent.action.TIME_TICK
02-03 18:38:00.811 D/KeyguardUpdateMonitor(26892): handleTimeUpdate
02-03 18:38:00.841 D/PowerManagerService(26892): releaseWakeLock flags=0x1 tag=AlarmManager
02-03 18:38:00.841 D/PowerManagerService(26892):  ALL PARTIAL wakeLock Released ! 
02-03 18:38:30.811 I/dun_service(  129): The value returned from dun_getusbmodemstate_fromsys is 2 
02-03 18:38:30.811 D/KeyguardUpdateMonitor(26892): received broadcast android.intent.action.BATTERY_CHANGED
02-03 18:38:30.811 D/KeyguardUpdateMonitor(26892): handleBatteryUpdate
02-03 18:39:00.811 D/PowerManagerService(26892): acquireWakeLock flags=0x1 tag=AlarmManager
02-03 18:39:00.811 D/KeyguardUpdateMonitor(26892): received broadcast android.intent.action.TIME_TICK
02-03 18:39:00.811 D/KeyguardUpdateMonitor(26892): handleTimeUpdate
02-03 18:39:00.841 D/PowerManagerService(26892): releaseWakeLock flags=0x1 tag=AlarmManager
02-03 18:39:00.841 D/PowerManagerService(26892):  ALL PARTIAL wakeLock Released ! 
02-03 18:39:31.811 I/dun_service(  129): The value returned from dun_getusbmodemstate_fromsys is 2 
02-03 18:39:31.811 D/KeyguardUpdateMonitor(26892): received broadcast android.intent.action.BATTERY_CHANGED
02-03 18:39:31.811 D/KeyguardUpdateMonitor(26892): handleBatteryUpdate
02-03 18:39:33.894 E/rmt_storage(  149): [MyTag]open: fd=-1
02-03 18:39:33.894 E/rmt_storage(  149): block rmt_storage client thread
02-03 18:40:01.811 D/PowerManagerService(26892): acquireWakeLock flags=0x1 tag=AlarmManager
02-03 18:40:01.811 D/KeyguardUpdateMonitor(26892): received broadcast android.intent.action.TIME_TICK
02-03 18:40:01.811 D/KeyguardUpdateMonitor(26892): handleTimeUpdate
02-03 18:40:01.841 D/PowerManagerService(26892): releaseWakeLock flags=0x1 tag=AlarmManager
02-03 18:40:01.841 D/PowerManagerService(26892):  ALL PARTIAL wakeLock Released ! 
02-03 18:41:01.811 D/PowerManagerService(26892): acquireWakeLock flags=0x1 tag=AlarmManager
02-03 18:41:01.811 D/KeyguardUpdateMonitor(26892): received broadcast android.intent.action.TIME_TICK
02-03 18:41:01.811 D/KeyguardUpdateMonitor(26892): handleTimeUpdate
02-03 18:41:01.831 D/PowerManagerService(26892): releaseWakeLock flags=0x1 tag=AlarmManager
02-03 18:41:01.831 D/PowerManagerService(26892):  ALL PARTIAL wakeLock Released ! 
02-03 18:42:02.811 D/PowerManagerService(26892): acquireWakeLock flags=0x1 tag=AlarmManager
02-03 18:42:02.811 D/KeyguardUpdateMonitor(26892): received broadcast android.intent.action.TIME_TICK
02-03 18:42:02.811 D/KeyguardUpdateMonitor(26892): handleTimeUpdate
02-03 18:42:02.841 D/PowerManagerService(26892): releaseWakeLock flags=0x1 tag=AlarmManager
02-03 18:42:02.841 D/PowerManagerService(26892):  ALL PARTIAL wakeLock Released ! 
02-03 18:43:03.811 D/PowerManagerService(26892): acquireWakeLock flags=0x1 tag=AlarmManager
02-03 18:43:03.811 D/KeyguardUpdateMonitor(26892): received broadcast android.intent.action.TIME_TICK
02-03 18:43:03.811 D/KeyguardUpdateMonitor(26892): handleTimeUpdate
02-03 18:43:03.841 D/PowerManagerService(26892): releaseWakeLock flags=0x1 tag=AlarmManager
02-03 18:43:03.841 D/PowerManagerService(26892):  ALL PARTIAL wakeLock Released ! 
02-03 18:43:14.811 I/dun_service(  129): The value returned from dun_getusbmodemstate_fromsys is 2 
02-03 18:43:14.811 D/PowerManagerService(26892): acquireWakeLock flags=0x1 tag=AlarmManager
02-03 18:43:14.811 D/PowerManagerService(26892): releaseWakeLock flags=0x1 tag=AlarmManager
02-03 18:43:14.811 D/PowerManagerService(26892):  ALL PARTIAL wakeLock Released ! 
02-03 18:43:14.821 D/KeyguardUpdateMonitor(26892): received broadcast android.intent.action.BATTERY_CHANGED
02-03 18:43:14.821 D/KeyguardUpdateMonitor(26892): handleBatteryUpdate
02-03 18:43:17.071 E/rmt_storage(  149): [MyTag]open: fd=-1
02-03 18:43:17.071 E/rmt_storage(  149): block rmt_storage client thread
02-03 18:43:26.532 W/AlarmManager(26892): +++Alarm  wakeup phone ,pkg=com.google.android.gsf
02-03 18:43:26.542 D/PowerManagerService(26892): acquireWakeLock flags=0x1 tag=AlarmManager
02-03 18:43:26.552 D/PowerManagerService(26892): acquireWakeLock flags=0x1 tag=Event Log Handoff
02-03 18:43:26.582 W/AlarmManager(26892): +++alarm onSendFinished ,action=null
02-03 18:43:26.582 D/PowerManagerService(26892): releaseWakeLock flags=0x1 tag=AlarmManager
02-03 18:43:26.582 D/PowerManagerService(26892): acquireWakeLock flags=0x1 tag=Event Log Service
02-03 18:43:26.582 D/PowerManagerService(26892): releaseWakeLock flags=0x1 tag=Event Log Handoff
02-03 18:43:26.592 I/EventLogService(26998): Aggregate from 1328314406463 (log), 1328314406463 (data)
02-03 18:43:26.632 D/AlarmManager(26892): +++Alarm set:type=0 com.google.android.gsf  Trigger after:1799998ms
02-03 18:43:26.632 D/PowerManagerService(26892): releaseWakeLock flags=0x1 tag=Event Log Service
02-03 18:43:26.632 D/PowerManagerService(26892):  ALL PARTIAL wakeLock Released ! 
02-03 18:44:06.811 D/PowerManagerService(26892): acquireWakeLock flags=0x1 tag=AlarmManager
02-03 18:44:06.811 D/KeyguardUpdateMonitor(26892): received broadcast android.intent.action.TIME_TICK
02-03 18:44:06.811 D/KeyguardUpdateMonitor(26892): handleTimeUpdate
02-03 18:44:06.831 D/PowerManagerService(26892): releaseWakeLock flags=0x1 tag=AlarmManager
02-03 18:44:06.831 D/PowerManagerService(26892):  ALL PARTIAL wakeLock Released ! 
02-03 18:44:16.811 I/dun_service(  129): The value returned from dun_getusbmodemstate_fromsys is 2 
02-03 18:44:16.811 D/KeyguardUpdateMonitor(26892): received broadcast android.intent.action.BATTERY_CHANGED
02-03 18:44:16.811 D/KeyguardUpdateMonitor(26892): handleBatteryUpdate
02-03 18:45:07.811 D/PowerManagerService(26892): acquireWakeLock flags=0x1 tag=AlarmManager
02-03 18:45:07.811 D/KeyguardUpdateMonitor(26892): received broadcast android.intent.action.TIME_TICK
02-03 18:45:07.811 D/KeyguardUpdateMonitor(26892): handleTimeUpdate
02-03 18:45:07.841 D/PowerManagerService(26892): releaseWakeLock flags=0x1 tag=AlarmManager
02-03 18:45:07.841 D/PowerManagerService(26892):  ALL PARTIAL wakeLock Released ! 
02-03 18:45:19.895 E/rmt_storage(  149): [MyTag]open: fd=-1
02-03 18:45:19.895 E/rmt_storage(  149): block rmt_storage client thread
02-03 18:45:27.811 I/dun_service(  129): The value returned from dun_getusbmodemstate_fromsys is 2 
02-03 18:45:27.811 D/KeyguardUpdateMonitor(26892): received broadcast android.intent.action.BATTERY_CHANGED
02-03 18:45:27.811 D/KeyguardUpdateMonitor(26892): handleBatteryUpdate
02-03 18:46:08.811 D/PowerManagerService(26892): acquireWakeLock flags=0x1 tag=AlarmManager
02-03 18:46:08.811 D/KeyguardUpdateMonitor(26892): received broadcast android.intent.action.TIME_TICK
02-03 18:46:08.811 D/KeyguardUpdateMonitor(26892): handleTimeUpdate
02-03 18:46:08.841 D/PowerManagerService(26892): releaseWakeLock flags=0x1 tag=AlarmManager
02-03 18:46:08.841 D/PowerManagerService(26892):  ALL PARTIAL wakeLock Released ! 
02-03 18:46:18.811 I/dun_service(  129): The value returned from dun_getusbmodemstate_fromsys is 2 
02-03 18:46:18.811 D/KeyguardUpdateMonitor(26892): received broadcast android.intent.action.BATTERY_CHANGED
02-03 18:46:18.811 D/KeyguardUpdateMonitor(26892): handleBatteryUpdate
02-03 18:46:28.811 I/dun_service(  129): The value returned from dun_getusbmodemstate_fromsys is 2 
02-03 18:46:28.811 D/KeyguardUpdateMonitor(26892): received broadcast android.intent.action.BATTERY_CHANGED
02-03 18:46:28.811 D/KeyguardUpdateMonitor(26892): handleBatteryUpdate
02-03 18:47:00.811 I/dun_service(  129): The value returned from dun_getusbmodemstate_fromsys is 2 
02-03 18:47:00.811 D/PowerManagerService(26892): acquireWakeLock flags=0x1 tag=AlarmManager
02-03 18:47:00.811 D/KeyguardUpdateMonitor(26892): received broadcast android.intent.action.TIME_TICK
02-03 18:47:00.811 D/KeyguardUpdateMonitor(26892): handleTimeUpdate
02-03 18:47:00.821 D/KeyguardUpdateMonitor(26892): received broadcast android.intent.action.BATTERY_CHANGED
02-03 18:47:00.831 D/KeyguardUpdateMonitor(26892): handleBatteryUpdate
02-03 18:47:00.851 D/PowerManagerService(26892): releaseWakeLock flags=0x1 tag=AlarmManager
02-03 18:47:00.851 D/PowerManagerService(26892):  ALL PARTIAL wakeLock Released ! 
02-03 18:47:51.811 I/dun_service(  129): The value returned from dun_getusbmodemstate_fromsys is 2 
02-03 18:47:51.811 D/KeyguardUpdateMonitor(26892): received broadcast android.intent.action.BATTERY_CHANGED
02-03 18:47:51.811 D/KeyguardUpdateMonitor(26892): handleBatteryUpdate
02-03 18:47:53.794 E/rmt_storage(  149): [MyTag]open: fd=-1
02-03 18:47:53.794 E/rmt_storage(  149): block rmt_storage client thread
02-03 18:48:01.811 D/PowerManagerService(26892): acquireWakeLock flags=0x1 tag=AlarmManager
02-03 18:48:01.811 D/KeyguardUpdateMonitor(26892): received broadcast android.intent.action.TIME_TICK
02-03 18:48:01.811 D/KeyguardUpdateMonitor(26892): handleTimeUpdate
02-03 18:48:01.841 D/PowerManagerService(26892): releaseWakeLock flags=0x1 tag=AlarmManager
02-03 18:48:01.841 D/PowerManagerService(26892):  ALL PARTIAL wakeLock Released ! 
02-03 18:48:32.811 I/dun_service(  129): The value returned from dun_getusbmodemstate_fromsys is 2 
02-03 18:48:32.811 D/KeyguardUpdateMonitor(26892): received broadcast android.intent.action.BATTERY_CHANGED
02-03 18:48:32.811 D/KeyguardUpdateMonitor(26892): handleBatteryUpdate
02-03 18:49:02.811 I/dun_service(  129): The value returned from dun_getusbmodemstate_fromsys is 2 
02-03 18:49:02.811 D/PowerManagerService(26892): acquireWakeLock flags=0x1 tag=AlarmManager
02-03 18:49:02.811 D/KeyguardUpdateMonitor(26892): received broadcast android.intent.action.TIME_TICK
02-03 18:49:02.811 D/KeyguardUpdateMonitor(26892): handleTimeUpdate
02-03 18:49:02.831 D/KeyguardUpdateMonitor(26892): received broadcast android.intent.action.BATTERY_CHANGED
02-03 18:49:02.831 D/KeyguardUpdateMonitor(26892): handleBatteryUpdate
02-03 18:49:02.851 D/PowerManagerService(26892): releaseWakeLock flags=0x1 tag=AlarmManager
02-03 18:49:02.851 D/PowerManagerService(26892):  ALL PARTIAL wakeLock Released ! 
02-03 18:49:36.925 E/rmt_storage(  149): [MyTag]open: fd=-1
02-03 18:49:36.925 E/rmt_storage(  149): block rmt_storage client thread
02-03 18:49:44.811 I/dun_service(  129): The value returned from dun_getusbmodemstate_fromsys is 2 
02-03 18:49:44.811 D/KeyguardUpdateMonitor(26892): received broadcast android.intent.action.BATTERY_CHANGED
02-03 18:49:44.811 D/KeyguardUpdateMonitor(26892): handleBatteryUpdate
02-03 18:50:04.811 D/PowerManagerService(26892): acquireWakeLock flags=0x1 tag=AlarmManager
02-03 18:50:04.811 D/KeyguardUpdateMonitor(26892): received broadcast android.intent.action.TIME_TICK
02-03 18:50:04.811 D/KeyguardUpdateMonitor(26892): handleTimeUpdate
02-03 18:50:04.841 D/PowerManagerService(26892): releaseWakeLock flags=0x1 tag=AlarmManager
02-03 18:50:04.841 D/PowerManagerService(26892):  ALL PARTIAL wakeLock Released ! 
02-03 18:50:35.201 W/AlarmManager(26892): +++Alarm  wakeup phone ,pkg=com.google.android.gsf
02-03 18:50:35.211 D/PowerManagerService(26892): acquireWakeLock flags=0x1 tag=GTALK_CONN
02-03 18:50:35.231 D/PowerManagerService(26892): acquireWakeLock flags=0x1 tag=AlarmManager
02-03 18:50:35.261 D/AlarmManager(26892): +++Alarm set:type=2 com.google.android.gsf  Trigger after:59996ms
02-03 18:50:35.271 D/PowerManagerService(26892): releaseWakeLock flags=0x1 tag=GTALK_CONN
02-03 18:50:35.271 W/AlarmManager(26892): +++alarm onSendFinished ,action=com.google.android.intent.action.GTALK_HEARTBEAT
02-03 18:50:35.271 D/PowerManagerService(26892): releaseWakeLock flags=0x1 tag=AlarmManager
02-03 18:50:35.271 D/PowerManagerService(26892):  ALL PARTIAL wakeLock Released ! 
02-03 18:50:35.811 D/PowerManagerService(26892): acquireWakeLock flags=0x1 tag=GTALK_CONN
02-03 18:50:35.811 D/AlarmManager(26892): +++Alarm set:type=2 com.google.android.gsf  Trigger after:1679999ms
02-03 18:50:35.811 D/PowerManagerService(26892): releaseWakeLock flags=0x1 tag=GTALK_CONN
02-03 18:50:35.811 D/PowerManagerService(26892):  ALL PARTIAL wakeLock Released ! 
02-03 18:50:35.821 D/PowerManagerService(26892): acquireWakeLock flags=0x1 tag=GTALK_CONN
02-03 18:50:35.821 D/PowerManagerService(26892): releaseWakeLock flags=0x1 tag=GTALK_CONN
02-03 18:50:35.821 D/PowerManagerService(26892):  ALL PARTIAL wakeLock Released ! 
02-03 18:50:56.811 I/dun_service(  129): The value returned from dun_getusbmodemstate_fromsys is 2 
02-03 18:50:56.811 D/KeyguardUpdateMonitor(26892): received broadcast android.intent.action.BATTERY_CHANGED
02-03 18:50:56.811 D/KeyguardUpdateMonitor(26892): handleBatteryUpdate
02-03 18:51:06.811 D/PowerManagerService(26892): acquireWakeLock flags=0x1 tag=AlarmManager
02-03 18:51:06.811 D/KeyguardUpdateMonitor(26892): received broadcast android.intent.action.TIME_TICK
02-03 18:51:06.811 D/KeyguardUpdateMonitor(26892): handleTimeUpdate
02-03 18:51:06.841 D/PowerManagerService(26892): releaseWakeLock flags=0x1 tag=AlarmManager
02-03 18:51:06.841 D/PowerManagerService(26892):  ALL PARTIAL wakeLock Released ! 
02-03 18:51:19.141 E/rmt_storage(  149): [MyTag]open: fd=-1
02-03 18:51:19.141 E/rmt_storage(  149): block rmt_storage client thread
02-03 18:51:35.181 W/AlarmManager(26892): +++Alarm  wakeup phone ,pkg=com.google.android.apps.maps
02-03 18:51:35.222 D/PowerManagerService(26892): acquireWakeLock flags=0x1 tag=AlarmManager
02-03 18:51:35.232 W/AlarmManager(26892): +++alarm onSendFinished ,action=null
02-03 18:51:35.232 D/PowerManagerService(26892): releaseWakeLock flags=0x1 tag=AlarmManager
02-03 18:51:35.232 D/PowerManagerService(26892):  ALL PARTIAL wakeLock Released ! 
02-03 18:51:35.242 D/AlarmManager(26892): +++Alarm set:type=2 com.google.android.apps.maps  Trigger after:1799937ms
02-03 18:52:07.811 D/PowerManagerService(26892): acquireWakeLock flags=0x1 tag=AlarmManager
02-03 18:52:07.811 D/KeyguardUpdateMonitor(26892): received broadcast android.intent.action.TIME_TICK
02-03 18:52:07.811 D/KeyguardUpdateMonitor(26892): handleTimeUpdate
02-03 18:52:07.841 D/PowerManagerService(26892): releaseWakeLock flags=0x1 tag=AlarmManager
02-03 18:52:07.841 D/PowerManagerService(26892):  ALL PARTIAL wakeLock Released ! 
02-03 18:52:13.115 W/AlarmManager(26892): +++Alarm  wakeup phone ,pkg=com.facebook.katana
02-03 18:52:13.135 D/PowerManagerService(26892): acquireWakeLock flags=0x1 tag=FacebookService
02-03 18:52:13.145 D/PowerManagerService(26892): acquireWakeLock flags=0x1 tag=AlarmManager
02-03 18:52:13.155 W/AlarmManager(26892): +++alarm onSendFinished ,action=com.facebook.katana.service.18
02-03 18:52:13.155 D/PowerManagerService(26892): releaseWakeLock flags=0x1 tag=AlarmManager
02-03 18:52:14.787 D/AlarmManager(26892): +++Alarm set:type=0 com.facebook.katana  Trigger after:3599998ms
02-03 18:52:14.797 D/PowerManagerService(26892): releaseWakeLock flags=0x1 tag=FacebookService
02-03 18:52:14.797 D/PowerManagerService(26892):  ALL PARTIAL wakeLock Released ! 
02-03 18:53:08.811 D/PowerManagerService(26892): acquireWakeLock flags=0x1 tag=AlarmManager
02-03 18:53:08.811 D/KeyguardUpdateMonitor(26892): received broadcast android.intent.action.TIME_TICK
02-03 18:53:08.811 D/KeyguardUpdateMonitor(26892): handleTimeUpdate
02-03 18:53:08.831 D/PowerManagerService(26892): releaseWakeLock flags=0x1 tag=AlarmManager
02-03 18:53:08.831 D/PowerManagerService(26892):  ALL PARTIAL wakeLock Released ! 
02-03 18:53:11.061 E/rmt_storage(  149): [MyTag]open: fd=-1
02-03 18:53:11.061 E/rmt_storage(  149): block rmt_storage client thread
02-03 18:53:18.811 D/PowerManagerService(26892): acquireWakeLock flags=0x1 tag=AlarmManager
02-03 18:53:18.811 D/PowerManagerService(26892): releaseWakeLock flags=0x1 tag=AlarmManager
02-03 18:53:18.811 D/PowerManagerService(26892):  ALL PARTIAL wakeLock Released ! 
02-03 18:53:37.821 D/PowerManagerService(26892): acquireWakeLock flags=0x1 tag=GTALK_CONN
02-03 18:53:37.821 D/AlarmManager(26892): +++Alarm set:type=2 com.google.android.gsf  Trigger after:1679998ms
02-03 18:53:37.881 D/PowerManagerService(26892): releaseWakeLock flags=0x1 tag=GTALK_CONN
02-03 18:53:37.881 D/PowerManagerService(26892):  ALL PARTIAL wakeLock Released ! 
02-03 18:53:37.891 D/PowerManagerService(26892): acquireWakeLock flags=0x1 tag=GTALK_CONN
02-03 18:53:37.891 D/PowerManagerService(26892): acquireWakeLock flags=0x1 tag=GOOGLE_C2DM
02-03 18:53:37.911 D/GoogleVoice(27507): A notification tickle arrived.
02-03 18:53:37.921 D/PowerManagerService(26892): acquireWakeLock flags=0x1 tag=com.google.android.apps.googlevoice.UpdateService
02-03 18:53:37.921 D/PowerManagerService(26892): releaseWakeLock flags=0x1 tag=GTALK_CONN
02-03 18:53:37.931 D/PowerManagerService(26892): releaseWakeLock flags=0x1 tag=GOOGLE_C2DM
02-03 18:53:38.561 D/PowerManagerService(26892): releaseWakeLock flags=0x1 tag=com.google.android.apps.googlevoice.UpdateService
02-03 18:53:38.561 D/PowerManagerService(26892):  ALL PARTIAL wakeLock Released ! 
02-03 18:54:00.001 D/PowerManagerService(26892): acquireWakeLock flags=0x1 tag=AlarmManager
02-03 18:54:00.011 D/KeyguardUpdateMonitor(26892): received broadcast android.intent.action.TIME_TICK
02-03 18:54:00.011 D/KeyguardUpdateMonitor(26892): handleTimeUpdate
02-03 18:54:00.081 D/PowerManagerService(26892): releaseWakeLock flags=0x1 tag=AlarmManager
02-03 18:54:00.081 D/PowerManagerService(26892):  ALL PARTIAL wakeLock Released ! 
02-03 18:54:27.811 D/PowerManagerService(26892): acquireWakeLock flags=0x1 tag=GTALK_CONN
02-03 18:54:27.811 D/AlarmManager(26892): +++Alarm set:type=2 com.google.android.gsf  Trigger after:1679999ms
02-03 18:54:27.851 D/PowerManagerService(26892): releaseWakeLock flags=0x1 tag=GTALK_CONN
02-03 18:54:27.851 D/PowerManagerService(26892):  ALL PARTIAL wakeLock Released ! 
02-03 18:54:27.851 D/PowerManagerService(26892): acquireWakeLock flags=0x1 tag=GTALK_CONN
02-03 18:54:27.851 D/PowerManagerService(26892): acquireWakeLock flags=0x1 tag=GOOGLE_C2DM
02-03 18:54:27.871 D/GoogleVoice(27507): A notification tickle arrived.
02-03 18:54:27.891 D/PowerManagerService(26892): releaseWakeLock flags=0x1 tag=GTALK_CONN
02-03 18:54:31.303 D/PowerManagerService(26892): acquireWakeLock flags=0x1 tag=NotificationService
02-03 18:54:31.313 D/KeyguardViewMediator(26892): setHidden false
02-03 18:54:31.313 W/NotificationService(26892): STOP command without a player
02-03 18:54:31.313 D/PowerManagerService(26892): releaseWakeLock flags=0x1 tag=NotificationService
02-03 18:54:31.324 D/KeyguardViewMediator(26892): setHidden false
02-03 18:54:31.324 D/PowerManagerService(26892): acquireWakeLock flags=0x1 tag=NotificationService
02-03 18:54:31.324 D/PowerManagerService(26892): acquireWakeLock flags=0x1 tag=*vibrator*
02-03 18:54:31.354 E/wlg     (26892): MediaPlayer.IsSdpFile  path = 
02-03 18:54:31.354 E/wlg     (26892): MediaPlayer.IsSdpFile  path = 
02-03 18:54:31.354 D/MediaPlayer(26892): DRM scheme =null
02-03 18:54:31.354 D/MediaPlayer(26892): DRM uri.toString() =
02-03 18:54:31.354 D/MediaPlayer(26892): setDataSource()
02-03 18:54:31.354 D/MediaPlayerService(26882): Create new client(57) from pid 26892, url=, connId=57, audioSessionId=71
02-03 18:54:31.354 E/MediaPlayerService(26882): setDataSource()
02-03 18:54:31.354 E/MediaPlayer(26892): Unable to to create media player
02-03 18:54:31.354 W/NotificationService(26892): error loading sound for 
02-03 18:54:31.354 W/NotificationService(26892): java.io.IOException: setDataSource failed.: status=0x80000000
02-03 18:54:31.354 W/NotificationService(26892): 	at android.media.MediaPlayer.setDataSource(Native Method)
02-03 18:54:31.354 W/NotificationService(26892): 	at android.media.MediaPlayer.setDataSource(MediaPlayer.java:822)
02-03 18:54:31.354 W/NotificationService(26892): 	at android.media.MediaPlayer.setDataSource(MediaPlayer.java:729)
02-03 18:54:31.354 W/NotificationService(26892): 	at com.android.server.NotificationPlayer$CreationAndCompletionThread.run(NotificationPlayer.java:88)
02-03 18:54:31.354 D/PowerManagerService(26892): releaseWakeLock flags=0x1 tag=NotificationService
02-03 18:54:31.394 D/KeyguardViewMediator(26892): setHidden false
02-03 18:54:31.404 D/KeyguardViewMediator(26892): setHidden false
02-03 18:54:32.104 D/PowerManagerService(26892): releaseWakeLock flags=0x1 tag=*vibrator*
02-03 18:54:33.305 D/PowerManagerService(26892): acquireWakeLock flags=0x1 tag=com.google.android.apps.googlevoice.UpdateService
02-03 18:54:33.315 D/PowerManagerService(26892): releaseWakeLock flags=0x1 tag=GOOGLE_C2DM
02-03 18:54:33.315 I/ContactsProvider(27015): query: content://com.android.contacts/phone_lookup/+19137446943
02-03 18:54:33.315 E/ContactsProvider(27015): 101123 isCallerRegisterNeedSIMProc callerPid:27507, acorePid:27015
02-03 18:54:33.325 I/ContactsProvider(27015): query isCallerRegistered= false
02-03 18:54:33.325 I/ContactsProvider(27015): query forOnlyOneContactString= 0
02-03 18:54:33.335 I/ContactsProvider(27015): query: content://com.android.contacts/phone_lookup/+19137446943
02-03 18:54:33.335 E/ContactsProvider(27015): 101123 isCallerRegisterNeedSIMProc callerPid:27507, acorePid:27015
02-03 18:54:33.345 I/ContactsProvider(27015): query isCallerRegistered= false
02-03 18:54:33.345 I/ContactsProvider(27015): query forOnlyOneContactString= 0
02-03 18:54:33.355 I/ContactsProvider(27015): query: content://com.android.contacts/phone_lookup/+19137446943
02-03 18:54:33.355 E/ContactsProvider(27015): 101123 isCallerRegisterNeedSIMProc callerPid:27507, acorePid:27015
02-03 18:54:33.355 I/ContactsProvider(27015): query isCallerRegistered= false
02-03 18:54:33.355 I/ContactsProvider(27015): query forOnlyOneContactString= 0
02-03 18:54:33.376 D/PowerManagerService(26892): releaseWakeLock flags=0x1 tag=com.google.android.apps.googlevoice.UpdateService
02-03 18:54:33.376 D/PowerManagerService(26892):  ALL PARTIAL wakeLock Released ! 
02-03 18:55:00.811 D/PowerManagerService(26892): acquireWakeLock flags=0x1 tag=AlarmManager
02-03 18:55:00.811 D/KeyguardUpdateMonitor(26892): received broadcast android.intent.action.TIME_TICK
02-03 18:55:00.811 D/KeyguardUpdateMonitor(26892): handleTimeUpdate
02-03 18:55:00.841 D/PowerManagerService(26892): releaseWakeLock flags=0x1 tag=AlarmManager
02-03 18:55:00.841 D/PowerManagerService(26892):  ALL PARTIAL wakeLock Released ! 
02-03 18:55:04.917 E/rmt_storage(  149): [MyTag]open: fd=-1
02-03 18:55:04.917 E/rmt_storage(  149): block rmt_storage client thread
02-03 18:56:02.811 D/PowerManagerService(26892): acquireWakeLock flags=0x1 tag=AlarmManager
02-03 18:56:02.811 D/KeyguardUpdateMonitor(26892): received broadcast android.intent.action.TIME_TICK
02-03 18:56:02.811 D/KeyguardUpdateMonitor(26892): handleTimeUpdate
02-03 18:56:02.841 D/PowerManagerService(26892): releaseWakeLock flags=0x1 tag=AlarmManager
02-03 18:56:02.841 D/PowerManagerService(26892):  ALL PARTIAL wakeLock Released ! 
02-03 18:56:17.811 D/KeyguardViewMediator(26892):  onWakeKeyWhenKeyguardShowing(26)
02-03 18:56:17.811 D/KeyguardViewMediator(26892): wakeWhenReadyLocked(26)
02-03 18:56:17.811 D/PowerManagerService(26892): acquireWakeLock flags=0x1 tag=keyguardWakeAndHandOff
02-03 18:56:17.811 D/LockPatternKeyguardView(26892): onWakeKey
02-03 18:56:17.811 D/LockPatternKeyguardView(26892): poking wake lock immediately
02-03 18:56:17.811 D/PowerManagerService(26892): acquireWakeLock flags=0x1000001a tag=keyguard
02-03 18:56:17.811 D/PowerManagerService(26892): UnPartial  wakeLock  reactivate ,flags=0x1000001a tag=keyguard
02-03 18:56:17.811 D/PowerManagerService(26892): setPowerState: mPowerState=0x0 newState=0x3 noChangeLights=false reason=3
02-03 18:56:17.811 D/KeyguardViewMediator(26892): onScreenTurnedOn, seq = 19
02-03 18:56:17.811 D/KeyguardViewMediator(26892): notifyScreenOnLocked
02-03 18:56:17.811 E/Sensors (26892): [HAL]ready to call enable(Accelerometer,1),AAAAAAAA
02-03 18:56:17.811 D/KeyguardViewMediator(26892): handleNotifyScreenOn
02-03 18:56:17.811 I/LockPatternKeyguardView(26892): updateLockscreenBackground
02-03 18:56:17.811 I/LockPatternKeyguardView(26892): setBackgroundDrawable
02-03 18:56:17.811 I/LockPatternKeyguardView(26892): file not found: etc/customize/default_lockscreen
02-03 18:56:17.811 D/LockScreen(26892): updateLayout: status=Normalsubscription=0
02-03 18:56:17.821 D/LockScreen(26892): Updating Lock Screen text to Ruim
02-03 18:56:17.831 D/KeyguardViewMediator(26892): setHidden false
02-03 18:56:17.841 D/KeyguardViewMediator(26892): setHidden false
02-03 18:56:17.851 D/KeyguardViewMediator(26892): setHidden false
02-03 18:56:17.851 I/hubo    (26892): Activity {com.google.android.gm/com.google.android.gm.HtmlConversationActivity}
02-03 18:56:17.861 I/DATA    (26963): [DCT(0) ] intent received :android.intent.action.SCREEN_ON
02-03 18:56:17.881 D/DATA    (26963): [DSST(0)] pollstate() : reason = data network state changed
02-03 18:56:17.921 D/MobileDataStateTracker(26892): [hipri]  MobileDataStateReceiver onReceive(): Entry.
02-03 18:56:17.921 D/MobileDataStateTracker(26892): [hipri]  intent.getAction()= android.intent.action.SERVICE_STATE
02-03 18:56:17.921 D/MobileDataStateTracker(26892): [hipri]  mEnabled = false
02-03 18:56:17.921 D/MobileDataStateTracker(26892): [dun]  MobileDataStateReceiver onReceive(): Entry.
02-03 18:56:17.921 D/MobileDataStateTracker(26892): [dun]  intent.getAction()= android.intent.action.SERVICE_STATE
02-03 18:56:17.921 D/MobileDataStateTracker(26892): [dun]  mEnabled = false
02-03 18:56:17.931 D/MobileDataStateTracker(26892): [supl]  MobileDataStateReceiver onReceive(): Entry.
02-03 18:56:17.931 D/MobileDataStateTracker(26892): [supl]  intent.getAction()= android.intent.action.SERVICE_STATE
02-03 18:56:17.931 D/MobileDataStateTracker(26892): [supl]  mEnabled = false
02-03 18:56:17.931 D/MobileDataStateTracker(26892): [mms]  MobileDataStateReceiver onReceive(): Entry.
02-03 18:56:17.931 D/MobileDataStateTracker(26892): [mms]  intent.getAction()= android.intent.action.SERVICE_STATE
02-03 18:56:17.931 D/MobileDataStateTracker(26892): [mms]  mEnabled = false
02-03 18:56:17.931 D/MobileDataStateTracker(26892): [default]  MobileDataStateReceiver onReceive(): Entry.
02-03 18:56:17.931 D/MobileDataStateTracker(26892): [default]  intent.getAction()= android.intent.action.SERVICE_STATE
02-03 18:56:17.931 D/MobileDataStateTracker(26892): [default]  mEnabled = true
02-03 18:56:17.931 D/CallManager(26963):  handleMessage (EVENT_SERVICE_STATE_CHANGED)
02-03 18:56:17.931 E/BT HS/HF(26963): SERVICE_STATE_CHANGED called
02-03 18:56:17.931 E/BT HS/HF(26963): updateServiceState called, sendUpdate:false  ServiceState:0 home Sprint  310099  EvDo rev. A CSS not supported 41 4139RoamInd: 1RoamStatus(sprint): 1DefRoamInd: 160EmergOnly: false
02-03 18:56:17.931 E/BT HS/HF(26963): service:1 mService:1
02-03 18:56:17.951 D/DATA    (26963): [DSST(0)]  registrationState = 1  radioTechnology = 8 reasonForDenial = 0
02-03 18:56:17.951 D/DATA    (26963): [DSST(0)]  set mNewDataConnectionState = 0
02-03 18:56:17.951 D/DATA    (26963): [DSST(0)]  mNewDataConnectionState : 0  mDataConnectionState : 0
02-03 18:56:17.951 D/DATA    (26963): [DSST(0)] Poll ServiceState done: oldSS=[0 home null null null  EvDo rev. A CSS not supported -1 -1RoamInd: -1RoamStatus(sprint): -1DefRoamInd: -1EmergOnly: false] newSS=[0 home null null null  EvDo rev. A CSS not supported -1 -1RoamInd: -1RoamStatus(sprint): -1DefRoamInd: -1EmergOnly: false]
02-03 18:56:17.951 D/DATA    (26963): [DSST(0)]  mDataConnectionState = 0
02-03 18:56:18.481 W/AlarmManager(26892): +++Alarm  wakeup phone ,pkg=android
02-03 18:56:18.481 W/AlarmManager(26892): +++alarm onSendFinished ,action=android.app.backup.intent.RUN
02-03 18:56:19.592 W/Sclibration(27104): onSensorChanged filter =  88489  tp = 9
02-03 18:56:19.592 W/Sclibration(27104): onSensorChanged filter =  30638  tp = 8
02-03 18:56:19.592 W/Sclibration(27104): onSensorChanged filter =  27049  tp = 9
02-03 18:56:19.712 W/Sclibration(27104): onSensorChanged filter =  88490  tp = 0
02-03 18:56:19.712 W/Sclibration(27104): onSensorChanged count =  8849
02-03 18:56:19.712 W/Sclibration(27104): onSensorChanged curX =  -2.861366  curY =  -6.817202  curZ =  -5.1059217
02-03 18:56:19.712 W/Sclibration(27104): processUnSolicited begin
02-03 18:56:19.722 W/Sclibration(27104): processUnSolicited curX =  -2.861366  curY =  -6.817202  curZ =  -5.1059217
02-03 18:56:19.722 W/Sclibration(27104): processUnSolicited x =  21  y =  407
02-03 18:56:19.722 W/Sclibration(27104): processUnSolicited isLeftForX =  true  isDownForY =  false
02-03 18:56:19.722 W/Sclibration(27104): processUnSolicited sum =  86980.0  rr =  8464.0
02-03 18:56:19.722 W/Sclibration(27104): processUnSolicited angle =  0.05155133641601676  tempX =  44  tempY =  139
02-03 18:56:19.722 W/Sclibration(27104): processUnSolicited end x =  44  y =  139
02-03 18:56:19.722 W/Sclibration(27104): ScalibrationView--setBallLocation  m_calibrated =  false
02-03 18:56:19.722 W/Sclibration(27104): ScalibrationView--setBallLocation2  m_calibrated =  false
02-03 18:56:19.722 W/Sclibration(27104): onSensorChanged count =  8849  count%LOOPCOUNT =  29
02-03 18:56:19.722 W/Sclibration(27104): onSensorChanged filter =  30639  tp = 9
02-03 18:56:19.732 W/Sclibration(27104): onSensorChanged filter =  27050  tp = 0
02-03 18:56:19.732 W/Sclibration(27104): onSensorChanged count =  2705
02-03 18:56:19.732 W/Sclibration(27104): onSensorChanged curX =  -2.861366  curY =  -6.817202  curZ =  -5.1059217
02-03 18:56:19.732 W/Sclibration(27104): processUnSolicited begin
02-03 18:56:19.732 W/Sclibration(27104): processUnSolicited curX =  -2.861366  curY =  -6.817202  curZ =  -5.1059217
02-03 18:56:19.732 W/Sclibration(27104): processUnSolicited x =  21  y =  407
02-03 18:56:19.732 W/Sclibration(27104): processUnSolicited isLeftForX =  true  isDownForY =  false
02-03 18:56:19.732 W/Sclibration(27104): processUnSolicited sum =  86980.0  rr =  8464.0
02-03 18:56:19.732 W/Sclibration(27104): processUnSolicited angle =  0.05155133641601676  tempX =  44  tempY =  139
02-03 18:56:19.732 W/Sclibration(27104): processUnSolicited end x =  44  y =  139
02-03 18:56:19.732 W/Sclibration(27104): ScalibrationView--setBallLocation  m_calibrated =  false
02-03 18:56:19.742 W/Sclibration(27104): ScalibrationView--setBallLocation2  m_calibrated =  false
02-03 18:56:19.742 W/Sclibration(27104): onSensorChanged count =  2705  count%LOOPCOUNT =  5
02-03 18:56:20.523 W/Sclibration(27104): onSensorChanged filter =  88491  tp = 1
02-03 18:56:20.523 W/Sclibration(27104): onSensorChanged filter =  30640  tp = 0
02-03 18:56:20.523 W/Sclibration(27104): onSensorChanged count =  3064
02-03 18:56:20.533 W/Sclibration(27104): onSensorChanged curX =  -2.5245757  curY =  -6.8619986  curZ =  -4.5185866
02-03 18:56:20.533 W/Sclibration(27104): processUnSolicited begin
02-03 18:56:20.533 W/Sclibration(27104): processUnSolicited curX =  -2.5245757  curY =  -6.8619986  curZ =  -4.5185866
02-03 18:56:20.533 W/Sclibration(27104): processUnSolicited x =  35  y =  409
02-03 18:56:20.533 W/Sclibration(27104): processUnSolicited isLeftForX =  true  isDownForY =  false
02-03 18:56:20.533 W/Sclibration(27104): processUnSolicited sum =  85076.0  rr =  8464.0
02-03 18:56:20.533 W/Sclibration(27104): processUnSolicited angle =  0.0853665974238929  tempX =  44  tempY =  142
02-03 18:56:20.533 W/Sclibration(27104): processUnSolicited end x =  44  y =  142
02-03 18:56:20.533 W/Sclibration(27104): ScalibrationView--setBallLocation  m_calibrated =  false
02-03 18:56:20.533 W/Sclibration(27104): ScalibrationView--setBallLocation2  m_calibrated =  false
02-03 18:56:20.533 W/Sclibration(27104): onSensorChanged count =  3064  count%LOOPCOUNT =  4
02-03 18:56:20.543 W/Sclibration(27104): onSensorChanged filter =  27051  tp = 1
02-03 18:56:20.663 W/Sclibration(27104): onSensorChanged filter =  88492  tp = 2
02-03 18:56:20.663 W/Sclibration(27104): onSensorChanged filter =  30641  tp = 1
02-03 18:56:20.673 W/Sclibration(27104): onSensorChanged filter =  27052  tp = 2
02-03 18:56:20.813 W/Sclibration(27104): onSensorChanged filter =  88493  tp = 3
02-03 18:56:20.813 W/Sclibration(27104): onSensorChanged filter =  30642  tp = 2
02-03 18:56:20.813 W/Sclibration(27104): onSensorChanged filter =  27053  tp = 3
02-03 18:56:21.644 W/Sclibration(27104): onSensorChanged filter =  88494  tp = 4
02-03 18:56:21.644 W/Sclibration(27104): onSensorChanged filter =  30643  tp = 3
02-03 18:56:21.644 W/Sclibration(27104): onSensorChanged filter =  27054  tp = 4
02-03 18:56:21.764 W/Sclibration(27104): onSensorChanged filter =  88495  tp = 5
02-03 18:56:21.764 W/Sclibration(27104): onSensorChanged filter =  30644  tp = 4
02-03 18:56:21.774 W/Sclibration(27104): onSensorChanged filter =  27055  tp = 5
02-03 18:56:21.914 W/Sclibration(27104): onSensorChanged filter =  88496  tp = 6
02-03 18:56:21.924 W/Sclibration(27104): onSensorChanged filter =  30645  tp = 5
02-03 18:56:21.924 W/Sclibration(27104): onSensorChanged filter =  27056  tp = 6
02-03 18:56:22.034 W/Sclibration(27104): onSensorChanged filter =  88497  tp = 7
02-03 18:56:22.034 W/Sclibration(27104): onSensorChanged filter =  30646  tp = 6
02-03 18:56:22.034 W/Sclibration(27104): onSensorChanged filter =  27057  tp = 7
02-03 18:56:22.435 W/Sclibration(27104): onSensorChanged filter =  88498  tp = 8
02-03 18:56:22.435 W/Sclibration(27104): onSensorChanged filter =  30647  tp = 7
02-03 18:56:22.445 W/Sclibration(27104): onSensorChanged filter =  27058  tp = 8
02-03 18:56:22.785 W/Sclibration(27104): onSensorChanged filter =  88499  tp = 9
02-03 18:56:22.785 W/Sclibration(27104): onSensorChanged filter =  30648  tp = 8
02-03 18:56:22.785 W/Sclibration(27104): onSensorChanged filter =  27059  tp = 9
02-03 18:56:22.825 D/KeyguardViewMediator(26892): handleTimeout
02-03 18:56:22.825 D/PowerManagerService(26892): releaseWakeLock flags=0x1000001a tag=keyguard
02-03 18:56:22.825 D/PowerManagerService(26892): setPowerState: mPowerState=0x3 newState=0x0 noChangeLights=false reason=3
02-03 18:56:22.905 W/Sclibration(27104): onSensorChanged filter =  88500  tp = 0
02-03 18:56:22.905 W/Sclibration(27104): onSensorChanged count =  8850
02-03 18:56:22.905 W/Sclibration(27104): onSensorChanged curX =  -2.752563  curY =  -9.668383  curZ =  -0.52864033
02-03 18:56:22.905 W/Sclibration(27104): processUnSolicited begin
02-03 18:56:22.905 W/Sclibration(27104): processUnSolicited curX =  -2.752563  curY =  -9.668383  curZ =  -0.52864033
02-03 18:56:22.905 W/Sclibration(27104): processUnSolicited x =  25  y =  521
02-03 18:56:22.915 W/Sclibration(27104): processUnSolicited isLeftForX =  true  isDownForY =  false
02-03 18:56:22.915 W/Sclibration(27104): processUnSolicited sum =  161096.0  rr =  8464.0
02-03 18:56:22.915 W/Sclibration(27104): processUnSolicited angle =  0.04794786707623531  tempX =  44  tempY =  139
02-03 18:56:22.915 W/Sclibration(27104): processUnSolicited end x =  44  y =  139
02-03 18:56:22.915 W/Sclibration(27104): ScalibrationView--setBallLocation  m_calibrated =  false
02-03 18:56:22.915 W/Sclibration(27104): ScalibrationView--setBallLocation2  m_calibrated =  false
02-03 18:56:22.985 W/Sclibration(27104): onSensorChanged count =  8850  count%LOOPCOUNT =  0
02-03 18:56:22.985 W/Sclibration(27104): onSensorChanged filter =  30649  tp = 9
02-03 18:56:22.985 W/Sclibration(27104): onSensorChanged filter =  27060  tp = 0
02-03 18:56:22.985 W/Sclibration(27104): onSensorChanged count =  2706
02-03 18:56:22.985 W/Sclibration(27104): onSensorChanged curX =  -2.752563  curY =  -9.668383  curZ =  -0.52864033
02-03 18:56:22.985 W/Sclibration(27104): processUnSolicited begin
02-03 18:56:22.985 W/Sclibration(27104): processUnSolicited curX =  -2.752563  curY =  -9.668383  curZ =  -0.52864033
02-03 18:56:22.985 W/Sclibration(27104): processUnSolicited x =  25  y =  521
02-03 18:56:22.985 W/Sclibration(27104): processUnSolicited isLeftForX =  true  isDownForY =  false
02-03 18:56:22.985 W/Sclibration(27104): processUnSolicited sum =  161096.0  rr =  8464.0
02-03 18:56:22.985 W/Sclibration(27104): processUnSolicited angle =  0.04794786707623531  tempX =  44  tempY =  139
02-03 18:56:22.985 W/Sclibration(27104): processUnSolicited end x =  44  y =  139
02-03 18:56:22.985 W/Sclibration(27104): ScalibrationView--setBallLocation  m_calibrated =  false
02-03 18:56:22.985 W/Sclibration(27104): ScalibrationView--setBallLocation2  m_calibrated =  false
02-03 18:56:22.985 W/Sclibration(27104): onSensorChanged count =  2706  count%LOOPCOUNT =  6
02-03 18:56:23.025 W/Sclibration(27104): onSensorChanged filter =  88501  tp = 1
02-03 18:56:23.025 W/Sclibration(27104): onSensorChanged filter =  30650  tp = 0
02-03 18:56:23.025 W/Sclibration(27104): onSensorChanged count =  3065
02-03 18:56:23.025 W/Sclibration(27104): onSensorChanged curX =  -3.415502  curY =  -10.365351  curZ =  -0.62278676
02-03 18:56:23.025 W/Sclibration(27104): processUnSolicited begin
02-03 18:56:23.025 W/Sclibration(27104): processUnSolicited curX =  -3.415502  curY =  -10.365351  curZ =  -0.62278676
02-03 18:56:23.025 W/Sclibration(27104): processUnSolicited x =  -1  y =  549
02-03 18:56:23.025 W/Sclibration(27104): processUnSolicited isLeftForX =  true  isDownForY =  false
02-03 18:56:23.025 W/Sclibration(27104): processUnSolicited sum =  189892.0  rr =  8464.0
02-03 18:56:23.025 W/Sclibration(27104): processUnSolicited angle =  -0.0018214916103021128  tempX =  44  tempY =  135
02-03 18:56:23.025 W/Sclibration(27104): processUnSolicited end x =  44  y =  135
02-03 18:56:23.025 W/Sclibration(27104): ScalibrationView--setBallLocation  m_calibrated =  false
02-03 18:56:23.025 W/Sclibration(27104): ScalibrationView--setBallLocation2  m_calibrated =  false
02-03 18:56:23.025 W/Sclibration(27104): onSensorChanged count =  3065  count%LOOPCOUNT =  5
02-03 18:56:23.025 W/Sclibration(27104): onSensorChanged filter =  27061  tp = 1
02-03 18:56:23.045 W/Sclibration(27104): onSensorChanged filter =  88502  tp = 2
02-03 18:56:23.045 W/Sclibration(27104): onSensorChanged filter =  30651  tp = 1
02-03 18:56:23.045 W/Sclibration(27104): onSensorChanged filter =  27062  tp = 2
02-03 18:56:23.065 D/PowerManagerService(26892): acquireWakeLock flags=0x1 tag=sleep_broadcast
02-03 18:56:23.065 D/PowerManagerService(26892): Go to standby ,PARTIAL_WAKE_LOCK tag = sleep_broadcast
02-03 18:56:23.065 D/KeyguardViewMediator(26892): onScreenTurnedOff(3)
02-03 18:56:23.065 D/KeyguardViewMediator(26892): notifyScreenOffLocked
02-03 18:56:23.065 D/KeyguardViewMediator(26892): resetStateLocked
02-03 18:56:23.065 D/PowerManagerService(26892): acquireWakeLock flags=0x1 tag=ActivityManager-Sleep
02-03 18:56:23.065 D/KeyguardViewMediator(26892): handleNotifyScreenOff
02-03 18:56:23.065 D/KeyguardViewMediator(26892): handleReset
02-03 18:56:23.065 D/PhoneWindow(32706): couldn't save which view has focus because the focused view android.webkit.WebView@40650fc8 has no id.
02-03 18:56:23.065 D/Gmail   (32706): com.google.android.gm.HtmlConversationActivity@405ce2c0 onPause() finished
02-03 18:56:23.075 D/KeyguardViewMediator(26892): setHidden false
02-03 18:56:23.085 D/PowerManagerService(26892): releaseWakeLock flags=0x1 tag=ActivityManager-Sleep
02-03 18:56:23.095 D/PowerManagerService(26892): acquireWakeLock flags=0x1 tag=RILJ
02-03 18:56:23.095 I/DATA    (26963): [DCT(0) ] intent received :android.intent.action.SCREEN_OFF
02-03 18:56:23.105 D/PowerManagerService(26892): releaseWakeLock flags=0x1 tag=RILJ
02-03 18:56:23.115 D/PowerManagerService(26892): releaseWakeLock flags=0x1 tag=sleep_broadcast
02-03 18:56:23.115 D/PowerManagerService(26892):  ALL PARTIAL wakeLock Released ! 
02-03 18:56:23.165 W/Sclibration(27104): onSensorChanged filter =  88503  tp = 3
02-03 18:56:23.165 W/Sclibration(27104): onSensorChanged filter =  30652  tp = 2
02-03 18:56:23.165 W/Sclibration(27104): onSensorChanged filter =  27063  tp = 3
02-03 18:57:03.811 D/PowerManagerService(26892): acquireWakeLock flags=0x1 tag=AlarmManager
02-03 18:57:03.811 D/KeyguardUpdateMonitor(26892): received broadcast android.intent.action.TIME_TICK
02-03 18:57:03.811 D/KeyguardUpdateMonitor(26892): handleTimeUpdate
02-03 18:57:03.831 D/PowerManagerService(26892): releaseWakeLock flags=0x1 tag=AlarmManager
02-03 18:57:03.831 D/PowerManagerService(26892):  ALL PARTIAL wakeLock Released ! 
02-03 18:57:05.794 E/rmt_storage(  149): [MyTag]open: fd=-1
02-03 18:57:05.794 E/rmt_storage(  149): block rmt_storage client thread
02-03 18:58:05.811 D/PowerManagerService(26892): acquireWakeLock flags=0x1 tag=AlarmManager
02-03 18:58:05.811 D/KeyguardUpdateMonitor(26892): received broadcast android.intent.action.TIME_TICK
02-03 18:58:05.811 D/KeyguardUpdateMonitor(26892): handleTimeUpdate
02-03 18:58:05.831 D/PowerManagerService(26892): releaseWakeLock flags=0x1 tag=AlarmManager
02-03 18:58:05.831 D/PowerManagerService(26892):  ALL PARTIAL wakeLock Released ! 
02-03 18:58:27.811 I/dun_service(  129): The value returned from dun_getusbmodemstate_fromsys is 2 
02-03 18:58:27.811 D/KeyguardUpdateMonitor(26892): received broadcast android.intent.action.BATTERY_CHANGED
02-03 18:58:27.811 D/KeyguardUpdateMonitor(26892): handleBatteryUpdate
02-03 18:58:40.814 E/rmt_storage(  149): [MyTag]open: fd=-1
02-03 18:58:40.814 E/rmt_storage(  149): block rmt_storage client thread
02-03 18:59:00.001 D/PowerManagerService(26892): acquireWakeLock flags=0x1 tag=AlarmManager
