02-03 19:26:46.281 D/MobileDataStateTracker(26892): [default]  intent.getAction()= android.intent.action.ANY_DATA_STATE
02-03 19:26:46.281 D/MobileDataStateTracker(26892): [default]  mEnabled = true
02-03 19:26:46.281 D/MobileDataStateTracker(26892): [default]  apnTypeList = mms
02-03 19:26:46.281 D/MobileDataStateTracker(26892): [default]  unavailable = false
02-03 19:26:46.281 D/MobileDataStateTracker(26892): [default] not what we are looking for.
02-03 19:26:46.281 D/MobileDataStateTracker(26892): [hipri]  MobileDataStateReceiver onReceive(): Entry.
02-03 19:26:46.281 D/MobileDataStateTracker(26892): [hipri]  intent.getAction()= android.intent.action.ANY_DATA_STATE
02-03 19:26:46.281 D/MobileDataStateTracker(26892): [hipri]  mEnabled = false
02-03 19:26:46.281 I/DATA    (26963): [DCT(0) ] ---ds list---
02-03 19:26:46.281 I/DATA    (26963): [DCT(0) ] ds= SERVICE_TYPE_DEFAULT, enabled = true, active = v4:IDLE v6:IDLE
02-03 19:26:46.281 I/DATA    (26963): [DCT(0) ] ds= SERVICE_TYPE_MMS, enabled = false, active = v4:IDLE v6:IDLE
02-03 19:26:46.281 I/DATA    (26963): [DCT(0) ] ds= SERVICE_TYPE_SUPL, enabled = false, active = v4:IDLE v6:IDLE
02-03 19:26:46.281 I/DATA    (26963): [DCT(0) ] ds= SERVICE_TYPE_DUN, enabled = false, active = v4:IDLE v6:IDLE
02-03 19:26:46.281 I/DATA    (26963): [DCT(0) ] ds= SERVICE_TYPE_HIPRI, enabled = false, active = v4:IDLE v6:IDLE
02-03 19:26:46.281 I/DATA    (26963): [DCT(0) ] ***** NOT Ready for data :
02-03 19:26:46.281 I/DATA    (26963): [DCT(0) ]    getDesiredPowerState() = false
02-03 19:26:46.281 I/DATA    (26963): [DCT(0) ]    mCm.getRadioState() = RADIO_ON
02-03 19:26:46.291 W/Sclibration(27104): onSensorChanged filter =  88646  tp = 6
02-03 19:26:46.291 W/Sclibration(27104): onSensorChanged filter =  30795  tp = 5
02-03 19:26:46.291 W/Sclibration(27104): onSensorChanged filter =  27206  tp = 6
02-03 19:26:46.291 D/MobileDataStateTracker(26892): [hipri]  apnTypeList = supl
02-03 19:26:46.291 D/MobileDataStateTracker(26892): [hipri]  unavailable = false
02-03 19:26:46.291 D/MobileDataStateTracker(26892): [hipri] Do not process intents if disabled.
02-03 19:26:46.291 D/MobileDataStateTracker(26892): [dun]  MobileDataStateReceiver onReceive(): Entry.
02-03 19:26:46.291 D/MobileDataStateTracker(26892): [dun]  intent.getAction()= android.intent.action.ANY_DATA_STATE
02-03 19:26:46.291 D/MobileDataStateTracker(26892): [dun]  mEnabled = false
02-03 19:26:46.291 I/DATA    (26963): [DCT(0) ]    [DataRadioTech = RADIO_TECH_EVDO_A, data network state = 0, mMasterDataEnabled = true, is Roaming = false, dataOnRoamingEnable = false, isPsRestricted = false, desiredPowerState  = false, mSIMRecords = , cdmaSubSource = 1/310120, mRuimRecords = , checks = true/true]
02-03 19:26:46.301 D/MobileDataStateTracker(26892): [dun]  apnTypeList = supl
02-03 19:26:46.301 D/MobileDataStateTracker(26892): [dun]  unavailable = false
02-03 19:26:46.301 D/MobileDataStateTracker(26892): [dun] Do not process intents if disabled.
02-03 19:26:46.301 D/MobileDataStateTracker(26892): [supl]  MobileDataStateReceiver onReceive(): Entry.
02-03 19:26:46.301 D/MobileDataStateTracker(26892): [supl]  intent.getAction()= android.intent.action.ANY_DATA_STATE
02-03 19:26:46.301 D/MobileDataStateTracker(26892): [supl]  mEnabled = false
02-03 19:26:46.301 D/PhoneApp(26963): old phone type:2, New Phone type:2
02-03 19:26:46.301 D/NotificationMgr(26963): hideDataDisconnectedRoaming()...
02-03 19:26:46.311 D/PhoneApp(26963): old phone type:2, New Phone type:2
02-03 19:26:46.311 D/NotificationMgr(26963): hideDataDisconnectedRoaming()...
02-03 19:26:46.311 D/PhoneApp(26963): old phone type:2, New Phone type:2
02-03 19:26:46.311 D/NotificationMgr(26963): hideDataDisconnectedRoaming()...
02-03 19:26:46.311 D/PhoneApp(26963): old phone type:2, New Phone type:2
02-03 19:26:46.311 D/NotificationMgr(26963): hideDataDisconnectedRoaming()...
02-03 19:26:46.311 D/PhoneApp(26963): old phone type:2, New Phone type:2
02-03 19:26:46.311 D/NotificationMgr(26963): hideDataDisconnectedRoaming()...
02-03 19:26:46.311 D/PhoneApp(26963): old phone type:2, New Phone type:2
02-03 19:26:46.311 D/NotificationMgr(26963): hideDataDisconnectedRoaming()...
02-03 19:26:46.321 D/MobileDataStateTracker(26892): [supl]  apnTypeList = supl
02-03 19:26:46.321 D/MobileDataStateTracker(26892): [supl]  unavailable = false
02-03 19:26:46.321 D/MobileDataStateTracker(26892): [supl] Do not process intents if disabled.
02-03 19:26:46.321 D/MobileDataStateTracker(26892): [mms]  MobileDataStateReceiver onReceive(): Entry.
02-03 19:26:46.321 D/MobileDataStateTracker(26892): [mms]  intent.getAction()= android.intent.action.ANY_DATA_STATE
02-03 19:26:46.321 D/MobileDataStateTracker(26892): [mms]  mEnabled = false
02-03 19:26:46.321 D/MobileDataStateTracker(26892): [mms]  apnTypeList = supl
02-03 19:26:46.321 D/MobileDataStateTracker(26892): [mms]  unavailable = false
02-03 19:26:46.321 D/MobileDataStateTracker(26892): [mms] Do not process intents if disabled.
02-03 19:26:46.321 D/MobileDataStateTracker(26892): [default]  MobileDataStateReceiver onReceive(): Entry.
02-03 19:26:46.321 D/MobileDataStateTracker(26892): [default]  intent.getAction()= android.intent.action.ANY_DATA_STATE
02-03 19:26:46.321 D/MobileDataStateTracker(26892): [default]  mEnabled = true
02-03 19:26:46.331 D/PhoneApp(26963): old phone type:2, New Phone type:2
02-03 19:26:46.331 D/NotificationMgr(26963): hideDataDisconnectedRoaming()...
02-03 19:26:46.331 D/PhoneApp(26963): old phone type:2, New Phone type:2
02-03 19:26:46.331 D/NotificationMgr(26963): hideDataDisconnectedRoaming()...
02-03 19:26:46.341 D/MobileDataStateTracker(26892): [default]  apnTypeList = supl
02-03 19:26:46.341 D/MobileDataStateTracker(26892): [default]  unavailable = false
02-03 19:26:46.341 D/MobileDataStateTracker(26892): [default] not what we are looking for.
02-03 19:26:46.341 D/MobileDataStateTracker(26892): [hipri]  MobileDataStateReceiver onReceive(): Entry.
02-03 19:26:46.341 D/MobileDataStateTracker(26892): [hipri]  intent.getAction()= android.intent.action.ANY_DATA_STATE
02-03 19:26:46.341 D/MobileDataStateTracker(26892): [hipri]  mEnabled = false
02-03 19:26:46.341 D/DATA    (26963): [DSST(0)] pollstate() : reason = data network state changed
02-03 19:26:46.351 D/MobileDataStateTracker(26892): [hipri]  apnTypeList = supl
02-03 19:26:46.351 D/MobileDataStateTracker(26892): [hipri]  unavailable = false
02-03 19:26:46.351 D/MobileDataStateTracker(26892): [hipri] Do not process intents if disabled.
02-03 19:26:46.351 D/MobileDataStateTracker(26892): [dun]  MobileDataStateReceiver onReceive(): Entry.
02-03 19:26:46.351 D/MobileDataStateTracker(26892): [dun]  intent.getAction()= android.intent.action.ANY_DATA_STATE
02-03 19:26:46.351 D/MobileDataStateTracker(26892): [dun]  mEnabled = false
02-03 19:26:46.351 D/MobileDataStateTracker(26892): [dun]  apnTypeList = supl
02-03 19:26:46.351 D/MobileDataStateTracker(26892): [dun]  unavailable = false
02-03 19:26:46.351 D/MobileDataStateTracker(26892): [dun] Do not process intents if disabled.
02-03 19:26:46.351 D/MobileDataStateTracker(26892): [supl]  MobileDataStateReceiver onReceive(): Entry.
02-03 19:26:46.351 D/MobileDataStateTracker(26892): [supl]  intent.getAction()= android.intent.action.ANY_DATA_STATE
02-03 19:26:46.351 D/MobileDataStateTracker(26892): [supl]  mEnabled = false
02-03 19:26:46.361 D/MobileDataStateTracker(26892): [supl]  apnTypeList = supl
02-03 19:26:46.361 D/MobileDataStateTracker(26892): [supl]  unavailable = false
02-03 19:26:46.361 D/MobileDataStateTracker(26892): [supl] Do not process intents if disabled.
02-03 19:26:46.361 D/MobileDataStateTracker(26892): [mms]  MobileDataStateReceiver onReceive(): Entry.
02-03 19:26:46.361 D/MobileDataStateTracker(26892): [mms]  intent.getAction()= android.intent.action.ANY_DATA_STATE
02-03 19:26:46.361 D/MobileDataStateTracker(26892): [mms]  mEnabled = false
02-03 19:26:46.391 D/MobileDataStateTracker(26892): [mms]  apnTypeList = supl
02-03 19:26:46.391 D/MobileDataStateTracker(26892): [mms]  unavailable = false
02-03 19:26:46.391 D/MobileDataStateTracker(26892): [mms] Do not process intents if disabled.
02-03 19:26:46.391 D/MobileDataStateTracker(26892): [default]  MobileDataStateReceiver onReceive(): Entry.
02-03 19:26:46.391 D/MobileDataStateTracker(26892): [default]  intent.getAction()= android.intent.action.ANY_DATA_STATE
02-03 19:26:46.391 D/MobileDataStateTracker(26892): [default]  mEnabled = true
02-03 19:26:46.391 D/MobileDataStateTracker(26892): [default]  apnTypeList = supl
02-03 19:26:46.391 D/MobileDataStateTracker(26892): [default]  unavailable = false
02-03 19:26:46.391 D/MobileDataStateTracker(26892): [default] not what we are looking for.
02-03 19:26:46.391 D/MobileDataStateTracker(26892): [hipri]  MobileDataStateReceiver onReceive(): Entry.
02-03 19:26:46.391 D/MobileDataStateTracker(26892): [hipri]  intent.getAction()= android.intent.action.ANY_DATA_STATE
02-03 19:26:46.391 D/MobileDataStateTracker(26892): [hipri]  mEnabled = false
02-03 19:26:46.391 D/MobileDataStateTracker(26892): [hipri]  apnTypeList = hipri
02-03 19:26:46.391 D/MobileDataStateTracker(26892): [hipri]  unavailable = false
02-03 19:26:46.391 D/MobileDataStateTracker(26892): [hipri] Do not process intents if disabled.
02-03 19:26:46.391 D/MobileDataStateTracker(26892): [dun]  MobileDataStateReceiver onReceive(): Entry.
02-03 19:26:46.391 D/MobileDataStateTracker(26892): [dun]  intent.getAction()= android.intent.action.ANY_DATA_STATE
02-03 19:26:46.391 D/MobileDataStateTracker(26892): [dun]  mEnabled = false
02-03 19:26:46.391 D/MobileDataStateTracker(26892): [dun]  apnTypeList = hipri
02-03 19:26:46.391 D/MobileDataStateTracker(26892): [dun]  unavailable = false
02-03 19:26:46.391 D/MobileDataStateTracker(26892): [dun] Do not process intents if disabled.
02-03 19:26:46.391 D/MobileDataStateTracker(26892): [supl]  MobileDataStateReceiver onReceive(): Entry.
02-03 19:26:46.391 D/MobileDataStateTracker(26892): [supl]  intent.getAction()= android.intent.action.ANY_DATA_STATE
02-03 19:26:46.401 D/MobileDataStateTracker(26892): [supl]  mEnabled = false
02-03 19:26:46.401 D/MobileDataStateTracker(26892): [supl]  apnTypeList = hipri
02-03 19:26:46.401 D/MobileDataStateTracker(26892): [supl]  unavailable = false
02-03 19:26:46.401 D/MobileDataStateTracker(26892): [supl] Do not process intents if disabled.
02-03 19:26:46.401 D/MobileDataStateTracker(26892): [mms]  MobileDataStateReceiver onReceive(): Entry.
02-03 19:26:46.401 D/MobileDataStateTracker(26892): [mms]  intent.getAction()= android.intent.action.ANY_DATA_STATE
02-03 19:26:46.401 D/MobileDataStateTracker(26892): [mms]  mEnabled = false
02-03 19:26:46.411 D/MobileDataStateTracker(26892): [mms]  apnTypeList = hipri
02-03 19:26:46.411 D/MobileDataStateTracker(26892): [mms]  unavailable = false
02-03 19:26:46.411 D/MobileDataStateTracker(26892): [mms] Do not process intents if disabled.
02-03 19:26:46.411 D/MobileDataStateTracker(26892): [default]  MobileDataStateReceiver onReceive(): Entry.
02-03 19:26:46.411 D/MobileDataStateTracker(26892): [default]  intent.getAction()= android.intent.action.ANY_DATA_STATE
02-03 19:26:46.411 D/MobileDataStateTracker(26892): [default]  mEnabled = true
02-03 19:26:46.411 D/MobileDataStateTracker(26892): [default]  apnTypeList = hipri
02-03 19:26:46.411 D/MobileDataStateTracker(26892): [default]  unavailable = false
02-03 19:26:46.411 D/MobileDataStateTracker(26892): [default] not what we are looking for.
02-03 19:26:46.411 D/MobileDataStateTracker(26892): [hipri]  MobileDataStateReceiver onReceive(): Entry.
02-03 19:26:46.411 D/MobileDataStateTracker(26892): [hipri]  intent.getAction()= android.intent.action.ANY_DATA_STATE
02-03 19:26:46.411 D/MobileDataStateTracker(26892): [hipri]  mEnabled = false
02-03 19:26:46.421 D/MobileDataStateTracker(26892): [hipri]  apnTypeList = hipri
02-03 19:26:46.421 D/MobileDataStateTracker(26892): [hipri]  unavailable = false
02-03 19:26:46.421 D/MobileDataStateTracker(26892): [hipri] Do not process intents if disabled.
02-03 19:26:46.421 D/MobileDataStateTracker(26892): [dun]  MobileDataStateReceiver onReceive(): Entry.
02-03 19:26:46.421 D/MobileDataStateTracker(26892): [dun]  intent.getAction()= android.intent.action.ANY_DATA_STATE
02-03 19:26:46.421 D/MobileDataStateTracker(26892): [dun]  mEnabled = false
02-03 19:26:46.421 D/MobileDataStateTracker(26892): [dun]  apnTypeList = hipri
02-03 19:26:46.421 D/MobileDataStateTracker(26892): [dun]  unavailable = false
02-03 19:26:46.421 D/MobileDataStateTracker(26892): [dun] Do not process intents if disabled.
02-03 19:26:46.421 D/MobileDataStateTracker(26892): [supl]  MobileDataStateReceiver onReceive(): Entry.
02-03 19:26:46.421 D/MobileDataStateTracker(26892): [supl]  intent.getAction()= android.intent.action.ANY_DATA_STATE
02-03 19:26:46.421 D/MobileDataStateTracker(26892): [supl]  mEnabled = false
02-03 19:26:46.421 D/MobileDataStateTracker(26892): [supl]  apnTypeList = hipri
02-03 19:26:46.431 D/MobileDataStateTracker(26892): [supl]  unavailable = false
02-03 19:26:46.431 D/MobileDataStateTracker(26892): [supl] Do not process intents if disabled.
02-03 19:26:46.431 D/MobileDataStateTracker(26892): [mms]  MobileDataStateReceiver onReceive(): Entry.
02-03 19:26:46.431 D/MobileDataStateTracker(26892): [mms]  intent.getAction()= android.intent.action.ANY_DATA_STATE
02-03 19:26:46.431 D/MobileDataStateTracker(26892): [mms]  mEnabled = false
02-03 19:26:46.431 D/MobileDataStateTracker(26892): [mms]  apnTypeList = hipri
02-03 19:26:46.431 D/MobileDataStateTracker(26892): [mms]  unavailable = false
02-03 19:26:46.431 D/MobileDataStateTracker(26892): [mms] Do not process intents if disabled.
02-03 19:26:46.431 D/MobileDataStateTracker(26892): [default]  MobileDataStateReceiver onReceive(): Entry.
02-03 19:26:46.431 D/MobileDataStateTracker(26892): [default]  intent.getAction()= android.intent.action.ANY_DATA_STATE
02-03 19:26:46.431 D/MobileDataStateTracker(26892): [default]  mEnabled = true
02-03 19:26:46.431 D/MobileDataStateTracker(26892): [default]  apnTypeList = hipri
02-03 19:26:46.431 D/MobileDataStateTracker(26892): [default]  unavailable = false
02-03 19:26:46.431 D/MobileDataStateTracker(26892): [default] not what we are looking for.
02-03 19:26:46.521 D/MobileDataStateTracker(26892): [hipri]  MobileDataStateReceiver onReceive(): Entry.
02-03 19:26:46.521 D/MobileDataStateTracker(26892): [hipri]  intent.getAction()= android.intent.action.SERVICE_STATE
02-03 19:26:46.521 D/MobileDataStateTracker(26892): [hipri]  mEnabled = false
02-03 19:26:46.532 D/MobileDataStateTracker(26892): [dun]  MobileDataStateReceiver onReceive(): Entry.
02-03 19:26:46.532 D/MobileDataStateTracker(26892): [dun]  intent.getAction()= android.intent.action.SERVICE_STATE
02-03 19:26:46.532 D/MobileDataStateTracker(26892): [dun]  mEnabled = false
02-03 19:26:46.532 D/MobileDataStateTracker(26892): [supl]  MobileDataStateReceiver onReceive(): Entry.
02-03 19:26:46.532 D/MobileDataStateTracker(26892): [supl]  intent.getAction()= android.intent.action.SERVICE_STATE
02-03 19:26:46.532 D/MobileDataStateTracker(26892): [supl]  mEnabled = false
02-03 19:26:46.532 D/MobileDataStateTracker(26892): [mms]  MobileDataStateReceiver onReceive(): Entry.
02-03 19:26:46.532 D/MobileDataStateTracker(26892): [mms]  intent.getAction()= android.intent.action.SERVICE_STATE
02-03 19:26:46.532 D/MobileDataStateTracker(26892): [mms]  mEnabled = false
02-03 19:26:46.532 D/MobileDataStateTracker(26892): [default]  MobileDataStateReceiver onReceive(): Entry.
02-03 19:26:46.532 D/MobileDataStateTracker(26892): [default]  intent.getAction()= android.intent.action.SERVICE_STATE
02-03 19:26:46.542 D/DATA    (26963): [DSST(0)]  registrationState = 1  radioTechnology = 6 reasonForDenial = 0
02-03 19:26:46.542 D/DATA    (26963): [DSST(0)]  set mNewDataConnectionState = 0
02-03 19:26:46.542 D/DATA    (26963): [DSST(0)]  mNewDataConnectionState : 0  mDataConnectionState : 0
02-03 19:26:46.542 D/DATA    (26963): [DSST(0)] Poll ServiceState done: oldSS=[0 home null null null  EvDo rev. A CSS not supported -1 -1RoamInd: -1RoamStatus(sprint): -1DefRoamInd: -1EmergOnly: false] newSS=[0 home null null null  1xRTT CSS not supported -1 -1RoamInd: -1RoamStatus(sprint): -1DefRoamInd: -1EmergOnly: false]
02-03 19:26:46.542 D/DATA    (26963): [DSST(0)]  mDataConnectionState = 0
02-03 19:26:46.542 D/MobileDataStateTracker(26892): [default]  mEnabled = true
02-03 19:26:46.542 D/MobileDataStateTracker(26892): [default] subType changed, oldSubtype = 6new subtype = 7
02-03 19:26:46.552 D/MobileDataStateTracker(26892): [hipri]  MobileDataStateReceiver onReceive(): Entry.
02-03 19:26:46.552 D/MobileDataStateTracker(26892): [hipri]  intent.getAction()= android.intent.action.SERVICE_STATE
02-03 19:26:46.552 D/MobileDataStateTracker(26892): [hipri]  mEnabled = false
02-03 19:26:46.552 D/GpsLocationProvider(26892): updateNetworkState unavailable info: NetworkInfo: type: mobile[CDMA - 1xRTT], state: DISCONNECTED/DISCONNECTED, reason: radioTurnedOff, extra: (none), roaming: false, failover: false, isAvailable: true, isIpv4Connected: false, isIpv6Connected: false, ipv4Name: null, ipv6Name: null
02-03 19:26:46.562 D/CallManager(26963):  handleMessage (EVENT_SERVICE_STATE_CHANGED)
02-03 19:26:46.562 E/BT HS/HF(26963): SERVICE_STATE_CHANGED called
02-03 19:26:46.562 E/BT HS/HF(26963): updateServiceState called, sendUpdate:false  ServiceState:0 home Sprint  310099  EvDo rev. A CSS not supported 41 4139RoamInd: 1RoamStatus(sprint): 1DefRoamInd: 160EmergOnly: false
02-03 19:26:46.562 E/BT HS/HF(26963): service:1 mService:1
02-03 19:26:46.562 D/MobileDataStateTracker(26892): [hipri] subType changed, oldSubtype = 6new subtype = 7
02-03 19:26:46.572 D/CallManager(26963):  handleMessage (EVENT_SERVICE_STATE_CHANGED)
02-03 19:26:46.572 E/BT HS/HF(26963): SERVICE_STATE_CHANGED called
02-03 19:26:46.572 E/BT HS/HF(26963): updateServiceState called, sendUpdate:false  ServiceState:0 home Sprint  310099  1xRTT CSS not supported 41 4139RoamInd: 1RoamStatus(sprint): 1DefRoamInd: 160EmergOnly: false
02-03 19:26:46.572 E/BT HS/HF(26963): service:1 mService:1
02-03 19:26:46.572 D/MobileDataStateTracker(26892): [dun]  MobileDataStateReceiver onReceive(): Entry.
02-03 19:26:46.572 D/MobileDataStateTracker(26892): [dun]  intent.getAction()= android.intent.action.SERVICE_STATE
02-03 19:26:46.572 D/MobileDataStateTracker(26892): [dun]  mEnabled = false
02-03 19:26:46.572 D/MobileDataStateTracker(26892): [dun] subType changed, oldSubtype = 6new subtype = 7
02-03 19:26:46.572 D/MobileDataStateTracker(26892): [supl]  MobileDataStateReceiver onReceive(): Entry.
02-03 19:26:46.572 D/MobileDataStateTracker(26892): [supl]  intent.getAction()= android.intent.action.SERVICE_STATE
02-03 19:26:46.572 D/MobileDataStateTracker(26892): [supl]  mEnabled = false
02-03 19:26:46.582 D/MobileDataStateTracker(26892): [supl] subType changed, oldSubtype = 6new subtype = 7
02-03 19:26:46.602 D/MobileDataStateTracker(26892): [mms]  MobileDataStateReceiver onReceive(): Entry.
02-03 19:26:46.602 D/MobileDataStateTracker(26892): [mms]  intent.getAction()= android.intent.action.SERVICE_STATE
02-03 19:26:46.602 D/MobileDataStateTracker(26892): [mms]  mEnabled = false
02-03 19:26:46.602 D/MobileDataStateTracker(26892): [mms] subType changed, oldSubtype = 6new subtype = 7
02-03 19:26:46.602 D/MobileDataStateTracker(26892): [default]  MobileDataStateReceiver onReceive(): Entry.
02-03 19:26:46.602 D/MobileDataStateTracker(26892): [default]  intent.getAction()= android.intent.action.SERVICE_STATE
02-03 19:26:46.602 D/MobileDataStateTracker(26892): [default]  mEnabled = true
02-03 19:26:46.622 D/Phone   (26963): [PhoneNotifier] [DefaultPhoneNotifier] : default, INET, DISCONNECTED
02-03 19:26:46.622 I/TelephonyRegistry(26892): notifyDataConnection: state=0 isDataConnectivityPossible=true reason=radioTechnologyChanged interfaceName=null networkType=7 apnType=default apn=null
02-03 19:26:46.622 I/TelephonyRegistry(26892): +++broadcastDataConnectionStateChanged
02-03 19:26:46.622 I/TelephonyRegistry(26892): +++sendStickyBroadcast
02-03 19:26:46.632 D/MobileDataStateTracker(26892): [hipri]  MobileDataStateReceiver onReceive(): Entry.
02-03 19:26:46.632 D/MobileDataStateTracker(26892): [hipri]  intent.getAction()= android.intent.action.ANY_DATA_STATE
02-03 19:26:46.632 D/MobileDataStateTracker(26892): [hipri]  mEnabled = false
02-03 19:26:46.632 D/MobileDataStateTracker(26892): [hipri]  apnTypeList = default
02-03 19:26:46.632 D/MobileDataStateTracker(26892): [hipri]  unavailable = false
02-03 19:26:46.632 D/MobileDataStateTracker(26892): [hipri] Do not process intents if disabled.
02-03 19:26:46.632 D/MobileDataStateTracker(26892): [dun]  MobileDataStateReceiver onReceive(): Entry.
02-03 19:26:46.632 D/MobileDataStateTracker(26892): [dun]  intent.getAction()= android.intent.action.ANY_DATA_STATE
02-03 19:26:46.632 D/MobileDataStateTracker(26892): [dun]  mEnabled = false
02-03 19:26:46.632 D/MobileDataStateTracker(26892): [dun]  apnTypeList = default
02-03 19:26:46.632 D/MobileDataStateTracker(26892): [dun]  unavailable = false
02-03 19:26:46.632 D/MobileDataStateTracker(26892): [dun] Do not process intents if disabled.
02-03 19:26:46.632 D/MobileDataStateTracker(26892): [supl]  MobileDataStateReceiver onReceive(): Entry.
02-03 19:26:46.632 D/MobileDataStateTracker(26892): [supl]  intent.getAction()= android.intent.action.ANY_DATA_STATE
02-03 19:26:46.632 D/MobileDataStateTracker(26892): [supl]  mEnabled = false
02-03 19:26:46.632 D/MobileDataStateTracker(26892): [supl]  apnTypeList = default
02-03 19:26:46.632 D/MobileDataStateTracker(26892): [supl]  unavailable = false
02-03 19:26:46.632 D/MobileDataStateTracker(26892): [supl] Do not process intents if disabled.
02-03 19:26:46.642 D/MobileDataStateTracker(26892): [mms]  MobileDataStateReceiver onReceive(): Entry.
02-03 19:26:46.642 D/MobileDataStateTracker(26892): [mms]  intent.getAction()= android.intent.action.ANY_DATA_STATE
02-03 19:26:46.642 D/MobileDataStateTracker(26892): [mms]  mEnabled = false
02-03 19:26:46.652 D/Phone   (26963): [PhoneNotifier] [DefaultPhoneNotifier] : default, INET6, DISCONNECTED
02-03 19:26:46.652 D/MobileDataStateTracker(26892): [mms]  apnTypeList = default
02-03 19:26:46.652 D/MobileDataStateTracker(26892): [mms]  unavailable = false
02-03 19:26:46.652 D/MobileDataStateTracker(26892): [mms] Do not process intents if disabled.
02-03 19:26:46.652 D/MobileDataStateTracker(26892): [default]  MobileDataStateReceiver onReceive(): Entry.
02-03 19:26:46.652 D/MobileDataStateTracker(26892): [default]  intent.getAction()= android.intent.action.ANY_DATA_STATE
02-03 19:26:46.652 D/MobileDataStateTracker(26892): [default]  mEnabled = true
02-03 19:26:46.652 D/MobileDataStateTracker(26892): [default]  apnTypeList = default
02-03 19:26:46.652 I/TelephonyRegistry(26892): notifyDataConnection: state=0 isDataConnectivityPossible=true reason=radioTechnologyChanged interfaceName=null networkType=7 apnType=default apn=null
02-03 19:26:46.652 I/TelephonyRegistry(26892): +++broadcastDataConnectionStateChanged
02-03 19:26:46.652 I/TelephonyRegistry(26892): +++sendStickyBroadcast
02-03 19:26:46.662 D/Phone   (26963): [PhoneNotifier] [DefaultPhoneNotifier] : mms, INET, DISCONNECTED
02-03 19:26:46.662 I/TelephonyRegistry(26892): notifyDataConnection: state=0 isDataConnectivityPossible=true reason=radioTechnologyChanged interfaceName=null networkType=7 apnType=mms apn=null
02-03 19:26:46.662 I/TelephonyRegistry(26892): +++broadcastDataConnectionStateChanged
02-03 19:26:46.662 I/TelephonyRegistry(26892): +++sendStickyBroadcast
02-03 19:26:46.662 D/MobileDataStateTracker(26892): [default]  unavailable = false
02-03 19:26:46.662 D/MobileDataStateTracker(26892): [default] CALL updateMobileInfoFromIntent
02-03 19:26:46.672 I/MobileDataStateTracker(26892): [default] dc state change intent received for default/INET with state  DISCONNECTED. enabled=true state change reason = radioTechnologyChanged
02-03 19:26:46.672 I/MobileDataStateTracker(26892): [default] old state = DISCONNECTED
02-03 19:26:46.672 I/MobileDataStateTracker(26892): [default] no change,  just return
02-03 19:26:46.672 D/MobileDataStateTracker(26892): [default] No need to update detailed state
02-03 19:26:46.672 D/MobileDataStateTracker(26892): [hipri]  MobileDataStateReceiver onReceive(): Entry.
02-03 19:26:46.672 D/MobileDataStateTracker(26892): [hipri]  intent.getAction()= android.intent.action.ANY_DATA_STATE
02-03 19:26:46.672 D/MobileDataStateTracker(26892): [hipri]  mEnabled = false
02-03 19:26:46.672 D/Phone   (26963): [PhoneNotifier] [DefaultPhoneNotifier] : mms, INET6, DISCONNECTED
02-03 19:26:46.682 D/MobileDataStateTracker(26892): [hipri]  apnTypeList = default
02-03 19:26:46.682 D/MobileDataStateTracker(26892): [hipri]  unavailable = false
02-03 19:26:46.682 D/MobileDataStateTracker(26892): [hipri] Do not process intents if disabled.
02-03 19:26:46.682 D/MobileDataStateTracker(26892): [dun]  MobileDataStateReceiver onReceive(): Entry.
02-03 19:26:46.682 D/MobileDataStateTracker(26892): [dun]  intent.getAction()= android.intent.action.ANY_DATA_STATE
02-03 19:26:46.682 D/MobileDataStateTracker(26892): [dun]  mEnabled = false
02-03 19:26:46.682 I/TelephonyRegistry(26892): notifyDataConnection: state=0 isDataConnectivityPossible=true reason=radioTechnologyChanged interfaceName=null networkType=7 apnType=mms apn=null
02-03 19:26:46.682 I/TelephonyRegistry(26892): +++broadcastDataConnectionStateChanged
02-03 19:26:46.682 I/TelephonyRegistry(26892): +++sendStickyBroadcast
02-03 19:26:46.682 D/MobileDataStateTracker(26892): [dun]  apnTypeList = default
02-03 19:26:46.682 D/MobileDataStateTracker(26892): [dun]  unavailable = false
02-03 19:26:46.682 D/MobileDataStateTracker(26892): [dun] Do not process intents if disabled.
02-03 19:26:46.682 D/MobileDataStateTracker(26892): [supl]  MobileDataStateReceiver onReceive(): Entry.
02-03 19:26:46.682 D/MobileDataStateTracker(26892): [supl]  intent.getAction()= android.intent.action.ANY_DATA_STATE
02-03 19:26:46.682 D/MobileDataStateTracker(26892): [supl]  mEnabled = false
02-03 19:26:46.692 D/MobileDataStateTracker(26892): [supl]  apnTypeList = default
02-03 19:26:46.692 D/MobileDataStateTracker(26892): [supl]  unavailable = false
02-03 19:26:46.692 D/MobileDataStateTracker(26892): [supl] Do not process intents if disabled.
02-03 19:26:46.692 D/MobileDataStateTracker(26892): [mms]  MobileDataStateReceiver onReceive(): Entry.
02-03 19:26:46.692 D/MobileDataStateTracker(26892): [mms]  intent.getAction()= android.intent.action.ANY_DATA_STATE
02-03 19:26:46.692 D/MobileDataStateTracker(26892): [mms]  mEnabled = false
02-03 19:26:46.692 D/Phone   (26963): [PhoneNotifier] [DefaultPhoneNotifier] : supl, INET, DISCONNECTED
02-03 19:26:46.692 I/TelephonyRegistry(26892): notifyDataConnection: state=0 isDataConnectivityPossible=true reason=radioTechnologyChanged interfaceName=null networkType=7 apnType=supl apn=null
02-03 19:26:46.692 I/TelephonyRegistry(26892): +++broadcastDataConnectionStateChanged
02-03 19:26:46.692 I/TelephonyRegistry(26892): +++sendStickyBroadcast
02-03 19:26:46.692 D/Phone   (26963): [PhoneNotifier] [DefaultPhoneNotifier] : supl, INET6, DISCONNECTED
02-03 19:26:46.692 I/TelephonyRegistry(26892): notifyDataConnection: state=0 isDataConnectivityPossible=true reason=radioTechnologyChanged interfaceName=null networkType=7 apnType=supl apn=null
02-03 19:26:46.692 I/TelephonyRegistry(26892): +++broadcastDataConnectionStateChanged
02-03 19:26:46.692 I/TelephonyRegistry(26892): +++sendStickyBroadcast
02-03 19:26:46.702 D/MobileDataStateTracker(26892): [mms]  apnTypeList = default
02-03 19:26:46.702 D/MobileDataStateTracker(26892): [mms]  unavailable = false
02-03 19:26:46.702 D/MobileDataStateTracker(26892): [mms] Do not process intents if disabled.
02-03 19:26:46.702 D/MobileDataStateTracker(26892): [default]  MobileDataStateReceiver onReceive(): Entry.
02-03 19:26:46.702 D/MobileDataStateTracker(26892): [default]  intent.getAction()= android.intent.action.ANY_DATA_STATE
02-03 19:26:46.702 D/MobileDataStateTracker(26892): [default]  mEnabled = true
02-03 19:26:46.702 D/MobileDataStateTracker(26892): [default]  apnTypeList = default
02-03 19:26:46.712 D/MobileDataStateTracker(26892): [default]  unavailable = false
02-03 19:26:46.712 D/MobileDataStateTracker(26892): [default] CALL updateMobileInfoFromIntent
02-03 19:26:46.712 I/MobileDataStateTracker(26892): [default] dc state change intent received for default/INET6 with state  DISCONNECTED. enabled=true state change reason = radioTechnologyChanged
02-03 19:26:46.712 I/MobileDataStateTracker(26892): [default] old state = DISCONNECTED
02-03 19:26:46.712 I/MobileDataStateTracker(26892): [default] no change,  just return
02-03 19:26:46.712 D/MobileDataStateTracker(26892): [default] No need to update detailed state
02-03 19:26:46.712 D/MobileDataStateTracker(26892): [hipri]  MobileDataStateReceiver onReceive(): Entry.
02-03 19:26:46.712 D/MobileDataStateTracker(26892): [hipri]  intent.getAction()= android.intent.action.ANY_DATA_STATE
02-03 19:26:46.712 D/MobileDataStateTracker(26892): [hipri]  mEnabled = false
02-03 19:26:46.712 D/Phone   (26963): [PhoneNotifier] [DefaultPhoneNotifier] : dun, INET, DISCONNECTED
02-03 19:26:46.712 I/TelephonyRegistry(26892): notifyDataConnection: state=0 isDataConnectivityPossible=true reason=radioTechnologyChanged interfaceName=null networkType=7 apnType=dun apn=null
02-03 19:26:46.712 I/TelephonyRegistry(26892): +++broadcastDataConnectionStateChanged
02-03 19:26:46.722 I/TelephonyRegistry(26892): +++sendStickyBroadcast
02-03 19:26:46.722 D/Phone   (26963): [PhoneNotifier] [DefaultPhoneNotifier] : dun, INET6, DISCONNECTED
02-03 19:26:46.722 I/TelephonyRegistry(26892): notifyDataConnection: state=0 isDataConnectivityPossible=true reason=radioTechnologyChanged interfaceName=null networkType=7 apnType=dun apn=null
02-03 19:26:46.722 I/TelephonyRegistry(26892): +++broadcastDataConnectionStateChanged
02-03 19:26:46.722 D/MobileDataStateTracker(26892): [hipri]  apnTypeList = mms
02-03 19:26:46.722 D/MobileDataStateTracker(26892): [hipri]  unavailable = false
02-03 19:26:46.722 D/MobileDataStateTracker(26892): [hipri] Do not process intents if disabled.
02-03 19:26:46.722 D/MobileDataStateTracker(26892): [dun]  MobileDataStateReceiver onReceive(): Entry.
02-03 19:26:46.722 D/MobileDataStateTracker(26892): [dun]  intent.getAction()= android.intent.action.ANY_DATA_STATE
02-03 19:26:46.722 D/MobileDataStateTracker(26892): [dun]  mEnabled = false
02-03 19:26:46.722 D/MobileDataStateTracker(26892): [dun]  apnTypeList = mms
02-03 19:26:46.722 D/MobileDataStateTracker(26892): [dun]  unavailable = false
02-03 19:26:46.722 D/MobileDataStateTracker(26892): [dun] Do not process intents if disabled.
02-03 19:26:46.722 D/MobileDataStateTracker(26892): [supl]  MobileDataStateReceiver onReceive(): Entry.
02-03 19:26:46.722 D/MobileDataStateTracker(26892): [supl]  intent.getAction()= android.intent.action.ANY_DATA_STATE
02-03 19:26:46.722 D/MobileDataStateTracker(26892): [supl]  mEnabled = false
02-03 19:26:46.732 I/TelephonyRegistry(26892): +++sendStickyBroadcast
02-03 19:26:46.732 D/Phone   (26963): [PhoneNotifier] [DefaultPhoneNotifier] : hipri, INET, DISCONNECTED
02-03 19:26:46.732 I/TelephonyRegistry(26892): notifyDataConnection: state=0 isDataConnectivityPossible=true reason=radioTechnologyChanged interfaceName=null networkType=7 apnType=hipri apn=null
02-03 19:26:46.732 I/TelephonyRegistry(26892): +++broadcastDataConnectionStateChanged
02-03 19:26:46.732 I/TelephonyRegistry(26892): +++sendStickyBroadcast
02-03 19:26:46.742 D/Phone   (26963): [PhoneNotifier] [DefaultPhoneNotifier] : hipri, INET6, DISCONNECTED
02-03 19:26:46.742 D/MobileDataStateTracker(26892): [supl]  apnTypeList = mms
02-03 19:26:46.742 D/MobileDataStateTracker(26892): [supl]  unavailable = false
02-03 19:26:46.742 D/MobileDataStateTracker(26892): [supl] Do not process intents if disabled.
02-03 19:26:46.742 D/MobileDataStateTracker(26892): [mms]  MobileDataStateReceiver onReceive(): Entry.
02-03 19:26:46.742 D/MobileDataStateTracker(26892): [mms]  intent.getAction()= android.intent.action.ANY_DATA_STATE
02-03 19:26:46.742 D/MobileDataStateTracker(26892): [mms]  mEnabled = false
02-03 19:26:46.752 D/MobileDataStateTracker(26892): [mms]  apnTypeList = mms
02-03 19:26:46.752 D/MobileDataStateTracker(26892): [mms]  unavailable = false
02-03 19:26:46.752 D/MobileDataStateTracker(26892): [mms] Do not process intents if disabled.
02-03 19:26:46.752 D/MobileDataStateTracker(26892): [default]  MobileDataStateReceiver onReceive(): Entry.
02-03 19:26:46.752 D/MobileDataStateTracker(26892): [default]  intent.getAction()= android.intent.action.ANY_DATA_STATE
02-03 19:26:46.752 D/MobileDataStateTracker(26892): [default]  mEnabled = true
02-03 19:26:46.752 I/TelephonyRegistry(26892): notifyDataConnection: state=0 isDataConnectivityPossible=true reason=radioTechnologyChanged interfaceName=null networkType=7 apnType=hipri apn=null
02-03 19:26:46.752 I/TelephonyRegistry(26892): +++broadcastDataConnectionStateChanged
02-03 19:26:46.752 I/TelephonyRegistry(26892): +++sendStickyBroadcast
02-03 19:26:46.752 D/DATA    (26963): [DCT(0) ] Resetting all profiles and service states!
02-03 19:26:46.752 D/PhoneApp(26963): mReceiver: ACTION_ANY_DATA_CONNECTION_STATE_CHANGED
02-03 19:26:46.752 D/PhoneApp(26963): - state: DISCONNECTED
02-03 19:26:46.752 D/PhoneApp(26963): - reason: radioTechnologyChanged
02-03 19:26:46.752 D/PhoneApp(26963): mReceiver: ACTION_ANY_DATA_CONNECTION_STATE_CHANGED
02-03 19:26:46.752 D/PhoneApp(26963): - state: DISCONNECTED
02-03 19:26:46.762 D/MobileDataStateTracker(26892): [default]  apnTypeList = mms
02-03 19:26:46.762 D/MobileDataStateTracker(26892): [default]  unavailable = false
02-03 19:26:46.762 D/MobileDataStateTracker(26892): [default] not what we are looking for.
02-03 19:26:46.762 D/MobileDataStateTracker(26892): [hipri]  MobileDataStateReceiver onReceive(): Entry.
02-03 19:26:46.762 D/MobileDataStateTracker(26892): [hipri]  intent.getAction()= android.intent.action.ANY_DATA_STATE
02-03 19:26:46.762 D/MobileDataStateTracker(26892): [hipri]  mEnabled = false
02-03 19:26:46.762 D/PhoneApp(26963): - reason: radioTechnologyChanged
02-03 19:26:46.762 D/PhoneApp(26963): mReceiver: ACTION_ANY_DATA_CONNECTION_STATE_CHANGED
02-03 19:26:46.762 D/PhoneApp(26963): - state: DISCONNECTED
02-03 19:26:46.762 D/MobileDataStateTracker(26892): [hipri]  apnTypeList = mms
02-03 19:26:46.762 D/MobileDataStateTracker(26892): [hipri]  unavailable = false
02-03 19:26:46.762 D/MobileDataStateTracker(26892): [hipri] Do not process intents if disabled.
02-03 19:26:46.762 D/MobileDataStateTracker(26892): [dun]  MobileDataStateReceiver onReceive(): Entry.
02-03 19:26:46.762 D/MobileDataStateTracker(26892): [dun]  intent.getAction()= android.intent.action.ANY_DATA_STATE
02-03 19:26:46.762 D/MobileDataStateTracker(26892): [dun]  mEnabled = false
02-03 19:26:46.772 D/MobileDataStateTracker(26892): [dun]  apnTypeList = mms
02-03 19:26:46.772 D/MobileDataStateTracker(26892): [dun]  unavailable = false
02-03 19:26:46.772 D/MobileDataStateTracker(26892): [dun] Do not process intents if disabled.
02-03 19:26:46.772 D/MobileDataStateTracker(26892): [supl]  MobileDataStateReceiver onReceive(): Entry.
02-03 19:26:46.772 D/MobileDataStateTracker(26892): [supl]  intent.getAction()= android.intent.action.ANY_DATA_STATE
02-03 19:26:46.772 D/MobileDataStateTracker(26892): [supl]  mEnabled = false
02-03 19:26:46.772 D/PhoneApp(26963): - reason: radioTechnologyChanged
02-03 19:26:46.772 D/PhoneApp(26963): mReceiver: ACTION_ANY_DATA_CONNECTION_STATE_CHANGED
02-03 19:26:46.772 D/PhoneApp(26963): - state: DISCONNECTED
02-03 19:26:46.772 D/PhoneApp(26963): - reason: radioTechnologyChanged
02-03 19:26:46.772 D/PhoneApp(26963): mReceiver: ACTION_ANY_DATA_CONNECTION_STATE_CHANGED
02-03 19:26:46.772 D/MobileDataStateTracker(26892): [supl]  apnTypeList = mms
02-03 19:26:46.772 D/MobileDataStateTracker(26892): [supl]  unavailable = false
02-03 19:26:46.772 D/MobileDataStateTracker(26892): [supl] Do not process intents if disabled.
02-03 19:26:46.772 D/MobileDataStateTracker(26892): [mms]  MobileDataStateReceiver onReceive(): Entry.
02-03 19:26:46.772 D/MobileDataStateTracker(26892): [mms]  intent.getAction()= android.intent.action.ANY_DATA_STATE
02-03 19:26:46.772 D/MobileDataStateTracker(26892): [mms]  mEnabled = false
02-03 19:26:46.782 D/PhoneApp(26963): - state: DISCONNECTED
02-03 19:26:46.782 D/PhoneApp(26963): - reason: radioTechnologyChanged
02-03 19:26:46.782 D/PhoneApp(26963): mReceiver: ACTION_ANY_DATA_CONNECTION_STATE_CHANGED
02-03 19:26:46.782 D/PhoneApp(26963): - state: DISCONNECTED
02-03 19:26:46.782 D/PhoneApp(26963): - reason: radioTechnologyChanged
02-03 19:26:46.782 D/PhoneApp(26963): mReceiver: ACTION_ANY_DATA_CONNECTION_STATE_CHANGED
02-03 19:26:46.782 D/PhoneApp(26963): - state: DISCONNECTED
02-03 19:26:46.782 D/PhoneApp(26963): - reason: radioTechnologyChanged
02-03 19:26:46.782 D/MobileDataStateTracker(26892): [mms]  apnTypeList = mms
02-03 19:26:46.782 D/MobileDataStateTracker(26892): [mms]  unavailable = false
02-03 19:26:46.782 D/MobileDataStateTracker(26892): [mms] Do not process intents if disabled.
02-03 19:26:46.782 D/MobileDataStateTracker(26892): [default]  MobileDataStateReceiver onReceive(): Entry.
02-03 19:26:46.782 D/MobileDataStateTracker(26892): [default]  intent.getAction()= android.intent.action.ANY_DATA_STATE
02-03 19:26:46.782 D/MobileDataStateTracker(26892): [default]  mEnabled = true
02-03 19:26:46.782 D/MobileDataStateTracker(26892): [default]  apnTypeList = mms
02-03 19:26:46.782 D/MobileDataStateTracker(26892): [default]  unavailable = false
02-03 19:26:46.782 D/MobileDataStateTracker(26892): [default] not what we are looking for.
02-03 19:26:46.782 D/MobileDataStateTracker(26892): [hipri]  MobileDataStateReceiver onReceive(): Entry.
02-03 19:26:46.782 D/MobileDataStateTracker(26892): [hipri]  intent.getAction()= android.intent.action.ANY_DATA_STATE
02-03 19:26:46.782 D/MobileDataStateTracker(26892): [hipri]  mEnabled = false
02-03 19:26:46.792 D/MobileDataStateTracker(26892): [hipri]  apnTypeList = supl
02-03 19:26:46.792 D/MobileDataStateTracker(26892): [hipri]  unavailable = false
02-03 19:26:46.792 D/MobileDataStateTracker(26892): [hipri] Do not process intents if disabled.
02-03 19:26:46.792 D/MobileDataStateTracker(26892): [dun]  MobileDataStateReceiver onReceive(): Entry.
02-03 19:26:46.792 D/MobileDataStateTracker(26892): [dun]  intent.getAction()= android.intent.action.ANY_DATA_STATE
02-03 19:26:46.792 D/MobileDataStateTracker(26892): [dun]  mEnabled = false
02-03 19:26:46.792 D/MobileDataStateTracker(26892): [dun]  apnTypeList = supl
02-03 19:26:46.792 D/MobileDataStateTracker(26892): [dun]  unavailable = false
02-03 19:26:46.792 D/MobileDataStateTracker(26892): [dun] Do not process intents if disabled.
02-03 19:26:46.792 D/MobileDataStateTracker(26892): [supl]  MobileDataStateReceiver onReceive(): Entry.
02-03 19:26:46.792 D/MobileDataStateTracker(26892): [supl]  intent.getAction()= android.intent.action.ANY_DATA_STATE
02-03 19:26:46.792 D/MobileDataStateTracker(26892): [supl]  mEnabled = false
02-03 19:26:46.792 D/PhoneApp(26963): mReceiver: ACTION_ANY_DATA_CONNECTION_STATE_CHANGED
02-03 19:26:46.792 D/PhoneApp(26963): - state: DISCONNECTED
02-03 19:26:46.792 D/PhoneApp(26963): - reason: radioTechnologyChanged
02-03 19:26:46.802 D/MobileDataStateTracker(26892): [supl]  apnTypeList = supl
02-03 19:26:46.802 D/MobileDataStateTracker(26892): [supl]  unavailable = false
02-03 19:26:46.812 D/MobileDataStateTracker(26892): [supl] Do not process intents if disabled.
02-03 19:26:46.812 D/MobileDataStateTracker(26892): [mms]  MobileDataStateReceiver onReceive(): Entry.
02-03 19:26:46.812 I/ActivityThread(  504): Pub com.google.android.apps.uploader: com.google.android.apps.uploader.UploadsContentProvider
02-03 19:26:46.812 I/ActivityThread(  504): Pub com.google.photos.provider.Album: com.google.android.apps.uploader.clients.picasa.AlbumProvider
02-03 19:26:46.812 D/PhoneApp(26963): mReceiver: ACTION_ANY_DATA_CONNECTION_STATE_CHANGED
02-03 19:26:46.812 D/PhoneApp(26963): - state: DISCONNECTED
02-03 19:26:46.812 D/PhoneApp(26963): - reason: radioTechnologyChanged
02-03 19:26:46.812 D/PhoneApp(26963): mReceiver: ACTION_ANY_DATA_CONNECTION_STATE_CHANGED
02-03 19:26:46.812 D/PhoneApp(26963): - state: DISCONNECTED
02-03 19:26:46.812 D/PhoneApp(26963): - reason: radioTechnologyChanged
02-03 19:26:46.812 I/DATA    (26963): [DCT(0) ] onUpdateDataConnections: reason=radioTechnologyChanged
02-03 19:26:46.822 I/DATA    (26963): [DCT(0) ] ---dc list---
02-03 19:26:46.822 D/MobileDataStateTracker(26892): [mms]  intent.getAction()= android.intent.action.ANY_DATA_STATE
02-03 19:26:46.822 D/MobileDataStateTracker(26892): [mms]  mEnabled = false
02-03 19:26:46.822 I/DATA    (26963): [DCT(0) ] ---ds list---
02-03 19:26:46.822 I/DATA    (26963): [DCT(0) ] ds= SERVICE_TYPE_DEFAULT, enabled = true, active = v4:IDLE v6:IDLE
02-03 19:26:46.822 I/DATA    (26963): [DCT(0) ] ds= SERVICE_TYPE_MMS, enabled = false, active = v4:IDLE v6:IDLE
02-03 19:26:46.822 I/DATA    (26963): [DCT(0) ] ds= SERVICE_TYPE_SUPL, enabled = false, active = v4:IDLE v6:IDLE
02-03 19:26:46.822 I/DATA    (26963): [DCT(0) ] ds= SERVICE_TYPE_DUN, enabled = false, active = v4:IDLE v6:IDLE
02-03 19:26:46.822 I/DATA    (26963): [DCT(0) ] ds= SERVICE_TYPE_HIPRI, enabled = false, active = v4:IDLE v6:IDLE
02-03 19:26:46.822 I/DATA    (26963): [DCT(0) ] ***** NOT Ready for data :
02-03 19:26:46.822 I/DATA    (26963): [DCT(0) ]    getDesiredPowerState() = false
02-03 19:26:46.822 I/DATA    (26963): [DCT(0) ]    mCm.getRadioState() = RADIO_ON
02-03 19:26:46.822 I/DATA    (26963): [DCT(0) ]    [DataRadioTech = RADIO_TECH_1xRTT, data network state = 0, mMasterDataEnabled = true, is Roaming = false, dataOnRoamingEnable = false, isPsRestricted = false, desiredPowerState  = false, mSIMRecords = , cdmaSubSource = 1/310120, mRuimRecords = , checks = true/true]
02-03 19:26:46.822 D/PhoneApp(26963): old phone type:2, New Phone type:2
02-03 19:26:46.822 D/NotificationMgr(26963): hideDataDisconnectedRoaming()...
02-03 19:26:46.822 W/Sclibration(27104): onSensorChanged filter =  88647  tp = 7
02-03 19:26:46.822 W/Sclibration(27104): onSensorChanged filter =  30796  tp = 6
02-03 19:26:46.822 W/Sclibration(27104): onSensorChanged filter =  27207  tp = 7
02-03 19:26:46.822 W/Sclibration(27104): onSensorChanged filter =  88648  tp = 8
02-03 19:26:46.822 W/Sclibration(27104): onSensorChanged filter =  30797  tp = 7
02-03 19:26:46.822 W/Sclibration(27104): onSensorChanged filter =  27208  tp = 8
02-03 19:26:46.822 W/Sclibration(27104): onSensorChanged filter =  88649  tp = 9
02-03 19:26:46.822 W/Sclibration(27104): onSensorChanged filter =  30798  tp = 8
02-03 19:26:46.832 W/Sclibration(27104): onSensorChanged filter =  27209  tp = 9
02-03 19:26:46.832 W/Sclibration(27104): onSensorChanged filter =  88650  tp = 0
02-03 19:26:46.832 W/Sclibration(27104): onSensorChanged count =  8865
02-03 19:26:46.832 W/Sclibration(27104): onSensorChanged curX =  -0.270016  curY =  -6.8155837  curZ =  -4.8516884
02-03 19:26:46.832 W/Sclibration(27104): processUnSolicited begin
02-03 19:26:46.832 W/Sclibration(27104): processUnSolicited curX =  -0.270016  curY =  -6.8155837  curZ =  -4.8516884
02-03 19:26:46.832 W/Sclibration(27104): processUnSolicited x =  125  y =  407
02-03 19:26:46.832 W/Sclibration(27104): processUnSolicited isLeftForX =  true  isDownForY =  false
02-03 19:26:46.832 W/Sclibration(27104): processUnSolicited sum =  74084.0  rr =  8464.0
02-03 19:26:46.832 W/Sclibration(27104): processUnSolicited angle =  0.29798088638990416  tempX =  48  tempY =  162
02-03 19:26:46.832 W/Sclibration(27104): processUnSolicited end x =  48  y =  162
02-03 19:26:46.832 W/Sclibration(27104): ScalibrationView--setBallLocation  m_calibrated =  false
02-03 19:26:46.832 W/Sclibration(27104): ScalibrationView--setBallLocation2  m_calibrated =  false
02-03 19:26:46.832 W/Sclibration(27104): onSensorChanged count =  8865  count%LOOPCOUNT =  15
02-03 19:26:46.832 W/Sclibration(27104): onSensorChanged filter =  30799  tp = 9
02-03 19:26:46.832 W/Sclibration(27104): onSensorChanged filter =  27210  tp = 0
02-03 19:26:46.832 W/Sclibration(27104): onSensorChanged count =  2721
02-03 19:26:46.832 W/Sclibration(27104): onSensorChanged curX =  -0.270016  curY =  -6.8155837  curZ =  -4.8516884
02-03 19:26:46.832 W/Sclibration(27104): processUnSolicited begin
02-03 19:26:46.832 W/Sclibration(27104): processUnSolicited curX =  -0.270016  curY =  -6.8155837  curZ =  -4.8516884
02-03 19:26:46.832 W/Sclibration(27104): processUnSolicited x =  125  y =  407
02-03 19:26:46.832 W/Sclibration(27104): processUnSolicited isLeftForX =  true  isDownForY =  false
02-03 19:26:46.832 D/MobileDataStateTracker(26892): [mms]  apnTypeList = supl
02-03 19:26:46.832 D/MobileDataStateTracker(26892): [mms]  unavailable = false
02-03 19:26:46.832 D/MobileDataStateTracker(26892): [mms] Do not process intents if disabled.
02-03 19:26:46.832 D/MobileDataStateTracker(26892): [default]  MobileDataStateReceiver onReceive(): Entry.
02-03 19:26:46.832 D/MobileDataStateTracker(26892): [default]  intent.getAction()= android.intent.action.ANY_DATA_STATE
02-03 19:26:46.832 D/MobileDataStateTracker(26892): [default]  mEnabled = true
02-03 19:26:46.842 D/MobileDataStateTracker(26892): [default]  apnTypeList = supl
02-03 19:26:46.842 D/MobileDataStateTracker(26892): [default]  unavailable = false
02-03 19:26:46.842 D/MobileDataStateTracker(26892): [default] not what we are looking for.
02-03 19:26:46.842 D/MobileDataStateTracker(26892): [hipri]  MobileDataStateReceiver onReceive(): Entry.
02-03 19:26:46.842 D/MobileDataStateTracker(26892): [hipri]  intent.getAction()= android.intent.action.ANY_DATA_STATE
02-03 19:26:46.842 D/MobileDataStateTracker(26892): [hipri]  mEnabled = false
02-03 19:26:46.842 D/MediaUploader(  504): UploaderApplication.onCreate
02-03 19:26:46.842 D/PhoneApp(26963): old phone type:2, New Phone type:2
02-03 19:26:46.842 D/NotificationMgr(26963): hideDataDisconnectedRoaming()...
02-03 19:26:46.842 D/PhoneApp(26963): old phone type:2, New Phone type:2
02-03 19:26:46.842 D/NotificationMgr(26963): hideDataDisconnectedRoaming()...
02-03 19:26:46.842 D/PhoneApp(26963): old phone type:2, New Phone type:2
02-03 19:26:46.842 D/NotificationMgr(26963): hideDataDisconnectedRoaming()...
02-03 19:26:46.842 D/PhoneApp(26963): old phone type:2, New Phone type:2
02-03 19:26:46.842 D/NotificationMgr(26963): hideDataDisconnectedRoaming()...
02-03 19:26:46.842 D/PhoneApp(26963): old phone type:2, New Phone type:2
02-03 19:26:46.842 D/NotificationMgr(26963): hideDataDisconnectedRoaming()...
02-03 19:26:46.852 D/MobileDataStateTracker(26892): [hipri]  apnTypeList = supl
02-03 19:26:46.852 D/MobileDataStateTracker(26892): [hipri]  unavailable = false
02-03 19:26:46.852 D/MobileDataStateTracker(26892): [hipri] Do not process intents if disabled.
02-03 19:26:46.852 D/MobileDataStateTracker(26892): [dun]  MobileDataStateReceiver onReceive(): Entry.
02-03 19:26:46.852 D/MobileDataStateTracker(26892): [dun]  intent.getAction()= android.intent.action.ANY_DATA_STATE
02-03 19:26:46.852 D/MobileDataStateTracker(26892): [dun]  mEnabled = false
02-03 19:26:46.852 D/MobileDataStateTracker(26892): [dun]  apnTypeList = supl
02-03 19:26:46.852 D/MobileDataStateTracker(26892): [dun]  unavailable = false
02-03 19:26:46.852 D/MobileDataStateTracker(26892): [dun] Do not process intents if disabled.
02-03 19:26:46.852 D/MobileDataStateTracker(26892): [supl]  MobileDataStateReceiver onReceive(): Entry.
02-03 19:26:46.852 D/MobileDataStateTracker(26892): [supl]  intent.getAction()= android.intent.action.ANY_DATA_STATE
02-03 19:26:46.852 D/MobileDataStateTracker(26892): [supl]  mEnabled = false
02-03 19:26:46.852 D/PhoneApp(26963): old phone type:2, New Phone type:2
02-03 19:26:46.852 D/NotificationMgr(26963): hideDataDisconnectedRoaming()...
02-03 19:26:46.852 D/PhoneApp(26963): old phone type:2, New Phone type:2
02-03 19:26:46.852 D/NotificationMgr(26963): hideDataDisconnectedRoaming()...
02-03 19:26:46.852 D/PhoneApp(26963): old phone type:2, New Phone type:2
02-03 19:26:46.852 D/NotificationMgr(26963): hideDataDisconnectedRoaming()...
02-03 19:26:46.862 D/PhoneApp(26963): old phone type:2, New Phone type:2
02-03 19:26:46.862 D/NotificationMgr(26963): hideDataDisconnectedRoaming()...
02-03 19:26:46.862 D/MobileDataStateTracker(26892): [supl]  apnTypeList = supl
02-03 19:26:46.862 D/MobileDataStateTracker(26892): [supl]  unavailable = false
02-03 19:26:46.862 D/MobileDataStateTracker(26892): [supl] Do not process intents if disabled.
02-03 19:26:46.862 D/MobileDataStateTracker(26892): [mms]  MobileDataStateReceiver onReceive(): Entry.
02-03 19:26:46.862 D/MobileDataStateTracker(26892): [mms]  intent.getAction()= android.intent.action.ANY_DATA_STATE
02-03 19:26:46.862 D/MobileDataStateTracker(26892): [mms]  mEnabled = false
02-03 19:26:46.862 D/MobileDataStateTracker(26892): [mms]  apnTypeList = supl
02-03 19:26:46.862 D/MobileDataStateTracker(26892): [mms]  unavailable = false
02-03 19:26:46.862 D/MobileDataStateTracker(26892): [mms] Do not process intents if disabled.
02-03 19:26:46.862 D/MobileDataStateTracker(26892): [default]  MobileDataStateReceiver onReceive(): Entry.
02-03 19:26:46.862 D/MobileDataStateTracker(26892): [default]  intent.getAction()= android.intent.action.ANY_DATA_STATE
02-03 19:26:46.862 D/MobileDataStateTracker(26892): [default]  mEnabled = true
02-03 19:26:46.862 D/MobileDataStateTracker(26892): [default]  apnTypeList = supl
02-03 19:26:46.862 D/MobileDataStateTracker(26892): [default]  unavailable = false
02-03 19:26:46.862 D/MobileDataStateTracker(26892): [default] not what we are looking for.
