02-03 17:56:50.201 W/Sclibration(27104): onSensorChanged count =  2683
02-03 17:56:50.201 W/Sclibration(27104): onSensorChanged curX =  -0.8797701  curY =  -1.5958114  curZ =  -9.104125
02-03 17:56:50.201 W/Sclibration(27104): processUnSolicited begin
02-03 17:56:50.201 W/Sclibration(27104): processUnSolicited curX =  -0.8797701  curY =  -1.5958114  curZ =  -9.104125
02-03 17:56:50.201 W/Sclibration(27104): processUnSolicited x =  100  y =  198
02-03 17:56:50.201 W/Sclibration(27104): processUnSolicited isLeftForX =  true  isDownForY =  false
02-03 17:56:50.201 W/Sclibration(27104): processUnSolicited sum =  5194.0  rr =  8464.0
02-03 17:56:50.201 W/Sclibration(27104): processUnSolicited end x =  100  y =  198
02-03 17:56:50.201 W/Sclibration(27104): ScalibrationView--setBallLocation  m_calibrated =  false
02-03 17:56:50.201 W/Sclibration(27104): ScalibrationView--setBallLocation2  m_calibrated =  false
02-03 17:56:50.201 W/Sclibration(27104): onSensorChanged count =  2683  count%LOOPCOUNT =  13
02-03 17:56:50.211 W/Sclibration(27104): onSensorChanged filter =  88271  tp = 1
02-03 17:56:50.211 W/Sclibration(27104): onSensorChanged filter =  30420  tp = 0
02-03 17:56:50.211 W/Sclibration(27104): onSensorChanged count =  3042
02-03 17:56:50.221 W/Sclibration(27104): onSensorChanged curX =  -0.9003576  curY =  -1.616882  curZ =  -9.084638
02-03 17:56:50.221 W/Sclibration(27104): processUnSolicited begin
02-03 17:56:50.221 W/Sclibration(27104): processUnSolicited curX =  -0.9003576  curY =  -1.616882  curZ =  -9.084638
02-03 17:56:50.221 W/Sclibration(27104): processUnSolicited x =  99  y =  199
02-03 17:56:50.221 W/Sclibration(27104): processUnSolicited isLeftForX =  true  isDownForY =  false
02-03 17:56:50.221 W/Sclibration(27104): processUnSolicited sum =  5392.0  rr =  8464.0
02-03 17:56:50.221 W/Sclibration(27104): processUnSolicited end x =  99  y =  199
02-03 17:56:50.221 W/Sclibration(27104): ScalibrationView--setBallLocation  m_calibrated =  false
02-03 17:56:50.221 W/Sclibration(27104): ScalibrationView--setBallLocation2  m_calibrated =  false
02-03 17:56:50.221 W/Sclibration(27104): onSensorChanged count =  3042  count%LOOPCOUNT =  12
02-03 17:56:50.221 W/Sclibration(27104): onSensorChanged filter =  26831  tp = 1
02-03 17:56:50.231 W/Sclibration(27104): onSensorChanged filter =  88272  tp = 2
02-03 17:56:50.231 W/Sclibration(27104): onSensorChanged filter =  30421  tp = 1
02-03 17:56:50.241 W/Sclibration(27104): onSensorChanged filter =  26832  tp = 2
02-03 17:56:50.261 W/Sclibration(27104): onSensorChanged filter =  88273  tp = 3
02-03 17:56:50.261 W/Sclibration(27104): onSensorChanged filter =  30422  tp = 2
02-03 17:56:50.261 W/Sclibration(27104): onSensorChanged filter =  26833  tp = 3
02-03 17:56:50.281 W/Sclibration(27104): onSensorChanged filter =  88274  tp = 4
02-03 17:56:50.281 W/Sclibration(27104): onSensorChanged filter =  30423  tp = 3
02-03 17:56:50.281 W/Sclibration(27104): onSensorChanged filter =  26834  tp = 4
02-03 17:56:50.391 W/Sclibration(27104): onSensorChanged filter =  88275  tp = 5
02-03 17:56:50.411 W/Sclibration(27104): onSensorChanged filter =  30424  tp = 4
02-03 17:56:50.411 W/Sclibration(27104): onSensorChanged filter =  26835  tp = 5
02-03 17:56:50.421 W/Sclibration(27104): onSensorChanged filter =  88276  tp = 6
02-03 17:56:50.421 W/Sclibration(27104): onSensorChanged filter =  30425  tp = 5
02-03 17:56:50.421 W/Sclibration(27104): onSensorChanged filter =  26836  tp = 6
02-03 17:56:50.431 I/Gmail   (32706): checkLabelsSets changed the label sets to: included([^^out, ^r]), partial([^i, ^f, ^iim]), all([^imi, ^iim, ^all, ^sps, ^io_im, ^act, ^imn, a-space-forth-updates, ^urg_2, ^urg_1, work, ^i, ^g, ^f, ^vm, ^rr, ^k, receipts, ^ig, poland, ^b, ^urg_5, ^urg_4, ^urg_3, ^p, ^o, ^t, ^u, ^punsub, ^r, ^unsub, banks, ^s])
02-03 17:56:50.471 W/Sclibration(27104): onSensorChanged filter =  88277  tp = 7
02-03 17:56:50.481 W/Sclibration(27104): onSensorChanged filter =  30426  tp = 6
02-03 17:56:50.481 W/Sclibration(27104): onSensorChanged filter =  26837  tp = 7
02-03 17:56:50.491 W/Sclibration(27104): onSensorChanged filter =  88278  tp = 8
02-03 17:56:50.491 W/Sclibration(27104): onSensorChanged filter =  30427  tp = 7
02-03 17:56:50.491 W/Sclibration(27104): onSensorChanged filter =  26838  tp = 8
02-03 17:56:50.501 W/Sclibration(27104): onSensorChanged filter =  88279  tp = 9
02-03 17:56:50.501 W/Sclibration(27104): onSensorChanged filter =  30428  tp = 8
02-03 17:56:50.511 W/Sclibration(27104): onSensorChanged filter =  26839  tp = 9
02-03 17:56:50.511 I/Gmail   (32706): MainSyncRequestProto: lowestBkwdConvoId: 0, highestHandledServerOp: 739459, normalSync: true
02-03 17:56:50.531 I/Gmail   (32706): MessageCursor requesting conversation 1391992445292202897
02-03 17:56:50.531 I/Gmail   (32706): MainSyncRequestProto: lowestBkwdConvoId: 0, highestHandledServerOp: 739459, normalSync: true
02-03 17:56:50.661 W/Sclibration(27104): onSensorChanged filter =  88280  tp = 0
02-03 17:56:50.661 W/Sclibration(27104): onSensorChanged count =  8828
02-03 17:56:50.661 W/Sclibration(27104): onSensorChanged curX =  -0.9172047  curY =  -1.6205982  curZ =  -9.097818
02-03 17:56:50.661 W/Sclibration(27104): processUnSolicited begin
02-03 17:56:50.661 W/Sclibration(27104): processUnSolicited curX =  -0.9172047  curY =  -1.6205982  curZ =  -9.097818
02-03 17:56:50.661 W/Sclibration(27104): processUnSolicited x =  99  y =  199
02-03 17:56:50.671 W/Sclibration(27104): processUnSolicited isLeftForX =  true  isDownForY =  false
02-03 17:56:50.671 W/Sclibration(27104): processUnSolicited sum =  5392.0  rr =  8464.0
02-03 17:56:50.671 W/Sclibration(27104): processUnSolicited end x =  99  y =  199
02-03 17:56:50.671 W/Sclibration(27104): ScalibrationView--setBallLocation  m_calibrated =  false
02-03 17:56:50.671 W/Sclibration(27104): ScalibrationView--setBallLocation2  m_calibrated =  false
02-03 17:56:50.671 W/Sclibration(27104): onSensorChanged count =  8828  count%LOOPCOUNT =  8
02-03 17:56:50.671 W/Sclibration(27104): onSensorChanged filter =  30429  tp = 9
02-03 17:56:50.671 W/Sclibration(27104): onSensorChanged filter =  26840  tp = 0
02-03 17:56:50.671 W/Sclibration(27104): onSensorChanged count =  2684
02-03 17:56:50.671 W/Sclibration(27104): onSensorChanged curX =  -0.9172047  curY =  -1.6205982  curZ =  -9.097818
02-03 17:56:50.671 W/Sclibration(27104): processUnSolicited begin
02-03 17:56:50.681 W/Sclibration(27104): processUnSolicited curX =  -0.9172047  curY =  -1.6205982  curZ =  -9.097818
02-03 17:56:50.681 W/Sclibration(27104): processUnSolicited x =  99  y =  199
02-03 17:56:50.681 W/Sclibration(27104): processUnSolicited isLeftForX =  true  isDownForY =  false
02-03 17:56:50.681 W/Sclibration(27104): processUnSolicited sum =  5392.0  rr =  8464.0
02-03 17:56:50.681 W/Sclibration(27104): processUnSolicited end x =  99  y =  199
02-03 17:56:50.681 W/Sclibration(27104): ScalibrationView--setBallLocation  m_calibrated =  false
02-03 17:56:50.681 W/Sclibration(27104): ScalibrationView--setBallLocation2  m_calibrated =  false
02-03 17:56:50.681 W/Sclibration(27104): onSensorChanged count =  2684  count%LOOPCOUNT =  14
02-03 17:56:50.781 W/Sclibration(27104): onSensorChanged filter =  88281  tp = 1
02-03 17:56:50.781 W/Sclibration(27104): onSensorChanged filter =  30430  tp = 0
02-03 17:56:50.781 W/Sclibration(27104): onSensorChanged count =  3043
02-03 17:56:50.781 W/Sclibration(27104): onSensorChanged curX =  -0.9328524  curY =  -1.6184912  curZ =  -9.099768
02-03 17:56:50.781 W/Sclibration(27104): processUnSolicited begin
02-03 17:56:50.781 W/Sclibration(27104): processUnSolicited curX =  -0.9328524  curY =  -1.6184912  curZ =  -9.099768
02-03 17:56:50.791 W/Sclibration(27104): processUnSolicited x =  98  y =  199
02-03 17:56:50.791 W/Sclibration(27104): processUnSolicited isLeftForX =  true  isDownForY =  false
02-03 17:56:50.791 W/Sclibration(27104): processUnSolicited sum =  5465.0  rr =  8464.0
02-03 17:56:50.791 W/Sclibration(27104): processUnSolicited end x =  98  y =  199
02-03 17:56:50.791 W/Sclibration(27104): ScalibrationView--setBallLocation  m_calibrated =  false
02-03 17:56:50.791 W/Sclibration(27104): ScalibrationView--setBallLocation2  m_calibrated =  false
02-03 17:56:50.791 W/Sclibration(27104): onSensorChanged count =  3043  count%LOOPCOUNT =  13
02-03 17:56:50.791 W/Sclibration(27104): onSensorChanged filter =  26841  tp = 1
02-03 17:56:50.801 W/Sclibration(27104): onSensorChanged filter =  88282  tp = 2
02-03 17:56:50.801 W/Sclibration(27104): onSensorChanged filter =  30431  tp = 1
02-03 17:56:50.801 W/Sclibration(27104): onSensorChanged filter =  26842  tp = 2
02-03 17:56:50.922 W/Sclibration(27104): onSensorChanged filter =  88283  tp = 3
02-03 17:56:50.922 W/Sclibration(27104): onSensorChanged filter =  30432  tp = 2
02-03 17:56:50.922 W/Sclibration(27104): onSensorChanged filter =  26843  tp = 3
02-03 17:56:50.952 W/Sclibration(27104): onSensorChanged filter =  88284  tp = 4
02-03 17:56:50.952 W/Sclibration(27104): onSensorChanged filter =  30433  tp = 3
02-03 17:56:50.962 W/Sclibration(27104): onSensorChanged filter =  26844  tp = 4
02-03 17:56:51.072 W/Sclibration(27104): onSensorChanged filter =  88285  tp = 5
02-03 17:56:51.072 W/Sclibration(27104): onSensorChanged filter =  30434  tp = 4
02-03 17:56:51.072 W/Sclibration(27104): onSensorChanged filter =  26845  tp = 5
02-03 17:56:51.092 W/Sclibration(27104): onSensorChanged filter =  88286  tp = 6
02-03 17:56:51.092 W/Sclibration(27104): onSensorChanged filter =  30435  tp = 5
02-03 17:56:51.092 W/Sclibration(27104): onSensorChanged filter =  26846  tp = 6
02-03 17:56:51.212 W/Sclibration(27104): onSensorChanged filter =  88287  tp = 7
02-03 17:56:51.212 W/Sclibration(27104): onSensorChanged filter =  30436  tp = 6
02-03 17:56:51.212 W/Sclibration(27104): onSensorChanged filter =  26847  tp = 7
02-03 17:56:51.252 W/Sclibration(27104): onSensorChanged filter =  88288  tp = 8
02-03 17:56:51.252 W/Sclibration(27104): onSensorChanged filter =  30437  tp = 7
02-03 17:56:51.252 W/Sclibration(27104): onSensorChanged filter =  26848  tp = 8
02-03 17:56:51.272 W/Sclibration(27104): onSensorChanged filter =  88289  tp = 9
02-03 17:56:51.272 W/Sclibration(27104): onSensorChanged filter =  30438  tp = 8
02-03 17:56:51.272 W/Sclibration(27104): onSensorChanged filter =  26849  tp = 9
02-03 17:56:51.292 W/Sclibration(27104): onSensorChanged filter =  88290  tp = 0
02-03 17:56:51.292 W/Sclibration(27104): onSensorChanged count =  8829
02-03 17:56:51.292 W/Sclibration(27104): onSensorChanged curX =  -1.0551128  curY =  -1.6535326  curZ =  -9.027624
02-03 17:56:51.292 W/Sclibration(27104): processUnSolicited begin
02-03 17:56:51.292 W/Sclibration(27104): processUnSolicited curX =  -1.0551128  curY =  -1.6535326  curZ =  -9.027624
02-03 17:56:51.292 W/Sclibration(27104): processUnSolicited x =  93  y =  201
02-03 17:56:51.292 W/Sclibration(27104): processUnSolicited isLeftForX =  true  isDownForY =  false
02-03 17:56:51.292 W/Sclibration(27104): processUnSolicited sum =  6120.0  rr =  8464.0
02-03 17:56:51.292 W/Sclibration(27104): processUnSolicited end x =  93  y =  201
02-03 17:56:51.292 W/Sclibration(27104): ScalibrationView--setBallLocation  m_calibrated =  false
02-03 17:56:51.302 W/Sclibration(27104): ScalibrationView--setBallLocation2  m_calibrated =  false
02-03 17:56:51.302 W/Sclibration(27104): onSensorChanged count =  8829  count%LOOPCOUNT =  9
02-03 17:56:51.312 W/Sclibration(27104): onSensorChanged filter =  30439  tp = 9
02-03 17:56:51.342 W/Sclibration(27104): onSensorChanged filter =  26850  tp = 0
02-03 17:56:51.372 W/Sclibration(27104): onSensorChanged count =  2685
02-03 17:56:51.372 W/Sclibration(27104): onSensorChanged curX =  -1.0551128  curY =  -1.6535326  curZ =  -9.027624
02-03 17:56:51.372 W/Sclibration(27104): processUnSolicited begin
02-03 17:56:51.372 W/Sclibration(27104): processUnSolicited curX =  -1.0551128  curY =  -1.6535326  curZ =  -9.027624
02-03 17:56:51.372 W/Sclibration(27104): processUnSolicited x =  93  y =  201
02-03 17:56:51.372 W/Sclibration(27104): processUnSolicited isLeftForX =  true  isDownForY =  false
02-03 17:56:51.372 W/Sclibration(27104): processUnSolicited sum =  6120.0  rr =  8464.0
02-03 17:56:51.382 W/Sclibration(27104): processUnSolicited end x =  93  y =  201
02-03 17:56:51.392 W/Sclibration(27104): ScalibrationView--setBallLocation  m_calibrated =  false
02-03 17:56:51.392 W/Sclibration(27104): ScalibrationView--setBallLocation2  m_calibrated =  false
02-03 17:56:51.392 W/Sclibration(27104): onSensorChanged count =  2685  count%LOOPCOUNT =  15
02-03 17:56:51.392 D/Gmail   (32706): Inserting message 1391992445292202897. synced=false
02-03 17:56:51.412 W/Sclibration(27104): onSensorChanged filter =  88291  tp = 1
02-03 17:56:51.422 D/Gmail   (32706): Inserting message 1392001300662750309. synced=false
02-03 17:56:51.422 W/Sclibration(27104): onSensorChanged filter =  30440  tp = 0
02-03 17:56:51.422 W/Sclibration(27104): onSensorChanged count =  3044
02-03 17:56:51.422 W/Sclibration(27104): onSensorChanged curX =  -1.0712545  curY =  -1.6714499  curZ =  -9.027429
02-03 17:56:51.422 W/Sclibration(27104): processUnSolicited begin
02-03 17:56:51.422 W/Sclibration(27104): processUnSolicited curX =  -1.0712545  curY =  -1.6714499  curZ =  -9.027429
02-03 17:56:51.422 W/Sclibration(27104): processUnSolicited x =  93  y =  201
02-03 17:56:51.422 W/Sclibration(27104): processUnSolicited isLeftForX =  true  isDownForY =  false
02-03 17:56:51.432 W/Sclibration(27104): processUnSolicited sum =  6120.0  rr =  8464.0
02-03 17:56:51.432 D/Gmail   (32706): Inserting message 1392001684578289000. synced=false
02-03 17:56:51.442 W/Sclibration(27104): processUnSolicited end x =  93  y =  201
02-03 17:56:51.442 W/Sclibration(27104): ScalibrationView--setBallLocation  m_calibrated =  false
02-03 17:56:51.442 W/Sclibration(27104): ScalibrationView--setBallLocation2  m_calibrated =  false
02-03 17:56:51.442 W/Sclibration(27104): onSensorChanged count =  3044  count%LOOPCOUNT =  14
02-03 17:56:51.452 W/Sclibration(27104): onSensorChanged filter =  26851  tp = 1
02-03 17:56:51.452 W/Sclibration(27104): onSensorChanged filter =  88292  tp = 2
02-03 17:56:51.452 W/Sclibration(27104): onSensorChanged filter =  30441  tp = 1
02-03 17:56:51.452 W/Sclibration(27104): onSensorChanged filter =  26852  tp = 2
02-03 17:56:51.452 W/Sclibration(27104): onSensorChanged filter =  88293  tp = 3
02-03 17:56:51.452 W/Sclibration(27104): onSensorChanged filter =  30442  tp = 2
02-03 17:56:51.452 W/Sclibration(27104): onSensorChanged filter =  26853  tp = 3
02-03 17:56:51.472 W/Sclibration(27104): onSensorChanged filter =  88294  tp = 4
02-03 17:56:51.472 W/Sclibration(27104): onSensorChanged filter =  30443  tp = 3
02-03 17:56:51.472 W/Sclibration(27104): onSensorChanged filter =  26854  tp = 4
02-03 17:56:51.492 W/Sclibration(27104): onSensorChanged filter =  88295  tp = 5
02-03 17:56:51.492 W/Sclibration(27104): onSensorChanged filter =  30444  tp = 4
02-03 17:56:51.492 W/Sclibration(27104): onSensorChanged filter =  26855  tp = 5
02-03 17:56:51.512 W/Sclibration(27104): onSensorChanged filter =  88296  tp = 6
02-03 17:56:51.512 W/Sclibration(27104): onSensorChanged filter =  30445  tp = 5
02-03 17:56:51.512 W/Sclibration(27104): onSensorChanged filter =  26856  tp = 6
02-03 17:56:51.552 W/Sclibration(27104): onSensorChanged filter =  88297  tp = 7
02-03 17:56:51.552 W/Sclibration(27104): onSensorChanged filter =  30446  tp = 6
02-03 17:56:51.552 W/Sclibration(27104): onSensorChanged filter =  26857  tp = 7
02-03 17:56:51.572 W/Sclibration(27104): onSensorChanged filter =  88298  tp = 8
02-03 17:56:51.572 W/Sclibration(27104): onSensorChanged filter =  30447  tp = 7
02-03 17:56:51.572 W/Sclibration(27104): onSensorChanged filter =  26858  tp = 8
02-03 17:56:51.592 W/Sclibration(27104): onSensorChanged filter =  88299  tp = 9
02-03 17:56:51.592 W/Sclibration(27104): onSensorChanged filter =  30448  tp = 8
02-03 17:56:51.592 W/Sclibration(27104): onSensorChanged filter =  26859  tp = 9
02-03 17:56:51.732 W/Sclibration(27104): onSensorChanged filter =  88300  tp = 0
02-03 17:56:51.732 W/Sclibration(27104): onSensorChanged count =  8830
02-03 17:56:51.732 W/Sclibration(27104): onSensorChanged curX =  -1.1121478  curY =  -1.6502392  curZ =  -9.034643
02-03 17:56:51.732 W/Sclibration(27104): processUnSolicited begin
02-03 17:56:51.742 W/Sclibration(27104): processUnSolicited curX =  -1.1121478  curY =  -1.6502392  curZ =  -9.034643
02-03 17:56:51.742 W/Sclibration(27104): processUnSolicited x =  91  y =  201
02-03 17:56:51.742 W/Sclibration(27104): processUnSolicited isLeftForX =  true  isDownForY =  false
02-03 17:56:51.742 W/Sclibration(27104): processUnSolicited sum =  6292.0  rr =  8464.0
02-03 17:56:51.762 W/Sclibration(27104): processUnSolicited end x =  91  y =  201
02-03 17:56:51.762 W/Sclibration(27104): ScalibrationView--setBallLocation  m_calibrated =  false
02-03 17:56:51.762 W/Sclibration(27104): ScalibrationView--setBallLocation2  m_calibrated =  false
02-03 17:56:51.762 W/Sclibration(27104): onSensorChanged count =  8830  count%LOOPCOUNT =  10
02-03 17:56:51.762 W/Sclibration(27104): onSensorChanged filter =  30449  tp = 9
02-03 17:56:51.762 W/Sclibration(27104): onSensorChanged filter =  26860  tp = 0
02-03 17:56:51.762 W/Sclibration(27104): onSensorChanged count =  2686
02-03 17:56:51.762 W/Sclibration(27104): onSensorChanged curX =  -1.1121478  curY =  -1.6502392  curZ =  -9.034643
02-03 17:56:51.762 W/Sclibration(27104): processUnSolicited begin
02-03 17:56:51.762 W/Sclibration(27104): processUnSolicited curX =  -1.1121478  curY =  -1.6502392  curZ =  -9.034643
02-03 17:56:51.762 W/Sclibration(27104): processUnSolicited x =  91  y =  201
02-03 17:56:51.772 W/Sclibration(27104): processUnSolicited isLeftForX =  true  isDownForY =  false
02-03 17:56:51.772 W/Sclibration(27104): processUnSolicited sum =  6292.0  rr =  8464.0
02-03 17:56:51.772 W/Sclibration(27104): processUnSolicited end x =  91  y =  201
02-03 17:56:51.772 W/Sclibration(27104): ScalibrationView--setBallLocation  m_calibrated =  false
02-03 17:56:51.772 W/Sclibration(27104): ScalibrationView--setBallLocation2  m_calibrated =  false
02-03 17:56:51.772 W/Sclibration(27104): onSensorChanged count =  2686  count%LOOPCOUNT =  16
02-03 17:56:51.862 W/Sclibration(27104): onSensorChanged filter =  88301  tp = 1
02-03 17:56:51.862 W/Sclibration(27104): onSensorChanged filter =  30450  tp = 0
02-03 17:56:51.862 W/Sclibration(27104): onSensorChanged count =  3045
02-03 17:56:51.862 W/Sclibration(27104): onSensorChanged curX =  -1.0928272  curY =  -1.6307409  curZ =  -9.034662
02-03 17:56:51.862 W/Sclibration(27104): processUnSolicited begin
02-03 17:56:51.862 W/Sclibration(27104): processUnSolicited curX =  -1.0928272  curY =  -1.6307409  curZ =  -9.034662
02-03 17:56:51.862 W/Sclibration(27104): processUnSolicited x =  92  y =  200
02-03 17:56:51.872 W/Sclibration(27104): processUnSolicited isLeftForX =  true  isDownForY =  false
02-03 17:56:51.872 W/Sclibration(27104): processUnSolicited sum =  6074.0  rr =  8464.0
02-03 17:56:51.872 W/Sclibration(27104): processUnSolicited end x =  92  y =  200
02-03 17:56:51.872 W/Sclibration(27104): ScalibrationView--setBallLocation  m_calibrated =  false
02-03 17:56:51.872 W/Sclibration(27104): ScalibrationView--setBallLocation2  m_calibrated =  false
02-03 17:56:51.872 W/Sclibration(27104): onSensorChanged count =  3045  count%LOOPCOUNT =  15
02-03 17:56:51.872 W/Sclibration(27104): onSensorChanged filter =  26861  tp = 1
02-03 17:56:51.983 W/Sclibration(27104): onSensorChanged filter =  88302  tp = 2
02-03 17:56:51.983 W/Sclibration(27104): onSensorChanged filter =  30451  tp = 1
02-03 17:56:51.983 W/Sclibration(27104): onSensorChanged filter =  26862  tp = 2
02-03 17:56:52.223 W/Sclibration(27104): onSensorChanged filter =  88303  tp = 3
02-03 17:56:52.223 W/Sclibration(27104): onSensorChanged filter =  30452  tp = 2
02-03 17:56:52.223 W/Sclibration(27104): onSensorChanged filter =  26863  tp = 3
02-03 17:56:52.293 I/Gmail   (32706): All messages received for conversation.
02-03 17:56:52.363 W/Sclibration(27104): onSensorChanged filter =  88304  tp = 4
02-03 17:56:52.363 W/Sclibration(27104): onSensorChanged filter =  30453  tp = 3
02-03 17:56:52.373 W/Sclibration(27104): onSensorChanged filter =  26864  tp = 4
02-03 17:56:52.463 W/Sclibration(27104): onSensorChanged filter =  88305  tp = 5
02-03 17:56:52.473 W/Sclibration(27104): onSensorChanged filter =  30454  tp = 4
02-03 17:56:52.473 D/Gmail   (32706): Rendered a message that was 21708 and the initial buffer size was 21357
02-03 17:56:52.503 W/Sclibration(27104): onSensorChanged filter =  26865  tp = 5
02-03 17:56:52.523 W/Sclibration(27104): onSensorChanged filter =  88306  tp = 6
02-03 17:56:52.523 W/Sclibration(27104): onSensorChanged filter =  30455  tp = 5
02-03 17:56:52.543 W/Sclibration(27104): onSensorChanged filter =  26866  tp = 6
02-03 17:56:52.553 W/Sclibration(27104): onSensorChanged filter =  88307  tp = 7
02-03 17:56:52.553 W/Sclibration(27104): onSensorChanged filter =  30456  tp = 6
02-03 17:56:52.553 W/Sclibration(27104): onSensorChanged filter =  26867  tp = 7
02-03 17:56:52.553 W/Sclibration(27104): onSensorChanged filter =  88308  tp = 8
02-03 17:56:52.553 W/Sclibration(27104): onSensorChanged filter =  30457  tp = 7
02-03 17:56:52.553 W/Sclibration(27104): onSensorChanged filter =  26868  tp = 8
02-03 17:56:52.563 W/Sclibration(27104): onSensorChanged filter =  88309  tp = 9
02-03 17:56:52.583 W/Sclibration(27104): onSensorChanged filter =  30458  tp = 8
02-03 17:56:52.583 W/Sclibration(27104): onSensorChanged filter =  26869  tp = 9
02-03 17:56:52.583 W/Sclibration(27104): onSensorChanged filter =  88310  tp = 0
02-03 17:56:52.583 W/Sclibration(27104): onSensorChanged count =  8831
02-03 17:56:52.593 W/Sclibration(27104): onSensorChanged curX =  -1.1595637  curY =  -1.6859814  curZ =  -9.104767
02-03 17:56:52.593 W/Sclibration(27104): processUnSolicited begin
02-03 17:56:52.593 W/Sclibration(27104): processUnSolicited curX =  -1.1595637  curY =  -1.6859814  curZ =  -9.104767
02-03 17:56:52.593 W/Sclibration(27104): processUnSolicited x =  89  y =  202
02-03 17:56:52.593 W/Sclibration(27104): processUnSolicited isLeftForX =  true  isDownForY =  false
02-03 17:56:52.593 W/Sclibration(27104): processUnSolicited sum =  6605.0  rr =  8464.0
02-03 17:56:52.593 W/Sclibration(27104): processUnSolicited end x =  89  y =  202
02-03 17:56:52.593 W/Sclibration(27104): ScalibrationView--setBallLocation  m_calibrated =  false
02-03 17:56:52.593 W/Sclibration(27104): ScalibrationView--setBallLocation2  m_calibrated =  false
02-03 17:56:52.593 W/Sclibration(27104): onSensorChanged count =  8831  count%LOOPCOUNT =  11
02-03 17:56:52.593 W/Sclibration(27104): onSensorChanged filter =  30459  tp = 9
02-03 17:56:52.593 W/Sclibration(27104): onSensorChanged filter =  26870  tp = 0
02-03 17:56:52.593 W/Sclibration(27104): onSensorChanged count =  2687
02-03 17:56:52.593 W/Sclibration(27104): onSensorChanged curX =  -1.1595637  curY =  -1.6859814  curZ =  -9.104767
02-03 17:56:52.593 W/Sclibration(27104): processUnSolicited begin
02-03 17:56:52.593 W/Sclibration(27104): processUnSolicited curX =  -1.1595637  curY =  -1.6859814  curZ =  -9.104767
02-03 17:56:52.593 W/Sclibration(27104): processUnSolicited x =  89  y =  202
02-03 17:56:52.593 W/Sclibration(27104): processUnSolicited isLeftForX =  true  isDownForY =  false
02-03 17:56:52.593 W/Sclibration(27104): processUnSolicited sum =  6605.0  rr =  8464.0
02-03 17:56:52.593 W/Sclibration(27104): processUnSolicited end x =  89  y =  202
02-03 17:56:52.593 W/Sclibration(27104): ScalibrationView--setBallLocation  m_calibrated =  false
02-03 17:56:52.593 W/Sclibration(27104): ScalibrationView--setBallLocation2  m_calibrated =  false
02-03 17:56:52.593 W/Sclibration(27104): onSensorChanged count =  2687  count%LOOPCOUNT =  17
02-03 17:56:52.613 W/Sclibration(27104): onSensorChanged filter =  88311  tp = 1
02-03 17:56:52.613 W/Sclibration(27104): onSensorChanged filter =  30460  tp = 0
02-03 17:56:52.623 W/Sclibration(27104): onSensorChanged count =  3046
02-03 17:56:52.623 W/Sclibration(27104): onSensorChanged curX =  -1.1792022  curY =  -1.6879313  curZ =  -9.087059
02-03 17:56:52.623 W/Sclibration(27104): processUnSolicited begin
02-03 17:56:52.623 W/Sclibration(27104): processUnSolicited curX =  -1.1792022  curY =  -1.6879313  curZ =  -9.087059
02-03 17:56:52.643 W/Sclibration(27104): processUnSolicited x =  88  y =  202
02-03 17:56:52.643 W/Sclibration(27104): processUnSolicited isLeftForX =  true  isDownForY =  false
02-03 17:56:52.643 W/Sclibration(27104): processUnSolicited sum =  6698.0  rr =  8464.0
02-03 17:56:52.643 W/Sclibration(27104): processUnSolicited end x =  88  y =  202
02-03 17:56:52.643 W/Sclibration(27104): ScalibrationView--setBallLocation  m_calibrated =  false
02-03 17:56:52.643 W/Sclibration(27104): ScalibrationView--setBallLocation2  m_calibrated =  false
02-03 17:56:52.643 W/Sclibration(27104): onSensorChanged count =  3046  count%LOOPCOUNT =  16
02-03 17:56:52.643 W/Sclibration(27104): onSensorChanged filter =  26871  tp = 1
02-03 17:56:52.653 W/Sclibration(27104): onSensorChanged filter =  88312  tp = 2
02-03 17:56:52.653 W/Sclibration(27104): onSensorChanged filter =  30461  tp = 1
02-03 17:56:52.663 W/Sclibration(27104): onSensorChanged filter =  26872  tp = 2
02-03 17:56:52.713 I/ContactsProvider(27015): query: content://com.android.contacts/data
02-03 17:56:52.713 E/ContactsProvider(27015): 101123 isCallerRegisterNeedSIMProc callerPid:32706, acorePid:27015
02-03 17:56:52.753 W/Sclibration(27104): onSensorChanged filter =  88313  tp = 3
02-03 17:56:52.753 W/Sclibration(27104): onSensorChanged filter =  30462  tp = 2
02-03 17:56:52.773 W/Sclibration(27104): onSensorChanged filter =  26873  tp = 3
02-03 17:56:52.833 W/Sclibration(27104): onSensorChanged filter =  88314  tp = 4
02-03 17:56:52.833 W/Sclibration(27104): onSensorChanged filter =  30463  tp = 3
02-03 17:56:52.833 W/Sclibration(27104): onSensorChanged filter =  26874  tp = 4
02-03 17:56:52.833 I/ContactsProvider(27015): query isCallerRegistered= false
02-03 17:56:52.863 I/ContactsProvider(27015): query forOnlyOneContactString= 0
02-03 17:56:52.924 W/Sclibration(27104): onSensorChanged filter =  88315  tp = 5
02-03 17:56:52.924 W/Sclibration(27104): onSensorChanged filter =  30464  tp = 4
02-03 17:56:52.924 W/Sclibration(27104): onSensorChanged filter =  26875  tp = 5
02-03 17:56:52.944 W/Sclibration(27104): onSensorChanged filter =  88316  tp = 6
02-03 17:56:52.944 W/Sclibration(27104): onSensorChanged filter =  30465  tp = 5
02-03 17:56:52.944 W/Sclibration(27104): onSensorChanged filter =  26876  tp = 6
02-03 17:56:52.964 W/Sclibration(27104): onSensorChanged filter =  88317  tp = 7
02-03 17:56:52.964 W/Sclibration(27104): onSensorChanged filter =  30466  tp = 6
02-03 17:56:52.964 W/Sclibration(27104): onSensorChanged filter =  26877  tp = 7
02-03 17:56:52.984 W/Sclibration(27104): onSensorChanged filter =  88318  tp = 8
02-03 17:56:52.984 W/Sclibration(27104): onSensorChanged filter =  30467  tp = 7
02-03 17:56:52.984 W/Sclibration(27104): onSensorChanged filter =  26878  tp = 8
02-03 17:56:53.084 W/Sclibration(27104): onSensorChanged filter =  88319  tp = 9
02-03 17:56:53.084 W/Sclibration(27104): onSensorChanged filter =  30468  tp = 8
02-03 17:56:53.084 W/Sclibration(27104): onSensorChanged filter =  26879  tp = 9
02-03 17:56:53.124 W/Sclibration(27104): onSensorChanged filter =  88320  tp = 0
02-03 17:56:53.124 W/Sclibration(27104): onSensorChanged count =  8832
02-03 17:56:53.124 W/Sclibration(27104): onSensorChanged curX =  -1.2256479  curY =  -1.6115812  curZ =  -9.026929
02-03 17:56:53.124 W/Sclibration(27104): processUnSolicited begin
02-03 17:56:53.124 W/Sclibration(27104): processUnSolicited curX =  -1.2256479  curY =  -1.6115812  curZ =  -9.026929
02-03 17:56:53.124 W/Sclibration(27104): processUnSolicited x =  86  y =  199
02-03 17:56:53.124 W/Sclibration(27104): processUnSolicited isLeftForX =  true  isDownForY =  false
02-03 17:56:53.124 W/Sclibration(27104): processUnSolicited sum =  6497.0  rr =  8464.0
02-03 17:56:53.124 W/Sclibration(27104): processUnSolicited end x =  86  y =  199
02-03 17:56:53.124 W/Sclibration(27104): ScalibrationView--setBallLocation  m_calibrated =  false
02-03 17:56:53.124 W/Sclibration(27104): ScalibrationView--setBallLocation2  m_calibrated =  false
02-03 17:56:53.124 W/Sclibration(27104): onSensorChanged count =  8832  count%LOOPCOUNT =  12
02-03 17:56:53.134 W/Sclibration(27104): onSensorChanged filter =  30469  tp = 9
02-03 17:56:53.134 W/Sclibration(27104): onSensorChanged filter =  26880  tp = 0
02-03 17:56:53.134 W/Sclibration(27104): onSensorChanged count =  2688
02-03 17:56:53.134 W/Sclibration(27104): onSensorChanged curX =  -1.2256479  curY =  -1.6115812  curZ =  -9.026929
02-03 17:56:53.134 W/Sclibration(27104): processUnSolicited begin
02-03 17:56:53.134 W/Sclibration(27104): processUnSolicited curX =  -1.2256479  curY =  -1.6115812  curZ =  -9.026929
02-03 17:56:53.134 W/Sclibration(27104): processUnSolicited x =  86  y =  199
02-03 17:56:53.134 W/Sclibration(27104): processUnSolicited isLeftForX =  true  isDownForY =  false
02-03 17:56:53.134 W/Sclibration(27104): processUnSolicited sum =  6497.0  rr =  8464.0
02-03 17:56:53.134 W/Sclibration(27104): processUnSolicited end x =  86  y =  199
02-03 17:56:53.144 W/Sclibration(27104): ScalibrationView--setBallLocation  m_calibrated =  false
02-03 17:56:53.144 W/Sclibration(27104): ScalibrationView--setBallLocation2  m_calibrated =  false
02-03 17:56:53.144 W/Sclibration(27104): onSensorChanged count =  2688  count%LOOPCOUNT =  18
02-03 17:56:53.154 W/Sclibration(27104): onSensorChanged filter =  88321  tp = 1
02-03 17:56:53.154 W/Sclibration(27104): onSensorChanged filter =  30470  tp = 0
02-03 17:56:53.154 W/Sclibration(27104): onSensorChanged count =  3047
02-03 17:56:53.154 W/Sclibration(27104): onSensorChanged curX =  -1.2413906  curY =  -1.5936798  curZ =  -9.046406
02-03 17:56:53.154 W/Sclibration(27104): processUnSolicited begin
02-03 17:56:53.154 W/Sclibration(27104): processUnSolicited curX =  -1.2413906  curY =  -1.5936798  curZ =  -9.046406
02-03 17:56:53.154 W/Sclibration(27104): processUnSolicited x =  86  y =  198
02-03 17:56:53.154 W/Sclibration(27104): processUnSolicited isLeftForX =  true  isDownForY =  false
02-03 17:56:53.154 W/Sclibration(27104): processUnSolicited sum =  6370.0  rr =  8464.0
02-03 17:56:53.154 W/Sclibration(27104): processUnSolicited end x =  86  y =  198
02-03 17:56:53.154 W/Sclibration(27104): ScalibrationView--setBallLocation  m_calibrated =  false
02-03 17:56:53.164 W/Sclibration(27104): ScalibrationView--setBallLocation2  m_calibrated =  false
02-03 17:56:53.164 W/Sclibration(27104): onSensorChanged count =  3047  count%LOOPCOUNT =  17
02-03 17:56:53.164 W/Sclibration(27104): onSensorChanged filter =  26881  tp = 1
02-03 17:56:53.274 W/Sclibration(27104): onSensorChanged filter =  88322  tp = 2
02-03 17:56:53.274 W/Sclibration(27104): onSensorChanged filter =  30471  tp = 1
02-03 17:56:53.274 W/Sclibration(27104): onSensorChanged filter =  26882  tp = 2
02-03 17:56:53.384 W/Sclibration(27104): onSensorChanged filter =  88323  tp = 3
02-03 17:56:53.394 W/Sclibration(27104): onSensorChanged filter =  30472  tp = 2
02-03 17:56:53.394 W/Sclibration(27104): onSensorChanged filter =  26883  tp = 3
02-03 17:56:53.414 W/Sclibration(27104): onSensorChanged filter =  88324  tp = 4
02-03 17:56:53.414 W/Sclibration(27104): onSensorChanged filter =  30473  tp = 3
02-03 17:56:53.414 W/Sclibration(27104): onSensorChanged filter =  26884  tp = 4
02-03 17:56:53.534 W/Sclibration(27104): onSensorChanged filter =  88325  tp = 5
02-03 17:56:53.534 W/Sclibration(27104): onSensorChanged filter =  30474  tp = 4
02-03 17:56:53.534 W/Sclibration(27104): onSensorChanged filter =  26885  tp = 5
02-03 17:56:53.654 W/Sclibration(27104): onSensorChanged filter =  88326  tp = 6
02-03 17:56:53.654 W/Sclibration(27104): onSensorChanged filter =  30475  tp = 5
02-03 17:56:53.654 W/Sclibration(27104): onSensorChanged filter =  26886  tp = 6
02-03 17:56:53.774 W/Sclibration(27104): onSensorChanged filter =  88327  tp = 7
02-03 17:56:53.774 W/Sclibration(27104): onSensorChanged filter =  30476  tp = 6
02-03 17:56:53.774 W/Sclibration(27104): onSensorChanged filter =  26887  tp = 7
02-03 17:56:53.894 W/Sclibration(27104): onSensorChanged filter =  88328  tp = 8
02-03 17:56:53.894 W/Sclibration(27104): onSensorChanged filter =  30477  tp = 7
02-03 17:56:53.894 W/Sclibration(27104): onSensorChanged filter =  26888  tp = 8
02-03 17:56:53.924 W/Sclibration(27104): onSensorChanged filter =  88329  tp = 9
02-03 17:56:53.924 W/Sclibration(27104): onSensorChanged filter =  30478  tp = 8
02-03 17:56:53.934 W/Sclibration(27104): onSensorChanged filter =  26889  tp = 9
02-03 17:56:53.945 W/Sclibration(27104): onSensorChanged filter =  88330  tp = 0
02-03 17:56:53.945 W/Sclibration(27104): onSensorChanged count =  8833
02-03 17:56:53.945 W/Sclibration(27104): onSensorChanged curX =  -1.167282  curY =  -1.7974478  curZ =  -8.961163
02-03 17:56:53.945 W/Sclibration(27104): processUnSolicited begin
02-03 17:56:53.945 W/Sclibration(27104): processUnSolicited curX =  -1.167282  curY =  -1.7974478  curZ =  -8.961163
02-03 17:56:53.945 W/Sclibration(27104): processUnSolicited x =  89  y =  206
02-03 17:56:53.945 W/Sclibration(27104): processUnSolicited isLeftForX =  true  isDownForY =  false
02-03 17:56:53.945 W/Sclibration(27104): processUnSolicited sum =  7157.0  rr =  8464.0
02-03 17:56:53.945 W/Sclibration(27104): processUnSolicited end x =  89  y =  206
02-03 17:56:53.945 W/Sclibration(27104): ScalibrationView--setBallLocation  m_calibrated =  false
02-03 17:56:53.945 W/Sclibration(27104): ScalibrationView--setBallLocation2  m_calibrated =  false
02-03 17:56:53.945 W/Sclibration(27104): onSensorChanged count =  8833  count%LOOPCOUNT =  13
02-03 17:56:53.945 W/Sclibration(27104): onSensorChanged filter =  30479  tp = 9
02-03 17:56:53.945 W/Sclibration(27104): onSensorChanged filter =  26890  tp = 0
02-03 17:56:53.945 W/Sclibration(27104): onSensorChanged count =  2689
02-03 17:56:53.945 W/Sclibration(27104): onSensorChanged curX =  -1.167282  curY =  -1.7974478  curZ =  -8.961163
02-03 17:56:53.945 W/Sclibration(27104): processUnSolicited begin
02-03 17:56:53.945 W/Sclibration(27104): processUnSolicited curX =  -1.167282  curY =  -1.7974478  curZ =  -8.961163
02-03 17:56:53.945 W/Sclibration(27104): processUnSolicited x =  89  y =  206
02-03 17:56:53.945 W/Sclibration(27104): processUnSolicited isLeftForX =  true  isDownForY =  false
02-03 17:56:53.945 W/Sclibration(27104): processUnSolicited sum =  7157.0  rr =  8464.0
02-03 17:56:53.945 W/Sclibration(27104): processUnSolicited end x =  89  y =  206
02-03 17:56:53.945 W/Sclibration(27104): ScalibrationView--setBallLocation  m_calibrated =  false
02-03 17:56:53.945 W/Sclibration(27104): ScalibrationView--setBallLocation2  m_calibrated =  false
02-03 17:56:53.945 W/Sclibration(27104): onSensorChanged count =  2689  count%LOOPCOUNT =  19
02-03 17:56:53.965 W/Sclibration(27104): onSensorChanged filter =  88331  tp = 1
02-03 17:56:53.965 W/Sclibration(27104): onSensorChanged filter =  30480  tp = 0
02-03 17:56:53.965 W/Sclibration(27104): onSensorChanged count =  3048
02-03 17:56:53.965 W/Sclibration(27104): onSensorChanged curX =  -1.130295  curY =  -1.8523575  curZ =  -8.923802
02-03 17:56:53.965 W/Sclibration(27104): processUnSolicited begin
02-03 17:56:53.965 W/Sclibration(27104): processUnSolicited curX =  -1.130295  curY =  -1.8523575  curZ =  -8.923802
02-03 17:56:53.965 W/Sclibration(27104): processUnSolicited x =  90  y =  209
02-03 17:56:53.965 W/Sclibration(27104): processUnSolicited isLeftForX =  true  isDownForY =  false
02-03 17:56:53.965 W/Sclibration(27104): processUnSolicited sum =  7501.0  rr =  8464.0
02-03 17:56:53.965 W/Sclibration(27104): processUnSolicited end x =  90  y =  209
02-03 17:56:53.965 W/Sclibration(27104): ScalibrationView--setBallLocation  m_calibrated =  false
02-03 17:56:53.965 W/Sclibration(27104): ScalibrationView--setBallLocation2  m_calibrated =  false
02-03 17:56:53.965 W/Sclibration(27104): onSensorChanged count =  3048  count%LOOPCOUNT =  18
02-03 17:56:53.965 W/Sclibration(27104): onSensorChanged filter =  26891  tp = 1
02-03 17:56:53.985 W/Sclibration(27104): onSensorChanged filter =  88332  tp = 2
02-03 17:56:53.985 W/Sclibration(27104): onSensorChanged filter =  30481  tp = 1
02-03 17:56:53.985 W/Sclibration(27104): onSensorChanged filter =  26892  tp = 2
02-03 17:56:54.105 W/Sclibration(27104): onSensorChanged filter =  88333  tp = 3
02-03 17:56:54.105 W/Sclibration(27104): onSensorChanged filter =  30482  tp = 2
02-03 17:56:54.105 W/Sclibration(27104): onSensorChanged filter =  26893  tp = 3
02-03 17:56:54.245 W/Sclibration(27104): onSensorChanged filter =  88334  tp = 4
02-03 17:56:54.255 W/Sclibration(27104): onSensorChanged filter =  30483  tp = 3
02-03 17:56:54.255 W/Sclibration(27104): onSensorChanged filter =  26894  tp = 4
02-03 17:56:54.355 W/Sclibration(27104): onSensorChanged filter =  88335  tp = 5
02-03 17:56:54.355 W/Sclibration(27104): onSensorChanged filter =  30484  tp = 4
02-03 17:56:54.355 W/Sclibration(27104): onSensorChanged filter =  26895  tp = 5
02-03 17:56:54.475 W/Sclibration(27104): onSensorChanged filter =  88336  tp = 6
02-03 17:56:54.475 W/Sclibration(27104): onSensorChanged filter =  30485  tp = 5
02-03 17:56:54.475 W/Sclibration(27104): onSensorChanged filter =  26896  tp = 6
02-03 17:56:54.495 W/Sclibration(27104): onSensorChanged filter =  88337  tp = 7
02-03 17:56:54.495 W/Sclibration(27104): onSensorChanged filter =  30486  tp = 6
02-03 17:56:54.505 W/Sclibration(27104): onSensorChanged filter =  26897  tp = 7
02-03 17:56:54.525 W/Sclibration(27104): onSensorChanged filter =  88338  tp = 8
02-03 17:56:54.525 W/Sclibration(27104): onSensorChanged filter =  30487  tp = 7
02-03 17:56:54.525 W/Sclibration(27104): onSensorChanged filter =  26898  tp = 8
02-03 17:56:54.635 W/Sclibration(27104): onSensorChanged filter =  88339  tp = 9
02-03 17:56:54.635 W/Sclibration(27104): onSensorChanged filter =  30488  tp = 8
02-03 17:56:54.635 W/Sclibration(27104): onSensorChanged filter =  26899  tp = 9
02-03 17:56:54.715 W/Sclibration(27104): onSensorChanged filter =  88340  tp = 0
02-03 17:56:54.715 W/Sclibration(27104): onSensorChanged count =  8834
02-03 17:56:54.715 W/Sclibration(27104): onSensorChanged curX =  -1.065518  curY =  -1.9722703  curZ =  -8.824726
02-03 17:56:54.715 W/Sclibration(27104): processUnSolicited begin
02-03 17:56:54.715 W/Sclibration(27104): processUnSolicited curX =  -1.065518  curY =  -1.9722703  curZ =  -8.824726
02-03 17:56:54.715 W/Sclibration(27104): processUnSolicited x =  93  y =  213
02-03 17:56:54.715 W/Sclibration(27104): processUnSolicited isLeftForX =  true  isDownForY =  false
02-03 17:56:54.715 W/Sclibration(27104): processUnSolicited sum =  7848.0  rr =  8464.0
02-03 17:56:54.715 W/Sclibration(27104): processUnSolicited end x =  93  y =  213
02-03 17:56:54.715 W/Sclibration(27104): ScalibrationView--setBallLocation  m_calibrated =  false
02-03 17:56:54.725 W/Sclibration(27104): ScalibrationView--setBallLocation2  m_calibrated =  false
02-03 17:56:54.725 W/Sclibration(27104): onSensorChanged count =  8834  count%LOOPCOUNT =  14
02-03 17:56:54.725 W/Sclibration(27104): onSensorChanged filter =  30489  tp = 9
02-03 17:56:54.725 W/Sclibration(27104): onSensorChanged filter =  26900  tp = 0
02-03 17:56:54.725 W/Sclibration(27104): onSensorChanged count =  2690
02-03 17:56:54.725 W/Sclibration(27104): onSensorChanged curX =  -1.065518  curY =  -1.9722703  curZ =  -8.824726
02-03 17:56:54.725 W/Sclibration(27104): processUnSolicited begin
02-03 17:56:54.725 W/Sclibration(27104): processUnSolicited curX =  -1.065518  curY =  -1.9722703  curZ =  -8.824726
02-03 17:56:54.725 W/Sclibration(27104): processUnSolicited x =  93  y =  213
02-03 17:56:54.725 W/Sclibration(27104): processUnSolicited isLeftForX =  true  isDownForY =  false
02-03 17:56:54.725 W/Sclibration(27104): processUnSolicited sum =  7848.0  rr =  8464.0
02-03 17:56:54.725 W/Sclibration(27104): processUnSolicited end x =  93  y =  213
02-03 17:56:54.725 W/Sclibration(27104): ScalibrationView--setBallLocation  m_calibrated =  false
02-03 17:56:54.725 W/Sclibration(27104): ScalibrationView--setBallLocation2  m_calibrated =  false
02-03 17:56:54.725 W/Sclibration(27104): onSensorChanged count =  2690  count%LOOPCOUNT =  20
02-03 17:56:54.835 W/Sclibration(27104): onSensorChanged filter =  88341  tp = 1
02-03 17:56:54.835 W/Sclibration(27104): onSensorChanged filter =  30490  tp = 0
02-03 17:56:54.845 W/Sclibration(27104): onSensorChanged count =  3049
02-03 17:56:54.845 W/Sclibration(27104): onSensorChanged curX =  -1.0692168  curY =  -1.9490728  curZ =  -8.863874
02-03 17:56:54.845 W/Sclibration(27104): processUnSolicited begin
02-03 17:56:54.845 W/Sclibration(27104): processUnSolicited curX =  -1.0692168  curY =  -1.9490728  curZ =  -8.863874
02-03 17:56:54.845 W/Sclibration(27104): processUnSolicited x =  93  y =  212
02-03 17:56:54.845 W/Sclibration(27104): processUnSolicited isLeftForX =  true  isDownForY =  false
02-03 17:56:54.845 W/Sclibration(27104): processUnSolicited sum =  7693.0  rr =  8464.0
02-03 17:56:54.845 W/Sclibration(27104): processUnSolicited end x =  93  y =  212
02-03 17:56:54.845 W/Sclibration(27104): ScalibrationView--setBallLocation  m_calibrated =  false
02-03 17:56:54.845 W/Sclibration(27104): ScalibrationView--setBallLocation2  m_calibrated =  false
02-03 17:56:54.845 W/Sclibration(27104): onSensorChanged count =  3049  count%LOOPCOUNT =  19
02-03 17:56:54.845 W/Sclibration(27104): onSensorChanged filter =  26901  tp = 1
02-03 17:56:54.865 W/Sclibration(27104): onSensorChanged filter =  88342  tp = 2
02-03 17:56:54.865 W/Sclibration(27104): onSensorChanged filter =  30491  tp = 1
02-03 17:56:54.865 W/Sclibration(27104): onSensorChanged filter =  26902  tp = 2
02-03 17:56:54.885 W/Sclibration(27104): onSensorChanged filter =  88343  tp = 3
02-03 17:56:54.885 W/Sclibration(27104): onSensorChanged filter =  30492  tp = 2
02-03 17:56:54.885 W/Sclibration(27104): onSensorChanged filter =  26903  tp = 3
02-03 17:56:54.895 W/Sclibration(27104): onSensorChanged filter =  88344  tp = 4
02-03 17:56:54.905 W/Sclibration(27104): onSensorChanged filter =  30493  tp = 3
02-03 17:56:54.905 W/Sclibration(27104): onSensorChanged filter =  26904  tp = 4
02-03 17:56:54.925 W/Sclibration(27104): onSensorChanged filter =  88345  tp = 5
02-03 17:56:54.925 W/Sclibration(27104): onSensorChanged filter =  30494  tp = 4
02-03 17:56:54.925 W/Sclibration(27104): onSensorChanged filter =  26905  tp = 5
02-03 17:56:54.945 W/Sclibration(27104): onSensorChanged filter =  88346  tp = 6
02-03 17:56:54.945 W/Sclibration(27104): onSensorChanged filter =  30495  tp = 5
02-03 17:56:54.945 W/Sclibration(27104): onSensorChanged filter =  26906  tp = 6
02-03 17:56:54.965 W/Sclibration(27104): onSensorChanged filter =  88347  tp = 7
02-03 17:56:54.965 W/Sclibration(27104): onSensorChanged filter =  30496  tp = 6
02-03 17:56:54.965 W/Sclibration(27104): onSensorChanged filter =  26907  tp = 7
02-03 17:56:54.986 W/Sclibration(27104): onSensorChanged filter =  88348  tp = 8
02-03 17:56:54.986 W/Sclibration(27104): onSensorChanged filter =  30497  tp = 7
02-03 17:56:54.986 W/Sclibration(27104): onSensorChanged filter =  26908  tp = 8
02-03 17:56:55.136 W/Sclibration(27104): onSensorChanged filter =  88349  tp = 9
02-03 17:56:55.136 W/Sclibration(27104): onSensorChanged filter =  30498  tp = 8
02-03 17:56:55.136 W/Sclibration(27104): onSensorChanged filter =  26909  tp = 9
02-03 17:56:55.156 W/Sclibration(27104): onSensorChanged filter =  88350  tp = 0
02-03 17:56:55.156 W/Sclibration(27104): onSensorChanged count =  8835
02-03 17:56:55.156 W/Sclibration(27104): onSensorChanged curX =  -0.863217  curY =  -1.6891911  curZ =  -9.072639
02-03 17:56:55.156 W/Sclibration(27104): processUnSolicited begin
02-03 17:56:55.156 W/Sclibration(27104): processUnSolicited curX =  -0.863217  curY =  -1.6891911  curZ =  -9.072639
02-03 17:56:55.156 W/Sclibration(27104): processUnSolicited x =  101  y =  202
02-03 17:56:55.156 W/Sclibration(27104): processUnSolicited isLeftForX =  true  isDownForY =  false
02-03 17:56:55.156 W/Sclibration(27104): processUnSolicited sum =  5645.0  rr =  8464.0
02-03 17:56:55.156 W/Sclibration(27104): processUnSolicited end x =  101  y =  202
02-03 17:56:55.166 W/Sclibration(27104): ScalibrationView--setBallLocation  m_calibrated =  false
02-03 17:56:55.166 W/Sclibration(27104): ScalibrationView--setBallLocation2  m_calibrated =  false
02-03 17:56:55.166 W/Sclibration(27104): onSensorChanged count =  8835  count%LOOPCOUNT =  15
02-03 17:56:55.166 W/Sclibration(27104): onSensorChanged filter =  30499  tp = 9
02-03 17:56:55.166 W/Sclibration(27104): onSensorChanged filter =  26910  tp = 0
02-03 17:56:55.166 W/Sclibration(27104): onSensorChanged count =  2691
02-03 17:56:55.166 W/Sclibration(27104): onSensorChanged curX =  -0.863217  curY =  -1.6891911  curZ =  -9.072639
02-03 17:56:55.166 W/Sclibration(27104): processUnSolicited begin
02-03 17:56:55.166 W/Sclibration(27104): processUnSolicited curX =  -0.863217  curY =  -1.6891911  curZ =  -9.072639
02-03 17:56:55.166 W/Sclibration(27104): processUnSolicited x =  101  y =  202
02-03 17:56:55.166 W/Sclibration(27104): processUnSolicited isLeftForX =  true  isDownForY =  false
02-03 17:56:55.166 W/Sclibration(27104): processUnSolicited sum =  5645.0  rr =  8464.0
02-03 17:56:55.166 W/Sclibration(27104): processUnSolicited end x =  101  y =  202
02-03 17:56:55.166 W/Sclibration(27104): ScalibrationView--setBallLocation  m_calibrated =  false
02-03 17:56:55.166 W/Sclibration(27104): ScalibrationView--setBallLocation2  m_calibrated =  false
02-03 17:56:55.166 W/Sclibration(27104): onSensorChanged count =  2691  count%LOOPCOUNT =  21
02-03 17:56:55.176 W/Sclibration(27104): onSensorChanged filter =  88351  tp = 1
02-03 17:56:55.176 W/Sclibration(27104): onSensorChanged filter =  30500  tp = 0
02-03 17:56:55.176 W/Sclibration(27104): onSensorChanged count =  3050
02-03 17:56:55.176 W/Sclibration(27104): onSensorChanged curX =  -0.86284703  curY =  -1.6738045  curZ =  -9.051019
02-03 17:56:55.176 W/Sclibration(27104): processUnSolicited begin
02-03 17:56:55.176 W/Sclibration(27104): processUnSolicited curX =  -0.86284703  curY =  -1.6738045  curZ =  -9.051019
02-03 17:56:55.176 W/Sclibration(27104): processUnSolicited x =  101  y =  201
02-03 17:56:55.176 W/Sclibration(27104): processUnSolicited isLeftForX =  true  isDownForY =  false
02-03 17:56:55.176 W/Sclibration(27104): processUnSolicited sum =  5512.0  rr =  8464.0
02-03 17:56:55.176 W/Sclibration(27104): processUnSolicited end x =  101  y =  201
02-03 17:56:55.176 W/Sclibration(27104): ScalibrationView--setBallLocation  m_calibrated =  false
02-03 17:56:55.176 W/Sclibration(27104): ScalibrationView--setBallLocation2  m_calibrated =  false
02-03 17:56:55.176 W/Sclibration(27104): onSensorChanged count =  3050  count%LOOPCOUNT =  20
02-03 17:56:55.176 W/Sclibration(27104): onSensorChanged filter =  26911  tp = 1
02-03 17:56:55.196 W/Sclibration(27104): onSensorChanged filter =  88352  tp = 2
02-03 17:56:55.196 W/Sclibration(27104): onSensorChanged filter =  30501  tp = 1
02-03 17:56:55.196 W/Sclibration(27104): onSensorChanged filter =  26912  tp = 2
02-03 17:56:55.216 W/Sclibration(27104): onSensorChanged filter =  88353  tp = 3
02-03 17:56:55.216 W/Sclibration(27104): onSensorChanged filter =  30502  tp = 2
02-03 17:56:55.216 W/Sclibration(27104): onSensorChanged filter =  26913  tp = 3
02-03 17:56:55.336 W/Sclibration(27104): onSensorChanged filter =  88354  tp = 4
02-03 17:56:55.336 W/Sclibration(27104): onSensorChanged filter =  30503  tp = 3
02-03 17:56:55.346 W/Sclibration(27104): onSensorChanged filter =  26914  tp = 4
02-03 17:56:55.356 W/Sclibration(27104): onSensorChanged filter =  88355  tp = 5
02-03 17:56:55.356 W/Sclibration(27104): onSensorChanged filter =  30504  tp = 4
02-03 17:56:55.356 W/Sclibration(27104): onSensorChanged filter =  26915  tp = 5
02-03 17:56:55.376 W/Sclibration(27104): onSensorChanged filter =  88356  tp = 6
02-03 17:56:55.376 W/Sclibration(27104): onSensorChanged filter =  30505  tp = 5
02-03 17:56:55.376 W/Sclibration(27104): onSensorChanged filter =  26916  tp = 6
02-03 17:56:55.406 W/Sclibration(27104): onSensorChanged filter =  88357  tp = 7
02-03 17:56:55.406 W/Sclibration(27104): onSensorChanged filter =  30506  tp = 6
02-03 17:56:55.406 W/Sclibration(27104): onSensorChanged filter =  26917  tp = 7
02-03 17:56:55.526 W/Sclibration(27104): onSensorChanged filter =  88358  tp = 8
02-03 17:56:55.526 W/Sclibration(27104): onSensorChanged filter =  30507  tp = 7
02-03 17:56:55.526 W/Sclibration(27104): onSensorChanged filter =  26918  tp = 8
02-03 17:56:55.646 W/Sclibration(27104): onSensorChanged filter =  88359  tp = 9
02-03 17:56:55.646 W/Sclibration(27104): onSensorChanged filter =  30508  tp = 8
02-03 17:56:55.646 W/Sclibration(27104): onSensorChanged filter =  26919  tp = 9
02-03 17:56:55.666 W/Sclibration(27104): onSensorChanged filter =  88360  tp = 0
02-03 17:56:55.666 W/Sclibration(27104): onSensorChanged count =  8836
02-03 17:56:55.666 W/Sclibration(27104): onSensorChanged curX =  -0.71727884  curY =  -1.6112604  curZ =  -9.012435
02-03 17:56:55.666 W/Sclibration(27104): processUnSolicited begin
02-03 17:56:55.666 W/Sclibration(27104): processUnSolicited curX =  -0.71727884  curY =  -1.6112604  curZ =  -9.012435
02-03 17:56:55.666 W/Sclibration(27104): processUnSolicited x =  107  y =  199
