02-09 18:08:52.532 D/LockScreen(27162): Updating Lock Screen text to Ruim
02-09 18:08:52.562 D/KeyguardViewMediator(27162): setHidden false
02-09 18:08:52.562 D/KeyguardViewMediator(27162): setHidden false
02-09 18:08:52.562 I/hubo    (27162): Activity {com.android.launcher/com.android.launcher2.Launcher}
02-09 18:08:52.572 D/KeyguardUpdateMonitor(27162): received broadcast android.intent.action.BATTERY_CHANGED
02-09 18:08:52.572 D/Warhol  (27250): A pack appears to be installed -- skipping Installer
02-09 18:08:52.592 D/KeyguardUpdateMonitor(27162): handleBatteryUpdate
02-09 18:08:52.612 I/DATA    (27234): [DCT(0) ] intent received :android.intent.action.SCREEN_ON
02-09 18:08:52.642 D/DATA    (27234): [DSST(0)] pollstate() : reason = data network state changed
02-09 18:08:53.252 D/MobileDataStateTracker(27162): [hipri]  MobileDataStateReceiver onReceive(): Entry.
02-09 18:08:53.252 D/MobileDataStateTracker(27162): [hipri]  intent.getAction()= android.intent.action.SERVICE_STATE
02-09 18:08:53.252 D/MobileDataStateTracker(27162): [hipri]  mEnabled = false
02-09 18:08:53.252 D/MobileDataStateTracker(27162): [dun]  MobileDataStateReceiver onReceive(): Entry.
02-09 18:08:53.252 D/MobileDataStateTracker(27162): [dun]  intent.getAction()= android.intent.action.SERVICE_STATE
02-09 18:08:53.252 D/MobileDataStateTracker(27162): [dun]  mEnabled = false
02-09 18:08:53.252 D/MobileDataStateTracker(27162): [supl]  MobileDataStateReceiver onReceive(): Entry.
02-09 18:08:53.252 D/MobileDataStateTracker(27162): [supl]  intent.getAction()= android.intent.action.SERVICE_STATE
02-09 18:08:53.252 D/MobileDataStateTracker(27162): [supl]  mEnabled = false
02-09 18:08:53.262 D/MobileDataStateTracker(27162): [mms]  MobileDataStateReceiver onReceive(): Entry.
02-09 18:08:53.262 D/MobileDataStateTracker(27162): [mms]  intent.getAction()= android.intent.action.SERVICE_STATE
02-09 18:08:53.262 D/MobileDataStateTracker(27162): [mms]  mEnabled = false
02-09 18:08:53.262 D/MobileDataStateTracker(27162): [default]  MobileDataStateReceiver onReceive(): Entry.
02-09 18:08:53.262 D/MobileDataStateTracker(27162): [default]  intent.getAction()= android.intent.action.SERVICE_STATE
02-09 18:08:53.262 D/MobileDataStateTracker(27162): [default]  mEnabled = true
02-09 18:08:53.262 D/CallManager(27234):  handleMessage (EVENT_SERVICE_STATE_CHANGED)
02-09 18:08:53.262 E/BT HS/HF(27234): SERVICE_STATE_CHANGED called
02-09 18:08:53.262 E/BT HS/HF(27234): updateServiceState called, sendUpdate:false  ServiceState:0 home Sprint  310099  EvDo rev. A CSS not supported 41 4139RoamInd: 1RoamStatus(sprint): 1DefRoamInd: 160EmergOnly: false
02-09 18:08:53.262 E/BT HS/HF(27234): service:1 mService:1
02-09 18:08:53.282 D/DATA    (27234): [DSST(0)]  registrationState = 1  radioTechnology = 8 reasonForDenial = 0
02-09 18:08:53.282 D/DATA    (27234): [DSST(0)]  set mNewDataConnectionState = 0
02-09 18:08:53.282 D/DATA    (27234): [DSST(0)]  mNewDataConnectionState : 0  mDataConnectionState : 0
02-09 18:08:53.282 D/DATA    (27234): [DSST(0)] Poll ServiceState done: oldSS=[0 home null null null  EvDo rev. A CSS not supported -1 -1RoamInd: -1RoamStatus(sprint): -1DefRoamInd: -1EmergOnly: false] newSS=[0 home null null null  EvDo rev. A CSS not supported -1 -1RoamInd: -1RoamStatus(sprint): -1DefRoamInd: -1EmergOnly: false]
02-09 18:08:53.282 D/DATA    (27234): [DSST(0)]  mDataConnectionState = 0
02-09 18:08:53.332 D/Mms     (27733): currentRoamingStatus:1
02-09 18:08:53.623 D/PowerManagerService(27162): acquireWakeLock flags=0x1000001a tag=keyguard
02-09 18:08:53.623 D/PowerManagerService(27162): UnPartial  wakeLock  reactivate ,flags=0x1000001a tag=keyguard
02-09 18:08:53.733 D/KeyguardViewMediator(27162): keyguardDone(true)
02-09 18:08:53.753 D/KeyguardViewMediator(27162): handleKeyguardDone
02-09 18:08:53.753 D/KeyguardViewMediator(27162): handleHide
02-09 18:08:53.753 D/KeyguardViewMediator(27162): adjustUserActivityLocked mShowing: false mHidden: false
02-09 18:08:53.753 D/PowerManagerService(27162): UnPartial  wakeLock  reactivate ,flags=0x1000001a tag=keyguard
02-09 18:08:53.753 D/PowerManagerService(27162): releaseWakeLock flags=0x1000001a tag=keyguard
02-09 18:08:53.763 D/KeyguardViewMediator(27162): setHidden false
02-09 18:08:53.763 D/KeyguardViewMediator(27162): setHidden false
02-09 18:08:53.773 D/KeyguardViewMediator(27162): setHidden false
02-09 18:08:53.783 D/KeyguardViewMediator(27162): setHidden false
02-09 18:08:53.803 D/KeyguardViewMediator(27162): setHidden false
02-09 18:08:53.823 D/KeyguardViewMediator(27162): setHidden false
02-09 18:08:53.843 D/KeyguardViewMediator(27162): setHidden false
02-09 18:08:53.853 D/KeyguardViewMediator(27162): setHidden false
02-09 18:08:53.873 D/KeyguardViewMediator(27162): setHidden false
02-09 18:08:53.883 D/KeyguardViewMediator(27162): setHidden false
02-09 18:08:53.903 D/KeyguardViewMediator(27162): setHidden false
02-09 18:08:53.923 D/KeyguardViewMediator(27162): setHidden false
02-09 18:08:53.933 D/KeyguardViewMediator(27162): setHidden false
02-09 18:08:53.953 D/KeyguardViewMediator(27162): setHidden false
02-09 18:08:53.963 D/KeyguardViewMediator(27162): setHidden false
02-09 18:08:53.983 D/KeyguardViewMediator(27162): setHidden false
02-09 18:08:54.003 D/KeyguardViewMediator(27162): setHidden false
02-09 18:08:54.013 D/KeyguardViewMediator(27162): setHidden false
02-09 18:08:54.043 D/KeyguardViewMediator(27162): setHidden false
02-09 18:08:54.043 D/KeyguardViewMediator(27162): setHidden false
02-09 18:08:54.063 D/KeyguardViewMediator(27162): setHidden false
02-09 18:08:54.083 D/KeyguardViewMediator(27162): setHidden false
02-09 18:08:54.093 D/KeyguardViewMediator(27162): setHidden false
02-09 18:08:54.113 D/KeyguardViewMediator(27162): setHidden false
02-09 18:08:54.133 D/KeyguardViewMediator(27162): setHidden false
02-09 18:08:54.143 D/KeyguardViewMediator(27162): setHidden false
02-09 18:08:54.163 D/KeyguardViewMediator(27162): setHidden false
02-09 18:08:54.173 D/KeyguardViewMediator(27162): setHidden false
02-09 18:08:54.203 D/KeyguardViewMediator(27162): setHidden false
02-09 18:08:54.613 I/DATA    (27234): [DCT(0) ] onDataCallListChanged:
02-09 18:08:54.613 I/DATA    (27234): [DCT(0) ] ---dc state list---
02-09 18:08:54.623 I/DATA    (27234): [DCT(0) ] DataCallState: { cid: 0, active: 2, type: , apn: , address: 70.5.41.227 }
02-09 18:08:54.623 I/DATA    (27234): [DCT(0) ] ---dc list---
02-09 18:08:54.623 I/DATA    (27234): [DCT(0) ] cid = 0, state = DcActiveState, bearerType = IP, ipaddress = 70.5.41.227, gw=70.5.41.225, dns=[68.28.67.132, 68.28.68.132]
02-09 18:08:54.744 D/AlarmManager(27162): +++Alarm set:type=2 com.google.android.gsf  Trigger after:1679999ms
02-09 18:08:56.926 D/DATA    (27234): [DSST(0)] pollstate() : reason = data network state changed
02-09 18:08:56.966 D/MobileDataStateTracker(27162): [hipri]  MobileDataStateReceiver onReceive(): Entry.
02-09 18:08:56.966 D/MobileDataStateTracker(27162): [hipri]  intent.getAction()= android.intent.action.SERVICE_STATE
02-09 18:08:56.966 D/MobileDataStateTracker(27162): [hipri]  mEnabled = false
02-09 18:08:56.976 D/MobileDataStateTracker(27162): [dun]  MobileDataStateReceiver onReceive(): Entry.
02-09 18:08:56.976 D/MobileDataStateTracker(27162): [dun]  intent.getAction()= android.intent.action.SERVICE_STATE
02-09 18:08:56.976 D/MobileDataStateTracker(27162): [dun]  mEnabled = false
02-09 18:08:56.976 D/MobileDataStateTracker(27162): [supl]  MobileDataStateReceiver onReceive(): Entry.
02-09 18:08:56.976 D/MobileDataStateTracker(27162): [supl]  intent.getAction()= android.intent.action.SERVICE_STATE
02-09 18:08:56.976 D/MobileDataStateTracker(27162): [supl]  mEnabled = false
02-09 18:08:56.976 D/MobileDataStateTracker(27162): [mms]  MobileDataStateReceiver onReceive(): Entry.
02-09 18:08:56.976 D/MobileDataStateTracker(27162): [mms]  intent.getAction()= android.intent.action.SERVICE_STATE
02-09 18:08:56.976 D/MobileDataStateTracker(27162): [mms]  mEnabled = false
02-09 18:08:56.976 D/MobileDataStateTracker(27162): [default]  MobileDataStateReceiver onReceive(): Entry.
02-09 18:08:56.976 D/MobileDataStateTracker(27162): [default]  intent.getAction()= android.intent.action.SERVICE_STATE
02-09 18:08:56.976 D/MobileDataStateTracker(27162): [default]  mEnabled = true
02-09 18:08:56.986 D/CdmaCellLocation( 2881): [LPZ-GPS]mUseNetworkwireless=false
02-09 18:08:56.986 D/CdmaCellLocation( 2881): [LPZ-GPS]BSId=-1
02-09 18:08:56.986 D/CdmaCellLocation( 2881): [LPZ-GPS]BSLAT=2147483647
02-09 18:08:56.986 D/CdmaCellLocation( 2881): [LPZ-GPS]BSLONG=2147483647
02-09 18:08:56.986 D/CdmaCellLocation( 2881): [LPZ-GPS]SystemId=-1
02-09 18:08:56.986 D/CdmaCellLocation( 2881): [LPZ-GPS]NetworkId=-1
02-09 18:08:56.986 D/CdmaCellLocation(27265): [LPZ-GPS]mUseNetworkwireless=false
02-09 18:08:56.986 D/CdmaCellLocation(27265): [LPZ-GPS]BSId=-1
02-09 18:08:56.986 D/CdmaCellLocation(27265): [LPZ-GPS]BSLAT=2147483647
02-09 18:08:56.986 D/CdmaCellLocation(27265): [LPZ-GPS]BSLONG=2147483647
02-09 18:08:56.986 D/CdmaCellLocation(27265): [LPZ-GPS]SystemId=-1
02-09 18:08:56.986 D/CdmaCellLocation(27265): [LPZ-GPS]NetworkId=-1
02-09 18:08:56.986 D/TelephonyManager(27265): [LPZ-GPS]getCellLocation enter,usewireless=true
02-09 18:08:56.996 D/CdmaCellLocation(27265): [LPZ-GPS]mUseNetworkwireless=true
02-09 18:08:56.996 D/CdmaCellLocation(27265): [LPZ-GPS]BSId=1697
02-09 18:08:56.996 D/CdmaCellLocation(27265): [LPZ-GPS]BSLAT=560191
02-09 18:08:56.996 D/CdmaCellLocation(27265): [LPZ-GPS]BSLONG=-1362961
02-09 18:08:56.996 D/CdmaCellLocation(27265): [LPZ-GPS]SystemId=4139
02-09 18:08:56.996 D/CdmaCellLocation(27265): [LPZ-GPS]NetworkId=41
02-09 18:08:57.006 D/CallManager(27234):  handleMessage (EVENT_SERVICE_STATE_CHANGED)
02-09 18:08:57.006 E/BT HS/HF(27234): SERVICE_STATE_CHANGED called
02-09 18:08:57.006 E/BT HS/HF(27234): updateServiceState called, sendUpdate:false  ServiceState:0 home Sprint  310099  EvDo rev. A CSS not supported 41 4139RoamInd: 1RoamStatus(sprint): 1DefRoamInd: 160EmergOnly: false
02-09 18:08:57.006 E/BT HS/HF(27234): service:1 mService:1
02-09 18:08:57.016 D/DATA    (27234): [DSST(0)]  registrationState = 1  radioTechnology = 8 reasonForDenial = 0
02-09 18:08:57.016 D/DATA    (27234): [DSST(0)]  set mNewDataConnectionState = 0
02-09 18:08:57.016 D/DATA    (27234): [DSST(0)]  mNewDataConnectionState : 0  mDataConnectionState : 0
02-09 18:08:57.016 D/DATA    (27234): [DSST(0)] Poll ServiceState done: oldSS=[0 home null null null  EvDo rev. A CSS not supported -1 -1RoamInd: -1RoamStatus(sprint): -1DefRoamInd: -1EmergOnly: false] newSS=[0 home null null null  EvDo rev. A CSS not supported -1 -1RoamInd: -1RoamStatus(sprint): -1DefRoamInd: -1EmergOnly: false]
02-09 18:08:57.016 D/DATA    (27234): [DSST(0)]  mDataConnectionState = 0
02-09 18:08:57.026 D/AlarmManager(27162): +++Alarm set:type=2 com.google.android.location  Trigger after:242526ms
02-09 18:08:57.026 D/TelephonyManager( 2881): [LPZ-GPS]getCellLocation enter,usewireless=true
02-09 18:08:57.026 D/CdmaCellLocation( 2881): [LPZ-GPS]mUseNetworkwireless=true
02-09 18:08:57.026 D/CdmaCellLocation( 2881): [LPZ-GPS]BSId=1697
02-09 18:08:57.026 D/CdmaCellLocation( 2881): [LPZ-GPS]BSLAT=560191
02-09 18:08:57.026 D/CdmaCellLocation( 2881): [LPZ-GPS]BSLONG=-1362961
02-09 18:08:57.026 D/CdmaCellLocation( 2881): [LPZ-GPS]SystemId=4139
02-09 18:08:57.026 D/CdmaCellLocation( 2881): [LPZ-GPS]NetworkId=41
02-09 18:08:57.036 D/Mms     (27733): currentRoamingStatus:1
02-09 18:08:57.036 D/AlarmManager(27162): +++Alarm set:type=2 com.google.android.apps.maps  Trigger after:2147478556203ms
02-09 18:08:57.977 E/wpa_supplicant(30784): ioctl[SIOCGIWSCAN]: 11
02-09 18:08:57.977 I/dun_service(  123): process rmnet event
02-09 18:08:57.977 I/dun_service(  123): Post event 4
02-09 18:08:57.977 I/dun_service(  123): received event: DUN_EVENT_RMNET_UP 
02-09 18:08:57.977 I/dun_service(  123): received event(DUN_EVENT_RMNET_UP) in state(DUN_STATE_USB_UNPLUG)
02-09 18:08:57.977 I/dun_service(  123): Ignoring the event DUN_EVENT_RMNET_UP in USB_UNPLUG_STATE
02-09 18:08:57.977 I/dun_service(  123): Moved to state(DUN_STATE_USB_UNPLUG)
02-09 18:08:58.627 D/KeyguardViewMediator(27162): handleTimeout
02-09 18:08:58.888 E/rmt_storage(  155): [MyTag]open: fd=-1
02-09 18:08:58.888 E/rmt_storage(  155): block rmt_storage client thread
02-09 18:08:58.948 I/ContactsProvider(27282): insertInTransaction: content://com.android.contacts/status_updates protocol=5 im_handle=jeremy.meiss@gmail.com im_account=1 status=http://LandofDroid.com mode=3
02-09 18:08:58.998 D/GpsLocationProvider(27162): GPS status listener died
02-09 18:08:59.949 E/wpa_supplicant(30784): ioctl[SIOCGIWSCAN]: 11
02-09 18:08:59.949 I/dun_service(  123): process rmnet event
02-09 18:08:59.949 I/dun_service(  123): Post event 4
02-09 18:08:59.949 I/dun_service(  123): received event: DUN_EVENT_RMNET_UP 
02-09 18:08:59.949 I/dun_service(  123): received event(DUN_EVENT_RMNET_UP) in state(DUN_STATE_USB_UNPLUG)
02-09 18:08:59.949 I/dun_service(  123): Ignoring the event DUN_EVENT_RMNET_UP in USB_UNPLUG_STATE
02-09 18:08:59.949 I/dun_service(  123): Moved to state(DUN_STATE_USB_UNPLUG)
02-09 18:09:00.019 D/KeyguardUpdateMonitor(27162): received broadcast android.intent.action.TIME_TICK
02-09 18:09:00.019 D/KeyguardUpdateMonitor(27162): handleTimeUpdate
02-09 18:09:00.189 E/JavaBinder(27162): Transact on 0xe23a18 in Java object 0x40e6e7f8 with code 9 failed
02-09 18:09:01.510 D/DATA    (27234): [DSST(0)] pollstate() : reason = data network state changed
02-09 18:09:01.570 D/MobileDataStateTracker(27162): [hipri]  MobileDataStateReceiver onReceive(): Entry.
02-09 18:09:01.570 D/MobileDataStateTracker(27162): [hipri]  intent.getAction()= android.intent.action.SERVICE_STATE
02-09 18:09:01.570 D/MobileDataStateTracker(27162): [hipri]  mEnabled = false
02-09 18:09:01.570 D/MobileDataStateTracker(27162): [dun]  MobileDataStateReceiver onReceive(): Entry.
02-09 18:09:01.570 D/MobileDataStateTracker(27162): [dun]  intent.getAction()= android.intent.action.SERVICE_STATE
02-09 18:09:01.570 D/MobileDataStateTracker(27162): [dun]  mEnabled = false
02-09 18:09:01.570 D/MobileDataStateTracker(27162): [supl]  MobileDataStateReceiver onReceive(): Entry.
02-09 18:09:01.570 D/MobileDataStateTracker(27162): [supl]  intent.getAction()= android.intent.action.SERVICE_STATE
02-09 18:09:01.570 D/MobileDataStateTracker(27162): [supl]  mEnabled = false
02-09 18:09:01.580 D/MobileDataStateTracker(27162): [mms]  MobileDataStateReceiver onReceive(): Entry.
02-09 18:09:01.580 D/MobileDataStateTracker(27162): [mms]  intent.getAction()= android.intent.action.SERVICE_STATE
02-09 18:09:01.580 D/MobileDataStateTracker(27162): [mms]  mEnabled = false
02-09 18:09:01.580 D/MobileDataStateTracker(27162): [default]  MobileDataStateReceiver onReceive(): Entry.
02-09 18:09:01.580 D/MobileDataStateTracker(27162): [default]  intent.getAction()= android.intent.action.SERVICE_STATE
02-09 18:09:01.580 D/MobileDataStateTracker(27162): [default]  mEnabled = true
02-09 18:09:01.580 D/CdmaCellLocation(27265): [LPZ-GPS]mUseNetworkwireless=false
02-09 18:09:01.580 D/CdmaCellLocation(27265): [LPZ-GPS]BSId=-1
02-09 18:09:01.580 D/CdmaCellLocation(27265): [LPZ-GPS]BSLAT=2147483647
02-09 18:09:01.580 D/CdmaCellLocation(27265): [LPZ-GPS]BSLONG=2147483647
02-09 18:09:01.580 D/CdmaCellLocation(27265): [LPZ-GPS]SystemId=-1
02-09 18:09:01.580 D/CdmaCellLocation(27265): [LPZ-GPS]NetworkId=-1
02-09 18:09:01.590 D/TelephonyManager(27265): [LPZ-GPS]getCellLocation enter,usewireless=true
02-09 18:09:01.590 D/CdmaCellLocation(27265): [LPZ-GPS]mUseNetworkwireless=true
02-09 18:09:01.590 D/CdmaCellLocation(27265): [LPZ-GPS]BSId=13058
02-09 18:09:01.590 D/CdmaCellLocation(27265): [LPZ-GPS]BSLAT=560304
02-09 18:09:01.590 D/CdmaCellLocation(27265): [LPZ-GPS]BSLONG=-1362999
02-09 18:09:01.590 D/CdmaCellLocation(27265): [LPZ-GPS]SystemId=4139
02-09 18:09:01.590 D/CdmaCellLocation(27265): [LPZ-GPS]NetworkId=41
02-09 18:09:01.590 D/CallManager(27234):  handleMessage (EVENT_SERVICE_STATE_CHANGED)
02-09 18:09:01.590 E/BT HS/HF(27234): SERVICE_STATE_CHANGED called
02-09 18:09:01.590 E/BT HS/HF(27234): updateServiceState called, sendUpdate:false  ServiceState:0 home Sprint  310099  EvDo rev. A CSS not supported 41 4139RoamInd: 1RoamStatus(sprint): 1DefRoamInd: 160EmergOnly: false
02-09 18:09:01.590 E/BT HS/HF(27234): service:1 mService:1
02-09 18:09:01.600 D/AlarmManager(27162): +++Alarm set:type=2 com.google.android.location  Trigger after:237944ms
02-09 18:09:01.600 D/DATA    (27234): [DSST(0)]  registrationState = 1  radioTechnology = 8 reasonForDenial = 0
02-09 18:09:01.600 D/DATA    (27234): [DSST(0)]  set mNewDataConnectionState = 0
02-09 18:09:01.600 D/DATA    (27234): [DSST(0)]  mNewDataConnectionState : 0  mDataConnectionState : 0
02-09 18:09:01.600 D/DATA    (27234): [DSST(0)] Poll ServiceState done: oldSS=[0 home null null null  EvDo rev. A CSS not supported -1 -1RoamInd: -1RoamStatus(sprint): -1DefRoamInd: -1EmergOnly: false] newSS=[0 home null null null  EvDo rev. A CSS not supported -1 -1RoamInd: -1RoamStatus(sprint): -1DefRoamInd: -1EmergOnly: false]
02-09 18:09:01.600 D/DATA    (27234): [DSST(0)]  mDataConnectionState = 0
02-09 18:09:01.610 D/Mms     (27733): currentRoamingStatus:1
02-09 18:09:01.900 I/dun_service(  123): process rmnet event
02-09 18:09:01.900 E/wpa_supplicant(30784): ioctl[SIOCGIWSCAN]: 11
02-09 18:09:01.900 I/dun_service(  123): Post event 4
02-09 18:09:01.900 I/dun_service(  123): received event: DUN_EVENT_RMNET_UP 
02-09 18:09:01.900 I/dun_service(  123): received event(DUN_EVENT_RMNET_UP) in state(DUN_STATE_USB_UNPLUG)
02-09 18:09:01.900 I/dun_service(  123): Ignoring the event DUN_EVENT_RMNET_UP in USB_UNPLUG_STATE
02-09 18:09:01.900 I/dun_service(  123): Moved to state(DUN_STATE_USB_UNPLUG)
02-09 18:09:01.981 D/Launcher(27250): onSaveInstanceState
02-09 18:09:01.981 D/Launcher(27250): Dissmis Preview for view :null ID:2131230735
02-09 18:09:01.981 D/Launcher(27250): Dissmis Preview for view :null ID:2131230736
02-09 18:09:01.981 D/Launcher(27250): Dissmis Preview for view :null ID:2131230739
02-09 18:09:01.981 D/Launcher(27250): Dissmis Preview for view :null ID:2131230741
02-09 18:09:01.991 D/KeyguardViewMediator(27162): setHidden false
02-09 18:09:02.001 D/KeyguardViewMediator(27162): setHidden false
02-09 18:09:02.001 I/hubo    (27162): Activity {com.android.mms/com.android.mms.ui.ComposeMessageActivity}
02-09 18:09:02.031 I/Mms/compose(27733): SLIDESHOW setSendButtonText isMms = false
02-09 18:09:02.031 I/Mms/compose(27733): drawBottomPanel, inputmethod
02-09 18:09:02.031 D/Mms/compose(27733): lyftest updateOtherAttachmentView
02-09 18:09:02.031 I/Mms/compose(27733): SLIDESHOW updateSendButtonState enable = true
02-09 18:09:02.031 I/Mms/compose(27733): SLIDESHOW setSendButtonText isMms = false
02-09 18:09:02.041 I/Mms/compose(27733): SLIDESHOW setSendButtonText isMms = false
02-09 18:09:02.041 E/Mms/compose(27733): In loadMessageContent() after drawBottomPanel()
02-09 18:09:02.041 D/KeyguardViewMediator(27162): setHidden false
02-09 18:09:02.071 D/KeyguardViewMediator(27162): setHidden false
02-09 18:09:02.091 D/KeyguardViewMediator(27162): setHidden false
02-09 18:09:02.101 D/KeyguardViewMediator(27162): setHidden false
02-09 18:09:02.111 D/KeyguardViewMediator(27162): setHidden false
02-09 18:09:02.121 D/KeyguardViewMediator(27162): setHidden false
02-09 18:09:02.141 D/KeyguardViewMediator(27162): setHidden false
02-09 18:09:02.161 D/KeyguardViewMediator(27162): setHidden false
02-09 18:09:02.181 D/KeyguardViewMediator(27162): setHidden false
02-09 18:09:02.191 D/KeyguardViewMediator(27162): setHidden false
02-09 18:09:02.211 D/Mms     (27733): formatTimeStampString1 ,when = 1328831825691
02-09 18:09:02.211 D/Mms     (27733): formatTimeStampString2 ,when = 1328831825691
02-09 18:09:02.211 D/KeyguardViewMediator(27162): setHidden false
02-09 18:09:02.221 I/ContactsProvider(27282): query: content://com.android.contacts/phone_lookup/9132005928
02-09 18:09:02.221 E/ContactsProvider(27282): 101123 isCallerRegisterNeedSIMProc callerPid:27733, acorePid:27282
02-09 18:09:02.231 I/ContactsProvider(27282): query isCallerRegistered= true
02-09 18:09:02.231 I/ContactsProvider(27282): query forOnlyOneContactString= 0
02-09 18:09:02.231 D/KeyguardViewMediator(27162): setHidden false
02-09 18:09:02.241 I/Mms     (27733): parseMmsAddress number=9137446943, length=10
02-09 18:09:02.241 D/KeyguardViewMediator(27162): setHidden false
02-09 18:09:02.251 D/Mms     (27733): formatTimeStampString1 ,when = 1328831785331
02-09 18:09:02.251 D/Mms     (27733): formatTimeStampString2 ,when = 1328831785331
02-09 18:09:02.251 D/MessageItem(27733): MessageItem ,expiryDate = 0
02-09 18:09:02.261 D/Mms     (27733): formatTimeStampString1 ,when = 1328831607682
02-09 18:09:02.261 D/Mms     (27733): formatTimeStampString2 ,when = 1328831607682
02-09 18:09:02.261 D/KeyguardViewMediator(27162): setHidden false
02-09 18:09:02.271 I/ContactsProvider(27282): query: content://com.android.contacts/data
02-09 18:09:02.271 E/ContactsProvider(27282): 101123 isCallerRegisterNeedSIMProc callerPid:27733, acorePid:27282
02-09 18:09:02.281 D/KeyguardViewMediator(27162): setHidden false
02-09 18:09:02.291 D/Mms:app (27733): mCmasCursor.getCount() =0
02-09 18:09:02.291 D/Mms:app (27733): in updateCmasNotifications--unreadCMASCursor.getCount() <= 0
02-09 18:09:02.291 I/ContactsProvider(27282): query: content://com.android.contacts/phone_lookup/9137446943
02-09 18:09:02.291 E/ContactsProvider(27282): 101123 isCallerRegisterNeedSIMProc callerPid:27733, acorePid:27282
02-09 18:09:02.301 D/KeyguardViewMediator(27162): setHidden false
02-09 18:09:02.301 I/ContactsProvider(27282): query isCallerRegistered= true
02-09 18:09:02.301 I/ContactsProvider(27282): query forOnlyOneContactString= 0
02-09 18:09:02.301 I/ContactsProvider(27282): query isCallerRegistered= true
02-09 18:09:02.301 I/ContactsProvider(27282): query forOnlyOneContactString= 0
02-09 18:09:02.311 I/ContactsProvider(27282): query: content://com.android.contacts/contacts/222/photo
02-09 18:09:02.311 E/ContactsProvider(27282): 101123 isCallerRegisterNeedSIMProc callerPid:27733, acorePid:27282
02-09 18:09:02.321 I/ContactsProvider(27282): query isCallerRegistered= true
02-09 18:09:02.321 I/ContactsProvider(27282): query forOnlyOneContactString= 0
02-09 18:09:02.321 D/KeyguardViewMediator(27162): setHidden false
02-09 18:09:02.341 D/KeyguardViewMediator(27162): setHidden false
02-09 18:09:02.361 I/Mms:app (27733): pengzhe updateDownloadFailedNotification getDownloadFailedMessageCount =0
02-09 18:09:02.371 D/KeyguardViewMediator(27162): setHidden false
02-09 18:09:02.381 D/Mms     (27733): formatTimeStampString1 ,when = 1328831457461
02-09 18:09:02.381 D/Mms     (27733): formatTimeStampString2 ,when = 1328831457461
02-09 18:09:02.391 D/KeyguardViewMediator(27162): setHidden false
02-09 18:09:02.391 D/MessageItem(27733): MessageItem ,expiryDate = 0
02-09 18:09:02.391 D/KeyguardViewMediator(27162): setHidden false
02-09 18:09:02.431 D/Mms     (27733): formatTimeStampString1 ,when = 1328831048091
02-09 18:09:02.431 D/Mms     (27733): formatTimeStampString2 ,when = 1328831048091
02-09 18:09:02.431 D/MessageItem(27733): MessageItem ,expiryDate = 0
02-09 18:09:02.451 I/ContactsProvider(27282): query: content://com.android.contacts/contacts/lookup/0r1-2AA02A902A942A922A8E2A8E2A982AA02A922A9E/1
02-09 18:09:02.451 E/ContactsProvider(27282): 101123 isCallerRegisterNeedSIMProc callerPid:27733, acorePid:27282
02-09 18:09:02.451 I/ContactsProvider(27282): query isCallerRegistered= true
02-09 18:09:02.451 I/ContactsProvider(27282): query forOnlyOneContactString= 0
02-09 18:09:02.471 I/ContactsProvider(27282): query: content://com.android.contacts/contacts/lookup/1459i70f44c610cdc0f1f/222
02-09 18:09:02.471 E/ContactsProvider(27282): 101123 isCallerRegisterNeedSIMProc callerPid:27733, acorePid:27282
02-09 18:09:02.471 I/ContactsProvider(27282): query isCallerRegistered= true
02-09 18:09:02.471 I/ContactsProvider(27282): query forOnlyOneContactString= 0
02-09 18:09:02.481 I/ContactsProvider(27282): query: content://com.android.contacts/data/0
02-09 18:09:02.481 E/ContactsProvider(27282): 101123 isCallerRegisterNeedSIMProc callerPid:27733, acorePid:27282
02-09 18:09:02.491 I/ContactsProvider(27282): query isCallerRegistered= true
02-09 18:09:02.491 I/ContactsProvider(27282): query forOnlyOneContactString= 0
02-09 18:09:02.491 I/ContactsProvider(27282): query: content://com.android.contacts/data/1546
02-09 18:09:02.491 E/ContactsProvider(27282): 101123 isCallerRegisterNeedSIMProc callerPid:27733, acorePid:27282
02-09 18:09:02.501 I/ContactsProvider(27282): query isCallerRegistered= true
02-09 18:09:02.501 I/ContactsProvider(27282): query forOnlyOneContactString= 0
02-09 18:09:03.722 W/KeyCharacterMap(27733): Can't open keycharmap file
02-09 18:09:03.722 W/KeyCharacterMap(27733): Error loading keycharmap file '/system/usr/keychars/synaptics-rmi4-ts.kcm.bin'. hw.keyboards.262146.devname='synaptics-rmi4-ts'
02-09 18:09:03.722 W/KeyCharacterMap(27733): Using default keymap: /system/usr/keychars/qwerty.kcm.bin
02-09 18:09:03.732 D/KeyguardViewMediator(27162): setHidden false
02-09 18:09:03.742 I/hubo    (27162): Activity {com.android.mms/com.android.mms.ui.ConversationList}
02-09 18:09:03.752 D/KeyguardViewMediator(27162): setHidden false
02-09 18:09:03.812 D/KeyguardViewMediator(27162): setHidden false
02-09 18:09:03.822 D/Mms:app (27733): mCmasCursor.getCount() =0
02-09 18:09:03.822 D/Mms:app (27733): in updateCmasNotifications--unreadCMASCursor.getCount() <= 0
02-09 18:09:03.852 I/Mms:app (27733): pengzhe updateDownloadFailedNotification getDownloadFailedMessageCount =0
02-09 18:09:03.862 D/KeyguardViewMediator(27162): setHidden false
02-09 18:09:03.862 E/wpa_supplicant(30784): ioctl[SIOCGIWSCAN]: 11
02-09 18:09:03.862 I/dun_service(  123): process rmnet event
02-09 18:09:03.862 I/dun_service(  123): Post event 4
02-09 18:09:03.872 I/dun_service(  123): received event: DUN_EVENT_RMNET_UP 
02-09 18:09:03.872 I/dun_service(  123): received event(DUN_EVENT_RMNET_UP) in state(DUN_STATE_USB_UNPLUG)
02-09 18:09:03.872 I/dun_service(  123): Ignoring the event DUN_EVENT_RMNET_UP in USB_UNPLUG_STATE
02-09 18:09:03.872 I/dun_service(  123): Moved to state(DUN_STATE_USB_UNPLUG)
02-09 18:09:03.892 D/KeyguardViewMediator(27162): setHidden false
02-09 18:09:03.902 D/MmsSmsProvider(27234): delete:URI_MATCHER.match(uri)=11
02-09 18:09:03.912 D/KeyguardViewMediator(27162): setHidden false
02-09 18:09:03.922 D/ConversationList(27733): unreadPresidentialCursor.getCount() =0
02-09 18:09:03.922 D/KeyguardViewMediator(27162): setHidden false
02-09 18:09:03.942 D/KeyguardViewMediator(27162): setHidden false
02-09 18:09:03.962 D/LockScreen(27162): intent.getAction=android.intent.action.presidential_cmas_alert_stop
02-09 18:09:03.962 D/LockScreen(27162): intent.getAction=android.intent.action.presidential_cmas_alert_stop
02-09 18:09:03.962 D/LockScreen(27162): intent.getAction=android.intent.action.presidential_cmas_alert_stop
02-09 18:09:03.962 D/LockScreen(27162): intent.getAction=android.intent.action.presidential_cmas_alert_stop
02-09 18:09:03.962 D/LockScreen(27162): intent.getAction=android.intent.action.presidential_cmas_alert_stop
02-09 18:09:03.962 D/LockScreen(27162): intent.getAction=android.intent.action.presidential_cmas_alert_stop
02-09 18:09:03.962 D/LockScreen(27162): intent.getAction=android.intent.action.presidential_cmas_alert_stop
02-09 18:09:03.962 D/LockScreen(27162): intent.getAction=android.intent.action.presidential_cmas_alert_stop
02-09 18:09:03.962 D/LockScreen(27162): intent.getAction=android.intent.action.presidential_cmas_alert_stop
02-09 18:09:03.962 D/LockScreen(27162): intent.getAction=android.intent.action.presidential_cmas_alert_stop
02-09 18:09:03.962 D/LockScreen(27162): intent.getAction=android.intent.action.presidential_cmas_alert_stop
02-09 18:09:03.962 D/LockScreen(27162): intent.getAction=android.intent.action.presidential_cmas_alert_stop
02-09 18:09:03.962 D/LockScreen(27162): intent.getAction=android.intent.action.presidential_cmas_alert_stop
02-09 18:09:03.962 D/LockScreen(27162): intent.getAction=android.intent.action.presidential_cmas_alert_stop
02-09 18:09:03.962 D/LockScreen(27162): intent.getAction=android.intent.action.presidential_cmas_alert_stop
02-09 18:09:03.962 D/LockScreen(27162): intent.getAction=android.intent.action.presidential_cmas_alert_stop
02-09 18:09:03.962 D/LockScreen(27162): intent.getAction=android.intent.action.presidential_cmas_alert_stop
02-09 18:09:03.962 D/LockScreen(27162): intent.getAction=android.intent.action.presidential_cmas_alert_stop
02-09 18:09:03.962 D/LockScreen(27162): intent.getAction=android.intent.action.presidential_cmas_alert_stop
02-09 18:09:03.962 D/LockScreen(27162): intent.getAction=android.intent.action.presidential_cmas_alert_stop
02-09 18:09:03.962 D/LockScreen(27162): intent.getAction=android.intent.action.presidential_cmas_alert_stop
02-09 18:09:03.962 D/LockScreen(27162): intent.getAction=android.intent.action.presidential_cmas_alert_stop
02-09 18:09:03.962 D/LockScreen(27162): intent.getAction=android.intent.action.presidential_cmas_alert_stop
02-09 18:09:03.962 D/LockScreen(27162): intent.getAction=android.intent.action.presidential_cmas_alert_stop
02-09 18:09:03.962 D/LockScreen(27162): intent.getAction=android.intent.action.presidential_cmas_alert_stop
02-09 18:09:03.962 D/LockScreen(27162): intent.getAction=android.intent.action.presidential_cmas_alert_stop
02-09 18:09:03.962 D/LockScreen(27162): intent.getAction=android.intent.action.presidential_cmas_alert_stop
02-09 18:09:03.962 D/LockScreen(27162): intent.getAction=android.intent.action.presidential_cmas_alert_stop
02-09 18:09:03.962 D/LockScreen(27162): intent.getAction=android.intent.action.presidential_cmas_alert_stop
02-09 18:09:03.962 D/LockScreen(27162): intent.getAction=android.intent.action.presidential_cmas_alert_stop
02-09 18:09:03.962 D/LockScreen(27162): intent.getAction=android.intent.action.presidential_cmas_alert_stop
02-09 18:09:03.962 D/LockScreen(27162): intent.getAction=android.intent.action.presidential_cmas_alert_stop
02-09 18:09:03.962 D/LockScreen(27162): intent.getAction=android.intent.action.presidential_cmas_alert_stop
02-09 18:09:03.962 D/LockScreen(27162): intent.getAction=android.intent.action.presidential_cmas_alert_stop
02-09 18:09:03.962 D/LockScreen(27162): intent.getAction=android.intent.action.presidential_cmas_alert_stop
02-09 18:09:03.962 D/LockScreen(27162): intent.getAction=android.intent.action.presidential_cmas_alert_stop
02-09 18:09:03.962 D/LockScreen(27162): intent.getAction=android.intent.action.presidential_cmas_alert_stop
02-09 18:09:03.962 D/LockScreen(27162): intent.getAction=android.intent.action.presidential_cmas_alert_stop
02-09 18:09:03.962 D/LockScreen(27162): intent.getAction=android.intent.action.presidential_cmas_alert_stop
02-09 18:09:03.962 D/LockScreen(27162): intent.getAction=android.intent.action.presidential_cmas_alert_stop
02-09 18:09:03.962 D/LockScreen(27162): intent.getAction=android.intent.action.presidential_cmas_alert_stop
02-09 18:09:03.962 D/LockScreen(27162): intent.getAction=android.intent.action.presidential_cmas_alert_stop
02-09 18:09:03.962 D/LockScreen(27162): intent.getAction=android.intent.action.presidential_cmas_alert_stop
02-09 18:09:03.962 D/LockScreen(27162): intent.getAction=android.intent.action.presidential_cmas_alert_stop
02-09 18:09:03.962 D/LockScreen(27162): intent.getAction=android.intent.action.presidential_cmas_alert_stop
02-09 18:09:03.962 D/LockScreen(27162): intent.getAction=android.intent.action.presidential_cmas_alert_stop
02-09 18:09:03.962 D/LockScreen(27162): intent.getAction=android.intent.action.presidential_cmas_alert_stop
02-09 18:09:03.962 D/LockScreen(27162): intent.getAction=android.intent.action.presidential_cmas_alert_stop
02-09 18:09:03.962 D/LockScreen(27162): intent.getAction=android.intent.action.presidential_cmas_alert_stop
02-09 18:09:03.962 D/LockScreen(27162): intent.getAction=android.intent.action.presidential_cmas_alert_stop
02-09 18:09:03.962 D/LockScreen(27162): intent.getAction=android.intent.action.presidential_cmas_alert_stop
02-09 18:09:03.962 D/LockScreen(27162): intent.getAction=android.intent.action.presidential_cmas_alert_stop
02-09 18:09:03.962 D/LockScreen(27162): intent.getAction=android.intent.action.presidential_cmas_alert_stop
02-09 18:09:03.962 D/LockScreen(27162): intent.getAction=android.intent.action.presidential_cmas_alert_stop
02-09 18:09:03.962 D/LockScreen(27162): intent.getAction=android.intent.action.presidential_cmas_alert_stop
02-09 18:09:03.962 D/LockScreen(27162): intent.getAction=android.intent.action.presidential_cmas_alert_stop
02-09 18:09:03.962 D/LockScreen(27162): intent.getAction=android.intent.action.presidential_cmas_alert_stop
02-09 18:09:03.962 D/LockScreen(27162): intent.getAction=android.intent.action.presidential_cmas_alert_stop
02-09 18:09:03.962 D/LockScreen(27162): intent.getAction=android.intent.action.presidential_cmas_alert_stop
02-09 18:09:03.962 D/LockScreen(27162): intent.getAction=android.intent.action.presidential_cmas_alert_stop
02-09 18:09:03.962 D/LockScreen(27162): intent.getAction=android.intent.action.presidential_cmas_alert_stop
02-09 18:09:03.962 D/LockScreen(27162): intent.getAction=android.intent.action.presidential_cmas_alert_stop
02-09 18:09:03.962 D/LockScreen(27162): intent.getAction=android.intent.action.presidential_cmas_alert_stop
02-09 18:09:03.962 D/LockScreen(27162): intent.getAction=android.intent.action.presidential_cmas_alert_stop
02-09 18:09:03.962 D/LockScreen(27162): intent.getAction=android.intent.action.presidential_cmas_alert_stop
02-09 18:09:03.962 D/LockScreen(27162): intent.getAction=android.intent.action.presidential_cmas_alert_stop
02-09 18:09:03.962 D/LockScreen(27162): intent.getAction=android.intent.action.presidential_cmas_alert_stop
02-09 18:09:03.962 D/LockScreen(27162): intent.getAction=android.intent.action.presidential_cmas_alert_stop
02-09 18:09:03.962 D/LockScreen(27162): intent.getAction=android.intent.action.presidential_cmas_alert_stop
02-09 18:09:03.962 D/LockScreen(27162): intent.getAction=android.intent.action.presidential_cmas_alert_stop
02-09 18:09:03.962 D/LockScreen(27162): intent.getAction=android.intent.action.presidential_cmas_alert_stop
02-09 18:09:03.962 D/LockScreen(27162): intent.getAction=android.intent.action.presidential_cmas_alert_stop
02-09 18:09:03.962 D/LockScreen(27162): intent.getAction=android.intent.action.presidential_cmas_alert_stop
02-09 18:09:03.962 D/LockScreen(27162): intent.getAction=android.intent.action.presidential_cmas_alert_stop
02-09 18:09:03.962 D/LockScreen(27162): intent.getAction=android.intent.action.presidential_cmas_alert_stop
02-09 18:09:03.962 D/LockScreen(27162): intent.getAction=android.intent.action.presidential_cmas_alert_stop
02-09 18:09:03.962 D/LockScreen(27162): intent.getAction=android.intent.action.presidential_cmas_alert_stop
02-09 18:09:03.962 D/LockScreen(27162): intent.getAction=android.intent.action.presidential_cmas_alert_stop
02-09 18:09:03.962 D/LockScreen(27162): intent.getAction=android.intent.action.presidential_cmas_alert_stop
02-09 18:09:03.962 D/LockScreen(27162): intent.getAction=android.intent.action.presidential_cmas_alert_stop
02-09 18:09:03.962 D/LockScreen(27162): intent.getAction=android.intent.action.presidential_cmas_alert_stop
02-09 18:09:03.962 D/LockScreen(27162): intent.getAction=android.intent.action.presidential_cmas_alert_stop
02-09 18:09:03.962 D/LockScreen(27162): intent.getAction=android.intent.action.presidential_cmas_alert_stop
02-09 18:09:03.962 D/LockScreen(27162): intent.getAction=android.intent.action.presidential_cmas_alert_stop
02-09 18:09:03.962 D/LockScreen(27162): intent.getAction=android.intent.action.presidential_cmas_alert_stop
02-09 18:09:03.962 D/LockScreen(27162): intent.getAction=android.intent.action.presidential_cmas_alert_stop
02-09 18:09:03.962 D/LockScreen(27162): intent.getAction=android.intent.action.presidential_cmas_alert_stop
02-09 18:09:03.962 D/LockScreen(27162): intent.getAction=android.intent.action.presidential_cmas_alert_stop
02-09 18:09:03.962 D/LockScreen(27162): intent.getAction=android.intent.action.presidential_cmas_alert_stop
02-09 18:09:03.962 D/LockScreen(27162): intent.getAction=android.intent.action.presidential_cmas_alert_stop
02-09 18:09:03.962 D/LockScreen(27162): intent.getAction=android.intent.action.presidential_cmas_alert_stop
02-09 18:09:03.962 D/LockScreen(27162): intent.getAction=android.intent.action.presidential_cmas_alert_stop
02-09 18:09:03.962 D/LockScreen(27162): intent.getAction=android.intent.action.presidential_cmas_alert_stop
02-09 18:09:03.962 D/LockScreen(27162): intent.getAction=android.intent.action.presidential_cmas_alert_stop
02-09 18:09:03.962 D/LockScreen(27162): intent.getAction=android.intent.action.presidential_cmas_alert_stop
02-09 18:09:03.962 D/LockScreen(27162): intent.getAction=android.intent.action.presidential_cmas_alert_stop
02-09 18:09:03.962 D/LockScreen(27162): intent.getAction=android.intent.action.presidential_cmas_alert_stop
02-09 18:09:03.962 D/LockScreen(27162): intent.getAction=android.intent.action.presidential_cmas_alert_stop
02-09 18:09:03.962 D/LockScreen(27162): intent.getAction=android.intent.action.presidential_cmas_alert_stop
02-09 18:09:03.962 D/LockScreen(27162): intent.getAction=android.intent.action.presidential_cmas_alert_stop
02-09 18:09:03.962 D/LockScreen(27162): intent.getAction=android.intent.action.presidential_cmas_alert_stop
02-09 18:09:03.962 D/LockScreen(27162): intent.getAction=android.intent.action.presidential_cmas_alert_stop
02-09 18:09:03.973 D/KeyguardViewMediator(27162): setHidden false
02-09 18:09:03.973 D/LockScreen(27162): intent.getAction=android.intent.action.presidential_cmas_alert_stop
02-09 18:09:03.973 D/LockScreen(27162): intent.getAction=android.intent.action.presidential_cmas_alert_stop
02-09 18:09:03.973 D/LockScreen(27162): intent.getAction=android.intent.action.presidential_cmas_alert_stop
02-09 18:09:03.973 D/LockScreen(27162): intent.getAction=android.intent.action.presidential_cmas_alert_stop
02-09 18:09:03.973 D/LockScreen(27162): intent.getAction=android.intent.action.presidential_cmas_alert_stop
02-09 18:09:03.973 D/LockScreen(27162): intent.getAction=android.intent.action.presidential_cmas_alert_stop
02-09 18:09:03.973 D/LockScreen(27162): intent.getAction=android.intent.action.presidential_cmas_alert_stop
02-09 18:09:03.973 D/LockScreen(27162): intent.getAction=android.intent.action.presidential_cmas_alert_stop
02-09 18:09:03.973 D/LockScreen(27162): intent.getAction=android.intent.action.presidential_cmas_alert_stop
02-09 18:09:03.973 D/LockScreen(27162): intent.getAction=android.intent.action.presidential_cmas_alert_stop
02-09 18:09:03.973 D/LockScreen(27162): intent.getAction=android.intent.action.presidential_cmas_alert_stop
02-09 18:09:03.973 D/LockScreen(27162): intent.getAction=android.intent.action.presidential_cmas_alert_stop
02-09 18:09:03.983 D/LockScreen(27162): intent.getAction=android.intent.action.presidential_cmas_alert_stop
02-09 18:09:03.983 D/LockScreen(27162): intent.getAction=android.intent.action.presidential_cmas_alert_stop
02-09 18:09:03.983 D/LockScreen(27162): intent.getAction=android.intent.action.presidential_cmas_alert_stop
02-09 18:09:03.983 D/LockScreen(27162): intent.getAction=android.intent.action.presidential_cmas_alert_stop
02-09 18:09:03.983 D/LockScreen(27162): intent.getAction=android.intent.action.presidential_cmas_alert_stop
02-09 18:09:03.983 D/LockScreen(27162): intent.getAction=android.intent.action.presidential_cmas_alert_stop
02-09 18:09:03.983 D/LockScreen(27162): intent.getAction=android.intent.action.presidential_cmas_alert_stop
02-09 18:09:03.983 D/LockScreen(27162): intent.getAction=android.intent.action.presidential_cmas_alert_stop
02-09 18:09:03.993 D/KeyguardViewMediator(27162): setHidden false
02-09 18:09:04.033 I/Mms:app (27733): pengzhe updateDownloadFailedNotification getDownloadFailedMessageCount =0
02-09 18:09:04.063 D/KeyguardViewMediator(27162): setHidden false
02-09 18:09:04.073 D/Mms     (27733): [1] Conversation get() RECIPIENT==: 3
02-09 18:09:04.073 D/Mms     (27733): [1] Conversation get() DATE==: 1328830240261
02-09 18:09:04.083 I/Mms     (27733): parseMmsAddress number=9136084351, length=10
02-09 18:09:04.083 I/ContactsProvider(27282): query: content://com.android.contacts/data
02-09 18:09:04.083 E/ContactsProvider(27282): 101123 isCallerRegisterNeedSIMProc callerPid:27733, acorePid:27282
02-09 18:09:04.083 I/ContactsProvider(27282): query isCallerRegistered= true
02-09 18:09:04.083 I/ContactsProvider(27282): query forOnlyOneContactString= 0
02-09 18:09:04.083 D/Mms     (27733): formatTimeStampString1 ,when = 1328830240261
02-09 18:09:04.093 D/Mms     (27733): formatTimeStampString2 ,when = 1328830240261
02-09 18:09:04.093 D/ConversationListItem(27733): bind: contacts.getDate 5:30PM
02-09 18:09:04.103 I/ContactsProvider(27282): query: content://com.android.contacts/contacts/176/photo
02-09 18:09:04.103 E/ContactsProvider(27282): 101123 isCallerRegisterNeedSIMProc callerPid:27733, acorePid:27282
02-09 18:09:04.103 I/ContactsProvider(27282): query isCallerRegistered= true
02-09 18:09:04.103 I/ContactsProvider(27282): query forOnlyOneContactString= 0
02-09 18:09:04.113 D/ConversationListItem(27733): updateAvatarView(),address =false
02-09 18:09:04.113 D/Mms     (27733): [1] Conversation get() RECIPIENT==: 2
02-09 18:09:04.113 D/Mms     (27733): [1] Conversation get() DATE==: 1328743693580
02-09 18:09:04.113 I/Mms     (27733): parseMmsAddress number=9132300412, length=10
02-09 18:09:04.123 I/ContactsProvider(27282): query: content://com.android.contacts/data
02-09 18:09:04.123 E/ContactsProvider(27282): 101123 isCallerRegisterNeedSIMProc callerPid:27733, acorePid:27282
02-09 18:09:04.123 I/ContactsProvider(27282): query isCallerRegistered= true
02-09 18:09:04.123 I/ContactsProvider(27282): query forOnlyOneContactString= 0
02-09 18:09:04.123 D/Mms     (27733): formatTimeStampString1 ,when = 1328743693580
02-09 18:09:04.123 D/Mms     (27733): formatTimeStampString2 ,when = 1328743693580
02-09 18:09:04.133 I/ContactsProvider(27282): query: content://com.android.contacts/contacts/164/photo
02-09 18:09:04.133 E/ContactsProvider(27282): 101123 isCallerRegisterNeedSIMProc callerPid:27733, acorePid:27282
02-09 18:09:04.133 I/ContactsProvider(27282): query isCallerRegistered= true
02-09 18:09:04.133 I/ContactsProvider(27282): query forOnlyOneContactString= 0
02-09 18:09:04.143 D/ConversationListItem(27733): bind: contacts.getDate Feb 8
02-09 18:09:04.143 D/ConversationListItem(27733): updateAvatarView(),address =false
02-09 18:09:04.153 D/Mms     (27733): [1] Conversation get() RECIPIENT==: 1
02-09 18:09:04.153 D/Mms     (27733): [1] Conversation get() DATE==: 1328831828000
02-09 18:09:04.153 I/Mms     (27733): parseMmsAddress number=9137446943, length=10
02-09 18:09:04.153 I/ContactsProvider(27282): query: content://com.android.contacts/data
02-09 18:09:04.153 E/ContactsProvider(27282): 101123 isCallerRegisterNeedSIMProc callerPid:27733, acorePid:27282
02-09 18:09:04.153 I/ContactsProvider(27282): query isCallerRegistered= true
02-09 18:09:04.153 I/ContactsProvider(27282): query forOnlyOneContactString= 0
02-09 18:09:04.163 I/ContactsProvider(27282): query: content://com.android.contacts/contacts/222/photo
02-09 18:09:04.163 E/ContactsProvider(27282): 101123 isCallerRegisterNeedSIMProc callerPid:27733, acorePid:27282
02-09 18:09:04.163 I/ContactsProvider(27282): query isCallerRegistered= true
02-09 18:09:04.163 I/ContactsProvider(27282): query forOnlyOneContactString= 0
02-09 18:09:04.173 D/Mms     (27733): formatTimeStampString1 ,when = 1328831828000
02-09 18:09:04.173 D/Mms     (27733): formatTimeStampString2 ,when = 1328831828000
02-09 18:09:04.173 D/ConversationListItem(27733): bind: contacts.getDate 5:57PM
02-09 18:09:04.173 D/ConversationListItem(27733): updateAvatarView(),address =false
02-09 18:09:04.223 D/KeyguardViewMediator(27162): setHidden false
02-09 18:09:04.243 D/KeyguardViewMediator(27162): setHidden false
02-09 18:09:04.593 D/AlarmManager(27162): +++Alarm set:type=2 com.google.android.apps.maps  Trigger after:1405395ms
02-09 18:09:05.304 D/CdmaCellLocation( 4576): [LPZ-GPS]mUseNetworkwireless=false
02-09 18:09:05.304 D/CdmaCellLocation( 4576): [LPZ-GPS]BSId=-1
02-09 18:09:05.304 D/CdmaCellLocation( 4576): [LPZ-GPS]BSLAT=2147483647
02-09 18:09:05.304 D/CdmaCellLocation( 4576): [LPZ-GPS]BSLONG=2147483647
02-09 18:09:05.304 D/CdmaCellLocation( 4576): [LPZ-GPS]SystemId=-1
02-09 18:09:05.304 D/CdmaCellLocation( 4576): [LPZ-GPS]NetworkId=-1
02-09 18:09:05.324 D/AlarmManager(27162): +++Alarm set:type=2 com.google.android.apps.maps  Trigger after:-10326577ms
02-09 18:09:05.324 W/AlarmManager(27162): +++Alarm  wakeup phone ,pkg=com.google.android.apps.maps
02-09 18:09:05.324 W/AlarmManager(27162): +++alarm onSendFinished ,action=com.google.android.location.ALARM_WAKEUP_CACHE_UPDATER
02-09 18:09:05.354 D/KeyguardViewMediator(27162): setHidden false
02-09 18:09:05.354 I/hubo    (27162): Activity {com.android.mms/com.android.mms.ui.ComposeMessageActivity}
02-09 18:09:05.444 D/Mms     (27733): [1] Conversation get() RECIPIENT==: 3
02-09 18:09:05.444 D/Mms     (27733): [1] Conversation get() DATE==: 1328830240261
02-09 18:09:05.444 I/Mms     (27733): parseMmsAddress number=9136084351, length=10
02-09 18:09:05.444 I/ContactsProvider(27282): query: content://com.android.contacts/data
02-09 18:09:05.444 E/ContactsProvider(27282): 101123 isCallerRegisterNeedSIMProc callerPid:27733, acorePid:27282
02-09 18:09:05.454 I/ContactsProvider(27282): query isCallerRegistered= true
02-09 18:09:05.454 I/ContactsProvider(27282): query forOnlyOneContactString= 0
02-09 18:09:05.454 I/ContactsProvider(27282): query: content://com.android.contacts/contacts/176/photo
02-09 18:09:05.454 E/ContactsProvider(27282): 101123 isCallerRegisterNeedSIMProc callerPid:27733, acorePid:27282
02-09 18:09:05.464 I/ContactsProvider(27282): query isCallerRegistered= true
02-09 18:09:05.464 I/ContactsProvider(27282): query forOnlyOneContactString= 0
02-09 18:09:05.484 E/wpa_supplicant(30784): Ongoing Scan action...
02-09 18:09:05.484 D/AlarmManager(27162): +++Alarm set:type=2 com.google.android.apps.maps  Trigger after:4998ms
02-09 18:09:05.604 D/Mms/compose(27733): dxf:initCcAndBcc enter 
02-09 18:09:05.604 D/Mms/compose(27733): dxf:initCcAndBcc  mConversation.getCcRecipients()=[]
02-09 18:09:05.604 D/Mms/compose(27733): dxf:initCcAndBcc exit 
02-09 18:09:05.604 I/Mms/compose(27733): SLIDESHOW updateSendButtonState enable = true
02-09 18:09:05.604 I/Mms/compose(27733): SLIDESHOW setSendButtonText isMms = false
02-09 18:09:05.604 I/Mms/compose(27733): SLIDESHOW setSendButtonText isMms = false
02-09 18:09:05.604 I/Mms/compose(27733): drawBottomPanel, inputmethod
02-09 18:09:05.604 D/Mms/compose(27733): lyftest updateOtherAttachmentView
02-09 18:09:05.604 I/Mms/compose(27733): SLIDESHOW updateSendButtonState enable = true
02-09 18:09:05.614 I/Mms/compose(27733): SLIDESHOW setSendButtonText isMms = false
02-09 18:09:05.614 I/Mms/compose(27733): SLIDESHOW setSendButtonText isMms = false
02-09 18:09:05.624 I/Mms/compose(27733): SLIDESHOW setSendButtonText isMms = false
02-09 18:09:05.624 I/Mms/compose(27733): drawBottomPanel, inputmethod
02-09 18:09:05.624 D/Mms/compose(27733): lyftest updateOtherAttachmentView
02-09 18:09:05.624 I/Mms/compose(27733): SLIDESHOW updateSendButtonState enable = true
02-09 18:09:05.624 I/Mms/compose(27733): SLIDESHOW setSendButtonText isMms = false
02-09 18:09:05.634 I/Mms/compose(27733): SLIDESHOW setSendButtonText isMms = false
02-09 18:09:05.634 E/Mms/compose(27733): In loadMessageContent() after drawBottomPanel()
02-09 18:09:05.644 D/PhoneApp(27234): updateProximitySensorMode: state = IDLE
02-09 18:09:05.654 D/PhoneApp(27234): updateProximitySensorMode: lock already released.
02-09 18:09:05.674 D/KeyguardViewMediator(27162): setHidden false
02-09 18:09:05.694 D/KeyguardViewMediator(27162): setHidden false
02-09 18:09:05.724 D/KeyguardViewMediator(27162): setHidden false
02-09 18:09:05.724 D/KeyguardViewMediator(27162): setHidden false
02-09 18:09:05.734 D/KeyguardViewMediator(27162): setHidden false
02-09 18:09:05.734 I/ActivityManager(27162): Displayed com.android.mms/.ui.ComposeMessageActivity: +389ms
02-09 18:09:05.734 D/KeyguardViewMediator(27162): setHidden false
02-09 18:09:05.744 D/KeyguardViewMediator(27162): setHidden false
02-09 18:09:05.764 D/KeyguardViewMediator(27162): setHidden false
02-09 18:09:05.774 D/KeyguardViewMediator(27162): setHidden false
02-09 18:09:05.784 D/KeyguardViewMediator(27162): setHidden false
02-09 18:09:05.804 D/KeyguardViewMediator(27162): setHidden false
02-09 18:09:05.814 D/KeyguardViewMediator(27162): setHidden false
02-09 18:09:05.824 D/KeyguardViewMediator(27162): setHidden false
02-09 18:09:05.834 E/wpa_supplicant(30784): ioctl[SIOCGIWSCAN]: 11
02-09 18:09:05.834 I/dun_service(  123): process rmnet event
02-09 18:09:05.834 I/dun_service(  123): Post event 4
02-09 18:09:05.834 I/dun_service(  123): received event: DUN_EVENT_RMNET_UP 
02-09 18:09:05.834 I/dun_service(  123): received event(DUN_EVENT_RMNET_UP) in state(DUN_STATE_USB_UNPLUG)
02-09 18:09:05.834 I/dun_service(  123): Ignoring the event DUN_EVENT_RMNET_UP in USB_UNPLUG_STATE
02-09 18:09:05.834 I/dun_service(  123): Moved to state(DUN_STATE_USB_UNPLUG)
02-09 18:09:05.834 D/Mms     (27733): formatTimeStampString1 ,when = 1328830240261
02-09 18:09:05.834 D/Mms     (27733): formatTimeStampString2 ,when = 1328830240261
02-09 18:09:05.834 D/MessageItem(27733): MessageItem ,expiryDate = 0
02-09 18:09:05.844 I/ContactsProvider(27282): query: content://com.android.contacts/phone_lookup/9136084351
