02-09 18:07:07.452 D/MobileDataStateTracker(27162): [mms]  intent.getAction()= android.intent.action.ANY_DATA_STATE
02-09 18:07:07.452 D/MobileDataStateTracker(27162): [mms]  mEnabled = false
02-09 18:07:07.452 D/MobileDataStateTracker(27162): [mms]  apnTypeList = mms
02-09 18:07:07.452 D/MobileDataStateTracker(27162): [mms]  unavailable = false
02-09 18:07:07.452 D/MobileDataStateTracker(27162): [mms] Do not process intents if disabled.
02-09 18:07:07.452 D/MobileDataStateTracker(27162): [default]  MobileDataStateReceiver onReceive(): Entry.
02-09 18:07:07.452 D/MobileDataStateTracker(27162): [default]  intent.getAction()= android.intent.action.ANY_DATA_STATE
02-09 18:07:07.452 D/MobileDataStateTracker(27162): [default]  mEnabled = true
02-09 18:07:07.452 D/MobileDataStateTracker(27162): [default]  apnTypeList = mms
02-09 18:07:07.452 D/MobileDataStateTracker(27162): [default]  unavailable = false
02-09 18:07:07.452 D/MobileDataStateTracker(27162): [default] not what we are looking for.
02-09 18:07:07.452 D/MobileDataStateTracker(27162): [hipri]  MobileDataStateReceiver onReceive(): Entry.
02-09 18:07:07.452 D/MobileDataStateTracker(27162): [hipri]  intent.getAction()= android.intent.action.ANY_DATA_STATE
02-09 18:07:07.452 D/MobileDataStateTracker(27162): [hipri]  mEnabled = false
02-09 18:07:07.472 D/CdmaCellLocation( 2881): [LPZ-GPS]mUseNetworkwireless=false
02-09 18:07:07.472 D/CdmaCellLocation( 2881): [LPZ-GPS]BSId=-1
02-09 18:07:07.472 D/CdmaCellLocation( 2881): [LPZ-GPS]BSLAT=2147483647
02-09 18:07:07.472 D/CdmaCellLocation( 2881): [LPZ-GPS]BSLONG=2147483647
02-09 18:07:07.472 D/CdmaCellLocation( 2881): [LPZ-GPS]SystemId=-1
02-09 18:07:07.472 D/CdmaCellLocation( 2881): [LPZ-GPS]NetworkId=-1
02-09 18:07:07.472 D/MobileDataStateTracker(27162): [hipri]  apnTypeList = mms
02-09 18:07:07.472 D/MobileDataStateTracker(27162): [hipri]  unavailable = false
02-09 18:07:07.472 D/MobileDataStateTracker(27162): [hipri] Do not process intents if disabled.
02-09 18:07:07.472 D/MobileDataStateTracker(27162): [dun]  MobileDataStateReceiver onReceive(): Entry.
02-09 18:07:07.472 D/MobileDataStateTracker(27162): [dun]  intent.getAction()= android.intent.action.ANY_DATA_STATE
02-09 18:07:07.472 D/MobileDataStateTracker(27162): [dun]  mEnabled = false
02-09 18:07:07.482 D/MobileDataStateTracker(27162): [dun]  apnTypeList = mms
02-09 18:07:07.482 D/MobileDataStateTracker(27162): [dun]  unavailable = false
02-09 18:07:07.482 D/MobileDataStateTracker(27162): [dun] Do not process intents if disabled.
02-09 18:07:07.482 D/MobileDataStateTracker(27162): [supl]  MobileDataStateReceiver onReceive(): Entry.
02-09 18:07:07.482 D/MobileDataStateTracker(27162): [supl]  intent.getAction()= android.intent.action.ANY_DATA_STATE
02-09 18:07:07.482 D/MobileDataStateTracker(27162): [supl]  mEnabled = false
02-09 18:07:07.482 D/MobileDataStateTracker(27162): [supl]  apnTypeList = mms
02-09 18:07:07.482 D/MobileDataStateTracker(27162): [supl]  unavailable = false
02-09 18:07:07.482 D/MobileDataStateTracker(27162): [supl] Do not process intents if disabled.
02-09 18:07:07.482 D/MobileDataStateTracker(27162): [mms]  MobileDataStateReceiver onReceive(): Entry.
02-09 18:07:07.482 D/MobileDataStateTracker(27162): [mms]  intent.getAction()= android.intent.action.ANY_DATA_STATE
02-09 18:07:07.482 D/MobileDataStateTracker(27162): [mms]  mEnabled = false
02-09 18:07:07.482 D/MobileDataStateTracker(27162): [mms]  apnTypeList = mms
02-09 18:07:07.482 D/MobileDataStateTracker(27162): [mms]  unavailable = false
02-09 18:07:07.482 D/MobileDataStateTracker(27162): [mms] Do not process intents if disabled.
02-09 18:07:07.482 D/MobileDataStateTracker(27162): [default]  MobileDataStateReceiver onReceive(): Entry.
02-09 18:07:07.482 D/MobileDataStateTracker(27162): [default]  intent.getAction()= android.intent.action.ANY_DATA_STATE
02-09 18:07:07.482 D/MobileDataStateTracker(27162): [default]  mEnabled = true
02-09 18:07:07.492 D/MobileDataStateTracker(27162): [default]  apnTypeList = mms
02-09 18:07:07.492 D/MobileDataStateTracker(27162): [default]  unavailable = false
02-09 18:07:07.492 D/MobileDataStateTracker(27162): [default] not what we are looking for.
02-09 18:07:07.492 D/MobileDataStateTracker(27162): [hipri]  MobileDataStateReceiver onReceive(): Entry.
02-09 18:07:07.492 D/MobileDataStateTracker(27162): [hipri]  intent.getAction()= android.intent.action.ANY_DATA_STATE
02-09 18:07:07.492 D/MobileDataStateTracker(27162): [hipri]  mEnabled = false
02-09 18:07:07.492 D/MobileDataStateTracker(27162): [hipri]  apnTypeList = supl
02-09 18:07:07.492 D/MobileDataStateTracker(27162): [hipri]  unavailable = false
02-09 18:07:07.492 D/MobileDataStateTracker(27162): [hipri] Do not process intents if disabled.
02-09 18:07:07.492 D/MobileDataStateTracker(27162): [dun]  MobileDataStateReceiver onReceive(): Entry.
02-09 18:07:07.492 D/MobileDataStateTracker(27162): [dun]  intent.getAction()= android.intent.action.ANY_DATA_STATE
02-09 18:07:07.492 D/MobileDataStateTracker(27162): [dun]  mEnabled = false
02-09 18:07:07.492 D/MobileDataStateTracker(27162): [dun]  apnTypeList = supl
02-09 18:07:07.492 D/MobileDataStateTracker(27162): [dun]  unavailable = false
02-09 18:07:07.492 D/MobileDataStateTracker(27162): [dun] Do not process intents if disabled.
02-09 18:07:07.492 D/MobileDataStateTracker(27162): [supl]  MobileDataStateReceiver onReceive(): Entry.
02-09 18:07:07.492 D/MobileDataStateTracker(27162): [supl]  intent.getAction()= android.intent.action.ANY_DATA_STATE
02-09 18:07:07.492 D/MobileDataStateTracker(27162): [supl]  mEnabled = false
02-09 18:07:07.492 D/MobileDataStateTracker(27162): [supl]  apnTypeList = supl
02-09 18:07:07.492 D/MobileDataStateTracker(27162): [supl]  unavailable = false
02-09 18:07:07.492 D/MobileDataStateTracker(27162): [supl] Do not process intents if disabled.
02-09 18:07:07.492 D/MobileDataStateTracker(27162): [mms]  MobileDataStateReceiver onReceive(): Entry.
02-09 18:07:07.492 D/MobileDataStateTracker(27162): [mms]  intent.getAction()= android.intent.action.ANY_DATA_STATE
02-09 18:07:07.492 D/MobileDataStateTracker(27162): [mms]  mEnabled = false
02-09 18:07:07.502 D/MobileDataStateTracker(27162): [mms]  apnTypeList = supl
02-09 18:07:07.502 D/MobileDataStateTracker(27162): [mms]  unavailable = false
02-09 18:07:07.502 D/MobileDataStateTracker(27162): [mms] Do not process intents if disabled.
02-09 18:07:07.502 D/MobileDataStateTracker(27162): [default]  MobileDataStateReceiver onReceive(): Entry.
02-09 18:07:07.502 D/MobileDataStateTracker(27162): [default]  intent.getAction()= android.intent.action.ANY_DATA_STATE
02-09 18:07:07.502 D/MobileDataStateTracker(27162): [default]  mEnabled = true
02-09 18:07:07.502 D/MobileDataStateTracker(27162): [default]  apnTypeList = supl
02-09 18:07:07.502 D/MobileDataStateTracker(27162): [default]  unavailable = false
02-09 18:07:07.502 D/MobileDataStateTracker(27162): [default] not what we are looking for.
02-09 18:07:07.502 D/MobileDataStateTracker(27162): [hipri]  MobileDataStateReceiver onReceive(): Entry.
02-09 18:07:07.502 D/MobileDataStateTracker(27162): [hipri]  intent.getAction()= android.intent.action.ANY_DATA_STATE
02-09 18:07:07.502 D/MobileDataStateTracker(27162): [hipri]  mEnabled = false
02-09 18:07:07.502 D/MobileDataStateTracker(27162): [hipri]  apnTypeList = supl
02-09 18:07:07.502 D/MobileDataStateTracker(27162): [hipri]  unavailable = false
02-09 18:07:07.502 D/MobileDataStateTracker(27162): [hipri] Do not process intents if disabled.
02-09 18:07:07.502 D/MobileDataStateTracker(27162): [dun]  MobileDataStateReceiver onReceive(): Entry.
02-09 18:07:07.502 D/MobileDataStateTracker(27162): [dun]  intent.getAction()= android.intent.action.ANY_DATA_STATE
02-09 18:07:07.502 D/MobileDataStateTracker(27162): [dun]  mEnabled = false
02-09 18:07:07.502 D/MobileDataStateTracker(27162): [dun]  apnTypeList = supl
02-09 18:07:07.502 D/MobileDataStateTracker(27162): [dun]  unavailable = false
02-09 18:07:07.502 D/MobileDataStateTracker(27162): [dun] Do not process intents if disabled.
02-09 18:07:07.502 D/MobileDataStateTracker(27162): [supl]  MobileDataStateReceiver onReceive(): Entry.
02-09 18:07:07.502 D/MobileDataStateTracker(27162): [supl]  intent.getAction()= android.intent.action.ANY_DATA_STATE
02-09 18:07:07.502 D/MobileDataStateTracker(27162): [supl]  mEnabled = false
02-09 18:07:07.502 D/MobileDataStateTracker(27162): [supl]  apnTypeList = supl
02-09 18:07:07.502 D/MobileDataStateTracker(27162): [supl]  unavailable = false
02-09 18:07:07.502 D/MobileDataStateTracker(27162): [supl] Do not process intents if disabled.
02-09 18:07:07.502 D/MobileDataStateTracker(27162): [mms]  MobileDataStateReceiver onReceive(): Entry.
02-09 18:07:07.502 D/MobileDataStateTracker(27162): [mms]  intent.getAction()= android.intent.action.ANY_DATA_STATE
02-09 18:07:07.502 D/MobileDataStateTracker(27162): [mms]  mEnabled = false
02-09 18:07:07.623 D/MobileDataStateTracker(27162): [mms]  apnTypeList = supl
02-09 18:07:07.623 D/MobileDataStateTracker(27162): [mms]  unavailable = false
02-09 18:07:07.623 D/MobileDataStateTracker(27162): [mms] Do not process intents if disabled.
02-09 18:07:07.623 D/MobileDataStateTracker(27162): [default]  MobileDataStateReceiver onReceive(): Entry.
02-09 18:07:07.623 D/MobileDataStateTracker(27162): [default]  intent.getAction()= android.intent.action.ANY_DATA_STATE
02-09 18:07:07.623 D/MobileDataStateTracker(27162): [default]  mEnabled = true
02-09 18:07:07.623 D/WifiStateTracker(27162): Disabling interface
02-09 18:07:07.633 D/MobileDataStateTracker(27162): [default]  apnTypeList = supl
02-09 18:07:07.633 D/MobileDataStateTracker(27162): [default]  unavailable = false
02-09 18:07:07.633 D/MobileDataStateTracker(27162): [default] not what we are looking for.
02-09 18:07:07.633 D/MobileDataStateTracker(27162): [hipri]  MobileDataStateReceiver onReceive(): Entry.
02-09 18:07:07.633 D/MobileDataStateTracker(27162): [hipri]  intent.getAction()= android.intent.action.ANY_DATA_STATE
02-09 18:07:07.633 D/MobileDataStateTracker(27162): [hipri]  mEnabled = false
02-09 18:07:07.633 D/MobileDataStateTracker(27162): [hipri]  apnTypeList = dun
02-09 18:07:07.633 D/MobileDataStateTracker(27162): [hipri]  unavailable = false
02-09 18:07:07.633 D/MobileDataStateTracker(27162): [hipri] Do not process intents if disabled.
02-09 18:07:07.633 D/MobileDataStateTracker(27162): [dun]  MobileDataStateReceiver onReceive(): Entry.
02-09 18:07:07.633 D/MobileDataStateTracker(27162): [dun]  intent.getAction()= android.intent.action.ANY_DATA_STATE
02-09 18:07:07.633 D/MobileDataStateTracker(27162): [dun]  mEnabled = false
02-09 18:07:07.643 D/MobileDataStateTracker(27162): [dun]  apnTypeList = dun
02-09 18:07:07.643 D/MobileDataStateTracker(27162): [dun]  unavailable = false
02-09 18:07:07.643 D/MobileDataStateTracker(27162): [dun] Do not process intents if disabled.
02-09 18:07:07.643 D/MobileDataStateTracker(27162): [supl]  MobileDataStateReceiver onReceive(): Entry.
02-09 18:07:07.643 D/MobileDataStateTracker(27162): [supl]  intent.getAction()= android.intent.action.ANY_DATA_STATE
02-09 18:07:07.643 D/MobileDataStateTracker(27162): [supl]  mEnabled = false
02-09 18:07:07.643 D/MobileDataStateTracker(27162): [supl]  apnTypeList = dun
02-09 18:07:07.643 D/MobileDataStateTracker(27162): [supl]  unavailable = false
02-09 18:07:07.643 D/MobileDataStateTracker(27162): [supl] Do not process intents if disabled.
02-09 18:07:07.643 D/MobileDataStateTracker(27162): [mms]  MobileDataStateReceiver onReceive(): Entry.
02-09 18:07:07.643 D/MobileDataStateTracker(27162): [mms]  intent.getAction()= android.intent.action.ANY_DATA_STATE
02-09 18:07:07.643 D/MobileDataStateTracker(27162): [mms]  mEnabled = false
02-09 18:07:07.643 D/MobileDataStateTracker(27162): [mms]  apnTypeList = dun
02-09 18:07:07.643 D/MobileDataStateTracker(27162): [mms]  unavailable = false
02-09 18:07:07.643 D/MobileDataStateTracker(27162): [mms] Do not process intents if disabled.
02-09 18:07:07.643 D/MobileDataStateTracker(27162): [default]  MobileDataStateReceiver onReceive(): Entry.
02-09 18:07:07.643 D/MobileDataStateTracker(27162): [default]  intent.getAction()= android.intent.action.ANY_DATA_STATE
02-09 18:07:07.643 D/MobileDataStateTracker(27162): [default]  mEnabled = true
02-09 18:07:07.653 D/MobileDataStateTracker(27162): [default]  apnTypeList = dun
02-09 18:07:07.653 D/MobileDataStateTracker(27162): [default]  unavailable = false
02-09 18:07:07.653 D/MobileDataStateTracker(27162): [default] not what we are looking for.
02-09 18:07:07.653 D/MobileDataStateTracker(27162): [hipri]  MobileDataStateReceiver onReceive(): Entry.
02-09 18:07:07.653 D/MobileDataStateTracker(27162): [hipri]  intent.getAction()= android.intent.action.ANY_DATA_STATE
02-09 18:07:07.653 D/MobileDataStateTracker(27162): [hipri]  mEnabled = false
02-09 18:07:07.653 D/MobileDataStateTracker(27162): [hipri]  apnTypeList = dun
02-09 18:07:07.653 D/MobileDataStateTracker(27162): [hipri]  unavailable = false
02-09 18:07:07.653 D/MobileDataStateTracker(27162): [hipri] Do not process intents if disabled.
02-09 18:07:07.653 D/MobileDataStateTracker(27162): [dun]  MobileDataStateReceiver onReceive(): Entry.
02-09 18:07:07.653 D/MobileDataStateTracker(27162): [dun]  intent.getAction()= android.intent.action.ANY_DATA_STATE
02-09 18:07:07.653 D/MobileDataStateTracker(27162): [dun]  mEnabled = false
02-09 18:07:07.653 D/MobileDataStateTracker(27162): [dun]  apnTypeList = dun
02-09 18:07:07.653 D/MobileDataStateTracker(27162): [dun]  unavailable = false
02-09 18:07:07.653 D/MobileDataStateTracker(27162): [dun] Do not process intents if disabled.
02-09 18:07:07.653 D/MobileDataStateTracker(27162): [supl]  MobileDataStateReceiver onReceive(): Entry.
02-09 18:07:07.653 D/MobileDataStateTracker(27162): [supl]  intent.getAction()= android.intent.action.ANY_DATA_STATE
02-09 18:07:07.653 D/MobileDataStateTracker(27162): [supl]  mEnabled = false
02-09 18:07:07.653 D/MobileDataStateTracker(27162): [supl]  apnTypeList = dun
02-09 18:07:07.653 D/MobileDataStateTracker(27162): [supl]  unavailable = false
02-09 18:07:07.653 D/MobileDataStateTracker(27162): [supl] Do not process intents if disabled.
02-09 18:07:07.653 D/MobileDataStateTracker(27162): [mms]  MobileDataStateReceiver onReceive(): Entry.
02-09 18:07:07.653 D/MobileDataStateTracker(27162): [mms]  intent.getAction()= android.intent.action.ANY_DATA_STATE
02-09 18:07:07.653 D/MobileDataStateTracker(27162): [mms]  mEnabled = false
02-09 18:07:07.663 D/MobileDataStateTracker(27162): [mms]  apnTypeList = dun
02-09 18:07:07.663 D/MobileDataStateTracker(27162): [mms]  unavailable = false
02-09 18:07:07.663 D/MobileDataStateTracker(27162): [mms] Do not process intents if disabled.
02-09 18:07:07.663 D/MobileDataStateTracker(27162): [default]  MobileDataStateReceiver onReceive(): Entry.
02-09 18:07:07.663 D/MobileDataStateTracker(27162): [default]  intent.getAction()= android.intent.action.ANY_DATA_STATE
02-09 18:07:07.663 D/MobileDataStateTracker(27162): [default]  mEnabled = true
02-09 18:07:07.663 D/MobileDataStateTracker(27162): [default]  apnTypeList = dun
02-09 18:07:07.663 D/MobileDataStateTracker(27162): [default]  unavailable = false
02-09 18:07:07.663 D/MobileDataStateTracker(27162): [default] not what we are looking for.
02-09 18:07:07.663 D/MobileDataStateTracker(27162): [hipri]  MobileDataStateReceiver onReceive(): Entry.
02-09 18:07:07.663 D/MobileDataStateTracker(27162): [hipri]  intent.getAction()= android.intent.action.ANY_DATA_STATE
02-09 18:07:07.663 D/MobileDataStateTracker(27162): [hipri]  mEnabled = false
02-09 18:07:07.663 D/MobileDataStateTracker(27162): [hipri]  apnTypeList = hipri
02-09 18:07:07.663 D/MobileDataStateTracker(27162): [hipri]  unavailable = false
02-09 18:07:07.663 D/MobileDataStateTracker(27162): [hipri] Do not process intents if disabled.
02-09 18:07:07.663 D/MobileDataStateTracker(27162): [dun]  MobileDataStateReceiver onReceive(): Entry.
02-09 18:07:07.663 D/MobileDataStateTracker(27162): [dun]  intent.getAction()= android.intent.action.ANY_DATA_STATE
02-09 18:07:07.663 D/MobileDataStateTracker(27162): [dun]  mEnabled = false
02-09 18:07:07.663 D/MobileDataStateTracker(27162): [dun]  apnTypeList = hipri
02-09 18:07:07.663 D/MobileDataStateTracker(27162): [dun]  unavailable = false
02-09 18:07:07.663 D/MobileDataStateTracker(27162): [dun] Do not process intents if disabled.
02-09 18:07:07.663 D/MobileDataStateTracker(27162): [supl]  MobileDataStateReceiver onReceive(): Entry.
02-09 18:07:07.663 D/MobileDataStateTracker(27162): [supl]  intent.getAction()= android.intent.action.ANY_DATA_STATE
02-09 18:07:07.663 D/MobileDataStateTracker(27162): [supl]  mEnabled = false
02-09 18:07:07.663 D/MobileDataStateTracker(27162): [supl]  apnTypeList = hipri
02-09 18:07:07.663 D/MobileDataStateTracker(27162): [supl]  unavailable = false
02-09 18:07:07.663 D/MobileDataStateTracker(27162): [supl] Do not process intents if disabled.
02-09 18:07:07.663 D/MobileDataStateTracker(27162): [mms]  MobileDataStateReceiver onReceive(): Entry.
02-09 18:07:07.663 D/MobileDataStateTracker(27162): [mms]  intent.getAction()= android.intent.action.ANY_DATA_STATE
02-09 18:07:07.663 D/MobileDataStateTracker(27162): [mms]  mEnabled = false
02-09 18:07:07.673 D/MobileDataStateTracker(27162): [mms]  apnTypeList = hipri
02-09 18:07:07.673 D/MobileDataStateTracker(27162): [mms]  unavailable = false
02-09 18:07:07.673 D/MobileDataStateTracker(27162): [mms] Do not process intents if disabled.
02-09 18:07:07.673 D/MobileDataStateTracker(27162): [default]  MobileDataStateReceiver onReceive(): Entry.
02-09 18:07:07.673 D/MobileDataStateTracker(27162): [default]  intent.getAction()= android.intent.action.ANY_DATA_STATE
02-09 18:07:07.673 D/MobileDataStateTracker(27162): [default]  mEnabled = true
02-09 18:07:07.673 D/MobileDataStateTracker(27162): [default]  apnTypeList = hipri
02-09 18:07:07.673 D/MobileDataStateTracker(27162): [default]  unavailable = false
02-09 18:07:07.673 D/MobileDataStateTracker(27162): [default] not what we are looking for.
02-09 18:07:07.673 D/MobileDataStateTracker(27162): [hipri]  MobileDataStateReceiver onReceive(): Entry.
02-09 18:07:07.673 D/MobileDataStateTracker(27162): [hipri]  intent.getAction()= android.intent.action.ANY_DATA_STATE
02-09 18:07:07.673 D/MobileDataStateTracker(27162): [hipri]  mEnabled = false
02-09 18:07:07.673 D/MobileDataStateTracker(27162): [hipri]  apnTypeList = hipri
02-09 18:07:07.673 D/MobileDataStateTracker(27162): [hipri]  unavailable = false
02-09 18:07:07.673 D/MobileDataStateTracker(27162): [hipri] Do not process intents if disabled.
02-09 18:07:07.673 D/MobileDataStateTracker(27162): [dun]  MobileDataStateReceiver onReceive(): Entry.
02-09 18:07:07.673 D/MobileDataStateTracker(27162): [dun]  intent.getAction()= android.intent.action.ANY_DATA_STATE
02-09 18:07:07.673 D/MobileDataStateTracker(27162): [dun]  mEnabled = false
02-09 18:07:07.673 D/MobileDataStateTracker(27162): [dun]  apnTypeList = hipri
02-09 18:07:07.673 D/MobileDataStateTracker(27162): [dun]  unavailable = false
02-09 18:07:07.673 D/MobileDataStateTracker(27162): [dun] Do not process intents if disabled.
02-09 18:07:07.673 D/MobileDataStateTracker(27162): [supl]  MobileDataStateReceiver onReceive(): Entry.
02-09 18:07:07.673 D/MobileDataStateTracker(27162): [supl]  intent.getAction()= android.intent.action.ANY_DATA_STATE
02-09 18:07:07.673 D/MobileDataStateTracker(27162): [supl]  mEnabled = false
02-09 18:07:07.713 D/TelephonyManager( 2881): [LPZ-GPS]getCellLocation enter,usewireless=true
02-09 18:07:07.743 D/MobileDataStateTracker(27162): [supl]  apnTypeList = hipri
02-09 18:07:07.743 D/MobileDataStateTracker(27162): [supl]  unavailable = false
02-09 18:07:07.743 D/MobileDataStateTracker(27162): [supl] Do not process intents if disabled.
02-09 18:07:07.743 D/MobileDataStateTracker(27162): [mms]  MobileDataStateReceiver onReceive(): Entry.
02-09 18:07:07.743 D/MobileDataStateTracker(27162): [mms]  intent.getAction()= android.intent.action.ANY_DATA_STATE
02-09 18:07:07.743 D/MobileDataStateTracker(27162): [mms]  mEnabled = false
02-09 18:07:07.743 D/MobileDataStateTracker(27162): [mms]  apnTypeList = hipri
02-09 18:07:07.743 D/MobileDataStateTracker(27162): [mms]  unavailable = false
02-09 18:07:07.743 D/MobileDataStateTracker(27162): [mms] Do not process intents if disabled.
02-09 18:07:07.743 D/MobileDataStateTracker(27162): [default]  MobileDataStateReceiver onReceive(): Entry.
02-09 18:07:07.743 D/MobileDataStateTracker(27162): [default]  intent.getAction()= android.intent.action.ANY_DATA_STATE
02-09 18:07:07.743 D/MobileDataStateTracker(27162): [default]  mEnabled = true
02-09 18:07:07.743 D/MobileDataStateTracker(27162): [default]  apnTypeList = hipri
02-09 18:07:07.743 D/MobileDataStateTracker(27162): [default]  unavailable = false
02-09 18:07:07.743 D/MobileDataStateTracker(27162): [default] not what we are looking for.
02-09 18:07:07.783 D/CdmaCellLocation( 2881): [LPZ-GPS]mUseNetworkwireless=true
02-09 18:07:07.793 D/Mms     (27733): currentRoamingStatus:1
02-09 18:07:07.803 D/CdmaCellLocation( 2881): [LPZ-GPS]BSId=13058
02-09 18:07:07.813 D/CdmaCellLocation( 2881): [LPZ-GPS]BSLAT=560304
02-09 18:07:07.833 D/CdmaCellLocation( 2881): [LPZ-GPS]BSLONG=-1362999
02-09 18:07:07.883 D/CdmaCellLocation( 2881): [LPZ-GPS]SystemId=4139
02-09 18:07:07.893 D/CdmaCellLocation( 2881): [LPZ-GPS]NetworkId=41
02-09 18:07:07.903 D/Bitmap  (27162): Detect unrecycled bitmap.
02-09 18:07:07.903 D/Bitmap  (27162):       Size: 39744 Bytes, Width: 108 , Height: 92 , Hash code: 1088062160
02-09 18:07:07.903 D/Bitmap  (27162):  This bimap was created in:
02-09 18:07:07.903 D/Bitmap  (27162):       android.graphics.Bitmap.<init>(Bitmap.java:136)
02-09 18:07:07.903 D/Bitmap  (27162):       android.graphics.BitmapFactory.nativeDecodeAsset(Native Method)
02-09 18:07:07.903 D/Bitmap  (27162):       android.graphics.BitmapFactory.decodeStream(BitmapFactory.java:460)
02-09 18:07:07.903 D/Bitmap  (27162):       android.graphics.BitmapFactory.decodeResourceStream(BitmapFactory.java:336)
02-09 18:07:07.903 D/Bitmap  (27162):       android.graphics.drawable.Drawable.createFromResourceStream(Drawable.java:697)
02-09 18:07:07.903 D/Bitmap  (27162):       android.content.res.Resources.loadDrawable(Resources.java:1709)
02-09 18:07:07.903 D/Bitmap  (27162):       android.content.res.Resources.getDrawable(Resources.java:581)
02-09 18:07:07.903 D/Bitmap  (27162):       android.graphics.drawable.StateListDrawable.inflate(StateListDrawable.java:162)
02-09 18:07:07.903 D/Bitmap  (27162):       android.graphics.drawable.Drawable.createFromXmlInner(Drawable.java:787)
02-09 18:07:07.903 D/Bitmap  (27162):       android.graphics.drawable.Drawable.createFromXml(Drawable.java:728)
02-09 18:07:07.903 D/Bitmap  (27162):       android.content.res.Resources.loadDrawable(Resources.java:1694)
02-09 18:07:07.903 D/Bitmap  (27162):       android.content.res.Resources.getDrawable(Resources.java:581)
02-09 18:07:07.903 D/Bitmap  (27162):       android.view.View.setBackgroundResource(View.java:7533)
02-09 18:07:07.903 D/Bitmap  (27162):       com.android.internal.widget.SlidingTab$Slider.<init>(SlidingTab.java:192)
02-09 18:07:07.903 D/Bitmap  (27162):       com.android.internal.widget.SlidingTab.<init>(SlidingTab.java:458)
02-09 18:07:07.903 D/Bitmap  (27162):       java.lang.reflect.Constructor.constructNative(Native Method)
02-09 18:07:07.903 D/Bitmap  (27162):       java.lang.reflect.Constructor.newInstance(Constructor.java:415)
02-09 18:07:07.903 D/Bitmap  (27162):       android.view.LayoutInflater.createView(LayoutInflater.java:505)
02-09 18:07:07.903 D/Bitmap  (27162):       android.view.LayoutInflater.createViewFromTag(LayoutInflater.java:570)
02-09 18:07:07.903 D/Bitmap  (27162):       android.view.LayoutInflater.rInflate(LayoutInflater.java:623)
02-09 18:07:07.903 D/Bitmap  (27162):       android.view.LayoutInflater.inflate(LayoutInflater.java:408)
02-09 18:07:07.903 D/Bitmap  (27162):       android.view.LayoutInflater.inflate(LayoutInflater.java:320)
02-09 18:07:07.903 D/Bitmap  (27162):       com.android.internal.policy.impl.LockScreen.<init>(LockScreen.java:328)
02-09 18:07:07.903 D/Bitmap  (27162):       com.android.internal.policy.impl.LockPatternKeyguardView.createLockScreen(LockPatternKeyguardView.java:821)
02-09 18:07:07.903 D/Bitmap  (27162):       com.android.internal.policy.impl.LockPatternKeyguardView.<init>(LockPatternKeyguardView.java:429)
02-09 18:07:07.903 D/Bitmap  (27162):       com.android.internal.policy.impl.LockPatternKeyguardViewProperties.createKeyguardView(LockPatternKeyguardViewProperties.java:49)
02-09 18:07:07.903 D/Bitmap  (27162):       com.android.internal.policy.impl.KeyguardViewManager.show(KeyguardViewManager.java:125)
02-09 18:07:07.903 D/Bitmap  (27162):       com.android.internal.policy.impl.KeyguardViewMediator.handleShow(KeyguardViewMediator.java:1064)
02-09 18:07:07.903 D/Bitmap  (27162):       com.android.internal.policy.impl.KeyguardViewMediator.access$700(KeyguardViewMediator.java:103)
02-09 18:07:07.903 D/Bitmap  (27162):       com.android.internal.policy.impl.KeyguardViewMediator$2.handleMessage(KeyguardViewMediator.java:931)
02-09 18:07:07.903 D/Bitmap  (27162):       android.os.Handler.dispatchMessage(Handler.java:99)
02-09 18:07:07.903 D/Bitmap  (27162):       android.os.Looper.loop(Looper.java:130)
02-09 18:07:07.903 D/Bitmap  (27162):       com.android.server.WindowManagerService$PolicyThread.run(WindowManagerService.java:613)
02-09 18:07:07.903 D/Bitmap  (27162): _
02-09 18:07:07.943 D/Bitmap  (27162): Detect unrecycled bitmap.
02-09 18:07:07.943 D/Bitmap  (27162):       Size: 39744 Bytes, Width: 108 , Height: 92 , Hash code: 1088836576
02-09 18:07:07.943 D/Bitmap  (27162):  This bimap was created in:
02-09 18:07:07.943 D/Bitmap  (27162):       android.graphics.Bitmap.<init>(Bitmap.java:136)
02-09 18:07:07.943 D/Bitmap  (27162):       android.graphics.BitmapFactory.nativeDecodeAsset(Native Method)
02-09 18:07:07.943 D/Bitmap  (27162):       android.graphics.BitmapFactory.decodeStream(BitmapFactory.java:460)
02-09 18:07:07.943 D/Bitmap  (27162):       android.graphics.BitmapFactory.decodeResourceStream(BitmapFactory.java:336)
02-09 18:07:07.943 D/Bitmap  (27162):       android.graphics.drawable.Drawable.createFromResourceStream(Drawable.java:697)
02-09 18:07:07.943 D/Bitmap  (27162):       android.content.res.Resources.loadDrawable(Resources.java:1709)
02-09 18:07:07.943 D/Bitmap  (27162):       android.content.res.Resources.getDrawable(Resources.java:581)
02-09 18:07:07.943 D/Bitmap  (27162):       android.graphics.drawable.StateListDrawable.inflate(StateListDrawable.java:162)
02-09 18:07:07.943 D/Bitmap  (27162):       android.graphics.drawable.Drawable.createFromXmlInner(Drawable.java:787)
02-09 18:07:07.943 D/Bitmap  (27162):       android.graphics.drawable.Drawable.createFromXml(Drawable.java:728)
02-09 18:07:07.943 D/Bitmap  (27162):       android.content.res.Resources.loadDrawable(Resources.java:1694)
02-09 18:07:07.943 D/Bitmap  (27162):       android.content.res.Resources.getDrawable(Resources.java:581)
02-09 18:07:07.943 D/Bitmap  (27162):       android.view.View.setBackgroundResource(View.java:7533)
02-09 18:07:07.943 D/Bitmap  (27162):       com.android.internal.widget.SlidingTab$Slider.<init>(SlidingTab.java:192)
02-09 18:07:07.943 D/Bitmap  (27162):       com.android.internal.widget.SlidingTab.<init>(SlidingTab.java:462)
02-09 18:07:07.943 D/Bitmap  (27162):       java.lang.reflect.Constructor.constructNative(Native Method)
02-09 18:07:07.943 D/Bitmap  (27162):       java.lang.reflect.Constructor.newInstance(Constructor.java:415)
02-09 18:07:07.943 D/Bitmap  (27162):       android.view.LayoutInflater.createView(LayoutInflater.java:505)
02-09 18:07:07.943 D/Bitmap  (27162):       android.view.LayoutInflater.createViewFromTag(LayoutInflater.java:570)
02-09 18:07:07.943 D/Bitmap  (27162):       android.view.LayoutInflater.rInflate(LayoutInflater.java:623)
02-09 18:07:07.943 D/Bitmap  (27162):       android.view.LayoutInflater.inflate(LayoutInflater.java:408)
02-09 18:07:07.943 D/Bitmap  (27162):       android.view.LayoutInflater.inflate(LayoutInflater.java:320)
02-09 18:07:07.943 D/Bitmap  (27162):       com.android.internal.policy.impl.LockScreen.<init>(LockScreen.java:328)
02-09 18:07:07.943 D/Bitmap  (27162):       com.android.internal.policy.impl.LockPatternKeyguardView.createLockScreen(LockPatternKeyguardView.java:821)
02-09 18:07:07.943 D/Bitmap  (27162):       com.android.internal.policy.impl.LockPatternKeyguardView.<init>(LockPatternKeyguardView.java:429)
02-09 18:07:07.943 D/Bitmap  (27162):       com.android.internal.policy.impl.LockPatternKeyguardViewProperties.createKeyguardView(LockPatternKeyguardViewProperties.java:49)
02-09 18:07:07.943 D/Bitmap  (27162):       com.android.internal.policy.impl.KeyguardViewManager.show(KeyguardViewManager.java:125)
02-09 18:07:07.943 D/Bitmap  (27162):       com.android.internal.policy.impl.KeyguardViewMediator.handleShow(KeyguardViewMediator.java:1064)
02-09 18:07:07.943 D/Bitmap  (27162):       com.android.internal.policy.impl.KeyguardViewMediator.access$700(KeyguardViewMediator.java:103)
02-09 18:07:07.943 D/Bitmap  (27162):       com.android.internal.policy.impl.KeyguardViewMediator$2.handleMessage(KeyguardViewMediator.java:931)
02-09 18:07:07.943 D/Bitmap  (27162):       android.os.Handler.dispatchMessage(Handler.java:99)
02-09 18:07:07.943 D/Bitmap  (27162):       android.os.Looper.loop(Looper.java:130)
02-09 18:07:07.943 D/Bitmap  (27162):       com.android.server.WindowManagerService$PolicyThread.run(WindowManagerService.java:613)
02-09 18:07:07.943 D/Bitmap  (27162): _
02-09 18:07:08.033 D/AlarmManager(27162): +++Alarm set:type=2 com.google.android.apps.maps  Trigger after:2147478665207ms
02-09 18:07:08.033 D/Mms     (27733): currentRoamingStatus:1
02-09 18:07:08.223 D/TelephonyManager( 2881): [LPZ-GPS]getCellLocation enter,usewireless=true
02-09 18:07:08.223 D/CdmaCellLocation( 2881): [LPZ-GPS]mUseNetworkwireless=true
02-09 18:07:08.223 D/CdmaCellLocation( 2881): [LPZ-GPS]BSId=13058
02-09 18:07:08.223 D/CdmaCellLocation( 2881): [LPZ-GPS]BSLAT=560304
02-09 18:07:08.223 D/CdmaCellLocation( 2881): [LPZ-GPS]BSLONG=-1362999
02-09 18:07:08.223 D/CdmaCellLocation( 2881): [LPZ-GPS]SystemId=4139
02-09 18:07:08.223 D/CdmaCellLocation( 2881): [LPZ-GPS]NetworkId=41
02-09 18:07:08.283 I/DATA    (27234): [DCT(0) ] onDataCallListChanged:
02-09 18:07:08.283 I/DATA    (27234): [DCT(0) ] ---dc state list---
02-09 18:07:08.283 I/DATA    (27234): [DCT(0) ] DataCallState: { cid: 0, active: 2, type: , apn: , address: 70.5.41.227 }
02-09 18:07:08.283 I/DATA    (27234): [DCT(0) ] ---dc list---
02-09 18:07:08.283 I/DATA    (27234): [DCT(0) ] cid = 0, state = DcActiveState, bearerType = IP, ipaddress = 70.5.41.227, gw=70.5.41.225, dns=[68.28.67.132, 68.28.68.132]
02-09 18:07:08.313 D/Mms     (27733): currentRoamingStatus:1
02-09 18:07:08.313 D/AlarmManager(27162): +++Alarm set:type=2 com.google.android.apps.maps  Trigger after:2147478664919ms
02-09 18:07:08.323 D/Mms     (27733): currentRoamingStatus:1
02-09 18:07:08.323 D/TelephonyManager( 2881): [LPZ-GPS]getCellLocation enter,usewireless=true
02-09 18:07:08.323 D/CdmaCellLocation( 2881): [LPZ-GPS]mUseNetworkwireless=true
02-09 18:07:08.323 D/CdmaCellLocation( 2881): [LPZ-GPS]BSId=13058
02-09 18:07:08.323 D/CdmaCellLocation( 2881): [LPZ-GPS]BSLAT=560304
02-09 18:07:08.323 D/CdmaCellLocation( 2881): [LPZ-GPS]BSLONG=-1362999
02-09 18:07:08.323 D/CdmaCellLocation( 2881): [LPZ-GPS]SystemId=4139
02-09 18:07:08.323 D/CdmaCellLocation( 2881): [LPZ-GPS]NetworkId=41
02-09 18:07:08.393 D/AlarmManager(27162): +++Alarm set:type=2 com.google.android.apps.maps  Trigger after:2147478664838ms
02-09 18:07:08.503 I/dun_service(  123): process rmnet event
02-09 18:07:08.503 I/dun_service(  123): Post event 4
02-09 18:07:08.503 I/dun_service(  123): process rmnet event
02-09 18:07:08.503 I/dun_service(  123): Post event 4
02-09 18:07:08.503 I/dun_service(  123): received event: DUN_EVENT_RMNET_UP 
02-09 18:07:08.503 I/dun_service(  123): received event(DUN_EVENT_RMNET_UP) in state(DUN_STATE_USB_UNPLUG)
02-09 18:07:08.503 I/dun_service(  123): Ignoring the event DUN_EVENT_RMNET_UP in USB_UNPLUG_STATE
02-09 18:07:08.503 I/dun_service(  123): Moved to state(DUN_STATE_USB_UNPLUG)
02-09 18:07:08.503 I/dun_service(  123): received event: DUN_EVENT_RMNET_UP 
02-09 18:07:08.503 I/dun_service(  123): received event(DUN_EVENT_RMNET_UP) in state(DUN_STATE_USB_UNPLUG)
02-09 18:07:08.503 I/dun_service(  123): Ignoring the event DUN_EVENT_RMNET_UP in USB_UNPLUG_STATE
02-09 18:07:08.503 I/dun_service(  123): Moved to state(DUN_STATE_USB_UNPLUG)
02-09 18:07:08.513 I/wpa_supplicant(30784): CTRL-EVENT-DRIVER-STATE STARTED
02-09 18:07:08.513 I/wpa_supplicant(30784): State: DISCONNECTED -> SCANNING
02-09 18:07:08.513 I/wpa_supplicant(30784): CTRL-EVENT-STATE-CHANGE id=-1 state=2 BSSID=00:00:00:00:00:00
02-09 18:07:08.513 D/NetworkStateTracker(27162): setDetailed state, old =IDLE and new state=SCANNING
02-09 18:07:09.364 D/PowerManagerService(27162): Go to sleep-->
02-09 18:07:09.364 D/PowerManagerService(27162): setPowerState: mPowerState=0x3 newState=0x0 noChangeLights=false reason=2
02-09 18:07:09.474 I/wpa_supplicant(30784): Selecting BSS from priority group 4
02-09 18:07:09.474 I/wpa_supplicant(30784): Try to find WPA-enabled AP
02-09 18:07:09.474 I/wpa_supplicant(30784): Selecting BSS from priority group 3
02-09 18:07:09.474 I/wpa_supplicant(30784): Try to find WPA-enabled AP
02-09 18:07:09.474 I/wpa_supplicant(30784): Selecting BSS from priority group 2
02-09 18:07:09.474 I/wpa_supplicant(30784): Try to find WPA-enabled AP
02-09 18:07:09.474 I/wpa_supplicant(30784): Selecting BSS from priority group 1
02-09 18:07:09.474 I/wpa_supplicant(30784): Try to find WPA-enabled AP
02-09 18:07:09.474 I/dun_service(  123): process rmnet event
02-09 18:07:09.474 I/dun_service(  123): Post event 4
02-09 18:07:09.474 I/dun_service(  123): received event: DUN_EVENT_RMNET_UP 
02-09 18:07:09.474 I/dun_service(  123): received event(DUN_EVENT_RMNET_UP) in state(DUN_STATE_USB_UNPLUG)
02-09 18:07:09.474 I/dun_service(  123): Ignoring the event DUN_EVENT_RMNET_UP in USB_UNPLUG_STATE
02-09 18:07:09.474 I/dun_service(  123): Moved to state(DUN_STATE_USB_UNPLUG)
02-09 18:07:09.494 D/WifiStateTracker(27162): setNotificationVisible() scanResult.SSID=IBM Open? false
02-09 18:07:09.494 D/WifiStateTracker(27162): setNotificationVisible() scanResult.SSID=IBM Open? false
02-09 18:07:09.494 D/WifiStateTracker(27162): setNotificationVisible() visible=false mNotificationShown=false force=false return.
02-09 18:07:09.514 D/AlarmManager(27162): +++Alarm set:type=2 com.google.android.location  Trigger after:50008ms
02-09 18:07:09.544 D/AlarmManager(27162): +++Alarm set:type=2 com.google.android.apps.maps  Trigger after:2147478663694ms
02-09 18:07:09.604 D/PowerManagerService(27162): acquireWakeLock flags=0x1 tag=sleep_broadcast
02-09 18:07:09.604 D/PowerManagerService(27162): Go to standby ,PARTIAL_WAKE_LOCK tag = sleep_broadcast
02-09 18:07:09.604 D/KeyguardViewMediator(27162): onScreenTurnedOff(2)
02-09 18:07:09.604 D/KeyguardViewMediator(27162): notifyScreenOffLocked
02-09 18:07:09.604 D/KeyguardViewMediator(27162): resetStateLocked
02-09 18:07:09.604 E/Sensors (27162): [HAL]ready to call enable(Accelerometer,0),AAAAAAAA
02-09 18:07:09.604 E/Sensors (27162): [HAL]ECS_IOCTL_APP_SET_AFLAG 	success,flags = 0
02-09 18:07:09.604 E/Sensors (27162): [HAL]After {mEnabled &= ~(1<<what)},mEnabled = 0
02-09 18:07:09.604 E/Sensors (27162): [HAL]After {(newState)<<what)},mEnabled = 0
02-09 18:07:09.604 E/Sensors (27162): [HAL]Closed /dev/akm8962_aot in enable(Accelerometer,0),mEnable = 0
02-09 18:07:09.604 D/KeyguardViewMediator(27162): handleNotifyScreenOff
02-09 18:07:09.604 D/KeyguardViewMediator(27162): handleReset
02-09 18:07:09.604 D/PowerManagerService(27162): acquireWakeLock flags=0x1 tag=ActivityManager-Sleep
02-09 18:07:09.614 D/Launcher(27250): onSaveInstanceState
02-09 18:07:09.614 D/Launcher(27250): Dissmis Preview for view :null ID:2131230735
02-09 18:07:09.614 D/Launcher(27250): Dissmis Preview for view :null ID:2131230736
02-09 18:07:09.614 D/Launcher(27250): Dissmis Preview for view :null ID:2131230739
02-09 18:07:09.614 D/Launcher(27250): Dissmis Preview for view :null ID:2131230741
02-09 18:07:09.634 D/PowerManagerService(27162): releaseWakeLock flags=0x1 tag=ActivityManager-Sleep
02-09 18:07:09.644 D/KeyguardViewMediator(27162): setHidden false
02-09 18:07:09.654 D/PowerManagerService(27162): acquireWakeLock flags=0x1 tag=RILJ
02-09 18:07:09.664 D/PowerManagerService(27162): releaseWakeLock flags=0x1 tag=RILJ
02-09 18:07:09.684 I/DATA    (27234): [DCT(0) ] intent received :android.intent.action.SCREEN_OFF
02-09 18:07:09.714 D/AlarmManager(27162): +++Alarm set:type=0 android  Trigger after:120000ms
02-09 18:07:09.714 D/PowerManagerService(27162): releaseWakeLock flags=0x1 tag=sleep_broadcast
02-09 18:07:09.714 D/PowerManagerService(27162):  ALL PARTIAL wakeLock Released ! 
02-09 18:07:35.532 D/PowerManagerService(27162): acquireWakeLock flags=0x1 tag=ServiceStateTracker
02-09 18:07:35.542 D/PowerManagerService(27162): releaseWakeLock flags=0x1 tag=ServiceStateTracker
02-09 18:07:35.542 D/PowerManagerService(27162):  ALL PARTIAL wakeLock Released ! 
02-09 18:07:36.332 D/KeyguardViewMediator(27162): handleTimeout
02-09 18:07:36.332 D/PowerManagerService(27162): releaseWakeLock flags=0x1000001a tag=keyguard
02-09 18:07:59.532 W/AlarmManager(27162): +++Alarm  wakeup phone ,pkg=com.google.android.location
02-09 18:07:59.532 D/PowerManagerService(27162): acquireWakeLock flags=0x1 tag=AlarmManager
02-09 18:07:59.532 D/PowerManagerService(27162): acquireWakeLock flags=0x1 tag=NetworkLocationLocator
02-09 18:07:59.532 D/PowerManagerService(27162): acquireWakeLock flags=0x1 tag=NetworkLocationCallbackRunner
02-09 18:07:59.542 D/PowerManagerService(27162): acquireWakeLock flags=0x1 tag=WifiService
02-09 18:07:59.542 D/PowerManagerService(27162): releaseWakeLock flags=0x1 tag=WifiService
02-09 18:07:59.552 D/AlarmManager(27162): +++Alarm set:type=2 com.google.android.location  Trigger after:4996ms
02-09 18:07:59.552 D/PowerManagerService(27162): releaseWakeLock flags=0x1 tag=NetworkLocationCallbackRunner
02-09 18:07:59.563 D/TelephonyManager(27265): [LPZ-GPS]getCellLocation enter,usewireless=true
02-09 18:07:59.563 D/CdmaCellLocation(27265): [LPZ-GPS]mUseNetworkwireless=true
02-09 18:07:59.573 D/CdmaCellLocation(27265): [LPZ-GPS]BSId=13058
02-09 18:07:59.573 D/CdmaCellLocation(27265): [LPZ-GPS]BSLAT=560304
02-09 18:07:59.573 D/CdmaCellLocation(27265): [LPZ-GPS]BSLONG=-1362999
02-09 18:07:59.573 D/CdmaCellLocation(27265): [LPZ-GPS]SystemId=4139
02-09 18:07:59.573 D/CdmaCellLocation(27265): [LPZ-GPS]NetworkId=41
02-09 18:07:59.593 D/PowerManagerService(27162): acquireWakeLock flags=0x1 tag=NetworkLocationCallbackRunner
02-09 18:07:59.593 D/AlarmManager(27162): +++Alarm set:type=2 com.google.android.apps.maps  Trigger after:2147478613643ms
02-09 18:07:59.593 D/PowerManagerService(27162): releaseWakeLock flags=0x1 tag=NetworkLocationCallbackRunner
02-09 18:07:59.603 D/AlarmManager(27162): +++Alarm set:type=2 com.google.android.location  Trigger after:4943ms
02-09 18:07:59.603 W/AlarmManager(27162): +++alarm onSendFinished ,action=com.google.android.location.ALARM_WAKEUP_LOCATOR
02-09 18:07:59.603 D/PowerManagerService(27162): releaseWakeLock flags=0x1 tag=AlarmManager
02-09 18:07:59.613 E/wpa_supplicant(30784): Ongoing Scan action...
02-09 18:08:00.003 D/PowerManagerService(27162): acquireWakeLock flags=0x1 tag=AlarmManager
02-09 18:08:00.013 D/KeyguardUpdateMonitor(27162): received broadcast android.intent.action.TIME_TICK
02-09 18:08:00.013 D/KeyguardUpdateMonitor(27162): handleTimeUpdate
02-09 18:08:00.063 D/PowerManagerService(27162): releaseWakeLock flags=0x1 tag=AlarmManager
02-09 18:08:00.533 E/wpa_supplicant(30784): ioctl[SIOCGIWSCAN]: 11
02-09 18:08:00.533 I/dun_service(  123): process rmnet event
02-09 18:08:00.533 I/dun_service(  123): Post event 4
02-09 18:08:00.533 I/dun_service(  123): received event: DUN_EVENT_RMNET_UP 
02-09 18:08:00.533 I/dun_service(  123): received event(DUN_EVENT_RMNET_UP) in state(DUN_STATE_USB_UNPLUG)
02-09 18:08:00.533 I/dun_service(  123): Ignoring the event DUN_EVENT_RMNET_UP in USB_UNPLUG_STATE
02-09 18:08:00.533 I/dun_service(  123): Moved to state(DUN_STATE_USB_UNPLUG)
02-09 18:08:02.495 E/wpa_supplicant(30784): ioctl[SIOCGIWSCAN]: 11
02-09 18:08:02.495 I/dun_service(  123): process rmnet event
02-09 18:08:02.495 I/dun_service(  123): Post event 4
02-09 18:08:02.495 I/dun_service(  123): received event: DUN_EVENT_RMNET_UP 
02-09 18:08:02.495 I/dun_service(  123): received event(DUN_EVENT_RMNET_UP) in state(DUN_STATE_USB_UNPLUG)
02-09 18:08:02.495 I/dun_service(  123): Ignoring the event DUN_EVENT_RMNET_UP in USB_UNPLUG_STATE
02-09 18:08:02.495 I/dun_service(  123): Moved to state(DUN_STATE_USB_UNPLUG)
02-09 18:08:04.457 E/wpa_supplicant(30784): ioctl[SIOCGIWSCAN]: 11
02-09 18:08:04.457 I/dun_service(  123): process rmnet event
02-09 18:08:04.457 I/dun_service(  123): Post event 4
02-09 18:08:04.457 I/dun_service(  123): received event: DUN_EVENT_RMNET_UP 
02-09 18:08:04.457 I/dun_service(  123): received event(DUN_EVENT_RMNET_UP) in state(DUN_STATE_USB_UNPLUG)
02-09 18:08:04.457 I/dun_service(  123): Ignoring the event DUN_EVENT_RMNET_UP in USB_UNPLUG_STATE
02-09 18:08:04.457 I/dun_service(  123): Moved to state(DUN_STATE_USB_UNPLUG)
02-09 18:08:04.547 W/AlarmManager(27162): +++Alarm  wakeup phone ,pkg=com.google.android.location
02-09 18:08:04.557 D/PowerManagerService(27162): acquireWakeLock flags=0x1 tag=AlarmManager
02-09 18:08:04.607 D/PowerManagerService(27162): acquireWakeLock flags=0x1 tag=NetworkLocationCallbackRunner
02-09 18:08:04.607 D/WifiLocator(27265): Too many no-location APs. Will not compute a location nor go to the server. hasLocation=0 noLocation=0 cacheMiss=0
02-09 18:08:04.607 D/CellLocator(27265): Primary cell miss in cache. Need server request.
02-09 18:08:04.617 D/PowerManagerService(27162): acquireWakeLock flags=0x1 tag=NetworkLocationCallbackRunner
02-09 18:08:04.617 D/AlarmManager(27162): +++Alarm set:type=2 com.google.android.apps.maps  Trigger after:2147478608619ms
02-09 18:08:04.617 D/PowerManagerService(27162): releaseWakeLock flags=0x1 tag=NetworkLocationCallbackRunner
02-09 18:08:04.627 W/AlarmManager(27162): +++alarm onSendFinished ,action=com.google.android.location.ALARM_WAKEUP_LOCATOR
02-09 18:08:04.627 D/PowerManagerService(27162): releaseWakeLock flags=0x1 tag=AlarmManager
02-09 18:08:04.627 D/AlarmManager(27162): +++Alarm set:type=2 com.google.android.location  Trigger after:294923ms
02-09 18:08:04.627 D/PowerManagerService(27162): acquireWakeLock flags=0x1 tag=WifiService
02-09 18:08:04.627 D/PowerManagerService(27162): releaseWakeLock flags=0x1 tag=WifiService
02-09 18:08:04.627 I/System.out(27265): [INFO:26434100]: LogSource: Running flush
02-09 18:08:04.637 I/System.out(27265): [INFO:26434105]: LogSource: Sending payload [bytes=418]
02-09 18:08:04.637 I/DATA    (27234): [DCT(0) ] intent received :android.net.wifi.STATE_CHANGE
02-09 18:08:04.647 D/PowerManagerService(27162): releaseWakeLock flags=0x1 tag=NetworkLocationLocator
02-09 18:08:04.647 D/PowerManagerService(27162): releaseWakeLock flags=0x1 tag=NetworkLocationCallbackRunner
02-09 18:08:04.647 D/PowerManagerService(27162):  ALL PARTIAL wakeLock Released ! 
02-09 18:08:06.532 E/wpa_supplicant(30784): ioctl[SIOCGIWSCAN]: 11
02-09 18:08:06.532 I/dun_service(  123): process rmnet event
02-09 18:08:06.532 I/dun_service(  123): Post event 4
02-09 18:08:06.532 I/dun_service(  123): received event: DUN_EVENT_RMNET_UP 
02-09 18:08:06.532 I/dun_service(  123): received event(DUN_EVENT_RMNET_UP) in state(DUN_STATE_USB_UNPLUG)
02-09 18:08:06.532 I/dun_service(  123): Ignoring the event DUN_EVENT_RMNET_UP in USB_UNPLUG_STATE
02-09 18:08:06.532 I/dun_service(  123): Moved to state(DUN_STATE_USB_UNPLUG)
02-09 18:08:08.522 I/wpa_supplicant(30784): Selecting BSS from priority group 4
02-09 18:08:08.522 I/wpa_supplicant(30784): Try to find WPA-enabled AP
02-09 18:08:08.522 I/wpa_supplicant(30784): Selecting BSS from priority group 3
02-09 18:08:08.522 I/wpa_supplicant(30784): Try to find WPA-enabled AP
02-09 18:08:08.522 I/wpa_supplicant(30784): Selecting BSS from priority group 2
02-09 18:08:08.522 I/wpa_supplicant(30784): Try to find WPA-enabled AP
02-09 18:08:08.522 I/wpa_supplicant(30784): Selecting BSS from priority group 1
02-09 18:08:08.522 I/wpa_supplicant(30784): Try to find WPA-enabled AP
02-09 18:08:08.522 I/dun_service(  123): process rmnet event
02-09 18:08:08.522 I/dun_service(  123): Post event 4
02-09 18:08:08.522 I/dun_service(  123): received event: DUN_EVENT_RMNET_UP 
02-09 18:08:08.522 I/dun_service(  123): received event(DUN_EVENT_RMNET_UP) in state(DUN_STATE_USB_UNPLUG)
02-09 18:08:08.522 I/dun_service(  123): Ignoring the event DUN_EVENT_RMNET_UP in USB_UNPLUG_STATE
02-09 18:08:08.522 I/dun_service(  123): Moved to state(DUN_STATE_USB_UNPLUG)
02-09 18:08:08.522 D/WifiStateTracker(27162): setNotificationVisible() scanResult.SSID=IBM Open? false
02-09 18:08:08.522 D/WifiStateTracker(27162): setNotificationVisible() scanResult.SSID=IBM Open? false
02-09 18:08:08.522 D/WifiStateTracker(27162): setNotificationVisible() visible=false mNotificationShown=false force=false return.
02-09 18:08:08.532 D/AlarmManager(27162): +++Alarm set:type=2 com.google.android.location  Trigger after:291015ms
02-09 18:08:08.542 D/AlarmManager(27162): +++Alarm set:type=2 com.google.android.apps.maps  Trigger after:2147478604694ms
02-09 18:08:09.462 I/System.out(27265): [INFO:26438931]: LogSource: Response [http=200,length=88]
02-09 18:08:09.462 I/System.out(27265): [INFO:26438932]: LogSource: Read id 4, status code 200
02-09 18:08:09.472 D/WifiLocator(27265): Too many cache  misses. Need server request. hasLocation=0 noLocation=0 cacheMiss=1
02-09 18:08:09.472 D/CellLocator(27265): Found cell location: Position [redacted]
02-09 18:08:09.482 D/androidNlpServiceThread(27265): reporting Location[mProvider=network,mTime=1328832489487,mLatitude=38.9107931,mLongitude=-94.6482693,mHasAltitude=false,mAltitude=0.0,mHasSpeed=false,mSpeed=0.0,mHasBearing=false,mBearing=0.0,mHasAccuracy=true,mAccuracy=1544.0,mExtras=Bundle[{networkLocationSource=cached, networkLocationType=cell}]]
02-09 18:08:09.482 D/AlarmManager(27162): +++Alarm set:type=2 com.google.android.location  Trigger after:290057ms
02-09 18:08:09.492 D/PowerManagerService(27162): acquireWakeLock flags=0x1 tag=GpsLocationProvider
02-09 18:08:09.492 D/ClientReporter(27265): reported location
02-09 18:08:09.512 D/PowerManagerService(27162): releaseWakeLock flags=0x1 tag=GpsLocationProvider
02-09 18:08:09.512 D/PowerManagerService(27162):  ALL PARTIAL wakeLock Released ! 
02-09 18:08:09.512 D/PowerManagerService(27162): acquireWakeLock flags=0x1 tag=LocationManagerService
02-09 18:08:09.512 D/PowerManagerService(27162): releaseWakeLock flags=0x1 tag=LocationManagerService
02-09 18:08:09.512 D/PowerManagerService(27162):  ALL PARTIAL wakeLock Released ! 
02-09 18:08:09.512 D/PowerManagerService(27162): acquireWakeLock flags=0x1 tag=LocationManagerService
02-09 18:08:09.512 D/PowerManagerService(27162): releaseWakeLock flags=0x1 tag=LocationManagerService
02-09 18:08:09.512 D/PowerManagerService(27162):  ALL PARTIAL wakeLock Released ! 
02-09 18:08:09.512 D/PowerManagerService(27162): acquireWakeLock flags=0x1 tag=LocationManagerService
02-09 18:08:09.512 D/PowerManagerService(27162): releaseWakeLock flags=0x1 tag=LocationManagerService
02-09 18:08:09.512 D/PowerManagerService(27162):  ALL PARTIAL wakeLock Released ! 
02-09 18:08:09.523 D/PowerManagerService(27162): acquireWakeLock flags=0x1 tag=LocationManagerService
02-09 18:08:09.523 D/PowerManagerService(27162): releaseWakeLock flags=0x1 tag=LocationManagerService
02-09 18:08:09.523 D/PowerManagerService(27162):  ALL PARTIAL wakeLock Released ! 
02-09 18:08:52.522 I/dun_service(  123): The value returned from dun_getusbmodemstate_fromsys is 2 
02-09 18:08:52.522 D/KeyguardViewMediator(27162):  onWakeKeyWhenKeyguardShowing(26)
02-09 18:08:52.522 D/KeyguardViewMediator(27162): wakeWhenReadyLocked(26)
02-09 18:08:52.522 D/PowerManagerService(27162): acquireWakeLock flags=0x1 tag=keyguardWakeAndHandOff
02-09 18:08:52.522 D/LockPatternKeyguardView(27162): onWakeKey
02-09 18:08:52.522 D/LockPatternKeyguardView(27162): poking wake lock immediately
02-09 18:08:52.522 D/PowerManagerService(27162): acquireWakeLock flags=0x1000001a tag=keyguard
02-09 18:08:52.522 D/PowerManagerService(27162): UnPartial  wakeLock  reactivate ,flags=0x1000001a tag=keyguard
02-09 18:08:52.522 D/PowerManagerService(27162): setPowerState: mPowerState=0x0 newState=0x3 noChangeLights=false reason=3
02-09 18:08:52.532 D/KeyguardViewMediator(27162): onScreenTurnedOn, seq = 152
02-09 18:08:52.532 D/KeyguardViewMediator(27162): notifyScreenOnLocked
02-09 18:08:52.532 E/Sensors (27162): [HAL]ready to call enable(Accelerometer,1),AAAAAAAA
02-09 18:08:52.532 E/Sensors (27162): [HAL]mEnabled = 0;ready to open /dev/akm8962_aot
02-09 18:08:52.532 E/Sensors (27162): [HAL]ECS_IOCTL_APP_SET_AFLAG 	success,flags = 1
02-09 18:08:52.532 E/Sensors (27162): [HAL]After {mEnabled &= ~(1<<what)},mEnabled = 0
02-09 18:08:52.532 E/Sensors (27162): [HAL]After {(newState)<<what)},mEnabled = 1
02-09 18:08:52.532 D/KeyguardViewMediator(27162): handleNotifyScreenOn
02-09 18:08:52.532 I/LockPatternKeyguardView(27162): updateLockscreenBackground
02-09 18:08:52.532 I/LockPatternKeyguardView(27162): setBackgroundDrawable
02-09 18:08:52.532 I/LockPatternKeyguardView(27162): file not found: etc/customize/default_lockscreen
02-09 18:08:52.532 D/LockScreen(27162): updateLayout: status=Normalsubscription=0
