02-09 18:02:41.973 D/CdmaCellLocation( 2881): [LPZ-GPS]BSLAT=2147483647
02-09 18:02:41.973 D/CdmaCellLocation( 2881): [LPZ-GPS]BSLONG=2147483647
02-09 18:02:41.973 D/CdmaCellLocation( 2881): [LPZ-GPS]SystemId=-1
02-09 18:02:41.973 D/CdmaCellLocation( 2881): [LPZ-GPS]NetworkId=-1
02-09 18:02:41.973 D/CallManager(27234):  handleMessage (EVENT_SERVICE_STATE_CHANGED)
02-09 18:02:41.973 E/BT HS/HF(27234): SERVICE_STATE_CHANGED called
02-09 18:02:41.973 E/BT HS/HF(27234): updateServiceState called, sendUpdate:false  ServiceState:0 home Sprint  310099  EvDo rev. A CSS not supported 41 4139RoamInd: 1RoamStatus(sprint): 1DefRoamInd: 160EmergOnly: false
02-09 18:02:41.973 E/BT HS/HF(27234): service:1 mService:1
02-09 18:02:41.973 D/DATA    (27234): [DSST(0)]  registrationState = 1  radioTechnology = 8 reasonForDenial = 0
02-09 18:02:41.973 D/DATA    (27234): [DSST(0)]  set mNewDataConnectionState = 0
02-09 18:02:41.973 D/DATA    (27234): [DSST(0)]  mNewDataConnectionState : 0  mDataConnectionState : 0
02-09 18:02:41.973 D/DATA    (27234): [DSST(0)] Poll ServiceState done: oldSS=[0 home null null null  EvDo rev. A CSS not supported -1 -1RoamInd: -1RoamStatus(sprint): -1DefRoamInd: -1EmergOnly: false] newSS=[0 home null null null  EvDo rev. A CSS not supported -1 -1RoamInd: -1RoamStatus(sprint): -1DefRoamInd: -1EmergOnly: false]
02-09 18:02:41.973 D/DATA    (27234): [DSST(0)]  mDataConnectionState = 0
02-09 18:02:41.983 D/TelephonyManager(27265): [LPZ-GPS]getCellLocation enter,usewireless=true
02-09 18:02:41.983 D/CdmaCellLocation(27265): [LPZ-GPS]mUseNetworkwireless=true
02-09 18:02:41.983 D/CdmaCellLocation(27265): [LPZ-GPS]BSId=402
02-09 18:02:41.983 D/CdmaCellLocation(27265): [LPZ-GPS]BSLAT=560530
02-09 18:02:41.983 D/CdmaCellLocation(27265): [LPZ-GPS]BSLONG=-1362896
02-09 18:02:41.983 D/CdmaCellLocation(27265): [LPZ-GPS]SystemId=4139
02-09 18:02:41.983 D/CdmaCellLocation(27265): [LPZ-GPS]NetworkId=41
02-09 18:02:41.993 D/AlarmManager(27162): +++Alarm set:type=2 com.google.android.location  Trigger after:18767ms
02-09 18:02:41.993 D/TelephonyManager( 2881): [LPZ-GPS]getCellLocation enter,usewireless=true
02-09 18:02:42.003 D/CdmaCellLocation( 2881): [LPZ-GPS]mUseNetworkwireless=true
02-09 18:02:42.003 D/CdmaCellLocation( 2881): [LPZ-GPS]BSId=402
02-09 18:02:42.003 D/CdmaCellLocation( 2881): [LPZ-GPS]BSLAT=560530
02-09 18:02:42.003 D/CdmaCellLocation( 2881): [LPZ-GPS]BSLONG=-1362896
02-09 18:02:42.003 D/CdmaCellLocation( 2881): [LPZ-GPS]SystemId=4139
02-09 18:02:42.003 D/CdmaCellLocation( 2881): [LPZ-GPS]NetworkId=41
02-09 18:02:42.003 D/Mms     (27733): currentRoamingStatus:1
02-09 18:02:42.003 D/AlarmManager(27162): +++Alarm set:type=2 com.google.android.apps.maps  Trigger after:2147478932476ms
02-09 18:02:43.694 I/dun_service(  123): The value returned from dun_getusbmodemstate_fromsys is 2 
02-09 18:02:43.714 D/KeyguardUpdateMonitor(27162): received broadcast android.intent.action.BATTERY_CHANGED
02-09 18:02:43.714 D/KeyguardUpdateMonitor(27162): handleBatteryUpdate
02-09 18:02:45.396 W/dalvikvm( 4534): Refusing to reopen boot DEX '/system/framework/qcrilhook.jar'
02-09 18:02:45.406 W/dalvikvm( 4534): Refusing to reopen boot DEX '/system/framework/qcnvitems.jar'
02-09 18:02:45.446 I/vDM     ( 4534): onCreate
02-09 18:02:47.538 I/dun_service(  123): process rmnet event
02-09 18:02:47.538 I/dun_service(  123): Post event 4
02-09 18:02:47.538 I/dun_service(  123): received event: DUN_EVENT_RMNET_UP 
02-09 18:02:47.538 I/dun_service(  123): received event(DUN_EVENT_RMNET_UP) in state(DUN_STATE_USB_UNPLUG)
02-09 18:02:47.538 I/dun_service(  123): Ignoring the event DUN_EVENT_RMNET_UP in USB_UNPLUG_STATE
02-09 18:02:47.538 I/dun_service(  123): Moved to state(DUN_STATE_USB_UNPLUG)
02-09 18:02:47.538 I/wpa_supplicant(30784): Selecting BSS from priority group 4
02-09 18:02:47.538 I/wpa_supplicant(30784): Try to find WPA-enabled AP
02-09 18:02:47.538 I/wpa_supplicant(30784): Selecting BSS from priority group 3
02-09 18:02:47.538 I/wpa_supplicant(30784): Try to find WPA-enabled AP
02-09 18:02:47.538 I/wpa_supplicant(30784): Selecting BSS from priority group 2
02-09 18:02:47.538 I/wpa_supplicant(30784): Try to find WPA-enabled AP
02-09 18:02:47.538 I/wpa_supplicant(30784): Selecting BSS from priority group 1
02-09 18:02:47.538 I/wpa_supplicant(30784): Try to find WPA-enabled AP
02-09 18:02:47.568 D/WifiStateTracker(27162): setNotificationVisible() scanResult.SSID=OCAP01 Open? false
02-09 18:02:47.568 D/WifiStateTracker(27162): setNotificationVisible() scanResult.SSID=pub9999 Open? false
02-09 18:02:47.568 D/WifiStateTracker(27162): setNotificationVisible() scanResult.SSID=2WIRE485 Open? false
02-09 18:02:47.568 D/WifiStateTracker(27162): setNotificationVisible() scanResult.SSID=HATHAWAY Open? false
02-09 18:02:47.568 D/WifiStateTracker(27162): setNotificationVisible() scanResult.SSID=RiceGalleryNew Open? false
02-09 18:02:47.568 D/WifiStateTracker(27162): setNotificationVisible() visible=false mNotificationShown=false force=false return.
02-09 18:02:47.588 D/AlarmManager(27162): +++Alarm set:type=2 com.google.android.location  Trigger after:13171ms
02-09 18:02:47.598 D/AlarmManager(27162): +++Alarm set:type=2 com.google.android.apps.maps  Trigger after:2147478926893ms
02-09 18:02:49.730 D/Launcher(27250): Closing system Dialogs 
02-09 18:02:49.730 I/ContactsListActivity(27282): powerReceiver,onReceive
02-09 18:02:49.740 D/Launcher(27250): Dissmis Preview for view :null ID:2131230735
02-09 18:02:49.740 D/Launcher(27250): Dissmis Preview for view :null ID:2131230736
02-09 18:02:49.740 D/Launcher(27250): Dissmis Preview for view :null ID:2131230739
02-09 18:02:49.740 D/Launcher(27250): Dissmis Preview for view :null ID:2131230741
02-09 18:02:49.740 D/Launcher(27250): onNewIntent()android.intent.action.MAIN
02-09 18:02:49.740 D/Launcher(27250): Closing system Dialogs 
02-09 18:02:49.740 D/Warhol  (27250): A pack appears to be installed -- skipping Installer
02-09 18:02:49.750 I/ContactsListActivity(27282): reason = homekey
02-09 18:02:49.750 I/ContactsListActivity(27282): powerReceiver,closeContextMenu
02-09 18:02:51.022 D/PowerManagerService(27162): Go to sleep-->
02-09 18:02:51.022 D/PowerManagerService(27162): setPowerState: mPowerState=0x3 newState=0x0 noChangeLights=false reason=2
02-09 18:02:51.262 D/PowerManagerService(27162): acquireWakeLock flags=0x1 tag=sleep_broadcast
02-09 18:02:51.262 D/PowerManagerService(27162): Go to standby ,PARTIAL_WAKE_LOCK tag = PrefetcherService
02-09 18:02:51.262 D/PowerManagerService(27162): Go to standby ,PARTIAL_WAKE_LOCK tag = sleep_broadcast
02-09 18:02:51.262 D/KeyguardViewMediator(27162): onScreenTurnedOff(2)
02-09 18:02:51.262 D/lisha   (27162): isLockedOrMissing ***state.isPinLocked()=false***requireSim = true***state=READY
02-09 18:02:51.262 D/lisha   (27162): ***lockedOrMissing=false***provisioned=true
02-09 18:02:51.272 D/KeyguardViewMediator(27162): doKeyguard: showing the lock screen
02-09 18:02:51.272 D/KeyguardViewMediator(27162): showLocked
02-09 18:02:51.272 D/PowerManagerService(27162): acquireWakeLock flags=0x1 tag=show keyguard
02-09 18:02:51.272 D/KeyguardViewMediator(27162): handleShow
02-09 18:02:51.282 I/LockPatternKeyguardView(27162): updateLockscreenBackground
02-09 18:02:51.282 I/LockPatternKeyguardView(27162): setBackgroundDrawable
02-09 18:02:51.292 E/Sensors (27162): [HAL]ready to call enable(Accelerometer,0),AAAAAAAA
02-09 18:02:51.292 E/Sensors (27162): [HAL]ECS_IOCTL_APP_SET_AFLAG 	success,flags = 0
02-09 18:02:51.292 E/Sensors (27162): [HAL]After {mEnabled &= ~(1<<what)},mEnabled = 0
02-09 18:02:51.292 E/Sensors (27162): [HAL]After {(newState)<<what)},mEnabled = 0
02-09 18:02:51.292 E/Sensors (27162): [HAL]Closed /dev/akm8962_aot in enable(Accelerometer,0),mEnable = 0
02-09 18:02:51.292 I/LockPatternKeyguardView(27162): file not found: etc/customize/default_lockscreen
02-09 18:02:51.302 D/PowerManagerService(27162): acquireWakeLock flags=0x1 tag=ActivityManager-Sleep
02-09 18:02:51.322 D/Launcher(27250): onSaveInstanceState
02-09 18:02:51.332 D/Launcher(27250): Dissmis Preview for view :null ID:2131230735
02-09 18:02:51.332 D/Launcher(27250): Dissmis Preview for view :null ID:2131230736
02-09 18:02:51.332 D/Launcher(27250): Dissmis Preview for view :null ID:2131230739
02-09 18:02:51.332 D/Launcher(27250): Dissmis Preview for view :null ID:2131230741
02-09 18:02:51.342 D/PowerManagerService(27162): releaseWakeLock flags=0x1 tag=ActivityManager-Sleep
02-09 18:02:51.352 D/PowerManagerService(27162): acquireWakeLock flags=0x1 tag=RILJ
02-09 18:02:51.352 I/DATA    (27234): [DCT(0) ] intent received :android.intent.action.SCREEN_OFF
02-09 18:02:51.362 D/PowerManagerService(27162): releaseWakeLock flags=0x1 tag=RILJ
02-09 18:02:51.382 D/AlarmManager(27162): +++Alarm set:type=0 android  Trigger after:120000ms
02-09 18:02:51.382 D/PowerManagerService(27162): releaseWakeLock flags=0x1 tag=sleep_broadcast
02-09 18:02:51.402 D/LockScreen(27162): initCarrierVisibility - mResId.length=2, mCarrier.length=1
02-09 18:02:51.412 D/LockScreen(27162): updateLayout: status=Normalsubscription=0
02-09 18:02:51.412 D/LockScreen(27162): Updating Lock Screen text to Ruim
02-09 18:02:51.422 D/LockPatternKeyguardView(27162): LockPatternKeyguardView ctor: about to createUnlockScreenFor; mEnableFallback=false
02-09 18:02:51.422 D/UnlockScreen(27162): *******mCreationOrientation = 1
02-09 18:02:51.452 D/PowerManagerService(27162): acquireWakeLock flags=0x1 tag=WifiService
02-09 18:02:51.452 D/PowerManagerService(27162): releaseWakeLock flags=0x1 tag=WifiService
02-09 18:02:51.462 I/DATA    (27234): [DCT(0) ] intent received :android.net.wifi.STATE_CHANGE
02-09 18:02:51.462 D/LockPatternKeyguardView(27162): createUnlockScreenFor(Pattern): mEnableFallback=false
02-09 18:02:51.482 I/LockPatternKeyguardView(27162): updateLockscreenBackground
02-09 18:02:51.482 I/LockPatternKeyguardView(27162): setBackgroundDrawable
02-09 18:02:51.482 I/LockPatternKeyguardView(27162): file not found: etc/customize/default_lockscreen
02-09 18:02:51.482 D/LockScreen(27162): updateLayout: status=Normalsubscription=0
02-09 18:02:51.492 D/LockScreen(27162): Updating Lock Screen text to Ruim
02-09 18:02:51.502 D/KeyguardViewMediator(27162): adjustUserActivityLocked mShowing: true mHidden: false
02-09 18:02:51.502 D/Launcher(27250): Closing system Dialogs 
02-09 18:02:51.502 D/PowerManagerService(27162): releaseWakeLock flags=0x1 tag=show keyguard
02-09 18:02:51.522 D/KeyguardViewMediator(27162): setHidden false
02-09 18:02:51.522 D/KeyguardViewMediator(27162): setHidden false
02-09 18:02:51.532 I/ContactsListActivity(27282): powerReceiver,onReceive
02-09 18:02:51.552 I/ContactsListActivity(27282): reason = lock
02-09 18:02:51.552 I/ContactsListActivity(27282): powerReceiver,closeContextMenu
02-09 18:02:51.562 D/PowerManagerService(27162): releaseWakeLock flags=0x1 tag=PrefetcherService
02-09 18:02:51.562 D/PowerManagerService(27162):  ALL PARTIAL wakeLock Released ! 
02-09 18:02:51.582 D/KeyguardViewMediator(27162): setHidden false
02-09 18:02:51.582 D/KeyguardViewMediator(27162): setHidden false
02-09 18:03:00.522 D/PowerManagerService(27162): acquireWakeLock flags=0x1 tag=AlarmManager
02-09 18:03:00.522 D/KeyguardUpdateMonitor(27162): received broadcast android.intent.action.TIME_TICK
02-09 18:03:00.522 D/KeyguardUpdateMonitor(27162): handleTimeUpdate
02-09 18:03:00.552 D/PowerManagerService(27162): releaseWakeLock flags=0x1 tag=AlarmManager
02-09 18:03:00.552 D/PowerManagerService(27162):  ALL PARTIAL wakeLock Released ! 
02-09 18:03:00.762 W/AlarmManager(27162): +++Alarm  wakeup phone ,pkg=com.google.android.location
02-09 18:03:00.762 D/PowerManagerService(27162): acquireWakeLock flags=0x1 tag=NetworkLocationCallbackRunner
02-09 18:03:00.762 D/PowerManagerService(27162): acquireWakeLock flags=0x1 tag=NetworkLocationLocator
02-09 18:03:00.762 D/PowerManagerService(27162): acquireWakeLock flags=0x1 tag=NetworkLocationCallbackRunner
02-09 18:03:00.762 D/PowerManagerService(27162): acquireWakeLock flags=0x1 tag=AlarmManager
02-09 18:03:00.772 D/PowerManagerService(27162): acquireWakeLock flags=0x1 tag=WifiService
02-09 18:03:00.772 D/PowerManagerService(27162): releaseWakeLock flags=0x1 tag=WifiService
02-09 18:03:00.772 D/AlarmManager(27162): +++Alarm set:type=2 com.google.android.location  Trigger after:4999ms
02-09 18:03:00.772 D/AlarmManager(27162): +++Alarm set:type=2 com.google.android.apps.maps  Trigger after:2147478913712ms
02-09 18:03:00.772 D/PowerManagerService(27162): releaseWakeLock flags=0x1 tag=NetworkLocationCallbackRunner
02-09 18:03:00.772 D/PowerManagerService(27162): releaseWakeLock flags=0x1 tag=NetworkLocationCallbackRunner
02-09 18:03:00.782 D/TelephonyManager(27265): [LPZ-GPS]getCellLocation enter,usewireless=true
02-09 18:03:00.782 D/CdmaCellLocation(27265): [LPZ-GPS]mUseNetworkwireless=true
02-09 18:03:00.782 D/CdmaCellLocation(27265): [LPZ-GPS]BSId=402
02-09 18:03:00.782 D/CdmaCellLocation(27265): [LPZ-GPS]BSLAT=560530
02-09 18:03:00.782 D/CdmaCellLocation(27265): [LPZ-GPS]BSLONG=-1362896
02-09 18:03:00.782 D/CdmaCellLocation(27265): [LPZ-GPS]SystemId=4139
02-09 18:03:00.782 D/CdmaCellLocation(27265): [LPZ-GPS]NetworkId=41
02-09 18:03:00.792 W/AlarmManager(27162): +++alarm onSendFinished ,action=com.google.android.location.ALARM_WAKEUP_LOCATOR
02-09 18:03:00.792 D/PowerManagerService(27162): releaseWakeLock flags=0x1 tag=AlarmManager
02-09 18:03:00.792 D/WifiLocator(27265): Good cache hits. Computing WiFi location locally hasLocation=4 noLocation=0 cacheMiss=2
02-09 18:03:00.792 D/WifiLocator(27265): Computing location using MaxLre.
02-09 18:03:00.862 D/WifiLocator(27265): Finished computing WiFi location: WifiLocationResult [position=Position [redacted], confidence=80, outliers=[]]
02-09 18:03:00.862 D/CellLocator(27265): Found cell location: Position [redacted]
02-09 18:03:00.862 D/androidNlpServiceThread(27265): reporting Location[mProvider=network,mTime=1328832180875,mLatitude=38.9183101,mLongitude=-94.6474854,mHasAltitude=false,mAltitude=0.0,mHasSpeed=false,mSpeed=0.0,mHasBearing=false,mBearing=0.0,mHasAccuracy=true,mAccuracy=26.0,mExtras=Bundle[{networkLocationSource=cached, networkLocationType=wifi}]]
02-09 18:03:00.862 D/AlarmManager(27162): +++Alarm set:type=2 com.google.android.location  Trigger after:299904ms
02-09 18:03:00.862 D/PowerManagerService(27162): acquireWakeLock flags=0x1 tag=WifiService
02-09 18:03:00.872 D/PowerManagerService(27162): releaseWakeLock flags=0x1 tag=WifiService
02-09 18:03:00.872 I/DATA    (27234): [DCT(0) ] intent received :android.net.wifi.STATE_CHANGE
02-09 18:03:00.872 D/PowerManagerService(27162): releaseWakeLock flags=0x1 tag=NetworkLocationLocator
02-09 18:03:00.872 D/PowerManagerService(27162):  ALL PARTIAL wakeLock Released ! 
02-09 18:03:00.872 D/PowerManagerService(27162): acquireWakeLock flags=0x1 tag=GpsLocationProvider
02-09 18:03:00.872 D/ClientReporter(27265): reported location
02-09 18:03:00.882 D/PowerManagerService(27162): acquireWakeLock flags=0x1 tag=LocationManagerService
02-09 18:03:00.882 D/PowerManagerService(27162): releaseWakeLock flags=0x1 tag=LocationManagerService
02-09 18:03:00.882 D/PowerManagerService(27162): releaseWakeLock flags=0x1 tag=GpsLocationProvider
02-09 18:03:00.882 D/PowerManagerService(27162):  ALL PARTIAL wakeLock Released ! 
02-09 18:03:00.882 D/PowerManagerService(27162): acquireWakeLock flags=0x1 tag=LocationManagerService
02-09 18:03:00.882 D/PowerManagerService(27162): releaseWakeLock flags=0x1 tag=LocationManagerService
02-09 18:03:00.882 D/PowerManagerService(27162):  ALL PARTIAL wakeLock Released ! 
02-09 18:03:01.813 E/rmt_storage(  155): [MyTag]open: fd=-1
02-09 18:03:01.813 E/rmt_storage(  155): block rmt_storage client thread
02-09 18:03:10.522 D/PowerManagerService(27162): acquireWakeLock flags=0x1 tag=GTALK_CONN
02-09 18:03:10.522 D/AlarmManager(27162): +++Alarm set:type=2 com.google.android.gsf  Trigger after:1680000ms
02-09 18:03:10.532 D/PowerManagerService(27162): releaseWakeLock flags=0x1 tag=GTALK_CONN
02-09 18:03:10.532 D/PowerManagerService(27162):  ALL PARTIAL wakeLock Released ! 
02-09 18:03:10.532 D/PowerManagerService(27162): acquireWakeLock flags=0x1 tag=GTALK_CONN
02-09 18:03:10.572 I/ContactsProvider(27282): insertInTransaction: content://com.android.contacts/status_updates protocol=5 im_handle=jeremy.meiss@gmail.com im_account=1 status=http://LandofDroid.com mode=4
02-09 18:03:10.612 D/PowerManagerService(27162): releaseWakeLock flags=0x1 tag=GTALK_CONN
02-09 18:03:10.612 D/PowerManagerService(27162):  ALL PARTIAL wakeLock Released ! 
02-09 18:03:11.314 I/wpa_supplicant(30784): Selecting BSS from priority group 4
02-09 18:03:11.314 I/wpa_supplicant(30784): Try to find WPA-enabled AP
02-09 18:03:11.314 I/wpa_supplicant(30784): Selecting BSS from priority group 3
02-09 18:03:11.314 I/wpa_supplicant(30784): Try to find WPA-enabled AP
02-09 18:03:11.314 I/wpa_supplicant(30784): Selecting BSS from priority group 2
02-09 18:03:11.314 I/wpa_supplicant(30784): Try to find WPA-enabled AP
02-09 18:03:11.314 I/wpa_supplicant(30784): Selecting BSS from priority group 1
02-09 18:03:11.314 I/wpa_supplicant(30784): Try to find WPA-enabled AP
02-09 18:03:11.314 I/dun_service(  123): process rmnet event
02-09 18:03:11.314 I/dun_service(  123): Post event 4
02-09 18:03:11.324 I/dun_service(  123): received event: DUN_EVENT_RMNET_UP 
02-09 18:03:11.324 I/dun_service(  123): received event(DUN_EVENT_RMNET_UP) in state(DUN_STATE_USB_UNPLUG)
02-09 18:03:11.324 I/dun_service(  123): Ignoring the event DUN_EVENT_RMNET_UP in USB_UNPLUG_STATE
02-09 18:03:11.324 I/dun_service(  123): Moved to state(DUN_STATE_USB_UNPLUG)
02-09 18:03:11.324 D/WifiStateTracker(27162): setNotificationVisible() scanResult.SSID=ENCORE76D5C0 Open? false
02-09 18:03:11.324 D/WifiStateTracker(27162): setNotificationVisible() scanResult.SSID=pub9999 Open? false
02-09 18:03:11.324 D/WifiStateTracker(27162): setNotificationVisible() scanResult.SSID=2WIRE485 Open? false
02-09 18:03:11.324 D/WifiStateTracker(27162): setNotificationVisible() scanResult.SSID=HATHAWAY Open? false
02-09 18:03:11.324 D/WifiStateTracker(27162): setNotificationVisible() scanResult.SSID=RiceGalleryNew Open? false
02-09 18:03:11.324 D/WifiStateTracker(27162): setNotificationVisible() scanResult.SSID=OCAP01 Open? false
02-09 18:03:11.324 D/WifiStateTracker(27162): setNotificationVisible() visible=false mNotificationShown=false force=false return.
02-09 18:03:11.354 D/AlarmManager(27162): +++Alarm set:type=2 com.google.android.location  Trigger after:289417ms
02-09 18:03:11.374 D/AlarmManager(27162): +++Alarm set:type=2 com.google.android.apps.maps  Trigger after:2147478903108ms
02-09 18:03:20.522 I/dun_service(  123): The value returned from dun_getusbmodemstate_fromsys is 2 
02-09 18:03:20.522 D/KeyguardUpdateMonitor(27162): received broadcast android.intent.action.BATTERY_CHANGED
02-09 18:03:20.522 D/KeyguardUpdateMonitor(27162): handleBatteryUpdate
02-09 18:03:20.522 D/PowerManagerService(27162): acquireWakeLock flags=0x1 tag=WifiService
02-09 18:03:20.522 D/PowerManagerService(27162): releaseWakeLock flags=0x1 tag=WifiService
02-09 18:03:20.522 D/PowerManagerService(27162):  ALL PARTIAL wakeLock Released ! 
02-09 18:04:48.522 I/dun_service(  123): The value returned from dun_getusbmodemstate_fromsys is 2 
02-09 18:04:48.522 D/PowerManagerService(27162): acquireWakeLock flags=0x1 tag=AlarmManager
02-09 18:04:48.522 D/KeyguardUpdateMonitor(27162): received broadcast android.intent.action.TIME_TICK
02-09 18:04:48.522 D/KeyguardUpdateMonitor(27162): handleTimeUpdate
02-09 18:04:48.562 D/KeyguardUpdateMonitor(27162): received broadcast android.intent.action.BATTERY_CHANGED
02-09 18:04:48.562 D/PowerManagerService(27162): acquireWakeLock flags=0x1 tag=WifiService
02-09 18:04:48.562 D/PowerManagerService(27162): releaseWakeLock flags=0x1 tag=WifiService
02-09 18:04:48.582 D/KeyguardUpdateMonitor(27162): handleBatteryUpdate
02-09 18:04:48.582 D/PowerManagerService(27162): releaseWakeLock flags=0x1 tag=AlarmManager
02-09 18:04:48.582 D/PowerManagerService(27162):  ALL PARTIAL wakeLock Released ! 
02-09 18:04:48.612 D/PowerManagerService(27162): acquireWakeLock flags=0x1 tag=ServiceStateTracker
02-09 18:04:48.622 D/PowerManagerService(27162): releaseWakeLock flags=0x1 tag=ServiceStateTracker
02-09 18:04:48.622 D/PowerManagerService(27162):  ALL PARTIAL wakeLock Released ! 
02-09 18:04:51.384 W/AlarmManager(27162): +++Alarm  wakeup phone ,pkg=android
02-09 18:04:51.394 D/PowerManagerService(27162): acquireWakeLock flags=0x1 tag=WifiService
02-09 18:04:51.404 D/PowerManagerService(27162): acquireWakeLock flags=0x1 tag=AlarmManager
02-09 18:04:51.414 D/WifiStateTracker(27162): setNotificationVisible() visible=false mNotificationShown=false force=false return.
02-09 18:04:51.414 W/AlarmManager(27162): +++alarm onSendFinished ,action=com.android.server.WifiManager.action.DEVICE_IDLE
02-09 18:04:51.414 D/PowerManagerService(27162): releaseWakeLock flags=0x1 tag=AlarmManager
02-09 18:04:51.514 I/wpa_supplicant(30784): State: SCANNING -> DISCONNECTED
02-09 18:04:51.514 I/wpa_supplicant(30784): CTRL-EVENT-STATE-CHANGE id=-1 state=8 BSSID=00:00:00:00:00:00
02-09 18:04:51.524 E/rmt_storage(  155): [MyTag]open: fd=-1
02-09 18:04:51.524 E/rmt_storage(  155): block rmt_storage client thread
02-09 18:04:51.544 D/WifiStateTracker(27162): Reset connections and stopping DHCP
02-09 18:04:52.395 I/dun_service(  123): process rmnet event
02-09 18:04:52.395 I/dun_service(  123): Post event 4
02-09 18:04:52.395 I/dun_service(  123): received event: DUN_EVENT_RMNET_UP 
02-09 18:04:52.395 I/dun_service(  123): received event(DUN_EVENT_RMNET_UP) in state(DUN_STATE_USB_UNPLUG)
02-09 18:04:52.395 I/dun_service(  123): Ignoring the event DUN_EVENT_RMNET_UP in USB_UNPLUG_STATE
02-09 18:04:52.395 I/dun_service(  123): Moved to state(DUN_STATE_USB_UNPLUG)
02-09 18:04:52.395 I/wpa_supplicant(30784): State: DISCONNECTED -> DISCONNECTED
02-09 18:04:52.395 I/wpa_supplicant(30784): CTRL-EVENT-STATE-CHANGE id=-1 state=8 BSSID=00:00:00:00:00:00
02-09 18:04:52.575 D/WifiStateTracker(27162): Disabling interface
02-09 18:04:52.575 I/dun_service(  123): process rmnet event
02-09 18:04:52.575 I/dun_service(  123): Post event 4
02-09 18:04:52.575 I/dun_service(  123): received event: DUN_EVENT_RMNET_UP 
02-09 18:04:52.575 I/dun_service(  123): received event(DUN_EVENT_RMNET_UP) in state(DUN_STATE_USB_UNPLUG)
02-09 18:04:52.575 I/dun_service(  123): Ignoring the event DUN_EVENT_RMNET_UP in USB_UNPLUG_STATE
02-09 18:04:52.575 I/dun_service(  123): Moved to state(DUN_STATE_USB_UNPLUG)
02-09 18:04:52.585 D/NetworkStateTracker(27162): setDetailed state, old =SCANNING and new state=IDLE
02-09 18:04:52.605 I/DATA    (27234): [DCT(0) ] intent received :android.net.wifi.STATE_CHANGE
02-09 18:04:52.615 I/dun_service(  123): process rmnet event
02-09 18:04:52.615 I/dun_service(  123): Post event 4
02-09 18:04:52.615 I/dun_service(  123): received event: DUN_EVENT_RMNET_UP 
02-09 18:04:52.615 I/dun_service(  123): received event(DUN_EVENT_RMNET_UP) in state(DUN_STATE_USB_UNPLUG)
02-09 18:04:52.615 I/dun_service(  123): Ignoring the event DUN_EVENT_RMNET_UP in USB_UNPLUG_STATE
02-09 18:04:52.615 I/dun_service(  123): Moved to state(DUN_STATE_USB_UNPLUG)
02-09 18:04:52.615 I/wpa_supplicant(30784): CTRL-EVENT-DRIVER-STATE STOPPED
02-09 18:04:52.625 D/WifiStateTracker(27162): setNotificationVisible() scanResult.SSID=airportthru Open? false
02-09 18:04:52.625 D/WifiStateTracker(27162): setNotificationVisible() scanResult.SSID=Haas_Oil Open? false
02-09 18:04:52.625 D/WifiStateTracker(27162): setNotificationVisible() scanResult.SSID=ENCORE76D5C0 Open? false
02-09 18:04:52.625 D/WifiStateTracker(27162): setNotificationVisible() scanResult.SSID=pub9999 Open? false
02-09 18:04:52.625 D/WifiStateTracker(27162): setNotificationVisible() scanResult.SSID=Belkin.384A Open? false
02-09 18:04:52.625 D/WifiStateTracker(27162): setNotificationVisible() scanResult.SSID=2WIRE485 Open? false
02-09 18:04:52.625 D/WifiStateTracker(27162): setNotificationVisible() scanResult.SSID=HATHAWAY Open? false
02-09 18:04:52.625 D/WifiStateTracker(27162): setNotificationVisible() scanResult.SSID=RiceGalleryNew Open? false
02-09 18:04:52.625 D/WifiStateTracker(27162): setNotificationVisible() scanResult.SSID=OCAP01 Open? false
02-09 18:04:52.625 D/WifiStateTracker(27162): setNotificationVisible() visible=false mNotificationShown=false force=false return.
02-09 18:04:53.576 D/KeyguardViewMediator(27162): setHidden false
02-09 18:04:59.422 D/PowerManagerService(27162): releaseWakeLock flags=0x1 tag=WifiService
02-09 18:04:59.422 D/PowerManagerService(27162):  ALL PARTIAL wakeLock Released ! 
02-09 18:05:10.522 D/PowerManagerService(27162): acquireWakeLock flags=0x1 tag=AlarmManager
02-09 18:05:10.532 D/KeyguardUpdateMonitor(27162): received broadcast android.intent.action.TIME_TICK
02-09 18:05:10.532 D/KeyguardUpdateMonitor(27162): handleTimeUpdate
02-09 18:05:10.572 D/PowerManagerService(27162): releaseWakeLock flags=0x1 tag=AlarmManager
02-09 18:05:10.572 D/PowerManagerService(27162):  ALL PARTIAL wakeLock Released ! 
02-09 18:05:10.582 D/PowerManagerService(27162): acquireWakeLock flags=0x1 tag=ServiceStateTracker
02-09 18:05:10.582 D/PowerManagerService(27162): releaseWakeLock flags=0x1 tag=ServiceStateTracker
02-09 18:05:10.582 D/PowerManagerService(27162):  ALL PARTIAL wakeLock Released ! 
02-09 18:05:17.522 D/PowerManagerService(27162): acquireWakeLock flags=0x1 tag=GTALK_CONN
02-09 18:05:17.522 D/AlarmManager(27162): +++Alarm set:type=2 com.google.android.gsf  Trigger after:1679999ms
02-09 18:05:17.532 D/PowerManagerService(27162): releaseWakeLock flags=0x1 tag=GTALK_CONN
02-09 18:05:17.532 D/PowerManagerService(27162):  ALL PARTIAL wakeLock Released ! 
02-09 18:05:17.532 D/PowerManagerService(27162): acquireWakeLock flags=0x1 tag=GTALK_CONN
02-09 18:05:17.572 I/ContactsProvider(27282): insertInTransaction: content://com.android.contacts/status_updates protocol=5 im_handle=jeremy.meiss@gmail.com im_account=1 status=http://LandofDroid.com mode=3
02-09 18:05:17.612 D/PowerManagerService(27162): releaseWakeLock flags=0x1 tag=GTALK_CONN
02-09 18:05:17.612 D/PowerManagerService(27162):  ALL PARTIAL wakeLock Released ! 
02-09 18:05:29.532 D/PowerManagerService(27162): acquireWakeLock flags=0x1 tag=ServiceStateTracker
02-09 18:05:29.542 D/PowerManagerService(27162): releaseWakeLock flags=0x1 tag=ServiceStateTracker
02-09 18:05:29.542 D/PowerManagerService(27162):  ALL PARTIAL wakeLock Released ! 
02-09 18:05:37.532 D/PowerManagerService(27162): acquireWakeLock flags=0x1 tag=ServiceStateTracker
02-09 18:05:37.542 D/PowerManagerService(27162): releaseWakeLock flags=0x1 tag=ServiceStateTracker
02-09 18:05:37.542 D/PowerManagerService(27162):  ALL PARTIAL wakeLock Released ! 
02-09 18:05:48.552 D/PowerManagerService(27162): acquireWakeLock flags=0x1 tag=ServiceStateTracker
02-09 18:05:48.562 D/PowerManagerService(27162): releaseWakeLock flags=0x1 tag=ServiceStateTracker
02-09 18:05:48.562 D/PowerManagerService(27162):  ALL PARTIAL wakeLock Released ! 
02-09 18:05:55.532 D/PowerManagerService(27162): acquireWakeLock flags=0x1 tag=ServiceStateTracker
02-09 18:05:55.542 D/PowerManagerService(27162): releaseWakeLock flags=0x1 tag=ServiceStateTracker
02-09 18:05:55.542 D/PowerManagerService(27162):  ALL PARTIAL wakeLock Released ! 
02-09 18:07:00.522 D/PowerManagerService(27162): acquireWakeLock flags=0x1 tag=AlarmManager
02-09 18:07:00.532 D/KeyguardUpdateMonitor(27162): received broadcast android.intent.action.TIME_TICK
02-09 18:07:00.532 D/KeyguardUpdateMonitor(27162): handleTimeUpdate
02-09 18:07:00.552 D/PowerManagerService(27162): releaseWakeLock flags=0x1 tag=AlarmManager
02-09 18:07:00.552 D/PowerManagerService(27162):  ALL PARTIAL wakeLock Released ! 
02-09 18:07:00.572 D/PowerManagerService(27162): acquireWakeLock flags=0x1 tag=ServiceStateTracker
02-09 18:07:00.582 D/PowerManagerService(27162): releaseWakeLock flags=0x1 tag=ServiceStateTracker
02-09 18:07:00.582 D/PowerManagerService(27162):  ALL PARTIAL wakeLock Released ! 
02-09 18:07:02.433 E/rmt_storage(  155): [MyTag]open: fd=-1
02-09 18:07:02.433 E/rmt_storage(  155): block rmt_storage client thread
02-09 18:07:06.522 D/KeyguardViewMediator(27162):  onWakeKeyWhenKeyguardShowing(26)
02-09 18:07:06.522 D/KeyguardViewMediator(27162): wakeWhenReadyLocked(26)
02-09 18:07:06.522 D/PowerManagerService(27162): acquireWakeLock flags=0x1 tag=keyguardWakeAndHandOff
02-09 18:07:06.522 D/LockPatternKeyguardView(27162): onWakeKey
02-09 18:07:06.522 D/LockPatternKeyguardView(27162): poking wake lock immediately
02-09 18:07:06.522 D/PowerManagerService(27162): acquireWakeLock flags=0x1000001a tag=keyguard
02-09 18:07:06.522 D/PowerManagerService(27162): UnPartial  wakeLock  reactivate ,flags=0x1000001a tag=keyguard
02-09 18:07:06.522 D/PowerManagerService(27162): setPowerState: mPowerState=0x0 newState=0x3 noChangeLights=false reason=3
02-09 18:07:06.532 D/KeyguardViewMediator(27162): onScreenTurnedOn, seq = 151
02-09 18:07:06.532 D/KeyguardViewMediator(27162): notifyScreenOnLocked
02-09 18:07:06.532 E/Sensors (27162): [HAL]ready to call enable(Accelerometer,1),AAAAAAAA
02-09 18:07:06.532 E/Sensors (27162): [HAL]mEnabled = 0;ready to open /dev/akm8962_aot
02-09 18:07:06.532 E/Sensors (27162): [HAL]ECS_IOCTL_APP_SET_AFLAG 	success,flags = 1
02-09 18:07:06.532 E/Sensors (27162): [HAL]After {mEnabled &= ~(1<<what)},mEnabled = 0
02-09 18:07:06.532 E/Sensors (27162): [HAL]After {(newState)<<what)},mEnabled = 1
02-09 18:07:06.532 D/KeyguardViewMediator(27162): handleNotifyScreenOn
02-09 18:07:06.532 I/LockPatternKeyguardView(27162): updateLockscreenBackground
02-09 18:07:06.532 I/LockPatternKeyguardView(27162): setBackgroundDrawable
02-09 18:07:06.532 I/LockPatternKeyguardView(27162): file not found: etc/customize/default_lockscreen
02-09 18:07:06.532 D/LockScreen(27162): updateLayout: status=Normalsubscription=0
02-09 18:07:06.542 D/LockScreen(27162): Updating Lock Screen text to Ruim
02-09 18:07:06.552 D/KeyguardViewMediator(27162): setHidden false
02-09 18:07:06.562 D/KeyguardViewMediator(27162): setHidden false
02-09 18:07:06.562 D/Warhol  (27250): A pack appears to be installed -- skipping Installer
02-09 18:07:06.572 D/KeyguardViewMediator(27162): setHidden false
02-09 18:07:06.582 I/hubo    (27162): Activity {com.android.launcher/com.android.launcher2.Launcher}
02-09 18:07:06.592 I/DATA    (27234): [DCT(0) ] intent received :android.intent.action.SCREEN_ON
02-09 18:07:06.612 D/DATA    (27234): [DSST(0)] pollstate() : reason = data network state changed
02-09 18:07:06.622 D/WifiStateTracker(27162): Reset connections and stopping DHCP
02-09 18:07:06.662 D/MobileDataStateTracker(27162): [hipri]  MobileDataStateReceiver onReceive(): Entry.
02-09 18:07:06.662 D/MobileDataStateTracker(27162): [hipri]  intent.getAction()= android.intent.action.SERVICE_STATE
02-09 18:07:06.662 D/MobileDataStateTracker(27162): [hipri]  mEnabled = false
02-09 18:07:06.662 D/MobileDataStateTracker(27162): [dun]  MobileDataStateReceiver onReceive(): Entry.
02-09 18:07:06.662 D/MobileDataStateTracker(27162): [dun]  intent.getAction()= android.intent.action.SERVICE_STATE
02-09 18:07:06.662 D/MobileDataStateTracker(27162): [dun]  mEnabled = false
02-09 18:07:06.672 D/MobileDataStateTracker(27162): [supl]  MobileDataStateReceiver onReceive(): Entry.
02-09 18:07:06.672 D/MobileDataStateTracker(27162): [supl]  intent.getAction()= android.intent.action.SERVICE_STATE
02-09 18:07:06.672 D/MobileDataStateTracker(27162): [supl]  mEnabled = false
02-09 18:07:06.672 D/MobileDataStateTracker(27162): [mms]  MobileDataStateReceiver onReceive(): Entry.
02-09 18:07:06.672 D/MobileDataStateTracker(27162): [mms]  intent.getAction()= android.intent.action.SERVICE_STATE
02-09 18:07:06.672 D/MobileDataStateTracker(27162): [mms]  mEnabled = false
02-09 18:07:06.672 D/MobileDataStateTracker(27162): [default]  MobileDataStateReceiver onReceive(): Entry.
02-09 18:07:06.672 D/CdmaCellLocation(27265): [LPZ-GPS]mUseNetworkwireless=false
02-09 18:07:06.672 D/CdmaCellLocation(27265): [LPZ-GPS]BSId=-1
02-09 18:07:06.672 D/CdmaCellLocation(27265): [LPZ-GPS]BSLAT=2147483647
02-09 18:07:06.672 D/CdmaCellLocation(27265): [LPZ-GPS]BSLONG=2147483647
02-09 18:07:06.672 D/CdmaCellLocation(27265): [LPZ-GPS]SystemId=-1
02-09 18:07:06.672 D/CdmaCellLocation(27265): [LPZ-GPS]NetworkId=-1
02-09 18:07:06.682 D/TelephonyManager(27265): [LPZ-GPS]getCellLocation enter,usewireless=true
02-09 18:07:06.682 D/CdmaCellLocation(27265): [LPZ-GPS]mUseNetworkwireless=true
02-09 18:07:06.682 D/CdmaCellLocation(27265): [LPZ-GPS]BSId=13058
02-09 18:07:06.682 D/CdmaCellLocation(27265): [LPZ-GPS]BSLAT=560304
02-09 18:07:06.682 D/CdmaCellLocation(27265): [LPZ-GPS]BSLONG=-1362999
02-09 18:07:06.682 D/CdmaCellLocation(27265): [LPZ-GPS]SystemId=4139
02-09 18:07:06.682 D/CdmaCellLocation(27265): [LPZ-GPS]NetworkId=41
02-09 18:07:06.682 D/DATA    (27234): [DSST(0)]  registrationState = 1  radioTechnology = 6 reasonForDenial = 0
02-09 18:07:06.682 D/DATA    (27234): [DSST(0)]  set mNewDataConnectionState = 0
02-09 18:07:06.682 D/DATA    (27234): [DSST(0)]  mNewDataConnectionState : 0  mDataConnectionState : 0
02-09 18:07:06.682 D/DATA    (27234): [DSST(0)] Poll ServiceState done: oldSS=[0 home null null null  EvDo rev. A CSS not supported -1 -1RoamInd: -1RoamStatus(sprint): -1DefRoamInd: -1EmergOnly: false] newSS=[0 home null null null  1xRTT CSS not supported -1 -1RoamInd: -1RoamStatus(sprint): -1DefRoamInd: -1EmergOnly: false]
02-09 18:07:06.682 D/DATA    (27234): [DSST(0)]  mDataConnectionState = 0
02-09 18:07:06.682 D/MobileDataStateTracker(27162): [default]  intent.getAction()= android.intent.action.SERVICE_STATE
02-09 18:07:06.682 D/MobileDataStateTracker(27162): [default]  mEnabled = true
02-09 18:07:06.712 D/MobileDataStateTracker(27162): [default] subType changed, oldSubtype = 6new subtype = 7
02-09 18:07:06.722 D/CallManager(27234):  handleMessage (EVENT_SERVICE_STATE_CHANGED)
02-09 18:07:06.722 E/BT HS/HF(27234): SERVICE_STATE_CHANGED called
02-09 18:07:06.722 E/BT HS/HF(27234): updateServiceState called, sendUpdate:false  ServiceState:0 home Sprint  310099  EvDo rev. A CSS not supported 41 4139RoamInd: 1RoamStatus(sprint): 1DefRoamInd: 160EmergOnly: false
02-09 18:07:06.722 E/BT HS/HF(27234): service:1 mService:1
02-09 18:07:06.722 D/CallManager(27234):  handleMessage (EVENT_SERVICE_STATE_CHANGED)
02-09 18:07:06.722 E/BT HS/HF(27234): SERVICE_STATE_CHANGED called
02-09 18:07:06.722 E/BT HS/HF(27234): updateServiceState called, sendUpdate:false  ServiceState:0 home Sprint  310099  1xRTT CSS not supported 41 4139RoamInd: 1RoamStatus(sprint): 1DefRoamInd: 160EmergOnly: false
02-09 18:07:06.722 E/BT HS/HF(27234): service:1 mService:1
02-09 18:07:06.722 D/Phone   (27234): [PhoneNotifier] [DefaultPhoneNotifier] : default, INET, CONNECTED
02-09 18:07:06.732 I/TelephonyRegistry(27162): notifyDataConnection: state=2 isDataConnectivityPossible=true reason=radioTechnologyChanged interfaceName=rmnet0 networkType=7 apnType=default apn=null
02-09 18:07:06.732 I/TelephonyRegistry(27162): +++broadcastDataConnectionStateChanged
02-09 18:07:06.762 I/TelephonyRegistry(27162): +++sendStickyBroadcast
02-09 18:07:06.762 D/Phone   (27234): [PhoneNotifier] [DefaultPhoneNotifier] : default, INET6, DISCONNECTED
02-09 18:07:06.762 D/MobileDataStateTracker(27162): [hipri]  MobileDataStateReceiver onReceive(): Entry.
02-09 18:07:06.762 D/MobileDataStateTracker(27162): [hipri]  intent.getAction()= android.intent.action.SERVICE_STATE
02-09 18:07:06.762 D/MobileDataStateTracker(27162): [hipri]  mEnabled = false
02-09 18:07:06.762 D/MobileDataStateTracker(27162): [hipri] subType changed, oldSubtype = 6new subtype = 7
02-09 18:07:06.762 D/MobileDataStateTracker(27162): [dun]  MobileDataStateReceiver onReceive(): Entry.
02-09 18:07:06.762 D/MobileDataStateTracker(27162): [dun]  intent.getAction()= android.intent.action.SERVICE_STATE
02-09 18:07:06.762 D/MobileDataStateTracker(27162): [dun]  mEnabled = false
02-09 18:07:06.762 D/MobileDataStateTracker(27162): [dun] subType changed, oldSubtype = 6new subtype = 7
02-09 18:07:06.772 D/MobileDataStateTracker(27162): [supl]  MobileDataStateReceiver onReceive(): Entry.
02-09 18:07:06.772 D/MobileDataStateTracker(27162): [supl]  intent.getAction()= android.intent.action.SERVICE_STATE
02-09 18:07:06.772 D/MobileDataStateTracker(27162): [supl]  mEnabled = false
02-09 18:07:06.772 D/MobileDataStateTracker(27162): [supl] subType changed, oldSubtype = 6new subtype = 7
02-09 18:07:06.772 D/MobileDataStateTracker(27162): [mms]  MobileDataStateReceiver onReceive(): Entry.
02-09 18:07:06.772 D/MobileDataStateTracker(27162): [mms]  intent.getAction()= android.intent.action.SERVICE_STATE
02-09 18:07:06.772 D/MobileDataStateTracker(27162): [mms]  mEnabled = false
02-09 18:07:06.782 I/TelephonyRegistry(27162): notifyDataConnection: state=0 isDataConnectivityPossible=true reason=radioTechnologyChanged interfaceName=null networkType=7 apnType=default apn=null
02-09 18:07:06.782 I/TelephonyRegistry(27162): +++broadcastDataConnectionStateChanged
02-09 18:07:06.782 I/TelephonyRegistry(27162): +++sendStickyBroadcast
02-09 18:07:06.782 D/MobileDataStateTracker(27162): [mms] subType changed, oldSubtype = 6new subtype = 7
02-09 18:07:06.782 D/MobileDataStateTracker(27162): [default]  MobileDataStateReceiver onReceive(): Entry.
02-09 18:07:06.782 D/MobileDataStateTracker(27162): [default]  intent.getAction()= android.intent.action.SERVICE_STATE
02-09 18:07:06.782 D/MobileDataStateTracker(27162): [default]  mEnabled = true
02-09 18:07:06.782 D/MobileDataStateTracker(27162): [hipri]  MobileDataStateReceiver onReceive(): Entry.
02-09 18:07:06.782 D/MobileDataStateTracker(27162): [hipri]  intent.getAction()= android.intent.action.ANY_DATA_STATE
02-09 18:07:06.792 D/Phone   (27234): [PhoneNotifier] [DefaultPhoneNotifier] : mms, INET, CONNECTED
02-09 18:07:06.802 D/MobileDataStateTracker(27162): [hipri]  mEnabled = false
02-09 18:07:06.802 D/MobileDataStateTracker(27162): [hipri]  apnTypeList = default
02-09 18:07:06.802 D/MobileDataStateTracker(27162): [hipri]  unavailable = false
02-09 18:07:06.802 D/MobileDataStateTracker(27162): [hipri] Do not process intents if disabled.
02-09 18:07:06.802 D/MobileDataStateTracker(27162): [dun]  MobileDataStateReceiver onReceive(): Entry.
02-09 18:07:06.802 D/MobileDataStateTracker(27162): [dun]  intent.getAction()= android.intent.action.ANY_DATA_STATE
02-09 18:07:06.802 D/MobileDataStateTracker(27162): [dun]  mEnabled = false
02-09 18:07:06.802 D/MobileDataStateTracker(27162): [dun]  apnTypeList = default
02-09 18:07:06.802 D/MobileDataStateTracker(27162): [dun]  unavailable = false
02-09 18:07:06.802 D/MobileDataStateTracker(27162): [dun] Do not process intents if disabled.
02-09 18:07:06.802 D/MobileDataStateTracker(27162): [supl]  MobileDataStateReceiver onReceive(): Entry.
02-09 18:07:06.802 D/MobileDataStateTracker(27162): [supl]  intent.getAction()= android.intent.action.ANY_DATA_STATE
02-09 18:07:06.802 D/MobileDataStateTracker(27162): [supl]  mEnabled = false
02-09 18:07:06.802 D/MobileDataStateTracker(27162): [supl]  apnTypeList = default
02-09 18:07:06.802 D/MobileDataStateTracker(27162): [supl]  unavailable = false
02-09 18:07:06.802 D/MobileDataStateTracker(27162): [supl] Do not process intents if disabled.
02-09 18:07:06.802 D/MobileDataStateTracker(27162): [mms]  MobileDataStateReceiver onReceive(): Entry.
02-09 18:07:06.802 D/MobileDataStateTracker(27162): [mms]  intent.getAction()= android.intent.action.ANY_DATA_STATE
02-09 18:07:06.802 D/MobileDataStateTracker(27162): [mms]  mEnabled = false
02-09 18:07:06.812 D/MobileDataStateTracker(27162): [mms]  apnTypeList = default
02-09 18:07:06.812 D/MobileDataStateTracker(27162): [mms]  unavailable = false
02-09 18:07:06.812 D/MobileDataStateTracker(27162): [mms] Do not process intents if disabled.
02-09 18:07:06.812 D/MobileDataStateTracker(27162): [default]  MobileDataStateReceiver onReceive(): Entry.
02-09 18:07:06.812 D/MobileDataStateTracker(27162): [default]  intent.getAction()= android.intent.action.ANY_DATA_STATE
02-09 18:07:06.812 D/MobileDataStateTracker(27162): [default]  mEnabled = true
02-09 18:07:06.812 D/MobileDataStateTracker(27162): [default]  apnTypeList = default
02-09 18:07:06.812 D/MobileDataStateTracker(27162): [default]  unavailable = false
02-09 18:07:06.812 D/MobileDataStateTracker(27162): [default] CALL updateMobileInfoFromIntent
02-09 18:07:06.812 I/TelephonyRegistry(27162): notifyDataConnection: state=2 isDataConnectivityPossible=true reason=radioTechnologyChanged interfaceName=rmnet0 networkType=7 apnType=mms apn=null
02-09 18:07:06.812 I/TelephonyRegistry(27162): +++broadcastDataConnectionStateChanged
02-09 18:07:06.812 I/TelephonyRegistry(27162): +++sendStickyBroadcast
02-09 18:07:06.832 D/Phone   (27234): [PhoneNotifier] [DefaultPhoneNotifier] : mms, INET6, DISCONNECTED
02-09 18:07:06.832 I/TelephonyRegistry(27162): notifyDataConnection: state=0 isDataConnectivityPossible=true reason=radioTechnologyChanged interfaceName=null networkType=7 apnType=mms apn=null
02-09 18:07:06.832 I/TelephonyRegistry(27162): +++broadcastDataConnectionStateChanged
02-09 18:07:06.852 I/TelephonyRegistry(27162): +++sendStickyBroadcast
02-09 18:07:06.862 D/Phone   (27234): [PhoneNotifier] [DefaultPhoneNotifier] : supl, INET, CONNECTED
02-09 18:07:06.862 I/TelephonyRegistry(27162): notifyDataConnection: state=2 isDataConnectivityPossible=true reason=radioTechnologyChanged interfaceName=rmnet0 networkType=7 apnType=supl apn=null
02-09 18:07:06.862 I/TelephonyRegistry(27162): +++broadcastDataConnectionStateChanged
02-09 18:07:06.872 I/TelephonyRegistry(27162): +++sendStickyBroadcast
02-09 18:07:06.872 D/Phone   (27234): [PhoneNotifier] [DefaultPhoneNotifier] : supl, INET6, DISCONNECTED
02-09 18:07:06.892 I/MobileDataStateTracker(27162): [default] dc state change intent received for default/INET with state  CONNECTED. enabled=true state change reason = radioTechnologyChanged
02-09 18:07:06.892 I/MobileDataStateTracker(27162): [default] old state = CONNECTED
02-09 18:07:06.892 I/MobileDataStateTracker(27162): [default] no change,  just return
02-09 18:07:06.892 D/MobileDataStateTracker(27162): [default] No need to update detailed state
02-09 18:07:06.892 D/MobileDataStateTracker(27162): [hipri]  MobileDataStateReceiver onReceive(): Entry.
02-09 18:07:06.892 D/MobileDataStateTracker(27162): [hipri]  intent.getAction()= android.intent.action.ANY_DATA_STATE
02-09 18:07:06.892 D/MobileDataStateTracker(27162): [hipri]  mEnabled = false
02-09 18:07:06.902 D/MobileDataStateTracker(27162): [hipri]  apnTypeList = default
02-09 18:07:06.902 D/MobileDataStateTracker(27162): [hipri]  unavailable = false
02-09 18:07:06.902 D/MobileDataStateTracker(27162): [hipri] Do not process intents if disabled.
02-09 18:07:06.902 D/MobileDataStateTracker(27162): [dun]  MobileDataStateReceiver onReceive(): Entry.
02-09 18:07:06.902 D/MobileDataStateTracker(27162): [dun]  intent.getAction()= android.intent.action.ANY_DATA_STATE
02-09 18:07:06.902 D/MobileDataStateTracker(27162): [dun]  mEnabled = false
02-09 18:07:06.902 D/MobileDataStateTracker(27162): [dun]  apnTypeList = default
02-09 18:07:06.902 D/MobileDataStateTracker(27162): [dun]  unavailable = false
02-09 18:07:06.902 D/MobileDataStateTracker(27162): [dun] Do not process intents if disabled.
02-09 18:07:06.902 D/MobileDataStateTracker(27162): [supl]  MobileDataStateReceiver onReceive(): Entry.
02-09 18:07:06.902 D/MobileDataStateTracker(27162): [supl]  intent.getAction()= android.intent.action.ANY_DATA_STATE
02-09 18:07:06.902 D/MobileDataStateTracker(27162): [supl]  mEnabled = false
02-09 18:07:06.902 D/MobileDataStateTracker(27162): [supl]  apnTypeList = default
02-09 18:07:06.902 D/MobileDataStateTracker(27162): [supl]  unavailable = false
02-09 18:07:06.902 D/MobileDataStateTracker(27162): [supl] Do not process intents if disabled.
02-09 18:07:06.902 D/MobileDataStateTracker(27162): [mms]  MobileDataStateReceiver onReceive(): Entry.
02-09 18:07:06.902 D/MobileDataStateTracker(27162): [mms]  intent.getAction()= android.intent.action.ANY_DATA_STATE
02-09 18:07:06.902 D/MobileDataStateTracker(27162): [mms]  mEnabled = false
02-09 18:07:06.912 D/MobileDataStateTracker(27162): [mms]  apnTypeList = default
02-09 18:07:06.912 I/TelephonyRegistry(27162): notifyDataConnection: state=0 isDataConnectivityPossible=true reason=radioTechnologyChanged interfaceName=null networkType=7 apnType=supl apn=null
02-09 18:07:06.912 I/TelephonyRegistry(27162): +++broadcastDataConnectionStateChanged
02-09 18:07:06.912 I/TelephonyRegistry(27162): +++sendStickyBroadcast
02-09 18:07:06.912 D/MobileDataStateTracker(27162): [mms]  unavailable = false
02-09 18:07:06.912 D/MobileDataStateTracker(27162): [mms] Do not process intents if disabled.
02-09 18:07:06.912 D/MobileDataStateTracker(27162): [default]  MobileDataStateReceiver onReceive(): Entry.
02-09 18:07:06.912 D/MobileDataStateTracker(27162): [default]  intent.getAction()= android.intent.action.ANY_DATA_STATE
02-09 18:07:06.912 D/MobileDataStateTracker(27162): [default]  mEnabled = true
02-09 18:07:06.912 D/MobileDataStateTracker(27162): [default]  apnTypeList = default
02-09 18:07:06.912 D/MobileDataStateTracker(27162): [default]  unavailable = false
02-09 18:07:06.912 D/MobileDataStateTracker(27162): [default] CALL updateMobileInfoFromIntent
02-09 18:07:06.912 I/MobileDataStateTracker(27162): [default] dc state change intent received for default/INET6 with state  DISCONNECTED. enabled=true state change reason = radioTechnologyChanged
02-09 18:07:06.922 I/MobileDataStateTracker(27162): [default] old state = DISCONNECTED
02-09 18:07:06.922 I/MobileDataStateTracker(27162): [default] no change,  just return
02-09 18:07:06.922 D/MobileDataStateTracker(27162): [default] No need to update detailed state
02-09 18:07:06.922 D/MobileDataStateTracker(27162): [hipri]  MobileDataStateReceiver onReceive(): Entry.
02-09 18:07:06.922 D/MobileDataStateTracker(27162): [hipri]  intent.getAction()= android.intent.action.ANY_DATA_STATE
02-09 18:07:06.922 D/MobileDataStateTracker(27162): [hipri]  mEnabled = false
02-09 18:07:06.922 D/MobileDataStateTracker(27162): [hipri]  apnTypeList = mms
02-09 18:07:06.922 D/MobileDataStateTracker(27162): [hipri]  unavailable = false
02-09 18:07:06.922 D/MobileDataStateTracker(27162): [hipri] Do not process intents if disabled.
02-09 18:07:06.922 D/MobileDataStateTracker(27162): [dun]  MobileDataStateReceiver onReceive(): Entry.
02-09 18:07:06.922 D/MobileDataStateTracker(27162): [dun]  intent.getAction()= android.intent.action.ANY_DATA_STATE
02-09 18:07:06.922 D/MobileDataStateTracker(27162): [dun]  mEnabled = false
02-09 18:07:06.922 D/MobileDataStateTracker(27162): [dun]  apnTypeList = mms
02-09 18:07:06.922 D/MobileDataStateTracker(27162): [dun]  unavailable = false
02-09 18:07:06.922 D/MobileDataStateTracker(27162): [dun] Do not process intents if disabled.
02-09 18:07:06.922 D/MobileDataStateTracker(27162): [supl]  MobileDataStateReceiver onReceive(): Entry.
02-09 18:07:06.922 D/MobileDataStateTracker(27162): [supl]  intent.getAction()= android.intent.action.ANY_DATA_STATE
02-09 18:07:06.922 D/MobileDataStateTracker(27162): [supl]  mEnabled = false
02-09 18:07:06.922 D/MobileDataStateTracker(27162): [supl]  apnTypeList = mms
02-09 18:07:06.922 D/MobileDataStateTracker(27162): [supl]  unavailable = false
02-09 18:07:06.922 D/MobileDataStateTracker(27162): [supl] Do not process intents if disabled.
02-09 18:07:06.922 D/MobileDataStateTracker(27162): [mms]  MobileDataStateReceiver onReceive(): Entry.
02-09 18:07:06.922 D/MobileDataStateTracker(27162): [mms]  intent.getAction()= android.intent.action.ANY_DATA_STATE
02-09 18:07:06.922 D/MobileDataStateTracker(27162): [mms]  mEnabled = false
02-09 18:07:06.932 D/MobileDataStateTracker(27162): [mms]  apnTypeList = mms
02-09 18:07:06.932 D/Phone   (27234): [PhoneNotifier] [DefaultPhoneNotifier] : dun, INET, DISCONNECTED
02-09 18:07:06.932 I/TelephonyRegistry(27162): notifyDataConnection: state=0 isDataConnectivityPossible=true reason=radioTechnologyChanged interfaceName=null networkType=7 apnType=dun apn=null
02-09 18:07:06.932 I/TelephonyRegistry(27162): +++broadcastDataConnectionStateChanged
02-09 18:07:06.932 I/TelephonyRegistry(27162): +++sendStickyBroadcast
02-09 18:07:06.942 D/Phone   (27234): [PhoneNotifier] [DefaultPhoneNotifier] : dun, INET6, DISCONNECTED
02-09 18:07:06.942 I/TelephonyRegistry(27162): notifyDataConnection: state=0 isDataConnectivityPossible=true reason=radioTechnologyChanged interfaceName=null networkType=7 apnType=dun apn=null
02-09 18:07:06.942 I/TelephonyRegistry(27162): +++broadcastDataConnectionStateChanged
02-09 18:07:06.942 I/TelephonyRegistry(27162): +++sendStickyBroadcast
02-09 18:07:06.942 D/Phone   (27234): [PhoneNotifier] [DefaultPhoneNotifier] : hipri, INET, CONNECTED
02-09 18:07:06.942 D/MobileDataStateTracker(27162): [mms]  unavailable = false
02-09 18:07:06.942 D/MobileDataStateTracker(27162): [mms] Do not process intents if disabled.
02-09 18:07:06.942 D/MobileDataStateTracker(27162): [default]  MobileDataStateReceiver onReceive(): Entry.
02-09 18:07:06.942 D/MobileDataStateTracker(27162): [default]  intent.getAction()= android.intent.action.ANY_DATA_STATE
02-09 18:07:06.942 D/MobileDataStateTracker(27162): [default]  mEnabled = true
02-09 18:07:06.962 D/MobileDataStateTracker(27162): [default]  apnTypeList = mms
02-09 18:07:06.962 D/MobileDataStateTracker(27162): [default]  unavailable = false
02-09 18:07:06.962 D/MobileDataStateTracker(27162): [default] not what we are looking for.
02-09 18:07:06.962 D/MobileDataStateTracker(27162): [hipri]  MobileDataStateReceiver onReceive(): Entry.
02-09 18:07:06.962 D/MobileDataStateTracker(27162): [hipri]  intent.getAction()= android.intent.action.ANY_DATA_STATE
