02-09 18:09:18.977 I/Mms/compose(27733): SLIDESHOW setSendButtonText isMms = false
02-09 18:09:18.987 D/KeyguardViewMediator(27162): setHidden false
02-09 18:09:18.997 D/KeyguardViewMediator(27162): setHidden false
02-09 18:09:19.007 D/KeyguardViewMediator(27162): setHidden false
02-09 18:09:19.027 D/KeyguardViewMediator(27162): setHidden false
02-09 18:09:19.037 D/KeyguardViewMediator(27162): setHidden false
02-09 18:09:19.097 D/KeyguardViewMediator(27162): setHidden false
02-09 18:09:19.117 D/KeyguardViewMediator(27162): setHidden false
02-09 18:09:19.127 D/KeyguardViewMediator(27162): setHidden false
02-09 18:09:19.147 D/KeyguardViewMediator(27162): setHidden false
02-09 18:09:19.167 D/KeyguardViewMediator(27162): setHidden false
02-09 18:09:19.177 D/KeyguardViewMediator(27162): setHidden false
02-09 18:09:19.197 D/KeyguardViewMediator(27162): setHidden false
02-09 18:09:19.207 D/KeyguardViewMediator(27162): setHidden false
02-09 18:09:19.558 D/KeyguardViewMediator(27162): setHidden false
02-09 18:09:19.578 D/KeyguardViewMediator(27162): setHidden false
02-09 18:09:19.588 D/KeyguardViewMediator(27162): setHidden false
02-09 18:09:19.698 I/Mms/compose(27733): SLIDESHOW updateSendButtonState enable = true
02-09 18:09:19.698 I/Mms/compose(27733): SLIDESHOW setSendButtonText isMms = false
02-09 18:09:19.698 I/Mms/compose(27733): SLIDESHOW setSendButtonText isMms = false
02-09 18:09:19.708 D/KeyguardViewMediator(27162): setHidden false
02-09 18:09:19.718 D/KeyguardViewMediator(27162): setHidden false
02-09 18:09:19.738 D/KeyguardViewMediator(27162): setHidden false
02-09 18:09:19.748 D/KeyguardViewMediator(27162): setHidden false
02-09 18:09:19.758 D/KeyguardViewMediator(27162): setHidden false
02-09 18:09:19.778 D/KeyguardViewMediator(27162): setHidden false
02-09 18:09:19.788 D/KeyguardViewMediator(27162): setHidden false
02-09 18:09:19.798 D/KeyguardViewMediator(27162): setHidden false
02-09 18:09:19.798 D/KeyguardViewMediator(27162): setHidden false
02-09 18:09:19.858 I/Mms/compose(27733): SLIDESHOW updateSendButtonState enable = true
02-09 18:09:19.858 I/Mms/compose(27733): SLIDESHOW setSendButtonText isMms = false
02-09 18:09:19.858 I/Mms/compose(27733): SLIDESHOW setSendButtonText isMms = false
02-09 18:09:19.898 D/KeyguardViewMediator(27162): setHidden false
02-09 18:09:19.908 D/KeyguardViewMediator(27162): setHidden false
02-09 18:09:19.918 D/KeyguardViewMediator(27162): setHidden false
02-09 18:09:19.938 D/KeyguardViewMediator(27162): setHidden false
02-09 18:09:19.938 D/KeyguardViewMediator(27162): setHidden false
02-09 18:09:19.958 D/KeyguardViewMediator(27162): setHidden false
02-09 18:09:19.968 D/KeyguardViewMediator(27162): setHidden false
02-09 18:09:19.988 D/KeyguardViewMediator(27162): setHidden false
02-09 18:09:19.998 D/KeyguardViewMediator(27162): setHidden false
02-09 18:09:20.008 I/Mms/compose(27733): SLIDESHOW updateSendButtonState enable = true
02-09 18:09:20.008 I/Mms/compose(27733): SLIDESHOW setSendButtonText isMms = false
02-09 18:09:20.008 I/Mms/compose(27733): SLIDESHOW setSendButtonText isMms = false
02-09 18:09:20.048 D/KeyguardViewMediator(27162): setHidden false
02-09 18:09:20.058 D/KeyguardViewMediator(27162): setHidden false
02-09 18:09:20.078 D/KeyguardViewMediator(27162): setHidden false
02-09 18:09:20.098 D/KeyguardViewMediator(27162): setHidden false
02-09 18:09:20.108 D/KeyguardViewMediator(27162): setHidden false
02-09 18:09:20.128 D/KeyguardViewMediator(27162): setHidden false
02-09 18:09:20.148 D/KeyguardViewMediator(27162): setHidden false
02-09 18:09:20.148 D/KeyguardViewMediator(27162): setHidden false
02-09 18:09:20.619 D/KeyguardViewMediator(27162): setHidden false
02-09 18:09:20.639 D/KeyguardViewMediator(27162): setHidden false
02-09 18:09:20.649 D/KeyguardViewMediator(27162): setHidden false
02-09 18:09:20.799 I/dun_service(  123): process rmnet event
02-09 18:09:20.799 E/wpa_supplicant(30784): ioctl[SIOCGIWSCAN]: 11
02-09 18:09:20.799 I/dun_service(  123): Post event 4
02-09 18:09:20.799 I/dun_service(  123): received event: DUN_EVENT_RMNET_UP 
02-09 18:09:20.799 I/dun_service(  123): received event(DUN_EVENT_RMNET_UP) in state(DUN_STATE_USB_UNPLUG)
02-09 18:09:20.799 I/dun_service(  123): Ignoring the event DUN_EVENT_RMNET_UP in USB_UNPLUG_STATE
02-09 18:09:20.799 I/dun_service(  123): Moved to state(DUN_STATE_USB_UNPLUG)
02-09 18:09:21.069 D/KeyguardViewMediator(27162): setHidden false
02-09 18:09:21.109 D/KeyguardViewMediator(27162): setHidden false
02-09 18:09:21.119 D/KeyguardViewMediator(27162): setHidden false
02-09 18:09:21.119 D/KeyguardViewMediator(27162): setHidden false
02-09 18:09:21.139 D/KeyguardViewMediator(27162): setHidden false
02-09 18:09:21.149 D/KeyguardViewMediator(27162): setHidden false
02-09 18:09:21.169 D/KeyguardViewMediator(27162): setHidden false
02-09 18:09:21.189 D/KeyguardViewMediator(27162): setHidden false
02-09 18:09:21.199 D/KeyguardViewMediator(27162): setHidden false
02-09 18:09:21.209 D/KeyguardViewMediator(27162): setHidden false
02-09 18:09:21.690 I/Mms/compose(27733): SLIDESHOW updateSendButtonState enable = true
02-09 18:09:21.700 I/Mms/compose(27733): SLIDESHOW setSendButtonText isMms = false
02-09 18:09:21.700 I/Mms/compose(27733): SLIDESHOW setSendButtonText isMms = false
02-09 18:09:21.720 I/Mms/compose(27733): SLIDESHOW updateSendButtonState enable = true
02-09 18:09:21.720 I/Mms/compose(27733): SLIDESHOW setSendButtonText isMms = false
02-09 18:09:21.720 I/Mms/compose(27733): SLIDESHOW setSendButtonText isMms = false
02-09 18:09:21.770 D/KeyguardViewMediator(27162): setHidden false
02-09 18:09:21.790 D/KeyguardViewMediator(27162): setHidden false
02-09 18:09:21.810 D/KeyguardViewMediator(27162): setHidden false
02-09 18:09:21.820 D/KeyguardViewMediator(27162): setHidden false
02-09 18:09:21.840 D/KeyguardViewMediator(27162): setHidden false
02-09 18:09:21.860 D/KeyguardViewMediator(27162): setHidden false
02-09 18:09:21.870 D/KeyguardViewMediator(27162): setHidden false
02-09 18:09:21.880 D/KeyguardViewMediator(27162): setHidden false
02-09 18:09:22.561 D/Mms/compose(27733): isInternationalRoamingSMSChecked:true
02-09 18:09:22.561 D/Mms/compose(27733): roamingStatus:1
02-09 18:09:22.591 I/Mms/compose(27733): SLIDESHOW setSendButtonText isMms = false
02-09 18:09:22.591 I/Mms/compose(27733): drawBottomPanel, inputmethod
02-09 18:09:22.591 D/Mms/compose(27733): lyftest updateOtherAttachmentView
02-09 18:09:22.611 I/Mms/compose(27733): SLIDESHOW updateSendButtonState enable = true
02-09 18:09:22.611 I/Mms/compose(27733): SLIDESHOW setSendButtonText isMms = false
02-09 18:09:22.631 E/MmsCustom(27733): mms config file_exist,,,custom_file_exist:true
02-09 18:09:22.631 D/SmsMessageSender(27733): MmsCustom.file_exist()==true
02-09 18:09:22.691 E/HQB     (27733): onReceive  action received com.android.mms.transaction.SEND_MESSAGE
02-09 18:09:22.691 E/HQB     (27733): onReceiveWithPrivilege  action received com.android.mms.transaction.SEND_MESSAGE
02-09 18:09:22.731 D/KeyguardViewMediator(27162): setHidden false
02-09 18:09:22.741 D/KeyguardViewMediator(27162): setHidden false
02-09 18:09:22.751 E/wpa_supplicant(30784): ioctl[SIOCGIWSCAN]: 11
02-09 18:09:22.751 I/dun_service(  123): process rmnet event
02-09 18:09:22.751 I/dun_service(  123): Post event 4
02-09 18:09:22.751 I/dun_service(  123): received event: DUN_EVENT_RMNET_UP 
02-09 18:09:22.751 I/dun_service(  123): received event(DUN_EVENT_RMNET_UP) in state(DUN_STATE_USB_UNPLUG)
02-09 18:09:22.751 I/dun_service(  123): Ignoring the event DUN_EVENT_RMNET_UP in USB_UNPLUG_STATE
02-09 18:09:22.751 I/dun_service(  123): Moved to state(DUN_STATE_USB_UNPLUG)
02-09 18:09:22.761 D/KeyguardViewMediator(27162): setHidden false
02-09 18:09:22.771 D/KeyguardViewMediator(27162): setHidden false
02-09 18:09:22.791 D/KeyguardViewMediator(27162): setHidden false
02-09 18:09:22.801 D/Mms     (27733): formatTimeStampString1 ,when = 1328830240261
02-09 18:09:22.801 D/Mms     (27733): formatTimeStampString2 ,when = 1328830240261
02-09 18:09:22.801 D/MessageItem(27733): MessageItem ,expiryDate = 0
02-09 18:09:22.811 D/KeyguardViewMediator(27162): setHidden false
02-09 18:09:22.821 D/Mms     (27733): formatTimeStampString1 ,when = 1328829063515
02-09 18:09:22.821 D/Mms     (27733): formatTimeStampString2 ,when = 1328829063515
02-09 18:09:22.821 D/KeyguardViewMediator(27162): setHidden false
02-09 18:09:22.841 D/KeyguardViewMediator(27162): setHidden false
02-09 18:09:22.851 D/KeyguardViewMediator(27162): setHidden false
02-09 18:09:22.861 D/Mms     (27733): formatTimeStampString1 ,when = 1328830240261
02-09 18:09:22.861 D/Mms     (27733): formatTimeStampString2 ,when = 1328830240261
02-09 18:09:22.861 D/MessageItem(27733): MessageItem ,expiryDate = 0
02-09 18:09:22.871 D/Mms     (27733): formatTimeStampString1 ,when = 1328829063515
02-09 18:09:22.871 D/Mms     (27733): formatTimeStampString2 ,when = 1328829063515
02-09 18:09:22.871 D/KeyguardViewMediator(27162): setHidden false
02-09 18:09:22.891 D/KeyguardViewMediator(27162): setHidden false
02-09 18:09:22.901 D/KeyguardViewMediator(27162): setHidden false
02-09 18:09:22.961 D/Mms     (27733): formatTimeStampString1 ,when = 1328830240261
02-09 18:09:22.961 D/Mms     (27733): formatTimeStampString2 ,when = 1328830240261
02-09 18:09:22.961 D/MessageItem(27733): MessageItem ,expiryDate = 0
02-09 18:09:22.971 D/Mms     (27733): formatTimeStampString1 ,when = 1328829063515
02-09 18:09:22.971 D/Mms     (27733): formatTimeStampString2 ,when = 1328829063515
02-09 18:09:22.991 D/Mms     (27733): formatTimeStampString1 ,when = 1328830240261
02-09 18:09:22.991 D/Mms     (27733): formatTimeStampString2 ,when = 1328830240261
02-09 18:09:23.001 D/MessageItem(27733): MessageItem ,expiryDate = 0
02-09 18:09:23.001 D/Mms     (27733): formatTimeStampString1 ,when = 1328829063515
02-09 18:09:23.001 D/Mms     (27733): formatTimeStampString2 ,when = 1328829063515
02-09 18:09:23.351 I/DATA    (27234): [DCT(0) ] onDataCallListChanged:
02-09 18:09:23.351 I/DATA    (27234): [DCT(0) ] ---dc state list---
02-09 18:09:23.351 I/DATA    (27234): [DCT(0) ] DataCallState: { cid: 0, active: 1, type: , apn: , address: 70.5.41.227 }
02-09 18:09:23.351 I/DATA    (27234): [DCT(0) ] ---dc list---
02-09 18:09:23.351 I/DATA    (27234): [DCT(0) ] cid = 0, state = DcActiveState, bearerType = IP, ipaddress = 70.5.41.227, gw=70.5.41.225, dns=[68.28.67.132, 68.28.68.132]
02-09 18:09:24.002 D/PhoneApp(27234): updateProximitySensorMode: state = IDLE
02-09 18:09:24.002 D/PhoneApp(27234): updateProximitySensorMode: lock already released.
02-09 18:09:24.032 D/KeyguardViewMediator(27162): setHidden false
02-09 18:09:24.062 D/KeyguardViewMediator(27162): setHidden false
02-09 18:09:24.062 D/KeyguardViewMediator(27162): setHidden false
02-09 18:09:24.062 D/KeyguardViewMediator(27162): setHidden false
02-09 18:09:24.072 D/KeyguardViewMediator(27162): setHidden false
02-09 18:09:24.092 D/KeyguardViewMediator(27162): setHidden false
02-09 18:09:24.112 D/KeyguardViewMediator(27162): setHidden false
02-09 18:09:24.122 D/KeyguardViewMediator(27162): setHidden false
02-09 18:09:24.132 D/KeyguardViewMediator(27162): setHidden false
02-09 18:09:24.142 D/KeyguardViewMediator(27162): setHidden false
02-09 18:09:24.172 D/KeyguardViewMediator(27162): setHidden false
02-09 18:09:24.202 D/OmaDrmReceiver( 3808): android.intent.action.CONFIGURATION_CHANGED
02-09 18:09:24.212 I/OmaDrmService( 3808): Language changed!!!!!!
02-09 18:09:24.713 E/wpa_supplicant(30784): ioctl[SIOCGIWSCAN]: 11
02-09 18:09:24.713 I/dun_service(  123): process rmnet event
02-09 18:09:24.713 I/dun_service(  123): Post event 4
02-09 18:09:24.713 I/dun_service(  123): received event: DUN_EVENT_RMNET_UP 
02-09 18:09:24.713 I/dun_service(  123): received event(DUN_EVENT_RMNET_UP) in state(DUN_STATE_USB_UNPLUG)
02-09 18:09:24.713 I/dun_service(  123): Ignoring the event DUN_EVENT_RMNET_UP in USB_UNPLUG_STATE
02-09 18:09:24.713 I/dun_service(  123): Moved to state(DUN_STATE_USB_UNPLUG)
02-09 18:09:25.223 D/PowerManagerService(27162): Go to sleep-->
02-09 18:09:25.223 D/PowerManagerService(27162): setPowerState: mPowerState=0x3 newState=0x0 noChangeLights=false reason=2
02-09 18:09:25.463 D/PowerManagerService(27162): acquireWakeLock flags=0x1 tag=sleep_broadcast
02-09 18:09:25.463 D/PowerManagerService(27162): Go to standby ,PARTIAL_WAKE_LOCK tag = RILJ
02-09 18:09:25.463 D/PowerManagerService(27162): Go to standby ,PARTIAL_WAKE_LOCK tag = sleep_broadcast
02-09 18:09:25.463 D/KeyguardViewMediator(27162): onScreenTurnedOff(2)
02-09 18:09:25.463 D/lisha   (27162): isLockedOrMissing ***state.isPinLocked()=false***requireSim = true***state=READY
02-09 18:09:25.463 D/lisha   (27162): ***lockedOrMissing=false***provisioned=true
02-09 18:09:25.463 D/KeyguardViewMediator(27162): doKeyguard: showing the lock screen
02-09 18:09:25.463 D/KeyguardViewMediator(27162): showLocked
02-09 18:09:25.463 D/PowerManagerService(27162): acquireWakeLock flags=0x1 tag=show keyguard
02-09 18:09:25.473 D/KeyguardViewMediator(27162): handleShow
02-09 18:09:25.483 I/LockPatternKeyguardView(27162): updateLockscreenBackground
02-09 18:09:25.483 I/LockPatternKeyguardView(27162): setBackgroundDrawable
02-09 18:09:25.483 I/LockPatternKeyguardView(27162): file not found: etc/customize/default_lockscreen
02-09 18:09:25.494 E/Sensors (27162): [HAL]ready to call enable(Accelerometer,0),AAAAAAAA
02-09 18:09:25.494 E/Sensors (27162): [HAL]ECS_IOCTL_APP_SET_AFLAG 	success,flags = 0
02-09 18:09:25.494 E/Sensors (27162): [HAL]After {mEnabled &= ~(1<<what)},mEnabled = 0
02-09 18:09:25.494 E/Sensors (27162): [HAL]After {(newState)<<what)},mEnabled = 0
02-09 18:09:25.494 E/Sensors (27162): [HAL]Closed /dev/akm8962_aot in enable(Accelerometer,0),mEnable = 0
02-09 18:09:25.504 D/PowerManagerService(27162): acquireWakeLock flags=0x1 tag=ActivityManager-Sleep
02-09 18:09:25.524 D/PowerManagerService(27162): releaseWakeLock flags=0x1 tag=RILJ
02-09 18:09:25.594 D/PowerManagerService(27162): releaseWakeLock flags=0x1 tag=ActivityManager-Sleep
02-09 18:09:25.594 E/HQB     (27733): onReceive  action received com.android.mms.transaction.MESSAGE_SENT
02-09 18:09:25.594 E/HQB     (27733): onReceiveWithPrivilege  action received com.android.mms.transaction.MESSAGE_SENT
02-09 18:09:25.594 D/PowerManagerService(27162): acquireWakeLock flags=0x1 tag=StartingAlertService
02-09 18:09:25.614 D/PowerManagerService(27162): acquireWakeLock flags=0x1 tag=RILJ
02-09 18:09:25.614 I/DATA    (27234): [DCT(0) ] intent received :android.intent.action.SCREEN_OFF
02-09 18:09:25.634 D/PowerManagerService(27162): releaseWakeLock flags=0x1 tag=RILJ
02-09 18:09:25.644 D/AlarmManager(27162): +++Alarm set:type=0 android  Trigger after:120000ms
02-09 18:09:25.654 D/PowerManagerService(27162): releaseWakeLock flags=0x1 tag=sleep_broadcast
02-09 18:09:25.654 D/AlarmManager(27162): +++Alarm set:type=2 com.google.android.apps.maps  Trigger after:10779618ms
02-09 18:09:25.654 D/MAP.MapReceiver(27248): Got event in onReceiver com.broadcom.bt.service.map.sms.MESSAGE_SENT_BY_MMS_APP
02-09 18:09:25.684 D/LockScreen(27162): initCarrierVisibility - mResId.length=2, mCarrier.length=1
02-09 18:09:25.714 D/LockScreen(27162): updateLayout: status=Normalsubscription=0
02-09 18:09:25.714 D/LockScreen(27162): Updating Lock Screen text to Ruim
02-09 18:09:25.724 D/LockPatternKeyguardView(27162): LockPatternKeyguardView ctor: about to createUnlockScreenFor; mEnableFallback=false
02-09 18:09:25.724 D/UnlockScreen(27162): *******mCreationOrientation = 1
02-09 18:09:25.764 D/LockPatternKeyguardView(27162): createUnlockScreenFor(Pattern): mEnableFallback=false
02-09 18:09:25.784 I/LockPatternKeyguardView(27162): updateLockscreenBackground
02-09 18:09:25.784 I/LockPatternKeyguardView(27162): setBackgroundDrawable
02-09 18:09:25.784 I/LockPatternKeyguardView(27162): file not found: etc/customize/default_lockscreen
02-09 18:09:25.784 D/LockScreen(27162): updateLayout: status=Normalsubscription=0
02-09 18:09:25.784 D/LockScreen(27162): Updating Lock Screen text to Ruim
02-09 18:09:25.794 D/KeyguardViewMediator(27162): adjustUserActivityLocked mShowing: true mHidden: false
02-09 18:09:25.804 I/ContactsListActivity(27282): powerReceiver,onReceive
02-09 18:09:25.804 I/ContactsListActivity(27282): reason = lock
02-09 18:09:25.804 I/ContactsListActivity(27282): powerReceiver,closeContextMenu
02-09 18:09:25.804 D/PowerManagerService(27162): releaseWakeLock flags=0x1 tag=show keyguard
02-09 18:09:25.814 D/KeyguardViewMediator(27162): setHidden false
02-09 18:09:25.874 D/KeyguardViewMediator(27162): setHidden false
02-09 18:09:25.874 D/KeyguardViewMediator(27162): setHidden false
02-09 18:09:25.884 D/Launcher(27250): Closing system Dialogs 
02-09 18:09:25.914 D/Mms     (27733): formatTimeStampString1 ,when = 1328832562611
02-09 18:09:25.914 D/Mms     (27733): formatTimeStampString2 ,when = 1328832562611
02-09 18:09:25.914 D/Mms     (27733): formatTimeStampString1 ,when = 1328830240261
02-09 18:09:25.914 D/Mms     (27733): formatTimeStampString2 ,when = 1328830240261
02-09 18:09:25.924 D/MessageItem(27733): MessageItem ,expiryDate = 0
02-09 18:09:25.924 D/Mms     (27733): formatTimeStampString1 ,when = 1328829063515
02-09 18:09:25.924 D/Mms     (27733): formatTimeStampString2 ,when = 1328829063515
02-09 18:09:25.964 D/Mms     (27733): formatTimeStampString1 ,when = 1328832562611
02-09 18:09:25.964 D/Mms     (27733): formatTimeStampString2 ,when = 1328832562611
02-09 18:09:25.974 D/Mms     (27733): formatTimeStampString1 ,when = 1328830240261
02-09 18:09:25.974 D/Mms     (27733): formatTimeStampString2 ,when = 1328830240261
02-09 18:09:25.974 D/MessageItem(27733): MessageItem ,expiryDate = 0
02-09 18:09:25.974 D/Mms     (27733): formatTimeStampString1 ,when = 1328829063515
02-09 18:09:25.974 D/Mms     (27733): formatTimeStampString2 ,when = 1328829063515
02-09 18:09:26.004 D/PowerManagerService(27162): releaseWakeLock flags=0x1 tag=StartingAlertService
02-09 18:09:26.004 D/PowerManagerService(27162):  ALL PARTIAL wakeLock Released ! 
02-09 18:09:26.592 E/wpa_supplicant(30784): ioctl[SIOCGIWSCAN]: 11
02-09 18:09:26.592 I/dun_service(  123): process rmnet event
02-09 18:09:26.592 I/dun_service(  123): Post event 4
02-09 18:09:26.592 I/dun_service(  123): received event: DUN_EVENT_RMNET_UP 
02-09 18:09:26.592 I/dun_service(  123): received event(DUN_EVENT_RMNET_UP) in state(DUN_STATE_USB_UNPLUG)
02-09 18:09:26.592 I/dun_service(  123): Ignoring the event DUN_EVENT_RMNET_UP in USB_UNPLUG_STATE
02-09 18:09:26.592 I/dun_service(  123): Moved to state(DUN_STATE_USB_UNPLUG)
02-09 18:09:26.652 D/Bitmap  (27162): Detect unrecycled bitmap.
02-09 18:09:26.652 D/Bitmap  (27162):       Size: 39744 Bytes, Width: 108 , Height: 92 , Hash code: 1088042296
02-09 18:09:26.652 D/Bitmap  (27162):  This bimap was created in:
02-09 18:09:26.652 D/Bitmap  (27162):       android.graphics.Bitmap.<init>(Bitmap.java:136)
02-09 18:09:26.652 D/Bitmap  (27162):       android.graphics.BitmapFactory.nativeDecodeAsset(Native Method)
02-09 18:09:26.652 D/Bitmap  (27162):       android.graphics.BitmapFactory.decodeStream(BitmapFactory.java:460)
02-09 18:09:26.652 D/Bitmap  (27162):       android.graphics.BitmapFactory.decodeResourceStream(BitmapFactory.java:336)
02-09 18:09:26.652 D/Bitmap  (27162):       android.graphics.drawable.Drawable.createFromResourceStream(Drawable.java:697)
02-09 18:09:26.652 D/Bitmap  (27162):       android.content.res.Resources.loadDrawable(Resources.java:1709)
02-09 18:09:26.652 D/Bitmap  (27162):       android.content.res.Resources.getDrawable(Resources.java:581)
02-09 18:09:26.652 D/Bitmap  (27162):       android.graphics.drawable.StateListDrawable.inflate(StateListDrawable.java:162)
02-09 18:09:26.652 D/Bitmap  (27162):       android.graphics.drawable.Drawable.createFromXmlInner(Drawable.java:787)
02-09 18:09:26.652 D/Bitmap  (27162):       android.graphics.drawable.Drawable.createFromXml(Drawable.java:728)
02-09 18:09:26.652 D/Bitmap  (27162):       android.content.res.Resources.loadDrawable(Resources.java:1694)
02-09 18:09:26.652 D/Bitmap  (27162):       android.content.res.Resources.getDrawable(Resources.java:581)
02-09 18:09:26.652 D/Bitmap  (27162):       android.view.View.setBackgroundResource(View.java:7533)
02-09 18:09:26.652 D/Bitmap  (27162):       com.android.internal.widget.SlidingTab$Slider.<init>(SlidingTab.java:192)
02-09 18:09:26.652 D/Bitmap  (27162):       com.android.internal.widget.SlidingTab.<init>(SlidingTab.java:458)
02-09 18:09:26.652 D/Bitmap  (27162):       java.lang.reflect.Constructor.constructNative(Native Method)
02-09 18:09:26.652 D/Bitmap  (27162):       java.lang.reflect.Constructor.newInstance(Constructor.java:415)
02-09 18:09:26.652 D/Bitmap  (27162):       android.view.LayoutInflater.createView(LayoutInflater.java:505)
02-09 18:09:26.652 D/Bitmap  (27162):       android.view.LayoutInflater.createViewFromTag(LayoutInflater.java:570)
02-09 18:09:26.652 D/Bitmap  (27162):       android.view.LayoutInflater.rInflate(LayoutInflater.java:623)
02-09 18:09:26.652 D/Bitmap  (27162):       android.view.LayoutInflater.inflate(LayoutInflater.java:408)
02-09 18:09:26.652 D/Bitmap  (27162):       android.view.LayoutInflater.inflate(LayoutInflater.java:320)
02-09 18:09:26.652 D/Bitmap  (27162):       com.android.internal.policy.impl.LockScreen.<init>(LockScreen.java:328)
02-09 18:09:26.652 D/Bitmap  (27162):       com.android.internal.policy.impl.LockPatternKeyguardView.createLockScreen(LockPatternKeyguardView.java:821)
02-09 18:09:26.652 D/Bitmap  (27162):       com.android.internal.policy.impl.LockPatternKeyguardView.<init>(LockPatternKeyguardView.java:429)
02-09 18:09:26.652 D/Bitmap  (27162):       com.android.internal.policy.impl.LockPatternKeyguardViewProperties.createKeyguardView(LockPatternKeyguardViewProperties.java:49)
02-09 18:09:26.652 D/Bitmap  (27162):       com.android.internal.policy.impl.KeyguardViewManager.show(KeyguardViewManager.java:125)
02-09 18:09:26.652 D/Bitmap  (27162):       com.android.internal.policy.impl.KeyguardViewMediator.handleShow(KeyguardViewMediator.java:1064)
02-09 18:09:26.652 D/Bitmap  (27162):       com.android.internal.policy.impl.KeyguardViewMediator.access$700(KeyguardViewMediator.java:103)
02-09 18:09:26.652 D/Bitmap  (27162):       com.android.internal.policy.impl.KeyguardViewMediator$2.handleMessage(KeyguardViewMediator.java:931)
02-09 18:09:26.652 D/Bitmap  (27162):       android.os.Handler.dispatchMessage(Handler.java:99)
02-09 18:09:26.652 D/Bitmap  (27162):       android.os.Looper.loop(Looper.java:130)
02-09 18:09:26.652 D/Bitmap  (27162):       com.android.server.WindowManagerService$PolicyThread.run(WindowManagerService.java:613)
02-09 18:09:26.652 D/Bitmap  (27162): _
02-09 18:09:26.652 D/Bitmap  (27162): Detect unrecycled bitmap.
02-09 18:09:26.652 D/Bitmap  (27162):       Size: 39744 Bytes, Width: 108 , Height: 92 , Hash code: 1087187704
02-09 18:09:26.652 D/Bitmap  (27162):  This bimap was created in:
02-09 18:09:26.652 D/Bitmap  (27162):       android.graphics.Bitmap.<init>(Bitmap.java:136)
02-09 18:09:26.652 D/Bitmap  (27162):       android.graphics.BitmapFactory.nativeDecodeAsset(Native Method)
02-09 18:09:26.652 D/Bitmap  (27162):       android.graphics.BitmapFactory.decodeStream(BitmapFactory.java:460)
02-09 18:09:26.652 D/Bitmap  (27162):       android.graphics.BitmapFactory.decodeResourceStream(BitmapFactory.java:336)
02-09 18:09:26.662 D/Bitmap  (27162):       android.graphics.drawable.Drawable.createFromResourceStream(Drawable.java:697)
02-09 18:09:26.662 D/Bitmap  (27162):       android.content.res.Resources.loadDrawable(Resources.java:1709)
02-09 18:09:26.662 D/Bitmap  (27162):       android.content.res.Resources.getDrawable(Resources.java:581)
02-09 18:09:26.662 D/Bitmap  (27162):       android.graphics.drawable.StateListDrawable.inflate(StateListDrawable.java:162)
02-09 18:09:26.662 D/Bitmap  (27162):       android.graphics.drawable.Drawable.createFromXmlInner(Drawable.java:787)
02-09 18:09:26.662 D/Bitmap  (27162):       android.graphics.drawable.Drawable.createFromXml(Drawable.java:728)
02-09 18:09:26.662 D/Bitmap  (27162):       android.content.res.Resources.loadDrawable(Resources.java:1694)
02-09 18:09:26.662 D/Bitmap  (27162):       android.content.res.Resources.getDrawable(Resources.java:581)
02-09 18:09:26.662 D/Bitmap  (27162):       android.view.View.setBackgroundResource(View.java:7533)
02-09 18:09:26.662 D/Bitmap  (27162):       com.android.internal.widget.SlidingTab$Slider.<init>(SlidingTab.java:192)
02-09 18:09:26.662 D/Bitmap  (27162):       com.android.internal.widget.SlidingTab.<init>(SlidingTab.java:462)
02-09 18:09:26.662 D/Bitmap  (27162):       java.lang.reflect.Constructor.constructNative(Native Method)
02-09 18:09:26.662 D/Bitmap  (27162):       java.lang.reflect.Constructor.newInstance(Constructor.java:415)
02-09 18:09:26.662 D/Bitmap  (27162):       android.view.LayoutInflater.createView(LayoutInflater.java:505)
02-09 18:09:26.662 D/Bitmap  (27162):       android.view.LayoutInflater.createViewFromTag(LayoutInflater.java:570)
02-09 18:09:26.662 D/Bitmap  (27162):       android.view.LayoutInflater.rInflate(LayoutInflater.java:623)
02-09 18:09:26.662 D/Bitmap  (27162):       android.view.LayoutInflater.inflate(LayoutInflater.java:408)
02-09 18:09:26.662 D/Bitmap  (27162):       android.view.LayoutInflater.inflate(LayoutInflater.java:320)
02-09 18:09:26.662 D/Bitmap  (27162):       com.android.internal.policy.impl.LockScreen.<init>(LockScreen.java:328)
02-09 18:09:26.662 D/Bitmap  (27162):       com.android.internal.policy.impl.LockPatternKeyguardView.createLockScreen(LockPatternKeyguardView.java:821)
02-09 18:09:26.662 D/Bitmap  (27162):       com.android.internal.policy.impl.LockPatternKeyguardView.<init>(LockPatternKeyguardView.java:429)
02-09 18:09:26.662 D/Bitmap  (27162):       com.android.internal.policy.impl.LockPatternKeyguardViewProperties.createKeyguardView(LockPatternKeyguardViewProperties.java:49)
02-09 18:09:26.662 D/Bitmap  (27162):       com.android.internal.policy.impl.KeyguardViewManager.show(KeyguardViewManager.java:125)
02-09 18:09:26.662 D/Bitmap  (27162):       com.android.internal.policy.impl.KeyguardViewMediator.handleShow(KeyguardViewMediator.java:1064)
02-09 18:09:26.662 D/Bitmap  (27162):       com.android.internal.policy.impl.KeyguardViewMediator.access$700(KeyguardViewMediator.java:103)
02-09 18:09:26.662 D/Bitmap  (27162):       com.android.internal.policy.impl.KeyguardViewMediator$2.handleMessage(KeyguardViewMediator.java:931)
02-09 18:09:26.662 D/Bitmap  (27162):       android.os.Handler.dispatchMessage(Handler.java:99)
02-09 18:09:26.662 D/Bitmap  (27162):       android.os.Looper.loop(Looper.java:130)
02-09 18:09:26.662 D/Bitmap  (27162):       com.android.server.WindowManagerService$PolicyThread.run(WindowManagerService.java:613)
02-09 18:09:26.662 D/Bitmap  (27162): _
02-09 18:09:28.542 D/PowerManagerService(27162): acquireWakeLock flags=0x1 tag=ServiceStateTracker
02-09 18:09:28.552 D/PowerManagerService(27162): releaseWakeLock flags=0x1 tag=ServiceStateTracker
02-09 18:09:28.552 D/PowerManagerService(27162):  ALL PARTIAL wakeLock Released ! 
02-09 18:09:28.792 E/wpa_supplicant(30784): ioctl[SIOCGIWSCAN]: 11
02-09 18:09:28.792 I/dun_service(  123): process rmnet event
02-09 18:09:28.792 I/dun_service(  123): Post event 4
02-09 18:09:28.792 I/dun_service(  123): received event: DUN_EVENT_RMNET_UP 
02-09 18:09:28.792 I/dun_service(  123): received event(DUN_EVENT_RMNET_UP) in state(DUN_STATE_USB_UNPLUG)
02-09 18:09:28.792 I/dun_service(  123): Ignoring the event DUN_EVENT_RMNET_UP in USB_UNPLUG_STATE
02-09 18:09:28.792 I/dun_service(  123): Moved to state(DUN_STATE_USB_UNPLUG)
02-09 18:09:28.802 D/PowerManagerService(27162): acquireWakeLock flags=0x1 tag=ServiceStateTracker
02-09 18:09:28.812 D/PowerManagerService(27162): releaseWakeLock flags=0x1 tag=ServiceStateTracker
02-09 18:09:28.812 D/PowerManagerService(27162):  ALL PARTIAL wakeLock Released ! 
02-09 18:09:29.713 I/dun_service(  123): The value returned from dun_getusbmodemstate_fromsys is 2 
02-09 18:09:29.743 D/KeyguardUpdateMonitor(27162): received broadcast android.intent.action.BATTERY_CHANGED
02-09 18:09:29.743 D/KeyguardUpdateMonitor(27162): handleBatteryUpdate
02-09 18:09:29.773 D/PowerManagerService(27162): acquireWakeLock flags=0x1 tag=WifiService
02-09 18:09:29.793 D/PowerManagerService(27162): releaseWakeLock flags=0x1 tag=WifiService
02-09 18:09:29.793 D/PowerManagerService(27162):  ALL PARTIAL wakeLock Released ! 
02-09 18:09:30.522 E/wpa_supplicant(30784): ioctl[SIOCGIWSCAN]: 11
02-09 18:09:30.522 I/dun_service(  123): process rmnet event
02-09 18:09:30.522 I/dun_service(  123): Post event 4
02-09 18:09:30.522 I/dun_service(  123): received event: DUN_EVENT_RMNET_UP 
02-09 18:09:30.522 I/dun_service(  123): received event(DUN_EVENT_RMNET_UP) in state(DUN_STATE_USB_UNPLUG)
02-09 18:09:30.522 I/dun_service(  123): Ignoring the event DUN_EVENT_RMNET_UP in USB_UNPLUG_STATE
02-09 18:09:30.522 I/dun_service(  123): Moved to state(DUN_STATE_USB_UNPLUG)
02-09 18:09:32.552 D/PowerManagerService(27162): acquireWakeLock flags=0x1 tag=ServiceStateTracker
02-09 18:09:32.552 D/PowerManagerService(27162): releaseWakeLock flags=0x1 tag=ServiceStateTracker
02-09 18:09:32.552 D/PowerManagerService(27162):  ALL PARTIAL wakeLock Released ! 
02-09 18:09:32.562 E/wpa_supplicant(30784): ioctl[SIOCGIWSCAN]: 11
02-09 18:09:32.562 I/dun_service(  123): process rmnet event
02-09 18:09:32.562 I/dun_service(  123): Post event 4
02-09 18:09:32.562 I/dun_service(  123): received event: DUN_EVENT_RMNET_UP 
02-09 18:09:32.562 I/dun_service(  123): received event(DUN_EVENT_RMNET_UP) in state(DUN_STATE_USB_UNPLUG)
02-09 18:09:32.562 I/dun_service(  123): Ignoring the event DUN_EVENT_RMNET_UP in USB_UNPLUG_STATE
02-09 18:09:32.562 I/dun_service(  123): Moved to state(DUN_STATE_USB_UNPLUG)
02-09 18:09:34.532 D/PowerManagerService(27162): acquireWakeLock flags=0x1 tag=ServiceStateTracker
02-09 18:09:34.542 D/PowerManagerService(27162): releaseWakeLock flags=0x1 tag=ServiceStateTracker
02-09 18:09:34.542 D/PowerManagerService(27162):  ALL PARTIAL wakeLock Released ! 
02-09 18:09:34.552 E/wpa_supplicant(30784): ioctl[SIOCGIWSCAN]: 11
02-09 18:09:34.552 I/dun_service(  123): process rmnet event
02-09 18:09:34.552 I/dun_service(  123): Post event 4
02-09 18:09:34.552 I/dun_service(  123): received event: DUN_EVENT_RMNET_UP 
02-09 18:09:34.552 I/dun_service(  123): received event(DUN_EVENT_RMNET_UP) in state(DUN_STATE_USB_UNPLUG)
02-09 18:09:34.552 I/dun_service(  123): Ignoring the event DUN_EVENT_RMNET_UP in USB_UNPLUG_STATE
02-09 18:09:34.552 I/dun_service(  123): Moved to state(DUN_STATE_USB_UNPLUG)
02-09 18:09:36.522 E/wpa_supplicant(30784): ioctl[SIOCGIWSCAN]: 11
02-09 18:09:36.522 I/dun_service(  123): process rmnet event
02-09 18:09:36.522 I/dun_service(  123): Post event 4
02-09 18:09:36.522 I/dun_service(  123): received event: DUN_EVENT_RMNET_UP 
02-09 18:09:36.522 I/dun_service(  123): received event(DUN_EVENT_RMNET_UP) in state(DUN_STATE_USB_UNPLUG)
02-09 18:09:36.522 I/dun_service(  123): Ignoring the event DUN_EVENT_RMNET_UP in USB_UNPLUG_STATE
02-09 18:09:36.522 I/dun_service(  123): Moved to state(DUN_STATE_USB_UNPLUG)
02-09 18:09:38.522 E/wpa_supplicant(30784): ioctl[SIOCGIWSCAN]: 11
02-09 18:09:38.522 I/dun_service(  123): process rmnet event
02-09 18:09:38.522 I/dun_service(  123): Post event 4
02-09 18:09:38.522 I/dun_service(  123): received event: DUN_EVENT_RMNET_UP 
02-09 18:09:38.522 I/dun_service(  123): received event(DUN_EVENT_RMNET_UP) in state(DUN_STATE_USB_UNPLUG)
02-09 18:09:38.522 I/dun_service(  123): Ignoring the event DUN_EVENT_RMNET_UP in USB_UNPLUG_STATE
02-09 18:09:38.522 I/dun_service(  123): Moved to state(DUN_STATE_USB_UNPLUG)
02-09 18:09:40.522 E/wpa_supplicant(30784): ioctl[SIOCGIWSCAN]: 11
02-09 18:09:40.522 I/dun_service(  123): process rmnet event
02-09 18:09:40.522 I/dun_service(  123): Post event 4
02-09 18:09:40.522 I/dun_service(  123): received event: DUN_EVENT_RMNET_UP 
02-09 18:09:40.522 I/dun_service(  123): received event(DUN_EVENT_RMNET_UP) in state(DUN_STATE_USB_UNPLUG)
02-09 18:09:40.522 I/dun_service(  123): Ignoring the event DUN_EVENT_RMNET_UP in USB_UNPLUG_STATE
02-09 18:09:40.522 I/dun_service(  123): Moved to state(DUN_STATE_USB_UNPLUG)
02-09 18:09:42.522 E/wpa_supplicant(30784): ioctl[SIOCGIWSCAN]: 11
02-09 18:09:42.522 I/dun_service(  123): process rmnet event
02-09 18:09:42.522 I/dun_service(  123): Post event 4
02-09 18:09:42.522 I/dun_service(  123): received event: DUN_EVENT_RMNET_UP 
02-09 18:09:42.522 I/dun_service(  123): received event(DUN_EVENT_RMNET_UP) in state(DUN_STATE_USB_UNPLUG)
02-09 18:09:42.522 I/dun_service(  123): Ignoring the event DUN_EVENT_RMNET_UP in USB_UNPLUG_STATE
02-09 18:09:42.522 I/dun_service(  123): Moved to state(DUN_STATE_USB_UNPLUG)
02-09 18:09:45.522 E/wpa_supplicant(30784): ioctl[SIOCGIWSCAN]: 11
02-09 18:09:45.522 I/dun_service(  123): process rmnet event
02-09 18:09:45.522 I/dun_service(  123): Post event 4
02-09 18:09:45.522 I/dun_service(  123): received event: DUN_EVENT_RMNET_UP 
02-09 18:09:45.522 I/dun_service(  123): received event(DUN_EVENT_RMNET_UP) in state(DUN_STATE_USB_UNPLUG)
02-09 18:09:45.522 I/dun_service(  123): Ignoring the event DUN_EVENT_RMNET_UP in USB_UNPLUG_STATE
02-09 18:09:45.522 I/dun_service(  123): Moved to state(DUN_STATE_USB_UNPLUG)
02-09 18:09:47.522 E/wpa_supplicant(30784): ioctl[SIOCGIWSCAN]: 11
02-09 18:09:47.522 I/dun_service(  123): process rmnet event
02-09 18:09:47.522 I/dun_service(  123): Post event 4
02-09 18:09:47.522 I/dun_service(  123): received event: DUN_EVENT_RMNET_UP 
02-09 18:09:47.522 I/dun_service(  123): received event(DUN_EVENT_RMNET_UP) in state(DUN_STATE_USB_UNPLUG)
02-09 18:09:47.522 I/dun_service(  123): Ignoring the event DUN_EVENT_RMNET_UP in USB_UNPLUG_STATE
02-09 18:09:47.522 I/dun_service(  123): Moved to state(DUN_STATE_USB_UNPLUG)
02-09 18:09:49.522 E/wpa_supplicant(30784): ioctl[SIOCGIWSCAN]: 11
02-09 18:09:49.522 I/dun_service(  123): process rmnet event
02-09 18:09:49.522 I/dun_service(  123): Post event 4
02-09 18:09:49.522 I/dun_service(  123): received event: DUN_EVENT_RMNET_UP 
02-09 18:09:49.522 I/dun_service(  123): received event(DUN_EVENT_RMNET_UP) in state(DUN_STATE_USB_UNPLUG)
02-09 18:09:49.522 I/dun_service(  123): Ignoring the event DUN_EVENT_RMNET_UP in USB_UNPLUG_STATE
02-09 18:09:49.522 I/dun_service(  123): Moved to state(DUN_STATE_USB_UNPLUG)
02-09 18:09:51.522 E/wpa_supplicant(30784): ioctl[SIOCGIWSCAN]: 11
02-09 18:09:51.522 I/dun_service(  123): process rmnet event
02-09 18:09:51.522 I/dun_service(  123): Post event 4
02-09 18:09:51.522 I/dun_service(  123): received event: DUN_EVENT_RMNET_UP 
02-09 18:09:51.522 I/dun_service(  123): received event(DUN_EVENT_RMNET_UP) in state(DUN_STATE_USB_UNPLUG)
02-09 18:09:51.522 I/dun_service(  123): Ignoring the event DUN_EVENT_RMNET_UP in USB_UNPLUG_STATE
02-09 18:09:51.522 I/dun_service(  123): Moved to state(DUN_STATE_USB_UNPLUG)
02-09 18:09:53.522 I/wpa_supplicant(30784): Selecting BSS from priority group 4
02-09 18:09:53.522 I/wpa_supplicant(30784): Try to find WPA-enabled AP
02-09 18:09:53.522 I/wpa_supplicant(30784): Selecting BSS from priority group 3
02-09 18:09:53.522 I/wpa_supplicant(30784): Try to find WPA-enabled AP
02-09 18:09:53.522 I/wpa_supplicant(30784): Selecting BSS from priority group 2
02-09 18:09:53.522 I/wpa_supplicant(30784): Try to find WPA-enabled AP
02-09 18:09:53.522 I/wpa_supplicant(30784): Selecting BSS from priority group 1
02-09 18:09:53.522 I/wpa_supplicant(30784): Try to find WPA-enabled AP
02-09 18:09:53.522 I/dun_service(  123): process rmnet event
02-09 18:09:53.522 I/dun_service(  123): Post event 4
02-09 18:09:53.522 I/dun_service(  123): received event: DUN_EVENT_RMNET_UP 
02-09 18:09:53.522 I/dun_service(  123): received event(DUN_EVENT_RMNET_UP) in state(DUN_STATE_USB_UNPLUG)
02-09 18:09:53.522 I/dun_service(  123): Ignoring the event DUN_EVENT_RMNET_UP in USB_UNPLUG_STATE
02-09 18:09:53.522 I/dun_service(  123): Moved to state(DUN_STATE_USB_UNPLUG)
02-09 18:09:53.522 D/WifiStateTracker(27162): setNotificationVisible() scanResult.SSID=ruckus-aaa Open? false
02-09 18:09:53.522 D/WifiStateTracker(27162): setNotificationVisible() visible=false mNotificationShown=false force=false return.
02-09 18:09:53.532 D/AlarmManager(27162): +++Alarm set:type=2 com.google.android.location  Trigger after:186015ms
02-09 18:09:53.562 D/AlarmManager(27162): +++Alarm set:type=2 com.google.android.apps.maps  Trigger after:2147483599550ms
02-09 18:11:24.522 I/dun_service(  123): The value returned from dun_getusbmodemstate_fromsys is 2 
02-09 18:11:24.522 D/PowerManagerService(27162): acquireWakeLock flags=0x1 tag=AlarmManager
02-09 18:11:24.522 D/KeyguardUpdateMonitor(27162): received broadcast android.intent.action.BATTERY_CHANGED
02-09 18:11:24.522 D/KeyguardUpdateMonitor(27162): handleBatteryUpdate
02-09 18:11:24.522 D/PowerManagerService(27162): acquireWakeLock flags=0x1 tag=WifiService
02-09 18:11:24.522 D/PowerManagerService(27162): releaseWakeLock flags=0x1 tag=WifiService
02-09 18:11:24.532 D/KeyguardUpdateMonitor(27162): received broadcast android.intent.action.TIME_TICK
02-09 18:11:24.532 D/KeyguardUpdateMonitor(27162): handleTimeUpdate
02-09 18:11:24.562 D/PowerManagerService(27162): releaseWakeLock flags=0x1 tag=AlarmManager
02-09 18:11:24.562 D/PowerManagerService(27162):  ALL PARTIAL wakeLock Released ! 
02-09 18:11:25.643 W/AlarmManager(27162): +++Alarm  wakeup phone ,pkg=android
02-09 18:11:25.643 D/PowerManagerService(27162): acquireWakeLock flags=0x1 tag=WifiService
02-09 18:11:25.643 D/WifiStateTracker(27162): setNotificationVisible() visible=false mNotificationShown=false force=false return.
02-09 18:11:25.643 D/PowerManagerService(27162): acquireWakeLock flags=0x1 tag=AlarmManager
02-09 18:11:25.653 W/AlarmManager(27162): +++alarm onSendFinished ,action=com.android.server.WifiManager.action.DEVICE_IDLE
02-09 18:11:25.653 D/PowerManagerService(27162): releaseWakeLock flags=0x1 tag=AlarmManager
02-09 18:11:25.683 I/wpa_supplicant(30784): State: SCANNING -> DISCONNECTED
02-09 18:11:25.683 I/wpa_supplicant(30784): CTRL-EVENT-STATE-CHANGE id=-1 state=8 BSSID=00:00:00:00:00:00
02-09 18:11:25.683 D/WifiStateTracker(27162): Reset connections and stopping DHCP
02-09 18:11:26.593 E/wpa_supplicant(30784): ioctl[SIOCGIWSCAN]: 11
02-09 18:11:26.603 I/dun_service(  123): process rmnet event
02-09 18:11:26.603 I/dun_service(  123): Post event 4
02-09 18:11:26.603 I/dun_service(  123): received event: DUN_EVENT_RMNET_UP 
02-09 18:11:26.603 I/dun_service(  123): received event(DUN_EVENT_RMNET_UP) in state(DUN_STATE_USB_UNPLUG)
02-09 18:11:26.603 I/dun_service(  123): Ignoring the event DUN_EVENT_RMNET_UP in USB_UNPLUG_STATE
02-09 18:11:26.603 I/dun_service(  123): Moved to state(DUN_STATE_USB_UNPLUG)
02-09 18:11:26.703 D/WifiStateTracker(27162): Disabling interface
02-09 18:11:26.703 I/dun_service(  123): process rmnet event
02-09 18:11:26.713 I/dun_service(  123): Post event 4
02-09 18:11:26.713 I/dun_service(  123): received event: DUN_EVENT_RMNET_UP 
02-09 18:11:26.713 I/dun_service(  123): received event(DUN_EVENT_RMNET_UP) in state(DUN_STATE_USB_UNPLUG)
02-09 18:11:26.713 I/dun_service(  123): Ignoring the event DUN_EVENT_RMNET_UP in USB_UNPLUG_STATE
02-09 18:11:26.713 I/dun_service(  123): Moved to state(DUN_STATE_USB_UNPLUG)
02-09 18:11:26.713 D/NetworkStateTracker(27162): setDetailed state, old =SCANNING and new state=IDLE
02-09 18:11:26.734 I/DATA    (27234): [DCT(0) ] intent received :android.net.wifi.STATE_CHANGE
02-09 18:11:26.754 I/dun_service(  123): process rmnet event
02-09 18:11:26.754 I/dun_service(  123): Post event 4
02-09 18:11:26.754 I/dun_service(  123): received event: DUN_EVENT_RMNET_UP 
02-09 18:11:26.754 I/dun_service(  123): received event(DUN_EVENT_RMNET_UP) in state(DUN_STATE_USB_UNPLUG)
02-09 18:11:26.754 I/dun_service(  123): Ignoring the event DUN_EVENT_RMNET_UP in USB_UNPLUG_STATE
02-09 18:11:26.754 I/dun_service(  123): Moved to state(DUN_STATE_USB_UNPLUG)
02-09 18:11:26.754 I/wpa_supplicant(30784): CTRL-EVENT-DRIVER-STATE STOPPED
02-09 18:11:26.884 E/rmt_storage(  155): [MyTag]open: fd=-1
02-09 18:11:26.884 E/rmt_storage(  155): block rmt_storage client thread
02-09 18:11:27.604 I/wpa_supplicant(30784): State: DISCONNECTED -> DISCONNECTED
02-09 18:11:27.604 I/wpa_supplicant(30784): CTRL-EVENT-STATE-CHANGE id=-1 state=8 BSSID=00:00:00:00:00:00
02-09 18:11:33.660 D/PowerManagerService(27162): releaseWakeLock flags=0x1 tag=WifiService
02-09 18:11:33.660 D/PowerManagerService(27162):  ALL PARTIAL wakeLock Released ! 
02-09 18:12:59.522 D/PowerManagerService(27162): acquireWakeLock flags=0x1 tag=AlarmManager
02-09 18:12:59.522 D/KeyguardUpdateMonitor(27162): received broadcast android.intent.action.TIME_TICK
02-09 18:12:59.522 D/KeyguardUpdateMonitor(27162): handleTimeUpdate
02-09 18:12:59.532 D/PowerManagerService(27162): releaseWakeLock flags=0x1 tag=AlarmManager
02-09 18:12:59.532 D/PowerManagerService(27162):  ALL PARTIAL wakeLock Released ! 
02-09 18:12:59.542 W/AlarmManager(27162): +++Alarm  wakeup phone ,pkg=com.google.android.location
02-09 18:12:59.542 D/PowerManagerService(27162): acquireWakeLock flags=0x1 tag=AlarmManager
02-09 18:12:59.552 D/PowerManagerService(27162): acquireWakeLock flags=0x1 tag=NetworkLocationCallbackRunner
02-09 18:12:59.552 D/PowerManagerService(27162): acquireWakeLock flags=0x1 tag=NetworkLocationLocator
02-09 18:12:59.552 D/PowerManagerService(27162): acquireWakeLock flags=0x1 tag=NetworkLocationCallbackRunner
02-09 18:12:59.552 D/PowerManagerService(27162): acquireWakeLock flags=0x1 tag=WifiService
02-09 18:12:59.552 D/WifiStateTracker(27162): Scan-only mode changing to true scanType=2
02-09 18:12:59.562 D/AlarmManager(27162): +++Alarm set:type=2 com.google.android.apps.maps  Trigger after:2147483413553ms
02-09 18:12:59.562 D/AlarmManager(27162): +++Alarm set:type=2 com.google.android.location  Trigger after:4997ms
02-09 18:12:59.562 D/PowerManagerService(27162): releaseWakeLock flags=0x1 tag=NetworkLocationCallbackRunner
02-09 18:12:59.562 D/PowerManagerService(27162): releaseWakeLock flags=0x1 tag=NetworkLocationCallbackRunner
02-09 18:12:59.562 D/TelephonyManager(27265): [LPZ-GPS]getCellLocation enter,usewireless=true
02-09 18:12:59.562 D/WifiStateTracker(27162): Reset connections and stopping DHCP
02-09 18:12:59.562 D/CdmaCellLocation(27265): [LPZ-GPS]mUseNetworkwireless=true
02-09 18:12:59.562 D/CdmaCellLocation(27265): [LPZ-GPS]BSId=13058
02-09 18:12:59.562 D/CdmaCellLocation(27265): [LPZ-GPS]BSLAT=560304
02-09 18:12:59.562 D/CdmaCellLocation(27265): [LPZ-GPS]BSLONG=-1362999
02-09 18:12:59.562 D/CdmaCellLocation(27265): [LPZ-GPS]SystemId=4139
02-09 18:12:59.562 D/CdmaCellLocation(27265): [LPZ-GPS]NetworkId=41
02-09 18:12:59.572 D/AlarmManager(27162): +++Alarm set:type=2 com.google.android.location  Trigger after:4980ms
02-09 18:12:59.582 W/AlarmManager(27162): +++alarm onSendFinished ,action=com.google.android.location.ALARM_WAKEUP_LOCATOR
02-09 18:12:59.582 D/PowerManagerService(27162): releaseWakeLock flags=0x1 tag=AlarmManager
02-09 18:13:00.002 D/PowerManagerService(27162): acquireWakeLock flags=0x1 tag=AlarmManager
02-09 18:13:00.012 D/KeyguardUpdateMonitor(27162): received broadcast android.intent.action.TIME_TICK
02-09 18:13:00.012 D/KeyguardUpdateMonitor(27162): handleTimeUpdate
02-09 18:13:00.072 D/PowerManagerService(27162): releaseWakeLock flags=0x1 tag=AlarmManager
02-09 18:13:00.582 D/WifiStateTracker(27162): Disabling interface
02-09 18:13:01.043 I/dun_service(  123): process rmnet event
02-09 18:13:01.063 I/dun_service(  123): Post event 4
02-09 18:13:01.063 I/dun_service(  123): process rmnet event
02-09 18:13:01.063 I/dun_service(  123): Post event 4
02-09 18:13:01.063 I/dun_service(  123): received event: DUN_EVENT_RMNET_UP 
02-09 18:13:01.063 I/dun_service(  123): received event(DUN_EVENT_RMNET_UP) in state(DUN_STATE_USB_UNPLUG)
02-09 18:13:01.063 I/dun_service(  123): Ignoring the event DUN_EVENT_RMNET_UP in USB_UNPLUG_STATE
02-09 18:13:01.063 I/dun_service(  123): Moved to state(DUN_STATE_USB_UNPLUG)
02-09 18:13:01.063 I/dun_service(  123): received event: DUN_EVENT_RMNET_UP 
02-09 18:13:01.063 I/dun_service(  123): received event(DUN_EVENT_RMNET_UP) in state(DUN_STATE_USB_UNPLUG)
02-09 18:13:01.063 I/dun_service(  123): Ignoring the event DUN_EVENT_RMNET_UP in USB_UNPLUG_STATE
02-09 18:13:01.063 I/dun_service(  123): Moved to state(DUN_STATE_USB_UNPLUG)
02-09 18:13:01.073 D/PowerManagerService(27162): releaseWakeLock flags=0x1 tag=WifiService
02-09 18:13:01.073 I/wpa_supplicant(30784): CTRL-EVENT-DRIVER-STATE STARTED
02-09 18:13:01.073 I/wpa_supplicant(30784): State: DISCONNECTED -> SCANNING
02-09 18:13:01.073 I/wpa_supplicant(30784): CTRL-EVENT-STATE-CHANGE id=-1 state=2 BSSID=00:00:00:00:00:00
02-09 18:13:01.093 E/wpa_supplicant(30784): Ongoing Scan action...
02-09 18:13:01.103 D/NetworkStateTracker(27162): setDetailed state, old =IDLE and new state=SCANNING
02-09 18:13:01.713 E/rmt_storage(  155): [MyTag]open: fd=-1
02-09 18:13:01.713 E/rmt_storage(  155): block rmt_storage client thread
02-09 18:13:02.024 I/wpa_supplicant(30784): State: SCANNING -> DISCONNECTED
02-09 18:13:02.024 I/wpa_supplicant(30784): CTRL-EVENT-STATE-CHANGE id=-1 state=8 BSSID=00:00:00:00:00:00
02-09 18:13:02.024 I/dun_service(  123): process rmnet event
02-09 18:13:02.024 I/dun_service(  123): Post event 4
02-09 18:13:02.024 I/dun_service(  123): received event: DUN_EVENT_RMNET_UP 
02-09 18:13:02.024 I/dun_service(  123): received event(DUN_EVENT_RMNET_UP) in state(DUN_STATE_USB_UNPLUG)
02-09 18:13:02.024 I/dun_service(  123): Ignoring the event DUN_EVENT_RMNET_UP in USB_UNPLUG_STATE
02-09 18:13:02.024 I/dun_service(  123): Moved to state(DUN_STATE_USB_UNPLUG)
02-09 18:13:02.054 D/WifiStateTracker(27162): setNotificationVisible() scanResult.SSID=NETGEAR Open? true
02-09 18:13:02.054 D/WifiStateTracker(27162): setNotificationVisible() scanResult.SSID=MestizoGuests Open? true
02-09 18:13:02.054 D/WifiStateTracker(27162): setNotificationVisible() scanResult.SSID=OPUS Open? false
02-09 18:13:02.054 D/WifiStateTracker(27162): setNotificationVisible() scanResult.SSID=mestizo Open? false
02-09 18:13:02.054 D/WifiStateTracker(27162): interpretScanResultsAvailable() numOpenNetworks=2 mNumScansSinceNetworkStateChange=496
02-09 18:13:02.054 D/WifiStateTracker(27162): setNotificationVisible() System.currentTimeMillis()=1328832782062
02-09 18:13:02.054 D/WifiStateTracker(27162): setNotificationVisible() mNotificationRepeatTime=1328831899987
02-09 18:13:02.074 D/WifiLocator(27265): Too many cache  misses. Need server request. hasLocation=0 noLocation=0 cacheMiss=4
02-09 18:13:02.074 D/CellLocator(27265): Found cell location: Position [redacted]
02-09 18:13:02.074 D/NetworkLocator(27265): New location significantly newer than previous. Reporting it.
02-09 18:13:02.084 D/androidNlpServiceThread(27265): reporting Location[mProvider=network,mTime=1328832782087,mLatitude=38.9107931,mLongitude=-94.6482693,mHasAltitude=false,mAltitude=0.0,mHasSpeed=false,mSpeed=0.0,mHasBearing=false,mBearing=0.0,mHasAccuracy=true,mAccuracy=1544.0,mExtras=Bundle[{networkLocationSource=cached, networkLocationType=cell}]]
02-09 18:13:02.084 D/WifiStateTracker(27162): Reset connections and stopping DHCP
02-09 18:13:02.094 D/AlarmManager(27162): +++Alarm set:type=2 com.google.android.location  Trigger after:2465ms
02-09 18:13:02.094 D/PowerManagerService(27162): acquireWakeLock flags=0x1 tag=GpsLocationProvider
02-09 18:13:02.094 I/System.out(27265): [INFO:26731568]: LogSource: Running flush
02-09 18:13:02.094 I/System.out(27265): [INFO:26731570]: LogSource: Sending payload [bytes=514]
02-09 18:13:02.104 D/AlarmManager(27162): +++Alarm set:type=2 com.google.android.apps.maps  Trigger after:2147483411008ms
02-09 18:13:02.104 D/ClientReporter(27265): reported location
02-09 18:13:02.104 D/PowerManagerService(27162): acquireWakeLock flags=0x1 tag=LocationManagerService
02-09 18:13:02.114 D/PowerManagerService(27162): releaseWakeLock flags=0x1 tag=LocationManagerService
02-09 18:13:02.114 D/PowerManagerService(27162): releaseWakeLock flags=0x1 tag=GpsLocationProvider
02-09 18:13:02.114 D/PowerManagerService(27162): acquireWakeLock flags=0x1 tag=LocationManagerService
02-09 18:13:02.114 D/PowerManagerService(27162): releaseWakeLock flags=0x1 tag=LocationManagerService
02-09 18:13:02.744 D/PowerManagerService(27162): acquireWakeLock flags=0x1 tag=ServiceStateTracker
02-09 18:13:02.754 D/PowerManagerService(27162): releaseWakeLock flags=0x1 tag=ServiceStateTracker
02-09 18:13:03.095 D/WifiStateTracker(27162): Disabling interface
02-09 18:13:03.095 I/dun_service(  123): process rmnet event
02-09 18:13:03.105 I/dun_service(  123): Post event 4
02-09 18:13:03.105 I/dun_service(  123): received event: DUN_EVENT_RMNET_UP 
02-09 18:13:03.105 I/dun_service(  123): received event(DUN_EVENT_RMNET_UP) in state(DUN_STATE_USB_UNPLUG)
02-09 18:13:03.105 I/dun_service(  123): Ignoring the event DUN_EVENT_RMNET_UP in USB_UNPLUG_STATE
02-09 18:13:03.105 I/dun_service(  123): Moved to state(DUN_STATE_USB_UNPLUG)
02-09 18:13:03.105 D/NetworkStateTracker(27162): setDetailed state, old =SCANNING and new state=IDLE
02-09 18:13:03.115 I/DATA    (27234): [DCT(0) ] intent received :android.net.wifi.STATE_CHANGE
02-09 18:13:03.225 D/KeyguardViewMediator(27162): setHidden false
02-09 18:13:03.225 D/KeyguardViewMediator(27162): setHidden false
02-09 18:13:04.566 W/AlarmManager(27162): +++Alarm  wakeup phone ,pkg=com.google.android.location
02-09 18:13:04.566 D/PowerManagerService(27162): acquireWakeLock flags=0x1 tag=AlarmManager
02-09 18:13:04.586 D/PowerManagerService(27162): acquireWakeLock flags=0x1 tag=NetworkLocationCallbackRunner
02-09 18:13:04.586 D/AlarmManager(27162): +++Alarm set:type=2 com.google.android.location  Trigger after:294971ms
