02-09 18:22:54.165 D/CallNotifier(27234): - need to play CALL_ENDED tone!
02-09 18:22:54.165 D/NotificationMgr(27234): cancelCallInProgressNotification()...
02-09 18:22:54.165 D/NotificationMgr(27234): cancelCallInProgressNotification: 2130837684
02-09 18:22:54.165 D/NotificationMgr(27234): cancelInCall()...
02-09 18:22:54.185 D/KeyguardViewMediator(27162): setHidden true
02-09 18:22:54.185 D/CallNotifier(27234): onDisconnect: In call screen. Set short timeout.
02-09 18:22:54.185 D/PowerManagerService(27162): UnPartial  wakeLock  reactivate ,flags=0x3000001a tag=PhoneApp
02-09 18:22:54.185 D/CallNotifier(27234): - callLogType: 1, UserData: CallerInfo { name non-null, phoneNumber non-null }
02-09 18:22:54.185 D/PhoneUtils(27234): modifyForSpecialCnapCases: initially, number=9134864351, presentation=1 ci CallerInfo { name non-null, phoneNumber non-null }
02-09 18:22:54.185 D/PhoneUtils(27234): checkCnapSpecialCases, normal str. number: 9134864351
02-09 18:22:54.185 D/PhoneUtils(27234): modifyForSpecialCnapCases: returning number string=9134864351
02-09 18:22:54.185 D/CallNotifier(27234): getLogNumber: 9134864351
02-09 18:22:54.185 D/CallNotifier(27234): - onDisconnect(): logNumber set to: xxxxxxx
02-09 18:22:54.185 D/CallNotifier(27234): - getPresentation(): ignoring connection's presentation: 1
02-09 18:22:54.185 D/CallNotifier(27234): - getPresentation: presentation: 1
02-09 18:22:54.185 D/CallNotifier(27234): SignalInfoTonePlayer.run(toneId = 98)...
02-09 18:22:54.185 D/ToneGenerator(27234): stopTone
02-09 18:22:54.185 D/ToneGenerator(27234): startTone
02-09 18:22:54.185 D/AudioTrack(27234): start 0xf9060
02-09 18:22:54.185 D/AudioFlinger(27152): start(4099), calling thread 27234 session 7
02-09 18:22:54.185 D/AudioHardwareMSM7X30(27152): setVoiceVolume(0.800000)
02-09 18:22:54.205 D/KeyguardViewMediator(27162): setHidden true
02-09 18:22:54.205 D/CallNotifier(27234): - starting post-disconnect tone (5)...
02-09 18:22:54.205 D/AudioTrack(27234): stop 0xf9060
02-09 18:22:54.215 D/CallNotifier(27234): - still showing in-call screen; not releasing wake locks.
02-09 18:22:54.215 D/InCallScreen(27234): onDisconnect:  incoming: true state: DISCONNECTED post dial state: NOT_STARTED, cause=LOCAL
02-09 18:22:54.215 D/PhoneApp(27234): requestWakeState(FULL)...
02-09 18:22:54.215 D/InCallScreen(27234): - onDisconnect: delayed bailout...
02-09 18:22:54.215 D/InCallScreen(27234): updateScreen()...
02-09 18:22:54.215 D/InCallScreen(27234): - updateScreen: updating the in-call UI...
02-09 18:22:54.215 D/CallCard(27234): updateState(########### Dump CallManager ############
02-09 18:22:54.215 D/CallCard(27234): CallManager state = IDLE
02-09 18:22:54.215 D/CallCard(27234):    - Foreground: DISCONNECTED from Handler{40538868}
02-09 18:22:54.215 D/CallCard(27234):      Conn: [ incoming: true state: DISCONNECTED post dial state: NOT_STARTED]
02-09 18:22:54.215 D/CallCard(27234):    - Background: IDLE from Handler{40538868}
02-09 18:22:54.215 D/CallCard(27234):      Conn: []
02-09 18:22:54.215 D/CallCard(27234):    - Ringing: IDLE from Handler{40538868}
02-09 18:22:54.215 D/CallCard(27234):  Phone: Handler{40538868}, name = CDMA, state = IDLE
02-09 18:22:54.215 D/CallCard(27234):    - Foreground: DISCONNECTED Background: IDLE Ringing: IDLE
02-09 18:22:54.215 D/CallCard(27234): ########## End Dump CallManager ##########)...
02-09 18:22:54.215 D/CallCard(27234): updateForegroundCall()...
02-09 18:22:54.225 D/CallCard(27234): displayMainCallStatus(call DISCONNECTED)...
02-09 18:22:54.225 D/CallCard(27234):   - call.state: DISCONNECTED
02-09 18:22:54.225 D/CallCard(27234): updateCardTitleWidgets(call DISCONNECTED)...
02-09 18:22:54.225 D/CallCard(27234): - getTitleForCallCard(Call DISCONNECTED)...
02-09 18:22:54.225 D/CallCard(27234): ghh getCallFailedString getState = 0
02-09 18:22:54.225 D/CallCard(27234):   ==> result: Call ended
02-09 18:22:54.225 D/CallCard(27234): updateCardTitleWidgets: Call ended
02-09 18:22:54.225 D/InCallScreen(27234): getUpdatedInCallControlState()...
02-09 18:22:54.225 D/PhoneUtils(27234): isEmergencyCall()...
02-09 18:22:54.225 D/PhoneUtils(27234): (add_call,fgCallState == Call.State.ACTIVE) = false
02-09 18:22:54.225 D/PhoneUtils(27234): (add_call,app.cdmaPhoneCallState.getAddCallMenuStateAfterCallWaiting() = true
02-09 18:22:54.225 D/InCallScreen(27234): isBluetoothAvailable()...
02-09 18:22:54.225 D/CallNotifier(27234): InCallTonePlayer.run(toneId = 5)...
02-09 18:22:54.225 D/AudioTrack(27234): Request AudioFlinger to create track
02-09 18:22:54.235 D/AudioFlinger(27152): stop(4099), calling thread 27234
02-09 18:22:54.235 D/AudioFlinger(27152): createTrack() lSessionId: 70
02-09 18:22:54.235 D/AudioFlinger(27152): Track constructor name 4098, calling thread 27234
02-09 18:22:54.235 D/InCallScreen(27234):   - headset state = 0
02-09 18:22:54.235 D/InCallScreen(27234):   - headset address: null
02-09 18:22:54.235 D/InCallScreen(27234):   ==> false
02-09 18:22:54.235 D/ToneGenerator(27234): startTone
02-09 18:22:54.235 D/AudioTrack(27234): start 0x64e260
02-09 18:22:54.235 D/AudioFlinger(27152): start(4098), calling thread 27234 session 70
02-09 18:22:54.235 D/AudioHardwareMSM7X30(27152): setVoiceVolume(0.800000)
02-09 18:22:54.235 D/PhoneUtils(27234): audioManager.isMicrophoneMute: false
02-09 18:22:54.235 D/InCallScreen(27234): [okToDialDTMFTones] foreground state: DISCONNECTED, ringing state: false, call screen mode: NORMAL, result: false
02-09 18:22:54.235 D/InCallControlState(27234): InCallControlState:
02-09 18:22:54.235 D/InCallControlState(27234):   manageConferenceVisible: false
02-09 18:22:54.235 D/InCallControlState(27234):   manageConferenceEnabled: false
02-09 18:22:54.235 D/InCallControlState(27234):   canAddCall: false
02-09 18:22:54.235 D/InCallControlState(27234):   canSwap: false
02-09 18:22:54.235 D/InCallControlState(27234):   canMerge: false
02-09 18:22:54.235 D/InCallControlState(27234):   bluetoothEnabled: false
02-09 18:22:54.235 D/InCallControlState(27234):   bluetoothIndicatorOn: false
02-09 18:22:54.235 D/InCallControlState(27234):   speakerEnabled: false
02-09 18:22:54.235 D/InCallControlState(27234):   speakerOn: false
02-09 18:22:54.235 D/InCallControlState(27234):   canMute: false
02-09 18:22:54.235 D/InCallControlState(27234):   muteIndicatorOn: false
02-09 18:22:54.235 D/InCallControlState(27234):   dialpadEnabled: false
02-09 18:22:54.235 D/InCallControlState(27234):   dialpadVisible: false
02-09 18:22:54.235 D/InCallControlState(27234):   onHold: false
02-09 18:22:54.235 D/InCallControlState(27234):   canHold: false
02-09 18:22:54.235 D/CallCard(27234): yangliu,getCurrentCallState: IDLE
02-09 18:22:54.235 D/CallCard(27234): yangliu,inCallControlState.onHold: false
02-09 18:22:54.235 D/CallCard(27234): DISCONNECTED: connection is: incoming: true state: DISCONNECTED post dial state: NOT_STARTED cause is:LOCAL
02-09 18:22:54.235 D/CallCard(27234):   - CONN:  incoming: true state: DISCONNECTED post dial state: NOT_STARTED, state = DISCONNECTED
02-09 18:22:54.235 D/CallCard(27234): - displayMainCallStatus: updatedNumber = 9134864351
02-09 18:22:54.235 D/CallCard(27234): - displayMainCallStatus: starting CallerInfo query...
02-09 18:22:54.235 D/PhoneUtils(27234): startGetCallerInfo: query already done, returning CallerInfo
02-09 18:22:54.235 D/CallCard(27234): updateDisplayForPerson(CallerInfo { name non-null, phoneNumber non-null })
02-09 18:22:54.235 D/CallCard(27234): presentation:1 isTemporary:false
02-09 18:22:54.235 D/CallCard(27234): - got personUri: 'content://com.android.contacts/contacts/179', based on info.person_id: 179
02-09 18:22:54.235 D/CallCard(27234): updatePhotoForCallState(DISCONNECTED)...
02-09 18:22:54.235 D/CallCard(27234): displayOnHoldCallStatus(call =IDLE)...
02-09 18:22:54.235 D/PhoneApp(27234): - isOtaCallInActiveState false
02-09 18:22:54.235 D/InCallScreen(27234): [okToDialDTMFTones] foreground state: DISCONNECTED, ringing state: false, call screen mode: NORMAL, result: false
02-09 18:22:54.235 D/InCallScreen(27234): isBluetoothAudioConnected: ==> isAudioOn = false
02-09 18:22:54.235 D/InCallScreen(27234): getUpdatedInCallControlState()...
02-09 18:22:54.235 D/PhoneUtils(27234): isEmergencyCall()...
02-09 18:22:54.235 D/PhoneUtils(27234): (add_call,fgCallState == Call.State.ACTIVE) = false
02-09 18:22:54.235 D/PhoneUtils(27234): (add_call,app.cdmaPhoneCallState.getAddCallMenuStateAfterCallWaiting() = true
02-09 18:22:54.235 D/InCallScreen(27234): isBluetoothAvailable()...
02-09 18:22:54.265 D/InCallScreen(27234):   - headset state = 0
02-09 18:22:54.265 D/InCallScreen(27234):   - headset address: null
02-09 18:22:54.265 D/InCallScreen(27234):   ==> false
02-09 18:22:54.265 D/PhoneUtils(27234): audioManager.isMicrophoneMute: false
02-09 18:22:54.265 D/InCallScreen(27234): [okToDialDTMFTones] foreground state: DISCONNECTED, ringing state: false, call screen mode: NORMAL, result: false
02-09 18:22:54.265 D/InCallControlState(27234): InCallControlState:
02-09 18:22:54.265 D/InCallControlState(27234):   manageConferenceVisible: false
02-09 18:22:54.265 D/InCallControlState(27234):   manageConferenceEnabled: false
02-09 18:22:54.265 D/InCallControlState(27234):   canAddCall: false
02-09 18:22:54.265 D/InCallControlState(27234):   canSwap: false
02-09 18:22:54.275 D/InCallControlState(27234):   canMerge: false
02-09 18:22:54.275 D/InCallControlState(27234):   bluetoothEnabled: false
02-09 18:22:54.275 D/InCallControlState(27234):   bluetoothIndicatorOn: false
02-09 18:22:54.275 D/InCallControlState(27234):   speakerEnabled: false
02-09 18:22:54.275 D/InCallControlState(27234):   speakerOn: false
02-09 18:22:54.275 D/InCallControlState(27234):   canMute: false
02-09 18:22:54.275 D/InCallControlState(27234):   muteIndicatorOn: false
02-09 18:22:54.275 D/InCallControlState(27234):   dialpadEnabled: false
02-09 18:22:54.275 D/InCallControlState(27234):   dialpadVisible: false
02-09 18:22:54.275 D/InCallControlState(27234):   onHold: false
02-09 18:22:54.275 D/InCallControlState(27234):   canHold: false
02-09 18:22:54.275 D/AudioHardwareMSM7X30(27152): value of device and enable is 0 1 ALSA dev id:0
02-09 18:22:54.275 D/AudioHardwareMSM7X30(27152): msm_route_stream(PCM_PLAY,5,0,1)
02-09 18:22:54.275 D/InCallScreen(27234): updateProviderOverlay: false
02-09 18:22:54.275 D/InCallScreen(27234): updateMenuButtonHint()...
02-09 18:22:54.295 D/InCallScreen(27234): - onDisconnect: switching to 'Call ended' state...
02-09 18:22:54.295 D/InCallScreen(27234): setInCallScreenMode: CALL_ENDED
02-09 18:22:54.295 D/InCallScreen(27234): updateMenuButtonHint()...
02-09 18:22:54.295 D/InCallScreen(27234): [okToDialDTMFTones] foreground state: DISCONNECTED, ringing state: false, call screen mode: CALL_ENDED, result: false
02-09 18:22:54.295 D/InCallScreen(27234): isBluetoothAudioConnected: ==> isAudioOn = false
02-09 18:22:54.295 D/InCallScreen(27234): - onDisconnect: cleaning up after FG call disconnect...
02-09 18:22:54.295 D/Phone   (27234): [PhoneNotifier] [DefaultPhoneNotifier] : default, INET, CONNECTED
02-09 18:22:54.295 I/TelephonyRegistry(27162): notifyDataConnection: state=2 isDataConnectivityPossible=true reason=2GVoiceCallEnded interfaceName=rmnet0 networkType=6 apnType=default apn=null
02-09 18:22:54.295 I/TelephonyRegistry(27162): +++broadcastDataConnectionStateChanged
02-09 18:22:54.305 D/TelephonyManager(27265): [LPZ-GPS]getCellLocation enter,usewireless=true
02-09 18:22:54.305 D/CdmaCellLocation(27265): [LPZ-GPS]mUseNetworkwireless=true
02-09 18:22:54.305 D/CdmaCellLocation(27265): [LPZ-GPS]BSId=11251
02-09 18:22:54.305 D/CdmaCellLocation(27265): [LPZ-GPS]BSLAT=560189
02-09 18:22:54.305 D/CdmaCellLocation(27265): [LPZ-GPS]BSLONG=-1362775
02-09 18:22:54.305 D/CdmaCellLocation(27265): [LPZ-GPS]SystemId=4139
02-09 18:22:54.305 D/CdmaCellLocation(27265): [LPZ-GPS]NetworkId=41
02-09 18:22:54.315 I/TelephonyRegistry(27162): +++sendStickyBroadcast
02-09 18:22:54.315 D/MobileDataStateTracker(27162): [hipri]  MobileDataStateReceiver onReceive(): Entry.
02-09 18:22:54.315 D/MobileDataStateTracker(27162): [hipri]  intent.getAction()= android.intent.action.ANY_DATA_STATE
02-09 18:22:54.315 D/MobileDataStateTracker(27162): [hipri]  mEnabled = false
02-09 18:22:54.325 D/MobileDataStateTracker(27162): [hipri]  apnTypeList = default
02-09 18:22:54.325 D/MobileDataStateTracker(27162): [hipri]  unavailable = false
02-09 18:22:54.325 D/MobileDataStateTracker(27162): [hipri] Do not process intents if disabled.
02-09 18:22:54.325 D/MobileDataStateTracker(27162): [dun]  MobileDataStateReceiver onReceive(): Entry.
02-09 18:22:54.325 D/MobileDataStateTracker(27162): [dun]  intent.getAction()= android.intent.action.ANY_DATA_STATE
02-09 18:22:54.325 D/MobileDataStateTracker(27162): [dun]  mEnabled = false
02-09 18:22:54.325 D/MobileDataStateTracker(27162): [dun]  apnTypeList = default
02-09 18:22:54.325 D/MobileDataStateTracker(27162): [dun]  unavailable = false
02-09 18:22:54.325 D/MobileDataStateTracker(27162): [dun] Do not process intents if disabled.
02-09 18:22:54.325 D/MobileDataStateTracker(27162): [supl]  MobileDataStateReceiver onReceive(): Entry.
02-09 18:22:54.325 D/MobileDataStateTracker(27162): [supl]  intent.getAction()= android.intent.action.ANY_DATA_STATE
02-09 18:22:54.325 D/MobileDataStateTracker(27162): [supl]  mEnabled = false
02-09 18:22:54.325 D/MobileDataStateTracker(27162): [supl]  apnTypeList = default
02-09 18:22:54.325 D/MobileDataStateTracker(27162): [supl]  unavailable = false
02-09 18:22:54.325 D/MobileDataStateTracker(27162): [supl] Do not process intents if disabled.
02-09 18:22:54.325 D/MobileDataStateTracker(27162): [mms]  MobileDataStateReceiver onReceive(): Entry.
02-09 18:22:54.325 D/MobileDataStateTracker(27162): [mms]  intent.getAction()= android.intent.action.ANY_DATA_STATE
02-09 18:22:54.325 D/MobileDataStateTracker(27162): [mms]  mEnabled = false
02-09 18:22:54.325 D/MobileDataStateTracker(27162): [mms]  apnTypeList = default
02-09 18:22:54.325 D/MobileDataStateTracker(27162): [mms]  unavailable = false
02-09 18:22:54.325 D/MobileDataStateTracker(27162): [mms] Do not process intents if disabled.
02-09 18:22:54.325 D/MobileDataStateTracker(27162): [default]  MobileDataStateReceiver onReceive(): Entry.
02-09 18:22:54.325 D/MobileDataStateTracker(27162): [default]  intent.getAction()= android.intent.action.ANY_DATA_STATE
02-09 18:22:54.325 D/MobileDataStateTracker(27162): [default]  mEnabled = true
02-09 18:22:54.335 D/MobileDataStateTracker(27162): [default]  apnTypeList = default
02-09 18:22:54.335 D/MobileDataStateTracker(27162): [default]  unavailable = false
02-09 18:22:54.335 D/Phone   (27234): [PhoneNotifier] [DefaultPhoneNotifier] : default, INET6, DISCONNECTED
02-09 18:22:54.345 I/TelephonyRegistry(27162): notifyDataConnection: state=0 isDataConnectivityPossible=true reason=2GVoiceCallEnded interfaceName=null networkType=6 apnType=default apn=null
02-09 18:22:54.345 I/TelephonyRegistry(27162): +++broadcastDataConnectionStateChanged
02-09 18:22:54.345 I/TelephonyRegistry(27162): +++sendStickyBroadcast
02-09 18:22:54.345 D/MobileDataStateTracker(27162): [default] CALL updateMobileInfoFromIntent
02-09 18:22:54.345 I/MobileDataStateTracker(27162): [default] dc state change intent received for default/INET with state  CONNECTED. enabled=true state change reason = 2GVoiceCallEnded
02-09 18:22:54.345 I/MobileDataStateTracker(27162): [default] old state = SUSPENDED
02-09 18:22:54.345 I/MobileDataStateTracker(27162): [default] updated mobile state info for INET : [state=CONNECTED, iface=rmnet0, mApnName=null, mIpAddress=/70.5.41.227, mGateway=/70.5.41.225]
02-09 18:22:54.355 D/NetworkStateTracker(27162): setDetailed state, old =SUSPENDED and new state=CONNECTED
02-09 18:22:54.355 W/NetworkStateTracker(27162): net.tcp.buffersize.evdo not found in system properties. Using defaults
02-09 18:22:54.365 W/NetworkStateTracker(27162): ### addDefaultRoute for iface rmnet0
02-09 18:22:54.365 I/NetworkStateTracker(27162): addDefaultRoute (INET) for mobile (rmnet0), GatewayAddr=70.5.41.225
02-09 18:22:54.365 D/MobileDataStateTracker(27162): [hipri]  MobileDataStateReceiver onReceive(): Entry.
02-09 18:22:54.365 D/MobileDataStateTracker(27162): [hipri]  intent.getAction()= android.intent.action.ANY_DATA_STATE
02-09 18:22:54.365 D/MobileDataStateTracker(27162): [hipri]  mEnabled = false
02-09 18:22:54.375 D/Phone   (27234): [PhoneNotifier] [DefaultPhoneNotifier] : mms, INET, CONNECTED
02-09 18:22:54.375 D/MobileDataStateTracker(27162): [hipri]  apnTypeList = default
02-09 18:22:54.375 D/MobileDataStateTracker(27162): [hipri]  unavailable = false
02-09 18:22:54.375 D/MobileDataStateTracker(27162): [hipri] Do not process intents if disabled.
02-09 18:22:54.375 D/MobileDataStateTracker(27162): [dun]  MobileDataStateReceiver onReceive(): Entry.
02-09 18:22:54.375 D/MobileDataStateTracker(27162): [dun]  intent.getAction()= android.intent.action.ANY_DATA_STATE
02-09 18:22:54.375 D/MobileDataStateTracker(27162): [dun]  mEnabled = false
02-09 18:22:54.375 I/TelephonyRegistry(27162): notifyDataConnection: state=2 isDataConnectivityPossible=true reason=2GVoiceCallEnded interfaceName=rmnet0 networkType=6 apnType=mms apn=null
02-09 18:22:54.375 I/TelephonyRegistry(27162): +++broadcastDataConnectionStateChanged
02-09 18:22:54.375 D/MobileDataStateTracker(27162): [dun]  apnTypeList = default
02-09 18:22:54.375 D/MobileDataStateTracker(27162): [dun]  unavailable = false
02-09 18:22:54.375 D/MobileDataStateTracker(27162): [dun] Do not process intents if disabled.
02-09 18:22:54.375 D/MobileDataStateTracker(27162): [supl]  MobileDataStateReceiver onReceive(): Entry.
02-09 18:22:54.375 D/MobileDataStateTracker(27162): [supl]  intent.getAction()= android.intent.action.ANY_DATA_STATE
02-09 18:22:54.375 D/MobileDataStateTracker(27162): [supl]  mEnabled = false
02-09 18:22:54.385 I/TelephonyRegistry(27162): +++sendStickyBroadcast
02-09 18:22:54.385 D/MobileDataStateTracker(27162): [supl]  apnTypeList = default
02-09 18:22:54.385 D/MobileDataStateTracker(27162): [supl]  unavailable = false
02-09 18:22:54.385 D/MobileDataStateTracker(27162): [supl] Do not process intents if disabled.
02-09 18:22:54.385 D/MobileDataStateTracker(27162): [mms]  MobileDataStateReceiver onReceive(): Entry.
02-09 18:22:54.385 D/MobileDataStateTracker(27162): [mms]  intent.getAction()= android.intent.action.ANY_DATA_STATE
02-09 18:22:54.385 D/MobileDataStateTracker(27162): [mms]  mEnabled = false
02-09 18:22:54.385 D/MobileDataStateTracker(27162): [mms]  apnTypeList = default
02-09 18:22:54.385 D/Phone   (27234): [PhoneNotifier] [DefaultPhoneNotifier] : mms, INET6, DISCONNECTED
02-09 18:22:54.385 I/TelephonyRegistry(27162): notifyDataConnection: state=0 isDataConnectivityPossible=true reason=2GVoiceCallEnded interfaceName=null networkType=6 apnType=mms apn=null
02-09 18:22:54.385 I/TelephonyRegistry(27162): +++broadcastDataConnectionStateChanged
02-09 18:22:54.395 D/MobileDataStateTracker(27162): [mms]  unavailable = false
02-09 18:22:54.395 D/MobileDataStateTracker(27162): [mms] Do not process intents if disabled.
02-09 18:22:54.395 D/MobileDataStateTracker(27162): [default]  MobileDataStateReceiver onReceive(): Entry.
02-09 18:22:54.395 D/MobileDataStateTracker(27162): [default]  intent.getAction()= android.intent.action.ANY_DATA_STATE
02-09 18:22:54.395 D/MobileDataStateTracker(27162): [default]  mEnabled = true
02-09 18:22:54.395 I/TelephonyRegistry(27162): +++sendStickyBroadcast
02-09 18:22:54.405 D/MobileDataStateTracker(27162): [default]  apnTypeList = default
02-09 18:22:54.405 D/MobileDataStateTracker(27162): [default]  unavailable = false
02-09 18:22:54.405 D/MobileDataStateTracker(27162): [default] CALL updateMobileInfoFromIntent
02-09 18:22:54.405 I/MobileDataStateTracker(27162): [default] dc state change intent received for default/INET6 with state  DISCONNECTED. enabled=true state change reason = 2GVoiceCallEnded
02-09 18:22:54.405 I/MobileDataStateTracker(27162): [default] old state = DISCONNECTED
02-09 18:22:54.405 I/MobileDataStateTracker(27162): [default] no change,  just return
02-09 18:22:54.405 D/MobileDataStateTracker(27162): [default] No need to update detailed state
02-09 18:22:54.405 D/MobileDataStateTracker(27162): [hipri]  MobileDataStateReceiver onReceive(): Entry.
02-09 18:22:54.405 D/MobileDataStateTracker(27162): [hipri]  intent.getAction()= android.intent.action.ANY_DATA_STATE
02-09 18:22:54.405 D/MobileDataStateTracker(27162): [hipri]  mEnabled = false
02-09 18:22:54.435 D/MobileDataStateTracker(27162): [hipri]  apnTypeList = mms
02-09 18:22:54.435 D/MobileDataStateTracker(27162): [hipri]  unavailable = false
02-09 18:22:54.435 D/MobileDataStateTracker(27162): [hipri] Do not process intents if disabled.
02-09 18:22:54.435 D/MobileDataStateTracker(27162): [dun]  MobileDataStateReceiver onReceive(): Entry.
02-09 18:22:54.435 D/MobileDataStateTracker(27162): [dun]  intent.getAction()= android.intent.action.ANY_DATA_STATE
02-09 18:22:54.435 D/MobileDataStateTracker(27162): [dun]  mEnabled = false
02-09 18:22:54.435 D/Phone   (27234): [PhoneNotifier] [DefaultPhoneNotifier] : supl, INET, CONNECTED
02-09 18:22:54.435 D/MobileDataStateTracker(27162): [dun]  apnTypeList = mms
02-09 18:22:54.435 D/MobileDataStateTracker(27162): [dun]  unavailable = false
02-09 18:22:54.435 D/MobileDataStateTracker(27162): [dun] Do not process intents if disabled.
02-09 18:22:54.435 D/MobileDataStateTracker(27162): [supl]  MobileDataStateReceiver onReceive(): Entry.
02-09 18:22:54.435 D/MobileDataStateTracker(27162): [supl]  intent.getAction()= android.intent.action.ANY_DATA_STATE
02-09 18:22:54.435 D/MobileDataStateTracker(27162): [supl]  mEnabled = false
02-09 18:22:54.445 D/AudioTrack(27234): stop 0x64e260
02-09 18:22:54.445 D/AudioFlinger(27152): stop(4098), calling thread 27234
02-09 18:22:54.445 I/TelephonyRegistry(27162): notifyDataConnection: state=2 isDataConnectivityPossible=true reason=2GVoiceCallEnded interfaceName=rmnet0 networkType=6 apnType=supl apn=null
02-09 18:22:54.445 I/TelephonyRegistry(27162): +++broadcastDataConnectionStateChanged
02-09 18:22:54.445 D/MobileDataStateTracker(27162): [supl]  apnTypeList = mms
02-09 18:22:54.445 D/MobileDataStateTracker(27162): [supl]  unavailable = false
02-09 18:22:54.445 D/MobileDataStateTracker(27162): [supl] Do not process intents if disabled.
02-09 18:22:54.445 D/MobileDataStateTracker(27162): [mms]  MobileDataStateReceiver onReceive(): Entry.
02-09 18:22:54.445 D/MobileDataStateTracker(27162): [mms]  intent.getAction()= android.intent.action.ANY_DATA_STATE
02-09 18:22:54.445 D/MobileDataStateTracker(27162): [mms]  mEnabled = false
02-09 18:22:54.445 D/MobileDataStateTracker(27162): [mms]  apnTypeList = mms
02-09 18:22:54.445 D/MobileDataStateTracker(27162): [mms]  unavailable = false
02-09 18:22:54.445 D/MobileDataStateTracker(27162): [mms] Do not process intents if disabled.
02-09 18:22:54.445 D/MobileDataStateTracker(27162): [default]  MobileDataStateReceiver onReceive(): Entry.
02-09 18:22:54.445 D/MobileDataStateTracker(27162): [default]  intent.getAction()= android.intent.action.ANY_DATA_STATE
02-09 18:22:54.445 D/MobileDataStateTracker(27162): [default]  mEnabled = true
02-09 18:22:54.445 I/TelephonyRegistry(27162): +++sendStickyBroadcast
02-09 18:22:54.455 D/MobileDataStateTracker(27162): [default]  apnTypeList = mms
02-09 18:22:54.455 D/MobileDataStateTracker(27162): [default]  unavailable = false
02-09 18:22:54.455 D/MobileDataStateTracker(27162): [default] not what we are looking for.
02-09 18:22:54.455 D/MobileDataStateTracker(27162): [hipri]  MobileDataStateReceiver onReceive(): Entry.
02-09 18:22:54.455 D/MobileDataStateTracker(27162): [hipri]  intent.getAction()= android.intent.action.ANY_DATA_STATE
02-09 18:22:54.455 D/MobileDataStateTracker(27162): [hipri]  mEnabled = false
02-09 18:22:54.455 D/MobileDataStateTracker(27162): [hipri]  apnTypeList = mms
02-09 18:22:54.455 D/MobileDataStateTracker(27162): [hipri]  unavailable = false
02-09 18:22:54.455 D/MobileDataStateTracker(27162): [hipri] Do not process intents if disabled.
02-09 18:22:54.455 D/MobileDataStateTracker(27162): [dun]  MobileDataStateReceiver onReceive(): Entry.
02-09 18:22:54.455 D/MobileDataStateTracker(27162): [dun]  intent.getAction()= android.intent.action.ANY_DATA_STATE
02-09 18:22:54.455 D/MobileDataStateTracker(27162): [dun]  mEnabled = false
02-09 18:22:54.455 D/MobileDataStateTracker(27162): [dun]  apnTypeList = mms
02-09 18:22:54.455 D/MobileDataStateTracker(27162): [dun]  unavailable = false
02-09 18:22:54.455 D/MobileDataStateTracker(27162): [dun] Do not process intents if disabled.
02-09 18:22:54.455 D/MobileDataStateTracker(27162): [supl]  MobileDataStateReceiver onReceive(): Entry.
02-09 18:22:54.465 D/MobileDataStateTracker(27162): [supl]  intent.getAction()= android.intent.action.ANY_DATA_STATE
02-09 18:22:54.465 D/MobileDataStateTracker(27162): [supl]  mEnabled = false
02-09 18:22:54.465 D/MobileDataStateTracker(27162): [supl]  apnTypeList = mms
02-09 18:22:54.465 D/MobileDataStateTracker(27162): [supl]  unavailable = false
02-09 18:22:54.465 D/ToneGenerator(27234): stopTone
02-09 18:22:54.465 D/ToneGenerator(27234): stopTone
02-09 18:22:54.465 D/AudioTrack(27234): stop 0x64e260
02-09 18:22:54.465 D/CallNotifier(27234): resetAudioStateAfterDisconnect()...
02-09 18:22:54.465 D/BT HS/HF(27234): audioOff(): mPendingSco: false, mConnectedSco: null, mOutgoingSco: null, mA2dpState: 0, mA2dpSuspended: false, mIncomingSco:null
02-09 18:22:54.465 D/PhoneUtils(27234): turnOnSpeaker(flag=false, store=true)...
02-09 18:22:54.465 D/AudioFlinger(27152): remove track (4098) and delete from mixer
02-09 18:22:54.465 D/PhoneApp(27234): updateWakeState: callscreen true, dialer false, speaker false...
02-09 18:22:54.465 D/PhoneApp(27234): setScreenTimeout(MEDIUM)...
02-09 18:22:54.465 D/PhoneApp(27234): updateWakeState: keepScreenOn = true (isRinging false, isDialing false, showingDisc true)
02-09 18:22:54.465 D/PhoneApp(27234): requestWakeState(FULL)...
02-09 18:22:54.465 D/PhoneApp(27234): updateProximitySensorMode: state = IDLE
02-09 18:22:54.465 D/PhoneApp(27234): updateProximitySensorMode: lock already released.
02-09 18:22:54.465 D/CallManager(27234):  setEchoSuppression(false)
02-09 18:22:54.465 D/CallManager(27234): ########### Dump CallManager ############
02-09 18:22:54.465 D/CallManager(27234): CallManager state = IDLE
02-09 18:22:54.465 D/CallManager(27234):    - Foreground: DISCONNECTED from Handler{40538868}
02-09 18:22:54.465 D/CallManager(27234):      Conn: [ incoming: true state: DISCONNECTED post dial state: NOT_STARTED]
02-09 18:22:54.465 D/CallManager(27234):    - Background: IDLE from Handler{40538868}
02-09 18:22:54.465 D/CallManager(27234):      Conn: []
02-09 18:22:54.465 D/CallManager(27234):    - Ringing: IDLE from Handler{40538868}
02-09 18:22:54.465 D/CallManager(27234):  Phone: Handler{40538868}, name = CDMA, state = IDLE
02-09 18:22:54.465 D/CallManager(27234):    - Foreground: DISCONNECTED Background: IDLE Ringing: IDLE
02-09 18:22:54.465 D/CallManager(27234): ########## End Dump CallManager ##########
02-09 18:22:54.465 D/CallManager(27234): End setEchoSuppression(false)
02-09 18:22:54.475 D/CallManager(27234): ########### Dump CallManager ############
02-09 18:22:54.475 D/CallManager(27234): CallManager state = IDLE
02-09 18:22:54.475 D/CallManager(27234):    - Foreground: DISCONNECTED from Handler{40538868}
02-09 18:22:54.475 D/CallManager(27234):      Conn: [ incoming: true state: DISCONNECTED post dial state: NOT_STARTED]
02-09 18:22:54.475 D/CallManager(27234):    - Background: IDLE from Handler{40538868}
02-09 18:22:54.475 D/CallManager(27234):      Conn: []
02-09 18:22:54.475 D/CallManager(27234):    - Ringing: IDLE from Handler{40538868}
02-09 18:22:54.475 D/CallManager(27234):  Phone: Handler{40538868}, name = CDMA, state = IDLE
02-09 18:22:54.475 D/CallManager(27234):    - Foreground: DISCONNECTED Background: IDLE Ringing: IDLE
02-09 18:22:54.475 D/CallManager(27234): ########## End Dump CallManager ##########
02-09 18:22:54.475 D/PhoneUtils(27234): setAudioMode()...IDLE
02-09 18:22:54.475 D/AudioFlinger(27152): setMode(0)
02-09 18:22:54.475 D/MobileDataStateTracker(27162): [supl] Do not process intents if disabled.
02-09 18:22:54.475 D/MobileDataStateTracker(27162): [mms]  MobileDataStateReceiver onReceive(): Entry.
02-09 18:22:54.475 D/MobileDataStateTracker(27162): [mms]  intent.getAction()= android.intent.action.ANY_DATA_STATE
02-09 18:22:54.475 D/MobileDataStateTracker(27162): [mms]  mEnabled = false
02-09 18:22:54.475 D/MobileDataStateTracker(27162): [mms]  apnTypeList = mms
02-09 18:22:54.475 D/MobileDataStateTracker(27162): [mms]  unavailable = false
02-09 18:22:54.475 D/MobileDataStateTracker(27162): [mms] Do not process intents if disabled.
02-09 18:22:54.475 D/MobileDataStateTracker(27162): [default]  MobileDataStateReceiver onReceive(): Entry.
02-09 18:22:54.475 D/MobileDataStateTracker(27162): [default]  intent.getAction()= android.intent.action.ANY_DATA_STATE
02-09 18:22:54.475 D/MobileDataStateTracker(27162): [default]  mEnabled = true
02-09 18:22:54.475 D/MobileDataStateTracker(27162): [default]  apnTypeList = mms
02-09 18:22:54.475 D/MobileDataStateTracker(27162): [default]  unavailable = false
02-09 18:22:54.475 D/MobileDataStateTracker(27162): [default] not what we are looking for.
02-09 18:22:54.485 E/AudioHardwareMSM7X30(27152): AudioStreamOutMSM72xx::setParameters() routing=1
02-09 18:22:54.485 E/AudioHardwareMSM7X30(27152): set output routing 1
02-09 18:22:54.485 E/AudioHardwareMSM7X30(27152): doAudioRouteOrMute() device 0, mMode 0, mMicMute 0
02-09 18:22:54.485 E/AudioHardwareMSM7X30(27152): do_route_audio_rpc(0, 1, 0)
02-09 18:22:54.485 E/AudioHardwareMSM7X30(27152): cur_rx = 0, DEV_ID(cur_rx)=0
02-09 18:22:54.485 E/AudioHardwareMSM7X30(27152): cur_tx = 9, DEV_ID(cur_tx)=12
02-09 18:22:54.485 D/AudioHardwareMSM7X30(27152): new_rx_device = 0, DEV_ID(new_rx_device)=0
02-09 18:22:54.485 D/AudioHardwareMSM7X30(27152): new_tx_device = 9, DEV_ID(new_tx_device)=12
02-09 18:22:54.485 D/AudioHardwareMSM7X30(27152): Ending Voice call
02-09 18:22:54.485 W/NetworkStateTracker(27162): ### addDefaultRoute for iface null
02-09 18:22:54.485 W/NetworkStateTracker(27162):  skip addDefaultRoute. 
02-09 18:22:54.485 D/AudioHardwareMSM7X30(27152): updateDeviceInfo: E rx_device 0 and tx_device 9
02-09 18:22:54.485 D/AudioHardwareMSM7X30(27152): No active voicecall/recording, disabling cur_tx 9
02-09 18:22:54.485 D/AudioHardwareMSM7X30(27152): value of device and enable is 9 0 ALSA dev id:12
02-09 18:22:54.485 D/MobileDataStateTracker(27162): [hipri]  MobileDataStateReceiver onReceive(): Entry.
02-09 18:22:54.485 D/MobileDataStateTracker(27162): [hipri]  intent.getAction()= android.intent.action.ANY_DATA_STATE
02-09 18:22:54.485 D/MobileDataStateTracker(27162): [hipri]  mEnabled = false
02-09 18:22:54.485 D/Phone   (27234): [PhoneNotifier] [DefaultPhoneNotifier] : supl, INET6, DISCONNECTED
02-09 18:22:54.495 D/MobileDataStateTracker(27162): [hipri]  apnTypeList = supl
02-09 18:22:54.495 D/MobileDataStateTracker(27162): [hipri]  unavailable = false
02-09 18:22:54.495 D/MobileDataStateTracker(27162): [hipri] Do not process intents if disabled.
02-09 18:22:54.495 D/MobileDataStateTracker(27162): [dun]  MobileDataStateReceiver onReceive(): Entry.
02-09 18:22:54.495 D/MobileDataStateTracker(27162): [dun]  intent.getAction()= android.intent.action.ANY_DATA_STATE
02-09 18:22:54.495 D/MobileDataStateTracker(27162): [dun]  mEnabled = false
02-09 18:22:54.495 D/GTalkService(27265): ##### Network broadcast (connected=true) type=mobile, state=CONNECTED
02-09 18:22:54.495 D/AudioHardwareMSM7X30(27152): The node type is 1 and cur device 0 new device 0 
02-09 18:22:54.495 D/AudioHardwareMSM7X30(27152): updateDeviceInfo: X cur_rx 0 cur_tx 9
02-09 18:22:54.495 D/AudioHardwareMSM7X30(27152): setVoiceVolume(0.800000)
02-09 18:22:54.505 I/TelephonyRegistry(27162): notifyDataConnection: state=0 isDataConnectivityPossible=true reason=2GVoiceCallEnded interfaceName=null networkType=6 apnType=supl apn=null
02-09 18:22:54.505 I/TelephonyRegistry(27162): +++broadcastDataConnectionStateChanged
02-09 18:22:54.505 I/GTalkService(27265): [GTalkConnection.1] setInternalNetworkState: type=0, state=CONNECTED
02-09 18:22:54.505 D/GTalkService/c(27265): [GTalkConnection.1] connect: acquire wakelock, async connect...
02-09 18:22:54.515 I/GTalkService(27265): [GTalkConnection.1] acquireAsyncWakeLock: WakeLock{40525848 held=true, refCount=0}
02-09 18:22:54.515 D/MobileDataStateTracker(27162): [dun]  apnTypeList = supl
02-09 18:22:54.515 D/MobileDataStateTracker(27162): [dun]  unavailable = false
02-09 18:22:54.515 D/MobileDataStateTracker(27162): [dun] Do not process intents if disabled.
02-09 18:22:54.515 D/MobileDataStateTracker(27162): [supl]  MobileDataStateReceiver onReceive(): Entry.
02-09 18:22:54.515 D/MobileDataStateTracker(27162): [supl]  intent.getAction()= android.intent.action.ANY_DATA_STATE
02-09 18:22:54.515 D/MobileDataStateTracker(27162): [supl]  mEnabled = false
02-09 18:22:54.515 D/MobileDataStateTracker(27162): [supl]  apnTypeList = supl
02-09 18:22:54.515 D/MobileDataStateTracker(27162): [supl]  unavailable = false
02-09 18:22:54.515 D/MobileDataStateTracker(27162): [supl] Do not process intents if disabled.
02-09 18:22:54.515 D/MobileDataStateTracker(27162): [mms]  MobileDataStateReceiver onReceive(): Entry.
02-09 18:22:54.515 D/MobileDataStateTracker(27162): [mms]  intent.getAction()= android.intent.action.ANY_DATA_STATE
02-09 18:22:54.515 D/MobileDataStateTracker(27162): [mms]  mEnabled = false
02-09 18:22:54.515 I/TelephonyRegistry(27162): +++sendStickyBroadcast
02-09 18:22:54.525 D/MobileDataStateTracker(27162): [mms]  apnTypeList = supl
02-09 18:22:54.525 D/MobileDataStateTracker(27162): [mms]  unavailable = false
02-09 18:22:54.525 D/MobileDataStateTracker(27162): [mms] Do not process intents if disabled.
02-09 18:22:54.525 D/MobileDataStateTracker(27162): [default]  MobileDataStateReceiver onReceive(): Entry.
02-09 18:22:54.525 D/MobileDataStateTracker(27162): [default]  intent.getAction()= android.intent.action.ANY_DATA_STATE
02-09 18:22:54.525 D/MobileDataStateTracker(27162): [default]  mEnabled = true
02-09 18:22:54.525 D/MobileDataStateTracker(27162): [default]  apnTypeList = supl
02-09 18:22:54.525 D/MobileDataStateTracker(27162): [default]  unavailable = false
02-09 18:22:54.525 D/MobileDataStateTracker(27162): [default] not what we are looking for.
02-09 18:22:54.525 D/Tethering(27162): MasterInitialState.processMessage what=3
02-09 18:22:54.535 I/GTalkService(27265): [GTalkConnection.25] (WORKER THREAD) update account status
02-09 18:22:54.545 D/Phone   (27234): [PhoneNotifier] [DefaultPhoneNotifier] : dun, INET, DISCONNECTED
02-09 18:22:54.545 I/TelephonyRegistry(27162): notifyDataConnection: state=0 isDataConnectivityPossible=true reason=2GVoiceCallEnded interfaceName=null networkType=6 apnType=dun apn=null
02-09 18:22:54.545 I/TelephonyRegistry(27162): +++broadcastDataConnectionStateChanged
02-09 18:22:54.545 D/MobileDataStateTracker(27162): [hipri]  MobileDataStateReceiver onReceive(): Entry.
02-09 18:22:54.545 D/MobileDataStateTracker(27162): [hipri]  intent.getAction()= android.intent.action.ANY_DATA_STATE
02-09 18:22:54.545 D/MobileDataStateTracker(27162): [hipri]  mEnabled = false
02-09 18:22:54.545 D/MobileDataStateTracker(27162): [hipri]  apnTypeList = supl
02-09 18:22:54.545 D/MobileDataStateTracker(27162): [hipri]  unavailable = false
02-09 18:22:54.545 D/MobileDataStateTracker(27162): [hipri] Do not process intents if disabled.
02-09 18:22:54.545 D/MobileDataStateTracker(27162): [dun]  MobileDataStateReceiver onReceive(): Entry.
02-09 18:22:54.545 D/MobileDataStateTracker(27162): [dun]  intent.getAction()= android.intent.action.ANY_DATA_STATE
02-09 18:22:54.545 D/MobileDataStateTracker(27162): [dun]  mEnabled = false
02-09 18:22:54.545 I/TelephonyRegistry(27162): +++sendStickyBroadcast
02-09 18:22:54.555 D/Phone   (27234): [PhoneNotifier] [DefaultPhoneNotifier] : dun, INET6, DISCONNECTED
02-09 18:22:54.555 I/TelephonyRegistry(27162): notifyDataConnection: state=0 isDataConnectivityPossible=true reason=2GVoiceCallEnded interfaceName=null networkType=6 apnType=dun apn=null
02-09 18:22:54.555 I/TelephonyRegistry(27162): +++broadcastDataConnectionStateChanged
02-09 18:22:54.555 I/TelephonyRegistry(27162): +++sendStickyBroadcast
02-09 18:22:54.555 D/MobileDataStateTracker(27162): [dun]  apnTypeList = supl
02-09 18:22:54.555 D/MobileDataStateTracker(27162): [dun]  unavailable = false
02-09 18:22:54.555 D/MobileDataStateTracker(27162): [dun] Do not process intents if disabled.
02-09 18:22:54.555 D/MobileDataStateTracker(27162): [supl]  MobileDataStateReceiver onReceive(): Entry.
02-09 18:22:54.555 D/MobileDataStateTracker(27162): [supl]  intent.getAction()= android.intent.action.ANY_DATA_STATE
02-09 18:22:54.555 D/MobileDataStateTracker(27162): [supl]  mEnabled = false
02-09 18:22:54.555 D/MobileDataStateTracker(27162): [supl]  apnTypeList = supl
02-09 18:22:54.555 D/MobileDataStateTracker(27162): [supl]  unavailable = false
02-09 18:22:54.555 D/MobileDataStateTracker(27162): [supl] Do not process intents if disabled.
02-09 18:22:54.555 D/MobileDataStateTracker(27162): [mms]  MobileDataStateReceiver onReceive(): Entry.
02-09 18:22:54.555 D/MobileDataStateTracker(27162): [mms]  intent.getAction()= android.intent.action.ANY_DATA_STATE
02-09 18:22:54.555 D/MobileDataStateTracker(27162): [mms]  mEnabled = false
02-09 18:22:54.565 D/Phone   (27234): [PhoneNotifier] [DefaultPhoneNotifier] : hipri, INET, CONNECTED
02-09 18:22:54.565 I/TelephonyRegistry(27162): notifyDataConnection: state=2 isDataConnectivityPossible=true reason=2GVoiceCallEnded interfaceName=rmnet0 networkType=6 apnType=hipri apn=null
02-09 18:22:54.565 I/TelephonyRegistry(27162): +++broadcastDataConnectionStateChanged
02-09 18:22:54.565 D/MobileDataStateTracker(27162): [mms]  apnTypeList = supl
02-09 18:22:54.565 D/MobileDataStateTracker(27162): [mms]  unavailable = false
02-09 18:22:54.565 D/MobileDataStateTracker(27162): [mms] Do not process intents if disabled.
02-09 18:22:54.565 D/MobileDataStateTracker(27162): [default]  MobileDataStateReceiver onReceive(): Entry.
02-09 18:22:54.565 D/MobileDataStateTracker(27162): [default]  intent.getAction()= android.intent.action.ANY_DATA_STATE
02-09 18:22:54.565 D/MobileDataStateTracker(27162): [default]  mEnabled = true
02-09 18:22:54.565 D/MobileDataStateTracker(27162): [default]  apnTypeList = supl
02-09 18:22:54.565 D/MobileDataStateTracker(27162): [default]  unavailable = false
02-09 18:22:54.565 D/MobileDataStateTracker(27162): [default] not what we are looking for.
02-09 18:22:54.565 D/MobileDataStateTracker(27162): [hipri]  MobileDataStateReceiver onReceive(): Entry.
02-09 18:22:54.565 D/MobileDataStateTracker(27162): [hipri]  intent.getAction()= android.intent.action.ANY_DATA_STATE
02-09 18:22:54.565 D/MobileDataStateTracker(27162): [hipri]  mEnabled = false
02-09 18:22:54.565 D/MobileDataStateTracker(27162): [hipri]  apnTypeList = dun
02-09 18:22:54.575 D/MobileDataStateTracker(27162): [hipri]  unavailable = false
02-09 18:22:54.575 D/MobileDataStateTracker(27162): [hipri] Do not process intents if disabled.
02-09 18:22:54.575 D/MobileDataStateTracker(27162): [dun]  MobileDataStateReceiver onReceive(): Entry.
02-09 18:22:54.575 D/MobileDataStateTracker(27162): [dun]  intent.getAction()= android.intent.action.ANY_DATA_STATE
02-09 18:22:54.575 D/MobileDataStateTracker(27162): [dun]  mEnabled = false
02-09 18:22:54.575 I/TelephonyRegistry(27162): +++sendStickyBroadcast
02-09 18:22:54.575 D/ADDRESS_CACHE_MONITOR( 3866): network (mobile) is connected
02-09 18:22:54.575 D/GpsLocationProvider(27162): updateNetworkState available info: NetworkInfo: type: mobile[CDMA - EvDo rev. A], state: CONNECTED/CONNECTED, reason: 2GVoiceCallEnded, extra: (none), roaming: false, failover: false, isAvailable: true, isIpv4Connected: true, isIpv6Connected: false, ipv4Name: rmnet0, ipv6Name: null
02-09 18:22:54.585 D/MobileDataStateTracker(27162): [dun]  apnTypeList = dun
02-09 18:22:54.585 D/MobileDataStateTracker(27162): [dun]  unavailable = false
02-09 18:22:54.585 D/MobileDataStateTracker(27162): [dun] Do not process intents if disabled.
02-09 18:22:54.585 D/MobileDataStateTracker(27162): [supl]  MobileDataStateReceiver onReceive(): Entry.
02-09 18:22:54.585 D/MobileDataStateTracker(27162): [supl]  intent.getAction()= android.intent.action.ANY_DATA_STATE
02-09 18:22:54.585 D/MobileDataStateTracker(27162): [supl]  mEnabled = false
02-09 18:22:54.585 D/TelephonyManager( 4576): [LPZ-GPS]getCellLocation enter,usewireless=true
02-09 18:22:54.585 D/Phone   (27234): [PhoneNotifier] [DefaultPhoneNotifier] : hipri, INET6, DISCONNECTED
02-09 18:22:54.585 D/MobileDataStateTracker(27162): [supl]  apnTypeList = dun
02-09 18:22:54.585 D/MobileDataStateTracker(27162): [supl]  unavailable = false
02-09 18:22:54.585 D/MobileDataStateTracker(27162): [supl] Do not process intents if disabled.
02-09 18:22:54.595 D/MobileDataStateTracker(27162): [mms]  MobileDataStateReceiver onReceive(): Entry.
02-09 18:22:54.595 D/MobileDataStateTracker(27162): [mms]  intent.getAction()= android.intent.action.ANY_DATA_STATE
02-09 18:22:54.595 D/MobileDataStateTracker(27162): [mms]  mEnabled = false
02-09 18:22:54.595 D/MobileDataStateTracker(27162): [mms]  apnTypeList = dun
02-09 18:22:54.595 D/MobileDataStateTracker(27162): [mms]  unavailable = false
02-09 18:22:54.595 D/MobileDataStateTracker(27162): [mms] Do not process intents if disabled.
02-09 18:22:54.595 D/MobileDataStateTracker(27162): [default]  MobileDataStateReceiver onReceive(): Entry.
02-09 18:22:54.595 D/MobileDataStateTracker(27162): [default]  intent.getAction()= android.intent.action.ANY_DATA_STATE
02-09 18:22:54.595 D/MobileDataStateTracker(27162): [default]  mEnabled = true
02-09 18:22:54.595 D/MobileDataStateTracker(27162): [default]  apnTypeList = dun
02-09 18:22:54.595 D/MobileDataStateTracker(27162): [default]  unavailable = false
02-09 18:22:54.595 D/MobileDataStateTracker(27162): [default] not what we are looking for.
02-09 18:22:54.595 D/MobileDataStateTracker(27162): [hipri]  MobileDataStateReceiver onReceive(): Entry.
02-09 18:22:54.595 D/MobileDataStateTracker(27162): [hipri]  intent.getAction()= android.intent.action.ANY_DATA_STATE
02-09 18:22:54.595 D/MobileDataStateTracker(27162): [hipri]  mEnabled = false
02-09 18:22:54.615 I/MediaUploader( 4649): No need to wake up
02-09 18:22:54.615 D/MobileDataStateTracker(27162): [hipri]  apnTypeList = dun
02-09 18:22:54.615 D/MobileDataStateTracker(27162): [hipri]  unavailable = false
02-09 18:22:54.615 D/MobileDataStateTracker(27162): [hipri] Do not process intents if disabled.
02-09 18:22:54.615 D/MobileDataStateTracker(27162): [dun]  MobileDataStateReceiver onReceive(): Entry.
02-09 18:22:54.615 D/MobileDataStateTracker(27162): [dun]  intent.getAction()= android.intent.action.ANY_DATA_STATE
02-09 18:22:54.615 D/MobileDataStateTracker(27162): [dun]  mEnabled = false
02-09 18:22:54.615 I/TelephonyRegistry(27162): notifyDataConnection: state=0 isDataConnectivityPossible=true reason=2GVoiceCallEnded interfaceName=null networkType=6 apnType=hipri apn=null
02-09 18:22:54.615 I/TelephonyRegistry(27162): +++broadcastDataConnectionStateChanged
02-09 18:22:54.625 I/TelephonyRegistry(27162): +++sendStickyBroadcast
02-09 18:22:54.625 D/MobileDataStateTracker(27162): [dun]  apnTypeList = dun
02-09 18:22:54.625 D/MobileDataStateTracker(27162): [dun]  unavailable = false
02-09 18:22:54.625 D/MobileDataStateTracker(27162): [dun] Do not process intents if disabled.
02-09 18:22:54.625 D/MobileDataStateTracker(27162): [supl]  MobileDataStateReceiver onReceive(): Entry.
02-09 18:22:54.625 D/MobileDataStateTracker(27162): [supl]  intent.getAction()= android.intent.action.ANY_DATA_STATE
02-09 18:22:54.625 D/MobileDataStateTracker(27162): [supl]  mEnabled = false
02-09 18:22:54.625 D/MobileDataStateTracker(27162): [supl]  apnTypeList = dun
02-09 18:22:54.625 D/MobileDataStateTracker(27162): [supl]  unavailable = false
02-09 18:22:54.625 D/MobileDataStateTracker(27162): [supl] Do not process intents if disabled.
02-09 18:22:54.625 D/MobileDataStateTracker(27162): [mms]  MobileDataStateReceiver onReceive(): Entry.
02-09 18:22:54.625 D/MobileDataStateTracker(27162): [mms]  intent.getAction()= android.intent.action.ANY_DATA_STATE
02-09 18:22:54.625 D/MobileDataStateTracker(27162): [mms]  mEnabled = false
02-09 18:22:54.635 D/MobileDataStateTracker(27162): [mms]  apnTypeList = dun
02-09 18:22:54.635 D/MobileDataStateTracker(27162): [mms]  unavailable = false
02-09 18:22:54.635 D/MobileDataStateTracker(27162): [mms] Do not process intents if disabled.
02-09 18:22:54.635 D/MobileDataStateTracker(27162): [default]  MobileDataStateReceiver onReceive(): Entry.
02-09 18:22:54.635 D/MobileDataStateTracker(27162): [default]  intent.getAction()= android.intent.action.ANY_DATA_STATE
02-09 18:22:54.635 D/MobileDataStateTracker(27162): [default]  mEnabled = true
02-09 18:22:54.635 D/MobileDataStateTracker(27162): [default]  apnTypeList = dun
02-09 18:22:54.635 D/MobileDataStateTracker(27162): [default]  unavailable = false
02-09 18:22:54.635 D/MobileDataStateTracker(27162): [default] not what we are looking for.
02-09 18:22:54.635 D/MobileDataStateTracker(27162): [hipri]  MobileDataStateReceiver onReceive(): Entry.
02-09 18:22:54.635 D/MobileDataStateTracker(27162): [hipri]  intent.getAction()= android.intent.action.ANY_DATA_STATE
02-09 18:22:54.635 D/MobileDataStateTracker(27162): [hipri]  mEnabled = false
02-09 18:22:54.635 D/MobileDataStateTracker(27162): [hipri]  apnTypeList = hipri
02-09 18:22:54.645 D/DATA    (27234): [DSST(0)] pollstate() : reason = data network state changed
02-09 18:22:54.665 D/MobileDataStateTracker(27162): [hipri]  unavailable = false
02-09 18:22:54.665 D/MobileDataStateTracker(27162): [hipri] Do not process intents if disabled.
02-09 18:22:54.665 D/MobileDataStateTracker(27162): [dun]  MobileDataStateReceiver onReceive(): Entry.
02-09 18:22:54.665 D/MobileDataStateTracker(27162): [dun]  intent.getAction()= android.intent.action.ANY_DATA_STATE
02-09 18:22:54.665 D/MobileDataStateTracker(27162): [dun]  mEnabled = false
02-09 18:22:54.675 D/MobileDataStateTracker(27162): [dun]  apnTypeList = hipri
02-09 18:22:54.675 D/MobileDataStateTracker(27162): [dun]  unavailable = false
02-09 18:22:54.675 D/MobileDataStateTracker(27162): [dun] Do not process intents if disabled.
02-09 18:22:54.675 D/MobileDataStateTracker(27162): [supl]  MobileDataStateReceiver onReceive(): Entry.
02-09 18:22:54.675 D/MobileDataStateTracker(27162): [supl]  intent.getAction()= android.intent.action.ANY_DATA_STATE
02-09 18:22:54.675 D/MobileDataStateTracker(27162): [supl]  mEnabled = false
02-09 18:22:54.685 D/MobileDataStateTracker(27162): [supl]  apnTypeList = hipri
02-09 18:22:54.685 D/MobileDataStateTracker(27162): [supl]  unavailable = false
02-09 18:22:54.685 D/MobileDataStateTracker(27162): [supl] Do not process intents if disabled.
02-09 18:22:54.685 D/MobileDataStateTracker(27162): [mms]  MobileDataStateReceiver onReceive(): Entry.
02-09 18:22:54.685 D/MobileDataStateTracker(27162): [mms]  intent.getAction()= android.intent.action.ANY_DATA_STATE
02-09 18:22:54.685 D/MobileDataStateTracker(27162): [mms]  mEnabled = false
02-09 18:22:54.685 D/MobileDataStateTracker(27162): [mms]  apnTypeList = hipri
02-09 18:22:54.685 D/MobileDataStateTracker(27162): [mms]  unavailable = false
02-09 18:22:54.685 D/MobileDataStateTracker(27162): [mms] Do not process intents if disabled.
02-09 18:22:54.685 D/MobileDataStateTracker(27162): [default]  MobileDataStateReceiver onReceive(): Entry.
02-09 18:22:54.685 D/MobileDataStateTracker(27162): [default]  intent.getAction()= android.intent.action.ANY_DATA_STATE
02-09 18:22:54.685 D/MobileDataStateTracker(27162): [default]  mEnabled = true
02-09 18:22:54.695 D/MobileDataStateTracker(27162): [default]  apnTypeList = hipri
02-09 18:22:54.695 D/MobileDataStateTracker(27162): [default]  unavailable = false
02-09 18:22:54.695 D/MobileDataStateTracker(27162): [default] not what we are looking for.
02-09 18:22:54.695 D/MobileDataStateTracker(27162): [hipri]  MobileDataStateReceiver onReceive(): Entry.
02-09 18:22:54.695 D/MobileDataStateTracker(27162): [hipri]  intent.getAction()= android.intent.action.ANY_DATA_STATE
02-09 18:22:54.695 D/MobileDataStateTracker(27162): [hipri]  mEnabled = false
02-09 18:22:54.705 D/MobileDataStateTracker(27162): [hipri]  apnTypeList = hipri
02-09 18:22:54.705 D/MobileDataStateTracker(27162): [hipri]  unavailable = false
02-09 18:22:54.705 D/MobileDataStateTracker(27162): [hipri] Do not process intents if disabled.
02-09 18:22:54.705 D/MobileDataStateTracker(27162): [dun]  MobileDataStateReceiver onReceive(): Entry.
02-09 18:22:54.705 D/MobileDataStateTracker(27162): [dun]  intent.getAction()= android.intent.action.ANY_DATA_STATE
02-09 18:22:54.705 D/MobileDataStateTracker(27162): [dun]  mEnabled = false
02-09 18:22:54.705 D/MobileDataStateTracker(27162): [dun]  apnTypeList = hipri
02-09 18:22:54.715 D/MobileDataStateTracker(27162): [dun]  unavailable = false
02-09 18:22:54.715 D/MobileDataStateTracker(27162): [dun] Do not process intents if disabled.
02-09 18:22:54.715 D/MobileDataStateTracker(27162): [supl]  MobileDataStateReceiver onReceive(): Entry.
02-09 18:22:54.715 D/MobileDataStateTracker(27162): [supl]  intent.getAction()= android.intent.action.ANY_DATA_STATE
02-09 18:22:54.715 D/MobileDataStateTracker(27162): [supl]  mEnabled = false
02-09 18:22:54.725 D/MobileDataStateTracker(27162): [supl]  apnTypeList = hipri
02-09 18:22:54.725 D/MobileDataStateTracker(27162): [supl]  unavailable = false
02-09 18:22:54.725 D/MobileDataStateTracker(27162): [supl] Do not process intents if disabled.
02-09 18:22:54.725 D/MobileDataStateTracker(27162): [mms]  MobileDataStateReceiver onReceive(): Entry.
