02-09 18:22:54.725 D/MobileDataStateTracker(27162): [mms]  intent.getAction()= android.intent.action.ANY_DATA_STATE
02-09 18:22:54.725 D/MobileDataStateTracker(27162): [mms]  mEnabled = false
02-09 18:22:54.725 D/MobileDataStateTracker(27162): [mms]  apnTypeList = hipri
02-09 18:22:54.725 D/MobileDataStateTracker(27162): [mms]  unavailable = false
02-09 18:22:54.725 D/MobileDataStateTracker(27162): [mms] Do not process intents if disabled.
02-09 18:22:54.725 D/MobileDataStateTracker(27162): [default]  MobileDataStateReceiver onReceive(): Entry.
02-09 18:22:54.725 D/MobileDataStateTracker(27162): [default]  intent.getAction()= android.intent.action.ANY_DATA_STATE
02-09 18:22:54.725 D/MobileDataStateTracker(27162): [default]  mEnabled = true
02-09 18:22:54.735 D/MobileDataStateTracker(27162): [default]  apnTypeList = hipri
02-09 18:22:54.735 D/MobileDataStateTracker(27162): [default]  unavailable = false
02-09 18:22:54.745 D/DATA    (27234): [DSST(0)] pollstate() : reason = data network state changed
02-09 18:22:54.765 D/MobileDataStateTracker(27162): [default] not what we are looking for.
02-09 18:22:54.785 I/ContactsProvider(27282): updateInTransaction: content://com.android.contacts/contacts/179
02-09 18:22:54.785 I/DATA    (27234): [DCT(0) ] onUpdateDataConnections: reason=2GVoiceCallEnded
02-09 18:22:54.785 I/DATA    (27234): [DCT(0) ] ---dc list---
02-09 18:22:54.785 I/DATA    (27234): [DCT(0) ] cid = 0, state = DcActiveState, bearerType = IP, ipaddress = 70.5.41.227, gw=70.5.41.225, dns=[68.28.67.132, 68.28.68.132]
02-09 18:22:54.785 I/DATA    (27234): [DCT(0) ] ---ds list---
02-09 18:22:54.785 I/DATA    (27234): [DCT(0) ] ds= SERVICE_TYPE_DEFAULT, enabled = true, active = v4:CONNECTED(0) v6:IDLE
02-09 18:22:54.785 I/DATA    (27234): [DCT(0) ] ds= SERVICE_TYPE_MMS, enabled = false, active = v4:CONNECTED(0) v6:IDLE
02-09 18:22:54.785 I/DATA    (27234): [DCT(0) ] ds= SERVICE_TYPE_SUPL, enabled = false, active = v4:CONNECTED(0) v6:IDLE
02-09 18:22:54.785 I/DATA    (27234): [DCT(0) ] ds= SERVICE_TYPE_DUN, enabled = false, active = v4:IDLE v6:IDLE
02-09 18:22:54.785 I/DATA    (27234): [DCT(0) ] ds= SERVICE_TYPE_HIPRI, enabled = false, active = v4:CONNECTED(0) v6:IDLE
02-09 18:22:54.785 I/DATA    (27234): [DCT(0) ] Ready for data : 
02-09 18:22:54.785 I/DATA    (27234): [DCT(0) ]    getDesiredPowerState() = true
02-09 18:22:54.785 I/DATA    (27234): [DCT(0) ]    mCm.getRadioState() = RADIO_ON
02-09 18:22:54.796 I/DATA    (27234): [DCT(0) ]    [DataRadioTech = RADIO_TECH_EVDO_A, data network state = 0, mMasterDataEnabled = true, is Roaming = false, dataOnRoamingEnable = false, isPsRestricted = false, desiredPowerState  = true, mSIMRecords = , cdmaSubSource = 1/310120, mRuimRecords = , checks = true/true]
02-09 18:22:54.796 D/PhoneApp(27234): mReceiver: ACTION_ANY_DATA_CONNECTION_STATE_CHANGED
02-09 18:22:54.796 D/PhoneApp(27234): - state: CONNECTED
02-09 18:22:54.796 D/PhoneApp(27234): - reason: 2GVoiceCallEnded
02-09 18:22:54.806 D/PhoneApp(27234): mReceiver: ACTION_ANY_DATA_CONNECTION_STATE_CHANGED
02-09 18:22:54.806 D/PhoneApp(27234): - state: CONNECTED
02-09 18:22:54.806 D/PhoneApp(27234): - reason: 2GVoiceCallEnded
02-09 18:22:54.806 D/PhoneApp(27234): mReceiver: ACTION_ANY_DATA_CONNECTION_STATE_CHANGED
02-09 18:22:54.806 D/PhoneApp(27234): - state: CONNECTED
02-09 18:22:54.806 D/PhoneApp(27234): - reason: 2GVoiceCallEnded
02-09 18:22:54.806 D/PhoneApp(27234): mReceiver: ACTION_ANY_DATA_CONNECTION_STATE_CHANGED
02-09 18:22:54.806 D/PhoneApp(27234): - state: CONNECTED
02-09 18:22:54.806 D/PhoneApp(27234): - reason: 2GVoiceCallEnded
02-09 18:22:54.806 D/PhoneApp(27234): mReceiver: ACTION_ANY_DATA_CONNECTION_STATE_CHANGED
02-09 18:22:54.806 D/PhoneApp(27234): - state: CONNECTED
02-09 18:22:54.806 D/PhoneApp(27234): - reason: 2GVoiceCallEnded
02-09 18:22:54.806 D/PhoneApp(27234): mReceiver: ACTION_ANY_DATA_CONNECTION_STATE_CHANGED
02-09 18:22:54.806 D/PhoneApp(27234): - state: CONNECTED
02-09 18:22:54.806 D/PhoneApp(27234): - reason: 2GVoiceCallEnded
02-09 18:22:54.806 D/PhoneApp(27234): mReceiver: ACTION_ANY_DATA_CONNECTION_STATE_CHANGED
02-09 18:22:54.806 D/PhoneApp(27234): - state: CONNECTED
02-09 18:22:54.806 D/PhoneApp(27234): - reason: 2GVoiceCallEnded
02-09 18:22:54.806 D/PhoneApp(27234): mReceiver: ACTION_ANY_DATA_CONNECTION_STATE_CHANGED
02-09 18:22:54.806 D/PhoneApp(27234): - state: CONNECTED
02-09 18:22:54.806 D/PhoneApp(27234): - reason: 2GVoiceCallEnded
02-09 18:22:54.806 D/PhoneApp(27234): mReceiver: ACTION_ANY_DATA_CONNECTION_STATE_CHANGED
02-09 18:22:54.806 D/PhoneApp(27234): - state: CONNECTED
02-09 18:22:54.806 D/PhoneApp(27234): - reason: 2GVoiceCallEnded
02-09 18:22:54.826 D/PhoneApp(27234): mReceiver: ACTION_ANY_DATA_CONNECTION_STATE_CHANGED
02-09 18:22:54.826 D/PhoneApp(27234): - state: CONNECTED
02-09 18:22:54.826 D/PhoneApp(27234): - reason: 2GVoiceCallEnded
02-09 18:22:54.856 D/CdmaCellLocation( 4576): [LPZ-GPS]mUseNetworkwireless=true
02-09 18:22:54.856 D/CdmaCellLocation( 4576): [LPZ-GPS]BSId=11251
02-09 18:22:54.856 D/CdmaCellLocation( 4576): [LPZ-GPS]BSLAT=560189
02-09 18:22:54.856 D/CdmaCellLocation( 4576): [LPZ-GPS]BSLONG=-1362775
02-09 18:22:54.856 D/CdmaCellLocation( 4576): [LPZ-GPS]SystemId=4139
02-09 18:22:54.856 D/CdmaCellLocation( 4576): [LPZ-GPS]NetworkId=41
02-09 18:22:54.856 E/ContactsProvider(27282): 20101020 isContactsAttachedToReadOnlyRawContacts, contactId:179
02-09 18:22:54.876 D/MobileDataStateTracker(27162): [hipri]  MobileDataStateReceiver onReceive(): Entry.
02-09 18:22:54.876 D/MobileDataStateTracker(27162): [hipri]  intent.getAction()= android.intent.action.SERVICE_STATE
02-09 18:22:54.876 D/MobileDataStateTracker(27162): [hipri]  mEnabled = false
02-09 18:22:54.886 D/DATA    (27234): [DSST(0)]  registrationState = 1  radioTechnology = 6 reasonForDenial = 0
02-09 18:22:54.886 D/DATA    (27234): [DSST(0)]  set mNewDataConnectionState = 0
02-09 18:22:54.886 D/DATA    (27234): [DSST(0)]  mNewDataConnectionState : 0  mDataConnectionState : 0
02-09 18:22:54.886 D/DATA    (27234): [DSST(0)] Poll ServiceState done: oldSS=[0 home null null null  EvDo rev. A CSS not supported -1 -1RoamInd: -1RoamStatus(sprint): -1DefRoamInd: -1EmergOnly: false] newSS=[0 home null null null  1xRTT CSS not supported -1 -1RoamInd: -1RoamStatus(sprint): -1DefRoamInd: -1EmergOnly: false]
02-09 18:22:54.886 D/DATA    (27234): [DSST(0)]  mDataConnectionState = 0
02-09 18:22:54.916 D/CdmaCellLocation( 4576): [LPZ-GPS]mUseNetworkwireless=false
02-09 18:22:54.916 D/CdmaCellLocation( 4576): [LPZ-GPS]BSId=-1
02-09 18:22:54.916 D/CdmaCellLocation( 4576): [LPZ-GPS]BSLAT=2147483647
02-09 18:22:54.916 D/CdmaCellLocation( 4576): [LPZ-GPS]BSLONG=2147483647
02-09 18:22:54.916 D/CdmaCellLocation( 4576): [LPZ-GPS]SystemId=-1
02-09 18:22:54.916 D/CdmaCellLocation( 4576): [LPZ-GPS]NetworkId=-1
02-09 18:22:54.916 D/CdmaCellLocation(27265): [LPZ-GPS]mUseNetworkwireless=false
02-09 18:22:54.916 D/CdmaCellLocation(27265): [LPZ-GPS]BSId=-1
02-09 18:22:54.916 D/CdmaCellLocation(27265): [LPZ-GPS]BSLAT=2147483647
02-09 18:22:54.916 D/CdmaCellLocation(27265): [LPZ-GPS]BSLONG=2147483647
02-09 18:22:54.916 D/CdmaCellLocation(27265): [LPZ-GPS]SystemId=-1
02-09 18:22:54.916 D/CdmaCellLocation(27265): [LPZ-GPS]NetworkId=-1
02-09 18:22:54.926 D/MobileDataStateTracker(27162): [hipri] subType changed, oldSubtype = 6new subtype = 7
02-09 18:22:54.926 D/MobileDataStateTracker(27162): [dun]  MobileDataStateReceiver onReceive(): Entry.
02-09 18:22:54.926 D/MobileDataStateTracker(27162): [dun]  intent.getAction()= android.intent.action.SERVICE_STATE
02-09 18:22:54.926 D/MobileDataStateTracker(27162): [dun]  mEnabled = false
02-09 18:22:54.936 D/MobileDataStateTracker(27162): [dun] subType changed, oldSubtype = 6new subtype = 7
02-09 18:22:54.946 D/MobileDataStateTracker(27162): [supl]  MobileDataStateReceiver onReceive(): Entry.
02-09 18:22:54.946 D/MobileDataStateTracker(27162): [supl]  intent.getAction()= android.intent.action.SERVICE_STATE
02-09 18:22:54.946 D/MobileDataStateTracker(27162): [supl]  mEnabled = false
02-09 18:22:54.946 D/MobileDataStateTracker(27162): [supl] subType changed, oldSubtype = 6new subtype = 7
02-09 18:22:54.946 D/MobileDataStateTracker(27162): [mms]  MobileDataStateReceiver onReceive(): Entry.
02-09 18:22:54.946 D/MobileDataStateTracker(27162): [mms]  intent.getAction()= android.intent.action.SERVICE_STATE
02-09 18:22:54.946 D/MobileDataStateTracker(27162): [mms]  mEnabled = false
02-09 18:22:54.956 D/MobileDataStateTracker(27162): [mms] subType changed, oldSubtype = 6new subtype = 7
02-09 18:22:54.956 D/MobileDataStateTracker(27162): [default]  MobileDataStateReceiver onReceive(): Entry.
02-09 18:22:54.956 D/MobileDataStateTracker(27162): [default]  intent.getAction()= android.intent.action.SERVICE_STATE
02-09 18:22:54.956 D/MobileDataStateTracker(27162): [default]  mEnabled = true
02-09 18:22:54.956 D/MobileDataStateTracker(27162): [default] subType changed, oldSubtype = 6new subtype = 7
02-09 18:22:54.956 D/PhoneApp(27234): old phone type:2, New Phone type:2
02-09 18:22:54.956 D/NotificationMgr(27234): hideDataDisconnectedRoaming()...
02-09 18:22:54.966 D/PhoneApp(27234): old phone type:2, New Phone type:2
02-09 18:22:54.966 D/NotificationMgr(27234): hideDataDisconnectedRoaming()...
02-09 18:22:54.966 D/PhoneApp(27234): old phone type:2, New Phone type:2
02-09 18:22:54.966 D/NotificationMgr(27234): hideDataDisconnectedRoaming()...
02-09 18:22:54.966 D/AlarmManager(27162): +++Alarm set:type=2 com.google.android.location  Trigger after:4606ms
02-09 18:22:54.966 D/TelephonyManager(27265): [LPZ-GPS]getCellLocation enter,usewireless=true
02-09 18:22:54.976 D/CdmaCellLocation(27265): [LPZ-GPS]mUseNetworkwireless=true
02-09 18:22:54.976 D/CdmaCellLocation(27265): [LPZ-GPS]BSId=4721
02-09 18:22:54.976 D/CdmaCellLocation(27265): [LPZ-GPS]BSLAT=560455
02-09 18:22:54.976 D/CdmaCellLocation(27265): [LPZ-GPS]BSLONG=-1362815
02-09 18:22:54.976 D/CdmaCellLocation(27265): [LPZ-GPS]SystemId=4139
02-09 18:22:54.976 D/CdmaCellLocation(27265): [LPZ-GPS]NetworkId=41
02-09 18:22:54.976 D/PhoneApp(27234): old phone type:2, New Phone type:2
02-09 18:22:54.976 D/NotificationMgr(27234): hideDataDisconnectedRoaming()...
02-09 18:22:54.976 D/PhoneApp(27234): old phone type:2, New Phone type:2
02-09 18:22:54.976 D/NotificationMgr(27234): hideDataDisconnectedRoaming()...
02-09 18:22:54.976 D/PhoneApp(27234): old phone type:2, New Phone type:2
02-09 18:22:54.976 D/NotificationMgr(27234): hideDataDisconnectedRoaming()...
02-09 18:22:54.976 D/PhoneApp(27234): old phone type:2, New Phone type:2
02-09 18:22:54.976 D/NotificationMgr(27234): hideDataDisconnectedRoaming()...
02-09 18:22:54.976 D/PhoneApp(27234): old phone type:2, New Phone type:2
02-09 18:22:54.976 D/NotificationMgr(27234): hideDataDisconnectedRoaming()...
02-09 18:22:54.976 D/PhoneApp(27234): old phone type:2, New Phone type:2
02-09 18:22:54.976 D/NotificationMgr(27234): hideDataDisconnectedRoaming()...
02-09 18:22:54.976 D/PhoneApp(27234): old phone type:2, New Phone type:2
02-09 18:22:54.976 D/NotificationMgr(27234): hideDataDisconnectedRoaming()...
02-09 18:22:54.986 D/CallManager(27234):  handleMessage (EVENT_SERVICE_STATE_CHANGED)
02-09 18:22:54.986 E/BT HS/HF(27234): SERVICE_STATE_CHANGED called
02-09 18:22:54.986 E/BT HS/HF(27234): updateServiceState called, sendUpdate:false  ServiceState:0 home Sprint  310099  EvDo rev. A CSS not supported 41 4139RoamInd: 1RoamStatus(sprint): 1DefRoamInd: 160EmergOnly: false
02-09 18:22:54.986 E/BT HS/HF(27234): service:1 mService:1
02-09 18:22:54.986 D/CallManager(27234):  handleMessage (EVENT_SERVICE_STATE_CHANGED)
02-09 18:22:54.986 E/BT HS/HF(27234): SERVICE_STATE_CHANGED called
02-09 18:22:54.986 E/BT HS/HF(27234): updateServiceState called, sendUpdate:false  ServiceState:0 home Sprint  310099  1xRTT CSS not supported 41 4139RoamInd: 1RoamStatus(sprint): 1DefRoamInd: 160EmergOnly: false
02-09 18:22:54.986 E/BT HS/HF(27234): service:1 mService:1
02-09 18:22:54.996 D/MobileDataStateTracker(27162): [hipri]  MobileDataStateReceiver onReceive(): Entry.
02-09 18:22:54.996 D/MobileDataStateTracker(27162): [hipri]  intent.getAction()= android.intent.action.SERVICE_STATE
02-09 18:22:54.996 D/MobileDataStateTracker(27162): [hipri]  mEnabled = false
02-09 18:22:55.006 D/Phone   (27234): [PhoneNotifier] [DefaultPhoneNotifier] : default, INET, CONNECTED
02-09 18:22:55.006 D/MobileDataStateTracker(27162): [dun]  MobileDataStateReceiver onReceive(): Entry.
02-09 18:22:55.006 D/MobileDataStateTracker(27162): [dun]  intent.getAction()= android.intent.action.SERVICE_STATE
02-09 18:22:55.006 D/MobileDataStateTracker(27162): [dun]  mEnabled = false
02-09 18:22:55.006 D/MobileDataStateTracker(27162): [supl]  MobileDataStateReceiver onReceive(): Entry.
02-09 18:22:55.006 D/MobileDataStateTracker(27162): [supl]  intent.getAction()= android.intent.action.SERVICE_STATE
02-09 18:22:55.006 D/MobileDataStateTracker(27162): [supl]  mEnabled = false
02-09 18:22:55.006 D/MobileDataStateTracker(27162): [mms]  MobileDataStateReceiver onReceive(): Entry.
02-09 18:22:55.006 D/MobileDataStateTracker(27162): [mms]  intent.getAction()= android.intent.action.SERVICE_STATE
02-09 18:22:55.006 D/MobileDataStateTracker(27162): [mms]  mEnabled = false
02-09 18:22:55.016 D/MobileDataStateTracker(27162): [default]  MobileDataStateReceiver onReceive(): Entry.
02-09 18:22:55.016 D/MobileDataStateTracker(27162): [default]  intent.getAction()= android.intent.action.SERVICE_STATE
02-09 18:22:55.016 D/MobileDataStateTracker(27162): [default]  mEnabled = true
02-09 18:22:55.026 I/TelephonyRegistry(27162): notifyDataConnection: state=2 isDataConnectivityPossible=true reason=radioTechnologyChanged interfaceName=rmnet0 networkType=7 apnType=default apn=null
02-09 18:22:55.026 I/TelephonyRegistry(27162): +++broadcastDataConnectionStateChanged
02-09 18:22:55.036 I/TelephonyRegistry(27162): +++sendStickyBroadcast
02-09 18:22:55.046 D/Phone   (27234): [PhoneNotifier] [DefaultPhoneNotifier] : default, INET6, DISCONNECTED
02-09 18:22:55.046 I/TelephonyRegistry(27162): notifyDataConnection: state=0 isDataConnectivityPossible=true reason=radioTechnologyChanged interfaceName=null networkType=7 apnType=default apn=null
02-09 18:22:55.046 I/TelephonyRegistry(27162): +++broadcastDataConnectionStateChanged
02-09 18:22:55.046 I/TelephonyRegistry(27162): +++sendStickyBroadcast
02-09 18:22:55.046 D/Phone   (27234): [PhoneNotifier] [DefaultPhoneNotifier] : mms, INET, CONNECTED
02-09 18:22:55.046 D/MobileDataStateTracker(27162): [hipri]  MobileDataStateReceiver onReceive(): Entry.
02-09 18:22:55.046 D/MobileDataStateTracker(27162): [hipri]  intent.getAction()= android.intent.action.ANY_DATA_STATE
02-09 18:22:55.046 D/MobileDataStateTracker(27162): [hipri]  mEnabled = false
02-09 18:22:55.056 D/MobileDataStateTracker(27162): [hipri]  apnTypeList = default
02-09 18:22:55.056 D/MobileDataStateTracker(27162): [hipri]  unavailable = false
02-09 18:22:55.056 D/MobileDataStateTracker(27162): [hipri] Do not process intents if disabled.
02-09 18:22:55.056 D/MobileDataStateTracker(27162): [dun]  MobileDataStateReceiver onReceive(): Entry.
02-09 18:22:55.056 D/MobileDataStateTracker(27162): [dun]  intent.getAction()= android.intent.action.ANY_DATA_STATE
02-09 18:22:55.056 D/MobileDataStateTracker(27162): [dun]  mEnabled = false
02-09 18:22:55.056 D/MobileDataStateTracker(27162): [dun]  apnTypeList = default
02-09 18:22:55.056 D/MobileDataStateTracker(27162): [dun]  unavailable = false
02-09 18:22:55.056 D/MobileDataStateTracker(27162): [dun] Do not process intents if disabled.
02-09 18:22:55.056 D/MobileDataStateTracker(27162): [supl]  MobileDataStateReceiver onReceive(): Entry.
02-09 18:22:55.056 D/MobileDataStateTracker(27162): [supl]  intent.getAction()= android.intent.action.ANY_DATA_STATE
02-09 18:22:55.056 D/MobileDataStateTracker(27162): [supl]  mEnabled = false
02-09 18:22:55.066 D/MobileDataStateTracker(27162): [supl]  apnTypeList = default
02-09 18:22:55.066 D/MobileDataStateTracker(27162): [supl]  unavailable = false
02-09 18:22:55.066 D/MobileDataStateTracker(27162): [supl] Do not process intents if disabled.
02-09 18:22:55.066 D/MobileDataStateTracker(27162): [mms]  MobileDataStateReceiver onReceive(): Entry.
02-09 18:22:55.066 D/MobileDataStateTracker(27162): [mms]  intent.getAction()= android.intent.action.ANY_DATA_STATE
02-09 18:22:55.066 D/MobileDataStateTracker(27162): [mms]  mEnabled = false
02-09 18:22:55.066 D/MobileDataStateTracker(27162): [mms]  apnTypeList = default
02-09 18:22:55.066 D/MobileDataStateTracker(27162): [mms]  unavailable = false
02-09 18:22:55.066 D/MobileDataStateTracker(27162): [mms] Do not process intents if disabled.
02-09 18:22:55.066 D/MobileDataStateTracker(27162): [default]  MobileDataStateReceiver onReceive(): Entry.
02-09 18:22:55.066 D/MobileDataStateTracker(27162): [default]  intent.getAction()= android.intent.action.ANY_DATA_STATE
02-09 18:22:55.066 D/MobileDataStateTracker(27162): [default]  mEnabled = true
02-09 18:22:55.066 D/MobileDataStateTracker(27162): [default]  apnTypeList = default
02-09 18:22:55.066 D/MobileDataStateTracker(27162): [default]  unavailable = false
02-09 18:22:55.066 D/MobileDataStateTracker(27162): [default] CALL updateMobileInfoFromIntent
02-09 18:22:55.066 I/MobileDataStateTracker(27162): [default] dc state change intent received for default/INET6 with state  DISCONNECTED. enabled=true state change reason = radioTechnologyChanged
02-09 18:22:55.076 I/TelephonyRegistry(27162): notifyDataConnection: state=2 isDataConnectivityPossible=true reason=radioTechnologyChanged interfaceName=rmnet0 networkType=7 apnType=mms apn=null
02-09 18:22:55.076 I/TelephonyRegistry(27162): +++broadcastDataConnectionStateChanged
02-09 18:22:55.076 I/TelephonyRegistry(27162): +++sendStickyBroadcast
02-09 18:22:55.076 I/MobileDataStateTracker(27162): [default] old state = DISCONNECTED
02-09 18:22:55.076 I/MobileDataStateTracker(27162): [default] no change,  just return
02-09 18:22:55.076 D/MobileDataStateTracker(27162): [default] No need to update detailed state
02-09 18:22:55.076 D/Phone   (27234): [PhoneNotifier] [DefaultPhoneNotifier] : mms, INET6, DISCONNECTED
02-09 18:22:55.086 D/MobileDataStateTracker(27162): [hipri]  MobileDataStateReceiver onReceive(): Entry.
02-09 18:22:55.086 D/MobileDataStateTracker(27162): [hipri]  intent.getAction()= android.intent.action.ANY_DATA_STATE
02-09 18:22:55.086 D/MobileDataStateTracker(27162): [hipri]  mEnabled = false
02-09 18:22:55.086 D/MobileDataStateTracker(27162): [hipri]  apnTypeList = mms
02-09 18:22:55.086 D/MobileDataStateTracker(27162): [hipri]  unavailable = false
02-09 18:22:55.086 D/MobileDataStateTracker(27162): [hipri] Do not process intents if disabled.
02-09 18:22:55.086 D/MobileDataStateTracker(27162): [dun]  MobileDataStateReceiver onReceive(): Entry.
02-09 18:22:55.086 D/MobileDataStateTracker(27162): [dun]  intent.getAction()= android.intent.action.ANY_DATA_STATE
02-09 18:22:55.086 D/MobileDataStateTracker(27162): [dun]  mEnabled = false
02-09 18:22:55.086 I/TelephonyRegistry(27162): notifyDataConnection: state=0 isDataConnectivityPossible=true reason=radioTechnologyChanged interfaceName=null networkType=7 apnType=mms apn=null
02-09 18:22:55.086 I/TelephonyRegistry(27162): +++broadcastDataConnectionStateChanged
02-09 18:22:55.086 D/MobileDataStateTracker(27162): [dun]  apnTypeList = mms
02-09 18:22:55.086 D/MobileDataStateTracker(27162): [dun]  unavailable = false
02-09 18:22:55.086 D/MobileDataStateTracker(27162): [dun] Do not process intents if disabled.
02-09 18:22:55.086 D/MobileDataStateTracker(27162): [supl]  MobileDataStateReceiver onReceive(): Entry.
02-09 18:22:55.086 D/MobileDataStateTracker(27162): [supl]  intent.getAction()= android.intent.action.ANY_DATA_STATE
02-09 18:22:55.086 D/MobileDataStateTracker(27162): [supl]  mEnabled = false
02-09 18:22:55.096 D/MobileDataStateTracker(27162): [supl]  apnTypeList = mms
02-09 18:22:55.096 D/MobileDataStateTracker(27162): [supl]  unavailable = false
02-09 18:22:55.096 D/MobileDataStateTracker(27162): [supl] Do not process intents if disabled.
02-09 18:22:55.096 I/TelephonyRegistry(27162): +++sendStickyBroadcast
02-09 18:22:55.096 D/Phone   (27234): [PhoneNotifier] [DefaultPhoneNotifier] : supl, INET, CONNECTED
02-09 18:22:55.096 D/MobileDataStateTracker(27162): [mms]  MobileDataStateReceiver onReceive(): Entry.
02-09 18:22:55.096 D/MobileDataStateTracker(27162): [mms]  intent.getAction()= android.intent.action.ANY_DATA_STATE
02-09 18:22:55.096 D/MobileDataStateTracker(27162): [mms]  mEnabled = false
02-09 18:22:55.096 I/TelephonyRegistry(27162): notifyDataConnection: state=2 isDataConnectivityPossible=true reason=radioTechnologyChanged interfaceName=rmnet0 networkType=7 apnType=supl apn=null
02-09 18:22:55.096 I/TelephonyRegistry(27162): +++broadcastDataConnectionStateChanged
02-09 18:22:55.106 D/MobileDataStateTracker(27162): [mms]  apnTypeList = mms
02-09 18:22:55.106 D/MobileDataStateTracker(27162): [mms]  unavailable = false
02-09 18:22:55.106 D/MobileDataStateTracker(27162): [mms] Do not process intents if disabled.
02-09 18:22:55.106 D/MobileDataStateTracker(27162): [default]  MobileDataStateReceiver onReceive(): Entry.
02-09 18:22:55.106 D/MobileDataStateTracker(27162): [default]  intent.getAction()= android.intent.action.ANY_DATA_STATE
02-09 18:22:55.106 D/MobileDataStateTracker(27162): [default]  mEnabled = true
02-09 18:22:55.106 D/MobileDataStateTracker(27162): [default]  apnTypeList = mms
02-09 18:22:55.106 D/MobileDataStateTracker(27162): [default]  unavailable = false
02-09 18:22:55.106 D/MobileDataStateTracker(27162): [default] not what we are looking for.
02-09 18:22:55.106 D/MobileDataStateTracker(27162): [hipri]  MobileDataStateReceiver onReceive(): Entry.
02-09 18:22:55.106 D/MobileDataStateTracker(27162): [hipri]  intent.getAction()= android.intent.action.ANY_DATA_STATE
02-09 18:22:55.106 D/MobileDataStateTracker(27162): [hipri]  mEnabled = false
02-09 18:22:55.116 D/MobileDataStateTracker(27162): [hipri]  apnTypeList = mms
02-09 18:22:55.116 D/MobileDataStateTracker(27162): [hipri]  unavailable = false
02-09 18:22:55.116 D/MobileDataStateTracker(27162): [hipri] Do not process intents if disabled.
02-09 18:22:55.116 D/MobileDataStateTracker(27162): [dun]  MobileDataStateReceiver onReceive(): Entry.
02-09 18:22:55.116 D/MobileDataStateTracker(27162): [dun]  intent.getAction()= android.intent.action.ANY_DATA_STATE
02-09 18:22:55.116 D/MobileDataStateTracker(27162): [dun]  mEnabled = false
02-09 18:22:55.116 D/MobileDataStateTracker(27162): [dun]  apnTypeList = mms
02-09 18:22:55.116 D/MobileDataStateTracker(27162): [dun]  unavailable = false
02-09 18:22:55.116 D/MobileDataStateTracker(27162): [dun] Do not process intents if disabled.
02-09 18:22:55.116 D/MobileDataStateTracker(27162): [supl]  MobileDataStateReceiver onReceive(): Entry.
02-09 18:22:55.116 D/MobileDataStateTracker(27162): [supl]  intent.getAction()= android.intent.action.ANY_DATA_STATE
02-09 18:22:55.116 D/MobileDataStateTracker(27162): [supl]  mEnabled = false
02-09 18:22:55.116 D/MobileDataStateTracker(27162): [supl]  apnTypeList = mms
02-09 18:22:55.116 D/MobileDataStateTracker(27162): [supl]  unavailable = false
02-09 18:22:55.116 D/MobileDataStateTracker(27162): [supl] Do not process intents if disabled.
02-09 18:22:55.116 D/MobileDataStateTracker(27162): [mms]  MobileDataStateReceiver onReceive(): Entry.
02-09 18:22:55.116 D/MobileDataStateTracker(27162): [mms]  intent.getAction()= android.intent.action.ANY_DATA_STATE
02-09 18:22:55.116 D/MobileDataStateTracker(27162): [mms]  mEnabled = false
02-09 18:22:55.116 D/MobileDataStateTracker(27162): [mms]  apnTypeList = mms
02-09 18:22:55.116 D/MobileDataStateTracker(27162): [mms]  unavailable = false
02-09 18:22:55.116 D/MobileDataStateTracker(27162): [mms] Do not process intents if disabled.
02-09 18:22:55.116 D/MobileDataStateTracker(27162): [default]  MobileDataStateReceiver onReceive(): Entry.
02-09 18:22:55.116 D/MobileDataStateTracker(27162): [default]  intent.getAction()= android.intent.action.ANY_DATA_STATE
02-09 18:22:55.116 D/MobileDataStateTracker(27162): [default]  mEnabled = true
02-09 18:22:55.116 D/MobileDataStateTracker(27162): [default]  apnTypeList = mms
02-09 18:22:55.116 D/MobileDataStateTracker(27162): [default]  unavailable = false
02-09 18:22:55.116 D/MobileDataStateTracker(27162): [default] not what we are looking for.
02-09 18:22:55.126 I/TelephonyRegistry(27162): +++sendStickyBroadcast
02-09 18:22:55.126 D/Phone   (27234): [PhoneNotifier] [DefaultPhoneNotifier] : supl, INET6, DISCONNECTED
02-09 18:22:55.136 D/MobileDataStateTracker(27162): [hipri]  MobileDataStateReceiver onReceive(): Entry.
02-09 18:22:55.136 D/MobileDataStateTracker(27162): [hipri]  intent.getAction()= android.intent.action.ANY_DATA_STATE
02-09 18:22:55.136 D/MobileDataStateTracker(27162): [hipri]  mEnabled = false
02-09 18:22:55.136 I/TelephonyRegistry(27162): notifyDataConnection: state=0 isDataConnectivityPossible=true reason=radioTechnologyChanged interfaceName=null networkType=7 apnType=supl apn=null
02-09 18:22:55.136 I/TelephonyRegistry(27162): +++broadcastDataConnectionStateChanged
02-09 18:22:55.136 D/MobileDataStateTracker(27162): [hipri]  apnTypeList = supl
02-09 18:22:55.136 D/MobileDataStateTracker(27162): [hipri]  unavailable = false
02-09 18:22:55.136 D/MobileDataStateTracker(27162): [hipri] Do not process intents if disabled.
02-09 18:22:55.136 D/MobileDataStateTracker(27162): [dun]  MobileDataStateReceiver onReceive(): Entry.
02-09 18:22:55.136 D/MobileDataStateTracker(27162): [dun]  intent.getAction()= android.intent.action.ANY_DATA_STATE
02-09 18:22:55.136 D/MobileDataStateTracker(27162): [dun]  mEnabled = false
02-09 18:22:55.136 D/MobileDataStateTracker(27162): [dun]  apnTypeList = supl
02-09 18:22:55.136 D/MobileDataStateTracker(27162): [dun]  unavailable = false
02-09 18:22:55.136 D/MobileDataStateTracker(27162): [dun] Do not process intents if disabled.
02-09 18:22:55.136 D/MobileDataStateTracker(27162): [supl]  MobileDataStateReceiver onReceive(): Entry.
02-09 18:22:55.136 D/MobileDataStateTracker(27162): [supl]  intent.getAction()= android.intent.action.ANY_DATA_STATE
02-09 18:22:55.136 D/MobileDataStateTracker(27162): [supl]  mEnabled = false
02-09 18:22:55.136 I/TelephonyRegistry(27162): +++sendStickyBroadcast
02-09 18:22:55.146 D/Phone   (27234): [PhoneNotifier] [DefaultPhoneNotifier] : dun, INET, DISCONNECTED
02-09 18:22:55.146 I/TelephonyRegistry(27162): notifyDataConnection: state=0 isDataConnectivityPossible=true reason=radioTechnologyChanged interfaceName=null networkType=7 apnType=dun apn=null
02-09 18:22:55.146 I/TelephonyRegistry(27162): +++broadcastDataConnectionStateChanged
02-09 18:22:55.146 I/TelephonyRegistry(27162): +++sendStickyBroadcast
02-09 18:22:55.156 D/MobileDataStateTracker(27162): [supl]  apnTypeList = supl
02-09 18:22:55.156 D/MobileDataStateTracker(27162): [supl]  unavailable = false
02-09 18:22:55.156 D/MobileDataStateTracker(27162): [supl] Do not process intents if disabled.
02-09 18:22:55.156 D/MobileDataStateTracker(27162): [mms]  MobileDataStateReceiver onReceive(): Entry.
02-09 18:22:55.156 D/MobileDataStateTracker(27162): [mms]  intent.getAction()= android.intent.action.ANY_DATA_STATE
02-09 18:22:55.156 D/MobileDataStateTracker(27162): [mms]  mEnabled = false
02-09 18:22:55.156 D/MobileDataStateTracker(27162): [mms]  apnTypeList = supl
02-09 18:22:55.156 D/MobileDataStateTracker(27162): [mms]  unavailable = false
02-09 18:22:55.156 D/MobileDataStateTracker(27162): [mms] Do not process intents if disabled.
02-09 18:22:55.156 D/MobileDataStateTracker(27162): [default]  MobileDataStateReceiver onReceive(): Entry.
02-09 18:22:55.156 D/MobileDataStateTracker(27162): [default]  intent.getAction()= android.intent.action.ANY_DATA_STATE
02-09 18:22:55.156 D/MobileDataStateTracker(27162): [default]  mEnabled = true
02-09 18:22:55.156 D/Phone   (27234): [PhoneNotifier] [DefaultPhoneNotifier] : dun, INET6, DISCONNECTED
02-09 18:22:55.156 I/TelephonyRegistry(27162): notifyDataConnection: state=0 isDataConnectivityPossible=true reason=radioTechnologyChanged interfaceName=null networkType=7 apnType=dun apn=null
02-09 18:22:55.156 I/TelephonyRegistry(27162): +++broadcastDataConnectionStateChanged
02-09 18:22:55.156 I/TelephonyRegistry(27162): +++sendStickyBroadcast
02-09 18:22:55.166 D/Phone   (27234): [PhoneNotifier] [DefaultPhoneNotifier] : hipri, INET, CONNECTED
02-09 18:22:55.166 D/MobileDataStateTracker(27162): [default]  apnTypeList = supl
02-09 18:22:55.166 D/MobileDataStateTracker(27162): [default]  unavailable = false
02-09 18:22:55.166 D/MobileDataStateTracker(27162): [default] not what we are looking for.
02-09 18:22:55.166 D/MobileDataStateTracker(27162): [hipri]  MobileDataStateReceiver onReceive(): Entry.
02-09 18:22:55.166 D/MobileDataStateTracker(27162): [hipri]  intent.getAction()= android.intent.action.ANY_DATA_STATE
02-09 18:22:55.166 D/MobileDataStateTracker(27162): [hipri]  mEnabled = false
02-09 18:22:55.176 I/TelephonyRegistry(27162): notifyDataConnection: state=2 isDataConnectivityPossible=true reason=radioTechnologyChanged interfaceName=rmnet0 networkType=7 apnType=hipri apn=null
02-09 18:22:55.176 I/TelephonyRegistry(27162): +++broadcastDataConnectionStateChanged
02-09 18:22:55.176 D/MobileDataStateTracker(27162): [hipri]  apnTypeList = supl
02-09 18:22:55.176 D/MobileDataStateTracker(27162): [hipri]  unavailable = false
02-09 18:22:55.176 D/MobileDataStateTracker(27162): [hipri] Do not process intents if disabled.
02-09 18:22:55.176 D/MobileDataStateTracker(27162): [dun]  MobileDataStateReceiver onReceive(): Entry.
02-09 18:22:55.176 D/MobileDataStateTracker(27162): [dun]  intent.getAction()= android.intent.action.ANY_DATA_STATE
02-09 18:22:55.176 D/MobileDataStateTracker(27162): [dun]  mEnabled = false
02-09 18:22:55.176 D/MobileDataStateTracker(27162): [dun]  apnTypeList = supl
02-09 18:22:55.176 D/MobileDataStateTracker(27162): [dun]  unavailable = false
02-09 18:22:55.176 D/MobileDataStateTracker(27162): [dun] Do not process intents if disabled.
02-09 18:22:55.176 D/MobileDataStateTracker(27162): [supl]  MobileDataStateReceiver onReceive(): Entry.
02-09 18:22:55.176 D/MobileDataStateTracker(27162): [supl]  intent.getAction()= android.intent.action.ANY_DATA_STATE
02-09 18:22:55.176 D/MobileDataStateTracker(27162): [supl]  mEnabled = false
02-09 18:22:55.176 I/TelephonyRegistry(27162): +++sendStickyBroadcast
02-09 18:22:55.176 D/MobileDataStateTracker(27162): [supl]  apnTypeList = supl
02-09 18:22:55.176 D/MobileDataStateTracker(27162): [supl]  unavailable = false
02-09 18:22:55.176 D/MobileDataStateTracker(27162): [supl] Do not process intents if disabled.
02-09 18:22:55.176 D/MobileDataStateTracker(27162): [mms]  MobileDataStateReceiver onReceive(): Entry.
02-09 18:22:55.186 D/MobileDataStateTracker(27162): [mms]  intent.getAction()= android.intent.action.ANY_DATA_STATE
02-09 18:22:55.186 D/MobileDataStateTracker(27162): [mms]  mEnabled = false
02-09 18:22:55.186 D/MobileDataStateTracker(27162): [mms]  apnTypeList = supl
02-09 18:22:55.186 D/MobileDataStateTracker(27162): [mms]  unavailable = false
02-09 18:22:55.186 D/MobileDataStateTracker(27162): [mms] Do not process intents if disabled.
02-09 18:22:55.186 D/MobileDataStateTracker(27162): [default]  MobileDataStateReceiver onReceive(): Entry.
02-09 18:22:55.186 D/MobileDataStateTracker(27162): [default]  intent.getAction()= android.intent.action.ANY_DATA_STATE
02-09 18:22:55.186 D/MobileDataStateTracker(27162): [default]  mEnabled = true
02-09 18:22:55.186 D/MobileDataStateTracker(27162): [default]  apnTypeList = supl
02-09 18:22:55.186 D/MobileDataStateTracker(27162): [default]  unavailable = false
02-09 18:22:55.186 D/MobileDataStateTracker(27162): [default] not what we are looking for.
02-09 18:22:55.186 D/MobileDataStateTracker(27162): [hipri]  MobileDataStateReceiver onReceive(): Entry.
02-09 18:22:55.196 D/Phone   (27234): [PhoneNotifier] [DefaultPhoneNotifier] : hipri, INET6, DISCONNECTED
02-09 18:22:55.196 I/TelephonyRegistry(27162): notifyDataConnection: state=0 isDataConnectivityPossible=true reason=radioTechnologyChanged interfaceName=null networkType=7 apnType=hipri apn=null
02-09 18:22:55.196 I/TelephonyRegistry(27162): +++broadcastDataConnectionStateChanged
02-09 18:22:55.196 I/TelephonyRegistry(27162): +++sendStickyBroadcast
02-09 18:22:55.196 D/DATA    (27234): [DCT(0) ] Resetting all profiles and service states!
02-09 18:22:55.196 D/PhoneApp(27234): mReceiver: ACTION_ANY_DATA_CONNECTION_STATE_CHANGED
02-09 18:22:55.196 D/PhoneApp(27234): - state: CONNECTED
02-09 18:22:55.196 D/PhoneApp(27234): - reason: radioTechnologyChanged
02-09 18:22:55.196 D/PhoneApp(27234): mReceiver: ACTION_ANY_DATA_CONNECTION_STATE_CHANGED
02-09 18:22:55.196 D/PhoneApp(27234): - state: CONNECTED
02-09 18:22:55.196 D/PhoneApp(27234): - reason: radioTechnologyChanged
02-09 18:22:55.196 D/PhoneApp(27234): mReceiver: ACTION_ANY_DATA_CONNECTION_STATE_CHANGED
02-09 18:22:55.196 D/PhoneApp(27234): - state: CONNECTED
02-09 18:22:55.196 D/PhoneApp(27234): - reason: radioTechnologyChanged
02-09 18:22:55.196 D/PhoneApp(27234): mReceiver: ACTION_ANY_DATA_CONNECTION_STATE_CHANGED
02-09 18:22:55.196 D/PhoneApp(27234): - state: CONNECTED
02-09 18:22:55.196 D/PhoneApp(27234): - reason: radioTechnologyChanged
02-09 18:22:55.206 D/PhoneApp(27234): mReceiver: ACTION_ANY_DATA_CONNECTION_STATE_CHANGED
02-09 18:22:55.206 D/PhoneApp(27234): - state: CONNECTED
02-09 18:22:55.206 D/PhoneApp(27234): - reason: radioTechnologyChanged
02-09 18:22:55.206 D/MobileDataStateTracker(27162): [hipri]  intent.getAction()= android.intent.action.ANY_DATA_STATE
02-09 18:22:55.206 D/MobileDataStateTracker(27162): [hipri]  mEnabled = false
02-09 18:22:55.206 D/MobileDataStateTracker(27162): [hipri]  apnTypeList = dun
02-09 18:22:55.206 D/MobileDataStateTracker(27162): [hipri]  unavailable = false
02-09 18:22:55.206 D/MobileDataStateTracker(27162): [hipri] Do not process intents if disabled.
02-09 18:22:55.206 D/MobileDataStateTracker(27162): [dun]  MobileDataStateReceiver onReceive(): Entry.
02-09 18:22:55.206 D/MobileDataStateTracker(27162): [dun]  intent.getAction()= android.intent.action.ANY_DATA_STATE
02-09 18:22:55.206 D/MobileDataStateTracker(27162): [dun]  mEnabled = false
02-09 18:22:55.216 D/MobileDataStateTracker(27162): [dun]  apnTypeList = dun
02-09 18:22:55.216 D/MobileDataStateTracker(27162): [dun]  unavailable = false
02-09 18:22:55.216 D/MobileDataStateTracker(27162): [dun] Do not process intents if disabled.
02-09 18:22:55.216 D/MobileDataStateTracker(27162): [supl]  MobileDataStateReceiver onReceive(): Entry.
02-09 18:22:55.216 D/MobileDataStateTracker(27162): [supl]  intent.getAction()= android.intent.action.ANY_DATA_STATE
02-09 18:22:55.216 D/MobileDataStateTracker(27162): [supl]  mEnabled = false
02-09 18:22:55.216 D/MobileDataStateTracker(27162): [supl]  apnTypeList = dun
02-09 18:22:55.226 D/MobileDataStateTracker(27162): [supl]  unavailable = false
02-09 18:22:55.226 D/MobileDataStateTracker(27162): [supl] Do not process intents if disabled.
02-09 18:22:55.226 D/MobileDataStateTracker(27162): [mms]  MobileDataStateReceiver onReceive(): Entry.
02-09 18:22:55.226 D/MobileDataStateTracker(27162): [mms]  intent.getAction()= android.intent.action.ANY_DATA_STATE
02-09 18:22:55.226 D/MobileDataStateTracker(27162): [mms]  mEnabled = false
02-09 18:22:55.226 D/MobileDataStateTracker(27162): [mms]  apnTypeList = dun
02-09 18:22:55.226 D/MobileDataStateTracker(27162): [mms]  unavailable = false
02-09 18:22:55.226 D/MobileDataStateTracker(27162): [mms] Do not process intents if disabled.
02-09 18:22:55.226 D/MobileDataStateTracker(27162): [default]  MobileDataStateReceiver onReceive(): Entry.
02-09 18:22:55.226 D/MobileDataStateTracker(27162): [default]  intent.getAction()= android.intent.action.ANY_DATA_STATE
02-09 18:22:55.226 D/MobileDataStateTracker(27162): [default]  mEnabled = true
02-09 18:22:55.226 D/MobileDataStateTracker(27162): [default]  apnTypeList = dun
02-09 18:22:55.226 D/MobileDataStateTracker(27162): [default]  unavailable = false
02-09 18:22:55.226 D/MobileDataStateTracker(27162): [default] not what we are looking for.
02-09 18:22:55.226 D/MobileDataStateTracker(27162): [hipri]  MobileDataStateReceiver onReceive(): Entry.
02-09 18:22:55.226 D/MobileDataStateTracker(27162): [hipri]  intent.getAction()= android.intent.action.ANY_DATA_STATE
02-09 18:22:55.226 D/MobileDataStateTracker(27162): [hipri]  mEnabled = false
02-09 18:22:55.226 D/PhoneApp(27234): mReceiver: ACTION_ANY_DATA_CONNECTION_STATE_CHANGED
02-09 18:22:55.226 D/PhoneApp(27234): - state: CONNECTED
02-09 18:22:55.226 D/PhoneApp(27234): - reason: radioTechnologyChanged
02-09 18:22:55.226 D/PhoneApp(27234): mReceiver: ACTION_ANY_DATA_CONNECTION_STATE_CHANGED
02-09 18:22:55.226 D/PhoneApp(27234): - state: CONNECTED
02-09 18:22:55.226 D/PhoneApp(27234): - reason: radioTechnologyChanged
02-09 18:22:55.226 D/PhoneApp(27234): mReceiver: ACTION_ANY_DATA_CONNECTION_STATE_CHANGED
02-09 18:22:55.226 D/PhoneApp(27234): - state: CONNECTED
02-09 18:22:55.226 D/PhoneApp(27234): - reason: radioTechnologyChanged
02-09 18:22:55.226 D/PhoneApp(27234): mReceiver: ACTION_ANY_DATA_CONNECTION_STATE_CHANGED
02-09 18:22:55.226 D/PhoneApp(27234): - state: CONNECTED
02-09 18:22:55.226 D/PhoneApp(27234): - reason: radioTechnologyChanged
02-09 18:22:55.226 I/DATA    (27234): [DCT(0) ] onUpdateDataConnections: reason=radioTechnologyChanged
02-09 18:22:55.226 I/DATA    (27234): [DCT(0) ] ---dc list---
02-09 18:22:55.226 I/DATA    (27234): [DCT(0) ] cid = 0, state = DcActiveState, bearerType = IP, ipaddress = 70.5.41.227, gw=70.5.41.225, dns=[68.28.67.132, 68.28.68.132]
02-09 18:22:55.226 I/DATA    (27234): [DCT(0) ] ---ds list---
02-09 18:22:55.226 I/DATA    (27234): [DCT(0) ] ds= SERVICE_TYPE_DEFAULT, enabled = true, active = v4:CONNECTED(0) v6:IDLE
02-09 18:22:55.226 I/DATA    (27234): [DCT(0) ] ds= SERVICE_TYPE_MMS, enabled = false, active = v4:CONNECTED(0) v6:IDLE
02-09 18:22:55.226 I/DATA    (27234): [DCT(0) ] ds= SERVICE_TYPE_SUPL, enabled = false, active = v4:CONNECTED(0) v6:IDLE
02-09 18:22:55.236 D/MobileDataStateTracker(27162): [hipri]  apnTypeList = dun
02-09 18:22:55.236 D/MobileDataStateTracker(27162): [hipri]  unavailable = false
02-09 18:22:55.236 D/MobileDataStateTracker(27162): [hipri] Do not process intents if disabled.
02-09 18:22:55.236 D/MobileDataStateTracker(27162): [dun]  MobileDataStateReceiver onReceive(): Entry.
02-09 18:22:55.236 D/MobileDataStateTracker(27162): [dun]  intent.getAction()= android.intent.action.ANY_DATA_STATE
02-09 18:22:55.236 D/MobileDataStateTracker(27162): [dun]  mEnabled = false
02-09 18:22:55.236 D/MobileDataStateTracker(27162): [dun]  apnTypeList = dun
02-09 18:22:55.236 D/MobileDataStateTracker(27162): [dun]  unavailable = false
02-09 18:22:55.236 D/MobileDataStateTracker(27162): [dun] Do not process intents if disabled.
02-09 18:22:55.236 D/MobileDataStateTracker(27162): [supl]  MobileDataStateReceiver onReceive(): Entry.
02-09 18:22:55.236 D/MobileDataStateTracker(27162): [supl]  intent.getAction()= android.intent.action.ANY_DATA_STATE
02-09 18:22:55.236 D/MobileDataStateTracker(27162): [supl]  mEnabled = false
02-09 18:22:55.246 D/MobileDataStateTracker(27162): [supl]  apnTypeList = dun
02-09 18:22:55.246 D/MobileDataStateTracker(27162): [supl]  unavailable = false
02-09 18:22:55.246 D/MobileDataStateTracker(27162): [supl] Do not process intents if disabled.
02-09 18:22:55.246 D/MobileDataStateTracker(27162): [mms]  MobileDataStateReceiver onReceive(): Entry.
02-09 18:22:55.246 D/MobileDataStateTracker(27162): [mms]  intent.getAction()= android.intent.action.ANY_DATA_STATE
02-09 18:22:55.246 D/MobileDataStateTracker(27162): [mms]  mEnabled = false
02-09 18:22:55.246 I/DATA    (27234): [DCT(0) ] ds= SERVICE_TYPE_DUN, enabled = false, active = v4:IDLE v6:IDLE
02-09 18:22:55.246 I/DATA    (27234): [DCT(0) ] ds= SERVICE_TYPE_HIPRI, enabled = false, active = v4:CONNECTED(0) v6:IDLE
02-09 18:22:55.246 I/DATA    (27234): [DCT(0) ] Ready for data : 
02-09 18:22:55.246 I/DATA    (27234): [DCT(0) ]    getDesiredPowerState() = true
02-09 18:22:55.246 I/DATA    (27234): [DCT(0) ]    mCm.getRadioState() = RADIO_ON
02-09 18:22:55.246 I/DATA    (27234): [DCT(0) ]    [DataRadioTech = RADIO_TECH_1xRTT, data network state = 0, mMasterDataEnabled = true, is Roaming = false, dataOnRoamingEnable = false, isPsRestricted = false, desiredPowerState  = true, mSIMRecords = , cdmaSubSource = 1/310120, mRuimRecords = , checks = true/true]
02-09 18:22:55.246 D/PhoneApp(27234): old phone type:2, New Phone type:2
02-09 18:22:55.246 D/NotificationMgr(27234): hideDataDisconnectedRoaming()...
02-09 18:22:55.256 D/AlarmManager(27162): +++Alarm set:type=2 com.google.android.location  Trigger after:4322ms
02-09 18:22:55.256 D/TelephonyManager(27265): [LPZ-GPS]getCellLocation enter,usewireless=true
02-09 18:22:55.256 D/CdmaCellLocation(27265): [LPZ-GPS]mUseNetworkwireless=true
02-09 18:22:55.256 D/CdmaCellLocation(27265): [LPZ-GPS]BSId=4721
02-09 18:22:55.256 D/CdmaCellLocation(27265): [LPZ-GPS]BSLAT=560455
02-09 18:22:55.256 D/CdmaCellLocation(27265): [LPZ-GPS]BSLONG=-1362815
02-09 18:22:55.256 D/CdmaCellLocation(27265): [LPZ-GPS]SystemId=4139
02-09 18:22:55.256 D/CdmaCellLocation(27265): [LPZ-GPS]NetworkId=41
02-09 18:22:55.256 D/MobileDataStateTracker(27162): [mms]  apnTypeList = dun
02-09 18:22:55.266 D/MobileDataStateTracker(27162): [mms]  unavailable = false
02-09 18:22:55.266 D/MobileDataStateTracker(27162): [mms] Do not process intents if disabled.
02-09 18:22:55.266 D/MobileDataStateTracker(27162): [default]  MobileDataStateReceiver onReceive(): Entry.
02-09 18:22:55.266 D/MobileDataStateTracker(27162): [default]  intent.getAction()= android.intent.action.ANY_DATA_STATE
02-09 18:22:55.266 D/MobileDataStateTracker(27162): [default]  mEnabled = true
02-09 18:22:55.266 D/MobileDataStateTracker(27162): [default]  apnTypeList = dun
02-09 18:22:55.266 D/MobileDataStateTracker(27162): [default]  unavailable = false
02-09 18:22:55.266 D/MobileDataStateTracker(27162): [default] not what we are looking for.
02-09 18:22:55.266 D/MobileDataStateTracker(27162): [hipri]  MobileDataStateReceiver onReceive(): Entry.
02-09 18:22:55.266 D/MobileDataStateTracker(27162): [hipri]  intent.getAction()= android.intent.action.ANY_DATA_STATE
02-09 18:22:55.266 D/MobileDataStateTracker(27162): [hipri]  mEnabled = false
02-09 18:22:55.266 D/PhoneApp(27234): old phone type:2, New Phone type:2
02-09 18:22:55.266 D/NotificationMgr(27234): hideDataDisconnectedRoaming()...
02-09 18:22:55.266 D/PhoneApp(27234): old phone type:2, New Phone type:2
02-09 18:22:55.266 D/NotificationMgr(27234): hideDataDisconnectedRoaming()...
02-09 18:22:55.266 D/PhoneApp(27234): old phone type:2, New Phone type:2
02-09 18:22:55.266 D/NotificationMgr(27234): hideDataDisconnectedRoaming()...
02-09 18:22:55.266 D/PhoneApp(27234): old phone type:2, New Phone type:2
02-09 18:22:55.266 D/NotificationMgr(27234): hideDataDisconnectedRoaming()...
02-09 18:22:55.266 D/PhoneApp(27234): old phone type:2, New Phone type:2
02-09 18:22:55.266 D/NotificationMgr(27234): hideDataDisconnectedRoaming()...
02-09 18:22:55.266 D/PhoneApp(27234): old phone type:2, New Phone type:2
02-09 18:22:55.276 D/MobileDataStateTracker(27162): [hipri]  apnTypeList = hipri
02-09 18:22:55.276 D/MobileDataStateTracker(27162): [hipri]  unavailable = false
02-09 18:22:55.276 D/MobileDataStateTracker(27162): [hipri] Do not process intents if disabled.
02-09 18:22:55.276 D/MobileDataStateTracker(27162): [dun]  MobileDataStateReceiver onReceive(): Entry.
02-09 18:22:55.276 D/MobileDataStateTracker(27162): [dun]  intent.getAction()= android.intent.action.ANY_DATA_STATE
02-09 18:22:55.276 D/MobileDataStateTracker(27162): [dun]  mEnabled = false
02-09 18:22:55.276 D/MobileDataStateTracker(27162): [dun]  apnTypeList = hipri
02-09 18:22:55.276 D/MobileDataStateTracker(27162): [dun]  unavailable = false
02-09 18:22:55.276 D/MobileDataStateTracker(27162): [dun] Do not process intents if disabled.
02-09 18:22:55.276 D/MobileDataStateTracker(27162): [supl]  MobileDataStateReceiver onReceive(): Entry.
02-09 18:22:55.276 D/MobileDataStateTracker(27162): [supl]  intent.getAction()= android.intent.action.ANY_DATA_STATE
02-09 18:22:55.276 D/MobileDataStateTracker(27162): [supl]  mEnabled = false
02-09 18:22:55.276 D/MobileDataStateTracker(27162): [supl]  apnTypeList = hipri
02-09 18:22:55.276 D/MobileDataStateTracker(27162): [supl]  unavailable = false
02-09 18:22:55.276 D/MobileDataStateTracker(27162): [supl] Do not process intents if disabled.
02-09 18:22:55.276 D/MobileDataStateTracker(27162): [mms]  MobileDataStateReceiver onReceive(): Entry.
02-09 18:22:55.276 D/MobileDataStateTracker(27162): [mms]  intent.getAction()= android.intent.action.ANY_DATA_STATE
02-09 18:22:55.276 D/MobileDataStateTracker(27162): [mms]  mEnabled = false
02-09 18:22:55.276 D/MobileDataStateTracker(27162): [mms]  apnTypeList = hipri
02-09 18:22:55.276 D/MobileDataStateTracker(27162): [mms]  unavailable = false
02-09 18:22:55.276 D/MobileDataStateTracker(27162): [mms] Do not process intents if disabled.
02-09 18:22:55.276 D/MobileDataStateTracker(27162): [default]  MobileDataStateReceiver onReceive(): Entry.
02-09 18:22:55.276 D/MobileDataStateTracker(27162): [default]  intent.getAction()= android.intent.action.ANY_DATA_STATE
02-09 18:22:55.276 D/MobileDataStateTracker(27162): [default]  mEnabled = true
02-09 18:22:55.286 D/MobileDataStateTracker(27162): [default]  apnTypeList = hipri
02-09 18:22:55.286 D/MobileDataStateTracker(27162): [default]  unavailable = false
02-09 18:22:55.286 D/MobileDataStateTracker(27162): [default] not what we are looking for.
02-09 18:22:55.286 D/MobileDataStateTracker(27162): [hipri]  MobileDataStateReceiver onReceive(): Entry.
02-09 18:22:55.286 D/MobileDataStateTracker(27162): [hipri]  intent.getAction()= android.intent.action.ANY_DATA_STATE
02-09 18:22:55.286 D/MobileDataStateTracker(27162): [hipri]  mEnabled = false
02-09 18:22:55.286 D/MobileDataStateTracker(27162): [hipri]  apnTypeList = hipri
02-09 18:22:55.286 D/MobileDataStateTracker(27162): [hipri]  unavailable = false
02-09 18:22:55.286 D/MobileDataStateTracker(27162): [hipri] Do not process intents if disabled.
02-09 18:22:55.286 D/MobileDataStateTracker(27162): [dun]  MobileDataStateReceiver onReceive(): Entry.
02-09 18:22:55.286 D/MobileDataStateTracker(27162): [dun]  intent.getAction()= android.intent.action.ANY_DATA_STATE
02-09 18:22:55.286 D/MobileDataStateTracker(27162): [dun]  mEnabled = false
02-09 18:22:55.286 D/MobileDataStateTracker(27162): [dun]  apnTypeList = hipri
02-09 18:22:55.286 D/MobileDataStateTracker(27162): [dun]  unavailable = false
02-09 18:22:55.286 D/MobileDataStateTracker(27162): [dun] Do not process intents if disabled.
02-09 18:22:55.286 D/MobileDataStateTracker(27162): [supl]  MobileDataStateReceiver onReceive(): Entry.
02-09 18:22:55.286 D/MobileDataStateTracker(27162): [supl]  intent.getAction()= android.intent.action.ANY_DATA_STATE
02-09 18:22:55.286 D/MobileDataStateTracker(27162): [supl]  mEnabled = false
02-09 18:22:55.286 D/MobileDataStateTracker(27162): [supl]  apnTypeList = hipri
02-09 18:22:55.286 D/MobileDataStateTracker(27162): [supl]  unavailable = false
02-09 18:22:55.286 D/MobileDataStateTracker(27162): [supl] Do not process intents if disabled.
02-09 18:22:55.286 D/MobileDataStateTracker(27162): [mms]  MobileDataStateReceiver onReceive(): Entry.
02-09 18:22:55.286 D/MobileDataStateTracker(27162): [mms]  intent.getAction()= android.intent.action.ANY_DATA_STATE
02-09 18:22:55.286 D/MobileDataStateTracker(27162): [mms]  mEnabled = false
02-09 18:22:55.286 D/MobileDataStateTracker(27162): [mms]  apnTypeList = hipri
02-09 18:22:55.286 D/MobileDataStateTracker(27162): [mms]  unavailable = false
02-09 18:22:55.286 D/MobileDataStateTracker(27162): [mms] Do not process intents if disabled.
02-09 18:22:55.286 D/MobileDataStateTracker(27162): [default]  MobileDataStateReceiver onReceive(): Entry.
02-09 18:22:55.286 D/MobileDataStateTracker(27162): [default]  intent.getAction()= android.intent.action.ANY_DATA_STATE
02-09 18:22:55.286 D/MobileDataStateTracker(27162): [default]  mEnabled = true
02-09 18:22:55.296 D/NotificationMgr(27234): hideDataDisconnectedRoaming()...
02-09 18:22:55.296 D/PhoneApp(27234): old phone type:2, New Phone type:2
02-09 18:22:55.296 D/NotificationMgr(27234): hideDataDisconnectedRoaming()...
02-09 18:22:55.296 D/PhoneApp(27234): old phone type:2, New Phone type:2
02-09 18:22:55.296 D/NotificationMgr(27234): hideDataDisconnectedRoaming()...
02-09 18:22:55.296 D/AlarmManager(27162): +++Alarm set:type=2 com.google.android.location  Trigger after:4276ms
02-09 18:22:55.296 D/MobileDataStateTracker(27162): [default]  apnTypeList = hipri
02-09 18:22:55.296 D/MobileDataStateTracker(27162): [default]  unavailable = false
02-09 18:22:55.296 D/MobileDataStateTracker(27162): [default] not what we are looking for.
02-09 18:22:55.306 D/AlarmManager(27162): +++Alarm set:type=2 com.google.android.apps.maps  Trigger after:2147482817810ms
02-09 18:22:55.306 D/Mms     (27733): currentRoamingStatus:1
02-09 18:22:55.306 D/PicasaSyncManager( 4523): active network: NetworkInfo: type: mobile[CDMA - 1xRTT], state: CONNECTED/CONNECTED, reason: 2GVoiceCallEnded, extra: (none), roaming: false, failover: false, isAvailable: true, isIpv4Connected: true, isIpv6Connected: false, ipv4Name: rmnet0, ipv6Name: null
02-09 18:22:55.316 D/TelephonyManager( 4576): [LPZ-GPS]getCellLocation enter,usewireless=true
02-09 18:22:55.316 D/Mms     (27733): currentRoamingStatus:1
02-09 18:22:55.316 D/CdmaCellLocation( 4576): [LPZ-GPS]mUseNetworkwireless=true
02-09 18:22:55.316 D/CdmaCellLocation( 4576): [LPZ-GPS]BSId=4721
02-09 18:22:55.316 D/CdmaCellLocation( 4576): [LPZ-GPS]BSLAT=560455
02-09 18:22:55.316 D/CdmaCellLocation( 4576): [LPZ-GPS]BSLONG=-1362815
