02-09 18:22:16.548 D/Bitmap  (27234):       android.view.ViewRoot.performTraversals(ViewRoot.java:1262)
02-09 18:22:16.548 D/Bitmap  (27234):       android.view.ViewRoot.handleMessage(ViewRoot.java:1864)
02-09 18:22:16.548 D/Bitmap  (27234):       android.os.Handler.dispatchMessage(Handler.java:99)
02-09 18:22:16.548 D/Bitmap  (27234):       android.os.Looper.loop(Looper.java:130)
02-09 18:22:16.548 D/Bitmap  (27234):       android.app.ActivityThread.main(ActivityThread.java:3704)
02-09 18:22:16.548 D/Bitmap  (27234):       java.lang.reflect.Method.invokeNative(Native Method)
02-09 18:22:16.548 D/Bitmap  (27234):       java.lang.reflect.Method.invoke(Method.java:507)
02-09 18:22:16.548 D/Bitmap  (27234):       com.android.internal.os.ZygoteInit$MethodAndArgsCaller.run(ZygoteInit.java:875)
02-09 18:22:16.548 D/Bitmap  (27234):       com.android.internal.os.ZygoteInit.main(ZygoteInit.java:633)
02-09 18:22:16.548 D/Bitmap  (27234):       dalvik.system.NativeStart.main(Native Method)
02-09 18:22:16.548 D/Bitmap  (27234): _
02-09 18:22:16.558 D/Bitmap  (27234): Detect unrecycled bitmap.
02-09 18:22:16.558 D/Bitmap  (27234):       Size: 36864 Bytes, Width: 96 , Height: 96 , Hash code: 1079821664
02-09 18:22:16.558 D/Bitmap  (27234):  This bimap was created in:
02-09 18:22:16.558 D/Bitmap  (27234):       android.graphics.Bitmap.<init>(Bitmap.java:136)
02-09 18:22:16.558 D/Bitmap  (27234):       android.graphics.BitmapFactory.nativeDecodeStream(Native Method)
02-09 18:22:16.558 D/Bitmap  (27234):       android.graphics.BitmapFactory.decodeStream(BitmapFactory.java:470)
02-09 18:22:16.558 D/Bitmap  (27234):       android.graphics.BitmapFactory.decodeResourceStream(BitmapFactory.java:336)
02-09 18:22:16.558 D/Bitmap  (27234):       android.graphics.drawable.Drawable.createFromResourceStream(Drawable.java:697)
02-09 18:22:16.558 D/Bitmap  (27234):       android.graphics.drawable.Drawable.createFromStream(Drawable.java:657)
02-09 18:22:16.558 D/Bitmap  (27234):       android.pim.ContactsAsyncHelper$WorkerHandler.handleMessage(ContactsAsyncHelper.java:195)
02-09 18:22:16.558 D/Bitmap  (27234):       android.os.Handler.dispatchMessage(Handler.java:99)
02-09 18:22:16.558 D/Bitmap  (27234):       android.os.Looper.loop(Looper.java:130)
02-09 18:22:16.558 D/Bitmap  (27234):       android.os.HandlerThread.run(HandlerThread.java:60)
02-09 18:22:16.558 D/Bitmap  (27234): _
02-09 18:22:16.708 D/CallManager(27234):  handleMessage (EVENT_IN_CALL_VOICE_PRIVACY_OFF)
02-09 18:22:16.718 D/CallNotifier(27234): handleMessage() Msg Type: 10
02-09 18:22:16.718 D/PhoneApp(27234): old phone type:2, New Phone type:2
02-09 18:22:16.718 D/CallNotifier(27234): PHONE_ENHANCED_VP_OFF...
02-09 18:22:16.989 D/CallManager(27234):  handleMessage (EVENT_IN_CALL_VOICE_PRIVACY_OFF)
02-09 18:22:16.999 D/CallNotifier(27234): handleMessage() Msg Type: 10
02-09 18:22:17.009 D/PhoneApp(27234): old phone type:2, New Phone type:2
02-09 18:22:17.009 D/CallNotifier(27234): PHONE_ENHANCED_VP_OFF...
02-09 18:22:17.269 D/CallManager(27234):  handleMessage (EVENT_IN_CALL_VOICE_PRIVACY_OFF)
02-09 18:22:17.289 D/CallNotifier(27234): handleMessage() Msg Type: 10
02-09 18:22:17.289 D/PhoneApp(27234): old phone type:2, New Phone type:2
02-09 18:22:17.289 D/CallNotifier(27234): PHONE_ENHANCED_VP_OFF...
02-09 18:22:17.549 D/CallManager(27234):  handleMessage (EVENT_IN_CALL_VOICE_PRIVACY_OFF)
02-09 18:22:17.559 D/CallNotifier(27234): handleMessage() Msg Type: 10
02-09 18:22:17.559 D/PhoneApp(27234): old phone type:2, New Phone type:2
02-09 18:22:17.559 D/CallNotifier(27234): PHONE_ENHANCED_VP_OFF...
02-09 18:22:17.819 D/CallManager(27234):  handleMessage (EVENT_IN_CALL_VOICE_PRIVACY_OFF)
02-09 18:22:17.829 D/CallNotifier(27234): handleMessage() Msg Type: 10
02-09 18:22:17.839 D/PhoneApp(27234): old phone type:2, New Phone type:2
02-09 18:22:17.839 D/CallNotifier(27234): PHONE_ENHANCED_VP_OFF...
02-09 18:22:17.920 D/InCallScreen(27234): updateRotarySelectorHint(2131493425)...
02-09 18:22:17.920 D/CallCard(27234): updateState(########### Dump CallManager ############
02-09 18:22:17.920 D/CallCard(27234): CallManager state = RINGING
02-09 18:22:17.920 D/CallCard(27234):    - Foreground: IDLE from Handler{40538868}
02-09 18:22:17.920 D/CallCard(27234):      Conn: []
02-09 18:22:17.920 D/CallCard(27234):    - Background: IDLE from Handler{40538868}
02-09 18:22:17.920 D/CallCard(27234):      Conn: []
02-09 18:22:17.920 D/CallCard(27234):    - Ringing: INCOMING from Handler{40538868}
02-09 18:22:17.920 D/CallCard(27234):  Phone: Handler{40538868}, name = CDMA, state = RINGING
02-09 18:22:17.920 D/CallCard(27234):    - Foreground: IDLE Background: IDLE Ringing: INCOMING
02-09 18:22:17.920 D/CallCard(27234): ########## End Dump CallManager ##########)...
02-09 18:22:17.920 D/CallCard(27234): updateRingingCall()...
02-09 18:22:17.920 D/CallCard(27234): displayMainCallStatus(call INCOMING)...
02-09 18:22:17.920 D/CallCard(27234):   - call.state: INCOMING
02-09 18:22:17.920 D/CallCard(27234): updateCardTitleWidgets(call INCOMING)...
02-09 18:22:17.920 D/CallCard(27234): - getTitleForCallCard(Call INCOMING)...
02-09 18:22:17.920 D/CallCard(27234):   ==> result: Incoming call
02-09 18:22:17.920 D/CallCard(27234): updateCardTitleWidgets: Incoming call
02-09 18:22:17.920 D/InCallScreen(27234): getUpdatedInCallControlState()...
02-09 18:22:17.920 D/PhoneUtils(27234): isEmergencyCall()...
02-09 18:22:17.920 D/PhoneUtils(27234): (add_call,fgCallState == Call.State.ACTIVE) = false
02-09 18:22:17.920 D/PhoneUtils(27234): (add_call,app.cdmaPhoneCallState.getAddCallMenuStateAfterCallWaiting() = true
02-09 18:22:17.920 D/InCallScreen(27234): isBluetoothAvailable()...
02-09 18:22:17.920 D/InCallScreen(27234):   - headset state = 0
02-09 18:22:17.920 D/InCallScreen(27234):   - headset address: null
02-09 18:22:17.920 D/InCallScreen(27234):   ==> false
02-09 18:22:17.920 D/PhoneUtils(27234): audioManager.isMicrophoneMute: false
02-09 18:22:17.920 D/InCallScreen(27234): [okToDialDTMFTones] foreground state: IDLE, ringing state: true, call screen mode: NORMAL, result: false
02-09 18:22:17.920 D/InCallControlState(27234): InCallControlState:
02-09 18:22:17.920 D/InCallControlState(27234):   manageConferenceVisible: false
02-09 18:22:17.920 D/InCallControlState(27234):   manageConferenceEnabled: false
02-09 18:22:17.920 D/InCallControlState(27234):   canAddCall: false
02-09 18:22:17.920 D/InCallControlState(27234):   canSwap: false
02-09 18:22:17.920 D/InCallControlState(27234):   canMerge: false
02-09 18:22:17.920 D/InCallControlState(27234):   bluetoothEnabled: false
02-09 18:22:17.920 D/InCallControlState(27234):   bluetoothIndicatorOn: false
02-09 18:22:17.920 D/InCallControlState(27234):   speakerEnabled: true
02-09 18:22:17.920 D/InCallControlState(27234):   speakerOn: false
02-09 18:22:17.920 D/InCallControlState(27234):   canMute: false
02-09 18:22:17.920 D/InCallControlState(27234):   muteIndicatorOn: false
02-09 18:22:17.920 D/InCallControlState(27234):   dialpadEnabled: false
02-09 18:22:17.920 D/InCallControlState(27234):   dialpadVisible: false
02-09 18:22:17.920 D/InCallControlState(27234):   onHold: false
02-09 18:22:17.920 D/InCallControlState(27234):   canHold: false
02-09 18:22:17.920 D/CallCard(27234): yangliu,getCurrentCallState: IDLE
02-09 18:22:17.920 D/CallCard(27234): yangliu,inCallControlState.onHold: false
02-09 18:22:17.920 D/CallCard(27234):   - CONN:  incoming: true state: INCOMING post dial state: NOT_STARTED, state = INCOMING
02-09 18:22:17.920 D/CallCard(27234): - displayMainCallStatus: updatedNumber = 9134864351
02-09 18:22:17.920 D/CallCard(27234): - displayMainCallStatus: starting CallerInfo query...
02-09 18:22:17.920 D/PhoneUtils(27234): startGetCallerInfo: query already done, returning CallerInfo
02-09 18:22:17.920 D/CallCard(27234): updateDisplayForPerson(CallerInfo { name non-null, phoneNumber non-null })
02-09 18:22:17.920 D/CallCard(27234): presentation:1 isTemporary:false
02-09 18:22:17.920 D/CallCard(27234): Get incoming call number913-486-4351
02-09 18:22:17.920 D/CallCard(27234): - got personUri: 'content://com.android.contacts/contacts/179', based on info.person_id: 179
02-09 18:22:17.920 D/CallCard(27234): updatePhotoForCallState(INCOMING)...
02-09 18:22:17.920 D/CallCard(27234): yangliu_sprint,updatePhotoForCallState,isEarliestConnHold = false
02-09 18:22:17.920 D/CallCard(27234): displayOnHoldCallStatus(call =null)...
02-09 18:22:18.100 D/CallManager(27234):  handleMessage (EVENT_IN_CALL_VOICE_PRIVACY_OFF)
02-09 18:22:18.120 D/CallNotifier(27234): handleMessage() Msg Type: 10
02-09 18:22:18.120 D/PhoneApp(27234): old phone type:2, New Phone type:2
02-09 18:22:18.120 D/CallNotifier(27234): PHONE_ENHANCED_VP_OFF...
02-09 18:22:18.200 W/ResourceType(27234): Attempt to retrieve bag 0x01010041 which is invalid or in a cycle.
02-09 18:22:18.200 D/InCallTouchUi(27234): onDialTrigger(whichHandle = 1)...
02-09 18:22:18.200 D/InCallScreen(27234): handleOnscreenButtonClick(id 2131165209)...
02-09 18:22:18.200 D/InCallScreen(27234): internalAnswerCall: answering (CDMA)...
02-09 18:22:18.200 D/PhoneUtils(27234): answerCall()...
02-09 18:22:18.200 D/InCallScreen(27234): roamingStatus = 1
02-09 18:22:18.200 D/InCallScreen(27234): isDemesticRoamingChecked = true
02-09 18:22:18.200 D/InCallScreen(27234): isInternationalRoamingChecked = true
02-09 18:22:18.200 D/InCallScreen(27234): isToAskWhenCallInRoaming =false
02-09 18:22:18.200 D/PhoneUtils(27234): answerCall()...
02-09 18:22:18.200 D/Ringer  (27234): stopRing()...
02-09 18:22:18.210 D/Ringer  (27234): - stopRing: null mRingHandler!
02-09 18:22:18.210 D/Ringer  (27234): - stopRing: cleaning up vibrator thread...
02-09 18:22:18.210 D/PhoneUtils(27234): answerCall: call state = INCOMING
02-09 18:22:18.210 D/CallManager(27234): acceptCall(INCOMING from Handler{40538868})
02-09 18:22:18.210 D/CallManager(27234): ########### Dump CallManager ############
02-09 18:22:18.210 D/CallManager(27234): CallManager state = RINGING
02-09 18:22:18.210 D/CallManager(27234):    - Foreground: IDLE from Handler{40538868}
02-09 18:22:18.210 D/CallManager(27234):      Conn: []
02-09 18:22:18.210 D/CallManager(27234):    - Background: IDLE from Handler{40538868}
02-09 18:22:18.210 D/CallManager(27234):      Conn: []
02-09 18:22:18.210 D/CallManager(27234):    - Ringing: INCOMING from Handler{40538868}
02-09 18:22:18.210 D/CallManager(27234):  Phone: Handler{40538868}, name = CDMA, state = RINGING
02-09 18:22:18.210 D/CallManager(27234):    - Foreground: IDLE Background: IDLE Ringing: INCOMING
02-09 18:22:18.210 D/CallManager(27234): ########## End Dump CallManager ##########
02-09 18:22:18.210 I/phone   (27234): acceptCall: incoming...
02-09 18:22:18.230 D/CallManager(27234): End acceptCall(INCOMING)
02-09 18:22:18.230 D/CallManager(27234): ########### Dump CallManager ############
02-09 18:22:18.230 D/CallManager(27234): CallManager state = RINGING
02-09 18:22:18.230 D/CallManager(27234):    - Foreground: IDLE from Handler{40538868}
02-09 18:22:18.230 D/CallManager(27234):      Conn: []
02-09 18:22:18.230 D/CallManager(27234):    - Background: IDLE from Handler{40538868}
02-09 18:22:18.230 D/CallManager(27234):      Conn: []
02-09 18:22:18.230 D/CallManager(27234):    - Ringing: INCOMING from Handler{40538868}
02-09 18:22:18.230 D/CallManager(27234):  Phone: Handler{40538868}, name = CDMA, state = RINGING
02-09 18:22:18.230 D/CallManager(27234):    - Foreground: IDLE Background: IDLE Ringing: INCOMING
02-09 18:22:18.230 D/CallManager(27234): ########## End Dump CallManager ##########
02-09 18:22:18.230 D/PhoneUtils(27234): setMuteInternal: false
02-09 18:22:18.230 D/PhoneUtils(27234): setMuteInternal: falsephoneType = 2
02-09 18:22:18.230 D/PhoneUtils(27234): setMicrophoneMute: false
02-09 18:22:18.230 D/NotificationMgr(27234): updateMuteNotification: not muted (or not offhook)
02-09 18:22:18.230 D/PhoneUtils(27234): setAudioMode()...RINGING
02-09 18:22:18.230 D/AudioFlinger(27152): setMode(1)
02-09 18:22:18.240 D/PhoneUtils(27234): activateSpeakerIfDocked()...
02-09 18:22:18.240 D/InCallTouchUi(27234): updateState: Too soon after last action; not drawing!
02-09 18:22:18.240 D/InCallScreen(27234): updateRotarySelectorHint(0)...
02-09 18:22:18.240 D/CallCard(27234): updateState(########### Dump CallManager ############
02-09 18:22:18.240 D/CallCard(27234): CallManager state = RINGING
02-09 18:22:18.240 D/CallCard(27234):    - Foreground: IDLE from Handler{40538868}
02-09 18:22:18.240 D/CallCard(27234):      Conn: []
02-09 18:22:18.240 D/CallCard(27234):    - Background: IDLE from Handler{40538868}
02-09 18:22:18.240 D/CallCard(27234):      Conn: []
02-09 18:22:18.240 D/CallCard(27234):    - Ringing: INCOMING from Handler{40538868}
02-09 18:22:18.240 D/CallCard(27234):  Phone: Handler{40538868}, name = CDMA, state = RINGING
02-09 18:22:18.240 D/CallCard(27234):    - Foreground: IDLE Background: IDLE Ringing: INCOMING
02-09 18:22:18.240 D/CallCard(27234): ########## End Dump CallManager ##########)...
02-09 18:22:18.240 D/CallCard(27234): updateRingingCall()...
02-09 18:22:18.240 D/CallCard(27234): displayMainCallStatus(call INCOMING)...
02-09 18:22:18.240 D/CallCard(27234):   - call.state: INCOMING
02-09 18:22:18.240 D/CallCard(27234): updateCardTitleWidgets(call INCOMING)...
02-09 18:22:18.240 D/CallCard(27234): - getTitleForCallCard(Call INCOMING)...
02-09 18:22:18.240 D/CallCard(27234):   ==> result: Incoming call
02-09 18:22:18.240 D/CallCard(27234): updateCardTitleWidgets: Incoming call
02-09 18:22:18.240 D/InCallScreen(27234): getUpdatedInCallControlState()...
02-09 18:22:18.240 D/PhoneUtils(27234): isEmergencyCall()...
02-09 18:22:18.240 D/PhoneUtils(27234): (add_call,fgCallState == Call.State.ACTIVE) = false
02-09 18:22:18.240 D/PhoneUtils(27234): (add_call,app.cdmaPhoneCallState.getAddCallMenuStateAfterCallWaiting() = true
02-09 18:22:18.240 D/InCallScreen(27234): isBluetoothAvailable()...
02-09 18:22:18.240 D/InCallScreen(27234):   - headset state = 0
02-09 18:22:18.240 D/InCallScreen(27234):   - headset address: null
02-09 18:22:18.240 D/InCallScreen(27234):   ==> false
02-09 18:22:18.240 D/PhoneUtils(27234): audioManager.isMicrophoneMute: false
02-09 18:22:18.240 D/InCallScreen(27234): [okToDialDTMFTones] foreground state: IDLE, ringing state: true, call screen mode: NORMAL, result: false
02-09 18:22:18.240 D/InCallControlState(27234): InCallControlState:
02-09 18:22:18.240 D/InCallControlState(27234):   manageConferenceVisible: false
02-09 18:22:18.240 D/InCallControlState(27234):   manageConferenceEnabled: false
02-09 18:22:18.240 D/InCallControlState(27234):   canAddCall: false
02-09 18:22:18.240 D/InCallControlState(27234):   canSwap: true
02-09 18:22:18.240 D/InCallControlState(27234):   canMerge: false
02-09 18:22:18.240 D/InCallControlState(27234):   bluetoothEnabled: false
02-09 18:22:18.240 D/InCallControlState(27234):   bluetoothIndicatorOn: false
02-09 18:22:18.240 D/InCallControlState(27234):   speakerEnabled: true
02-09 18:22:18.240 D/InCallControlState(27234):   speakerOn: false
02-09 18:22:18.240 D/InCallControlState(27234):   canMute: false
02-09 18:22:18.240 D/InCallControlState(27234):   muteIndicatorOn: false
02-09 18:22:18.240 D/InCallControlState(27234):   dialpadEnabled: false
02-09 18:22:18.240 D/InCallControlState(27234):   dialpadVisible: false
02-09 18:22:18.240 D/InCallControlState(27234):   onHold: false
02-09 18:22:18.240 D/InCallControlState(27234):   canHold: false
02-09 18:22:18.240 D/CallCard(27234): yangliu,getCurrentCallState: SINGLE_ACTIVE
02-09 18:22:18.240 D/CallCard(27234): yangliu,inCallControlState.onHold: false
02-09 18:22:18.240 D/CallCard(27234):   - CONN:  incoming: true state: INCOMING post dial state: NOT_STARTED, state = INCOMING
02-09 18:22:18.250 D/CallCard(27234): - displayMainCallStatus: updatedNumber = 9134864351
02-09 18:22:18.250 D/CallCard(27234): - displayMainCallStatus: starting CallerInfo query...
02-09 18:22:18.250 D/PhoneUtils(27234): startGetCallerInfo: query already done, returning CallerInfo
02-09 18:22:18.250 D/CallCard(27234): updateDisplayForPerson(CallerInfo { name non-null, phoneNumber non-null })
02-09 18:22:18.250 D/CallCard(27234): presentation:1 isTemporary:false
02-09 18:22:18.250 D/CallCard(27234): Get incoming call number913-486-4351
02-09 18:22:18.250 D/CallCard(27234): - got personUri: 'content://com.android.contacts/contacts/179', based on info.person_id: 179
02-09 18:22:18.250 D/CallCard(27234): updatePhotoForCallState(INCOMING)...
02-09 18:22:18.250 D/CallCard(27234): yangliu_sprint,updatePhotoForCallState,isEarliestConnHold = false
02-09 18:22:18.250 D/CallCard(27234): displayOnHoldCallStatus(call =null)...
02-09 18:22:18.250 D/InCallScreen(27234): updateRotarySelectorHint(0)...
02-09 18:22:18.250 D/CallCard(27234): updateState(########### Dump CallManager ############
02-09 18:22:18.250 D/CallCard(27234): CallManager state = RINGING
02-09 18:22:18.250 D/CallCard(27234):    - Foreground: IDLE from Handler{40538868}
02-09 18:22:18.250 D/CallCard(27234):      Conn: []
02-09 18:22:18.250 D/CallCard(27234):    - Background: IDLE from Handler{40538868}
02-09 18:22:18.250 D/CallCard(27234):      Conn: []
02-09 18:22:18.250 D/CallCard(27234):    - Ringing: INCOMING from Handler{40538868}
02-09 18:22:18.250 D/CallCard(27234):  Phone: Handler{40538868}, name = CDMA, state = RINGING
02-09 18:22:18.250 D/CallCard(27234):    - Foreground: IDLE Background: IDLE Ringing: INCOMING
02-09 18:22:18.250 D/CallCard(27234): ########## End Dump CallManager ##########)...
02-09 18:22:18.250 D/CallCard(27234): updateRingingCall()...
02-09 18:22:18.250 D/CallCard(27234): displayMainCallStatus(call INCOMING)...
02-09 18:22:18.250 D/CallCard(27234):   - call.state: INCOMING
02-09 18:22:18.250 D/CallCard(27234): updateCardTitleWidgets(call INCOMING)...
02-09 18:22:18.250 D/CallCard(27234): - getTitleForCallCard(Call INCOMING)...
02-09 18:22:18.250 D/CallCard(27234):   ==> result: Incoming call
02-09 18:22:18.250 D/CallCard(27234): updateCardTitleWidgets: Incoming call
02-09 18:22:18.250 D/InCallScreen(27234): getUpdatedInCallControlState()...
02-09 18:22:18.250 D/PhoneUtils(27234): isEmergencyCall()...
02-09 18:22:18.250 D/PhoneUtils(27234): (add_call,fgCallState == Call.State.ACTIVE) = false
02-09 18:22:18.250 D/PhoneUtils(27234): (add_call,app.cdmaPhoneCallState.getAddCallMenuStateAfterCallWaiting() = true
02-09 18:22:18.250 D/InCallScreen(27234): isBluetoothAvailable()...
02-09 18:22:18.260 D/InCallScreen(27234):   - headset state = 0
02-09 18:22:18.260 D/InCallScreen(27234):   - headset address: null
02-09 18:22:18.260 D/InCallScreen(27234):   ==> false
02-09 18:22:18.260 D/PhoneUtils(27234): audioManager.isMicrophoneMute: false
02-09 18:22:18.260 D/InCallScreen(27234): [okToDialDTMFTones] foreground state: IDLE, ringing state: true, call screen mode: NORMAL, result: false
02-09 18:22:18.260 D/InCallControlState(27234): InCallControlState:
02-09 18:22:18.260 D/InCallControlState(27234):   manageConferenceVisible: false
02-09 18:22:18.260 D/InCallControlState(27234):   manageConferenceEnabled: false
02-09 18:22:18.260 D/InCallControlState(27234):   canAddCall: false
02-09 18:22:18.260 D/InCallControlState(27234):   canSwap: true
02-09 18:22:18.260 D/InCallControlState(27234):   canMerge: false
02-09 18:22:18.260 D/InCallControlState(27234):   bluetoothEnabled: false
02-09 18:22:18.260 D/InCallControlState(27234):   bluetoothIndicatorOn: false
02-09 18:22:18.260 D/InCallControlState(27234):   speakerEnabled: true
02-09 18:22:18.260 D/InCallControlState(27234):   speakerOn: false
02-09 18:22:18.260 D/InCallControlState(27234):   canMute: false
02-09 18:22:18.260 D/InCallControlState(27234):   muteIndicatorOn: false
02-09 18:22:18.260 D/InCallControlState(27234):   dialpadEnabled: false
02-09 18:22:18.260 D/InCallControlState(27234):   dialpadVisible: false
02-09 18:22:18.260 D/InCallControlState(27234):   onHold: false
02-09 18:22:18.260 D/InCallControlState(27234):   canHold: false
02-09 18:22:18.260 D/CallCard(27234): yangliu,getCurrentCallState: SINGLE_ACTIVE
02-09 18:22:18.260 D/CallCard(27234): yangliu,inCallControlState.onHold: false
02-09 18:22:18.260 D/CallCard(27234):   - CONN:  incoming: true state: INCOMING post dial state: NOT_STARTED, state = INCOMING
02-09 18:22:18.260 D/CallCard(27234): - displayMainCallStatus: updatedNumber = 9134864351
02-09 18:22:18.260 D/CallCard(27234): - displayMainCallStatus: starting CallerInfo query...
02-09 18:22:18.260 D/PhoneUtils(27234): startGetCallerInfo: query already done, returning CallerInfo
02-09 18:22:18.260 D/CallCard(27234): updateDisplayForPerson(CallerInfo { name non-null, phoneNumber non-null })
02-09 18:22:18.260 D/CallCard(27234): presentation:1 isTemporary:false
02-09 18:22:18.260 D/CallCard(27234): Get incoming call number913-486-4351
02-09 18:22:18.260 D/CallCard(27234): - got personUri: 'content://com.android.contacts/contacts/179', based on info.person_id: 179
02-09 18:22:18.260 D/CallCard(27234): updatePhotoForCallState(INCOMING)...
02-09 18:22:18.260 D/CallCard(27234): yangliu_sprint,updatePhotoForCallState,isEarliestConnHold = false
02-09 18:22:18.260 D/CallCard(27234): displayOnHoldCallStatus(call =null)...
02-09 18:22:18.290 D/CallManager(27234):  handleMessage (EVENT_IN_CALL_VOICE_PRIVACY_OFF)
02-09 18:22:18.290 D/CallManager(27234):  handleMessage (EVENT_IN_CALL_VOICE_PRIVACY_OFF)
02-09 18:22:18.300 I/AudioService(27162):  AudioFocus  requestAudioFocus() from AudioFocus_For_Phone_Ring_And_Calls
02-09 18:22:18.310 I/VdmcBroadcastReceiver( 4534): ACTION=android.intent.action.PHONE_STATE
02-09 18:22:18.310 I/vDM     ( 4534): Vdmc getInstance
02-09 18:22:18.310 D/KeyguardUpdateMonitor(27162): received broadcast android.intent.action.PHONE_STATE
02-09 18:22:18.310 D/KeyguardUpdateMonitor(27162): handlePhoneStateChanged(OFFHOOK)
02-09 18:22:18.330 D/CallNotifier(27234): handleMessage() Msg Type: 10
02-09 18:22:18.330 D/PhoneApp(27234): old phone type:2, New Phone type:2
02-09 18:22:18.330 D/CallNotifier(27234): PHONE_ENHANCED_VP_OFF...
02-09 18:22:18.330 D/CallNotifier(27234): handleMessage() Msg Type: 10
02-09 18:22:18.330 D/PhoneApp(27234): old phone type:2, New Phone type:2
02-09 18:22:18.330 D/CallNotifier(27234): PHONE_ENHANCED_VP_OFF...
02-09 18:22:18.330 D/CallManager(27234):  handleMessage (EVENT_PRECISE_CALL_STATE_CHANGED)
02-09 18:22:18.350 D/BT HS/HF(27234): updatePhoneState()
02-09 18:22:18.350 I/BluetoothService(27162): Got Call State change - new call state = 1
02-09 18:22:18.350 D/BT HS/HF(27234): Foreground call state : ACTIVE
02-09 18:22:18.350 D/BT HS/HF(27234): Ringing call state : IDLE
02-09 18:22:18.350 D/BT HS/HF(27234): Background call state : IDLE
02-09 18:22:18.350 D/BT HS/HF(27234): audioOn()
02-09 18:22:18.350 D/BT HS/HF(27234): audioOn(): headset is not connected!
02-09 18:22:18.350 E/BT HS/HF(27234): prev mIsCdmaFirstConnectionHeld  is false
02-09 18:22:18.350 E/BT HS/HF(27234): current mIsCdmaFirstConnectionHeld is false
02-09 18:22:18.350 D/BT HS/HF(27234): CallSetup: 0
02-09 18:22:18.350 D/BT HS/HF(27234): Call: 1
02-09 18:22:18.350 D/BT HS/HF(27234): CallHeld: 0
02-09 18:22:18.350 D/CallNotifier(27234): handleMessage() Msg Type: 1
02-09 18:22:18.350 D/PhoneApp(27234): old phone type:2, New Phone type:2
02-09 18:22:18.350 D/CallNotifier(27234): onPhoneStateChanged: state = OFFHOOK
02-09 18:22:18.350 D/PhoneApp(27234): updateProximitySensorMode: state = OFFHOOK
02-09 18:22:18.350 D/PhoneApp(27234): updateProximitySensorMode: acquiring...
02-09 18:22:18.350 D/PowerManagerService(27162): acquireWakeLock flags=0x20 tag=PhoneApp
02-09 18:22:18.360 D/PhoneApp(27234): updateProximitySensorMode: state = OFFHOOK
02-09 18:22:18.360 D/PhoneApp(27234): updateProximitySensorMode: lock already held.
02-09 18:22:18.360 D/AccelerometerListener(27234): enable(true)
02-09 18:22:18.360 E/Sensors (27162): [HAL]ready to call enable(Accelerometer,1),AAAAAAAA
02-09 18:22:18.360 D/CallNotifier(27234): onPhoneStateChanged: OFF HOOK
02-09 18:22:18.360 D/PhoneUtils(27234): setAudioMode()...OFFHOOK
02-09 18:22:18.360 D/AudioFlinger(27152): setMode(2)
02-09 18:22:18.360 D/AudioHardwareMSM7X30(27152): setVoiceVolume(0.800000)
02-09 18:22:18.360 D/CallNotifier(27234): stopRing()... (OFFHOOK state)
02-09 18:22:18.360 D/Ringer  (27234): stopRing()...
02-09 18:22:18.360 D/Ringer  (27234): - stopRing: null mRingHandler!
02-09 18:22:18.360 D/CallNotifier(27234): Reset Auto answer timeout
02-09 18:22:18.360 D/CallNotifier(27234): - updating notification for phone state change...
02-09 18:22:18.360 D/NotificationMgr(27234): updateInCallNotification()...
02-09 18:22:18.360 D/NotificationMgr(27234):   - hasRingingCall = false
02-09 18:22:18.360 D/NotificationMgr(27234):   - hasActiveCall = true
02-09 18:22:18.360 D/NotificationMgr(27234):   - hasHoldingCall = false
02-09 18:22:18.360 D/NotificationMgr(27234): updateInCallNotification: enhancedVoicePrivacy = false
02-09 18:22:18.360 D/NotificationMgr(27234): - Updating status bar icon: resId = 2130837684
02-09 18:22:18.360 D/PhoneApp(27234): createInCallIntent subscription:
02-09 18:22:18.370 D/NotificationMgr(27234): - Updating expanded view: line 1 'xxxxxxx'
02-09 18:22:18.370 D/PhoneUtils(27234): startGetCallerInfo: query already done, returning CallerInfo
02-09 18:22:18.370 D/PhoneUtils(27234): getCompactNameFromCallerInfo: info = CallerInfo { name non-null, phoneNumber non-null }
02-09 18:22:18.370 D/PhoneUtils(27234): getCompactNameFromCallerInfo: compactName=Jodi Smith
02-09 18:22:18.370 D/NotificationMgr(27234): - Updating expanded view: line 2 'xxxxxxx'
02-09 18:22:18.370 D/NotificationMgr(27234): - Setting fullScreenIntent: PendingIntent{406d0dc8: android.os.BinderProxy@40667898}
02-09 18:22:18.370 D/NotificationMgr(27234): Notifying IN_CALL_NOTIFICATION: Notification(vibrate=null,sound=null,defaults=0x0,flags=0x2)
02-09 18:22:18.370 D/NotificationMgr(27234): updateSpeakerNotification: speaker OFF (or not offhook)
02-09 18:22:18.370 D/PhoneUtils(27234): audioManager.isMicrophoneMute: false
02-09 18:22:18.380 D/NotificationMgr(27234): updateMuteNotification: not muted (or not offhook)
02-09 18:22:18.380 D/PhoneUtils(27234): ConnectionHandler: updating mute state for each connection
02-09 18:22:18.380 D/PhoneUtils(27234): setMuteInternal: false
02-09 18:22:18.380 D/PhoneUtils(27234): setMuteInternal: falsephoneType = 2
02-09 18:22:18.380 D/PhoneUtils(27234): setMicrophoneMute: false
02-09 18:22:18.380 D/PhoneUtils(27234): audioManager.isMicrophoneMute: false
02-09 18:22:18.380 D/NotificationMgr(27234): updateMuteNotification: not muted (or not offhook)
02-09 18:22:18.380 D/InCallScreen(27234): onPhoneStateChanged()...
02-09 18:22:18.380 D/InCallScreen(27234): updateScreen()...
02-09 18:22:18.380 D/InCallScreen(27234): - updateScreen: updating the in-call UI...
02-09 18:22:18.380 D/CallCard(27234): updateState(########### Dump CallManager ############
02-09 18:22:18.380 D/CallCard(27234): CallManager state = OFFHOOK
02-09 18:22:18.380 D/CallCard(27234):    - Foreground: ACTIVE from Handler{40538868}
02-09 18:22:18.380 D/CallCard(27234):      Conn: [ incoming: true state: ACTIVE post dial state: NOT_STARTED]
02-09 18:22:18.380 D/CallCard(27234):    - Background: IDLE from Handler{40538868}
02-09 18:22:18.380 D/CallCard(27234):      Conn: []
02-09 18:22:18.380 D/CallCard(27234):    - Ringing: IDLE from Handler{40538868}
02-09 18:22:18.380 D/CallCard(27234):  Phone: Handler{40538868}, name = CDMA, state = OFFHOOK
02-09 18:22:18.380 D/CallCard(27234):    - Foreground: ACTIVE Background: IDLE Ringing: IDLE
02-09 18:22:18.380 D/CallCard(27234): ########## End Dump CallManager ##########)...
02-09 18:22:18.380 D/CallCard(27234): updateForegroundCall()...
02-09 18:22:18.380 D/CallCard(27234): displayMainCallStatus(call ACTIVE)...
02-09 18:22:18.380 D/CallCard(27234):   - call.state: ACTIVE
02-09 18:22:18.380 D/CallCard(27234): displayMainCallStatus: start periodicUpdateTimer
02-09 18:22:18.380 D/CallCard(27234): updateCardTitleWidgets(call ACTIVE)...
02-09 18:22:18.390 D/CallCard(27234): - getTitleForCallCard(Call ACTIVE)...
02-09 18:22:18.390 D/CallCard(27234):   ==> result: Current call
02-09 18:22:18.390 D/CallCard(27234): updateCardTitleWidgets: Current call
02-09 18:22:18.390 D/InCallScreen(27234): getUpdatedInCallControlState()...
02-09 18:22:18.390 D/PhoneUtils(27234): isEmergencyCall()...
02-09 18:22:18.390 D/PhoneUtils(27234): (add_call,fgCallState == Call.State.ACTIVE) = true
02-09 18:22:18.390 D/PhoneUtils(27234): (add_call,app.cdmaPhoneCallState.getAddCallMenuStateAfterCallWaiting() = true
02-09 18:22:18.390 D/InCallScreen(27234): isBluetoothAvailable()...
02-09 18:22:18.390 D/InCallScreen(27234):   - headset state = 0
02-09 18:22:18.390 D/InCallScreen(27234):   - headset address: null
02-09 18:22:18.390 D/InCallScreen(27234):   ==> false
02-09 18:22:18.390 D/PhoneUtils(27234): audioManager.isMicrophoneMute: false
02-09 18:22:18.390 D/InCallScreen(27234): [okToDialDTMFTones] foreground state: ACTIVE, ringing state: false, call screen mode: NORMAL, result: true
02-09 18:22:18.390 D/InCallControlState(27234): InCallControlState:
02-09 18:22:18.390 D/InCallControlState(27234):   manageConferenceVisible: false
02-09 18:22:18.390 D/InCallControlState(27234):   manageConferenceEnabled: false
02-09 18:22:18.390 D/InCallControlState(27234):   canAddCall: true
02-09 18:22:18.390 D/InCallControlState(27234):   canSwap: true
02-09 18:22:18.390 D/InCallControlState(27234):   canMerge: false
02-09 18:22:18.390 D/InCallControlState(27234):   bluetoothEnabled: false
02-09 18:22:18.390 D/InCallControlState(27234):   bluetoothIndicatorOn: false
02-09 18:22:18.390 D/InCallControlState(27234):   speakerEnabled: true
02-09 18:22:18.390 D/InCallControlState(27234):   speakerOn: false
02-09 18:22:18.390 D/InCallControlState(27234):   canMute: true
02-09 18:22:18.390 D/InCallControlState(27234):   muteIndicatorOn: false
02-09 18:22:18.390 D/InCallControlState(27234):   dialpadEnabled: true
02-09 18:22:18.390 D/InCallControlState(27234):   dialpadVisible: false
02-09 18:22:18.390 D/InCallControlState(27234):   onHold: false
02-09 18:22:18.390 D/InCallControlState(27234):   canHold: false
02-09 18:22:18.390 D/CallCard(27234): yangliu,getCurrentCallState: SINGLE_ACTIVE
02-09 18:22:18.390 D/CallCard(27234): yangliu,inCallControlState.onHold: false
02-09 18:22:18.390 D/PhoneUtils(27234): isEmergencyCall()...
02-09 18:22:18.390 D/CallCard(27234):   - CONN:  incoming: true state: ACTIVE post dial state: NOT_STARTED, state = ACTIVE
02-09 18:22:18.390 D/CallCard(27234): - displayMainCallStatus: updatedNumber = 9134864351
02-09 18:22:18.390 D/CallCard(27234): - displayMainCallStatus: starting CallerInfo query...
02-09 18:22:18.390 D/PhoneUtils(27234): startGetCallerInfo: query already done, returning CallerInfo
02-09 18:22:18.390 D/CallCard(27234): updateDisplayForPerson(CallerInfo { name non-null, phoneNumber non-null })
02-09 18:22:18.390 D/CallCard(27234): presentation:1 isTemporary:false
02-09 18:22:18.390 D/CallCard(27234): - got personUri: 'content://com.android.contacts/contacts/179', based on info.person_id: 179
02-09 18:22:18.400 D/CallCard(27234): updatePhotoForCallState(ACTIVE)...
02-09 18:22:18.400 D/CallCard(27234): yangliu_sprint,updatePhotoForCallState,isEarliestConnHold = false
02-09 18:22:18.400 D/CallCard(27234): displayOnHoldCallStatus(call =IDLE)...
02-09 18:22:18.400 D/PhoneApp(27234): - isOtaCallInActiveState false
02-09 18:22:18.400 D/InCallScreen(27234): [okToDialDTMFTones] foreground state: ACTIVE, ringing state: false, call screen mode: NORMAL, result: true
02-09 18:22:18.400 D/InCallScreen(27234): isBluetoothAudioConnected: ==> isAudioOn = false
02-09 18:22:18.400 D/InCallScreen(27234): getUpdatedInCallControlState()...
02-09 18:22:18.400 D/PhoneUtils(27234): isEmergencyCall()...
02-09 18:22:18.400 D/PhoneUtils(27234): (add_call,fgCallState == Call.State.ACTIVE) = true
02-09 18:22:18.400 D/PhoneUtils(27234): (add_call,app.cdmaPhoneCallState.getAddCallMenuStateAfterCallWaiting() = true
02-09 18:22:18.400 D/InCallScreen(27234): isBluetoothAvailable()...
02-09 18:22:18.400 D/KeyguardViewMediator(27162): setHidden true
02-09 18:22:18.410 D/InCallScreen(27234):   - headset state = 0
02-09 18:22:18.410 D/InCallScreen(27234):   - headset address: null
02-09 18:22:18.410 D/InCallScreen(27234):   ==> false
02-09 18:22:18.410 D/PhoneUtils(27234): audioManager.isMicrophoneMute: false
02-09 18:22:18.410 D/InCallScreen(27234): [okToDialDTMFTones] foreground state: ACTIVE, ringing state: false, call screen mode: NORMAL, result: true
02-09 18:22:18.410 D/InCallControlState(27234): InCallControlState:
02-09 18:22:18.410 D/InCallControlState(27234):   manageConferenceVisible: false
02-09 18:22:18.410 D/InCallControlState(27234):   manageConferenceEnabled: false
02-09 18:22:18.410 D/InCallControlState(27234):   canAddCall: true
02-09 18:22:18.410 D/InCallControlState(27234):   canSwap: true
02-09 18:22:18.410 D/InCallControlState(27234):   canMerge: false
02-09 18:22:18.410 D/InCallControlState(27234):   bluetoothEnabled: false
02-09 18:22:18.410 D/InCallControlState(27234):   bluetoothIndicatorOn: false
02-09 18:22:18.410 D/InCallControlState(27234):   speakerEnabled: true
02-09 18:22:18.410 D/InCallControlState(27234):   speakerOn: false
02-09 18:22:18.410 D/InCallControlState(27234):   canMute: true
02-09 18:22:18.410 D/InCallControlState(27234):   muteIndicatorOn: false
02-09 18:22:18.410 D/InCallControlState(27234):   dialpadEnabled: true
02-09 18:22:18.410 D/InCallControlState(27234):   dialpadVisible: false
02-09 18:22:18.410 D/InCallControlState(27234):   onHold: false
02-09 18:22:18.410 D/InCallControlState(27234):   canHold: false
02-09 18:22:18.410 D/InCallScreen(27234): updateProviderOverlay: false
02-09 18:22:18.420 D/KeyguardViewMediator(27162): setHidden true
02-09 18:22:18.420 D/InCallScreen(27234): updateMenuButtonHint()...
02-09 18:22:18.420 D/PhoneApp(27234): updateWakeState: callscreen true, dialer false, speaker false...
02-09 18:22:18.430 D/PhoneApp(27234): setScreenTimeout(MEDIUM)...
02-09 18:22:18.430 D/PhoneApp(27234): updateWakeState: keepScreenOn = false (isRinging false, isDialing false, showingDisc false)
02-09 18:22:18.430 D/PhoneApp(27234): requestWakeState(PARTIAL)...
02-09 18:22:18.430 D/PowerManagerService(27162): releaseWakeLock flags=0x3000001a tag=PhoneApp
02-09 18:22:18.430 D/PowerManagerService(27162): UnPartial  wakeLock  reactivate ,flags=0x20 tag=PhoneApp
02-09 18:22:18.470 E/AudioHardwareMSM7X30(27152): AudioStreamOutMSM72xx::setParameters() routing=1
02-09 18:22:18.470 E/AudioHardwareMSM7X30(27152): set output routing 1
02-09 18:22:18.470 E/AudioHardwareMSM7X30(27152): doAudioRouteOrMute() device 0, mMode 2, mMicMute 0
02-09 18:22:18.470 E/AudioHardwareMSM7X30(27152): do_route_audio_rpc(0, 0, 0)
02-09 18:22:18.470 E/AudioHardwareMSM7X30(27152): cur_rx = 0, DEV_ID(cur_rx)=0
02-09 18:22:18.470 E/AudioHardwareMSM7X30(27152): cur_tx = 9, DEV_ID(cur_tx)=12
02-09 18:22:18.470 D/AudioHardwareMSM7X30(27152): new_rx_device = 0, DEV_ID(new_rx_device)=0
02-09 18:22:18.470 D/AudioHardwareMSM7X30(27152): new_tx_device = 9, DEV_ID(new_tx_device)=12
02-09 18:22:18.470 D/AudioHardwareMSM7X30(27152): Starting voice on Rx 0 and Tx 12 device
02-09 18:22:18.470 D/AudioHardwareMSM7X30(27152): value of device and enable is 0 1 ALSA dev id:0
02-09 18:22:18.530 D/CallManager(27234):  handleMessage (EVENT_IN_CALL_VOICE_PRIVACY_OFF)
02-09 18:22:18.540 D/AudioHardwareMSM7X30(27152): value of device and enable is 9 1 ALSA dev id:12
02-09 18:22:18.550 D/CallNotifier(27234): handleMessage() Msg Type: 10
02-09 18:22:18.550 D/PhoneApp(27234): old phone type:2, New Phone type:2
02-09 18:22:18.550 D/CallNotifier(27234): PHONE_ENHANCED_VP_OFF...
02-09 18:22:18.570 D/AudioHardwareMSM7X30(27152): Starting voice call and UnMuting the call
02-09 18:22:18.570 D/AudioHardwareMSM7X30(27152): updateDeviceInfo: E rx_device 0 and tx_device 9
02-09 18:22:18.570 D/AudioHardwareMSM7X30(27152): case VOICE_CALL
02-09 18:22:18.570 D/AudioHardwareMSM7X30(27152): updateDeviceInfo: X cur_rx 0 cur_tx 9
02-09 18:22:18.570 D/AudioHardwareMSM7X30(27152): setVoiceVolume(0.800000)
02-09 18:22:19.001 I/dun_service(  123): process rmnet event
02-09 18:22:19.001 I/dun_service(  123): Post event 4
02-09 18:22:19.001 I/dun_service(  123): received event: DUN_EVENT_RMNET_UP 
02-09 18:22:19.001 I/dun_service(  123): received event(DUN_EVENT_RMNET_UP) in state(DUN_STATE_USB_UNPLUG)
02-09 18:22:19.001 I/dun_service(  123): Ignoring the event DUN_EVENT_RMNET_UP in USB_UNPLUG_STATE
02-09 18:22:19.001 I/dun_service(  123): Moved to state(DUN_STATE_USB_UNPLUG)
02-09 18:22:19.001 I/wpa_supplicant(30784): Selecting BSS from priority group 4
02-09 18:22:19.001 I/wpa_supplicant(30784): Try to find WPA-enabled AP
02-09 18:22:19.001 I/wpa_supplicant(30784): Selecting BSS from priority group 3
02-09 18:22:19.001 I/wpa_supplicant(30784): Try to find WPA-enabled AP
02-09 18:22:19.001 I/wpa_supplicant(30784): Selecting BSS from priority group 2
02-09 18:22:19.001 I/wpa_supplicant(30784): Try to find WPA-enabled AP
02-09 18:22:19.001 I/wpa_supplicant(30784): Selecting BSS from priority group 1
02-09 18:22:19.001 I/wpa_supplicant(30784): Try to find WPA-enabled AP
02-09 18:22:19.021 D/AccelerometerListener(27234): orientation: horizontal
02-09 18:22:19.021 D/PhoneApp(27234): updateProximitySensorMode: state = OFFHOOK
02-09 18:22:19.021 D/PhoneApp(27234): updateProximitySensorMode: lock already held.
02-09 18:22:19.021 D/WifiStateTracker(27162): setNotificationVisible() scanResult.SSID=HH Free WIFI Open? true
02-09 18:22:19.031 D/WifiStateTracker(27162): interpretScanResultsAvailable() numOpenNetworks=1 mNumScansSinceNetworkStateChange=499
02-09 18:22:19.031 D/WifiStateTracker(27162): setNotificationVisible() System.currentTimeMillis()=1328833339040
02-09 18:22:19.031 D/WifiStateTracker(27162): setNotificationVisible() mNotificationRepeatTime=1328833682099
02-09 18:22:19.031 D/WifiStateTracker(27162): setNotificationVisible() System.currentTimeMillis() < mNotificationRepeatTime return.
02-09 18:22:19.061 D/AlarmManager(27162): +++Alarm set:type=2 com.google.android.location  Trigger after:40506ms
02-09 18:22:19.091 D/AlarmManager(27162): +++Alarm set:type=2 com.google.android.apps.maps  Trigger after:2147482854014ms
02-09 18:22:19.201 D/AccelerometerListener(27234): orientation: vertical
02-09 18:22:19.201 D/PhoneApp(27234): updateProximitySensorMode: state = OFFHOOK
02-09 18:22:19.201 D/PhoneApp(27234): updateProximitySensorMode: lock already held.
02-09 18:22:19.201 D/PowerManagerService(27162): setPowerState: mPowerState=0x3 newState=0x0 noChangeLights=false reason=4
02-09 18:22:19.431 D/PowerManagerService(27162): acquireWakeLock flags=0x1 tag=sleep_broadcast
02-09 18:22:19.431 D/PowerManagerService(27162): Go to standby ,PARTIAL_WAKE_LOCK tag = PhoneApp
02-09 18:22:19.431 D/PowerManagerService(27162): Go to standby ,PARTIAL_WAKE_LOCK tag = sleep_broadcast
02-09 18:22:19.441 D/KeyguardViewMediator(27162): onScreenTurnedOff(4)
02-09 18:22:19.441 D/PowerManagerService(27162): acquireWakeLock flags=0x1 tag=ActivityManager-Sleep
02-09 18:22:19.471 D/InCallScreen(27234): onPause()...
02-09 18:22:19.471 D/InCallScreen(27234): updateProviderOverlay: false
02-09 18:22:19.471 D/PhoneApp(27234): updateProximitySensorMode: state = OFFHOOK
02-09 18:22:19.471 D/PhoneApp(27234): updateProximitySensorMode: lock already held.
02-09 18:22:19.471 D/ToneGenerator(27234): stopTone
02-09 18:22:19.471 D/AudioTrack(27234): stop 0x6ab080
02-09 18:22:19.471 D/AudioFlinger(27152): remove track (4097) and delete from mixer
02-09 18:22:19.471 D/InCallScreen(27234): dismissMenu(immediate = true)...
02-09 18:22:19.471 D/InCallScreen(27234): dismissAllDialogs()...
02-09 18:22:19.471 D/NotificationMgr(27234): updating status bar state: 4
02-09 18:22:19.471 D/PhoneApp(27234): re-enable status bar
02-09 18:22:19.471 D/PhoneApp(27234): StatusBarManager.DISABLE_NONE
02-09 18:22:19.471 D/PhoneApp(27234): updateWakeState: callscreen false, dialer false, speaker false...
02-09 18:22:19.471 D/PhoneApp(27234): setScreenTimeout(DEFAULT)...
02-09 18:22:19.471 D/PhoneApp(27234): updateWakeState: keepScreenOn = false (isRinging false, isDialing false, showingDisc false)
02-09 18:22:19.471 D/PhoneApp(27234): requestWakeState(PARTIAL)...
02-09 18:22:19.471 D/PowerManagerService(27162): releaseWakeLock flags=0x1 tag=ActivityManager-Sleep
02-09 18:22:19.481 D/PowerManagerService(27162): acquireWakeLock flags=0x1 tag=RILJ
02-09 18:22:19.501 D/PowerManagerService(27162): releaseWakeLock flags=0x1 tag=RILJ
02-09 18:22:19.501 D/KeyguardViewMediator(27162): setHidden true
02-09 18:22:19.501 D/KeyguardViewMediator(27162): setHidden true
02-09 18:22:19.501 D/KeyguardViewMediator(27162): setHidden true
02-09 18:22:19.511 I/DATA    (27234): [DCT(0) ] intent received :android.intent.action.SCREEN_OFF
02-09 18:22:19.531 D/AlarmManager(27162): +++Alarm set:type=0 android  Trigger after:120000ms
02-09 18:22:19.531 D/PowerManagerService(27162): releaseWakeLock flags=0x1 tag=sleep_broadcast
02-09 18:22:19.972 D/PhoneApp(27234): setIgnoreTouchUserActivity(false)...
02-09 18:22:20.732 W/OrcaGuiceModule( 4670): Sig: ijxLJi1yGs1JpL-X1SExmchvork
02-09 18:22:21.033 D/DialogPreference( 4670): mIsAdjustWindow : true
02-09 18:22:21.073 D/DialogPreference( 4670): mIsAdjustWindow : true
02-09 18:22:21.083 W/Resources( 4670): Converting to string: TypedValue{t=0x10/d=0xffffffff a=-1}
02-09 18:22:21.083 D/DialogPreference( 4670): mIsAdjustWindow : true
02-09 18:22:21.603 D/ACRA    ( 4670): Retrieve application default SharedPreferences.
02-09 18:22:21.613 D/ACRA    ( 4670): Set OnSharedPreferenceChangeListener.
02-09 18:22:21.613 D/ACRA    ( 4670): ACRA is enabled for com.facebook.orca, intializing...
02-09 18:22:21.643 D/ACRA    ( 4670): Looking for error files in /data/data/com.facebook.orca/files
02-09 18:22:22.164 E/dalvikvm( 4670): Could not find class 'com.google.i18n.phonenumbers.Phonemetadata$PhoneMetadataCollection$Builder', referenced from method com.google.i18n.phonenumbers.Phonemetadata$PhoneMetadataCollection.newBuilder
02-09 18:22:22.164 W/dalvikvm( 4670): VFY: unable to resolve new-instance 2561 (Lcom/google/i18n/phonenumbers/Phonemetadata$PhoneMetadataCollection$Builder;) in Lcom/google/i18n/phonenumbers/Phonemetadata$PhoneMetadataCollection;
02-09 18:22:22.164 E/dalvikvm( 4670): Could not find class 'com.google.i18n.phonenumbers.Phonemetadata$PhoneMetadata$Builder', referenced from method com.google.i18n.phonenumbers.Phonemetadata$PhoneMetadata.newBuilder
02-09 18:22:22.164 W/dalvikvm( 4670): VFY: unable to resolve new-instance 2559 (Lcom/google/i18n/phonenumbers/Phonemetadata$PhoneMetadata$Builder;) in Lcom/google/i18n/phonenumbers/Phonemetadata$PhoneMetadata;
02-09 18:22:22.164 E/dalvikvm( 4670): Could not find class 'com.google.i18n.phonenumbers.Phonemetadata$PhoneNumberDesc$Builder', referenced from method com.google.i18n.phonenumbers.Phonemetadata$PhoneNumberDesc.newBuilder
02-09 18:22:22.164 W/dalvikvm( 4670): VFY: unable to resolve new-instance 2563 (Lcom/google/i18n/phonenumbers/Phonemetadata$PhoneNumberDesc$Builder;) in Lcom/google/i18n/phonenumbers/Phonemetadata$PhoneNumberDesc;
02-09 18:22:22.174 E/dalvikvm( 4670): Could not find class 'com.google.i18n.phonenumbers.Phonemetadata$NumberFormat$Builder', referenced from method com.google.i18n.phonenumbers.Phonemetadata$NumberFormat.newBuilder
02-09 18:22:22.174 W/dalvikvm( 4670): VFY: unable to resolve new-instance 2557 (Lcom/google/i18n/phonenumbers/Phonemetadata$NumberFormat$Builder;) in Lcom/google/i18n/phonenumbers/Phonemetadata$NumberFormat;
02-09 18:22:23.365 I/BluetoothService(27162): Received AVRCP_PASS_THROUGH_TIMEOUT message
02-09 18:22:25.977 I/dun_service(  123): process rmnet event
02-09 18:22:25.977 I/dun_service(  123): Post event 4
02-09 18:22:25.977 I/dun_service(  123): received event: DUN_EVENT_RMNET_UP 
02-09 18:22:25.977 I/dun_service(  123): received event(DUN_EVENT_RMNET_UP) in state(DUN_STATE_USB_UNPLUG)
02-09 18:22:25.977 I/dun_service(  123): Ignoring the event DUN_EVENT_RMNET_UP in USB_UNPLUG_STATE
02-09 18:22:25.977 I/dun_service(  123): Moved to state(DUN_STATE_USB_UNPLUG)
02-09 18:22:25.977 I/wpa_supplicant(30784): Selecting BSS from priority group 4
02-09 18:22:25.977 I/wpa_supplicant(30784): Try to find WPA-enabled AP
02-09 18:22:25.977 I/wpa_supplicant(30784): Selecting BSS from priority group 3
02-09 18:22:25.977 I/wpa_supplicant(30784): Try to find WPA-enabled AP
02-09 18:22:25.977 I/wpa_supplicant(30784): Selecting BSS from priority group 2
02-09 18:22:25.977 I/wpa_supplicant(30784): Try to find WPA-enabled AP
02-09 18:22:25.977 I/wpa_supplicant(30784): Selecting BSS from priority group 1
02-09 18:22:25.977 I/wpa_supplicant(30784): Try to find WPA-enabled AP
02-09 18:22:25.997 D/WifiStateTracker(27162): setNotificationVisible() scanResult.SSID=HH Free WIFI Open? true
02-09 18:22:25.997 D/WifiStateTracker(27162): interpretScanResultsAvailable() numOpenNetworks=1 mNumScansSinceNetworkStateChange=500
02-09 18:22:25.997 D/WifiStateTracker(27162): setNotificationVisible() System.currentTimeMillis()=1328833346007
02-09 18:22:25.997 D/WifiStateTracker(27162): setNotificationVisible() mNotificationRepeatTime=1328833682099
02-09 18:22:25.997 D/WifiStateTracker(27162): setNotificationVisible() System.currentTimeMillis() < mNotificationRepeatTime return.
02-09 18:22:26.037 D/AlarmManager(27162): +++Alarm set:type=2 com.google.android.location  Trigger after:33536ms
02-09 18:22:26.047 D/AlarmManager(27162): +++Alarm set:type=2 com.google.android.apps.maps  Trigger after:2147482847072ms
02-09 18:22:32.954 I/dun_service(  123): process rmnet event
02-09 18:22:32.954 I/dun_service(  123): Post event 4
02-09 18:22:32.954 I/dun_service(  123): received event: DUN_EVENT_RMNET_UP 
02-09 18:22:32.954 I/dun_service(  123): received event(DUN_EVENT_RMNET_UP) in state(DUN_STATE_USB_UNPLUG)
02-09 18:22:32.954 I/dun_service(  123): Ignoring the event DUN_EVENT_RMNET_UP in USB_UNPLUG_STATE
02-09 18:22:32.954 I/dun_service(  123): Moved to state(DUN_STATE_USB_UNPLUG)
02-09 18:22:32.954 I/wpa_supplicant(30784): Selecting BSS from priority group 4
02-09 18:22:32.954 I/wpa_supplicant(30784): Try to find WPA-enabled AP
02-09 18:22:32.954 I/wpa_supplicant(30784): Selecting BSS from priority group 3
02-09 18:22:32.954 I/wpa_supplicant(30784): Try to find WPA-enabled AP
02-09 18:22:32.954 I/wpa_supplicant(30784): Selecting BSS from priority group 2
02-09 18:22:32.954 I/wpa_supplicant(30784): Try to find WPA-enabled AP
02-09 18:22:32.954 I/wpa_supplicant(30784): Selecting BSS from priority group 1
02-09 18:22:32.954 I/wpa_supplicant(30784): Try to find WPA-enabled AP
02-09 18:22:32.984 D/WifiStateTracker(27162): setNotificationVisible() scanResult.SSID=HH Free WIFI Open? true
02-09 18:22:32.984 D/WifiStateTracker(27162): interpretScanResultsAvailable() numOpenNetworks=1 mNumScansSinceNetworkStateChange=501
02-09 18:22:32.984 D/WifiStateTracker(27162): setNotificationVisible() System.currentTimeMillis()=1328833352994
02-09 18:22:32.984 D/WifiStateTracker(27162): setNotificationVisible() mNotificationRepeatTime=1328833682099
02-09 18:22:32.984 D/WifiStateTracker(27162): setNotificationVisible() System.currentTimeMillis() < mNotificationRepeatTime return.
02-09 18:22:33.024 D/AlarmManager(27162): +++Alarm set:type=2 com.google.android.location  Trigger after:26547ms
02-09 18:22:33.054 D/AlarmManager(27162): +++Alarm set:type=2 com.google.android.apps.maps  Trigger after:2147482840059ms
02-09 18:22:39.180 W/AlarmManager(27162): +++Alarm  wakeup phone ,pkg=com.google.android.gsf
02-09 18:22:39.190 D/PowerManagerService(27162): acquireWakeLock flags=0x1 tag=GTALK_CONN
02-09 18:22:39.200 D/PowerManagerService(27162): acquireWakeLock flags=0x1 tag=AlarmManager
02-09 18:22:39.210 I/GTalkService(27265): [GTalkConnection.25] (WORKER THREAD) update account status
02-09 18:22:39.210 I/GTalkService(27265): [GTalkConnection.1] connect: network unavailable, set state=PENDING, err=NO_NETWORK
02-09 18:22:39.210 D/PowerManagerService(27162): releaseWakeLock flags=0x1 tag=GTALK_CONN
02-09 18:22:39.220 W/AlarmManager(27162): +++alarm onSendFinished ,action=com.google.android.intent.action.GTALK_RECONNECT
02-09 18:22:39.220 D/PowerManagerService(27162): releaseWakeLock flags=0x1 tag=AlarmManager
02-09 18:22:39.370 I/ContactsProvider(27282): updateInTransaction: content://com.android.contacts/status_updates
02-09 18:22:39.451 I/GTalkService(27265): [GTalkConnection.25] (WORKER THREAD) update account status - done, took 248 ms
02-09 18:22:39.451 I/GTalkService(27265): [GTalkConnection.25] (WORKER THREAD) update account status
02-09 18:22:39.491 I/ContactsProvider(27282): updateInTransaction: content://com.android.contacts/status_updates
02-09 18:22:39.531 I/GTalkService(27265): [GTalkConnection.25] (WORKER THREAD) update account status - done, took 79 ms
02-09 18:22:39.921 I/dun_service(  123): process rmnet event
02-09 18:22:39.931 I/dun_service(  123): Post event 4
02-09 18:22:39.931 I/dun_service(  123): received event: DUN_EVENT_RMNET_UP 
02-09 18:22:39.931 I/dun_service(  123): received event(DUN_EVENT_RMNET_UP) in state(DUN_STATE_USB_UNPLUG)
02-09 18:22:39.931 I/dun_service(  123): Ignoring the event DUN_EVENT_RMNET_UP in USB_UNPLUG_STATE
02-09 18:22:39.931 I/dun_service(  123): Moved to state(DUN_STATE_USB_UNPLUG)
02-09 18:22:39.931 I/wpa_supplicant(30784): Selecting BSS from priority group 4
02-09 18:22:39.931 I/wpa_supplicant(30784): Try to find WPA-enabled AP
02-09 18:22:39.931 I/wpa_supplicant(30784): Selecting BSS from priority group 3
02-09 18:22:39.931 I/wpa_supplicant(30784): Try to find WPA-enabled AP
02-09 18:22:39.931 I/wpa_supplicant(30784): Selecting BSS from priority group 2
02-09 18:22:39.931 I/wpa_supplicant(30784): Try to find WPA-enabled AP
02-09 18:22:39.931 I/wpa_supplicant(30784): Selecting BSS from priority group 1
