02-09 18:22:09.742 D/CallManager(27234):  handleMessage (EVENT_SERVICE_STATE_CHANGED)
02-09 18:22:09.742 E/BT HS/HF(27234): SERVICE_STATE_CHANGED called
02-09 18:22:09.742 E/BT HS/HF(27234): updateServiceState called, sendUpdate:false  ServiceState:0 home Sprint  310099  EvDo rev. A CSS not supported 41 4139RoamInd: 1RoamStatus(sprint): 1DefRoamInd: 160EmergOnly: false
02-09 18:22:09.742 E/BT HS/HF(27234): service:1 mService:1
02-09 18:22:09.742 D/DATA    (27234): [DSST(0)]  registrationState = 1  radioTechnology = 8 reasonForDenial = 0
02-09 18:22:09.742 D/DATA    (27234): [DSST(0)]  set mNewDataConnectionState = 0
02-09 18:22:09.742 D/DATA    (27234): [DSST(0)]  mNewDataConnectionState : 0  mDataConnectionState : 0
02-09 18:22:09.742 D/DATA    (27234): [DSST(0)] Poll ServiceState done: oldSS=[0 home null null null  EvDo rev. A CSS not supported -1 -1RoamInd: -1RoamStatus(sprint): -1DefRoamInd: -1EmergOnly: false] newSS=[0 home null null null  EvDo rev. A CSS not supported -1 -1RoamInd: -1RoamStatus(sprint): -1DefRoamInd: -1EmergOnly: false]
02-09 18:22:09.742 D/DATA    (27234): [DSST(0)]  mDataConnectionState = 0
02-09 18:22:09.772 D/AlarmManager(27162): +++Alarm set:type=2 com.google.android.location  Trigger after:49800ms
02-09 18:22:09.782 D/TelephonyManager( 4576): [LPZ-GPS]getCellLocation enter,usewireless=true
02-09 18:22:09.872 D/CdmaCellLocation( 4576): [LPZ-GPS]mUseNetworkwireless=true
02-09 18:22:09.882 D/CdmaCellLocation( 4576): [LPZ-GPS]BSId=11251
02-09 18:22:09.882 D/CdmaCellLocation( 4576): [LPZ-GPS]BSLAT=560189
02-09 18:22:09.882 D/CdmaCellLocation( 4576): [LPZ-GPS]BSLONG=-1362775
02-09 18:22:09.882 D/CdmaCellLocation( 4576): [LPZ-GPS]SystemId=4139
02-09 18:22:09.882 D/CdmaCellLocation( 4576): [LPZ-GPS]NetworkId=41
02-09 18:22:09.942 D/AlarmManager(27162): +++Alarm set:type=2 com.google.android.apps.maps  Trigger after:2147482863173ms
02-09 18:22:10.633 D/WifiStateTracker(27162): Disabling interface
02-09 18:22:11.023 D/PowerManagerService(27162): acquireWakeLock flags=0x1000001a tag=keyguard
02-09 18:22:11.023 D/PowerManagerService(27162): UnPartial  wakeLock  reactivate ,flags=0x1000001a tag=keyguard
02-09 18:22:11.063 I/dun_service(  123): process rmnet event
02-09 18:22:11.073 I/dun_service(  123): Post event 4
02-09 18:22:11.073 I/dun_service(  123): process rmnet event
02-09 18:22:11.073 I/dun_service(  123): Post event 4
02-09 18:22:11.073 I/dun_service(  123): received event: DUN_EVENT_RMNET_UP 
02-09 18:22:11.073 I/dun_service(  123): received event(DUN_EVENT_RMNET_UP) in state(DUN_STATE_USB_UNPLUG)
02-09 18:22:11.073 I/dun_service(  123): Ignoring the event DUN_EVENT_RMNET_UP in USB_UNPLUG_STATE
02-09 18:22:11.073 I/dun_service(  123): Moved to state(DUN_STATE_USB_UNPLUG)
02-09 18:22:11.073 I/dun_service(  123): received event: DUN_EVENT_RMNET_UP 
02-09 18:22:11.073 I/dun_service(  123): received event(DUN_EVENT_RMNET_UP) in state(DUN_STATE_USB_UNPLUG)
02-09 18:22:11.073 I/dun_service(  123): Ignoring the event DUN_EVENT_RMNET_UP in USB_UNPLUG_STATE
02-09 18:22:11.073 I/dun_service(  123): Moved to state(DUN_STATE_USB_UNPLUG)
02-09 18:22:11.073 I/wpa_supplicant(30784): CTRL-EVENT-DRIVER-STATE STARTED
02-09 18:22:11.073 I/wpa_supplicant(30784): State: DISCONNECTED -> SCANNING
02-09 18:22:11.073 I/wpa_supplicant(30784): CTRL-EVENT-STATE-CHANGE id=-1 state=2 BSSID=00:00:00:00:00:00
02-09 18:22:11.083 D/NetworkStateTracker(27162): setDetailed state, old =IDLE and new state=SCANNING
02-09 18:22:11.333 D/KeyguardViewMediator(27162): keyguardDone(true)
02-09 18:22:11.343 D/KeyguardViewMediator(27162): handleKeyguardDone
02-09 18:22:11.343 D/KeyguardViewMediator(27162): handleHide
02-09 18:22:11.343 D/KeyguardViewMediator(27162): adjustUserActivityLocked mShowing: false mHidden: false
02-09 18:22:11.343 D/PowerManagerService(27162): UnPartial  wakeLock  reactivate ,flags=0x1000001a tag=keyguard
02-09 18:22:11.343 D/PowerManagerService(27162): releaseWakeLock flags=0x1000001a tag=keyguard
02-09 18:22:11.353 D/KeyguardViewMediator(27162): setHidden false
02-09 18:22:11.353 D/KeyguardViewMediator(27162): setHidden false
02-09 18:22:11.363 D/KeyguardViewMediator(27162): setHidden false
02-09 18:22:11.383 D/KeyguardViewMediator(27162): setHidden false
02-09 18:22:11.393 D/KeyguardViewMediator(27162): setHidden false
02-09 18:22:11.413 D/Mms     (27733): [734] markAsRead: update read/seen for thread uri: content://mms-sms/conversations/3
02-09 18:22:11.413 D/KeyguardViewMediator(27162): setHidden false
02-09 18:22:11.423 E/Database(27234): Error updating seen=1 read=1 using UPDATE threads SET seen=?, read=? WHERE _id=3
02-09 18:22:11.433 D/KeyguardViewMediator(27162): setHidden false
02-09 18:22:11.443 D/KeyguardViewMediator(27162): setHidden false
02-09 18:22:11.463 D/KeyguardViewMediator(27162): setHidden false
02-09 18:22:11.483 D/KeyguardViewMediator(27162): setHidden false
02-09 18:22:11.493 D/KeyguardViewMediator(27162): setHidden false
02-09 18:22:11.513 D/KeyguardViewMediator(27162): setHidden false
02-09 18:22:11.523 D/Mms:app (27733): mCmasCursor.getCount() =0
02-09 18:22:11.523 D/Mms:app (27733): in updateCmasNotifications--unreadCMASCursor.getCount() <= 0
02-09 18:22:11.533 D/KeyguardViewMediator(27162): setHidden false
02-09 18:22:11.543 D/KeyguardViewMediator(27162): setHidden false
02-09 18:22:11.563 D/KeyguardViewMediator(27162): setHidden false
02-09 18:22:11.583 D/Mms     (27733): formatTimeStampString1 ,when = 1328833030481
02-09 18:22:11.583 D/Mms     (27733): formatTimeStampString2 ,when = 1328833030481
02-09 18:22:11.583 D/MessageItem(27733): MessageItem ,expiryDate = 0
02-09 18:22:11.583 I/Mms:app (27733): pengzhe updateDownloadFailedNotification getDownloadFailedMessageCount =0
02-09 18:22:11.593 D/KeyguardViewMediator(27162): setHidden false
02-09 18:22:11.613 D/KeyguardViewMediator(27162): setHidden false
02-09 18:22:11.653 D/KeyguardViewMediator(27162): setHidden false
02-09 18:22:11.653 D/Mms     (27733): formatTimeStampString1 ,when = 1328832562611
02-09 18:22:11.673 D/KeyguardViewMediator(27162): setHidden false
02-09 18:22:11.673 D/Mms     (27733): formatTimeStampString2 ,when = 1328832562611
02-09 18:22:11.683 D/KeyguardViewMediator(27162): setHidden false
02-09 18:22:11.703 D/Mms:app (27733): in getIconResourceId cmasNo =0
02-09 18:22:11.703 D/Mms:app (27733): in getIconResourceId cmasNo = 0, cancel(notificationId)
02-09 18:22:11.714 D/KeyguardViewMediator(27162): setHidden false
02-09 18:22:11.734 D/KeyguardViewMediator(27162): setHidden false
02-09 18:22:11.734 D/Mms     (27733): formatTimeStampString1 ,when = 1328830240261
02-09 18:22:11.734 D/Mms     (27733): formatTimeStampString2 ,when = 1328830240261
02-09 18:22:11.734 D/MessageItem(27733): MessageItem ,expiryDate = 0
02-09 18:22:11.744 D/KeyguardViewMediator(27162): setHidden false
02-09 18:22:11.754 D/Mms     (27733): formatTimeStampString1 ,when = 1328829063515
02-09 18:22:11.754 D/Mms     (27733): formatTimeStampString2 ,when = 1328829063515
02-09 18:22:11.764 E/lights  (27162):   g_haveAmberLed=0
02-09 18:22:11.764 E/lights  (27162):   red=0
02-09 18:22:11.764 E/lights  (27162):   green=0
02-09 18:22:11.764 E/lights  (27162):   blink=0
02-09 18:22:11.764 D/KeyguardViewMediator(27162): setHidden false
02-09 18:22:11.774 D/KeyguardViewMediator(27162): setHidden false
02-09 18:22:11.784 E/lights  (27162):   g_haveAmberLed=0
02-09 18:22:11.784 E/lights  (27162):   red=0
02-09 18:22:11.784 E/lights  (27162):   green=255
02-09 18:22:11.784 E/lights  (27162):   blink=1
02-09 18:22:11.804 D/KeyguardViewMediator(27162): setHidden false
02-09 18:22:11.814 D/KeyguardViewMediator(27162): setHidden false
02-09 18:22:11.824 D/KeyguardViewMediator(27162): setHidden false
02-09 18:22:11.834 D/KeyguardViewMediator(27162): setHidden false
02-09 18:22:11.894 D/CallManager(27234):  handleMessage (EVENT_SIGNAL_INFO)
02-09 18:22:11.894 D/CallManager(27234):  handleMessage (EVENT_IN_CALL_VOICE_PRIVACY_OFF)
02-09 18:22:11.894 D/CallNotifier(27234): handleMessage() Msg Type: 7
02-09 18:22:11.894 D/PhoneApp(27234): old phone type:2, New Phone type:2
02-09 18:22:11.904 D/CallNotifier(27234): Received PHONE_STATE_SIGNALINFO event
02-09 18:22:11.924 D/CallNotifier(27234): onSignalInfo: isPresent=true
02-09 18:22:11.924 D/CallNotifier(27234): onSignalInfo: uSignalType=2, uAlertPitch=0, uSignal=1
02-09 18:22:11.924 D/CallNotifier(27234): ***zyj*** don't play this audio!
02-09 18:22:11.924 D/CallNotifier(27234): handleMessage() Msg Type: 10
02-09 18:22:11.924 D/PhoneApp(27234): old phone type:2, New Phone type:2
02-09 18:22:11.924 D/CallNotifier(27234): PHONE_ENHANCED_VP_OFF...
02-09 18:22:11.924 D/CallManager(27234):  handleMessage (EVENT_IN_CALL_VOICE_PRIVACY_OFF)
02-09 18:22:11.944 D/KeyguardUpdateMonitor(27162): received broadcast android.intent.action.PHONE_STATE
02-09 18:22:11.944 D/KeyguardUpdateMonitor(27162): handlePhoneStateChanged(RINGING)
02-09 18:22:11.944 I/VdmcBroadcastReceiver( 4534): ACTION=android.intent.action.PHONE_STATE
02-09 18:22:11.944 I/vDM     ( 4534): Vdmc getInstance
02-09 18:22:11.964 D/CallNotifier(27234): handleMessage() Msg Type: 10
02-09 18:22:11.964 D/PhoneApp(27234): old phone type:2, New Phone type:2
02-09 18:22:11.964 D/CallNotifier(27234): PHONE_ENHANCED_VP_OFF...
02-09 18:22:11.964 D/CallManager(27234):  handleMessage (EVENT_NEW_RINGING_CONNECTION)
02-09 18:22:11.964 I/DATA    (27234): [DCT(0) ] intent received :android.intent.action.VOICE_CALL_STARTED
02-09 18:22:11.964 D/CallManager(27234):  handleMessage (EVENT_PRECISE_CALL_STATE_CHANGED)
02-09 18:22:11.964 D/CallNotifier(27234): handleMessage() Msg Type: 2
02-09 18:22:11.964 D/PhoneApp(27234): old phone type:2, New Phone type:2
02-09 18:22:11.964 D/CallNotifier(27234): RINGING... (new)
02-09 18:22:11.964 D/CallNotifier(27234): onNewRingingConnection():  incoming: true state: INCOMING post dial state: NOT_STARTED
02-09 18:22:11.964 D/CallNotifier(27234): stopSignalInfoTone: Stopping SignalInfo tone player
02-09 18:22:11.984 D/CallNotifier(27234): - connection is ringing!  state = INCOMING
02-09 18:22:11.984 D/CallNotifier(27234): Holding wake lock on new incoming connection.
02-09 18:22:11.984 D/PhoneApp(27234): requestWakeState(PARTIAL)...
02-09 18:22:11.984 D/CallNotifier(27234): SignalInfoTonePlayer.run(toneId = 98)...
02-09 18:22:11.984 D/PhoneUtils(27234): Original Call Number is null
02-09 18:22:11.984 D/PhoneUtils(27234): Original Call Number is null!
02-09 18:22:11.984 D/PhoneUtils(27234): ###### PhoneUtils.startGetCallerInfo: new query for phone number #####
02-09 18:22:11.984 D/PhoneUtils(27234): - number (address): 9134864351
02-09 18:22:11.984 D/PhoneUtils(27234): - c:  incoming: true state: INCOMING post dial state: NOT_STARTED
02-09 18:22:11.984 D/PhoneUtils(27234): - phone: Handler{40538868}
02-09 18:22:11.984 D/PhoneUtils(27234): - phoneType: 2
02-09 18:22:11.984 D/PhoneUtils(27234):   ==> PHONE_TYPE_CDMA
02-09 18:22:11.994 D/ToneGenerator(27234): stopTone
02-09 18:22:11.994 D/ToneGenerator(27234): startTone
02-09 18:22:11.994 D/PhoneUtils(27234): startGetCallerInfo: number = 9134864351
02-09 18:22:11.994 D/PhoneUtils(27234): startGetCallerInfo: CNAP Info from FW(1): name=null, Name/Number Pres=1
02-09 18:22:11.994 D/PhoneUtils(27234): modifyForSpecialCnapCases: initially, number=9134864351, presentation=1 ci CallerInfo { name null, phoneNumber null }
02-09 18:22:11.994 D/AudioTrack(27234): start 0xf9060
02-09 18:22:12.024 D/KeyguardViewMediator(27162): setHidden false
02-09 18:22:12.034 I/wpa_supplicant(30784): Selecting BSS from priority group 4
02-09 18:22:12.034 I/wpa_supplicant(30784): Try to find WPA-enabled AP
02-09 18:22:12.034 I/wpa_supplicant(30784): Selecting BSS from priority group 3
02-09 18:22:12.034 I/wpa_supplicant(30784): Try to find WPA-enabled AP
02-09 18:22:12.034 I/wpa_supplicant(30784): Selecting BSS from priority group 2
02-09 18:22:12.034 I/wpa_supplicant(30784): Try to find WPA-enabled AP
02-09 18:22:12.034 I/wpa_supplicant(30784): Selecting BSS from priority group 1
02-09 18:22:12.034 I/wpa_supplicant(30784): Try to find WPA-enabled AP
02-09 18:22:12.034 I/dun_service(  123): process rmnet event
02-09 18:22:12.034 I/dun_service(  123): Post event 4
02-09 18:22:12.034 I/dun_service(  123): received event: DUN_EVENT_RMNET_UP 
02-09 18:22:12.034 I/dun_service(  123): received event(DUN_EVENT_RMNET_UP) in state(DUN_STATE_USB_UNPLUG)
02-09 18:22:12.034 I/dun_service(  123): Ignoring the event DUN_EVENT_RMNET_UP in USB_UNPLUG_STATE
02-09 18:22:12.034 I/dun_service(  123): Moved to state(DUN_STATE_USB_UNPLUG)
02-09 18:22:12.034 D/WifiStateTracker(27162): setNotificationVisible() scanResult.SSID=HH Free WIFI Open? true
02-09 18:22:12.034 D/WifiStateTracker(27162): interpretScanResultsAvailable() numOpenNetworks=1 mNumScansSinceNetworkStateChange=498
02-09 18:22:12.034 D/WifiStateTracker(27162): setNotificationVisible() System.currentTimeMillis()=1328833332044
02-09 18:22:12.034 D/WifiStateTracker(27162): setNotificationVisible() mNotificationRepeatTime=1328833682099
02-09 18:22:12.034 D/WifiStateTracker(27162): setNotificationVisible() System.currentTimeMillis() < mNotificationRepeatTime return.
02-09 18:22:12.044 D/AlarmManager(27162): +++Alarm set:type=2 com.google.android.location  Trigger after:47532ms
02-09 18:22:12.054 D/AudioFlinger(27152): start(4099), calling thread 27234 session 7
02-09 18:22:12.074 D/AudioHardwareMSM7X30(27152): setVoiceVolume(0.800000)
02-09 18:22:12.084 D/AudioTrack(27234): stop 0xf9060
02-09 18:22:12.084 D/AudioFlinger(27152): stop(4099), calling thread 27234
02-09 18:22:12.104 D/PhoneUtils(27234): checkCnapSpecialCases, normal str. number: 9134864351
02-09 18:22:12.104 D/PhoneUtils(27234): modifyForSpecialCnapCases: returning number string=9134864351
02-09 18:22:12.104 D/CallerInfoAsyncQuery(27234): ##### CallerInfoAsyncQuery startQuery()... #####
02-09 18:22:12.104 D/CallerInfoAsyncQuery(27234): - number: xxxxxxx
02-09 18:22:12.104 D/CallerInfoAsyncQuery(27234): - cookie:  incoming: true state: INCOMING post dial state: NOT_STARTED
02-09 18:22:12.104 D/CallerInfoAsyncQuery(27234): startQuery number: 9134864351
02-09 18:22:12.104 D/CallerInfoAsyncQuery(27234): ==> contactRef: content://com.android.contacts/phone_lookup/xxxxxxx
02-09 18:22:12.104 D/CallerInfoAsyncQuery(27234): ==> selection: null
02-09 18:22:12.104 D/CallerInfoAsyncQuery(27234): adding listener to query: content://com.android.contacts/phone_lookup/xxxxxxx handler: Handler{406e9e88}
02-09 18:22:12.104 D/PhoneUtils(27234): startGetCallerInfo: query based on number: 9134864351
02-09 18:22:12.104 D/CallNotifier(27234): - Starting query, posting timeout message.
02-09 18:22:12.104 D/CallNotifier(27234): isTurnOnMuteOn
02-09 18:22:12.104 D/CallNotifier(27234): - onNewRingingConnection() done.
02-09 18:22:12.114 D/CallerInfoAsyncQuery(27234): Processing event: 1 token (arg1): 1 command: -1 query URI: content://com.android.contacts/phone_lookup/xxxxxxx
02-09 18:22:12.114 D/AudioHardwareMSM7X30(27152): value of device and enable is 0 1 ALSA dev id:0
02-09 18:22:12.114 I/ContactsProvider(27282): query: content://com.android.contacts/phone_lookup/9134864351
02-09 18:22:12.114 E/ContactsProvider(27282): 101123 isCallerRegisterNeedSIMProc callerPid:27234, acorePid:27282
02-09 18:22:12.114 I/ContactsProvider(27282): query isCallerRegistered= true
02-09 18:22:12.114 I/ContactsProvider(27282): query forOnlyOneContactString= 0
02-09 18:22:12.124 D/Phone   (27234): [PhoneNotifier] [DefaultPhoneNotifier] : default, INET, SUSPENDED
02-09 18:22:12.184 D/AudioHardwareMSM7X30(27152): msm_route_stream(PCM_PLAY,5,0,1)
02-09 18:22:12.364 I/TelephonyRegistry(27162): notifyDataConnection: state=3 isDataConnectivityPossible=true reason=2GVoiceCallStarted interfaceName=rmnet0 networkType=6 apnType=default apn=null
02-09 18:22:12.364 D/KeyguardViewMediator(27162): setHidden false
02-09 18:22:12.374 D/AlarmManager(27162): +++Alarm set:type=2 com.google.android.apps.maps  Trigger after:2147482860742ms
02-09 18:22:12.374 I/TelephonyRegistry(27162): +++broadcastDataConnectionStateChanged
02-09 18:22:12.394 D/TelephonyManager(27265): [LPZ-GPS]getCellLocation enter,usewireless=true
02-09 18:22:12.394 I/TelephonyRegistry(27162): +++sendStickyBroadcast
02-09 18:22:12.404 D/MobileDataStateTracker(27162): [hipri]  MobileDataStateReceiver onReceive(): Entry.
02-09 18:22:12.404 D/MobileDataStateTracker(27162): [hipri]  intent.getAction()= android.intent.action.ANY_DATA_STATE
02-09 18:22:12.404 D/MobileDataStateTracker(27162): [hipri]  mEnabled = false
02-09 18:22:12.404 D/CallerInfoAsyncQuery(27234): Processing event: 2 token (arg1): 1 command: -1 query URI: 
02-09 18:22:12.424 D/Phone   (27234): [PhoneNotifier] [DefaultPhoneNotifier] : default, INET6, DISCONNECTED
02-09 18:22:12.424 D/MobileDataStateTracker(27162): [hipri]  apnTypeList = default
02-09 18:22:12.424 D/MobileDataStateTracker(27162): [hipri]  unavailable = false
02-09 18:22:12.424 D/MobileDataStateTracker(27162): [hipri] Do not process intents if disabled.
02-09 18:22:12.424 D/MobileDataStateTracker(27162): [dun]  MobileDataStateReceiver onReceive(): Entry.
02-09 18:22:12.424 D/MobileDataStateTracker(27162): [dun]  intent.getAction()= android.intent.action.ANY_DATA_STATE
02-09 18:22:12.424 D/MobileDataStateTracker(27162): [dun]  mEnabled = false
02-09 18:22:12.424 D/MobileDataStateTracker(27162): [dun]  apnTypeList = default
02-09 18:22:12.424 D/MobileDataStateTracker(27162): [dun]  unavailable = false
02-09 18:22:12.424 D/MobileDataStateTracker(27162): [dun] Do not process intents if disabled.
02-09 18:22:12.424 D/MobileDataStateTracker(27162): [supl]  MobileDataStateReceiver onReceive(): Entry.
02-09 18:22:12.424 D/MobileDataStateTracker(27162): [supl]  intent.getAction()= android.intent.action.ANY_DATA_STATE
02-09 18:22:12.424 D/MobileDataStateTracker(27162): [supl]  mEnabled = false
02-09 18:22:12.424 D/CdmaCellLocation(27265): [LPZ-GPS]mUseNetworkwireless=true
02-09 18:22:12.424 D/CdmaCellLocation(27265): [LPZ-GPS]BSId=11251
02-09 18:22:12.424 D/CdmaCellLocation(27265): [LPZ-GPS]BSLAT=560189
02-09 18:22:12.424 D/CdmaCellLocation(27265): [LPZ-GPS]BSLONG=-1362775
02-09 18:22:12.424 D/CdmaCellLocation(27265): [LPZ-GPS]SystemId=4139
02-09 18:22:12.424 D/CdmaCellLocation(27265): [LPZ-GPS]NetworkId=41
02-09 18:22:12.434 D/MobileDataStateTracker(27162): [supl]  apnTypeList = default
02-09 18:22:12.434 D/MobileDataStateTracker(27162): [supl]  unavailable = false
02-09 18:22:12.434 D/MobileDataStateTracker(27162): [supl] Do not process intents if disabled.
02-09 18:22:12.434 D/MobileDataStateTracker(27162): [mms]  MobileDataStateReceiver onReceive(): Entry.
02-09 18:22:12.434 D/MobileDataStateTracker(27162): [mms]  intent.getAction()= android.intent.action.ANY_DATA_STATE
02-09 18:22:12.434 D/MobileDataStateTracker(27162): [mms]  mEnabled = false
02-09 18:22:12.444 D/MobileDataStateTracker(27162): [mms]  apnTypeList = default
02-09 18:22:12.444 D/MobileDataStateTracker(27162): [mms]  unavailable = false
02-09 18:22:12.444 D/MobileDataStateTracker(27162): [mms] Do not process intents if disabled.
02-09 18:22:12.444 D/MobileDataStateTracker(27162): [default]  MobileDataStateReceiver onReceive(): Entry.
02-09 18:22:12.444 D/MobileDataStateTracker(27162): [default]  intent.getAction()= android.intent.action.ANY_DATA_STATE
02-09 18:22:12.444 D/MobileDataStateTracker(27162): [default]  mEnabled = true
02-09 18:22:12.454 I/TelephonyRegistry(27162): notifyDataConnection: state=0 isDataConnectivityPossible=true reason=2GVoiceCallStarted interfaceName=null networkType=6 apnType=default apn=null
02-09 18:22:12.454 I/TelephonyRegistry(27162): +++broadcastDataConnectionStateChanged
02-09 18:22:12.454 I/TelephonyRegistry(27162): +++sendStickyBroadcast
02-09 18:22:12.454 D/MobileDataStateTracker(27162): [default]  apnTypeList = default
02-09 18:22:12.454 D/MobileDataStateTracker(27162): [default]  unavailable = false
02-09 18:22:12.454 D/MobileDataStateTracker(27162): [default] CALL updateMobileInfoFromIntent
02-09 18:22:12.454 I/MobileDataStateTracker(27162): [default] dc state change intent received for default/INET with state  SUSPENDED. enabled=true state change reason = 2GVoiceCallStarted
02-09 18:22:12.454 I/MobileDataStateTracker(27162): [default] old state = CONNECTED
02-09 18:22:12.454 I/MobileDataStateTracker(27162): [default] updated mobile state info for INET : [state=SUSPENDED, iface=rmnet0, mApnName=null, mIpAddress=/70.5.41.227, mGateway=/70.5.41.225]
02-09 18:22:12.454 D/NetworkStateTracker(27162): setDetailed state, old =CONNECTED and new state=SUSPENDED
02-09 18:22:12.454 W/NetworkStateTracker(27162): ### removeDefaultRoute. do nothing 
02-09 18:22:12.464 D/MobileDataStateTracker(27162): [hipri]  MobileDataStateReceiver onReceive(): Entry.
02-09 18:22:12.464 D/MobileDataStateTracker(27162): [hipri]  intent.getAction()= android.intent.action.ANY_DATA_STATE
02-09 18:22:12.464 D/MobileDataStateTracker(27162): [hipri]  mEnabled = false
02-09 18:22:12.494 D/MobileDataStateTracker(27162): [hipri]  apnTypeList = default
02-09 18:22:12.494 D/MobileDataStateTracker(27162): [hipri]  unavailable = false
02-09 18:22:12.494 D/MobileDataStateTracker(27162): [hipri] Do not process intents if disabled.
02-09 18:22:12.494 D/MobileDataStateTracker(27162): [dun]  MobileDataStateReceiver onReceive(): Entry.
02-09 18:22:12.494 D/MobileDataStateTracker(27162): [dun]  intent.getAction()= android.intent.action.ANY_DATA_STATE
02-09 18:22:12.494 D/MobileDataStateTracker(27162): [dun]  mEnabled = false
02-09 18:22:12.494 D/Phone   (27234): [PhoneNotifier] [DefaultPhoneNotifier] : mms, INET, SUSPENDED
02-09 18:22:12.494 D/GTalkService(27265): ##### Network broadcast (connected=false) type=mobile, state=SUSPENDED
02-09 18:22:12.504 I/GTalkService(27265): [GTalkConnection.1] setInternalNetworkState: type=0, state=SUSPENDED
02-09 18:22:12.514 D/MobileDataStateTracker(27162): [dun]  apnTypeList = default
02-09 18:22:12.514 D/MobileDataStateTracker(27162): [dun]  unavailable = false
02-09 18:22:12.514 D/MobileDataStateTracker(27162): [dun] Do not process intents if disabled.
02-09 18:22:12.534 D/MobileDataStateTracker(27162): [supl]  MobileDataStateReceiver onReceive(): Entry.
02-09 18:22:12.534 D/MobileDataStateTracker(27162): [supl]  intent.getAction()= android.intent.action.ANY_DATA_STATE
02-09 18:22:12.534 D/MobileDataStateTracker(27162): [supl]  mEnabled = false
02-09 18:22:12.534 D/ADDRESS_CACHE_MONITOR( 3866): network (mobile) is disconnected
02-09 18:22:12.564 I/TelephonyRegistry(27162): notifyDataConnection: state=3 isDataConnectivityPossible=true reason=2GVoiceCallStarted interfaceName=rmnet0 networkType=6 apnType=mms apn=null
02-09 18:22:12.564 I/TelephonyRegistry(27162): +++broadcastDataConnectionStateChanged
02-09 18:22:12.574 D/MobileDataStateTracker(27162): [supl]  apnTypeList = default
02-09 18:22:12.574 D/MobileDataStateTracker(27162): [supl]  unavailable = false
02-09 18:22:12.574 D/MobileDataStateTracker(27162): [supl] Do not process intents if disabled.
02-09 18:22:12.574 D/MobileDataStateTracker(27162): [mms]  MobileDataStateReceiver onReceive(): Entry.
02-09 18:22:12.574 D/MobileDataStateTracker(27162): [mms]  intent.getAction()= android.intent.action.ANY_DATA_STATE
02-09 18:22:12.574 D/MobileDataStateTracker(27162): [mms]  mEnabled = false
02-09 18:22:12.574 I/TelephonyRegistry(27162): +++sendStickyBroadcast
02-09 18:22:12.574 D/MobileDataStateTracker(27162): [mms]  apnTypeList = default
02-09 18:22:12.574 D/MobileDataStateTracker(27162): [mms]  unavailable = false
02-09 18:22:12.574 D/MobileDataStateTracker(27162): [mms] Do not process intents if disabled.
02-09 18:22:12.574 D/MobileDataStateTracker(27162): [default]  MobileDataStateReceiver onReceive(): Entry.
02-09 18:22:12.574 D/MobileDataStateTracker(27162): [default]  intent.getAction()= android.intent.action.ANY_DATA_STATE
02-09 18:22:12.574 D/MobileDataStateTracker(27162): [default]  mEnabled = true
02-09 18:22:12.584 D/MobileDataStateTracker(27162): [default]  apnTypeList = default
02-09 18:22:12.584 D/MobileDataStateTracker(27162): [default]  unavailable = false
02-09 18:22:12.584 D/MobileDataStateTracker(27162): [default] CALL updateMobileInfoFromIntent
02-09 18:22:12.584 I/MobileDataStateTracker(27162): [default] dc state change intent received for default/INET6 with state  DISCONNECTED. enabled=true state change reason = 2GVoiceCallStarted
02-09 18:22:12.584 I/MobileDataStateTracker(27162): [default] old state = DISCONNECTED
02-09 18:22:12.584 I/MobileDataStateTracker(27162): [default] no change,  just return
02-09 18:22:12.584 D/MobileDataStateTracker(27162): [default] No need to update detailed state
02-09 18:22:12.584 D/Tethering(27162): MasterInitialState.processMessage what=3
02-09 18:22:12.584 D/Phone   (27234): [PhoneNotifier] [DefaultPhoneNotifier] : mms, INET6, DISCONNECTED
02-09 18:22:12.594 I/TelephonyRegistry(27162): notifyDataConnection: state=0 isDataConnectivityPossible=true reason=2GVoiceCallStarted interfaceName=null networkType=6 apnType=mms apn=null
02-09 18:22:12.594 I/TelephonyRegistry(27162): +++broadcastDataConnectionStateChanged
02-09 18:22:12.594 I/TelephonyRegistry(27162): +++sendStickyBroadcast
02-09 18:22:13.395 E/rmt_storage(  155): [MyTag]open: fd=-1
02-09 18:22:13.395 E/rmt_storage(  155): block rmt_storage client thread
02-09 18:22:13.435 D/Phone   (27234): [PhoneNotifier] [DefaultPhoneNotifier] : supl, INET, SUSPENDED
02-09 18:22:13.445 D/MobileDataStateTracker(27162): [hipri]  MobileDataStateReceiver onReceive(): Entry.
02-09 18:22:13.445 D/MobileDataStateTracker(27162): [hipri]  intent.getAction()= android.intent.action.ANY_DATA_STATE
02-09 18:22:13.445 D/MobileDataStateTracker(27162): [hipri]  mEnabled = false
02-09 18:22:13.445 D/MobileDataStateTracker(27162): [hipri]  apnTypeList = mms
02-09 18:22:13.445 D/MobileDataStateTracker(27162): [hipri]  unavailable = false
02-09 18:22:13.445 D/MobileDataStateTracker(27162): [hipri] Do not process intents if disabled.
02-09 18:22:13.445 D/MobileDataStateTracker(27162): [dun]  MobileDataStateReceiver onReceive(): Entry.
02-09 18:22:13.445 D/MobileDataStateTracker(27162): [dun]  intent.getAction()= android.intent.action.ANY_DATA_STATE
02-09 18:22:13.445 D/MobileDataStateTracker(27162): [dun]  mEnabled = false
02-09 18:22:13.445 D/MobileDataStateTracker(27162): [dun]  apnTypeList = mms
02-09 18:22:13.445 D/MobileDataStateTracker(27162): [dun]  unavailable = false
02-09 18:22:13.445 D/MobileDataStateTracker(27162): [dun] Do not process intents if disabled.
02-09 18:22:13.445 D/MobileDataStateTracker(27162): [supl]  MobileDataStateReceiver onReceive(): Entry.
02-09 18:22:13.445 D/MobileDataStateTracker(27162): [supl]  intent.getAction()= android.intent.action.ANY_DATA_STATE
02-09 18:22:13.445 D/MobileDataStateTracker(27162): [supl]  mEnabled = false
02-09 18:22:13.445 D/MobileDataStateTracker(27162): [supl]  apnTypeList = mms
02-09 18:22:13.445 D/MobileDataStateTracker(27162): [supl]  unavailable = false
02-09 18:22:13.455 D/MobileDataStateTracker(27162): [supl] Do not process intents if disabled.
02-09 18:22:13.455 D/MobileDataStateTracker(27162): [mms]  MobileDataStateReceiver onReceive(): Entry.
02-09 18:22:13.455 D/MobileDataStateTracker(27162): [mms]  intent.getAction()= android.intent.action.ANY_DATA_STATE
02-09 18:22:13.455 D/MobileDataStateTracker(27162): [mms]  mEnabled = false
02-09 18:22:13.475 D/MobileDataStateTracker(27162): [mms]  apnTypeList = mms
02-09 18:22:13.475 D/MobileDataStateTracker(27162): [mms]  unavailable = false
02-09 18:22:13.475 D/MobileDataStateTracker(27162): [mms] Do not process intents if disabled.
02-09 18:22:13.475 D/MobileDataStateTracker(27162): [default]  MobileDataStateReceiver onReceive(): Entry.
02-09 18:22:13.475 D/MobileDataStateTracker(27162): [default]  intent.getAction()= android.intent.action.ANY_DATA_STATE
02-09 18:22:13.475 D/MobileDataStateTracker(27162): [default]  mEnabled = true
02-09 18:22:13.475 I/TelephonyRegistry(27162): notifyDataConnection: state=3 isDataConnectivityPossible=true reason=2GVoiceCallStarted interfaceName=rmnet0 networkType=6 apnType=supl apn=null
02-09 18:22:13.475 I/TelephonyRegistry(27162): +++broadcastDataConnectionStateChanged
02-09 18:22:13.485 D/MobileDataStateTracker(27162): [default]  apnTypeList = mms
02-09 18:22:13.485 D/MobileDataStateTracker(27162): [default]  unavailable = false
02-09 18:22:13.485 D/MobileDataStateTracker(27162): [default] not what we are looking for.
02-09 18:22:13.485 D/MobileDataStateTracker(27162): [hipri]  MobileDataStateReceiver onReceive(): Entry.
02-09 18:22:13.485 D/MobileDataStateTracker(27162): [hipri]  intent.getAction()= android.intent.action.ANY_DATA_STATE
02-09 18:22:13.485 D/MobileDataStateTracker(27162): [hipri]  mEnabled = false
02-09 18:22:13.495 D/MobileDataStateTracker(27162): [hipri]  apnTypeList = mms
02-09 18:22:13.495 D/MobileDataStateTracker(27162): [hipri]  unavailable = false
02-09 18:22:13.495 D/MobileDataStateTracker(27162): [hipri] Do not process intents if disabled.
02-09 18:22:13.495 D/MobileDataStateTracker(27162): [dun]  MobileDataStateReceiver onReceive(): Entry.
02-09 18:22:13.495 D/MobileDataStateTracker(27162): [dun]  intent.getAction()= android.intent.action.ANY_DATA_STATE
02-09 18:22:13.495 D/MobileDataStateTracker(27162): [dun]  mEnabled = false
02-09 18:22:13.495 D/MobileDataStateTracker(27162): [dun]  apnTypeList = mms
02-09 18:22:13.495 D/MobileDataStateTracker(27162): [dun]  unavailable = false
02-09 18:22:13.495 D/MobileDataStateTracker(27162): [dun] Do not process intents if disabled.
02-09 18:22:13.495 D/MobileDataStateTracker(27162): [supl]  MobileDataStateReceiver onReceive(): Entry.
02-09 18:22:13.495 D/MobileDataStateTracker(27162): [supl]  intent.getAction()= android.intent.action.ANY_DATA_STATE
02-09 18:22:13.495 D/MobileDataStateTracker(27162): [supl]  mEnabled = false
02-09 18:22:13.505 I/TelephonyRegistry(27162): +++sendStickyBroadcast
02-09 18:22:13.505 D/MobileDataStateTracker(27162): [supl]  apnTypeList = mms
02-09 18:22:13.505 D/MobileDataStateTracker(27162): [supl]  unavailable = false
02-09 18:22:13.505 D/MobileDataStateTracker(27162): [supl] Do not process intents if disabled.
02-09 18:22:13.505 D/MobileDataStateTracker(27162): [mms]  MobileDataStateReceiver onReceive(): Entry.
02-09 18:22:13.505 D/MobileDataStateTracker(27162): [mms]  intent.getAction()= android.intent.action.ANY_DATA_STATE
02-09 18:22:13.515 D/MobileDataStateTracker(27162): [mms]  mEnabled = false
02-09 18:22:13.515 D/Phone   (27234): [PhoneNotifier] [DefaultPhoneNotifier] : supl, INET6, DISCONNECTED
02-09 18:22:13.525 I/TelephonyRegistry(27162): notifyDataConnection: state=0 isDataConnectivityPossible=true reason=2GVoiceCallStarted interfaceName=null networkType=6 apnType=supl apn=null
02-09 18:22:13.525 I/TelephonyRegistry(27162): +++broadcastDataConnectionStateChanged
02-09 18:22:13.525 I/TelephonyRegistry(27162): +++sendStickyBroadcast
02-09 18:22:13.525 D/MobileDataStateTracker(27162): [mms]  apnTypeList = mms
02-09 18:22:13.525 D/MobileDataStateTracker(27162): [mms]  unavailable = false
02-09 18:22:13.525 D/MobileDataStateTracker(27162): [mms] Do not process intents if disabled.
02-09 18:22:13.525 D/MobileDataStateTracker(27162): [default]  MobileDataStateReceiver onReceive(): Entry.
02-09 18:22:13.525 D/MobileDataStateTracker(27162): [default]  intent.getAction()= android.intent.action.ANY_DATA_STATE
02-09 18:22:13.525 D/MobileDataStateTracker(27162): [default]  mEnabled = true
02-09 18:22:13.545 D/Phone   (27234): [PhoneNotifier] [DefaultPhoneNotifier] : dun, INET, DISCONNECTED
02-09 18:22:13.545 D/MobileDataStateTracker(27162): [default]  apnTypeList = mms
02-09 18:22:13.545 D/MobileDataStateTracker(27162): [default]  unavailable = false
02-09 18:22:13.545 D/MobileDataStateTracker(27162): [default] not what we are looking for.
02-09 18:22:13.545 D/MobileDataStateTracker(27162): [hipri]  MobileDataStateReceiver onReceive(): Entry.
02-09 18:22:13.545 D/MobileDataStateTracker(27162): [hipri]  intent.getAction()= android.intent.action.ANY_DATA_STATE
02-09 18:22:13.545 D/MobileDataStateTracker(27162): [hipri]  mEnabled = false
02-09 18:22:13.545 D/MobileDataStateTracker(27162): [hipri]  apnTypeList = supl
02-09 18:22:13.545 D/MobileDataStateTracker(27162): [hipri]  unavailable = false
02-09 18:22:13.545 D/MobileDataStateTracker(27162): [hipri] Do not process intents if disabled.
02-09 18:22:13.545 D/MobileDataStateTracker(27162): [dun]  MobileDataStateReceiver onReceive(): Entry.
02-09 18:22:13.545 D/MobileDataStateTracker(27162): [dun]  intent.getAction()= android.intent.action.ANY_DATA_STATE
02-09 18:22:13.545 D/MobileDataStateTracker(27162): [dun]  mEnabled = false
02-09 18:22:13.555 D/TelephonyManager( 4576): [LPZ-GPS]getCellLocation enter,usewireless=true
02-09 18:22:13.555 D/MobileDataStateTracker(27162): [dun]  apnTypeList = supl
02-09 18:22:13.555 D/MobileDataStateTracker(27162): [dun]  unavailable = false
02-09 18:22:13.555 D/MobileDataStateTracker(27162): [dun] Do not process intents if disabled.
02-09 18:22:13.555 D/MobileDataStateTracker(27162): [supl]  MobileDataStateReceiver onReceive(): Entry.
02-09 18:22:13.555 D/MobileDataStateTracker(27162): [supl]  intent.getAction()= android.intent.action.ANY_DATA_STATE
02-09 18:22:13.555 D/MobileDataStateTracker(27162): [supl]  mEnabled = false
02-09 18:22:13.555 D/MobileDataStateTracker(27162): [supl]  apnTypeList = supl
02-09 18:22:13.555 D/MobileDataStateTracker(27162): [supl]  unavailable = false
02-09 18:22:13.555 D/MobileDataStateTracker(27162): [supl] Do not process intents if disabled.
02-09 18:22:13.555 D/MobileDataStateTracker(27162): [mms]  MobileDataStateReceiver onReceive(): Entry.
02-09 18:22:13.555 D/MobileDataStateTracker(27162): [mms]  intent.getAction()= android.intent.action.ANY_DATA_STATE
02-09 18:22:13.555 D/MobileDataStateTracker(27162): [mms]  mEnabled = false
02-09 18:22:13.555 D/MobileDataStateTracker(27162): [mms]  apnTypeList = supl
02-09 18:22:13.555 D/MobileDataStateTracker(27162): [mms]  unavailable = false
02-09 18:22:13.555 D/MobileDataStateTracker(27162): [mms] Do not process intents if disabled.
02-09 18:22:13.555 I/TelephonyRegistry(27162): notifyDataConnection: state=0 isDataConnectivityPossible=true reason=2GVoiceCallStarted interfaceName=null networkType=6 apnType=dun apn=null
02-09 18:22:13.555 I/TelephonyRegistry(27162): +++broadcastDataConnectionStateChanged
02-09 18:22:13.555 I/TelephonyRegistry(27162): +++sendStickyBroadcast
02-09 18:22:13.565 D/Phone   (27234): [PhoneNotifier] [DefaultPhoneNotifier] : dun, INET6, DISCONNECTED
02-09 18:22:13.565 D/MobileDataStateTracker(27162): [default]  MobileDataStateReceiver onReceive(): Entry.
02-09 18:22:13.565 D/MobileDataStateTracker(27162): [default]  intent.getAction()= android.intent.action.ANY_DATA_STATE
02-09 18:22:13.565 D/MobileDataStateTracker(27162): [default]  mEnabled = true
02-09 18:22:13.565 D/MobileDataStateTracker(27162): [default]  apnTypeList = supl
02-09 18:22:13.565 D/MobileDataStateTracker(27162): [default]  unavailable = false
02-09 18:22:13.565 D/MobileDataStateTracker(27162): [default] not what we are looking for.
02-09 18:22:13.565 D/MobileDataStateTracker(27162): [hipri]  MobileDataStateReceiver onReceive(): Entry.
02-09 18:22:13.565 D/MobileDataStateTracker(27162): [hipri]  intent.getAction()= android.intent.action.ANY_DATA_STATE
02-09 18:22:13.565 D/MobileDataStateTracker(27162): [hipri]  mEnabled = false
02-09 18:22:13.565 D/MobileDataStateTracker(27162): [hipri]  apnTypeList = supl
02-09 18:22:13.565 D/MobileDataStateTracker(27162): [hipri]  unavailable = false
02-09 18:22:13.565 D/MobileDataStateTracker(27162): [hipri] Do not process intents if disabled.
02-09 18:22:13.565 D/MobileDataStateTracker(27162): [dun]  MobileDataStateReceiver onReceive(): Entry.
02-09 18:22:13.565 D/MobileDataStateTracker(27162): [dun]  intent.getAction()= android.intent.action.ANY_DATA_STATE
02-09 18:22:13.565 D/MobileDataStateTracker(27162): [dun]  mEnabled = false
02-09 18:22:13.575 D/MobileDataStateTracker(27162): [dun]  apnTypeList = supl
02-09 18:22:13.575 D/MobileDataStateTracker(27162): [dun]  unavailable = false
02-09 18:22:13.575 D/MobileDataStateTracker(27162): [dun] Do not process intents if disabled.
02-09 18:22:13.575 D/MobileDataStateTracker(27162): [supl]  MobileDataStateReceiver onReceive(): Entry.
02-09 18:22:13.575 D/MobileDataStateTracker(27162): [supl]  intent.getAction()= android.intent.action.ANY_DATA_STATE
02-09 18:22:13.575 D/MobileDataStateTracker(27162): [supl]  mEnabled = false
02-09 18:22:13.575 D/MobileDataStateTracker(27162): [supl]  apnTypeList = supl
02-09 18:22:13.575 D/MobileDataStateTracker(27162): [supl]  unavailable = false
02-09 18:22:13.575 D/MobileDataStateTracker(27162): [supl] Do not process intents if disabled.
02-09 18:22:13.575 D/MobileDataStateTracker(27162): [mms]  MobileDataStateReceiver onReceive(): Entry.
02-09 18:22:13.575 D/MobileDataStateTracker(27162): [mms]  intent.getAction()= android.intent.action.ANY_DATA_STATE
02-09 18:22:13.575 D/MobileDataStateTracker(27162): [mms]  mEnabled = false
02-09 18:22:13.595 D/MobileDataStateTracker(27162): [mms]  apnTypeList = supl
02-09 18:22:13.595 D/MobileDataStateTracker(27162): [mms]  unavailable = false
02-09 18:22:13.595 D/MobileDataStateTracker(27162): [mms] Do not process intents if disabled.
02-09 18:22:13.595 D/MobileDataStateTracker(27162): [default]  MobileDataStateReceiver onReceive(): Entry.
02-09 18:22:13.595 D/MobileDataStateTracker(27162): [default]  intent.getAction()= android.intent.action.ANY_DATA_STATE
02-09 18:22:13.595 D/MobileDataStateTracker(27162): [default]  mEnabled = true
02-09 18:22:13.595 I/TelephonyRegistry(27162): notifyDataConnection: state=0 isDataConnectivityPossible=true reason=2GVoiceCallStarted interfaceName=null networkType=6 apnType=dun apn=null
02-09 18:22:13.595 I/TelephonyRegistry(27162): +++broadcastDataConnectionStateChanged
02-09 18:22:13.595 D/MobileDataStateTracker(27162): [default]  apnTypeList = supl
02-09 18:22:13.595 D/MobileDataStateTracker(27162): [default]  unavailable = false
02-09 18:22:13.595 D/MobileDataStateTracker(27162): [default] not what we are looking for.
02-09 18:22:13.595 D/MobileDataStateTracker(27162): [hipri]  MobileDataStateReceiver onReceive(): Entry.
02-09 18:22:13.595 D/MobileDataStateTracker(27162): [hipri]  intent.getAction()= android.intent.action.ANY_DATA_STATE
02-09 18:22:13.595 D/MobileDataStateTracker(27162): [hipri]  mEnabled = false
02-09 18:22:13.605 I/TelephonyRegistry(27162): +++sendStickyBroadcast
02-09 18:22:13.605 D/Phone   (27234): [PhoneNotifier] [DefaultPhoneNotifier] : hipri, INET, SUSPENDED
02-09 18:22:13.605 D/MobileDataStateTracker(27162): [hipri]  apnTypeList = dun
02-09 18:22:13.605 D/MobileDataStateTracker(27162): [hipri]  unavailable = false
02-09 18:22:13.605 D/MobileDataStateTracker(27162): [hipri] Do not process intents if disabled.
02-09 18:22:13.605 D/MobileDataStateTracker(27162): [dun]  MobileDataStateReceiver onReceive(): Entry.
02-09 18:22:13.605 D/MobileDataStateTracker(27162): [dun]  intent.getAction()= android.intent.action.ANY_DATA_STATE
02-09 18:22:13.605 D/MobileDataStateTracker(27162): [dun]  mEnabled = false
02-09 18:22:13.615 E/lights  (27162):   g_haveAmberLed=0
02-09 18:22:13.615 E/lights  (27162):   red=0
02-09 18:22:13.615 E/lights  (27162):   green=0
02-09 18:22:13.615 E/lights  (27162):   blink=0
02-09 18:22:13.615 D/MobileDataStateTracker(27162): [dun]  apnTypeList = dun
02-09 18:22:13.615 D/MobileDataStateTracker(27162): [dun]  unavailable = false
02-09 18:22:13.615 D/MobileDataStateTracker(27162): [dun] Do not process intents if disabled.
02-09 18:22:13.615 D/MobileDataStateTracker(27162): [supl]  MobileDataStateReceiver onReceive(): Entry.
02-09 18:22:13.615 D/MobileDataStateTracker(27162): [supl]  intent.getAction()= android.intent.action.ANY_DATA_STATE
02-09 18:22:13.615 D/MobileDataStateTracker(27162): [supl]  mEnabled = false
02-09 18:22:13.635 D/GpsLocationProvider(27162): updateNetworkState unavailable info: NetworkInfo: type: mobile[CDMA - EvDo rev. A], state: SUSPENDED/SUSPENDED, reason: 2GVoiceCallStarted, extra: (none), roaming: false, failover: false, isAvailable: true, isIpv4Connected: false, isIpv6Connected: false, ipv4Name: null, ipv6Name: null
02-09 18:22:13.645 I/ActivityThread( 4649): Pub com.google.android.apps.uploader: com.google.android.apps.uploader.UploadsContentProvider
02-09 18:22:13.645 I/ActivityThread( 4649): Pub com.google.photos.provider.Album: com.google.android.apps.uploader.clients.picasa.AlbumProvider
02-09 18:22:13.645 D/MobileDataStateTracker(27162): [supl]  apnTypeList = dun
02-09 18:22:13.645 D/MobileDataStateTracker(27162): [supl]  unavailable = false
02-09 18:22:13.645 D/MobileDataStateTracker(27162): [supl] Do not process intents if disabled.
02-09 18:22:13.645 D/MobileDataStateTracker(27162): [mms]  MobileDataStateReceiver onReceive(): Entry.
02-09 18:22:13.645 D/MobileDataStateTracker(27162): [mms]  intent.getAction()= android.intent.action.ANY_DATA_STATE
02-09 18:22:13.645 D/MobileDataStateTracker(27162): [mms]  mEnabled = false
02-09 18:22:13.655 D/KeyguardViewMediator(27162): setHidden false
02-09 18:22:13.665 D/MobileDataStateTracker(27162): [mms]  apnTypeList = dun
02-09 18:22:13.665 D/MobileDataStateTracker(27162): [mms]  unavailable = false
02-09 18:22:13.665 D/MobileDataStateTracker(27162): [mms] Do not process intents if disabled.
02-09 18:22:13.665 D/MobileDataStateTracker(27162): [default]  MobileDataStateReceiver onReceive(): Entry.
02-09 18:22:13.665 D/MobileDataStateTracker(27162): [default]  intent.getAction()= android.intent.action.ANY_DATA_STATE
02-09 18:22:13.665 D/MobileDataStateTracker(27162): [default]  mEnabled = true
02-09 18:22:13.675 D/MediaUploader( 4649): UploaderApplication.onCreate
02-09 18:22:13.675 D/MobileDataStateTracker(27162): [default]  apnTypeList = dun
02-09 18:22:13.675 D/MobileDataStateTracker(27162): [default]  unavailable = false
02-09 18:22:13.675 D/MobileDataStateTracker(27162): [default] not what we are looking for.
02-09 18:22:13.675 D/MobileDataStateTracker(27162): [hipri]  MobileDataStateReceiver onReceive(): Entry.
02-09 18:22:13.675 D/MobileDataStateTracker(27162): [hipri]  intent.getAction()= android.intent.action.ANY_DATA_STATE
02-09 18:22:13.675 D/MobileDataStateTracker(27162): [hipri]  mEnabled = false
02-09 18:22:13.675 D/MobileDataStateTracker(27162): [hipri]  apnTypeList = dun
02-09 18:22:13.675 D/MobileDataStateTracker(27162): [hipri]  unavailable = false
02-09 18:22:13.675 D/MobileDataStateTracker(27162): [hipri] Do not process intents if disabled.
02-09 18:22:13.675 D/MobileDataStateTracker(27162): [dun]  MobileDataStateReceiver onReceive(): Entry.
02-09 18:22:13.675 D/MobileDataStateTracker(27162): [dun]  intent.getAction()= android.intent.action.ANY_DATA_STATE
02-09 18:22:13.675 D/MobileDataStateTracker(27162): [dun]  mEnabled = false
02-09 18:22:13.685 I/TelephonyRegistry(27162): notifyDataConnection: state=3 isDataConnectivityPossible=true reason=2GVoiceCallStarted interfaceName=rmnet0 networkType=6 apnType=hipri apn=null
02-09 18:22:13.685 I/TelephonyRegistry(27162): +++broadcastDataConnectionStateChanged
02-09 18:22:13.685 I/TelephonyRegistry(27162): +++sendStickyBroadcast
02-09 18:22:13.685 D/Phone   (27234): [PhoneNotifier] [DefaultPhoneNotifier] : hipri, INET6, DISCONNECTED
02-09 18:22:13.695 D/MobileDataStateTracker(27162): [dun]  apnTypeList = dun
02-09 18:22:13.695 D/MobileDataStateTracker(27162): [dun]  unavailable = false
02-09 18:22:13.695 D/MobileDataStateTracker(27162): [dun] Do not process intents if disabled.
02-09 18:22:13.695 D/MobileDataStateTracker(27162): [supl]  MobileDataStateReceiver onReceive(): Entry.
02-09 18:22:13.695 D/MobileDataStateTracker(27162): [supl]  intent.getAction()= android.intent.action.ANY_DATA_STATE
02-09 18:22:13.695 D/MobileDataStateTracker(27162): [supl]  mEnabled = false
02-09 18:22:13.695 D/MobileDataStateTracker(27162): [supl]  apnTypeList = dun
02-09 18:22:13.695 D/MobileDataStateTracker(27162): [supl]  unavailable = false
02-09 18:22:13.695 D/MobileDataStateTracker(27162): [supl] Do not process intents if disabled.
02-09 18:22:13.695 D/MobileDataStateTracker(27162): [mms]  MobileDataStateReceiver onReceive(): Entry.
02-09 18:22:13.695 D/MobileDataStateTracker(27162): [mms]  intent.getAction()= android.intent.action.ANY_DATA_STATE
02-09 18:22:13.695 D/MobileDataStateTracker(27162): [mms]  mEnabled = false
02-09 18:22:13.695 D/MobileDataStateTracker(27162): [mms]  apnTypeList = dun
02-09 18:22:13.695 D/MobileDataStateTracker(27162): [mms]  unavailable = false
02-09 18:22:13.695 D/MobileDataStateTracker(27162): [mms] Do not process intents if disabled.
02-09 18:22:13.695 D/MobileDataStateTracker(27162): [default]  MobileDataStateReceiver onReceive(): Entry.
02-09 18:22:13.705 D/MobileDataStateTracker(27162): [default]  intent.getAction()= android.intent.action.ANY_DATA_STATE
02-09 18:22:13.705 D/MobileDataStateTracker(27162): [default]  mEnabled = true
02-09 18:22:13.705 D/MobileDataStateTracker(27162): [default]  apnTypeList = dun
02-09 18:22:13.705 I/TelephonyRegistry(27162): notifyDataConnection: state=0 isDataConnectivityPossible=true reason=2GVoiceCallStarted interfaceName=null networkType=6 apnType=hipri apn=null
02-09 18:22:13.705 I/TelephonyRegistry(27162): +++broadcastDataConnectionStateChanged
02-09 18:22:13.705 D/MobileDataStateTracker(27162): [default]  unavailable = false
02-09 18:22:13.705 D/MobileDataStateTracker(27162): [default] not what we are looking for.
02-09 18:22:13.705 D/MobileDataStateTracker(27162): [hipri]  MobileDataStateReceiver onReceive(): Entry.
02-09 18:22:13.715 D/MobileDataStateTracker(27162): [hipri]  intent.getAction()= android.intent.action.ANY_DATA_STATE
02-09 18:22:13.715 D/MobileDataStateTracker(27162): [hipri]  mEnabled = false
02-09 18:22:13.715 I/TelephonyRegistry(27162): +++sendStickyBroadcast
02-09 18:22:13.715 D/MobileDataStateTracker(27162): [hipri]  apnTypeList = hipri
02-09 18:22:13.715 D/MobileDataStateTracker(27162): [hipri]  unavailable = false
02-09 18:22:13.715 D/MobileDataStateTracker(27162): [hipri] Do not process intents if disabled.
02-09 18:22:13.715 D/MobileDataStateTracker(27162): [dun]  MobileDataStateReceiver onReceive(): Entry.
02-09 18:22:13.715 D/MobileDataStateTracker(27162): [dun]  intent.getAction()= android.intent.action.ANY_DATA_STATE
02-09 18:22:13.715 D/MobileDataStateTracker(27162): [dun]  mEnabled = false
02-09 18:22:13.715 D/MobileDataStateTracker(27162): [dun]  apnTypeList = hipri
02-09 18:22:13.715 D/MobileDataStateTracker(27162): [dun]  unavailable = false
02-09 18:22:13.715 D/MobileDataStateTracker(27162): [dun] Do not process intents if disabled.
02-09 18:22:13.715 D/MobileDataStateTracker(27162): [supl]  MobileDataStateReceiver onReceive(): Entry.
02-09 18:22:13.715 D/BT HS/HF(27234): updatePhoneState()
02-09 18:22:13.725 D/BT HS/HF(27234): Foreground call state : IDLE
02-09 18:22:13.725 D/BT HS/HF(27234): Ringing call state : INCOMING
02-09 18:22:13.725 D/BT HS/HF(27234): terminateVirtualVoiceCall: Received
02-09 18:22:13.725 D/BT HS/HF(27234): terminateVirtualVoiceCall: VirtualCall is not in progress
02-09 18:22:13.725 D/BT HS/HF(27234): Background call state : IDLE
02-09 18:22:13.725 E/BT HS/HF(27234): prev mIsCdmaFirstConnectionHeld  is false
02-09 18:22:13.725 E/BT HS/HF(27234): current mIsCdmaFirstConnectionHeld is false
02-09 18:22:13.725 D/KeyguardViewMediator(27162): setHidden false
02-09 18:22:13.745 D/MobileDataStateTracker(27162): [supl]  intent.getAction()= android.intent.action.ANY_DATA_STATE
02-09 18:22:13.745 D/MobileDataStateTracker(27162): [supl]  mEnabled = false
02-09 18:22:13.745 D/MobileDataStateTracker(27162): [supl]  apnTypeList = hipri
02-09 18:22:13.745 D/MobileDataStateTracker(27162): [supl]  unavailable = false
02-09 18:22:13.745 D/MobileDataStateTracker(27162): [supl] Do not process intents if disabled.
02-09 18:22:13.745 D/MobileDataStateTracker(27162): [mms]  MobileDataStateReceiver onReceive(): Entry.
02-09 18:22:13.745 D/MobileDataStateTracker(27162): [mms]  intent.getAction()= android.intent.action.ANY_DATA_STATE
02-09 18:22:13.745 D/MobileDataStateTracker(27162): [mms]  mEnabled = false
02-09 18:22:13.745 D/BT HS/HF(27234): liangyong ring is null
02-09 18:22:13.745 D/CallNotifier(27234): handleMessage() Msg Type: 1
02-09 18:22:13.745 D/PhoneApp(27234): old phone type:2, New Phone type:2
02-09 18:22:13.745 D/CallNotifier(27234): onPhoneStateChanged: state = RINGING
02-09 18:22:13.745 D/NotificationMgr(27234): updating status bar state: 4
02-09 18:22:13.745 D/PhoneApp(27234): updateProximitySensorMode: state = RINGING
02-09 18:22:13.745 D/PhoneApp(27234): updateProximitySensorMode: lock already released.
02-09 18:22:13.745 D/PhoneApp(27234): updateProximitySensorMode: state = RINGING
02-09 18:22:13.745 D/PhoneApp(27234): updateProximitySensorMode: lock already released.
02-09 18:22:13.755 D/AccelerometerListener(27234): enable(false)
02-09 18:22:13.755 D/PhoneUtils(27234): ConnectionHandler: updating mute state for each connection
02-09 18:22:13.755 D/PhoneUtils(27234): audioManager.isMicrophoneMute: false
02-09 18:22:13.755 D/PhoneUtils(27234): ghh0611 ussd and RINGING m_mmiDialog = null
02-09 18:22:13.755 D/MobileDataStateTracker(27162): [mms]  apnTypeList = hipri
02-09 18:22:13.755 D/MobileDataStateTracker(27162): [mms]  unavailable = false
02-09 18:22:13.755 D/MobileDataStateTracker(27162): [mms] Do not process intents if disabled.
02-09 18:22:13.755 D/MobileDataStateTracker(27162): [default]  MobileDataStateReceiver onReceive(): Entry.
02-09 18:22:13.755 D/MobileDataStateTracker(27162): [default]  intent.getAction()= android.intent.action.ANY_DATA_STATE
02-09 18:22:13.755 D/MobileDataStateTracker(27162): [default]  mEnabled = true
02-09 18:22:13.755 D/MobileDataStateTracker(27162): [default]  apnTypeList = hipri
02-09 18:22:13.755 D/MobileDataStateTracker(27162): [default]  unavailable = false
