02-09 17:59:59.995 D/KeyguardUpdateMonitor(27162): received broadcast android.intent.action.TIME_TICK
02-09 17:59:59.995 D/KeyguardUpdateMonitor(27162): handleTimeUpdate
02-09 18:00:00.225 I/wpa_supplicant(30784): Selecting BSS from priority group 4
02-09 18:00:00.225 I/wpa_supplicant(30784): Try to find WPA-enabled AP
02-09 18:00:00.225 I/wpa_supplicant(30784): Selecting BSS from priority group 3
02-09 18:00:00.225 I/wpa_supplicant(30784): Try to find WPA-enabled AP
02-09 18:00:00.225 I/wpa_supplicant(30784): Selecting BSS from priority group 2
02-09 18:00:00.225 I/wpa_supplicant(30784): Try to find WPA-enabled AP
02-09 18:00:00.225 I/wpa_supplicant(30784): Selecting BSS from priority group 1
02-09 18:00:00.225 I/wpa_supplicant(30784): Try to find WPA-enabled AP
02-09 18:00:00.225 I/dun_service(  123): process rmnet event
02-09 18:00:00.225 I/dun_service(  123): Post event 4
02-09 18:00:00.225 I/dun_service(  123): received event: DUN_EVENT_RMNET_UP 
02-09 18:00:00.225 I/dun_service(  123): received event(DUN_EVENT_RMNET_UP) in state(DUN_STATE_IDLE)
02-09 18:00:00.225 I/dun_service(  123): Ignoring the event DUN_EVENT_RMNET_UP in IDLE_STATE
02-09 18:00:00.225 I/dun_service(  123): Moved to state(DUN_STATE_IDLE)
02-09 18:00:00.225 D/WifiStateTracker(27162): setNotificationVisible() scanResult.SSID=ENCORE76D5C0 Open? false
02-09 18:00:00.225 D/WifiStateTracker(27162): setNotificationVisible() scanResult.SSID=Haas_Oil Open? false
02-09 18:00:00.225 D/WifiStateTracker(27162): setNotificationVisible() scanResult.SSID=2WIRE485 Open? false
02-09 18:00:00.225 D/WifiStateTracker(27162): setNotificationVisible() scanResult.SSID=HATHAWAY Open? false
02-09 18:00:00.225 D/WifiStateTracker(27162): setNotificationVisible() scanResult.SSID=RiceGalleryNew Open? false
02-09 18:00:00.225 D/WifiStateTracker(27162): setNotificationVisible() scanResult.SSID=OCAP01 Open? false
02-09 18:00:00.225 D/WifiStateTracker(27162): setNotificationVisible() visible=false mNotificationShown=false force=false return.
02-09 18:00:00.255 D/AlarmManager(27162): +++Alarm set:type=2 com.google.android.location  Trigger after:180500ms
02-09 18:00:00.265 D/AlarmManager(27162): +++Alarm set:type=2 com.google.android.apps.maps  Trigger after:2147479094216ms
02-09 18:00:05.250 D/PowerManagerService(27162): setPowerState: mPowerState=0x3 newState=0x1 noChangeLights=false reason=3
02-09 18:00:05.610 I/DATA    (27234): [DCT(0) ] onDataCallListChanged:
02-09 18:00:05.610 I/DATA    (27234): [DCT(0) ] ---dc state list---
02-09 18:00:05.610 I/DATA    (27234): [DCT(0) ] DataCallState: { cid: 0, active: 1, type: , apn: , address: 70.5.41.227 }
02-09 18:00:05.610 I/DATA    (27234): [DCT(0) ] ---dc list---
02-09 18:00:05.610 I/DATA    (27234): [DCT(0) ] cid = 0, state = DcActiveState, bearerType = IP, ipaddress = 70.5.41.227, gw=70.5.41.225, dns=[68.28.67.132, 68.28.68.132]
02-09 18:00:07.192 I/dun_service(  123): process rmnet event
02-09 18:00:07.192 I/dun_service(  123): Post event 4
02-09 18:00:07.192 I/dun_service(  123): received event: DUN_EVENT_RMNET_UP 
02-09 18:00:07.192 I/dun_service(  123): received event(DUN_EVENT_RMNET_UP) in state(DUN_STATE_IDLE)
02-09 18:00:07.192 I/dun_service(  123): Ignoring the event DUN_EVENT_RMNET_UP in IDLE_STATE
02-09 18:00:07.192 I/dun_service(  123): Moved to state(DUN_STATE_IDLE)
02-09 18:00:07.192 I/wpa_supplicant(30784): Selecting BSS from priority group 4
02-09 18:00:07.192 I/wpa_supplicant(30784): Try to find WPA-enabled AP
02-09 18:00:07.192 I/wpa_supplicant(30784): Selecting BSS from priority group 3
02-09 18:00:07.192 I/wpa_supplicant(30784): Try to find WPA-enabled AP
02-09 18:00:07.192 I/wpa_supplicant(30784): Selecting BSS from priority group 2
02-09 18:00:07.192 I/wpa_supplicant(30784): Try to find WPA-enabled AP
02-09 18:00:07.192 I/wpa_supplicant(30784): Selecting BSS from priority group 1
02-09 18:00:07.192 I/wpa_supplicant(30784): Try to find WPA-enabled AP
02-09 18:00:07.222 D/WifiStateTracker(27162): setNotificationVisible() scanResult.SSID=ENCORE76D5C0 Open? false
02-09 18:00:07.222 D/WifiStateTracker(27162): setNotificationVisible() scanResult.SSID=2WIRE485 Open? false
02-09 18:00:07.222 D/WifiStateTracker(27162): setNotificationVisible() scanResult.SSID=HATHAWAY Open? false
02-09 18:00:07.222 D/WifiStateTracker(27162): setNotificationVisible() scanResult.SSID=RiceGalleryNew Open? false
02-09 18:00:07.222 D/WifiStateTracker(27162): setNotificationVisible() scanResult.SSID=OCAP01 Open? false
02-09 18:00:07.222 D/WifiStateTracker(27162): setNotificationVisible() visible=false mNotificationShown=false force=false return.
02-09 18:00:07.252 D/AlarmManager(27162): +++Alarm set:type=2 com.google.android.location  Trigger after:173501ms
02-09 18:00:07.252 D/AlarmManager(27162): +++Alarm set:type=2 com.google.android.apps.maps  Trigger after:2147479087227ms
02-09 18:00:14.159 I/wpa_supplicant(30784): Selecting BSS from priority group 4
02-09 18:00:14.159 I/wpa_supplicant(30784): Try to find WPA-enabled AP
02-09 18:00:14.159 I/wpa_supplicant(30784): Selecting BSS from priority group 3
02-09 18:00:14.159 I/wpa_supplicant(30784): Try to find WPA-enabled AP
02-09 18:00:14.159 I/wpa_supplicant(30784): Selecting BSS from priority group 2
02-09 18:00:14.159 I/wpa_supplicant(30784): Try to find WPA-enabled AP
02-09 18:00:14.169 I/wpa_supplicant(30784): Selecting BSS from priority group 1
02-09 18:00:14.169 I/wpa_supplicant(30784): Try to find WPA-enabled AP
02-09 18:00:14.169 I/dun_service(  123): process rmnet event
02-09 18:00:14.169 I/dun_service(  123): Post event 4
02-09 18:00:14.169 I/dun_service(  123): received event: DUN_EVENT_RMNET_UP 
02-09 18:00:14.169 I/dun_service(  123): received event(DUN_EVENT_RMNET_UP) in state(DUN_STATE_IDLE)
02-09 18:00:14.169 I/dun_service(  123): Ignoring the event DUN_EVENT_RMNET_UP in IDLE_STATE
02-09 18:00:14.169 I/dun_service(  123): Moved to state(DUN_STATE_IDLE)
02-09 18:00:14.169 D/WifiStateTracker(27162): setNotificationVisible() scanResult.SSID=ENCORE76D5C0 Open? false
02-09 18:00:14.169 D/WifiStateTracker(27162): setNotificationVisible() scanResult.SSID=2WIRE485 Open? false
02-09 18:00:14.169 D/WifiStateTracker(27162): setNotificationVisible() scanResult.SSID=HATHAWAY Open? false
02-09 18:00:14.169 D/WifiStateTracker(27162): setNotificationVisible() scanResult.SSID=RiceGalleryNew Open? false
02-09 18:00:14.169 D/WifiStateTracker(27162): setNotificationVisible() scanResult.SSID=OCAP01 Open? false
02-09 18:00:14.169 D/WifiStateTracker(27162): setNotificationVisible() visible=false mNotificationShown=false force=false return.
02-09 18:00:14.199 D/AlarmManager(27162): +++Alarm set:type=2 com.google.android.location  Trigger after:166566ms
02-09 18:00:14.209 D/AlarmManager(27162): +++Alarm set:type=2 com.google.android.apps.maps  Trigger after:2147479080282ms
02-09 18:00:21.125 I/wpa_supplicant(30784): Selecting BSS from priority group 4
02-09 18:00:21.125 I/dun_service(  123): process rmnet event
02-09 18:00:21.125 I/dun_service(  123): Post event 4
02-09 18:00:21.125 I/dun_service(  123): received event: DUN_EVENT_RMNET_UP 
02-09 18:00:21.125 I/dun_service(  123): received event(DUN_EVENT_RMNET_UP) in state(DUN_STATE_IDLE)
02-09 18:00:21.125 I/dun_service(  123): Ignoring the event DUN_EVENT_RMNET_UP in IDLE_STATE
02-09 18:00:21.125 I/dun_service(  123): Moved to state(DUN_STATE_IDLE)
02-09 18:00:21.125 I/wpa_supplicant(30784): Try to find WPA-enabled AP
02-09 18:00:21.125 I/wpa_supplicant(30784): Selecting BSS from priority group 3
02-09 18:00:21.125 I/wpa_supplicant(30784): Try to find WPA-enabled AP
02-09 18:00:21.125 I/wpa_supplicant(30784): Selecting BSS from priority group 2
02-09 18:00:21.125 I/wpa_supplicant(30784): Try to find WPA-enabled AP
02-09 18:00:21.125 I/wpa_supplicant(30784): Selecting BSS from priority group 1
02-09 18:00:21.125 I/wpa_supplicant(30784): Try to find WPA-enabled AP
02-09 18:00:21.155 D/WifiStateTracker(27162): setNotificationVisible() scanResult.SSID=Haas_Oil Open? false
02-09 18:00:21.155 D/WifiStateTracker(27162): setNotificationVisible() scanResult.SSID=OCAP01 Open? false
02-09 18:00:21.155 D/WifiStateTracker(27162): setNotificationVisible() scanResult.SSID=HATHAWAY Open? false
02-09 18:00:21.155 D/WifiStateTracker(27162): setNotificationVisible() scanResult.SSID=RiceGalleryNew Open? false
02-09 18:00:21.155 D/WifiStateTracker(27162): setNotificationVisible() visible=false mNotificationShown=false force=false return.
02-09 18:00:21.185 D/AlarmManager(27162): +++Alarm set:type=2 com.google.android.location  Trigger after:159575ms
02-09 18:00:21.185 D/AlarmManager(27162): +++Alarm set:type=2 com.google.android.apps.maps  Trigger after:2147479073300ms
02-09 18:00:28.092 I/dun_service(  123): process rmnet event
02-09 18:00:28.092 I/dun_service(  123): Post event 4
02-09 18:00:28.092 I/dun_service(  123): received event: DUN_EVENT_RMNET_UP 
02-09 18:00:28.092 I/dun_service(  123): received event(DUN_EVENT_RMNET_UP) in state(DUN_STATE_IDLE)
02-09 18:00:28.092 I/dun_service(  123): Ignoring the event DUN_EVENT_RMNET_UP in IDLE_STATE
02-09 18:00:28.092 I/dun_service(  123): Moved to state(DUN_STATE_IDLE)
02-09 18:00:28.092 I/wpa_supplicant(30784): Selecting BSS from priority group 4
02-09 18:00:28.092 I/wpa_supplicant(30784): Try to find WPA-enabled AP
02-09 18:00:28.092 I/wpa_supplicant(30784): Selecting BSS from priority group 3
02-09 18:00:28.092 I/wpa_supplicant(30784): Try to find WPA-enabled AP
02-09 18:00:28.092 I/wpa_supplicant(30784): Selecting BSS from priority group 2
02-09 18:00:28.092 I/wpa_supplicant(30784): Try to find WPA-enabled AP
02-09 18:00:28.092 I/wpa_supplicant(30784): Selecting BSS from priority group 1
02-09 18:00:28.092 I/wpa_supplicant(30784): Try to find WPA-enabled AP
02-09 18:00:28.122 D/WifiStateTracker(27162): setNotificationVisible() scanResult.SSID=Haas_Oil Open? false
02-09 18:00:28.122 D/WifiStateTracker(27162): setNotificationVisible() scanResult.SSID=OCAP01 Open? false
02-09 18:00:28.122 D/WifiStateTracker(27162): setNotificationVisible() scanResult.SSID=HATHAWAY Open? false
02-09 18:00:28.122 D/WifiStateTracker(27162): setNotificationVisible() scanResult.SSID=RiceGalleryNew Open? false
02-09 18:00:28.122 D/WifiStateTracker(27162): setNotificationVisible() visible=false mNotificationShown=false force=false return.
02-09 18:00:28.142 D/AlarmManager(27162): +++Alarm set:type=2 com.google.android.location  Trigger after:152611ms
02-09 18:00:28.152 D/AlarmManager(27162): +++Alarm set:type=2 com.google.android.apps.maps  Trigger after:2147479066334ms
02-09 18:00:35.079 I/dun_service(  123): process rmnet event
02-09 18:00:35.079 I/dun_service(  123): Post event 4
02-09 18:00:35.079 I/dun_service(  123): received event: DUN_EVENT_RMNET_UP 
02-09 18:00:35.079 I/dun_service(  123): received event(DUN_EVENT_RMNET_UP) in state(DUN_STATE_IDLE)
02-09 18:00:35.079 I/dun_service(  123): Ignoring the event DUN_EVENT_RMNET_UP in IDLE_STATE
02-09 18:00:35.079 I/dun_service(  123): Moved to state(DUN_STATE_IDLE)
02-09 18:00:35.079 I/wpa_supplicant(30784): Selecting BSS from priority group 4
02-09 18:00:35.079 I/wpa_supplicant(30784): Try to find WPA-enabled AP
02-09 18:00:35.079 I/wpa_supplicant(30784): Selecting BSS from priority group 3
02-09 18:00:35.079 I/wpa_supplicant(30784): Try to find WPA-enabled AP
02-09 18:00:35.079 I/wpa_supplicant(30784): Selecting BSS from priority group 2
02-09 18:00:35.079 I/wpa_supplicant(30784): Try to find WPA-enabled AP
02-09 18:00:35.079 I/wpa_supplicant(30784): Selecting BSS from priority group 1
02-09 18:00:35.079 I/wpa_supplicant(30784): Try to find WPA-enabled AP
02-09 18:00:35.089 D/WifiStateTracker(27162): setNotificationVisible() scanResult.SSID=ENCORE76D5C0 Open? false
02-09 18:00:35.089 D/WifiStateTracker(27162): setNotificationVisible() scanResult.SSID=Haas_Oil Open? false
02-09 18:00:35.089 D/WifiStateTracker(27162): setNotificationVisible() scanResult.SSID=2WIRE485 Open? false
02-09 18:00:35.089 D/WifiStateTracker(27162): setNotificationVisible() scanResult.SSID=HATHAWAY Open? false
02-09 18:00:35.089 D/WifiStateTracker(27162): setNotificationVisible() scanResult.SSID=RiceGalleryNew Open? false
02-09 18:00:35.089 D/WifiStateTracker(27162): setNotificationVisible() scanResult.SSID=OCAP01 Open? false
02-09 18:00:35.089 D/WifiStateTracker(27162): setNotificationVisible() visible=false mNotificationShown=false force=false return.
02-09 18:00:35.129 D/AlarmManager(27162): +++Alarm set:type=2 com.google.android.location  Trigger after:145636ms
02-09 18:00:35.129 D/AlarmManager(27162): +++Alarm set:type=2 com.google.android.apps.maps  Trigger after:2147479059361ms
02-09 18:00:38.973 D/DATA    (27234): [DSST(0)] pollstate() : reason = data network state changed
02-09 18:00:39.023 D/MobileDataStateTracker(27162): [hipri]  MobileDataStateReceiver onReceive(): Entry.
02-09 18:00:39.023 D/MobileDataStateTracker(27162): [hipri]  intent.getAction()= android.intent.action.SERVICE_STATE
02-09 18:00:39.023 D/MobileDataStateTracker(27162): [hipri]  mEnabled = false
02-09 18:00:39.023 D/MobileDataStateTracker(27162): [dun]  MobileDataStateReceiver onReceive(): Entry.
02-09 18:00:39.023 D/MobileDataStateTracker(27162): [dun]  intent.getAction()= android.intent.action.SERVICE_STATE
02-09 18:00:39.023 D/MobileDataStateTracker(27162): [dun]  mEnabled = false
02-09 18:00:39.023 D/MobileDataStateTracker(27162): [supl]  MobileDataStateReceiver onReceive(): Entry.
02-09 18:00:39.023 D/MobileDataStateTracker(27162): [supl]  intent.getAction()= android.intent.action.SERVICE_STATE
02-09 18:00:39.023 D/MobileDataStateTracker(27162): [supl]  mEnabled = false
02-09 18:00:39.033 D/MobileDataStateTracker(27162): [mms]  MobileDataStateReceiver onReceive(): Entry.
02-09 18:00:39.033 D/MobileDataStateTracker(27162): [mms]  intent.getAction()= android.intent.action.SERVICE_STATE
02-09 18:00:39.033 D/MobileDataStateTracker(27162): [mms]  mEnabled = false
02-09 18:00:39.033 D/MobileDataStateTracker(27162): [default]  MobileDataStateReceiver onReceive(): Entry.
02-09 18:00:39.033 D/MobileDataStateTracker(27162): [default]  intent.getAction()= android.intent.action.SERVICE_STATE
02-09 18:00:39.033 D/MobileDataStateTracker(27162): [default]  mEnabled = true
02-09 18:00:39.033 D/CdmaCellLocation(27265): [LPZ-GPS]mUseNetworkwireless=false
02-09 18:00:39.033 D/CdmaCellLocation(27265): [LPZ-GPS]BSId=-1
02-09 18:00:39.033 D/CdmaCellLocation(27265): [LPZ-GPS]BSLAT=2147483647
02-09 18:00:39.033 D/CdmaCellLocation(27265): [LPZ-GPS]BSLONG=2147483647
02-09 18:00:39.033 D/CdmaCellLocation(27265): [LPZ-GPS]SystemId=-1
02-09 18:00:39.033 D/CdmaCellLocation(27265): [LPZ-GPS]NetworkId=-1
02-09 18:00:39.033 D/CdmaCellLocation( 2881): [LPZ-GPS]mUseNetworkwireless=false
02-09 18:00:39.043 D/CdmaCellLocation( 2881): [LPZ-GPS]BSId=-1
02-09 18:00:39.043 D/CdmaCellLocation( 2881): [LPZ-GPS]BSLAT=2147483647
02-09 18:00:39.043 D/CdmaCellLocation( 2881): [LPZ-GPS]BSLONG=2147483647
02-09 18:00:39.043 D/CdmaCellLocation( 2881): [LPZ-GPS]SystemId=-1
02-09 18:00:39.043 D/CdmaCellLocation( 2881): [LPZ-GPS]NetworkId=-1
02-09 18:00:39.043 D/TelephonyManager(27265): [LPZ-GPS]getCellLocation enter,usewireless=true
02-09 18:00:39.043 D/CdmaCellLocation(27265): [LPZ-GPS]mUseNetworkwireless=true
02-09 18:00:39.043 D/CdmaCellLocation(27265): [LPZ-GPS]BSId=402
02-09 18:00:39.043 D/CdmaCellLocation(27265): [LPZ-GPS]BSLAT=560530
02-09 18:00:39.043 D/CdmaCellLocation(27265): [LPZ-GPS]BSLONG=-1362896
02-09 18:00:39.043 D/CdmaCellLocation(27265): [LPZ-GPS]SystemId=4139
02-09 18:00:39.043 D/CdmaCellLocation(27265): [LPZ-GPS]NetworkId=41
02-09 18:00:39.053 D/CallManager(27234):  handleMessage (EVENT_SERVICE_STATE_CHANGED)
02-09 18:00:39.053 E/BT HS/HF(27234): SERVICE_STATE_CHANGED called
02-09 18:00:39.053 E/BT HS/HF(27234): updateServiceState called, sendUpdate:false  ServiceState:0 home Sprint  310099  EvDo rev. A CSS not supported 41 4139RoamInd: 1RoamStatus(sprint): 1DefRoamInd: 160EmergOnly: false
02-09 18:00:39.053 E/BT HS/HF(27234): service:1 mService:1
02-09 18:00:39.053 D/DATA    (27234): [DSST(0)]  registrationState = 1  radioTechnology = 8 reasonForDenial = 0
02-09 18:00:39.053 D/DATA    (27234): [DSST(0)]  set mNewDataConnectionState = 0
02-09 18:00:39.053 D/DATA    (27234): [DSST(0)]  mNewDataConnectionState : 0  mDataConnectionState : 0
02-09 18:00:39.053 D/DATA    (27234): [DSST(0)] Poll ServiceState done: oldSS=[0 home null null null  EvDo rev. A CSS not supported -1 -1RoamInd: -1RoamStatus(sprint): -1DefRoamInd: -1EmergOnly: false] newSS=[0 home null null null  EvDo rev. A CSS not supported -1 -1RoamInd: -1RoamStatus(sprint): -1DefRoamInd: -1EmergOnly: false]
02-09 18:00:39.053 D/DATA    (27234): [DSST(0)]  mDataConnectionState = 0
02-09 18:00:39.063 D/AlarmManager(27162): +++Alarm set:type=2 com.google.android.location  Trigger after:141698ms
02-09 18:00:39.063 D/TelephonyManager( 2881): [LPZ-GPS]getCellLocation enter,usewireless=true
02-09 18:00:39.063 D/CdmaCellLocation( 2881): [LPZ-GPS]mUseNetworkwireless=true
02-09 18:00:39.063 D/CdmaCellLocation( 2881): [LPZ-GPS]BSId=402
02-09 18:00:39.063 D/CdmaCellLocation( 2881): [LPZ-GPS]BSLAT=560530
02-09 18:00:39.063 D/CdmaCellLocation( 2881): [LPZ-GPS]BSLONG=-1362896
02-09 18:00:39.063 D/CdmaCellLocation( 2881): [LPZ-GPS]SystemId=4139
02-09 18:00:39.063 D/CdmaCellLocation( 2881): [LPZ-GPS]NetworkId=41
02-09 18:00:39.073 D/Mms     (27733): currentRoamingStatus:1
02-09 18:00:39.073 D/AlarmManager(27162): +++Alarm set:type=2 com.google.android.apps.maps  Trigger after:2147479055409ms
02-09 18:00:42.046 I/dun_service(  123): process rmnet event
02-09 18:00:42.046 I/dun_service(  123): Post event 4
02-09 18:00:42.056 I/dun_service(  123): received event: DUN_EVENT_RMNET_UP 
02-09 18:00:42.056 I/dun_service(  123): received event(DUN_EVENT_RMNET_UP) in state(DUN_STATE_IDLE)
02-09 18:00:42.056 I/dun_service(  123): Ignoring the event DUN_EVENT_RMNET_UP in IDLE_STATE
02-09 18:00:42.056 I/dun_service(  123): Moved to state(DUN_STATE_IDLE)
02-09 18:00:42.056 I/wpa_supplicant(30784): Selecting BSS from priority group 4
02-09 18:00:42.056 I/wpa_supplicant(30784): Try to find WPA-enabled AP
02-09 18:00:42.056 I/wpa_supplicant(30784): Selecting BSS from priority group 3
02-09 18:00:42.056 I/wpa_supplicant(30784): Try to find WPA-enabled AP
02-09 18:00:42.056 I/wpa_supplicant(30784): Selecting BSS from priority group 2
02-09 18:00:42.056 I/wpa_supplicant(30784): Try to find WPA-enabled AP
02-09 18:00:42.056 I/wpa_supplicant(30784): Selecting BSS from priority group 1
02-09 18:00:42.056 I/wpa_supplicant(30784): Try to find WPA-enabled AP
02-09 18:00:42.066 D/WifiStateTracker(27162): setNotificationVisible() scanResult.SSID=ENCORE76D5C0 Open? false
02-09 18:00:42.066 D/WifiStateTracker(27162): setNotificationVisible() scanResult.SSID=Belkin.384A Open? false
02-09 18:00:42.066 D/WifiStateTracker(27162): setNotificationVisible() scanResult.SSID=2WIRE485 Open? false
02-09 18:00:42.066 D/WifiStateTracker(27162): setNotificationVisible() scanResult.SSID=HATHAWAY Open? false
02-09 18:00:42.066 D/WifiStateTracker(27162): setNotificationVisible() scanResult.SSID=RiceGalleryNew Open? false
02-09 18:00:42.066 D/WifiStateTracker(27162): setNotificationVisible() scanResult.SSID=OCAP01 Open? false
02-09 18:00:42.066 D/WifiStateTracker(27162): setNotificationVisible() visible=false mNotificationShown=false force=false return.
02-09 18:00:42.146 D/AlarmManager(27162): +++Alarm set:type=2 com.google.android.location  Trigger after:138613ms
02-09 18:00:42.146 D/AlarmManager(27162): +++Alarm set:type=2 com.google.android.apps.maps  Trigger after:2147479052337ms
02-09 18:00:44.108 D/DATA    (27234): [DSST(0)] pollstate() : reason = data network state changed
02-09 18:00:44.158 D/MobileDataStateTracker(27162): [hipri]  MobileDataStateReceiver onReceive(): Entry.
02-09 18:00:44.158 D/MobileDataStateTracker(27162): [hipri]  intent.getAction()= android.intent.action.SERVICE_STATE
02-09 18:00:44.158 D/MobileDataStateTracker(27162): [hipri]  mEnabled = false
02-09 18:00:44.158 D/MobileDataStateTracker(27162): [dun]  MobileDataStateReceiver onReceive(): Entry.
02-09 18:00:44.158 D/MobileDataStateTracker(27162): [dun]  intent.getAction()= android.intent.action.SERVICE_STATE
02-09 18:00:44.158 D/MobileDataStateTracker(27162): [dun]  mEnabled = false
02-09 18:00:44.168 D/MobileDataStateTracker(27162): [supl]  MobileDataStateReceiver onReceive(): Entry.
02-09 18:00:44.168 D/MobileDataStateTracker(27162): [supl]  intent.getAction()= android.intent.action.SERVICE_STATE
02-09 18:00:44.168 D/MobileDataStateTracker(27162): [supl]  mEnabled = false
02-09 18:00:44.168 D/MobileDataStateTracker(27162): [mms]  MobileDataStateReceiver onReceive(): Entry.
02-09 18:00:44.168 D/MobileDataStateTracker(27162): [mms]  intent.getAction()= android.intent.action.SERVICE_STATE
02-09 18:00:44.168 D/MobileDataStateTracker(27162): [mms]  mEnabled = false
02-09 18:00:44.168 D/MobileDataStateTracker(27162): [default]  MobileDataStateReceiver onReceive(): Entry.
02-09 18:00:44.168 D/MobileDataStateTracker(27162): [default]  intent.getAction()= android.intent.action.SERVICE_STATE
02-09 18:00:44.168 D/MobileDataStateTracker(27162): [default]  mEnabled = true
02-09 18:00:44.178 D/CdmaCellLocation(27265): [LPZ-GPS]mUseNetworkwireless=false
02-09 18:00:44.178 D/CdmaCellLocation(27265): [LPZ-GPS]BSId=-1
02-09 18:00:44.178 D/CdmaCellLocation(27265): [LPZ-GPS]BSLAT=2147483647
02-09 18:00:44.178 D/CdmaCellLocation(27265): [LPZ-GPS]BSLONG=2147483647
02-09 18:00:44.178 D/CdmaCellLocation(27265): [LPZ-GPS]SystemId=-1
02-09 18:00:44.178 D/CdmaCellLocation(27265): [LPZ-GPS]NetworkId=-1
02-09 18:00:44.178 D/TelephonyManager(27265): [LPZ-GPS]getCellLocation enter,usewireless=true
02-09 18:00:44.178 D/CdmaCellLocation(27265): [LPZ-GPS]mUseNetworkwireless=true
02-09 18:00:44.178 D/CdmaCellLocation(27265): [LPZ-GPS]BSId=4721
02-09 18:00:44.178 D/CdmaCellLocation(27265): [LPZ-GPS]BSLAT=560455
02-09 18:00:44.178 D/CdmaCellLocation(27265): [LPZ-GPS]BSLONG=-1362815
02-09 18:00:44.178 D/CdmaCellLocation(27265): [LPZ-GPS]SystemId=4139
02-09 18:00:44.178 D/CdmaCellLocation(27265): [LPZ-GPS]NetworkId=41
02-09 18:00:44.178 D/CdmaCellLocation( 2881): [LPZ-GPS]mUseNetworkwireless=false
02-09 18:00:44.178 D/CdmaCellLocation( 2881): [LPZ-GPS]BSId=-1
02-09 18:00:44.178 D/CdmaCellLocation( 2881): [LPZ-GPS]BSLAT=2147483647
02-09 18:00:44.178 D/CdmaCellLocation( 2881): [LPZ-GPS]BSLONG=2147483647
02-09 18:00:44.178 D/CdmaCellLocation( 2881): [LPZ-GPS]SystemId=-1
02-09 18:00:44.178 D/CdmaCellLocation( 2881): [LPZ-GPS]NetworkId=-1
02-09 18:00:44.188 D/DATA    (27234): [DSST(0)]  registrationState = 1  radioTechnology = 8 reasonForDenial = 0
02-09 18:00:44.188 D/DATA    (27234): [DSST(0)]  set mNewDataConnectionState = 0
02-09 18:00:44.188 D/DATA    (27234): [DSST(0)]  mNewDataConnectionState : 0  mDataConnectionState : 0
02-09 18:00:44.188 D/DATA    (27234): [DSST(0)] Poll ServiceState done: oldSS=[0 home null null null  EvDo rev. A CSS not supported -1 -1RoamInd: -1RoamStatus(sprint): -1DefRoamInd: -1EmergOnly: false] newSS=[0 home null null null  EvDo rev. A CSS not supported -1 -1RoamInd: -1RoamStatus(sprint): -1DefRoamInd: -1EmergOnly: false]
02-09 18:00:44.188 D/DATA    (27234): [DSST(0)]  mDataConnectionState = 0
02-09 18:00:44.188 D/CallManager(27234):  handleMessage (EVENT_SERVICE_STATE_CHANGED)
02-09 18:00:44.188 E/BT HS/HF(27234): SERVICE_STATE_CHANGED called
02-09 18:00:44.188 E/BT HS/HF(27234): updateServiceState called, sendUpdate:false  ServiceState:0 home Sprint  310099  EvDo rev. A CSS not supported 41 4139RoamInd: 1RoamStatus(sprint): 1DefRoamInd: 160EmergOnly: false
02-09 18:00:44.188 E/BT HS/HF(27234): service:1 mService:1
02-09 18:00:44.198 D/AlarmManager(27162): +++Alarm set:type=2 com.google.android.location  Trigger after:136565ms
02-09 18:00:44.208 D/TelephonyManager( 2881): [LPZ-GPS]getCellLocation enter,usewireless=true
02-09 18:00:44.208 D/CdmaCellLocation( 2881): [LPZ-GPS]mUseNetworkwireless=true
02-09 18:00:44.208 D/Mms     (27733): currentRoamingStatus:1
02-09 18:00:44.208 D/CdmaCellLocation( 2881): [LPZ-GPS]BSId=4721
02-09 18:00:44.208 D/CdmaCellLocation( 2881): [LPZ-GPS]BSLAT=560455
02-09 18:00:44.208 D/CdmaCellLocation( 2881): [LPZ-GPS]BSLONG=-1362815
02-09 18:00:44.208 D/CdmaCellLocation( 2881): [LPZ-GPS]SystemId=4139
02-09 18:00:44.208 D/CdmaCellLocation( 2881): [LPZ-GPS]NetworkId=41
02-09 18:00:44.218 D/AlarmManager(27162): +++Alarm set:type=2 com.google.android.apps.maps  Trigger after:2147479050275ms
02-09 18:00:49.023 I/dun_service(  123): process rmnet event
02-09 18:00:49.023 I/dun_service(  123): Post event 4
02-09 18:00:49.023 I/dun_service(  123): received event: DUN_EVENT_RMNET_UP 
02-09 18:00:49.023 I/dun_service(  123): received event(DUN_EVENT_RMNET_UP) in state(DUN_STATE_IDLE)
02-09 18:00:49.023 I/dun_service(  123): Ignoring the event DUN_EVENT_RMNET_UP in IDLE_STATE
02-09 18:00:49.023 I/dun_service(  123): Moved to state(DUN_STATE_IDLE)
02-09 18:00:49.023 I/wpa_supplicant(30784): Selecting BSS from priority group 4
02-09 18:00:49.023 I/wpa_supplicant(30784): Try to find WPA-enabled AP
02-09 18:00:49.023 I/wpa_supplicant(30784): Selecting BSS from priority group 3
02-09 18:00:49.023 I/wpa_supplicant(30784): Try to find WPA-enabled AP
02-09 18:00:49.023 I/wpa_supplicant(30784): Selecting BSS from priority group 2
02-09 18:00:49.023 I/wpa_supplicant(30784): Try to find WPA-enabled AP
02-09 18:00:49.023 I/wpa_supplicant(30784): Selecting BSS from priority group 1
02-09 18:00:49.023 I/wpa_supplicant(30784): Try to find WPA-enabled AP
02-09 18:00:49.043 D/WifiStateTracker(27162): setNotificationVisible() scanResult.SSID=ENCORE76D5C0 Open? false
02-09 18:00:49.043 D/WifiStateTracker(27162): setNotificationVisible() scanResult.SSID=pub9999 Open? false
02-09 18:00:49.053 D/WifiStateTracker(27162): setNotificationVisible() scanResult.SSID=Haas_Oil Open? false
02-09 18:00:49.053 D/WifiStateTracker(27162): setNotificationVisible() scanResult.SSID=2WIRE485 Open? false
02-09 18:00:49.053 D/WifiStateTracker(27162): setNotificationVisible() scanResult.SSID=HATHAWAY Open? false
02-09 18:00:49.053 D/WifiStateTracker(27162): setNotificationVisible() scanResult.SSID=RiceGalleryNew Open? false
02-09 18:00:49.053 D/WifiStateTracker(27162): setNotificationVisible() scanResult.SSID=OCAP01 Open? false
02-09 18:00:49.053 D/WifiStateTracker(27162): setNotificationVisible() visible=false mNotificationShown=false force=false return.
02-09 18:00:49.073 D/AlarmManager(27162): +++Alarm set:type=2 com.google.android.location  Trigger after:131682ms
02-09 18:00:49.073 D/AlarmManager(27162): +++Alarm set:type=2 com.google.android.apps.maps  Trigger after:2147479045406ms
02-09 18:00:49.193 D/DATA    (27234): [DSST(0)] pollstate() : reason = data network state changed
02-09 18:00:49.263 D/MobileDataStateTracker(27162): [hipri]  MobileDataStateReceiver onReceive(): Entry.
02-09 18:00:49.263 D/MobileDataStateTracker(27162): [hipri]  intent.getAction()= android.intent.action.SERVICE_STATE
02-09 18:00:49.263 D/MobileDataStateTracker(27162): [hipri]  mEnabled = false
02-09 18:00:49.263 D/MobileDataStateTracker(27162): [dun]  MobileDataStateReceiver onReceive(): Entry.
02-09 18:00:49.263 D/MobileDataStateTracker(27162): [dun]  intent.getAction()= android.intent.action.SERVICE_STATE
02-09 18:00:49.263 D/MobileDataStateTracker(27162): [dun]  mEnabled = false
02-09 18:00:49.263 D/MobileDataStateTracker(27162): [supl]  MobileDataStateReceiver onReceive(): Entry.
02-09 18:00:49.263 D/MobileDataStateTracker(27162): [supl]  intent.getAction()= android.intent.action.SERVICE_STATE
02-09 18:00:49.263 D/MobileDataStateTracker(27162): [supl]  mEnabled = false
02-09 18:00:49.273 D/MobileDataStateTracker(27162): [mms]  MobileDataStateReceiver onReceive(): Entry.
02-09 18:00:49.273 D/MobileDataStateTracker(27162): [mms]  intent.getAction()= android.intent.action.SERVICE_STATE
02-09 18:00:49.273 D/MobileDataStateTracker(27162): [mms]  mEnabled = false
02-09 18:00:49.273 D/MobileDataStateTracker(27162): [default]  MobileDataStateReceiver onReceive(): Entry.
02-09 18:00:49.273 D/MobileDataStateTracker(27162): [default]  intent.getAction()= android.intent.action.SERVICE_STATE
02-09 18:00:49.273 D/MobileDataStateTracker(27162): [default]  mEnabled = true
02-09 18:00:49.273 D/CdmaCellLocation(27265): [LPZ-GPS]mUseNetworkwireless=false
02-09 18:00:49.273 D/CdmaCellLocation(27265): [LPZ-GPS]BSId=-1
02-09 18:00:49.273 D/CdmaCellLocation(27265): [LPZ-GPS]BSLAT=2147483647
02-09 18:00:49.273 D/CdmaCellLocation(27265): [LPZ-GPS]BSLONG=2147483647
02-09 18:00:49.273 D/CdmaCellLocation(27265): [LPZ-GPS]SystemId=-1
02-09 18:00:49.273 D/CdmaCellLocation(27265): [LPZ-GPS]NetworkId=-1
02-09 18:00:49.283 D/CdmaCellLocation( 2881): [LPZ-GPS]mUseNetworkwireless=false
02-09 18:00:49.283 D/CdmaCellLocation( 2881): [LPZ-GPS]BSId=-1
02-09 18:00:49.283 D/CdmaCellLocation( 2881): [LPZ-GPS]BSLAT=2147483647
02-09 18:00:49.283 D/CdmaCellLocation( 2881): [LPZ-GPS]BSLONG=2147483647
02-09 18:00:49.283 D/CdmaCellLocation( 2881): [LPZ-GPS]SystemId=-1
02-09 18:00:49.283 D/CdmaCellLocation( 2881): [LPZ-GPS]NetworkId=-1
02-09 18:00:49.283 D/TelephonyManager(27265): [LPZ-GPS]getCellLocation enter,usewireless=true
02-09 18:00:49.283 D/CdmaCellLocation(27265): [LPZ-GPS]mUseNetworkwireless=true
02-09 18:00:49.283 D/CdmaCellLocation(27265): [LPZ-GPS]BSId=402
02-09 18:00:49.283 D/CdmaCellLocation(27265): [LPZ-GPS]BSLAT=560530
02-09 18:00:49.283 D/CdmaCellLocation(27265): [LPZ-GPS]BSLONG=-1362896
02-09 18:00:49.283 D/CdmaCellLocation(27265): [LPZ-GPS]SystemId=4139
02-09 18:00:49.283 D/CdmaCellLocation(27265): [LPZ-GPS]NetworkId=41
02-09 18:00:49.293 D/CallManager(27234):  handleMessage (EVENT_SERVICE_STATE_CHANGED)
02-09 18:00:49.293 E/BT HS/HF(27234): SERVICE_STATE_CHANGED called
02-09 18:00:49.293 E/BT HS/HF(27234): updateServiceState called, sendUpdate:false  ServiceState:0 home Sprint  310099  EvDo rev. A CSS not supported 41 4139RoamInd: 1RoamStatus(sprint): 1DefRoamInd: 160EmergOnly: false
02-09 18:00:49.293 E/BT HS/HF(27234): service:1 mService:1
02-09 18:00:49.293 D/DATA    (27234): [DSST(0)]  registrationState = 1  radioTechnology = 8 reasonForDenial = 0
02-09 18:00:49.293 D/DATA    (27234): [DSST(0)]  set mNewDataConnectionState = 0
02-09 18:00:49.293 D/DATA    (27234): [DSST(0)]  mNewDataConnectionState : 0  mDataConnectionState : 0
02-09 18:00:49.293 D/DATA    (27234): [DSST(0)] Poll ServiceState done: oldSS=[0 home null null null  EvDo rev. A CSS not supported -1 -1RoamInd: -1RoamStatus(sprint): -1DefRoamInd: -1EmergOnly: false] newSS=[0 home null null null  EvDo rev. A CSS not supported -1 -1RoamInd: -1RoamStatus(sprint): -1DefRoamInd: -1EmergOnly: false]
02-09 18:00:49.293 D/DATA    (27234): [DSST(0)]  mDataConnectionState = 0
02-09 18:00:49.293 D/AlarmManager(27162): +++Alarm set:type=2 com.google.android.location  Trigger after:131461ms
02-09 18:00:49.303 D/Mms     (27733): currentRoamingStatus:1
02-09 18:00:49.303 D/TelephonyManager( 2881): [LPZ-GPS]getCellLocation enter,usewireless=true
02-09 18:00:49.303 D/CdmaCellLocation( 2881): [LPZ-GPS]mUseNetworkwireless=true
02-09 18:00:49.303 D/CdmaCellLocation( 2881): [LPZ-GPS]BSId=402
02-09 18:00:49.303 D/CdmaCellLocation( 2881): [LPZ-GPS]BSLAT=560530
02-09 18:00:49.303 D/CdmaCellLocation( 2881): [LPZ-GPS]BSLONG=-1362896
02-09 18:00:49.303 D/CdmaCellLocation( 2881): [LPZ-GPS]SystemId=4139
02-09 18:00:49.303 D/CdmaCellLocation( 2881): [LPZ-GPS]NetworkId=41
02-09 18:00:49.313 D/AlarmManager(27162): +++Alarm set:type=2 com.google.android.apps.maps  Trigger after:2147479045170ms
02-09 18:00:55.999 I/wpa_supplicant(30784): Selecting BSS from priority group 4
02-09 18:00:55.999 I/dun_service(  123): process rmnet event
02-09 18:00:55.999 I/dun_service(  123): Post event 4
02-09 18:00:55.999 I/dun_service(  123): received event: DUN_EVENT_RMNET_UP 
02-09 18:00:55.999 I/dun_service(  123): received event(DUN_EVENT_RMNET_UP) in state(DUN_STATE_IDLE)
02-09 18:00:55.999 I/dun_service(  123): Ignoring the event DUN_EVENT_RMNET_UP in IDLE_STATE
02-09 18:00:55.999 I/dun_service(  123): Moved to state(DUN_STATE_IDLE)
02-09 18:00:55.999 I/wpa_supplicant(30784): Try to find WPA-enabled AP
02-09 18:00:55.999 I/wpa_supplicant(30784): Selecting BSS from priority group 3
02-09 18:00:55.999 I/wpa_supplicant(30784): Try to find WPA-enabled AP
02-09 18:00:55.999 I/wpa_supplicant(30784): Selecting BSS from priority group 2
02-09 18:00:55.999 I/wpa_supplicant(30784): Try to find WPA-enabled AP
02-09 18:00:55.999 I/wpa_supplicant(30784): Selecting BSS from priority group 1
02-09 18:00:55.999 I/wpa_supplicant(30784): Try to find WPA-enabled AP
02-09 18:00:56.019 D/WifiStateTracker(27162): setNotificationVisible() scanResult.SSID=OCAP01 Open? false
02-09 18:00:56.019 D/WifiStateTracker(27162): setNotificationVisible() scanResult.SSID=HATHAWAY Open? false
02-09 18:00:56.019 D/WifiStateTracker(27162): setNotificationVisible() scanResult.SSID=RiceGalleryNew Open? false
02-09 18:00:56.019 D/WifiStateTracker(27162): setNotificationVisible() visible=false mNotificationShown=false force=false return.
02-09 18:00:56.039 D/AlarmManager(27162): +++Alarm set:type=2 com.google.android.location  Trigger after:124719ms
02-09 18:00:56.049 D/AlarmManager(27162): +++Alarm set:type=2 com.google.android.apps.maps  Trigger after:2147479038440ms
02-09 18:01:00.013 D/KeyguardUpdateMonitor(27162): received broadcast android.intent.action.TIME_TICK
02-09 18:01:00.013 D/KeyguardUpdateMonitor(27162): handleTimeUpdate
02-09 18:01:02.966 I/dun_service(  123): process rmnet event
02-09 18:01:02.966 I/dun_service(  123): Post event 4
02-09 18:01:02.966 I/dun_service(  123): received event: DUN_EVENT_RMNET_UP 
02-09 18:01:02.966 I/dun_service(  123): received event(DUN_EVENT_RMNET_UP) in state(DUN_STATE_IDLE)
02-09 18:01:02.966 I/dun_service(  123): Ignoring the event DUN_EVENT_RMNET_UP in IDLE_STATE
02-09 18:01:02.966 I/dun_service(  123): Moved to state(DUN_STATE_IDLE)
02-09 18:01:02.966 I/wpa_supplicant(30784): Selecting BSS from priority group 4
02-09 18:01:02.966 I/wpa_supplicant(30784): Try to find WPA-enabled AP
02-09 18:01:02.966 I/wpa_supplicant(30784): Selecting BSS from priority group 3
02-09 18:01:02.966 I/wpa_supplicant(30784): Try to find WPA-enabled AP
02-09 18:01:02.966 I/wpa_supplicant(30784): Selecting BSS from priority group 2
02-09 18:01:02.966 I/wpa_supplicant(30784): Try to find WPA-enabled AP
02-09 18:01:02.966 I/wpa_supplicant(30784): Selecting BSS from priority group 1
02-09 18:01:02.966 I/wpa_supplicant(30784): Try to find WPA-enabled AP
02-09 18:01:02.986 D/WifiStateTracker(27162): setNotificationVisible() scanResult.SSID=OCAP01 Open? false
02-09 18:01:02.996 D/WifiStateTracker(27162): setNotificationVisible() scanResult.SSID=HATHAWAY Open? false
02-09 18:01:02.996 D/WifiStateTracker(27162): setNotificationVisible() scanResult.SSID=RiceGalleryNew Open? false
02-09 18:01:02.996 D/WifiStateTracker(27162): setNotificationVisible() visible=false mNotificationShown=false force=false return.
02-09 18:01:03.016 D/AlarmManager(27162): +++Alarm set:type=2 com.google.android.location  Trigger after:117741ms
02-09 18:01:03.026 D/AlarmManager(27162): +++Alarm set:type=2 com.google.android.apps.maps  Trigger after:2147479031464ms
02-09 18:01:09.933 I/dun_service(  123): process rmnet event
02-09 18:01:09.933 I/dun_service(  123): Post event 4
02-09 18:01:09.933 I/dun_service(  123): received event: DUN_EVENT_RMNET_UP 
02-09 18:01:09.933 I/dun_service(  123): received event(DUN_EVENT_RMNET_UP) in state(DUN_STATE_IDLE)
02-09 18:01:09.933 I/dun_service(  123): Ignoring the event DUN_EVENT_RMNET_UP in IDLE_STATE
02-09 18:01:09.933 I/dun_service(  123): Moved to state(DUN_STATE_IDLE)
02-09 18:01:09.933 I/wpa_supplicant(30784): Selecting BSS from priority group 4
02-09 18:01:09.933 I/wpa_supplicant(30784): Try to find WPA-enabled AP
02-09 18:01:09.933 I/wpa_supplicant(30784): Selecting BSS from priority group 3
02-09 18:01:09.933 I/wpa_supplicant(30784): Try to find WPA-enabled AP
02-09 18:01:09.933 I/wpa_supplicant(30784): Selecting BSS from priority group 2
02-09 18:01:09.933 I/wpa_supplicant(30784): Try to find WPA-enabled AP
02-09 18:01:09.933 I/wpa_supplicant(30784): Selecting BSS from priority group 1
02-09 18:01:09.933 I/wpa_supplicant(30784): Try to find WPA-enabled AP
02-09 18:01:09.953 D/WifiStateTracker(27162): setNotificationVisible() scanResult.SSID=OCAP01 Open? false
02-09 18:01:09.953 D/WifiStateTracker(27162): setNotificationVisible() scanResult.SSID=pub9999 Open? false
02-09 18:01:09.953 D/WifiStateTracker(27162): setNotificationVisible() scanResult.SSID=2WIRE485 Open? false
02-09 18:01:09.953 D/WifiStateTracker(27162): setNotificationVisible() scanResult.SSID=HATHAWAY Open? false
02-09 18:01:09.953 D/WifiStateTracker(27162): setNotificationVisible() scanResult.SSID=RiceGalleryNew Open? false
02-09 18:01:09.953 D/WifiStateTracker(27162): setNotificationVisible() visible=false mNotificationShown=false force=false return.
02-09 18:01:09.983 D/AlarmManager(27162): +++Alarm set:type=2 com.google.android.location  Trigger after:110771ms
02-09 18:01:09.983 D/AlarmManager(27162): +++Alarm set:type=2 com.google.android.apps.maps  Trigger after:2147479024495ms
02-09 18:01:16.910 I/dun_service(  123): process rmnet event
02-09 18:01:16.910 I/dun_service(  123): Post event 4
02-09 18:01:16.910 I/dun_service(  123): received event: DUN_EVENT_RMNET_UP 
02-09 18:01:16.910 I/dun_service(  123): received event(DUN_EVENT_RMNET_UP) in state(DUN_STATE_IDLE)
02-09 18:01:16.910 I/dun_service(  123): Ignoring the event DUN_EVENT_RMNET_UP in IDLE_STATE
02-09 18:01:16.910 I/dun_service(  123): Moved to state(DUN_STATE_IDLE)
02-09 18:01:16.910 I/wpa_supplicant(30784): Selecting BSS from priority group 4
02-09 18:01:16.910 I/wpa_supplicant(30784): Try to find WPA-enabled AP
02-09 18:01:16.910 I/wpa_supplicant(30784): Selecting BSS from priority group 3
02-09 18:01:16.910 I/wpa_supplicant(30784): Try to find WPA-enabled AP
02-09 18:01:16.910 I/wpa_supplicant(30784): Selecting BSS from priority group 2
02-09 18:01:16.910 I/wpa_supplicant(30784): Try to find WPA-enabled AP
02-09 18:01:16.910 I/wpa_supplicant(30784): Selecting BSS from priority group 1
02-09 18:01:16.910 I/wpa_supplicant(30784): Try to find WPA-enabled AP
02-09 18:01:16.930 D/WifiStateTracker(27162): setNotificationVisible() scanResult.SSID=OCAP01 Open? false
02-09 18:01:16.930 D/WifiStateTracker(27162): setNotificationVisible() scanResult.SSID=2WIRE485 Open? false
02-09 18:01:16.930 D/WifiStateTracker(27162): setNotificationVisible() scanResult.SSID=HATHAWAY Open? false
02-09 18:01:16.940 D/WifiStateTracker(27162): setNotificationVisible() scanResult.SSID=RiceGalleryNew Open? false
02-09 18:01:16.940 D/WifiStateTracker(27162): setNotificationVisible() visible=false mNotificationShown=false force=false return.
02-09 18:01:16.960 D/AlarmManager(27162): +++Alarm set:type=2 com.google.android.location  Trigger after:103801ms
02-09 18:01:16.960 D/AlarmManager(27162): +++Alarm set:type=2 com.google.android.apps.maps  Trigger after:2147479017526ms
02-09 18:01:23.877 I/dun_service(  123): process rmnet event
02-09 18:01:23.877 I/dun_service(  123): Post event 4
02-09 18:01:23.877 I/dun_service(  123): received event: DUN_EVENT_RMNET_UP 
02-09 18:01:23.877 I/dun_service(  123): received event(DUN_EVENT_RMNET_UP) in state(DUN_STATE_IDLE)
02-09 18:01:23.877 I/dun_service(  123): Ignoring the event DUN_EVENT_RMNET_UP in IDLE_STATE
02-09 18:01:23.877 I/dun_service(  123): Moved to state(DUN_STATE_IDLE)
02-09 18:01:23.877 I/wpa_supplicant(30784): Selecting BSS from priority group 4
02-09 18:01:23.877 I/wpa_supplicant(30784): Try to find WPA-enabled AP
02-09 18:01:23.877 I/wpa_supplicant(30784): Selecting BSS from priority group 3
02-09 18:01:23.877 I/wpa_supplicant(30784): Try to find WPA-enabled AP
02-09 18:01:23.877 I/wpa_supplicant(30784): Selecting BSS from priority group 2
02-09 18:01:23.877 I/wpa_supplicant(30784): Try to find WPA-enabled AP
02-09 18:01:23.877 I/wpa_supplicant(30784): Selecting BSS from priority group 1
02-09 18:01:23.877 I/wpa_supplicant(30784): Try to find WPA-enabled AP
02-09 18:01:23.897 D/WifiStateTracker(27162): setNotificationVisible() scanResult.SSID=ENCORE76D5C0 Open? false
02-09 18:01:23.897 D/WifiStateTracker(27162): setNotificationVisible() scanResult.SSID=Haas_Oil Open? false
02-09 18:01:23.897 D/WifiStateTracker(27162): setNotificationVisible() scanResult.SSID=HATHAWAY Open? false
02-09 18:01:23.897 D/WifiStateTracker(27162): setNotificationVisible() scanResult.SSID=RiceGalleryNew Open? false
02-09 18:01:23.897 D/WifiStateTracker(27162): setNotificationVisible() scanResult.SSID=OCAP01 Open? false
02-09 18:01:23.897 D/WifiStateTracker(27162): setNotificationVisible() visible=false mNotificationShown=false force=false return.
02-09 18:01:23.947 D/AlarmManager(27162): +++Alarm set:type=2 com.google.android.location  Trigger after:96812ms
02-09 18:01:23.947 D/AlarmManager(27162): +++Alarm set:type=2 com.google.android.apps.maps  Trigger after:2147479010537ms
02-09 18:01:28.791 E/rmt_storage(  155): [MyTag]open: fd=-1
02-09 18:01:28.791 E/rmt_storage(  155): block rmt_storage client thread
02-09 18:01:30.843 I/dun_service(  123): process rmnet event
02-09 18:01:30.843 I/dun_service(  123): Post event 4
02-09 18:01:30.843 I/dun_service(  123): received event: DUN_EVENT_RMNET_UP 
02-09 18:01:30.843 I/dun_service(  123): received event(DUN_EVENT_RMNET_UP) in state(DUN_STATE_IDLE)
02-09 18:01:30.843 I/dun_service(  123): Ignoring the event DUN_EVENT_RMNET_UP in IDLE_STATE
02-09 18:01:30.843 I/dun_service(  123): Moved to state(DUN_STATE_IDLE)
02-09 18:01:30.843 I/wpa_supplicant(30784): Selecting BSS from priority group 4
02-09 18:01:30.843 I/wpa_supplicant(30784): Try to find WPA-enabled AP
02-09 18:01:30.843 I/wpa_supplicant(30784): Selecting BSS from priority group 3
02-09 18:01:30.843 I/wpa_supplicant(30784): Try to find WPA-enabled AP
02-09 18:01:30.843 I/wpa_supplicant(30784): Selecting BSS from priority group 2
02-09 18:01:30.843 I/wpa_supplicant(30784): Try to find WPA-enabled AP
02-09 18:01:30.843 I/wpa_supplicant(30784): Selecting BSS from priority group 1
02-09 18:01:30.843 I/wpa_supplicant(30784): Try to find WPA-enabled AP
02-09 18:01:30.873 D/WifiStateTracker(27162): setNotificationVisible() scanResult.SSID=ENCORE76D5C0 Open? false
02-09 18:01:30.873 D/WifiStateTracker(27162): setNotificationVisible() scanResult.SSID=2WIRE485 Open? false
02-09 18:01:30.873 D/WifiStateTracker(27162): setNotificationVisible() scanResult.SSID=HATHAWAY Open? false
02-09 18:01:30.873 D/WifiStateTracker(27162): setNotificationVisible() scanResult.SSID=RiceGalleryNew Open? false
02-09 18:01:30.873 D/WifiStateTracker(27162): setNotificationVisible() scanResult.SSID=OCAP01 Open? false
02-09 18:01:30.873 D/WifiStateTracker(27162): setNotificationVisible() visible=false mNotificationShown=false force=false return.
02-09 18:01:30.893 D/AlarmManager(27162): +++Alarm set:type=2 com.google.android.location  Trigger after:89862ms
02-09 18:01:30.893 D/AlarmManager(27162): +++Alarm set:type=2 com.google.android.apps.maps  Trigger after:2147479003585ms
02-09 18:01:37.820 I/dun_service(  123): process rmnet event
02-09 18:01:37.820 I/wpa_supplicant(30784): Selecting BSS from priority group 4
02-09 18:01:37.820 I/wpa_supplicant(30784): Try to find WPA-enabled AP
02-09 18:01:37.820 I/wpa_supplicant(30784): Selecting BSS from priority group 3
02-09 18:01:37.820 I/wpa_supplicant(30784): Try to find WPA-enabled AP
02-09 18:01:37.820 I/wpa_supplicant(30784): Selecting BSS from priority group 2
02-09 18:01:37.820 I/wpa_supplicant(30784): Try to find WPA-enabled AP
02-09 18:01:37.820 I/wpa_supplicant(30784): Selecting BSS from priority group 1
02-09 18:01:37.820 I/wpa_supplicant(30784): Try to find WPA-enabled AP
02-09 18:01:37.820 I/dun_service(  123): Post event 4
02-09 18:01:37.820 I/dun_service(  123): received event: DUN_EVENT_RMNET_UP 
02-09 18:01:37.820 I/dun_service(  123): received event(DUN_EVENT_RMNET_UP) in state(DUN_STATE_IDLE)
02-09 18:01:37.820 I/dun_service(  123): Ignoring the event DUN_EVENT_RMNET_UP in IDLE_STATE
02-09 18:01:37.820 I/dun_service(  123): Moved to state(DUN_STATE_IDLE)
02-09 18:01:37.820 D/WifiStateTracker(27162): setNotificationVisible() scanResult.SSID=ENCORE76D5C0 Open? false
02-09 18:01:37.820 D/WifiStateTracker(27162): setNotificationVisible() scanResult.SSID=2WIRE485 Open? false
02-09 18:01:37.820 D/WifiStateTracker(27162): setNotificationVisible() scanResult.SSID=HATHAWAY Open? false
02-09 18:01:37.820 D/WifiStateTracker(27162): setNotificationVisible() scanResult.SSID=RiceGalleryNew Open? false
02-09 18:01:37.820 D/WifiStateTracker(27162): setNotificationVisible() scanResult.SSID=OCAP01 Open? false
02-09 18:01:37.820 D/WifiStateTracker(27162): setNotificationVisible() visible=false mNotificationShown=false force=false return.
02-09 18:01:37.830 D/AlarmManager(27162): +++Alarm set:type=2 com.google.android.location  Trigger after:82934ms
02-09 18:01:37.830 D/AlarmManager(27162): +++Alarm set:type=2 com.google.android.apps.maps  Trigger after:2147478996658ms
02-09 18:01:44.797 I/dun_service(  123): process rmnet event
02-09 18:01:44.797 I/dun_service(  123): Post event 4
02-09 18:01:44.797 I/dun_service(  123): received event: DUN_EVENT_RMNET_UP 
02-09 18:01:44.797 I/dun_service(  123): received event(DUN_EVENT_RMNET_UP) in state(DUN_STATE_IDLE)
02-09 18:01:44.797 I/dun_service(  123): Ignoring the event DUN_EVENT_RMNET_UP in IDLE_STATE
02-09 18:01:44.797 I/dun_service(  123): Moved to state(DUN_STATE_IDLE)
02-09 18:01:44.797 I/wpa_supplicant(30784): Selecting BSS from priority group 4
02-09 18:01:44.797 I/wpa_supplicant(30784): Try to find WPA-enabled AP
02-09 18:01:44.797 I/wpa_supplicant(30784): Selecting BSS from priority group 3
02-09 18:01:44.797 I/wpa_supplicant(30784): Try to find WPA-enabled AP
02-09 18:01:44.797 I/wpa_supplicant(30784): Selecting BSS from priority group 2
02-09 18:01:44.797 I/wpa_supplicant(30784): Try to find WPA-enabled AP
02-09 18:01:44.797 I/wpa_supplicant(30784): Selecting BSS from priority group 1
02-09 18:01:44.797 I/wpa_supplicant(30784): Try to find WPA-enabled AP
02-09 18:01:44.827 D/WifiStateTracker(27162): setNotificationVisible() scanResult.SSID=ENCORE76D5C0 Open? false
02-09 18:01:44.827 D/WifiStateTracker(27162): setNotificationVisible() scanResult.SSID=2WIRE485 Open? false
02-09 18:01:44.827 D/WifiStateTracker(27162): setNotificationVisible() scanResult.SSID=HATHAWAY Open? false
02-09 18:01:44.827 D/WifiStateTracker(27162): setNotificationVisible() scanResult.SSID=RiceGalleryNew Open? false
02-09 18:01:44.827 D/WifiStateTracker(27162): setNotificationVisible() scanResult.SSID=OCAP01 Open? false
02-09 18:01:44.827 D/WifiStateTracker(27162): setNotificationVisible() visible=false mNotificationShown=false force=false return.
02-09 18:01:44.867 D/AlarmManager(27162): +++Alarm set:type=2 com.google.android.location  Trigger after:75895ms
02-09 18:01:44.887 D/AlarmManager(27162): +++Alarm set:type=2 com.google.android.apps.maps  Trigger after:2147478989599ms
02-09 18:01:45.538 D/DATA    (27234): [DSST(0)] pollstate() : reason = data network state changed
02-09 18:01:45.598 D/MobileDataStateTracker(27162): [hipri]  MobileDataStateReceiver onReceive(): Entry.
02-09 18:01:45.598 D/MobileDataStateTracker(27162): [hipri]  intent.getAction()= android.intent.action.SERVICE_STATE
02-09 18:01:45.598 D/MobileDataStateTracker(27162): [hipri]  mEnabled = false
02-09 18:01:45.608 D/MobileDataStateTracker(27162): [dun]  MobileDataStateReceiver onReceive(): Entry.
02-09 18:01:45.608 D/MobileDataStateTracker(27162): [dun]  intent.getAction()= android.intent.action.SERVICE_STATE
02-09 18:01:45.608 D/MobileDataStateTracker(27162): [dun]  mEnabled = false
02-09 18:01:45.608 D/MobileDataStateTracker(27162): [supl]  MobileDataStateReceiver onReceive(): Entry.
02-09 18:01:45.608 D/MobileDataStateTracker(27162): [supl]  intent.getAction()= android.intent.action.SERVICE_STATE
02-09 18:01:45.608 D/MobileDataStateTracker(27162): [supl]  mEnabled = false
02-09 18:01:45.608 D/MobileDataStateTracker(27162): [mms]  MobileDataStateReceiver onReceive(): Entry.
02-09 18:01:45.608 D/MobileDataStateTracker(27162): [mms]  intent.getAction()= android.intent.action.SERVICE_STATE
02-09 18:01:45.608 D/MobileDataStateTracker(27162): [mms]  mEnabled = false
02-09 18:01:45.618 D/MobileDataStateTracker(27162): [default]  MobileDataStateReceiver onReceive(): Entry.
02-09 18:01:45.618 D/MobileDataStateTracker(27162): [default]  intent.getAction()= android.intent.action.SERVICE_STATE
02-09 18:01:45.618 D/MobileDataStateTracker(27162): [default]  mEnabled = true
02-09 18:01:45.618 D/CdmaCellLocation(27265): [LPZ-GPS]mUseNetworkwireless=false
02-09 18:01:45.618 D/CdmaCellLocation(27265): [LPZ-GPS]BSId=-1
02-09 18:01:45.618 D/CdmaCellLocation(27265): [LPZ-GPS]BSLAT=2147483647
02-09 18:01:45.618 D/CdmaCellLocation(27265): [LPZ-GPS]BSLONG=2147483647
02-09 18:01:45.618 D/CdmaCellLocation(27265): [LPZ-GPS]SystemId=-1
02-09 18:01:45.618 D/CdmaCellLocation(27265): [LPZ-GPS]NetworkId=-1
02-09 18:01:45.618 D/CdmaCellLocation( 2881): [LPZ-GPS]mUseNetworkwireless=false
02-09 18:01:45.618 D/CdmaCellLocation( 2881): [LPZ-GPS]BSId=-1
02-09 18:01:45.618 D/CdmaCellLocation( 2881): [LPZ-GPS]BSLAT=2147483647
02-09 18:01:45.618 D/CdmaCellLocation( 2881): [LPZ-GPS]BSLONG=2147483647
02-09 18:01:45.618 D/CdmaCellLocation( 2881): [LPZ-GPS]SystemId=-1
02-09 18:01:45.618 D/CdmaCellLocation( 2881): [LPZ-GPS]NetworkId=-1
02-09 18:01:45.618 D/TelephonyManager(27265): [LPZ-GPS]getCellLocation enter,usewireless=true
02-09 18:01:45.628 D/CdmaCellLocation(27265): [LPZ-GPS]mUseNetworkwireless=true
02-09 18:01:45.628 D/CdmaCellLocation(27265): [LPZ-GPS]BSId=4721
02-09 18:01:45.628 D/CdmaCellLocation(27265): [LPZ-GPS]BSLAT=560455
02-09 18:01:45.628 D/CdmaCellLocation(27265): [LPZ-GPS]BSLONG=-1362815
