02-09 18:22:55.316 D/CdmaCellLocation( 4576): [LPZ-GPS]SystemId=4139
02-09 18:22:55.316 D/CdmaCellLocation( 4576): [LPZ-GPS]NetworkId=41
02-09 18:22:55.326 D/AlarmManager(27162): +++Alarm set:type=2 com.google.android.apps.maps  Trigger after:2147482817788ms
02-09 18:22:55.326 E/ContactsProvider(27282): 20101020 isReadOnlyRawContact, rawContactId:177
02-09 18:22:55.336 D/TelephonyManager( 4576): [LPZ-GPS]getCellLocation enter,usewireless=true
02-09 18:22:55.336 D/PicasaSyncManager( 4523): background data: true
02-09 18:22:55.336 D/CdmaCellLocation( 4576): [LPZ-GPS]mUseNetworkwireless=true
02-09 18:22:55.336 D/CdmaCellLocation( 4576): [LPZ-GPS]BSId=4721
02-09 18:22:55.336 D/CdmaCellLocation( 4576): [LPZ-GPS]BSLAT=560455
02-09 18:22:55.336 D/CdmaCellLocation( 4576): [LPZ-GPS]BSLONG=-1362815
02-09 18:22:55.336 D/CdmaCellLocation( 4576): [LPZ-GPS]SystemId=4139
02-09 18:22:55.336 D/CdmaCellLocation( 4576): [LPZ-GPS]NetworkId=41
02-09 18:22:55.356 D/AlarmManager(27162): +++Alarm set:type=2 com.google.android.apps.maps  Trigger after:2147482817763ms
02-09 18:22:55.356 E/ContactsProvider(27282): ContactsProvider2 isContactLocked:0
02-09 18:22:55.386 D/AlarmManager(27162): +++Alarm set:type=0 com.google.android.gsf  Trigger after:553165542ms
02-09 18:22:55.416 D/GpsLocationProvider(27162): getAGpsConnectionInfo connType - 3
02-09 18:22:55.456 I/ContactsProvider(27282): updateInTransaction: content://com.android.contacts/status_updates
02-09 18:22:55.506 I/GTalkService(27265): [GTalkConnection.25] (WORKER THREAD) update account status - done, took 972 ms
02-09 18:22:55.506 I/GTalkService(27265): doConnect: start...
02-09 18:22:55.796 D/InCallScreen(27234): delayedCleanupAfterDisconnect()...  Phone state = IDLE
02-09 18:22:55.796 D/InCallScreen(27234): - delayedCleanupAfterDisconnect: phone is idle...
02-09 18:22:55.796 D/InCallScreen(27234): - delayedCleanupAfterDisconnect: finishing InCallScreen...
02-09 18:22:55.796 D/InCallScreen(27234): - Post-call behavior:
02-09 18:22:55.796 D/InCallScreen(27234):   - mLastDisconnectCause = LOCAL
02-09 18:22:55.806 D/InCallScreen(27234):   - isPhoneStateRestricted() = false
02-09 18:22:55.806 D/InCallScreen(27234): endInCallScreenSession()...
02-09 18:22:55.806 D/InCallScreen(27234): endInCallScreenSession(false)...
02-09 18:22:55.827 D/InCallScreen(27234): setInCallScreenMode: UNDEFINED
02-09 18:22:55.827 D/InCallScreen(27234): [okToDialDTMFTones] foreground state: IDLE, ringing state: false, call screen mode: UNDEFINED, result: false
02-09 18:22:55.827 D/InCallScreen(27234): isBluetoothAudioConnected: ==> isAudioOn = false
02-09 18:22:55.827 D/CallManager(27234):  handleMessage (EVENT_PRECISE_CALL_STATE_CHANGED)
02-09 18:22:55.847 D/InCallScreen(27234): onPause()...
02-09 18:22:55.847 D/InCallScreen(27234): updateProviderOverlay: false
02-09 18:22:55.857 D/PhoneApp(27234): updateProximitySensorMode: state = IDLE
02-09 18:22:55.857 D/PhoneApp(27234): updateProximitySensorMode: lock already released.
02-09 18:22:55.857 D/ToneGenerator(27234): stopTone
02-09 18:22:55.857 D/AudioTrack(27234): stop 0x622128
02-09 18:22:55.857 D/AudioFlinger(27152): remove track (4097) and delete from mixer
02-09 18:22:55.857 D/InCallScreen(27234): dismissMenu(immediate = true)...
02-09 18:22:55.857 D/InCallScreen(27234): dismissAllDialogs()...
02-09 18:22:55.857 D/NotificationMgr(27234): updating status bar state: 4
02-09 18:22:55.857 D/PhoneApp(27234): re-enable status bar
02-09 18:22:55.857 D/PhoneApp(27234): StatusBarManager.DISABLE_NONE
02-09 18:22:55.857 D/PhoneApp(27234): updateWakeState: callscreen false, dialer false, speaker false...
02-09 18:22:55.857 D/PhoneApp(27234): setScreenTimeout(DEFAULT)...
02-09 18:22:55.857 D/PhoneApp(27234): updateWakeState: keepScreenOn = false (isRinging false, isDialing false, showingDisc false)
02-09 18:22:55.857 D/PhoneApp(27234): requestWakeState(SLEEP)...
02-09 18:22:55.857 D/PowerManagerService(27162): releaseWakeLock flags=0x3000001a tag=PhoneApp
02-09 18:22:55.867 D/KeyguardViewMediator(27162): setHidden true
02-09 18:22:55.887 D/KeyguardViewMediator(27162): setHidden false
02-09 18:22:55.887 D/KeyguardViewMediator(27162): adjustUserActivityLocked mShowing: false mHidden: false
02-09 18:22:55.887 D/KeyguardViewMediator(27162): setHidden false
02-09 18:22:55.887 D/KeyguardViewMediator(27162): setHidden false
02-09 18:22:55.897 I/hubo    (27162): Activity {com.android.mms/com.android.mms.ui.ComposeMessageActivity}
02-09 18:22:55.897 D/PowerManagerService(27162): Go to sleep-->
02-09 18:22:55.897 D/PowerManagerService(27162): setPowerState: mPowerState=0x3 newState=0x0 noChangeLights=false reason=2
02-09 18:22:55.907 D/BT HS/HF(27234): updatePhoneState()
02-09 18:22:55.907 D/BT HS/HF(27234): audioOff(): mPendingSco: false, mConnectedSco: null, mOutgoingSco: null, mA2dpState: 0, mA2dpSuspended: false, mIncomingSco:null
02-09 18:22:55.917 I/BluetoothService(27162): Got Call State change - new call state = 0
02-09 18:22:55.917 D/BT HS/HF(27234): Foreground call state : IDLE
02-09 18:22:55.917 D/BT HS/HF(27234): Ringing call state : IDLE
02-09 18:22:55.917 D/BT HS/HF(27234): Background call state : IDLE
02-09 18:22:55.917 D/BT HS/HF(27234): audioOff(): mPendingSco: false, mConnectedSco: null, mOutgoingSco: null, mA2dpState: 0, mA2dpSuspended: false, mIncomingSco:null
02-09 18:22:55.917 E/BT HS/HF(27234): prev mIsCdmaFirstConnectionHeld  is false
02-09 18:22:55.917 E/BT HS/HF(27234): current mIsCdmaFirstConnectionHeld is false
02-09 18:22:55.917 D/BT HS/HF(27234): CallSetup: 0
02-09 18:22:55.917 D/BT HS/HF(27234): Call: 0
02-09 18:22:55.917 D/BT HS/HF(27234): CallHeld: 0
02-09 18:22:55.917 D/CallNotifier(27234): handleMessage() Msg Type: 1
02-09 18:22:55.917 D/PhoneApp(27234): old phone type:2, New Phone type:2
02-09 18:22:55.917 D/CallNotifier(27234): onPhoneStateChanged: state = IDLE
02-09 18:22:55.917 D/NotificationMgr(27234): updating status bar state: 0
02-09 18:22:55.917 D/PhoneApp(27234): updateProximitySensorMode: state = IDLE
02-09 18:22:55.917 D/PhoneApp(27234): updateProximitySensorMode: lock already released.
02-09 18:22:55.917 D/PhoneApp(27234): updateProximitySensorMode: state = IDLE
02-09 18:22:55.917 D/PhoneApp(27234): updateProximitySensorMode: lock already released.
02-09 18:22:55.917 D/AccelerometerListener(27234): enable(false)
02-09 18:22:55.917 D/PhoneUtils(27234): ConnectionHandler: updating mute state for each connection
02-09 18:22:55.917 D/PhoneUtils(27234): connection:  incoming: true state: DISCONNECTED post dial state: NOT_STARTEDnot accounted for, removing.
02-09 18:22:55.917 D/PhoneUtils(27234): setMuteInternal: false
02-09 18:22:55.917 D/PhoneUtils(27234): setMuteInternal: falsephoneType = 2
02-09 18:22:55.917 D/PhoneUtils(27234): setMicrophoneMute: false
02-09 18:22:55.917 D/NotificationMgr(27234): updateMuteNotification: not muted (or not offhook)
02-09 18:22:55.917 D/PhoneUtils(27234): ghh0611 ussd and IDLE m_mmiDialog = null
02-09 18:22:55.917 D/InCallScreen(27234): Handler: handling message { what=101 when=-89ms obj=android.os.AsyncResult@40659e28 } while not in foreground
02-09 18:22:55.917 D/InCallScreen(27234): onPhoneStateChanged()...
02-09 18:22:55.917 D/InCallScreen(27234): onPhoneStateChanged: Activity not in foreground! Bailing out...
02-09 18:22:55.917 D/InCallScreen(27234): onPhoneStateChanged: release WakeState.SLEEP ...
02-09 18:22:55.917 D/PhoneApp(27234): updateWakeState: callscreen false, dialer false, speaker false...
02-09 18:22:55.917 D/PhoneApp(27234): setScreenTimeout(DEFAULT)...
02-09 18:22:55.917 D/PhoneApp(27234): updateWakeState: keepScreenOn = false (isRinging false, isDialing false, showingDisc false)
02-09 18:22:55.917 D/PhoneApp(27234): requestWakeState(SLEEP)...
02-09 18:22:55.927 D/KeyguardViewMediator(27162): setHidden false
02-09 18:22:55.937 I/Mms/compose(27733): SLIDESHOW setSendButtonText isMms = false
02-09 18:22:55.937 I/Mms/compose(27733): drawBottomPanel, inputmethod
02-09 18:22:55.937 D/Mms/compose(27733): lyftest updateOtherAttachmentView
02-09 18:22:55.947 I/Mms/compose(27733): SLIDESHOW updateSendButtonState enable = true
02-09 18:22:55.947 I/Mms/compose(27733): SLIDESHOW setSendButtonText isMms = false
02-09 18:22:55.947 I/Mms/compose(27733): SLIDESHOW setSendButtonText isMms = false
02-09 18:22:55.947 E/Mms/compose(27733): In loadMessageContent() after drawBottomPanel()
02-09 18:22:55.957 D/InCallScreen(27234): onWindowFocusChanged(false)...
02-09 18:22:55.957 D/InCallScreen(27234): - onWindowFocusChanged: faking onDialerKeyUp()...
02-09 18:22:55.977 D/KeyguardViewMediator(27162): setHidden false
02-09 18:22:55.987 I/Mms     (27733): parseMmsAddress number=9136084351, length=10
02-09 18:22:55.987 I/ContactsProvider(27282): query: content://com.android.contacts/data
02-09 18:22:55.997 E/ContactsProvider(27282): 101123 isCallerRegisterNeedSIMProc callerPid:27733, acorePid:27282
02-09 18:22:55.997 I/ContactsProvider(27282): query isCallerRegistered= true
02-09 18:22:55.997 I/ContactsProvider(27282): query forOnlyOneContactString= 0
02-09 18:22:56.007 I/ContactsProvider(27282): query: content://com.android.contacts/contacts/176/photo
02-09 18:22:56.007 E/ContactsProvider(27282): 101123 isCallerRegisterNeedSIMProc callerPid:27733, acorePid:27282
02-09 18:22:56.007 I/ContactsProvider(27282): query isCallerRegistered= true
02-09 18:22:56.007 I/ContactsProvider(27282): query forOnlyOneContactString= 0
02-09 18:22:56.017 D/Mms     (27733): formatTimeStampString1 ,when = 1328833030481
02-09 18:22:56.017 D/Mms     (27733): formatTimeStampString2 ,when = 1328833030481
02-09 18:22:56.017 D/MessageItem(27733): MessageItem ,expiryDate = 0
02-09 18:22:56.017 I/ContactsProvider(27282): query: content://com.android.contacts/phone_lookup/9136084351
02-09 18:22:56.017 E/ContactsProvider(27282): 101123 isCallerRegisterNeedSIMProc callerPid:27733, acorePid:27282
02-09 18:22:56.017 I/ContactsProvider(27282): query isCallerRegistered= true
02-09 18:22:56.017 I/ContactsProvider(27282): query forOnlyOneContactString= 0
02-09 18:22:56.047 D/Mms     (27733): formatTimeStampString1 ,when = 1328832562611
02-09 18:22:56.047 D/Mms     (27733): formatTimeStampString2 ,when = 1328832562611
02-09 18:22:56.057 I/ContactsProvider(27282): query: content://com.android.contacts/phone_lookup/9132005928
02-09 18:22:56.057 E/ContactsProvider(27282): 101123 isCallerRegisterNeedSIMProc callerPid:27733, acorePid:27282
02-09 18:22:56.057 I/ContactsProvider(27282): query isCallerRegistered= true
02-09 18:22:56.057 I/ContactsProvider(27282): query forOnlyOneContactString= 0
02-09 18:22:56.077 D/Mms     (27733): formatTimeStampString1 ,when = 1328830240261
02-09 18:22:56.077 D/Mms     (27733): formatTimeStampString2 ,when = 1328830240261
02-09 18:22:56.077 D/MessageItem(27733): MessageItem ,expiryDate = 0
02-09 18:22:56.087 D/Mms     (27733): formatTimeStampString1 ,when = 1328829063515
02-09 18:22:56.087 D/Mms     (27733): formatTimeStampString2 ,when = 1328829063515
02-09 18:22:56.107 I/ContactsProvider(27282): query: content://com.android.contacts/contacts/lookup/1459i64d68e1f8db6bf98/176
02-09 18:22:56.107 E/ContactsProvider(27282): 101123 isCallerRegisterNeedSIMProc callerPid:27733, acorePid:27282
02-09 18:22:56.107 I/ContactsProvider(27282): query isCallerRegistered= true
02-09 18:22:56.107 I/ContactsProvider(27282): query forOnlyOneContactString= 0
02-09 18:22:56.127 I/ContactsProvider(27282): query: content://com.android.contacts/contacts/lookup/0r1-2AA02A902A942A922A8E2A8E2A982AA02A922A9E/1
02-09 18:22:56.127 E/ContactsProvider(27282): 101123 isCallerRegisterNeedSIMProc callerPid:27733, acorePid:27282
02-09 18:22:56.127 I/ContactsProvider(27282): query isCallerRegistered= true
02-09 18:22:56.127 I/ContactsProvider(27282): query forOnlyOneContactString= 0
02-09 18:22:56.137 D/PowerManagerService(27162): acquireWakeLock flags=0x1 tag=sleep_broadcast
02-09 18:22:56.137 D/PowerManagerService(27162): Go to standby ,PARTIAL_WAKE_LOCK tag = GTALK_ASYNC_CONN
02-09 18:22:56.137 D/PowerManagerService(27162): Go to standby ,PARTIAL_WAKE_LOCK tag = ActivityManager-Launch
02-09 18:22:56.137 D/PowerManagerService(27162): Go to standby ,PARTIAL_WAKE_LOCK tag = sleep_broadcast
02-09 18:22:56.137 D/KeyguardViewMediator(27162): onScreenTurnedOff(2)
02-09 18:22:56.137 D/lisha   (27162): isLockedOrMissing ***state.isPinLocked()=false***requireSim = true***state=READY
02-09 18:22:56.137 D/lisha   (27162): ***lockedOrMissing=false***provisioned=true
02-09 18:22:56.137 D/KeyguardViewMediator(27162): doKeyguard: showing the lock screen
02-09 18:22:56.137 D/KeyguardViewMediator(27162): showLocked
02-09 18:22:56.137 D/PowerManagerService(27162): acquireWakeLock flags=0x1 tag=show keyguard
02-09 18:22:56.137 E/Sensors (27162): [HAL]ready to call enable(Accelerometer,0),AAAAAAAA
02-09 18:22:56.137 E/Sensors (27162): [HAL]ECS_IOCTL_APP_SET_AFLAG 	success,flags = 0
02-09 18:22:56.137 E/Sensors (27162): [HAL]After {mEnabled &= ~(1<<what)},mEnabled = 0
02-09 18:22:56.137 E/Sensors (27162): [HAL]After {(newState)<<what)},mEnabled = 0
02-09 18:22:56.137 E/Sensors (27162): [HAL]Closed /dev/akm8962_aot in enable(Accelerometer,0),mEnable = 0
02-09 18:22:56.137 D/KeyguardViewMediator(27162): handleShow
02-09 18:22:56.137 D/PowerManagerService(27162): acquireWakeLock flags=0x1 tag=ActivityManager-Sleep
02-09 18:22:56.137 D/PowerManagerService(27162): releaseWakeLock flags=0x1 tag=ActivityManager-Launch
02-09 18:22:56.137 I/LockPatternKeyguardView(27162): updateLockscreenBackground
02-09 18:22:56.137 I/LockPatternKeyguardView(27162): setBackgroundDrawable
02-09 18:22:56.137 I/LockPatternKeyguardView(27162): file not found: etc/customize/default_lockscreen
02-09 18:22:56.177 D/KeyguardViewMediator(27162): setHidden false
02-09 18:22:56.217 D/KeyguardViewMediator(27162): setHidden false
02-09 18:22:56.237 D/KeyguardViewMediator(27162): setHidden false
02-09 18:22:56.247 I/ContactsProvider(27282): query: content://com.android.contacts/data/0
02-09 18:22:56.247 E/ContactsProvider(27282): 101123 isCallerRegisterNeedSIMProc callerPid:27733, acorePid:27282
02-09 18:22:56.257 D/LockScreen(27162): initCarrierVisibility - mResId.length=2, mCarrier.length=1
02-09 18:22:56.267 D/PowerManagerService(27162): releaseWakeLock flags=0x1 tag=ActivityManager-Sleep
02-09 18:22:56.267 I/ContactsProvider(27282): query isCallerRegistered= true
02-09 18:22:56.267 I/ContactsProvider(27282): query forOnlyOneContactString= 0
02-09 18:22:56.277 D/PowerManagerService(27162): acquireWakeLock flags=0x1 tag=RILJ
02-09 18:22:56.287 D/PowerManagerService(27162): releaseWakeLock flags=0x1 tag=RILJ
02-09 18:22:56.297 D/InCallScreen(27234): onStop()...
02-09 18:22:56.297 D/InCallScreen(27234): onStop: state = IDLE
02-09 18:22:56.297 D/InCallScreen(27234): - onStop: calling finish() to clear activity history...
02-09 18:22:56.297 D/KeyguardViewMediator(27162): setHidden false
02-09 18:22:56.307 I/ContactsProvider(27282): query: content://com.android.contacts/data/0
02-09 18:22:56.307 E/ContactsProvider(27282): 101123 isCallerRegisterNeedSIMProc callerPid:27733, acorePid:27282
02-09 18:22:56.317 I/ContactsProvider(27282): query isCallerRegistered= true
02-09 18:22:56.317 I/ContactsProvider(27282): query forOnlyOneContactString= 0
02-09 18:22:56.317 I/DATA    (27234): [DCT(0) ] intent received :android.intent.action.SCREEN_OFF
02-09 18:22:56.337 D/AlarmManager(27162): +++Alarm set:type=0 android  Trigger after:120000ms
02-09 18:22:56.337 D/PowerManagerService(27162): releaseWakeLock flags=0x1 tag=sleep_broadcast
02-09 18:22:56.357 D/LockScreen(27162): updateLayout: status=Normalsubscription=0
02-09 18:22:56.357 D/LockScreen(27162): Updating Lock Screen text to Ruim
02-09 18:22:56.357 D/PhoneApp(27234): setIgnoreTouchUserActivity(false)...
02-09 18:22:56.367 D/LockPatternKeyguardView(27162): LockPatternKeyguardView ctor: about to createUnlockScreenFor; mEnableFallback=false
02-09 18:22:56.467 D/UnlockScreen(27162): *******mCreationOrientation = 1
02-09 18:22:56.497 W/IInputConnectionWrapper(27733): showStatusIcon on inactive InputConnection
02-09 18:22:56.527 D/Mms:app (27733): mCmasCursor.getCount() =0
02-09 18:22:56.527 D/Mms:app (27733): in updateCmasNotifications--unreadCMASCursor.getCount() <= 0
02-09 18:22:56.557 I/Mms:app (27733): pengzhe updateDownloadFailedNotification getDownloadFailedMessageCount =0
02-09 18:22:56.607 D/Mms:app (27733): in getIconResourceId cmasNo =0
02-09 18:22:56.607 D/Mms:app (27733): in getIconResourceId cmasNo = 0, cancel(notificationId)
02-09 18:22:56.617 D/LockPatternKeyguardView(27162): createUnlockScreenFor(Pattern): mEnableFallback=false
02-09 18:22:56.637 I/Mms     (27733): parseMmsAddress number=9137446943, length=10
02-09 18:22:56.647 I/LockPatternKeyguardView(27162): updateLockscreenBackground
02-09 18:22:56.647 I/LockPatternKeyguardView(27162): setBackgroundDrawable
02-09 18:22:56.647 I/LockPatternKeyguardView(27162): file not found: etc/customize/default_lockscreen
02-09 18:22:56.647 D/LockScreen(27162): updateLayout: status=Normalsubscription=0
02-09 18:22:56.647 D/LockScreen(27162): Updating Lock Screen text to Ruim
02-09 18:22:56.657 D/KeyguardViewMediator(27162): adjustUserActivityLocked mShowing: true mHidden: false
02-09 18:22:56.667 D/PowerManagerService(27162): releaseWakeLock flags=0x1 tag=show keyguard
02-09 18:22:56.687 D/KeyguardViewMediator(27162): setHidden false
02-09 18:22:56.697 D/Launcher(27250): Closing system Dialogs 
02-09 18:22:56.727 D/KeyguardViewMediator(27162): setHidden false
02-09 18:22:56.727 D/KeyguardViewMediator(27162): setHidden false
02-09 18:22:56.747 I/ContactsListActivity(27282): powerReceiver,onReceive
02-09 18:22:56.747 I/ContactsListActivity(27282): reason = lock
02-09 18:22:56.747 I/ContactsListActivity(27282): powerReceiver,closeContextMenu
02-09 18:22:56.757 I/ContactsProvider(27282): query: content://com.android.contacts/data
02-09 18:22:56.757 E/ContactsProvider(27282): 101123 isCallerRegisterNeedSIMProc callerPid:27733, acorePid:27282
02-09 18:22:56.757 I/ContactsProvider(27282): query isCallerRegistered= true
02-09 18:22:56.767 I/ContactsProvider(27282): query forOnlyOneContactString= 0
02-09 18:22:56.767 I/ContactsProvider(27282): query: content://com.android.contacts/contacts/222/photo
02-09 18:22:56.767 E/ContactsProvider(27282): 101123 isCallerRegisterNeedSIMProc callerPid:27733, acorePid:27282
02-09 18:22:56.777 I/ContactsProvider(27282): query isCallerRegistered= true
02-09 18:22:56.777 I/ContactsProvider(27282): query forOnlyOneContactString= 0
02-09 18:22:56.787 D/KeyguardViewMediator(27162): setHidden false
02-09 18:22:56.797 E/lights  (27162):   g_haveAmberLed=0
02-09 18:22:56.797 E/lights  (27162):   red=0
02-09 18:22:56.797 E/lights  (27162):   green=255
02-09 18:22:56.797 E/lights  (27162):   blink=1
02-09 18:22:56.817 D/KeyguardViewMediator(27162): setHidden false
02-09 18:22:56.858 D/KeyguardViewMediator(27162): setHidden false
02-09 18:22:56.868 D/KeyguardViewMediator(27162): setHidden false
02-09 18:22:57.458 D/AudioHardwareMSM7X30(27152): AudioStreamOutMSM72xx::standby()
02-09 18:22:57.458 D/AudioHardwareMSM7X30(27152): Deroute pcm out stream
02-09 18:22:57.458 D/AudioHardwareMSM7X30(27152): updateDeviceInfo: E rx_device 0 and tx_device 9
02-09 18:22:57.458 D/AudioHardwareMSM7X30(27152): No active voicecall/playback, disabling cur_rx 0
02-09 18:22:57.458 D/AudioHardwareMSM7X30(27152): value of device and enable is 0 0 ALSA dev id:0
02-09 18:22:57.458 D/AudioHardwareMSM7X30(27152): No active voicecall/recording, disabling cur_tx 9
02-09 18:22:57.458 D/AudioHardwareMSM7X30(27152): value of device and enable is 9 0 ALSA dev id:12
02-09 18:22:57.458 E/AudioHardwareMSM7X30(27152): There is no node in the routing table!
02-09 18:22:57.458 D/AudioHardwareMSM7X30(27152): updateDeviceInfo: X cur_rx 0 cur_tx 9
02-09 18:22:59.570 W/AlarmManager(27162): +++Alarm  wakeup phone ,pkg=com.google.android.location
02-09 18:22:59.580 D/PowerManagerService(27162): acquireWakeLock flags=0x1 tag=NetworkLocationCallbackRunner
02-09 18:22:59.590 D/PowerManagerService(27162): acquireWakeLock flags=0x1 tag=NetworkLocationLocator
02-09 18:22:59.600 D/PowerManagerService(27162): acquireWakeLock flags=0x1 tag=WifiService
02-09 18:22:59.620 D/PowerManagerService(27162): acquireWakeLock flags=0x1 tag=AlarmManager
02-09 18:22:59.620 D/PowerManagerService(27162): acquireWakeLock flags=0x1 tag=NetworkLocationCallbackRunner
02-09 18:22:59.630 D/AlarmManager(27162): +++Alarm set:type=2 com.google.android.location  Trigger after:4983ms
02-09 18:22:59.630 W/AlarmManager(27162): +++alarm onSendFinished ,action=com.google.android.location.ALARM_WAKEUP_LOCATOR
02-09 18:22:59.630 D/PowerManagerService(27162): releaseWakeLock flags=0x1 tag=AlarmManager
02-09 18:22:59.630 D/AlarmManager(27162): +++Alarm set:type=2 com.google.android.apps.maps  Trigger after:2147482813481ms
02-09 18:22:59.630 D/PowerManagerService(27162): releaseWakeLock flags=0x1 tag=NetworkLocationCallbackRunner
02-09 18:22:59.630 D/PowerManagerService(27162): releaseWakeLock flags=0x1 tag=NetworkLocationCallbackRunner
02-09 18:22:59.630 D/TelephonyManager(27265): [LPZ-GPS]getCellLocation enter,usewireless=true
02-09 18:22:59.630 D/CdmaCellLocation(27265): [LPZ-GPS]mUseNetworkwireless=true
02-09 18:22:59.630 D/CdmaCellLocation(27265): [LPZ-GPS]BSId=4721
02-09 18:22:59.630 D/CdmaCellLocation(27265): [LPZ-GPS]BSLAT=560455
02-09 18:22:59.630 D/CdmaCellLocation(27265): [LPZ-GPS]BSLONG=-1362815
02-09 18:22:59.630 D/CdmaCellLocation(27265): [LPZ-GPS]SystemId=4139
02-09 18:22:59.630 D/CdmaCellLocation(27265): [LPZ-GPS]NetworkId=41
02-09 18:22:59.640 D/WifiLocator(27265): Good cache hits. Computing WiFi location locally hasLocation=1 noLocation=0 cacheMiss=0
02-09 18:22:59.640 D/WifiLocator(27265): Computing location using MaxLre.
02-09 18:22:59.650 D/PowerManagerService(27162): releaseWakeLock flags=0x1 tag=WifiService
02-09 18:22:59.670 D/WifiLocator(27265): Finished computing WiFi location: WifiLocationResult [position=Position [redacted], confidence=78, outliers=[]]
02-09 18:22:59.670 D/CellLocator(27265): Primary cell miss in cache. Need server request.
02-09 18:22:59.670 D/NetworkLocator(27265): New location significantly newer than previous. Reporting it.
02-09 18:22:59.700 D/androidNlpServiceThread(27265): reporting Location[mProvider=network,mTime=1328833379684,mLatitude=38.9151975,mLongitude=-94.6386888,mHasAltitude=false,mAltitude=0.0,mHasSpeed=false,mSpeed=0.0,mHasBearing=false,mBearing=0.0,mHasAccuracy=true,mAccuracy=37.0,mExtras=Bundle[{networkLocationSource=cached, networkLocationType=wifi}]]
02-09 18:22:59.700 D/AlarmManager(27162): +++Alarm set:type=2 com.google.android.location  Trigger after:4907ms
02-09 18:22:59.700 D/PowerManagerService(27162): acquireWakeLock flags=0x1 tag=GpsLocationProvider
02-09 18:22:59.710 I/System.out(27265): [INFO:27329187]: LogSource: Running flush
02-09 18:22:59.710 I/System.out(27265): [INFO:27329189]: LogSource: Sending payload [bytes=435]
02-09 18:22:59.730 D/ClientReporter(27265): reported location
02-09 18:22:59.740 D/PowerManagerService(27162): releaseWakeLock flags=0x1 tag=GpsLocationProvider
02-09 18:22:59.740 D/PowerManagerService(27162): acquireWakeLock flags=0x1 tag=LocationManagerService
02-09 18:22:59.750 D/PowerManagerService(27162): releaseWakeLock flags=0x1 tag=LocationManagerService
02-09 18:22:59.750 D/PowerManagerService(27162): acquireWakeLock flags=0x1 tag=LocationManagerService
02-09 18:22:59.750 D/PowerManagerService(27162): releaseWakeLock flags=0x1 tag=LocationManagerService
02-09 18:22:59.750 D/PowerManagerService(27162): acquireWakeLock flags=0x1 tag=LocationManagerService
02-09 18:22:59.750 D/PowerManagerService(27162): releaseWakeLock flags=0x1 tag=LocationManagerService
02-09 18:22:59.750 D/PowerManagerService(27162): acquireWakeLock flags=0x1 tag=LocationManagerService
02-09 18:22:59.750 D/PowerManagerService(27162): releaseWakeLock flags=0x1 tag=LocationManagerService
02-09 18:23:00.001 D/PowerManagerService(27162): acquireWakeLock flags=0x1 tag=AlarmManager
02-09 18:23:00.011 D/KeyguardUpdateMonitor(27162): received broadcast android.intent.action.TIME_TICK
02-09 18:23:00.011 D/KeyguardUpdateMonitor(27162): handleTimeUpdate
02-09 18:23:00.071 D/PowerManagerService(27162): releaseWakeLock flags=0x1 tag=AlarmManager
02-09 18:23:00.851 I/dun_service(  123): process rmnet event
02-09 18:23:00.851 I/dun_service(  123): Post event 4
02-09 18:23:00.861 I/dun_service(  123): received event: DUN_EVENT_RMNET_UP 
02-09 18:23:00.861 I/dun_service(  123): received event(DUN_EVENT_RMNET_UP) in state(DUN_STATE_USB_UNPLUG)
02-09 18:23:00.861 I/dun_service(  123): Ignoring the event DUN_EVENT_RMNET_UP in USB_UNPLUG_STATE
02-09 18:23:00.861 I/dun_service(  123): Moved to state(DUN_STATE_USB_UNPLUG)
02-09 18:23:00.861 I/wpa_supplicant(30784): Selecting BSS from priority group 4
02-09 18:23:00.861 I/wpa_supplicant(30784): Try to find WPA-enabled AP
02-09 18:23:00.861 I/wpa_supplicant(30784): Selecting BSS from priority group 3
02-09 18:23:00.861 I/wpa_supplicant(30784): Try to find WPA-enabled AP
02-09 18:23:00.861 I/wpa_supplicant(30784): Selecting BSS from priority group 2
02-09 18:23:00.861 I/wpa_supplicant(30784): Try to find WPA-enabled AP
02-09 18:23:00.861 I/wpa_supplicant(30784): Selecting BSS from priority group 1
02-09 18:23:00.861 I/wpa_supplicant(30784): Try to find WPA-enabled AP
02-09 18:23:00.871 D/WifiStateTracker(27162): setNotificationVisible() scanResult.SSID=HH Free WIFI Open? true
02-09 18:23:00.871 D/WifiStateTracker(27162): interpretScanResultsAvailable() numOpenNetworks=1 mNumScansSinceNetworkStateChange=505
02-09 18:23:00.871 D/WifiStateTracker(27162): setNotificationVisible() System.currentTimeMillis()=1328833380881
02-09 18:23:00.871 D/WifiStateTracker(27162): setNotificationVisible() mNotificationRepeatTime=1328833682099
02-09 18:23:00.871 D/WifiStateTracker(27162): setNotificationVisible() System.currentTimeMillis() < mNotificationRepeatTime return.
02-09 18:23:00.911 I/BluetoothService(27162): Received AVRCP_PASS_THROUGH_TIMEOUT message
02-09 18:23:00.921 D/AlarmManager(27162): +++Alarm set:type=2 com.google.android.location  Trigger after:3689ms
02-09 18:23:00.952 D/AlarmManager(27162): +++Alarm set:type=2 com.google.android.apps.maps  Trigger after:2147482812159ms
02-09 18:23:01.232 D/PowerManagerService(27162): acquireWakeLock flags=0x1 tag=ServiceStateTracker
02-09 18:23:01.242 D/PowerManagerService(27162): releaseWakeLock flags=0x1 tag=ServiceStateTracker
02-09 18:23:02.693 I/System.out(27265): [SEVERE:27332169]: LogSource: AsyncHttpRequestImpl.run(): exception thrown : Read error: ssl=0x3ccf98: I/O error during system call, Connection reset by peer: javax.net.ssl.SSLException
02-09 18:23:02.703 D/WifiLocator(27265): Good cache hits. Computing WiFi location locally hasLocation=1 noLocation=0 cacheMiss=0
02-09 18:23:02.703 D/WifiLocator(27265): Computing location using MaxLre.
02-09 18:23:02.753 E/GlsClient-query(27265): requestFailed
02-09 18:23:02.753 E/GlsClient-query(27265): javax.net.ssl.SSLException: Read error: ssl=0x3ccf98: I/O error during system call, Connection reset by peer
02-09 18:23:02.753 E/GlsClient-query(27265): 	at org.apache.harmony.xnet.provider.jsse.NativeCrypto.SSL_read(Native Method)
02-09 18:23:02.753 E/GlsClient-query(27265): 	at org.apache.harmony.xnet.provider.jsse.OpenSSLSocketImpl$SSLInputStream.read(OpenSSLSocketImpl.java:788)
02-09 18:23:02.753 E/GlsClient-query(27265): 	at org.apache.http.impl.io.AbstractSessionInputBuffer.fillBuffer(AbstractSessionInputBuffer.java:103)
02-09 18:23:02.753 E/GlsClient-query(27265): 	at org.apache.http.impl.io.AbstractSessionInputBuffer.readLine(AbstractSessionInputBuffer.java:191)
02-09 18:23:02.753 E/GlsClient-query(27265): 	at org.apache.http.impl.conn.DefaultResponseParser.parseHead(DefaultResponseParser.java:82)
02-09 18:23:02.753 E/GlsClient-query(27265): 	at org.apache.http.impl.io.AbstractMessageParser.parse(AbstractMessageParser.java:174)
02-09 18:23:02.753 E/GlsClient-query(27265): 	at org.apache.http.impl.AbstractHttpClientConnection.receiveResponseHeader(AbstractHttpClientConnection.java:179)
02-09 18:23:02.753 E/GlsClient-query(27265): 	at org.apache.http.impl.conn.DefaultClientConnection.receiveResponseHeader(DefaultClientConnection.java:235)
02-09 18:23:02.753 E/GlsClient-query(27265): 	at org.apache.http.impl.conn.AbstractClientConnAdapter.receiveResponseHeader(AbstractClientConnAdapter.java:259)
02-09 18:23:02.753 E/GlsClient-query(27265): 	at org.apache.http.protocol.HttpRequestExecutor.doReceiveResponse(HttpRequestExecutor.java:279)
02-09 18:23:02.753 E/GlsClient-query(27265): 	at org.apache.http.protocol.HttpRequestExecutor.execute(HttpRequestExecutor.java:121)
02-09 18:23:02.753 E/GlsClient-query(27265): 	at org.apache.http.impl.client.DefaultRequestDirector.execute(DefaultRequestDirector.java:421)
02-09 18:23:02.753 E/GlsClient-query(27265): 	at org.apache.http.impl.client.AbstractHttpClient.execute(AbstractHttpClient.java:555)
02-09 18:23:02.753 E/GlsClient-query(27265): 	at org.apache.http.impl.client.AbstractHttpClient.execute(AbstractHttpClient.java:487)
02-09 18:23:02.753 E/GlsClient-query(27265): 	at com.google.common.io.android.AndroidHttpClient.execute(Unknown Source)
02-09 18:23:02.753 E/GlsClient-query(27265): 	at com.google.common.io.android.GoogleHttpClient.executeWithoutRewriting(Unknown Source)
02-09 18:23:02.753 E/GlsClient-query(27265): 	at com.google.common.io.android.GoogleHttpClient.execute(Unknown Source)
02-09 18:23:02.753 E/GlsClient-query(27265): 	at com.google.common.io.android.GoogleHttpClient.execute(Unknown Source)
02-09 18:23:02.753 E/GlsClient-query(27265): 	at com.google.common.io.android.AndroidHttpConnectionFactory$AndroidGoogleHttpConnection.getResponse(Unknown Source)
02-09 18:23:02.753 E/GlsClient-query(27265): 	at com.google.common.io.android.AndroidHttpConnectionFactory$AndroidGoogleHttpConnection.getResponseCode(Unknown Source)
02-09 18:23:02.753 E/GlsClient-query(27265): 	at com.google.common.async.AsyncHttpRequestFactory$AsyncHttpRequestImpl.run(Unknown Source)
02-09 18:23:02.753 E/GlsClient-query(27265): 	at com.google.common.async.AsyncHttpRequestFactory.executeNextRequest(Unknown Source)
02-09 18:23:02.753 E/GlsClient-query(27265): 	at com.google.common.async.AsyncHttpRequestFactory.run(Unknown Source)
02-09 18:23:02.753 E/GlsClient-query(27265): 	at com.google.common.lang.BaseThreadFactory$ThreadImpl.run(Unknown Source)
02-09 18:23:02.803 D/WifiLocator(27265): Finished computing WiFi location: WifiLocationResult [position=Position [redacted], confidence=78, outliers=[]]
02-09 18:23:02.803 D/CellLocator(27265): Primary cell miss in cache. Need server request.
02-09 18:23:02.803 D/androidNlpServiceThread(27265): reporting Location[mProvider=network,mTime=1328833382818,mLatitude=38.9151975,mLongitude=-94.6386889,mHasAltitude=false,mAltitude=0.0,mHasSpeed=false,mSpeed=0.0,mHasBearing=false,mBearing=0.0,mHasAccuracy=true,mAccuracy=36.0,mExtras=Bundle[{networkLocationSource=cached, networkLocationType=wifi}]]
02-09 18:23:02.803 D/AlarmManager(27162): +++Alarm set:type=2 com.google.android.location  Trigger after:296804ms
02-09 18:23:02.813 D/PowerManagerService(27162): acquireWakeLock flags=0x1 tag=WifiService
02-09 18:23:02.813 D/PowerManagerService(27162): releaseWakeLock flags=0x1 tag=WifiService
02-09 18:23:02.813 I/DATA    (27234): [DCT(0) ] intent received :android.net.wifi.STATE_CHANGE
02-09 18:23:02.813 D/PowerManagerService(27162): releaseWakeLock flags=0x1 tag=NetworkLocationLocator
02-09 18:23:02.813 D/PowerManagerService(27162): acquireWakeLock flags=0x1 tag=GpsLocationProvider
02-09 18:23:02.823 D/ClientReporter(27265): reported location
02-09 18:23:02.823 D/PowerManagerService(27162): releaseWakeLock flags=0x1 tag=GpsLocationProvider
02-09 18:23:02.823 D/PowerManagerService(27162): acquireWakeLock flags=0x1 tag=LocationManagerService
02-09 18:23:02.823 D/PowerManagerService(27162): releaseWakeLock flags=0x1 tag=LocationManagerService
02-09 18:23:02.823 D/PowerManagerService(27162): acquireWakeLock flags=0x1 tag=LocationManagerService
02-09 18:23:02.823 D/PowerManagerService(27162): releaseWakeLock flags=0x1 tag=LocationManagerService
02-09 18:23:05.996 D/PowerManagerService(27162): acquireWakeLock flags=0x1 tag=GTALK_CONN
02-09 18:23:05.996 D/PowerManagerService(27162): releaseWakeLock flags=0x1 tag=GTALK_CONN
02-09 18:23:07.128 D/PowerManagerService(27162): acquireWakeLock flags=0x1 tag=GTALK_CONN
02-09 18:23:07.138 D/PowerManagerService(27162): releaseWakeLock flags=0x1 tag=GTALK_CONN
02-09 18:23:07.838 I/dun_service(  123): process rmnet event
02-09 18:23:07.838 I/dun_service(  123): Post event 4
02-09 18:23:07.848 I/dun_service(  123): received event: DUN_EVENT_RMNET_UP 
02-09 18:23:07.848 I/dun_service(  123): received event(DUN_EVENT_RMNET_UP) in state(DUN_STATE_USB_UNPLUG)
02-09 18:23:07.848 I/dun_service(  123): Ignoring the event DUN_EVENT_RMNET_UP in USB_UNPLUG_STATE
02-09 18:23:07.848 I/dun_service(  123): Moved to state(DUN_STATE_USB_UNPLUG)
02-09 18:23:07.848 I/wpa_supplicant(30784): Selecting BSS from priority group 4
02-09 18:23:07.848 I/wpa_supplicant(30784): Try to find WPA-enabled AP
02-09 18:23:07.848 I/wpa_supplicant(30784): Selecting BSS from priority group 3
02-09 18:23:07.848 I/wpa_supplicant(30784): Try to find WPA-enabled AP
02-09 18:23:07.848 I/wpa_supplicant(30784): Selecting BSS from priority group 2
02-09 18:23:07.848 I/wpa_supplicant(30784): Try to find WPA-enabled AP
02-09 18:23:07.848 I/wpa_supplicant(30784): Selecting BSS from priority group 1
02-09 18:23:07.848 I/wpa_supplicant(30784): Try to find WPA-enabled AP
02-09 18:23:07.868 D/WifiStateTracker(27162): setNotificationVisible() scanResult.SSID=HH Free WIFI Open? true
02-09 18:23:07.868 D/WifiStateTracker(27162): interpretScanResultsAvailable() numOpenNetworks=1 mNumScansSinceNetworkStateChange=506
02-09 18:23:07.868 D/WifiStateTracker(27162): setNotificationVisible() System.currentTimeMillis()=1328833387871
02-09 18:23:07.868 D/WifiStateTracker(27162): setNotificationVisible() mNotificationRepeatTime=1328833682099
02-09 18:23:07.868 D/WifiStateTracker(27162): setNotificationVisible() System.currentTimeMillis() < mNotificationRepeatTime return.
02-09 18:23:07.908 D/AlarmManager(27162): +++Alarm set:type=2 com.google.android.location  Trigger after:291710ms
02-09 18:23:07.918 D/AlarmManager(27162): +++Alarm set:type=2 com.google.android.apps.maps  Trigger after:2147482805202ms
02-09 18:23:08.199 D/PowerManagerService(27162): acquireWakeLock flags=0x1 tag=GTALK_CONN
02-09 18:23:08.199 I/GTalkService(27265): connectionEstablished
02-09 18:23:08.199 D/PowerManagerService(27162): releaseWakeLock flags=0x1 tag=GTALK_CONN
02-09 18:23:08.199 D/PowerManagerService(27162): acquireWakeLock flags=0x1 tag=GTALK_CONN
02-09 18:23:08.199 D/PowerManagerService(27162): releaseWakeLock flags=0x1 tag=GTALK_CONN
02-09 18:23:08.209 D/PowerManagerService(27162): acquireWakeLock flags=0x1 tag=GTALK_CONN
02-09 18:23:08.349 D/GTalkService(27265): [RosterListenerImpl] removeTalkPresence for account=1, deleted=5
02-09 18:23:08.369 D/PowerManagerService(27162): releaseWakeLock flags=0x1 tag=GTALK_CONN
02-09 18:23:08.379 D/PowerManagerService(27162): acquireWakeLock flags=0x1 tag=GTALK_CONN
02-09 18:23:08.389 I/ContactsProvider(27282): updateInTransaction: content://com.android.contacts/status_updates
02-09 18:23:08.449 D/GTalkService(27265): [ContactPresence] removeAllContactsPresence: account=1, set null presence for 4
02-09 18:23:08.469 D/PowerManagerService(27162): releaseWakeLock flags=0x1 tag=GTALK_CONN
02-09 18:23:08.479 D/PowerManagerService(27162): acquireWakeLock flags=0x1 tag=GTALK_CONN
02-09 18:23:08.479 D/PowerManagerService(27162): acquireWakeLock flags=0x1 tag=GOOGLE_C2DM
02-09 18:23:08.529 D/PowerManagerService(27162): releaseWakeLock flags=0x1 tag=GTALK_CONN
02-09 18:23:08.659 D/AlarmManager(27162): +++Alarm set:type=2 com.google.android.gsf  Trigger after:1680000ms
02-09 18:23:08.659 I/GTalkService(27265): [GTalkConnection.25] connectionEstablished: release wakelock
02-09 18:23:08.669 D/PowerManagerService(27162): releaseWakeLock flags=0x1 tag=GTALK_ASYNC_CONN
02-09 18:23:08.669 I/GTalkService(27265): [GTalkConnection.25] releaseAsyncWakeLock: clear timer: WakeLock{40525848 held=false, refCount=0}
02-09 18:23:08.709 I/GTalkService(27265): [GTalkConnection.25] (WORKER THREAD) update account status
02-09 18:23:08.839 I/ContactsProvider(27282): insertInTransaction: content://com.android.contacts/status_updates protocol=5 im_handle=decidel@gmail.com im_account=1 status=Shimshon mode=5
02-09 18:23:08.989 I/GTalkService(27265): [GTalkConnection.25] (WORKER THREAD) update account status - done, took 279 ms
02-09 18:23:08.989 I/GTalkService(27265): [GTalkConnection.25] (WORKER THREAD) update account status
02-09 18:23:09.180 D/GoogleVoice(27649): A notification tickle arrived.
02-09 18:23:09.180 D/PowerManagerService(27162): acquireWakeLock flags=0x1 tag=com.google.android.apps.googlevoice.UpdateService
02-09 18:23:09.190 D/PowerManagerService(27162): acquireWakeLock flags=0x1 tag=GTALK_CONN
02-09 18:23:09.190 D/AlarmManager(27162): +++Alarm set:type=2 com.google.android.gsf  Trigger after:1679999ms
02-09 18:23:09.270 D/PowerManagerService(27162): releaseWakeLock flags=0x1 tag=GOOGLE_C2DM
02-09 18:23:09.270 D/PowerManagerService(27162): releaseWakeLock flags=0x1 tag=com.google.android.apps.googlevoice.UpdateService
02-09 18:23:09.420 I/ContactsProvider(27282): insertInTransaction: content://com.android.contacts/status_updates protocol=5 im_handle=decidel@gmail.com im_account=1 status=Shimshon mode=5
02-09 18:23:09.630 D/PowerManagerService(27162): releaseWakeLock flags=0x1 tag=GTALK_CONN
02-09 18:23:09.630 D/PowerManagerService(27162):  ALL PARTIAL wakeLock Released ! 
02-09 18:23:09.650 D/PowerManagerService(27162): acquireWakeLock flags=0x1 tag=GTALK_CONN
02-09 18:23:09.660 D/GTalkService(27265): [RosterMgr] roster not modified
02-09 18:23:09.690 I/GTalkService(27265): [GTalkConnection.25] (WORKER THREAD) update account status - done, took 709 ms
02-09 18:23:09.700 D/AlarmManager(27162): +++Alarm set:type=2 com.google.android.gsf  Trigger after:1679981ms
02-09 18:23:09.730 D/PowerManagerService(27162): releaseWakeLock flags=0x1 tag=GTALK_CONN
02-09 18:23:09.730 D/PowerManagerService(27162):  ALL PARTIAL wakeLock Released ! 
02-09 18:23:09.740 D/PowerManagerService(27162): acquireWakeLock flags=0x1 tag=GTALK_CONN
02-09 18:23:09.770 D/AlarmManager(27162): +++Alarm set:type=2 com.google.android.gsf  Trigger after:1679991ms
02-09 18:23:09.800 D/PowerManagerService(27162): releaseWakeLock flags=0x1 tag=GTALK_CONN
02-09 18:23:09.800 D/PowerManagerService(27162):  ALL PARTIAL wakeLock Released ! 
02-09 18:23:09.810 D/PowerManagerService(27162): acquireWakeLock flags=0x1 tag=GTALK_CONN
02-09 18:23:09.830 D/AlarmManager(27162): +++Alarm set:type=2 com.google.android.gsf  Trigger after:1679999ms
02-09 18:23:09.910 D/PowerManagerService(27162): releaseWakeLock flags=0x1 tag=GTALK_CONN
02-09 18:23:09.910 D/PowerManagerService(27162):  ALL PARTIAL wakeLock Released ! 
02-09 18:23:09.920 D/PowerManagerService(27162): acquireWakeLock flags=0x1 tag=GTALK_CONN
02-09 18:23:09.940 E/TalkProvider(27265): replaceContactWithContactId: contactId==0!!! decidel@gmail.com, acct=1
02-09 18:23:10.020 D/AlarmManager(27162): +++Alarm set:type=2 com.google.android.gsf  Trigger after:1679990ms
02-09 18:23:10.050 E/TalkProvider(27265): insert presence failed for account=1 username=decidel@gmail.com client_type=0 status=Shimshon cap=15 priority=0 mode=3
02-09 18:23:10.080 D/AlarmManager(27162): +++Alarm set:type=2 com.google.android.gsf  Trigger after:1679999ms
02-09 18:23:10.201 D/GTalkService(27265): [OtrMgr] OTR not modified
02-09 18:23:10.211 D/PowerManagerService(27162): releaseWakeLock flags=0x1 tag=GTALK_CONN
02-09 18:23:10.221 D/PowerManagerService(27162):  ALL PARTIAL wakeLock Released ! 
02-09 18:24:55.522 I/dun_service(  123): The value returned from dun_getusbmodemstate_fromsys is 2 
02-09 18:24:55.522 D/PowerManagerService(27162): acquireWakeLock flags=0x1 tag=AlarmManager
02-09 18:24:55.522 D/KeyguardUpdateMonitor(27162): received broadcast android.intent.action.TIME_TICK
02-09 18:24:55.522 D/KeyguardUpdateMonitor(27162): handleTimeUpdate
02-09 18:24:55.542 D/KeyguardUpdateMonitor(27162): received broadcast android.intent.action.BATTERY_CHANGED
02-09 18:24:55.542 D/PowerManagerService(27162): acquireWakeLock flags=0x1 tag=WifiService
02-09 18:24:55.542 D/PowerManagerService(27162): releaseWakeLock flags=0x1 tag=WifiService
02-09 18:24:55.542 D/KeyguardUpdateMonitor(27162): handleBatteryUpdate
02-09 18:24:55.572 D/PowerManagerService(27162): releaseWakeLock flags=0x1 tag=AlarmManager
02-09 18:24:55.572 D/PowerManagerService(27162):  ALL PARTIAL wakeLock Released ! 
02-09 18:24:55.582 D/PowerManagerService(27162): acquireWakeLock flags=0x1 tag=NetworkLocationPassiveCollector
02-09 18:24:55.582 D/PowerManagerService(27162): acquireWakeLock flags=0x1 tag=WifiService
02-09 18:24:55.592 D/PowerManagerService(27162): releaseWakeLock flags=0x1 tag=WifiService
02-09 18:24:55.592 D/AlarmManager(27162): +++Alarm set:type=2 com.google.android.apps.maps  Trigger after:14998ms
02-09 18:24:55.612 I/System.out( 4576): [INFO:950800]: c: Running flush
02-09 18:24:55.612 I/System.out( 4576): [INFO:950801]: c: Sending payload [bytes=402]
02-09 18:24:56.332 W/AlarmManager(27162): +++Alarm  wakeup phone ,pkg=android
02-09 18:24:56.332 D/PowerManagerService(27162): acquireWakeLock flags=0x1 tag=WifiService
02-09 18:24:56.332 D/WifiStateTracker(27162): Scan-only mode changing to true scanType=2
02-09 18:24:56.332 D/PowerManagerService(27162): acquireWakeLock flags=0x1 tag=AlarmManager
02-09 18:24:56.342 W/AlarmManager(27162): +++alarm onSendFinished ,action=com.android.server.WifiManager.action.DEVICE_IDLE
02-09 18:24:56.342 D/PowerManagerService(27162): releaseWakeLock flags=0x1 tag=AlarmManager
02-09 18:24:56.382 I/wpa_supplicant(30784): State: SCANNING -> DISCONNECTED
02-09 18:24:56.382 I/wpa_supplicant(30784): CTRL-EVENT-STATE-CHANGE id=-1 state=8 BSSID=00:00:00:00:00:00
02-09 18:24:56.382 D/PowerManagerService(27162): releaseWakeLock flags=0x1 tag=WifiService
02-09 18:24:56.382 D/WifiStateTracker(27162): Reset connections and stopping DHCP
02-09 18:24:56.733 E/rmt_storage(  155): [MyTag]open: fd=-1
02-09 18:24:56.733 E/rmt_storage(  155): block rmt_storage client thread
02-09 18:24:57.303 I/dun_service(  123): process rmnet event
02-09 18:24:57.303 I/dun_service(  123): Post event 4
02-09 18:24:57.303 I/dun_service(  123): received event: DUN_EVENT_RMNET_UP 
02-09 18:24:57.303 I/dun_service(  123): received event(DUN_EVENT_RMNET_UP) in state(DUN_STATE_USB_UNPLUG)
02-09 18:24:57.313 I/dun_service(  123): Ignoring the event DUN_EVENT_RMNET_UP in USB_UNPLUG_STATE
02-09 18:24:57.313 I/dun_service(  123): Moved to state(DUN_STATE_USB_UNPLUG)
02-09 18:24:57.313 I/wpa_supplicant(30784): State: DISCONNECTED -> DISCONNECTED
02-09 18:24:57.313 I/wpa_supplicant(30784): CTRL-EVENT-STATE-CHANGE id=-1 state=8 BSSID=00:00:00:00:00:00
02-09 18:24:57.393 D/WifiStateTracker(27162): Disabling interface
02-09 18:24:57.393 I/dun_service(  123): Post event 4
02-09 18:24:57.393 I/dun_service(  123): received event: DUN_EVENT_RMNET_UP 
02-09 18:24:57.393 I/dun_service(  123): received event(DUN_EVENT_RMNET_UP) in state(DUN_STATE_USB_UNPLUG)
02-09 18:24:57.393 I/dun_service(  123): Ignoring the event DUN_EVENT_RMNET_UP in USB_UNPLUG_STATE
02-09 18:24:57.393 I/dun_service(  123): Moved to state(DUN_STATE_USB_UNPLUG)
02-09 18:24:57.393 D/NetworkStateTracker(27162): setDetailed state, old =SCANNING and new state=IDLE
02-09 18:24:57.393 I/dun_service(  123): process rmnet event
02-09 18:24:57.413 I/DATA    (27234): [DCT(0) ] intent received :android.net.wifi.STATE_CHANGE
02-09 18:24:57.423 D/WifiStateTracker(27162): setNotificationVisible() scanResult.SSID=HH Free WIFI Open? true
02-09 18:24:57.423 D/WifiStateTracker(27162): interpretScanResultsAvailable() numOpenNetworks=1 mNumScansSinceNetworkStateChange=507
02-09 18:24:57.423 D/WifiStateTracker(27162): setNotificationVisible() System.currentTimeMillis()=1328833497436
02-09 18:24:57.423 D/WifiStateTracker(27162): setNotificationVisible() mNotificationRepeatTime=1328833682099
02-09 18:24:57.423 D/WifiStateTracker(27162): setNotificationVisible() System.currentTimeMillis() < mNotificationRepeatTime return.
02-09 18:24:57.443 D/AlarmManager(27162): +++Alarm set:type=2 com.google.android.location  Trigger after:182165ms
02-09 18:24:57.453 D/AlarmManager(27162): +++Alarm set:type=2 com.google.android.apps.maps  Trigger after:2147482695657ms
02-09 18:25:00.006 D/PowerManagerService(27162): acquireWakeLock flags=0x1 tag=AlarmManager
02-09 18:25:00.016 D/KeyguardUpdateMonitor(27162): received broadcast android.intent.action.TIME_TICK
02-09 18:25:00.016 D/KeyguardUpdateMonitor(27162): handleTimeUpdate
02-09 18:25:00.066 D/PowerManagerService(27162): releaseWakeLock flags=0x1 tag=AlarmManager
02-09 18:25:00.606 I/System.out( 4576): [INFO:955802]: c: Running delayed flush
02-09 18:25:00.616 I/System.out( 4576): [INFO:955814]: c: Running flush
02-09 18:25:00.967 I/System.out( 4576): [INFO:956161]: c: Response [http=200,length=20]
02-09 18:25:00.977 I/System.out( 4576): [INFO:956165]: c: Read id 2, status code 200
02-09 18:25:00.997 D/PowerManagerService(27162): acquireWakeLock flags=0x1 tag=WifiService
02-09 18:25:01.007 D/WifiStateTracker(27162): setNotificationVisible() visible=false mNotificationShown=false force=false return.
02-09 18:25:01.007 I/DATA    (27234): [DCT(0) ] intent received :android.net.wifi.STATE_CHANGE
02-09 18:25:01.007 D/PowerManagerService(27162): releaseWakeLock flags=0x1 tag=NetworkLocationPassiveCollector
02-09 18:25:01.017 I/dun_service(  123): process rmnet event
02-09 18:25:01.017 I/dun_service(  123): Post event 4
02-09 18:25:01.017 I/dun_service(  123): received event: DUN_EVENT_RMNET_UP 
02-09 18:25:01.017 I/dun_service(  123): received event(DUN_EVENT_RMNET_UP) in state(DUN_STATE_USB_UNPLUG)
02-09 18:25:01.017 I/dun_service(  123): Ignoring the event DUN_EVENT_RMNET_UP in USB_UNPLUG_STATE
02-09 18:25:01.017 I/dun_service(  123): Moved to state(DUN_STATE_USB_UNPLUG)
02-09 18:25:01.017 I/wpa_supplicant(30784): CTRL-EVENT-DRIVER-STATE STOPPED
02-09 18:25:09.014 D/PowerManagerService(27162): releaseWakeLock flags=0x1 tag=WifiService
02-09 18:25:09.014 D/PowerManagerService(27162):  ALL PARTIAL wakeLock Released ! 
02-09 18:27:18.522 I/dun_service(  123): The value returned from dun_getusbmodemstate_fromsys is 2 
02-09 18:27:18.522 D/PowerManagerService(27162): acquireWakeLock flags=0x1 tag=AlarmManager
02-09 18:27:18.522 D/KeyguardUpdateMonitor(27162): received broadcast android.intent.action.BATTERY_CHANGED
02-09 18:27:18.522 D/KeyguardUpdateMonitor(27162): handleBatteryUpdate
02-09 18:27:18.532 D/KeyguardUpdateMonitor(27162): received broadcast android.intent.action.TIME_TICK
02-09 18:27:18.532 D/KeyguardUpdateMonitor(27162): handleTimeUpdate
02-09 18:27:18.562 D/PowerManagerService(27162): acquireWakeLock flags=0x1 tag=ServiceStateTracker
02-09 18:27:18.582 D/PowerManagerService(27162): releaseWakeLock flags=0x1 tag=AlarmManager
02-09 18:27:18.592 D/PowerManagerService(27162): releaseWakeLock flags=0x1 tag=ServiceStateTracker
02-09 18:27:18.592 D/PowerManagerService(27162):  ALL PARTIAL wakeLock Released ! 
02-09 18:27:20.533 E/rmt_storage(  155): [MyTag]open: fd=-1
02-09 18:27:20.533 E/rmt_storage(  155): block rmt_storage client thread
02-09 18:27:22.532 D/PowerManagerService(27162): acquireWakeLock flags=0x1 tag=ServiceStateTracker
02-09 18:27:22.542 D/PowerManagerService(27162): releaseWakeLock flags=0x1 tag=ServiceStateTracker
02-09 18:27:22.542 D/PowerManagerService(27162):  ALL PARTIAL wakeLock Released ! 
02-09 18:27:58.522 I/dun_service(  123): The value returned from dun_getusbmodemstate_fromsys is 2 
02-09 18:27:58.522 D/KeyguardUpdateMonitor(27162): received broadcast android.intent.action.BATTERY_CHANGED
02-09 18:27:58.522 D/KeyguardUpdateMonitor(27162): handleBatteryUpdate
02-09 18:27:59.613 W/AlarmManager(27162): +++Alarm  wakeup phone ,pkg=com.google.android.location
02-09 18:27:59.613 D/PowerManagerService(27162): acquireWakeLock flags=0x1 tag=NetworkLocationCallbackRunner
02-09 18:27:59.623 D/PowerManagerService(27162): acquireWakeLock flags=0x1 tag=NetworkLocationLocator
02-09 18:27:59.623 D/PowerManagerService(27162): acquireWakeLock flags=0x1 tag=AlarmManager
02-09 18:27:59.633 D/PowerManagerService(27162): acquireWakeLock flags=0x1 tag=NetworkLocationCallbackRunner
02-09 18:27:59.633 D/PowerManagerService(27162): acquireWakeLock flags=0x1 tag=WifiService
02-09 18:27:59.633 D/WifiStateTracker(27162): Reset connections and stopping DHCP
02-09 18:27:59.643 D/AlarmManager(27162): +++Alarm set:type=2 com.google.android.apps.maps  Trigger after:2147482513468ms
02-09 18:27:59.643 D/PowerManagerService(27162): releaseWakeLock flags=0x1 tag=NetworkLocationCallbackRunner
02-09 18:27:59.653 D/AlarmManager(27162): +++Alarm set:type=2 com.google.android.location  Trigger after:4991ms
02-09 18:27:59.653 D/PowerManagerService(27162): releaseWakeLock flags=0x1 tag=NetworkLocationCallbackRunner
02-09 18:27:59.653 D/TelephonyManager(27265): [LPZ-GPS]getCellLocation enter,usewireless=true
02-09 18:27:59.663 D/CdmaCellLocation(27265): [LPZ-GPS]mUseNetworkwireless=true
02-09 18:27:59.663 D/CdmaCellLocation(27265): [LPZ-GPS]BSId=4721
02-09 18:27:59.663 D/CdmaCellLocation(27265): [LPZ-GPS]BSLAT=560455
02-09 18:27:59.663 D/CdmaCellLocation(27265): [LPZ-GPS]BSLONG=-1362815
02-09 18:27:59.663 D/CdmaCellLocation(27265): [LPZ-GPS]SystemId=4139
02-09 18:27:59.663 D/CdmaCellLocation(27265): [LPZ-GPS]NetworkId=41
02-09 18:27:59.673 D/AlarmManager(27162): +++Alarm set:type=2 com.google.android.location  Trigger after:4970ms
