02-09 18:01:45.628 D/CdmaCellLocation(27265): [LPZ-GPS]SystemId=4139
02-09 18:01:45.628 D/CdmaCellLocation(27265): [LPZ-GPS]NetworkId=41
02-09 18:01:45.628 D/CallManager(27234):  handleMessage (EVENT_SERVICE_STATE_CHANGED)
02-09 18:01:45.628 E/BT HS/HF(27234): SERVICE_STATE_CHANGED called
02-09 18:01:45.628 E/BT HS/HF(27234): updateServiceState called, sendUpdate:false  ServiceState:0 home Sprint  310099  EvDo rev. A CSS not supported 41 4139RoamInd: 1RoamStatus(sprint): 1DefRoamInd: 160EmergOnly: false
02-09 18:01:45.628 E/BT HS/HF(27234): service:1 mService:1
02-09 18:01:45.638 D/DATA    (27234): [DSST(0)]  registrationState = 1  radioTechnology = 8 reasonForDenial = 0
02-09 18:01:45.638 D/DATA    (27234): [DSST(0)]  set mNewDataConnectionState = 0
02-09 18:01:45.638 D/DATA    (27234): [DSST(0)]  mNewDataConnectionState : 0  mDataConnectionState : 0
02-09 18:01:45.638 D/DATA    (27234): [DSST(0)] Poll ServiceState done: oldSS=[0 home null null null  EvDo rev. A CSS not supported -1 -1RoamInd: -1RoamStatus(sprint): -1DefRoamInd: -1EmergOnly: false] newSS=[0 home null null null  EvDo rev. A CSS not supported -1 -1RoamInd: -1RoamStatus(sprint): -1DefRoamInd: -1EmergOnly: false]
02-09 18:01:45.638 D/DATA    (27234): [DSST(0)]  mDataConnectionState = 0
02-09 18:01:45.638 D/AlarmManager(27162): +++Alarm set:type=2 com.google.android.location  Trigger after:75121ms
02-09 18:01:45.638 D/TelephonyManager( 2881): [LPZ-GPS]getCellLocation enter,usewireless=true
02-09 18:01:45.648 D/CdmaCellLocation( 2881): [LPZ-GPS]mUseNetworkwireless=true
02-09 18:01:45.648 D/Mms     (27733): currentRoamingStatus:1
02-09 18:01:45.648 D/CdmaCellLocation( 2881): [LPZ-GPS]BSId=4721
02-09 18:01:45.648 D/CdmaCellLocation( 2881): [LPZ-GPS]BSLAT=560455
02-09 18:01:45.648 D/CdmaCellLocation( 2881): [LPZ-GPS]BSLONG=-1362815
02-09 18:01:45.648 D/CdmaCellLocation( 2881): [LPZ-GPS]SystemId=4139
02-09 18:01:45.648 D/CdmaCellLocation( 2881): [LPZ-GPS]NetworkId=41
02-09 18:01:45.648 D/AlarmManager(27162): +++Alarm set:type=2 com.google.android.apps.maps  Trigger after:2147478988837ms
02-09 18:01:51.764 I/dun_service(  123): process rmnet event
02-09 18:01:51.774 I/dun_service(  123): Post event 4
02-09 18:01:51.774 I/dun_service(  123): received event: DUN_EVENT_RMNET_UP 
02-09 18:01:51.774 I/dun_service(  123): received event(DUN_EVENT_RMNET_UP) in state(DUN_STATE_IDLE)
02-09 18:01:51.774 I/dun_service(  123): Ignoring the event DUN_EVENT_RMNET_UP in IDLE_STATE
02-09 18:01:51.774 I/dun_service(  123): Moved to state(DUN_STATE_IDLE)
02-09 18:01:51.774 I/wpa_supplicant(30784): Selecting BSS from priority group 4
02-09 18:01:51.774 I/wpa_supplicant(30784): Try to find WPA-enabled AP
02-09 18:01:51.774 I/wpa_supplicant(30784): Selecting BSS from priority group 3
02-09 18:01:51.774 I/wpa_supplicant(30784): Try to find WPA-enabled AP
02-09 18:01:51.774 I/wpa_supplicant(30784): Selecting BSS from priority group 2
02-09 18:01:51.774 I/wpa_supplicant(30784): Try to find WPA-enabled AP
02-09 18:01:51.774 I/wpa_supplicant(30784): Selecting BSS from priority group 1
02-09 18:01:51.774 I/wpa_supplicant(30784): Try to find WPA-enabled AP
02-09 18:01:51.804 D/WifiStateTracker(27162): setNotificationVisible() scanResult.SSID=ENCORE76D5C0 Open? false
02-09 18:01:51.804 D/WifiStateTracker(27162): setNotificationVisible() scanResult.SSID=pub9999 Open? false
02-09 18:01:51.804 D/WifiStateTracker(27162): setNotificationVisible() scanResult.SSID=2WIRE485 Open? false
02-09 18:01:51.804 D/WifiStateTracker(27162): setNotificationVisible() scanResult.SSID=HATHAWAY Open? false
02-09 18:01:51.804 D/WifiStateTracker(27162): setNotificationVisible() scanResult.SSID=RiceGalleryNew Open? false
02-09 18:01:51.804 D/WifiStateTracker(27162): setNotificationVisible() scanResult.SSID=OCAP01 Open? false
02-09 18:01:51.804 D/WifiStateTracker(27162): setNotificationVisible() visible=false mNotificationShown=false force=false return.
02-09 18:01:51.844 D/AlarmManager(27162): +++Alarm set:type=2 com.google.android.location  Trigger after:68909ms
02-09 18:01:51.864 D/AlarmManager(27162): +++Alarm set:type=2 com.google.android.apps.maps  Trigger after:2147478982620ms
02-09 18:01:58.751 I/dun_service(  123): process rmnet event
02-09 18:01:58.751 I/dun_service(  123): Post event 4
02-09 18:01:58.751 I/dun_service(  123): received event: DUN_EVENT_RMNET_UP 
02-09 18:01:58.751 I/dun_service(  123): received event(DUN_EVENT_RMNET_UP) in state(DUN_STATE_IDLE)
02-09 18:01:58.751 I/dun_service(  123): Ignoring the event DUN_EVENT_RMNET_UP in IDLE_STATE
02-09 18:01:58.751 I/dun_service(  123): Moved to state(DUN_STATE_IDLE)
02-09 18:01:58.751 I/wpa_supplicant(30784): Selecting BSS from priority group 4
02-09 18:01:58.751 I/wpa_supplicant(30784): Try to find WPA-enabled AP
02-09 18:01:58.751 I/wpa_supplicant(30784): Selecting BSS from priority group 3
02-09 18:01:58.751 I/wpa_supplicant(30784): Try to find WPA-enabled AP
02-09 18:01:58.751 I/wpa_supplicant(30784): Selecting BSS from priority group 2
02-09 18:01:58.751 I/wpa_supplicant(30784): Try to find WPA-enabled AP
02-09 18:01:58.751 I/wpa_supplicant(30784): Selecting BSS from priority group 1
02-09 18:01:58.751 I/wpa_supplicant(30784): Try to find WPA-enabled AP
02-09 18:01:58.771 D/WifiStateTracker(27162): setNotificationVisible() scanResult.SSID=ENCORE76D5C0 Open? false
02-09 18:01:58.781 D/WifiStateTracker(27162): setNotificationVisible() scanResult.SSID=Belkin.384A Open? false
02-09 18:01:58.781 D/WifiStateTracker(27162): setNotificationVisible() scanResult.SSID=2WIRE485 Open? false
02-09 18:01:58.781 D/WifiStateTracker(27162): setNotificationVisible() scanResult.SSID=HATHAWAY Open? false
02-09 18:01:58.781 D/WifiStateTracker(27162): setNotificationVisible() scanResult.SSID=RiceGalleryNew Open? false
02-09 18:01:58.781 D/WifiStateTracker(27162): setNotificationVisible() scanResult.SSID=OCAP01 Open? false
02-09 18:01:58.781 D/WifiStateTracker(27162): setNotificationVisible() visible=false mNotificationShown=false force=false return.
02-09 18:01:58.791 D/AlarmManager(27162): +++Alarm set:type=2 com.google.android.location  Trigger after:61959ms
02-09 18:01:58.801 D/AlarmManager(27162): +++Alarm set:type=2 com.google.android.apps.maps  Trigger after:2147478975684ms
02-09 18:02:00.002 D/KeyguardUpdateMonitor(27162): received broadcast android.intent.action.TIME_TICK
02-09 18:02:00.012 D/KeyguardUpdateMonitor(27162): handleTimeUpdate
02-09 18:02:00.913 D/DATA    (27234): [DSST(0)] pollstate() : reason = data network state changed
02-09 18:02:00.963 D/MobileDataStateTracker(27162): [hipri]  MobileDataStateReceiver onReceive(): Entry.
02-09 18:02:00.963 D/MobileDataStateTracker(27162): [hipri]  intent.getAction()= android.intent.action.SERVICE_STATE
02-09 18:02:00.963 D/MobileDataStateTracker(27162): [hipri]  mEnabled = false
02-09 18:02:00.983 D/CallManager(27234):  handleMessage (EVENT_SERVICE_STATE_CHANGED)
02-09 18:02:00.983 E/BT HS/HF(27234): SERVICE_STATE_CHANGED called
02-09 18:02:00.983 E/BT HS/HF(27234): updateServiceState called, sendUpdate:false  ServiceState:0 home Sprint  310099  EvDo rev. A CSS not supported 41 4139RoamInd: 1RoamStatus(sprint): 1DefRoamInd: 160EmergOnly: false
02-09 18:02:00.983 E/BT HS/HF(27234): service:1 mService:1
02-09 18:02:00.983 D/DATA    (27234): [DSST(0)]  registrationState = 1  radioTechnology = 8 reasonForDenial = 0
02-09 18:02:00.983 D/DATA    (27234): [DSST(0)]  set mNewDataConnectionState = 0
02-09 18:02:00.983 D/DATA    (27234): [DSST(0)]  mNewDataConnectionState : 0  mDataConnectionState : 0
02-09 18:02:00.983 D/DATA    (27234): [DSST(0)] Poll ServiceState done: oldSS=[0 home null null null  EvDo rev. A CSS not supported -1 -1RoamInd: -1RoamStatus(sprint): -1DefRoamInd: -1EmergOnly: false] newSS=[0 home null null null  EvDo rev. A CSS not supported -1 -1RoamInd: -1RoamStatus(sprint): -1DefRoamInd: -1EmergOnly: false]
02-09 18:02:00.983 D/DATA    (27234): [DSST(0)]  mDataConnectionState = 0
02-09 18:02:00.983 D/MobileDataStateTracker(27162): [dun]  MobileDataStateReceiver onReceive(): Entry.
02-09 18:02:00.983 D/MobileDataStateTracker(27162): [dun]  intent.getAction()= android.intent.action.SERVICE_STATE
02-09 18:02:00.983 D/MobileDataStateTracker(27162): [dun]  mEnabled = false
02-09 18:02:00.983 D/CdmaCellLocation(27265): [LPZ-GPS]mUseNetworkwireless=false
02-09 18:02:00.983 D/CdmaCellLocation(27265): [LPZ-GPS]BSId=-1
02-09 18:02:00.983 D/CdmaCellLocation(27265): [LPZ-GPS]BSLAT=2147483647
02-09 18:02:00.983 D/CdmaCellLocation(27265): [LPZ-GPS]BSLONG=2147483647
02-09 18:02:00.983 D/CdmaCellLocation(27265): [LPZ-GPS]SystemId=-1
02-09 18:02:00.983 D/CdmaCellLocation(27265): [LPZ-GPS]NetworkId=-1
02-09 18:02:00.993 D/TelephonyManager(27265): [LPZ-GPS]getCellLocation enter,usewireless=true
02-09 18:02:00.993 D/CdmaCellLocation(27265): [LPZ-GPS]mUseNetworkwireless=true
02-09 18:02:00.993 D/CdmaCellLocation(27265): [LPZ-GPS]BSId=402
02-09 18:02:00.993 D/CdmaCellLocation(27265): [LPZ-GPS]BSLAT=560530
02-09 18:02:00.993 D/CdmaCellLocation(27265): [LPZ-GPS]BSLONG=-1362896
02-09 18:02:00.993 D/CdmaCellLocation(27265): [LPZ-GPS]SystemId=4139
02-09 18:02:00.993 D/CdmaCellLocation(27265): [LPZ-GPS]NetworkId=41
02-09 18:02:00.993 D/CdmaCellLocation( 2881): [LPZ-GPS]mUseNetworkwireless=false
02-09 18:02:00.993 D/CdmaCellLocation( 2881): [LPZ-GPS]BSId=-1
02-09 18:02:00.993 D/CdmaCellLocation( 2881): [LPZ-GPS]BSLAT=2147483647
02-09 18:02:00.993 D/CdmaCellLocation( 2881): [LPZ-GPS]BSLONG=2147483647
02-09 18:02:00.993 D/CdmaCellLocation( 2881): [LPZ-GPS]SystemId=-1
02-09 18:02:00.993 D/CdmaCellLocation( 2881): [LPZ-GPS]NetworkId=-1
02-09 18:02:00.993 D/MobileDataStateTracker(27162): [supl]  MobileDataStateReceiver onReceive(): Entry.
02-09 18:02:00.993 D/MobileDataStateTracker(27162): [supl]  intent.getAction()= android.intent.action.SERVICE_STATE
02-09 18:02:00.993 D/MobileDataStateTracker(27162): [supl]  mEnabled = false
02-09 18:02:01.003 D/MobileDataStateTracker(27162): [mms]  MobileDataStateReceiver onReceive(): Entry.
02-09 18:02:01.003 D/MobileDataStateTracker(27162): [mms]  intent.getAction()= android.intent.action.SERVICE_STATE
02-09 18:02:01.003 D/MobileDataStateTracker(27162): [mms]  mEnabled = false
02-09 18:02:01.003 D/MobileDataStateTracker(27162): [default]  MobileDataStateReceiver onReceive(): Entry.
02-09 18:02:01.003 D/MobileDataStateTracker(27162): [default]  intent.getAction()= android.intent.action.SERVICE_STATE
02-09 18:02:01.003 D/MobileDataStateTracker(27162): [default]  mEnabled = true
02-09 18:02:01.003 D/AlarmManager(27162): +++Alarm set:type=2 com.google.android.location  Trigger after:59751ms
02-09 18:02:01.133 D/TelephonyManager( 2881): [LPZ-GPS]getCellLocation enter,usewireless=true
02-09 18:02:01.153 D/CdmaCellLocation( 2881): [LPZ-GPS]mUseNetworkwireless=true
02-09 18:02:01.153 D/CdmaCellLocation( 2881): [LPZ-GPS]BSId=402
02-09 18:02:01.153 D/CdmaCellLocation( 2881): [LPZ-GPS]BSLAT=560530
02-09 18:02:01.153 D/CdmaCellLocation( 2881): [LPZ-GPS]BSLONG=-1362896
02-09 18:02:01.153 D/CdmaCellLocation( 2881): [LPZ-GPS]SystemId=4139
02-09 18:02:01.153 D/CdmaCellLocation( 2881): [LPZ-GPS]NetworkId=41
02-09 18:02:01.163 D/Mms     (27733): currentRoamingStatus:1
02-09 18:02:01.163 D/AlarmManager(27162): +++Alarm set:type=2 com.google.android.apps.maps  Trigger after:2147478973319ms
02-09 18:02:05.717 I/dun_service(  123): process rmnet event
02-09 18:02:05.717 I/dun_service(  123): Post event 4
02-09 18:02:05.717 I/dun_service(  123): received event: DUN_EVENT_RMNET_UP 
02-09 18:02:05.717 I/dun_service(  123): received event(DUN_EVENT_RMNET_UP) in state(DUN_STATE_IDLE)
02-09 18:02:05.717 I/dun_service(  123): Ignoring the event DUN_EVENT_RMNET_UP in IDLE_STATE
02-09 18:02:05.717 I/dun_service(  123): Moved to state(DUN_STATE_IDLE)
02-09 18:02:05.717 I/wpa_supplicant(30784): Selecting BSS from priority group 4
02-09 18:02:05.717 I/wpa_supplicant(30784): Try to find WPA-enabled AP
02-09 18:02:05.717 I/wpa_supplicant(30784): Selecting BSS from priority group 3
02-09 18:02:05.717 I/wpa_supplicant(30784): Try to find WPA-enabled AP
02-09 18:02:05.717 I/wpa_supplicant(30784): Selecting BSS from priority group 2
02-09 18:02:05.717 I/wpa_supplicant(30784): Try to find WPA-enabled AP
02-09 18:02:05.717 I/wpa_supplicant(30784): Selecting BSS from priority group 1
02-09 18:02:05.717 I/wpa_supplicant(30784): Try to find WPA-enabled AP
02-09 18:02:05.727 D/WifiStateTracker(27162): setNotificationVisible() scanResult.SSID=OCAP01 Open? false
02-09 18:02:05.727 D/WifiStateTracker(27162): setNotificationVisible() scanResult.SSID=Haas_Oil Open? false
02-09 18:02:05.727 D/WifiStateTracker(27162): setNotificationVisible() scanResult.SSID=2WIRE485 Open? false
02-09 18:02:05.727 D/WifiStateTracker(27162): setNotificationVisible() scanResult.SSID=HATHAWAY Open? false
02-09 18:02:05.727 D/WifiStateTracker(27162): setNotificationVisible() scanResult.SSID=RiceGalleryNew Open? false
02-09 18:02:05.727 D/WifiStateTracker(27162): setNotificationVisible() visible=false mNotificationShown=false force=false return.
02-09 18:02:05.817 D/AlarmManager(27162): +++Alarm set:type=2 com.google.android.location  Trigger after:54943ms
02-09 18:02:05.868 D/AlarmManager(27162): +++Alarm set:type=2 com.google.android.apps.maps  Trigger after:2147478968619ms
02-09 18:02:05.998 D/DATA    (27234): [DSST(0)] pollstate() : reason = data network state changed
02-09 18:02:06.078 D/MobileDataStateTracker(27162): [hipri]  MobileDataStateReceiver onReceive(): Entry.
02-09 18:02:06.078 D/MobileDataStateTracker(27162): [hipri]  intent.getAction()= android.intent.action.SERVICE_STATE
02-09 18:02:06.078 D/MobileDataStateTracker(27162): [hipri]  mEnabled = false
02-09 18:02:06.078 D/MobileDataStateTracker(27162): [dun]  MobileDataStateReceiver onReceive(): Entry.
02-09 18:02:06.078 D/MobileDataStateTracker(27162): [dun]  intent.getAction()= android.intent.action.SERVICE_STATE
02-09 18:02:06.078 D/MobileDataStateTracker(27162): [dun]  mEnabled = false
02-09 18:02:06.078 D/MobileDataStateTracker(27162): [supl]  MobileDataStateReceiver onReceive(): Entry.
02-09 18:02:06.078 D/MobileDataStateTracker(27162): [supl]  intent.getAction()= android.intent.action.SERVICE_STATE
02-09 18:02:06.078 D/MobileDataStateTracker(27162): [supl]  mEnabled = false
02-09 18:02:06.088 D/MobileDataStateTracker(27162): [mms]  MobileDataStateReceiver onReceive(): Entry.
02-09 18:02:06.088 D/MobileDataStateTracker(27162): [mms]  intent.getAction()= android.intent.action.SERVICE_STATE
02-09 18:02:06.088 D/MobileDataStateTracker(27162): [mms]  mEnabled = false
02-09 18:02:06.088 D/MobileDataStateTracker(27162): [default]  MobileDataStateReceiver onReceive(): Entry.
02-09 18:02:06.088 D/MobileDataStateTracker(27162): [default]  intent.getAction()= android.intent.action.SERVICE_STATE
02-09 18:02:06.088 D/MobileDataStateTracker(27162): [default]  mEnabled = true
02-09 18:02:06.088 D/CdmaCellLocation(27265): [LPZ-GPS]mUseNetworkwireless=false
02-09 18:02:06.088 D/CdmaCellLocation(27265): [LPZ-GPS]BSId=-1
02-09 18:02:06.088 D/CdmaCellLocation(27265): [LPZ-GPS]BSLAT=2147483647
02-09 18:02:06.088 D/CdmaCellLocation(27265): [LPZ-GPS]BSLONG=2147483647
02-09 18:02:06.088 D/CdmaCellLocation(27265): [LPZ-GPS]SystemId=-1
02-09 18:02:06.088 D/CdmaCellLocation(27265): [LPZ-GPS]NetworkId=-1
02-09 18:02:06.088 D/CdmaCellLocation( 2881): [LPZ-GPS]mUseNetworkwireless=false
02-09 18:02:06.088 D/CdmaCellLocation( 2881): [LPZ-GPS]BSId=-1
02-09 18:02:06.088 D/CdmaCellLocation( 2881): [LPZ-GPS]BSLAT=2147483647
02-09 18:02:06.088 D/CdmaCellLocation( 2881): [LPZ-GPS]BSLONG=2147483647
02-09 18:02:06.088 D/CdmaCellLocation( 2881): [LPZ-GPS]SystemId=-1
02-09 18:02:06.088 D/CdmaCellLocation( 2881): [LPZ-GPS]NetworkId=-1
02-09 18:02:06.098 D/TelephonyManager(27265): [LPZ-GPS]getCellLocation enter,usewireless=true
02-09 18:02:06.098 D/CdmaCellLocation(27265): [LPZ-GPS]mUseNetworkwireless=true
02-09 18:02:06.098 D/CdmaCellLocation(27265): [LPZ-GPS]BSId=4721
02-09 18:02:06.098 D/CdmaCellLocation(27265): [LPZ-GPS]BSLAT=560455
02-09 18:02:06.098 D/CdmaCellLocation(27265): [LPZ-GPS]BSLONG=-1362815
02-09 18:02:06.098 D/CdmaCellLocation(27265): [LPZ-GPS]SystemId=4139
02-09 18:02:06.098 D/CdmaCellLocation(27265): [LPZ-GPS]NetworkId=41
02-09 18:02:06.108 D/CallManager(27234):  handleMessage (EVENT_SERVICE_STATE_CHANGED)
02-09 18:02:06.108 E/BT HS/HF(27234): SERVICE_STATE_CHANGED called
02-09 18:02:06.108 E/BT HS/HF(27234): updateServiceState called, sendUpdate:false  ServiceState:0 home Sprint  310099  EvDo rev. A CSS not supported 41 4139RoamInd: 1RoamStatus(sprint): 1DefRoamInd: 160EmergOnly: false
02-09 18:02:06.108 E/BT HS/HF(27234): service:1 mService:1
02-09 18:02:06.108 D/DATA    (27234): [DSST(0)]  registrationState = 1  radioTechnology = 8 reasonForDenial = 0
02-09 18:02:06.108 D/DATA    (27234): [DSST(0)]  set mNewDataConnectionState = 0
02-09 18:02:06.108 D/DATA    (27234): [DSST(0)]  mNewDataConnectionState : 0  mDataConnectionState : 0
02-09 18:02:06.108 D/DATA    (27234): [DSST(0)] Poll ServiceState done: oldSS=[0 home null null null  EvDo rev. A CSS not supported -1 -1RoamInd: -1RoamStatus(sprint): -1DefRoamInd: -1EmergOnly: false] newSS=[0 home null null null  EvDo rev. A CSS not supported -1 -1RoamInd: -1RoamStatus(sprint): -1DefRoamInd: -1EmergOnly: false]
02-09 18:02:06.108 D/DATA    (27234): [DSST(0)]  mDataConnectionState = 0
02-09 18:02:06.108 D/AlarmManager(27162): +++Alarm set:type=2 com.google.android.location  Trigger after:54649ms
02-09 18:02:06.128 D/TelephonyManager( 2881): [LPZ-GPS]getCellLocation enter,usewireless=true
02-09 18:02:06.128 D/CdmaCellLocation( 2881): [LPZ-GPS]mUseNetworkwireless=true
02-09 18:02:06.128 D/CdmaCellLocation( 2881): [LPZ-GPS]BSId=4721
02-09 18:02:06.128 D/Mms     (27733): currentRoamingStatus:1
02-09 18:02:06.128 D/CdmaCellLocation( 2881): [LPZ-GPS]BSLAT=560455
02-09 18:02:06.128 D/CdmaCellLocation( 2881): [LPZ-GPS]BSLONG=-1362815
02-09 18:02:06.128 D/CdmaCellLocation( 2881): [LPZ-GPS]SystemId=4139
02-09 18:02:06.128 D/CdmaCellLocation( 2881): [LPZ-GPS]NetworkId=41
02-09 18:02:06.138 D/AlarmManager(27162): +++Alarm set:type=2 com.google.android.apps.maps  Trigger after:2147478968351ms
02-09 18:02:12.684 I/dun_service(  123): process rmnet event
02-09 18:02:12.684 I/dun_service(  123): Post event 4
02-09 18:02:12.684 I/dun_service(  123): received event: DUN_EVENT_RMNET_UP 
02-09 18:02:12.684 I/dun_service(  123): received event(DUN_EVENT_RMNET_UP) in state(DUN_STATE_IDLE)
02-09 18:02:12.684 I/dun_service(  123): Ignoring the event DUN_EVENT_RMNET_UP in IDLE_STATE
02-09 18:02:12.684 I/dun_service(  123): Moved to state(DUN_STATE_IDLE)
02-09 18:02:12.684 I/wpa_supplicant(30784): Selecting BSS from priority group 4
02-09 18:02:12.684 I/wpa_supplicant(30784): Try to find WPA-enabled AP
02-09 18:02:12.684 I/wpa_supplicant(30784): Selecting BSS from priority group 3
02-09 18:02:12.684 I/wpa_supplicant(30784): Try to find WPA-enabled AP
02-09 18:02:12.684 I/wpa_supplicant(30784): Selecting BSS from priority group 2
02-09 18:02:12.684 I/wpa_supplicant(30784): Try to find WPA-enabled AP
02-09 18:02:12.684 I/wpa_supplicant(30784): Selecting BSS from priority group 1
02-09 18:02:12.684 I/wpa_supplicant(30784): Try to find WPA-enabled AP
02-09 18:02:12.714 D/WifiStateTracker(27162): setNotificationVisible() scanResult.SSID=OCAP01 Open? false
02-09 18:02:12.714 D/WifiStateTracker(27162): setNotificationVisible() scanResult.SSID=2WIRE485 Open? false
02-09 18:02:12.714 D/WifiStateTracker(27162): setNotificationVisible() scanResult.SSID=HATHAWAY Open? false
02-09 18:02:12.714 D/WifiStateTracker(27162): setNotificationVisible() scanResult.SSID=RiceGalleryNew Open? false
02-09 18:02:12.714 D/WifiStateTracker(27162): setNotificationVisible() visible=false mNotificationShown=false force=false return.
02-09 18:02:12.754 D/AlarmManager(27162): +++Alarm set:type=2 com.google.android.location  Trigger after:48001ms
02-09 18:02:12.764 D/AlarmManager(27162): +++Alarm set:type=2 com.google.android.apps.maps  Trigger after:2147478961721ms
02-09 18:02:13.155 I/DATA    (27234): [DCT(0) ] onDataCallListChanged:
02-09 18:02:13.155 I/DATA    (27234): [DCT(0) ] ---dc state list---
02-09 18:02:13.155 I/DATA    (27234): [DCT(0) ] DataCallState: { cid: 0, active: 2, type: , apn: , address: 70.5.41.227 }
02-09 18:02:13.155 I/DATA    (27234): [DCT(0) ] ---dc list---
02-09 18:02:13.165 I/DATA    (27234): [DCT(0) ] cid = 0, state = DcActiveState, bearerType = IP, ipaddress = 70.5.41.227, gw=70.5.41.225, dns=[68.28.67.132, 68.28.68.132]
02-09 18:02:19.651 I/dun_service(  123): process rmnet event
02-09 18:02:19.651 I/dun_service(  123): Post event 4
02-09 18:02:19.651 I/dun_service(  123): received event: DUN_EVENT_RMNET_UP 
02-09 18:02:19.651 I/dun_service(  123): received event(DUN_EVENT_RMNET_UP) in state(DUN_STATE_IDLE)
02-09 18:02:19.651 I/dun_service(  123): Ignoring the event DUN_EVENT_RMNET_UP in IDLE_STATE
02-09 18:02:19.651 I/dun_service(  123): Moved to state(DUN_STATE_IDLE)
02-09 18:02:19.651 I/wpa_supplicant(30784): Selecting BSS from priority group 4
02-09 18:02:19.651 I/wpa_supplicant(30784): Try to find WPA-enabled AP
02-09 18:02:19.651 I/wpa_supplicant(30784): Selecting BSS from priority group 3
02-09 18:02:19.651 I/wpa_supplicant(30784): Try to find WPA-enabled AP
02-09 18:02:19.651 I/wpa_supplicant(30784): Selecting BSS from priority group 2
02-09 18:02:19.651 I/wpa_supplicant(30784): Try to find WPA-enabled AP
02-09 18:02:19.651 I/wpa_supplicant(30784): Selecting BSS from priority group 1
02-09 18:02:19.651 I/wpa_supplicant(30784): Try to find WPA-enabled AP
02-09 18:02:19.671 D/WifiStateTracker(27162): setNotificationVisible() scanResult.SSID=pub9999 Open? false
02-09 18:02:19.671 D/WifiStateTracker(27162): setNotificationVisible() scanResult.SSID=OCAP01 Open? false
02-09 18:02:19.671 D/WifiStateTracker(27162): setNotificationVisible() scanResult.SSID=2WIRE485 Open? false
02-09 18:02:19.671 D/WifiStateTracker(27162): setNotificationVisible() scanResult.SSID=HATHAWAY Open? false
02-09 18:02:19.671 D/WifiStateTracker(27162): setNotificationVisible() scanResult.SSID=RiceGalleryNew Open? false
02-09 18:02:19.671 D/WifiStateTracker(27162): setNotificationVisible() visible=false mNotificationShown=false force=false return.
02-09 18:02:19.701 D/AlarmManager(27162): +++Alarm set:type=2 com.google.android.location  Trigger after:41053ms
02-09 18:02:19.701 D/AlarmManager(27162): +++Alarm set:type=2 com.google.android.apps.maps  Trigger after:2147478954776ms
02-09 18:02:21.423 D/DATA    (27234): [DSST(0)] pollstate() : reason = data network state changed
02-09 18:02:21.493 D/MobileDataStateTracker(27162): [hipri]  MobileDataStateReceiver onReceive(): Entry.
02-09 18:02:21.493 D/MobileDataStateTracker(27162): [hipri]  intent.getAction()= android.intent.action.SERVICE_STATE
02-09 18:02:21.493 D/MobileDataStateTracker(27162): [hipri]  mEnabled = false
02-09 18:02:21.493 D/MobileDataStateTracker(27162): [dun]  MobileDataStateReceiver onReceive(): Entry.
02-09 18:02:21.493 D/MobileDataStateTracker(27162): [dun]  intent.getAction()= android.intent.action.SERVICE_STATE
02-09 18:02:21.493 D/MobileDataStateTracker(27162): [dun]  mEnabled = false
02-09 18:02:21.493 D/MobileDataStateTracker(27162): [supl]  MobileDataStateReceiver onReceive(): Entry.
02-09 18:02:21.493 D/MobileDataStateTracker(27162): [supl]  intent.getAction()= android.intent.action.SERVICE_STATE
02-09 18:02:21.493 D/MobileDataStateTracker(27162): [supl]  mEnabled = false
02-09 18:02:21.493 D/MobileDataStateTracker(27162): [mms]  MobileDataStateReceiver onReceive(): Entry.
02-09 18:02:21.493 D/MobileDataStateTracker(27162): [mms]  intent.getAction()= android.intent.action.SERVICE_STATE
02-09 18:02:21.493 D/MobileDataStateTracker(27162): [mms]  mEnabled = false
02-09 18:02:21.503 D/MobileDataStateTracker(27162): [default]  MobileDataStateReceiver onReceive(): Entry.
02-09 18:02:21.503 D/MobileDataStateTracker(27162): [default]  intent.getAction()= android.intent.action.SERVICE_STATE
02-09 18:02:21.503 D/MobileDataStateTracker(27162): [default]  mEnabled = true
02-09 18:02:21.503 D/CdmaCellLocation(27265): [LPZ-GPS]mUseNetworkwireless=false
02-09 18:02:21.503 D/CdmaCellLocation(27265): [LPZ-GPS]BSId=-1
02-09 18:02:21.503 D/CdmaCellLocation(27265): [LPZ-GPS]BSLAT=2147483647
02-09 18:02:21.503 D/CdmaCellLocation(27265): [LPZ-GPS]BSLONG=2147483647
02-09 18:02:21.503 D/CdmaCellLocation(27265): [LPZ-GPS]SystemId=-1
02-09 18:02:21.503 D/CdmaCellLocation(27265): [LPZ-GPS]NetworkId=-1
02-09 18:02:21.503 D/CdmaCellLocation( 2881): [LPZ-GPS]mUseNetworkwireless=false
02-09 18:02:21.503 D/CdmaCellLocation( 2881): [LPZ-GPS]BSId=-1
02-09 18:02:21.503 D/CdmaCellLocation( 2881): [LPZ-GPS]BSLAT=2147483647
02-09 18:02:21.503 D/CdmaCellLocation( 2881): [LPZ-GPS]BSLONG=2147483647
02-09 18:02:21.503 D/CdmaCellLocation( 2881): [LPZ-GPS]SystemId=-1
02-09 18:02:21.503 D/CdmaCellLocation( 2881): [LPZ-GPS]NetworkId=-1
02-09 18:02:21.503 D/CallManager(27234):  handleMessage (EVENT_SERVICE_STATE_CHANGED)
02-09 18:02:21.503 E/BT HS/HF(27234): SERVICE_STATE_CHANGED called
02-09 18:02:21.503 E/BT HS/HF(27234): updateServiceState called, sendUpdate:false  ServiceState:0 home Sprint  310099  EvDo rev. A CSS not supported 41 4139RoamInd: 1RoamStatus(sprint): 1DefRoamInd: 160EmergOnly: false
02-09 18:02:21.503 E/BT HS/HF(27234): service:1 mService:1
02-09 18:02:21.503 D/DATA    (27234): [DSST(0)]  registrationState = 1  radioTechnology = 8 reasonForDenial = 0
02-09 18:02:21.503 D/DATA    (27234): [DSST(0)]  set mNewDataConnectionState = 0
02-09 18:02:21.503 D/DATA    (27234): [DSST(0)]  mNewDataConnectionState : 0  mDataConnectionState : 0
02-09 18:02:21.503 D/DATA    (27234): [DSST(0)] Poll ServiceState done: oldSS=[0 home null null null  EvDo rev. A CSS not supported -1 -1RoamInd: -1RoamStatus(sprint): -1DefRoamInd: -1EmergOnly: false] newSS=[0 home null null null  EvDo rev. A CSS not supported -1 -1RoamInd: -1RoamStatus(sprint): -1DefRoamInd: -1EmergOnly: false]
02-09 18:02:21.503 D/DATA    (27234): [DSST(0)]  mDataConnectionState = 0
02-09 18:02:21.513 D/TelephonyManager(27265): [LPZ-GPS]getCellLocation enter,usewireless=true
02-09 18:02:21.513 D/CdmaCellLocation(27265): [LPZ-GPS]mUseNetworkwireless=true
02-09 18:02:21.513 D/CdmaCellLocation(27265): [LPZ-GPS]BSId=402
02-09 18:02:21.513 D/CdmaCellLocation(27265): [LPZ-GPS]BSLAT=560530
02-09 18:02:21.513 D/CdmaCellLocation(27265): [LPZ-GPS]BSLONG=-1362896
02-09 18:02:21.513 D/CdmaCellLocation(27265): [LPZ-GPS]SystemId=4139
02-09 18:02:21.513 D/CdmaCellLocation(27265): [LPZ-GPS]NetworkId=41
02-09 18:02:21.513 D/AlarmManager(27162): +++Alarm set:type=2 com.google.android.location  Trigger after:39238ms
02-09 18:02:21.533 D/TelephonyManager( 2881): [LPZ-GPS]getCellLocation enter,usewireless=true
02-09 18:02:21.533 D/Mms     (27733): currentRoamingStatus:1
02-09 18:02:21.533 D/CdmaCellLocation( 2881): [LPZ-GPS]mUseNetworkwireless=true
02-09 18:02:21.533 D/CdmaCellLocation( 2881): [LPZ-GPS]BSId=402
02-09 18:02:21.533 D/CdmaCellLocation( 2881): [LPZ-GPS]BSLAT=560530
02-09 18:02:21.533 D/CdmaCellLocation( 2881): [LPZ-GPS]BSLONG=-1362896
02-09 18:02:21.533 D/CdmaCellLocation( 2881): [LPZ-GPS]SystemId=4139
02-09 18:02:21.533 D/CdmaCellLocation( 2881): [LPZ-GPS]NetworkId=41
02-09 18:02:21.533 D/AlarmManager(27162): +++Alarm set:type=2 com.google.android.apps.maps  Trigger after:2147478952945ms
02-09 18:02:24.616 I/DATA    (27234): [DCT(0) ] onDataCallListChanged:
02-09 18:02:24.616 I/DATA    (27234): [DCT(0) ] ---dc state list---
02-09 18:02:24.616 I/DATA    (27234): [DCT(0) ] DataCallState: { cid: 0, active: 1, type: , apn: , address: 70.5.41.227 }
02-09 18:02:24.616 I/DATA    (27234): [DCT(0) ] ---dc list---
02-09 18:02:24.616 I/DATA    (27234): [DCT(0) ] cid = 0, state = DcActiveState, bearerType = IP, ipaddress = 70.5.41.227, gw=70.5.41.225, dns=[68.28.67.132, 68.28.68.132]
02-09 18:02:26.488 D/DATA    (27234): [DSST(0)] pollstate() : reason = data network state changed
02-09 18:02:26.538 D/MobileDataStateTracker(27162): [hipri]  MobileDataStateReceiver onReceive(): Entry.
02-09 18:02:26.538 D/MobileDataStateTracker(27162): [hipri]  intent.getAction()= android.intent.action.SERVICE_STATE
02-09 18:02:26.538 D/MobileDataStateTracker(27162): [hipri]  mEnabled = false
02-09 18:02:26.538 D/MobileDataStateTracker(27162): [dun]  MobileDataStateReceiver onReceive(): Entry.
02-09 18:02:26.538 D/MobileDataStateTracker(27162): [dun]  intent.getAction()= android.intent.action.SERVICE_STATE
02-09 18:02:26.538 D/MobileDataStateTracker(27162): [dun]  mEnabled = false
02-09 18:02:26.538 D/CdmaCellLocation(27265): [LPZ-GPS]mUseNetworkwireless=false
02-09 18:02:26.538 D/CdmaCellLocation(27265): [LPZ-GPS]BSId=-1
02-09 18:02:26.538 D/CdmaCellLocation(27265): [LPZ-GPS]BSLAT=2147483647
02-09 18:02:26.538 D/CdmaCellLocation(27265): [LPZ-GPS]BSLONG=2147483647
02-09 18:02:26.538 D/CdmaCellLocation(27265): [LPZ-GPS]SystemId=-1
02-09 18:02:26.538 D/CdmaCellLocation(27265): [LPZ-GPS]NetworkId=-1
02-09 18:02:26.548 D/TelephonyManager(27265): [LPZ-GPS]getCellLocation enter,usewireless=true
02-09 18:02:26.548 D/CdmaCellLocation(27265): [LPZ-GPS]mUseNetworkwireless=true
02-09 18:02:26.548 D/CdmaCellLocation(27265): [LPZ-GPS]BSId=4721
02-09 18:02:26.548 D/CdmaCellLocation(27265): [LPZ-GPS]BSLAT=560455
02-09 18:02:26.548 D/CdmaCellLocation(27265): [LPZ-GPS]BSLONG=-1362815
02-09 18:02:26.548 D/CdmaCellLocation(27265): [LPZ-GPS]SystemId=4139
02-09 18:02:26.548 D/CdmaCellLocation(27265): [LPZ-GPS]NetworkId=41
02-09 18:02:26.548 D/CallManager(27234):  handleMessage (EVENT_SERVICE_STATE_CHANGED)
02-09 18:02:26.548 E/BT HS/HF(27234): SERVICE_STATE_CHANGED called
02-09 18:02:26.548 E/BT HS/HF(27234): updateServiceState called, sendUpdate:false  ServiceState:0 home Sprint  310099  EvDo rev. A CSS not supported 41 4139RoamInd: 1RoamStatus(sprint): 1DefRoamInd: 160EmergOnly: false
02-09 18:02:26.548 E/BT HS/HF(27234): service:1 mService:1
02-09 18:02:26.548 D/CdmaCellLocation( 2881): [LPZ-GPS]mUseNetworkwireless=false
02-09 18:02:26.548 D/CdmaCellLocation( 2881): [LPZ-GPS]BSId=-1
02-09 18:02:26.548 D/CdmaCellLocation( 2881): [LPZ-GPS]BSLAT=2147483647
02-09 18:02:26.548 D/CdmaCellLocation( 2881): [LPZ-GPS]BSLONG=2147483647
02-09 18:02:26.548 D/CdmaCellLocation( 2881): [LPZ-GPS]SystemId=-1
02-09 18:02:26.548 D/CdmaCellLocation( 2881): [LPZ-GPS]NetworkId=-1
02-09 18:02:26.558 D/DATA    (27234): [DSST(0)]  registrationState = 1  radioTechnology = 8 reasonForDenial = 0
02-09 18:02:26.558 D/DATA    (27234): [DSST(0)]  set mNewDataConnectionState = 0
02-09 18:02:26.558 D/DATA    (27234): [DSST(0)]  mNewDataConnectionState : 0  mDataConnectionState : 0
02-09 18:02:26.558 D/DATA    (27234): [DSST(0)] Poll ServiceState done: oldSS=[0 home null null null  EvDo rev. A CSS not supported -1 -1RoamInd: -1RoamStatus(sprint): -1DefRoamInd: -1EmergOnly: false] newSS=[0 home null null null  EvDo rev. A CSS not supported -1 -1RoamInd: -1RoamStatus(sprint): -1DefRoamInd: -1EmergOnly: false]
02-09 18:02:26.558 D/DATA    (27234): [DSST(0)]  mDataConnectionState = 0
02-09 18:02:26.558 D/MobileDataStateTracker(27162): [supl]  MobileDataStateReceiver onReceive(): Entry.
02-09 18:02:26.558 D/MobileDataStateTracker(27162): [supl]  intent.getAction()= android.intent.action.SERVICE_STATE
02-09 18:02:26.558 D/MobileDataStateTracker(27162): [supl]  mEnabled = false
02-09 18:02:26.558 D/MobileDataStateTracker(27162): [mms]  MobileDataStateReceiver onReceive(): Entry.
02-09 18:02:26.558 D/MobileDataStateTracker(27162): [mms]  intent.getAction()= android.intent.action.SERVICE_STATE
02-09 18:02:26.558 D/MobileDataStateTracker(27162): [mms]  mEnabled = false
02-09 18:02:26.558 D/MobileDataStateTracker(27162): [default]  MobileDataStateReceiver onReceive(): Entry.
02-09 18:02:26.558 D/MobileDataStateTracker(27162): [default]  intent.getAction()= android.intent.action.SERVICE_STATE
02-09 18:02:26.558 D/MobileDataStateTracker(27162): [default]  mEnabled = true
02-09 18:02:26.568 D/AlarmManager(27162): +++Alarm set:type=2 com.google.android.location  Trigger after:34196ms
02-09 18:02:26.568 D/TelephonyManager( 2881): [LPZ-GPS]getCellLocation enter,usewireless=true
02-09 18:02:26.568 D/CdmaCellLocation( 2881): [LPZ-GPS]mUseNetworkwireless=true
02-09 18:02:26.568 D/CdmaCellLocation( 2881): [LPZ-GPS]BSId=4721
02-09 18:02:26.568 D/CdmaCellLocation( 2881): [LPZ-GPS]BSLAT=560455
02-09 18:02:26.568 D/CdmaCellLocation( 2881): [LPZ-GPS]BSLONG=-1362815
02-09 18:02:26.568 D/CdmaCellLocation( 2881): [LPZ-GPS]SystemId=4139
02-09 18:02:26.568 D/CdmaCellLocation( 2881): [LPZ-GPS]NetworkId=41
02-09 18:02:26.568 D/Mms     (27733): currentRoamingStatus:1
02-09 18:02:26.578 D/AlarmManager(27162): +++Alarm set:type=2 com.google.android.apps.maps  Trigger after:2147478947911ms
02-09 18:02:26.628 I/wpa_supplicant(30784): Selecting BSS from priority group 4
02-09 18:02:26.628 I/wpa_supplicant(30784): Try to find WPA-enabled AP
02-09 18:02:26.628 I/wpa_supplicant(30784): Selecting BSS from priority group 3
02-09 18:02:26.628 I/wpa_supplicant(30784): Try to find WPA-enabled AP
02-09 18:02:26.628 I/wpa_supplicant(30784): Selecting BSS from priority group 2
02-09 18:02:26.628 I/wpa_supplicant(30784): Try to find WPA-enabled AP
02-09 18:02:26.628 I/wpa_supplicant(30784): Selecting BSS from priority group 1
02-09 18:02:26.628 I/wpa_supplicant(30784): Try to find WPA-enabled AP
02-09 18:02:26.628 I/dun_service(  123): process rmnet event
02-09 18:02:26.628 I/dun_service(  123): Post event 4
02-09 18:02:26.628 I/dun_service(  123): received event: DUN_EVENT_RMNET_UP 
02-09 18:02:26.628 I/dun_service(  123): received event(DUN_EVENT_RMNET_UP) in state(DUN_STATE_IDLE)
02-09 18:02:26.628 I/dun_service(  123): Ignoring the event DUN_EVENT_RMNET_UP in IDLE_STATE
02-09 18:02:26.628 I/dun_service(  123): Moved to state(DUN_STATE_IDLE)
02-09 18:02:26.638 D/WifiStateTracker(27162): setNotificationVisible() scanResult.SSID=OCAP01 Open? false
02-09 18:02:26.638 D/WifiStateTracker(27162): setNotificationVisible() scanResult.SSID=pub9999 Open? false
02-09 18:02:26.638 D/WifiStateTracker(27162): setNotificationVisible() scanResult.SSID=2WIRE485 Open? false
02-09 18:02:26.638 D/WifiStateTracker(27162): setNotificationVisible() scanResult.SSID=HATHAWAY Open? false
02-09 18:02:26.638 D/WifiStateTracker(27162): setNotificationVisible() scanResult.SSID=RiceGalleryNew Open? false
02-09 18:02:26.638 D/WifiStateTracker(27162): setNotificationVisible() visible=false mNotificationShown=false force=false return.
02-09 18:02:26.668 D/AlarmManager(27162): +++Alarm set:type=2 com.google.android.location  Trigger after:34094ms
02-09 18:02:26.758 D/AlarmManager(27162): +++Alarm set:type=2 com.google.android.apps.maps  Trigger after:2147478947734ms
02-09 18:02:31.242 W/AlarmManager(27162): +++Alarm  wakeup phone ,pkg=com.google.android.apps.maps
02-09 18:02:31.292 W/AlarmManager(27162): +++alarm onSendFinished ,action=null
02-09 18:02:31.302 D/AlarmManager(27162): +++Alarm set:type=2 com.google.android.apps.maps  Trigger after:1799931ms
02-09 18:02:33.595 I/dun_service(  123): process rmnet event
02-09 18:02:33.595 I/dun_service(  123): Post event 4
02-09 18:02:33.595 I/dun_service(  123): received event: DUN_EVENT_RMNET_UP 
02-09 18:02:33.595 I/dun_service(  123): received event(DUN_EVENT_RMNET_UP) in state(DUN_STATE_IDLE)
02-09 18:02:33.595 I/dun_service(  123): Ignoring the event DUN_EVENT_RMNET_UP in IDLE_STATE
02-09 18:02:33.595 I/dun_service(  123): Moved to state(DUN_STATE_IDLE)
02-09 18:02:33.595 I/wpa_supplicant(30784): Selecting BSS from priority group 4
02-09 18:02:33.595 I/wpa_supplicant(30784): Try to find WPA-enabled AP
02-09 18:02:33.595 I/wpa_supplicant(30784): Selecting BSS from priority group 3
02-09 18:02:33.595 I/wpa_supplicant(30784): Try to find WPA-enabled AP
02-09 18:02:33.595 I/wpa_supplicant(30784): Selecting BSS from priority group 2
02-09 18:02:33.595 I/wpa_supplicant(30784): Try to find WPA-enabled AP
02-09 18:02:33.595 I/wpa_supplicant(30784): Selecting BSS from priority group 1
02-09 18:02:33.595 I/wpa_supplicant(30784): Try to find WPA-enabled AP
02-09 18:02:33.625 D/WifiStateTracker(27162): setNotificationVisible() scanResult.SSID=OCAP01 Open? false
02-09 18:02:33.625 D/WifiStateTracker(27162): setNotificationVisible() scanResult.SSID=Belkin.384A Open? false
02-09 18:02:33.625 D/WifiStateTracker(27162): setNotificationVisible() scanResult.SSID=pub9999 Open? false
02-09 18:02:33.645 D/WifiStateTracker(27162): setNotificationVisible() scanResult.SSID=2WIRE485 Open? false
02-09 18:02:33.645 D/WifiStateTracker(27162): setNotificationVisible() scanResult.SSID=HATHAWAY Open? false
02-09 18:02:33.645 D/WifiStateTracker(27162): setNotificationVisible() scanResult.SSID=RiceGalleryNew Open? false
02-09 18:02:33.645 D/WifiStateTracker(27162): setNotificationVisible() visible=false mNotificationShown=false force=false return.
02-09 18:02:33.645 D/AlarmManager(27162): +++Alarm set:type=2 com.google.android.location  Trigger after:27109ms
02-09 18:02:33.655 D/AlarmManager(27162): +++Alarm set:type=2 com.google.android.apps.maps  Trigger after:2147478940830ms
02-09 18:02:37.999 D/PowerManagerService(27162): UnPartial  wakeLock  reactivate ,flags=0x6 tag=StayOnWhilePluggedIn Screen Dim
02-09 18:02:37.999 D/PowerManagerService(27162): setPowerState: mPowerState=0x1 newState=0x3 noChangeLights=false reason=2
02-09 18:02:38.099 D/Launcher(27250): Closing system Dialogs 
02-09 18:02:38.099 D/Launcher(27250): onNewIntent()android.intent.action.MAIN
02-09 18:02:38.099 D/Launcher(27250): Closing system Dialogs 
02-09 18:02:38.109 D/KeyguardViewMediator(27162): setHidden false
02-09 18:02:38.109 I/ContactsListActivity(27282): powerReceiver,onReceive
02-09 18:02:38.109 I/ContactsListActivity(27282): reason = homekey
02-09 18:02:38.109 I/ContactsListActivity(27282): powerReceiver,closeContextMenu
02-09 18:02:38.119 D/KeyguardViewMediator(27162): setHidden false
02-09 18:02:38.139 I/hubo    (27162): Activity {com.android.launcher/com.android.launcher2.Launcher}
02-09 18:02:38.159 D/Warhol  (27250): A pack appears to be installed -- skipping Installer
02-09 18:02:38.159 D/KeyguardViewMediator(27162): setHidden false
02-09 18:02:38.189 D/KeyguardViewMediator(27162): setHidden false
02-09 18:02:38.199 D/KeyguardViewMediator(27162): setHidden false
02-09 18:02:38.209 D/KeyguardViewMediator(27162): setHidden false
02-09 18:02:38.219 D/KeyguardViewMediator(27162): setHidden false
02-09 18:02:38.229 D/KeyguardViewMediator(27162): setHidden false
02-09 18:02:38.249 D/KeyguardViewMediator(27162): setHidden false
02-09 18:02:38.259 D/KeyguardViewMediator(27162): setHidden false
02-09 18:02:38.279 D/KeyguardViewMediator(27162): setHidden false
02-09 18:02:38.289 D/KeyguardViewMediator(27162): setHidden false
02-09 18:02:38.309 D/KeyguardViewMediator(27162): setHidden false
02-09 18:02:38.329 D/KeyguardViewMediator(27162): setHidden false
02-09 18:02:38.339 D/KeyguardViewMediator(27162): setHidden false
02-09 18:02:38.359 D/KeyguardViewMediator(27162): setHidden false
02-09 18:02:38.369 D/KeyguardViewMediator(27162): setHidden false
02-09 18:02:38.389 D/KeyguardViewMediator(27162): setHidden false
02-09 18:02:38.409 D/KeyguardViewMediator(27162): setHidden false
02-09 18:02:38.419 D/KeyguardViewMediator(27162): setHidden false
02-09 18:02:38.439 D/KeyguardViewMediator(27162): setHidden false
02-09 18:02:38.459 D/KeyguardViewMediator(27162): setHidden false
02-09 18:02:38.469 D/KeyguardViewMediator(27162): setHidden false
02-09 18:02:38.489 D/KeyguardViewMediator(27162): setHidden false
02-09 18:02:38.509 D/KeyguardViewMediator(27162): setHidden false
02-09 18:02:39.360 I/dun_service(  123): The value returned from dun_getusbmodemstate_fromsys is 2 
02-09 18:02:39.360 I/dun_service(  123): The value returned from dun_getusbmodemstate_fromsys is 2 
02-09 18:02:39.360 I/dun_service(  123): The value returned from dun_getusbstate_fromsys is 1 
02-09 18:02:39.360 I/dun_service(  123): Post event 1
02-09 18:02:39.360 I/dun_service(  123): received event: DUN_EVENT_USB_UNPLUG 
02-09 18:02:39.360 I/dun_service(  123): received event(DUN_EVENT_USB_UNPLUG) in state(DUN_STATE_IDLE)
02-09 18:02:39.380 I/dun_service(  123): The value returned from dun_getusbmodemstate_fromsys is 2 
02-09 18:02:39.380 I/dun_service(  123): The value returned from dun_getusbmodemstate_fromsys is 2 
02-09 18:02:39.380 I/dun_service(  123): got usb 0 event 
02-09 18:02:39.380 I/dun_service(  123):  ustate is DUN_USBSTATE_UNPLUG
02-09 18:02:39.380 I/dun_service(  123): Post event 1
02-09 18:02:39.440 D/KeyguardViewMediator(27162): setHidden false
02-09 18:02:39.450 I/dun_service(  123): The value returned from dun_getusbmodemstate_fromsys is 2 
02-09 18:02:39.450 I/dun_service(  123): The value returned from dun_getusbmodemstate_fromsys is 2 
02-09 18:02:39.470 D/KeyguardViewMediator(27162): setHidden false
02-09 18:02:39.510 D/Tethering(27162): InitialState.processMessage what=4
02-09 18:02:39.510 D/Tethering(27162): sendTetherStateChangedBroadcast 0, 0, 0
02-09 18:02:39.520 D/KeyguardViewMediator(27162): setHidden false
02-09 18:02:39.520 E/dun_service(  123): TIOCMGET for external port failed - I/O error 
02-09 18:02:39.520 E/dun_service(  123): Error in dun_monitor_ports 
02-09 18:02:39.530 D/KeyguardViewMediator(27162): setHidden false
02-09 18:02:39.671 E/Tethering(27162): attempting to remove unknown iface (usb0), ignoring
02-09 18:02:39.671 D/PowerManagerService(27162): releaseWakeLock flags=0x6 tag=StayOnWhilePluggedIn Screen Dim
02-09 18:02:39.671 D/KeyguardUpdateMonitor(27162): received broadcast android.intent.action.BATTERY_CHANGED
02-09 18:02:39.671 D/KeyguardUpdateMonitor(27162): handleBatteryUpdate
02-09 18:02:39.671 E/lights  (27162):   g_haveAmberLed=0
02-09 18:02:39.671 E/lights  (27162):   red=0
02-09 18:02:39.671 E/lights  (27162):   green=0
02-09 18:02:39.671 E/lights  (27162):   blink=0
02-09 18:02:39.861 E/dun_service(  123): Error cancelling thread 53600, error = 3 (No such process)
02-09 18:02:39.861 I/dun_service(  123): Joined port monitor thread 
02-09 18:02:39.861 I/dun_service(  123): Joined the port read thread 
02-09 18:02:39.861 I/dun_service(  123): Joined the port read thread 
02-09 18:02:39.861 I/dun_service(  123): Moved to state(DUN_STATE_USB_UNPLUG)
02-09 18:02:39.861 I/dun_service(  123): received event: DUN_EVENT_USB_UNPLUG 
02-09 18:02:39.861 I/dun_service(  123): received event(DUN_EVENT_USB_UNPLUG) in state(DUN_STATE_USB_UNPLUG)
02-09 18:02:39.861 I/dun_service(  123): Ignoring the event DUN_EVENT_USB_UNPLUG in USB_UNPLUG_STATE
02-09 18:02:39.861 I/dun_service(  123): Moved to state(DUN_STATE_USB_UNPLUG)
02-09 18:02:40.031 I/ActivityThread( 4523): Pub com.google.android.apps.plus.content.EsProvider: com.google.android.apps.plus.content.EsProvider
02-09 18:02:40.061 I/ActivityThread( 4523): Pub com.google.android.apps.plus.content.ApiProvider: com.google.android.apps.plus.content.EsApiProvider
02-09 18:02:40.091 I/ActivityThread( 4523): Pub com.google.android.apps.plus.content.EsGooglePhotoProvider: com.google.android.picasasync.PicasaContentProvider
02-09 18:02:40.221 I/ActivityThread( 4523): Pub com.google.plus.platform: com.google.android.apps.plus.content.AdsProvider
02-09 18:02:40.311 D/UploadsManager( 4523): load newPhotoTracker: null
02-09 18:02:40.311 D/UploadsManager( 4523): load all accounts: null
02-09 18:02:40.311 D/UploadsManager( 4523): load all account-album pairs: null
02-09 18:02:40.311 D/UploadsManager( 4523):    settings not changed
02-09 18:02:40.321 D/PicasaSync( 4523): sync account database
02-09 18:02:40.381 D/MediaScannerService( 3874): IMediaScannerService.scanFile: /mnt/sdcard/Notifications/hangout_ringtone.m4a mimeType: null
02-09 18:02:40.401 D/PicasaSync( 4523): accounts in DB=1
02-09 18:02:40.401 D/PicasaSyncManager( 4523): active network: NetworkInfo: type: mobile[CDMA - EvDo rev. A], state: CONNECTED/CONNECTED, reason: 2GVoiceCallEnded, extra: (none), roaming: false, failover: false, isAvailable: true, isIpv4Connected: true, isIpv6Connected: false, ipv4Name: rmnet0, ipv6Name: null
02-09 18:02:40.401 D/PicasaSyncManager( 4523): background data: true
02-09 18:02:40.421 D/PicasaSyncManager( 4523): reject MetadataSyncTask (decidel@gmail.com) for wifi connection
02-09 18:02:40.421 D/PicasaSyncManager( 4523): reject MetadataSyncTask (decidel@gmail.com) for wifi connection
02-09 18:02:40.431 D/PicasaSyncManager( 4523): battery info: false
02-09 18:02:40.571 I/wpa_supplicant(30784): Selecting BSS from priority group 4
02-09 18:02:40.571 I/wpa_supplicant(30784): Try to find WPA-enabled AP
02-09 18:02:40.571 I/wpa_supplicant(30784): Selecting BSS from priority group 3
02-09 18:02:40.571 I/wpa_supplicant(30784): Try to find WPA-enabled AP
02-09 18:02:40.571 I/wpa_supplicant(30784): Selecting BSS from priority group 2
02-09 18:02:40.571 I/wpa_supplicant(30784): Try to find WPA-enabled AP
02-09 18:02:40.571 I/wpa_supplicant(30784): Selecting BSS from priority group 1
02-09 18:02:40.571 I/wpa_supplicant(30784): Try to find WPA-enabled AP
02-09 18:02:40.571 I/dun_service(  123): process rmnet event
02-09 18:02:40.571 I/dun_service(  123): Post event 4
02-09 18:02:40.571 I/dun_service(  123): received event: DUN_EVENT_RMNET_UP 
02-09 18:02:40.571 I/dun_service(  123): received event(DUN_EVENT_RMNET_UP) in state(DUN_STATE_USB_UNPLUG)
02-09 18:02:40.571 I/dun_service(  123): Ignoring the event DUN_EVENT_RMNET_UP in USB_UNPLUG_STATE
02-09 18:02:40.571 I/dun_service(  123): Moved to state(DUN_STATE_USB_UNPLUG)
02-09 18:02:40.571 D/WifiStateTracker(27162): setNotificationVisible() scanResult.SSID=OCAP01 Open? false
02-09 18:02:40.571 D/WifiStateTracker(27162): setNotificationVisible() scanResult.SSID=pub9999 Open? false
02-09 18:02:40.571 D/WifiStateTracker(27162): setNotificationVisible() scanResult.SSID=2WIRE485 Open? false
02-09 18:02:40.571 D/WifiStateTracker(27162): setNotificationVisible() scanResult.SSID=HATHAWAY Open? false
02-09 18:02:40.571 D/WifiStateTracker(27162): setNotificationVisible() scanResult.SSID=RiceGalleryNew Open? false
02-09 18:02:40.571 D/WifiStateTracker(27162): setNotificationVisible() visible=false mNotificationShown=false force=false return.
02-09 18:02:40.571 D/AlarmManager(27162): +++Alarm set:type=2 com.google.android.location  Trigger after:20184ms
02-09 18:02:40.571 D/AlarmManager(27162): +++Alarm set:type=2 com.google.android.apps.maps  Trigger after:2147478933906ms
02-09 18:02:40.601 I/MediaScanner( 3874): doScanFile the temppath: /mnt/sdcard/Notifications/hangout_ringtone.m4a
02-09 18:02:40.611 E/PVMediaScanner( 3874): processFile /mnt/sdcard/Notifications/hangout_ringtone.m4a mimeType: (null)
02-09 18:02:40.611 E/PVMediaScanner( 3874): Start to test wheater the file is drm file = /mnt/sdcard/Notifications/hangout_ringtone.m4a
02-09 18:02:40.621 E/PVMediaScanner( 3874): Start pfnDrmAPI_IsProtectedFile is good result =0
02-09 18:02:40.621 E/PVMediaScanner( 3874): File is not a drm file.
02-09 18:02:40.621 E/PVMediaScanner( 3874): parseMP4::parseMP4 returned
02-09 18:02:40.651 E/PVMediaScanner( 3874): mp4 error code is (95).
02-09 18:02:40.651 E/PVMediaScanner( 3874): mp4 drm brand is (1295270176).
02-09 18:02:40.651 E/PVMediaScanner( 3874): mp4 drm count is (1).
02-09 18:02:40.651 E/PVMediaScanner( 3874): mp4 MEDIA_TYPE_AUDIO  hasAudio.
02-09 18:02:40.651 E/PVMediaScanner( 3874): mp4 error hasAudio is (1),hasVideo is 0
02-09 18:02:40.651 E/PVMediaScanner( 3874): mp4 MEDIA_TYPE_VISUAL  brand = 0
02-09 18:02:40.651 E/PVMediaScanner( 3874): mp4 audio/mp4 
02-09 18:02:40.651 E/MediaScanner( 3874): mp4 drm  setMimeType mimeType is (audio/mp4).
02-09 18:02:40.651 E/MediaScanner( 3874): mp4 drm  setMimeType ret is (1).
02-09 18:02:40.651 E/PVMediaScanner( 3874): mp4 result is 1 
02-09 18:02:41.893 D/DATA    (27234): [DSST(0)] pollstate() : reason = data network state changed
02-09 18:02:41.963 D/MobileDataStateTracker(27162): [hipri]  MobileDataStateReceiver onReceive(): Entry.
02-09 18:02:41.963 D/MobileDataStateTracker(27162): [hipri]  intent.getAction()= android.intent.action.SERVICE_STATE
02-09 18:02:41.963 D/MobileDataStateTracker(27162): [hipri]  mEnabled = false
02-09 18:02:41.963 D/MobileDataStateTracker(27162): [dun]  MobileDataStateReceiver onReceive(): Entry.
02-09 18:02:41.963 D/MobileDataStateTracker(27162): [dun]  intent.getAction()= android.intent.action.SERVICE_STATE
02-09 18:02:41.963 D/MobileDataStateTracker(27162): [dun]  mEnabled = false
02-09 18:02:41.963 D/MobileDataStateTracker(27162): [supl]  MobileDataStateReceiver onReceive(): Entry.
02-09 18:02:41.963 D/MobileDataStateTracker(27162): [supl]  intent.getAction()= android.intent.action.SERVICE_STATE
02-09 18:02:41.963 D/MobileDataStateTracker(27162): [supl]  mEnabled = false
02-09 18:02:41.963 D/MobileDataStateTracker(27162): [mms]  MobileDataStateReceiver onReceive(): Entry.
02-09 18:02:41.963 D/MobileDataStateTracker(27162): [mms]  intent.getAction()= android.intent.action.SERVICE_STATE
02-09 18:02:41.963 D/MobileDataStateTracker(27162): [mms]  mEnabled = false
02-09 18:02:41.973 D/MobileDataStateTracker(27162): [default]  MobileDataStateReceiver onReceive(): Entry.
02-09 18:02:41.973 D/MobileDataStateTracker(27162): [default]  intent.getAction()= android.intent.action.SERVICE_STATE
02-09 18:02:41.973 D/MobileDataStateTracker(27162): [default]  mEnabled = true
02-09 18:02:41.973 D/CdmaCellLocation(27265): [LPZ-GPS]mUseNetworkwireless=false
02-09 18:02:41.973 D/CdmaCellLocation(27265): [LPZ-GPS]BSId=-1
02-09 18:02:41.973 D/CdmaCellLocation(27265): [LPZ-GPS]BSLAT=2147483647
02-09 18:02:41.973 D/CdmaCellLocation(27265): [LPZ-GPS]BSLONG=2147483647
02-09 18:02:41.973 D/CdmaCellLocation(27265): [LPZ-GPS]SystemId=-1
02-09 18:02:41.973 D/CdmaCellLocation(27265): [LPZ-GPS]NetworkId=-1
02-09 18:02:41.973 D/CdmaCellLocation( 2881): [LPZ-GPS]mUseNetworkwireless=false
02-09 18:02:41.973 D/CdmaCellLocation( 2881): [LPZ-GPS]BSId=-1
