02-09 18:22:39.931 I/wpa_supplicant(30784): Try to find WPA-enabled AP
02-09 18:22:39.951 D/WifiStateTracker(27162): setNotificationVisible() scanResult.SSID=HH Free WIFI Open? true
02-09 18:22:39.951 D/WifiStateTracker(27162): interpretScanResultsAvailable() numOpenNetworks=1 mNumScansSinceNetworkStateChange=502
02-09 18:22:39.961 D/WifiStateTracker(27162): setNotificationVisible() System.currentTimeMillis()=1328833359968
02-09 18:22:39.961 D/WifiStateTracker(27162): setNotificationVisible() mNotificationRepeatTime=1328833682099
02-09 18:22:39.961 D/WifiStateTracker(27162): setNotificationVisible() System.currentTimeMillis() < mNotificationRepeatTime return.
02-09 18:22:39.991 D/AlarmManager(27162): +++Alarm set:type=2 com.google.android.location  Trigger after:19574ms
02-09 18:22:40.021 D/AlarmManager(27162): +++Alarm set:type=2 com.google.android.apps.maps  Trigger after:2147482833083ms
02-09 18:22:44.606 I/dun_service(  123): The value returned from dun_getusbmodemstate_fromsys is 2 
02-09 18:22:44.646 D/KeyguardUpdateMonitor(27162): received broadcast android.intent.action.BATTERY_CHANGED
02-09 18:22:44.646 D/KeyguardUpdateMonitor(27162): handleBatteryUpdate
02-09 18:22:44.666 D/PowerManagerService(27162): acquireWakeLock flags=0x1 tag=WifiService
02-09 18:22:44.676 D/PowerManagerService(27162): releaseWakeLock flags=0x1 tag=WifiService
02-09 18:22:46.918 I/dun_service(  123): process rmnet event
02-09 18:22:46.918 I/dun_service(  123): Post event 4
02-09 18:22:46.918 I/dun_service(  123): received event: DUN_EVENT_RMNET_UP 
02-09 18:22:46.918 I/dun_service(  123): received event(DUN_EVENT_RMNET_UP) in state(DUN_STATE_USB_UNPLUG)
02-09 18:22:46.918 I/dun_service(  123): Ignoring the event DUN_EVENT_RMNET_UP in USB_UNPLUG_STATE
02-09 18:22:46.918 I/dun_service(  123): Moved to state(DUN_STATE_USB_UNPLUG)
02-09 18:22:46.918 I/wpa_supplicant(30784): Selecting BSS from priority group 4
02-09 18:22:46.918 I/wpa_supplicant(30784): Try to find WPA-enabled AP
02-09 18:22:46.918 I/wpa_supplicant(30784): Selecting BSS from priority group 3
02-09 18:22:46.918 I/wpa_supplicant(30784): Try to find WPA-enabled AP
02-09 18:22:46.918 I/wpa_supplicant(30784): Selecting BSS from priority group 2
02-09 18:22:46.918 I/wpa_supplicant(30784): Try to find WPA-enabled AP
02-09 18:22:46.918 I/wpa_supplicant(30784): Selecting BSS from priority group 1
02-09 18:22:46.918 I/wpa_supplicant(30784): Try to find WPA-enabled AP
02-09 18:22:46.938 D/WifiStateTracker(27162): setNotificationVisible() scanResult.SSID=HH Free WIFI Open? true
02-09 18:22:46.938 D/WifiStateTracker(27162): interpretScanResultsAvailable() numOpenNetworks=1 mNumScansSinceNetworkStateChange=503
02-09 18:22:46.938 D/WifiStateTracker(27162): setNotificationVisible() System.currentTimeMillis()=1328833366945
02-09 18:22:46.938 D/WifiStateTracker(27162): setNotificationVisible() mNotificationRepeatTime=1328833682099
02-09 18:22:46.938 D/WifiStateTracker(27162): setNotificationVisible() System.currentTimeMillis() < mNotificationRepeatTime return.
02-09 18:22:46.978 D/AlarmManager(27162): +++Alarm set:type=2 com.google.android.location  Trigger after:12594ms
02-09 18:22:47.018 D/AlarmManager(27162): +++Alarm set:type=2 com.google.android.apps.maps  Trigger after:2147482826103ms
02-09 18:22:47.118 W/AlarmManager(27162): +++Alarm  wakeup phone ,pkg=com.google.android.gsf
02-09 18:22:47.118 D/PowerManagerService(27162): acquireWakeLock flags=0x1 tag=AlarmManager
02-09 18:22:47.128 D/PowerManagerService(27162): acquireWakeLock flags=0x1 tag=Event Log Handoff
02-09 18:22:47.158 D/PowerManagerService(27162): acquireWakeLock flags=0x1 tag=Event Log Service
02-09 18:22:47.158 W/AlarmManager(27162): +++alarm onSendFinished ,action=null
02-09 18:22:47.168 D/PowerManagerService(27162): releaseWakeLock flags=0x1 tag=AlarmManager
02-09 18:22:47.178 D/PowerManagerService(27162): releaseWakeLock flags=0x1 tag=Event Log Handoff
02-09 18:22:47.178 I/EventLogService(27265): Aggregate from 1328831567085 (log), 1328831567085 (data)
02-09 18:22:47.308 D/AlarmManager(27162): +++Alarm set:type=0 com.google.android.gsf  Trigger after:1799985ms
02-09 18:22:47.328 D/PowerManagerService(27162): releaseWakeLock flags=0x1 tag=Event Log Service
02-09 18:22:51.853 D/PowerManagerService(27162): UnPartial  wakeLock  reactivate ,flags=0x20 tag=PhoneApp
02-09 18:22:51.863 D/PowerManagerService(27162): setPowerState: mPowerState=0x0 newState=0x3 noChangeLights=false reason=2
02-09 18:22:51.873 D/KeyguardViewMediator(27162): onScreenTurnedOn, seq = 154
02-09 18:22:51.873 D/KeyguardViewMediator(27162): notifyScreenOnLocked
02-09 18:22:51.873 D/KeyguardViewMediator(27162): handleNotifyScreenOn
02-09 18:22:51.873 E/Sensors (27162): [HAL]ready to call enable(Accelerometer,1),AAAAAAAA
02-09 18:22:51.873 D/InCallScreen(27234): onResume()...
02-09 18:22:51.873 D/PhoneApp(27234): disable status bar
02-09 18:22:51.873 D/PhoneApp(27234): StatusBarManager.DISABLE_EXPAND
02-09 18:22:51.883 D/PhoneApp(27234): setIgnoreTouchUserActivity(true)...
02-09 18:22:51.883 D/NotificationMgr(27234): updating status bar state: 5
02-09 18:22:51.883 D/AudioTrack(27234): Request AudioFlinger to create track
02-09 18:22:51.883 D/AudioFlinger(27152): createTrack() lSessionId: 69
02-09 18:22:51.883 D/AudioFlinger(27152): Track constructor name 4097, calling thread 27234
02-09 18:22:51.883 D/InCallScreen(27234): - onResume: initial status = SUCCESS
02-09 18:22:51.883 D/InCallScreen(27234): isBluetoothAudioConnected: ==> isAudioOn = false
02-09 18:22:51.883 D/InCallScreen(27234): checkIsOtaCall...
02-09 18:22:51.883 D/InCallScreen(27234): checkIsOtaCall action ACTION_MAIN
02-09 18:22:51.883 D/InCallScreen(27234): checkIsOtaCall: isOtaCall =false
02-09 18:22:51.883 D/InCallScreen(27234): setInCallScreenMode: NORMAL
02-09 18:22:51.883 D/InCallScreen(27234): [okToDialDTMFTones] foreground state: ACTIVE, ringing state: false, call screen mode: NORMAL, result: true
02-09 18:22:51.883 D/InCallScreen(27234): isBluetoothAudioConnected: ==> isAudioOn = false
02-09 18:22:51.883 D/InCallScreen(27234): getUpdatedInCallControlState()...
02-09 18:22:51.883 D/PhoneUtils(27234): isEmergencyCall()...
02-09 18:22:51.883 D/PhoneUtils(27234): (add_call,fgCallState == Call.State.ACTIVE) = true
02-09 18:22:51.883 D/PhoneUtils(27234): (add_call,app.cdmaPhoneCallState.getAddCallMenuStateAfterCallWaiting() = true
02-09 18:22:51.883 D/InCallScreen(27234): isBluetoothAvailable()...
02-09 18:22:51.883 D/InCallScreen(27234):   - headset state = 0
02-09 18:22:51.883 D/InCallScreen(27234):   - headset address: null
02-09 18:22:51.883 D/InCallScreen(27234):   ==> false
02-09 18:22:51.883 D/PhoneUtils(27234): audioManager.isMicrophoneMute: false
02-09 18:22:51.883 D/InCallScreen(27234): [okToDialDTMFTones] foreground state: ACTIVE, ringing state: false, call screen mode: NORMAL, result: true
02-09 18:22:51.883 D/InCallControlState(27234): InCallControlState:
02-09 18:22:51.883 D/InCallControlState(27234):   manageConferenceVisible: false
02-09 18:22:51.883 D/InCallControlState(27234):   manageConferenceEnabled: false
02-09 18:22:51.883 D/InCallControlState(27234):   canAddCall: true
02-09 18:22:51.883 D/InCallControlState(27234):   canSwap: true
02-09 18:22:51.883 D/InCallControlState(27234):   canMerge: false
02-09 18:22:51.883 D/InCallControlState(27234):   bluetoothEnabled: false
02-09 18:22:51.883 D/InCallControlState(27234):   bluetoothIndicatorOn: false
02-09 18:22:51.883 D/InCallControlState(27234):   speakerEnabled: true
02-09 18:22:51.883 D/InCallControlState(27234):   speakerOn: false
02-09 18:22:51.893 D/KeyguardViewMediator(27162): setHidden true
02-09 18:22:51.893 D/InCallControlState(27234):   canMute: true
02-09 18:22:51.893 D/InCallControlState(27234):   muteIndicatorOn: false
02-09 18:22:51.893 D/InCallControlState(27234):   dialpadEnabled: true
02-09 18:22:51.893 D/InCallControlState(27234):   dialpadVisible: false
02-09 18:22:51.893 D/InCallControlState(27234):   onHold: false
02-09 18:22:51.893 D/InCallControlState(27234):   canHold: false
02-09 18:22:51.893 D/InCallScreen(27234): syncWithPhoneState()...
02-09 18:22:51.893 D/PhoneUtils(27234): dumpCallState():
02-09 18:22:51.893 D/PhoneUtils(27234): - Call state = OFFHOOK
02-09 18:22:51.893 D/PhoneUtils(27234):   - FG call: ACTIVE CDMA isAlive true isRinging false isDialing false isIdle false hasConnections true
02-09 18:22:51.893 D/PhoneUtils(27234):   - BG call: IDLE CDMA isAlive false isRinging false isDialing false isIdle true hasConnections false
02-09 18:22:51.893 D/PhoneUtils(27234):   - RINGING call: IDLE CDMA isAlive false isRinging false isDialing false isIdle true hasConnections false
02-09 18:22:51.893 D/PhoneUtils(27234):   - hasRingingCall false hasActiveCall true hasHoldingCall false allLinesTaken false
02-09 18:22:51.893 D/PhoneUtils(27234):   - CDMA call state: SINGLE_ACTIVE
02-09 18:22:51.893 D/PhoneUtils(27234):   - Ringer state: false
02-09 18:22:51.893 D/InCallScreen(27234): ============== dumpBluetoothState() =============
02-09 18:22:51.893 D/InCallScreen(27234): isBluetoothAvailable()...
02-09 18:22:51.893 D/KeyguardViewMediator(27162): setHidden true
02-09 18:22:51.903 D/InCallScreen(27234):   - headset state = 0
02-09 18:22:51.903 D/InCallScreen(27234):   - headset address: null
02-09 18:22:51.903 D/InCallScreen(27234):   ==> false
02-09 18:22:51.903 D/InCallScreen(27234): = isBluetoothAvailable: false
02-09 18:22:51.903 D/InCallScreen(27234): isBluetoothAudioConnected: ==> isAudioOn = false
02-09 18:22:51.903 D/InCallScreen(27234): = isBluetoothAudioConnected: false
02-09 18:22:51.903 D/InCallScreen(27234): isBluetoothAudioConnected: ==> isAudioOn = false
02-09 18:22:51.903 D/InCallScreen(27234): isBluetoothAudioConnectedOrPending: ==> FALSE
02-09 18:22:51.903 D/InCallScreen(27234): = isBluetoothAudioConnectedOrPending: false
02-09 18:22:51.903 D/InCallScreen(27234): = PhoneApp.showBluetoothIndication: false
02-09 18:22:51.903 D/InCallScreen(27234): =
02-09 18:22:51.903 D/InCallScreen(27234): = BluetoothHandsfree.isAudioOn: false
02-09 18:22:51.903 D/InCallScreen(27234): = BluetoothHeadset.getCurrentHeadset: null
02-09 18:22:51.903 D/InCallScreen(27234): syncWithPhoneState: it's ok to be here; update the screen...
02-09 18:22:51.903 D/InCallScreen(27234): updateScreen()...
02-09 18:22:51.903 D/InCallScreen(27234): - updateScreen: updating the in-call UI...
02-09 18:22:51.903 D/CallCard(27234): updateState(########### Dump CallManager ############
02-09 18:22:51.903 D/CallCard(27234): CallManager state = OFFHOOK
02-09 18:22:51.903 D/CallCard(27234):    - Foreground: ACTIVE from Handler{40538868}
02-09 18:22:51.903 D/CallCard(27234):      Conn: [ incoming: true state: ACTIVE post dial state: NOT_STARTED]
02-09 18:22:51.903 D/CallCard(27234):    - Background: IDLE from Handler{40538868}
02-09 18:22:51.903 D/CallCard(27234):      Conn: []
02-09 18:22:51.903 D/CallCard(27234):    - Ringing: IDLE from Handler{40538868}
02-09 18:22:51.903 D/CallCard(27234):  Phone: Handler{40538868}, name = CDMA, state = OFFHOOK
02-09 18:22:51.903 D/CallCard(27234):    - Foreground: ACTIVE Background: IDLE Ringing: IDLE
02-09 18:22:51.903 D/CallCard(27234): ########## End Dump CallManager ##########)...
02-09 18:22:51.903 D/CallCard(27234): updateForegroundCall()...
02-09 18:22:51.903 D/CallCard(27234): displayMainCallStatus(call ACTIVE)...
02-09 18:22:51.903 D/CallCard(27234):   - call.state: ACTIVE
02-09 18:22:51.903 I/hubo    (27162): Activity {com.android.phone/com.android.phone.InCallScreen}
02-09 18:22:51.903 D/CallCard(27234): displayMainCallStatus: start periodicUpdateTimer
02-09 18:22:51.903 D/CallCard(27234): updateCardTitleWidgets(call ACTIVE)...
02-09 18:22:51.903 D/CallCard(27234): - getTitleForCallCard(Call ACTIVE)...
02-09 18:22:51.903 D/CallCard(27234):   ==> result: Current call
02-09 18:22:51.903 D/CallCard(27234): updateCardTitleWidgets: Current call
02-09 18:22:51.903 D/InCallScreen(27234): getUpdatedInCallControlState()...
02-09 18:22:51.903 D/PhoneUtils(27234): isEmergencyCall()...
02-09 18:22:51.903 D/PhoneUtils(27234): (add_call,fgCallState == Call.State.ACTIVE) = true
02-09 18:22:51.903 D/PhoneUtils(27234): (add_call,app.cdmaPhoneCallState.getAddCallMenuStateAfterCallWaiting() = true
02-09 18:22:51.903 D/InCallScreen(27234): isBluetoothAvailable()...
02-09 18:22:51.903 D/InCallScreen(27234):   - headset state = 0
02-09 18:22:51.913 D/InCallScreen(27234):   - headset address: null
02-09 18:22:51.913 D/InCallScreen(27234):   ==> false
02-09 18:22:51.913 D/PhoneUtils(27234): audioManager.isMicrophoneMute: false
02-09 18:22:51.913 D/InCallScreen(27234): [okToDialDTMFTones] foreground state: ACTIVE, ringing state: false, call screen mode: NORMAL, result: true
02-09 18:22:51.913 D/InCallControlState(27234): InCallControlState:
02-09 18:22:51.913 D/InCallControlState(27234):   manageConferenceVisible: false
02-09 18:22:51.913 D/InCallControlState(27234):   manageConferenceEnabled: false
02-09 18:22:51.913 D/InCallControlState(27234):   canAddCall: true
02-09 18:22:51.913 D/InCallControlState(27234):   canSwap: true
02-09 18:22:51.913 D/InCallControlState(27234):   canMerge: false
02-09 18:22:51.913 D/InCallControlState(27234):   bluetoothEnabled: false
02-09 18:22:51.913 D/InCallControlState(27234):   bluetoothIndicatorOn: false
02-09 18:22:51.913 D/InCallControlState(27234):   speakerEnabled: true
02-09 18:22:51.913 D/InCallControlState(27234):   speakerOn: false
02-09 18:22:51.913 D/InCallControlState(27234):   canMute: true
02-09 18:22:51.913 D/InCallControlState(27234):   muteIndicatorOn: false
02-09 18:22:51.913 D/InCallControlState(27234):   dialpadEnabled: true
02-09 18:22:51.913 D/InCallControlState(27234):   dialpadVisible: false
02-09 18:22:51.913 D/InCallControlState(27234):   onHold: false
02-09 18:22:51.913 D/InCallControlState(27234):   canHold: false
02-09 18:22:51.913 D/CallCard(27234): yangliu,getCurrentCallState: SINGLE_ACTIVE
02-09 18:22:51.913 D/CallCard(27234): yangliu,inCallControlState.onHold: false
02-09 18:22:51.913 D/PhoneUtils(27234): isEmergencyCall()...
02-09 18:22:51.913 D/CallCard(27234):   - CONN:  incoming: true state: ACTIVE post dial state: NOT_STARTED, state = ACTIVE
02-09 18:22:51.913 D/CallCard(27234): - displayMainCallStatus: updatedNumber = 9134864351
02-09 18:22:51.913 D/CallCard(27234): - displayMainCallStatus: starting CallerInfo query...
02-09 18:22:51.913 D/PhoneUtils(27234): startGetCallerInfo: query already done, returning CallerInfo
02-09 18:22:51.923 D/CallCard(27234): updateDisplayForPerson(CallerInfo { name non-null, phoneNumber non-null })
02-09 18:22:51.923 D/CallCard(27234): presentation:1 isTemporary:false
02-09 18:22:51.923 D/CallCard(27234): - got personUri: 'content://com.android.contacts/contacts/179', based on info.person_id: 179
02-09 18:22:51.923 D/CallCard(27234): updatePhotoForCallState(ACTIVE)...
02-09 18:22:51.923 D/CallCard(27234): yangliu_sprint,updatePhotoForCallState,isEarliestConnHold = false
02-09 18:22:51.923 D/CallCard(27234): displayOnHoldCallStatus(call =IDLE)...
02-09 18:22:51.923 D/PhoneApp(27234): - isOtaCallInActiveState false
02-09 18:22:51.923 D/InCallScreen(27234): [okToDialDTMFTones] foreground state: ACTIVE, ringing state: false, call screen mode: NORMAL, result: true
02-09 18:22:51.923 D/InCallScreen(27234): isBluetoothAudioConnected: ==> isAudioOn = false
02-09 18:22:51.923 D/InCallScreen(27234): getUpdatedInCallControlState()...
02-09 18:22:51.923 D/PhoneUtils(27234): isEmergencyCall()...
02-09 18:22:51.923 D/PhoneUtils(27234): (add_call,fgCallState == Call.State.ACTIVE) = true
02-09 18:22:51.923 D/PhoneUtils(27234): (add_call,app.cdmaPhoneCallState.getAddCallMenuStateAfterCallWaiting() = true
02-09 18:22:51.923 D/InCallScreen(27234): isBluetoothAvailable()...
02-09 18:22:51.923 D/InCallScreen(27234):   - headset state = 0
02-09 18:22:51.923 D/InCallScreen(27234):   - headset address: null
02-09 18:22:51.923 D/InCallScreen(27234):   ==> false
02-09 18:22:51.923 D/PhoneUtils(27234): audioManager.isMicrophoneMute: false
02-09 18:22:51.923 D/InCallScreen(27234): [okToDialDTMFTones] foreground state: ACTIVE, ringing state: false, call screen mode: NORMAL, result: true
02-09 18:22:51.923 D/InCallControlState(27234): InCallControlState:
02-09 18:22:51.923 D/InCallControlState(27234):   manageConferenceVisible: false
02-09 18:22:51.923 D/InCallControlState(27234):   manageConferenceEnabled: false
02-09 18:22:51.923 D/InCallControlState(27234):   canAddCall: true
02-09 18:22:51.923 D/InCallControlState(27234):   canSwap: true
02-09 18:22:51.923 D/InCallControlState(27234):   canMerge: false
02-09 18:22:51.923 D/InCallControlState(27234):   bluetoothEnabled: false
02-09 18:22:51.923 D/InCallControlState(27234):   bluetoothIndicatorOn: false
02-09 18:22:51.923 D/InCallControlState(27234):   speakerEnabled: true
02-09 18:22:51.923 D/InCallControlState(27234):   speakerOn: false
02-09 18:22:51.923 D/InCallControlState(27234):   canMute: true
02-09 18:22:51.923 D/InCallControlState(27234):   muteIndicatorOn: false
02-09 18:22:51.923 D/InCallControlState(27234):   dialpadEnabled: true
02-09 18:22:51.923 D/InCallControlState(27234):   dialpadVisible: false
02-09 18:22:51.923 D/InCallControlState(27234):   onHold: false
02-09 18:22:51.923 D/InCallControlState(27234):   canHold: false
02-09 18:22:51.923 D/InCallScreen(27234): updateProviderOverlay: false
02-09 18:22:51.923 D/InCallScreen(27234): updateMenuButtonHint()...
02-09 18:22:51.933 D/PhoneApp(27234): - preventScreenOn(false)...
02-09 18:22:51.933 D/PhoneApp(27234): updateWakeState: callscreen true, dialer false, speaker false...
02-09 18:22:51.933 D/PhoneApp(27234): setScreenTimeout(MEDIUM)...
02-09 18:22:51.933 D/PhoneApp(27234): updateWakeState: keepScreenOn = false (isRinging false, isDialing false, showingDisc false)
02-09 18:22:51.933 D/PhoneApp(27234): requestWakeState(PARTIAL)...
02-09 18:22:51.933 D/InCallScreen(27234): enableTouchLock(false)...
02-09 18:22:51.933 D/InCallScreen(27234): onResume() done.
02-09 18:22:51.943 D/KeyguardViewMediator(27162): setHidden true
02-09 18:22:51.963 D/CallManager(27234):  handleMessage (EVENT_PRECISE_CALL_STATE_CHANGED)
02-09 18:22:51.963 D/BT HS/HF(27234): updatePhoneState()
02-09 18:22:51.963 D/BT HS/HF(27234): Foreground call state : ACTIVE
02-09 18:22:51.963 D/BT HS/HF(27234): Ringing call state : IDLE
02-09 18:22:51.963 D/BT HS/HF(27234): Background call state : IDLE
02-09 18:22:51.963 E/BT HS/HF(27234): prev mIsCdmaFirstConnectionHeld  is false
02-09 18:22:51.963 E/BT HS/HF(27234): current mIsCdmaFirstConnectionHeld is false
02-09 18:22:51.963 D/BT HS/HF(27234): CallSetup: 0
02-09 18:22:51.963 D/BT HS/HF(27234): Call: 1
02-09 18:22:51.963 D/BT HS/HF(27234): CallHeld: 0
02-09 18:22:51.963 D/CallNotifier(27234): handleMessage() Msg Type: 1
02-09 18:22:51.973 D/PhoneApp(27234): old phone type:2, New Phone type:2
02-09 18:22:51.973 D/CallNotifier(27234): onPhoneStateChanged: state = OFFHOOK
02-09 18:22:51.973 D/PhoneApp(27234): updateProximitySensorMode: state = OFFHOOK
02-09 18:22:51.973 D/PhoneApp(27234): updateProximitySensorMode: lock already held.
02-09 18:22:51.973 D/CallNotifier(27234): onPhoneStateChanged: OFF HOOK
02-09 18:22:51.973 D/PhoneUtils(27234): setAudioMode()...OFFHOOK
02-09 18:22:51.983 D/PhoneUtils(27234): setAudioMode() no change: MODE_IN_CALL
02-09 18:22:51.983 D/CallNotifier(27234): stopRing()... (OFFHOOK state)
02-09 18:22:51.983 D/Ringer  (27234): stopRing()...
02-09 18:22:51.983 D/Ringer  (27234): - stopRing: null mRingHandler!
02-09 18:22:51.983 D/CallNotifier(27234): Reset Auto answer timeout
02-09 18:22:51.983 D/CallNotifier(27234): - updating notification for phone state change...
02-09 18:22:51.983 D/NotificationMgr(27234): updateInCallNotification()...
02-09 18:22:51.983 D/NotificationMgr(27234):   - hasRingingCall = false
02-09 18:22:51.983 D/NotificationMgr(27234):   - hasActiveCall = true
02-09 18:22:51.983 D/NotificationMgr(27234):   - hasHoldingCall = false
02-09 18:22:51.983 D/NotificationMgr(27234): updateInCallNotification: enhancedVoicePrivacy = false
02-09 18:22:51.983 D/NotificationMgr(27234): - Updating status bar icon: resId = 2130837684
02-09 18:22:51.983 D/PhoneApp(27234): createInCallIntent subscription:
02-09 18:22:51.983 D/NotificationMgr(27234): - Updating expanded view: line 1 'xxxxxxx'
02-09 18:22:51.983 D/PhoneUtils(27234): startGetCallerInfo: query already done, returning CallerInfo
02-09 18:22:51.983 D/PhoneUtils(27234): getCompactNameFromCallerInfo: info = CallerInfo { name non-null, phoneNumber non-null }
02-09 18:22:51.983 D/PhoneUtils(27234): getCompactNameFromCallerInfo: compactName=Jodi Smith
02-09 18:22:51.983 D/NotificationMgr(27234): - Updating expanded view: line 2 'xxxxxxx'
02-09 18:22:51.983 D/NotificationMgr(27234): - Setting fullScreenIntent: PendingIntent{406879c8: android.os.BinderProxy@40667898}
02-09 18:22:51.983 D/NotificationMgr(27234): Notifying IN_CALL_NOTIFICATION: Notification(vibrate=null,sound=null,defaults=0x0,flags=0x2)
02-09 18:22:51.993 D/NotificationMgr(27234): updateSpeakerNotification: speaker OFF (or not offhook)
02-09 18:22:51.993 D/PhoneUtils(27234): audioManager.isMicrophoneMute: false
02-09 18:22:51.993 D/NotificationMgr(27234): updateMuteNotification: not muted (or not offhook)
02-09 18:22:51.993 D/PhoneUtils(27234): ConnectionHandler: updating mute state for each connection
02-09 18:22:52.003 D/PhoneUtils(27234): setMuteInternal: false
02-09 18:22:52.003 D/PhoneUtils(27234): setMuteInternal: falsephoneType = 2
02-09 18:22:52.003 D/PhoneUtils(27234): setMicrophoneMute: false
02-09 18:22:52.003 D/PhoneUtils(27234): audioManager.isMicrophoneMute: false
02-09 18:22:52.003 D/NotificationMgr(27234): updateMuteNotification: not muted (or not offhook)
02-09 18:22:52.003 D/InCallScreen(27234): onPhoneStateChanged()...
02-09 18:22:52.003 D/InCallScreen(27234): updateScreen()...
02-09 18:22:52.003 D/InCallScreen(27234): - updateScreen: updating the in-call UI...
02-09 18:22:52.003 D/CallCard(27234): updateState(########### Dump CallManager ############
02-09 18:22:52.003 D/CallCard(27234): CallManager state = OFFHOOK
02-09 18:22:52.003 D/CallCard(27234):    - Foreground: ACTIVE from Handler{40538868}
02-09 18:22:52.003 D/CallCard(27234):      Conn: [ incoming: true state: ACTIVE post dial state: NOT_STARTED]
02-09 18:22:52.003 D/CallCard(27234):    - Background: IDLE from Handler{40538868}
02-09 18:22:52.003 D/CallCard(27234):      Conn: []
02-09 18:22:52.003 D/CallCard(27234):    - Ringing: IDLE from Handler{40538868}
02-09 18:22:52.003 D/CallCard(27234):  Phone: Handler{40538868}, name = CDMA, state = OFFHOOK
02-09 18:22:52.003 D/CallCard(27234):    - Foreground: ACTIVE Background: IDLE Ringing: IDLE
02-09 18:22:52.003 D/CallCard(27234): ########## End Dump CallManager ##########)...
02-09 18:22:52.003 D/CallCard(27234): updateForegroundCall()...
02-09 18:22:52.003 D/CallCard(27234): displayMainCallStatus(call ACTIVE)...
02-09 18:22:52.003 D/CallCard(27234):   - call.state: ACTIVE
02-09 18:22:52.003 D/CallCard(27234): displayMainCallStatus: start periodicUpdateTimer
02-09 18:22:52.003 D/CallCard(27234): updateCardTitleWidgets(call ACTIVE)...
02-09 18:22:52.003 D/CallCard(27234): - getTitleForCallCard(Call ACTIVE)...
02-09 18:22:52.003 D/CallCard(27234):   ==> result: Current call
02-09 18:22:52.003 D/CallCard(27234): updateCardTitleWidgets: Current call
02-09 18:22:52.003 D/InCallScreen(27234): getUpdatedInCallControlState()...
02-09 18:22:52.003 D/PhoneUtils(27234): isEmergencyCall()...
02-09 18:22:52.003 D/PhoneUtils(27234): (add_call,fgCallState == Call.State.ACTIVE) = true
02-09 18:22:52.003 D/PhoneUtils(27234): (add_call,app.cdmaPhoneCallState.getAddCallMenuStateAfterCallWaiting() = true
02-09 18:22:52.003 D/InCallScreen(27234): isBluetoothAvailable()...
02-09 18:22:52.003 D/InCallScreen(27234):   - headset state = 0
02-09 18:22:52.003 D/InCallScreen(27234):   - headset address: null
02-09 18:22:52.003 D/InCallScreen(27234):   ==> false
02-09 18:22:52.003 D/PhoneUtils(27234): audioManager.isMicrophoneMute: false
02-09 18:22:52.003 D/InCallScreen(27234): [okToDialDTMFTones] foreground state: ACTIVE, ringing state: false, call screen mode: NORMAL, result: true
02-09 18:22:52.003 D/InCallControlState(27234): InCallControlState:
02-09 18:22:52.003 D/InCallControlState(27234):   manageConferenceVisible: false
02-09 18:22:52.003 D/InCallControlState(27234):   manageConferenceEnabled: false
02-09 18:22:52.003 D/InCallControlState(27234):   canAddCall: true
02-09 18:22:52.003 D/InCallControlState(27234):   canSwap: true
02-09 18:22:52.003 D/InCallControlState(27234):   canMerge: false
02-09 18:22:52.003 D/InCallControlState(27234):   bluetoothEnabled: false
02-09 18:22:52.003 D/InCallControlState(27234):   bluetoothIndicatorOn: false
02-09 18:22:52.003 D/InCallControlState(27234):   speakerEnabled: true
02-09 18:22:52.003 D/InCallControlState(27234):   speakerOn: false
02-09 18:22:52.003 D/InCallControlState(27234):   canMute: true
02-09 18:22:52.003 D/InCallControlState(27234):   muteIndicatorOn: false
02-09 18:22:52.003 D/InCallControlState(27234):   dialpadEnabled: true
02-09 18:22:52.003 D/InCallControlState(27234):   dialpadVisible: false
02-09 18:22:52.003 D/InCallControlState(27234):   onHold: false
02-09 18:22:52.013 D/InCallControlState(27234):   canHold: false
02-09 18:22:52.013 D/CallCard(27234): yangliu,getCurrentCallState: SINGLE_ACTIVE
02-09 18:22:52.013 D/CallCard(27234): yangliu,inCallControlState.onHold: false
02-09 18:22:52.013 D/PhoneUtils(27234): isEmergencyCall()...
02-09 18:22:52.013 D/CallCard(27234):   - CONN:  incoming: true state: ACTIVE post dial state: NOT_STARTED, state = ACTIVE
02-09 18:22:52.013 D/CallCard(27234): - displayMainCallStatus: updatedNumber = 9134864351
02-09 18:22:52.013 D/CallCard(27234): - displayMainCallStatus: starting CallerInfo query...
02-09 18:22:52.013 D/PhoneUtils(27234): startGetCallerInfo: query already done, returning CallerInfo
02-09 18:22:52.013 D/CallCard(27234): updateDisplayForPerson(CallerInfo { name non-null, phoneNumber non-null })
02-09 18:22:52.013 D/CallCard(27234): presentation:1 isTemporary:false
02-09 18:22:52.013 D/CallCard(27234): - got personUri: 'content://com.android.contacts/contacts/179', based on info.person_id: 179
02-09 18:22:52.013 D/CallCard(27234): updatePhotoForCallState(ACTIVE)...
02-09 18:22:52.013 D/CallCard(27234): yangliu_sprint,updatePhotoForCallState,isEarliestConnHold = false
02-09 18:22:52.013 D/CallCard(27234): displayOnHoldCallStatus(call =IDLE)...
02-09 18:22:52.013 D/PhoneApp(27234): - isOtaCallInActiveState false
02-09 18:22:52.013 D/InCallScreen(27234): [okToDialDTMFTones] foreground state: ACTIVE, ringing state: false, call screen mode: NORMAL, result: true
02-09 18:22:52.013 D/InCallScreen(27234): isBluetoothAudioConnected: ==> isAudioOn = false
02-09 18:22:52.013 D/KeyguardViewMediator(27162): setHidden true
02-09 18:22:52.023 D/InCallScreen(27234): getUpdatedInCallControlState()...
02-09 18:22:52.023 D/PhoneUtils(27234): isEmergencyCall()...
02-09 18:22:52.023 D/PhoneUtils(27234): (add_call,fgCallState == Call.State.ACTIVE) = true
02-09 18:22:52.023 D/PhoneUtils(27234): (add_call,app.cdmaPhoneCallState.getAddCallMenuStateAfterCallWaiting() = true
02-09 18:22:52.023 D/InCallScreen(27234): isBluetoothAvailable()...
02-09 18:22:52.023 D/InCallScreen(27234):   - headset state = 0
02-09 18:22:52.023 D/InCallScreen(27234):   - headset address: null
02-09 18:22:52.023 D/InCallScreen(27234):   ==> false
02-09 18:22:52.023 D/PhoneUtils(27234): audioManager.isMicrophoneMute: false
02-09 18:22:52.023 D/InCallScreen(27234): [okToDialDTMFTones] foreground state: ACTIVE, ringing state: false, call screen mode: NORMAL, result: true
02-09 18:22:52.023 D/InCallControlState(27234): InCallControlState:
02-09 18:22:52.023 D/InCallControlState(27234):   manageConferenceVisible: false
02-09 18:22:52.023 D/InCallControlState(27234):   manageConferenceEnabled: false
02-09 18:22:52.023 D/InCallControlState(27234):   canAddCall: true
02-09 18:22:52.023 D/InCallControlState(27234):   canSwap: true
02-09 18:22:52.023 D/InCallControlState(27234):   canMerge: false
02-09 18:22:52.023 D/InCallControlState(27234):   bluetoothEnabled: false
02-09 18:22:52.023 D/InCallControlState(27234):   bluetoothIndicatorOn: false
02-09 18:22:52.023 D/InCallControlState(27234):   speakerEnabled: true
02-09 18:22:52.023 D/InCallControlState(27234):   speakerOn: false
02-09 18:22:52.023 D/InCallControlState(27234):   canMute: true
02-09 18:22:52.023 D/InCallControlState(27234):   muteIndicatorOn: false
02-09 18:22:52.023 D/InCallControlState(27234):   dialpadEnabled: true
02-09 18:22:52.023 D/InCallControlState(27234):   dialpadVisible: false
02-09 18:22:52.023 D/InCallControlState(27234):   onHold: false
02-09 18:22:52.023 D/InCallControlState(27234):   canHold: false
02-09 18:22:52.023 D/InCallScreen(27234): updateProviderOverlay: false
02-09 18:22:52.033 D/KeyguardViewMediator(27162): setHidden true
02-09 18:22:52.033 D/InCallScreen(27234): updateMenuButtonHint()...
02-09 18:22:52.033 D/PhoneApp(27234): updateWakeState: callscreen true, dialer false, speaker false...
02-09 18:22:52.033 D/PhoneApp(27234): setScreenTimeout(MEDIUM)...
02-09 18:22:52.033 D/PhoneApp(27234): updateWakeState: keepScreenOn = false (isRinging false, isDialing false, showingDisc false)
02-09 18:22:52.033 D/PhoneApp(27234): requestWakeState(PARTIAL)...
02-09 18:22:52.033 I/DATA    (27234): [DCT(0) ] intent received :android.intent.action.SCREEN_ON
02-09 18:22:52.063 D/DATA    (27234): [DSST(0)] pollstate() : reason = data network state changed
02-09 18:22:52.153 D/MobileDataStateTracker(27162): [hipri]  MobileDataStateReceiver onReceive(): Entry.
02-09 18:22:52.153 D/MobileDataStateTracker(27162): [hipri]  intent.getAction()= android.intent.action.SERVICE_STATE
02-09 18:22:52.153 D/MobileDataStateTracker(27162): [hipri]  mEnabled = false
02-09 18:22:52.153 D/MobileDataStateTracker(27162): [dun]  MobileDataStateReceiver onReceive(): Entry.
02-09 18:22:52.153 D/MobileDataStateTracker(27162): [dun]  intent.getAction()= android.intent.action.SERVICE_STATE
02-09 18:22:52.153 D/MobileDataStateTracker(27162): [dun]  mEnabled = false
02-09 18:22:52.153 D/MobileDataStateTracker(27162): [supl]  MobileDataStateReceiver onReceive(): Entry.
02-09 18:22:52.153 D/MobileDataStateTracker(27162): [supl]  intent.getAction()= android.intent.action.SERVICE_STATE
02-09 18:22:52.153 D/MobileDataStateTracker(27162): [supl]  mEnabled = false
02-09 18:22:52.163 D/MobileDataStateTracker(27162): [mms]  MobileDataStateReceiver onReceive(): Entry.
02-09 18:22:52.163 D/MobileDataStateTracker(27162): [mms]  intent.getAction()= android.intent.action.SERVICE_STATE
02-09 18:22:52.163 D/MobileDataStateTracker(27162): [mms]  mEnabled = false
02-09 18:22:52.163 D/MobileDataStateTracker(27162): [default]  MobileDataStateReceiver onReceive(): Entry.
02-09 18:22:52.163 D/MobileDataStateTracker(27162): [default]  intent.getAction()= android.intent.action.SERVICE_STATE
02-09 18:22:52.163 D/MobileDataStateTracker(27162): [default]  mEnabled = true
02-09 18:22:52.163 D/DATA    (27234): [DSST(0)]  registrationState = 1  radioTechnology = 8 reasonForDenial = 0
02-09 18:22:52.163 D/DATA    (27234): [DSST(0)]  set mNewDataConnectionState = 0
02-09 18:22:52.163 D/DATA    (27234): [DSST(0)]  mNewDataConnectionState : 0  mDataConnectionState : 0
02-09 18:22:52.163 D/DATA    (27234): [DSST(0)] Poll ServiceState done: oldSS=[0 home null null null  EvDo rev. A CSS not supported -1 -1RoamInd: -1RoamStatus(sprint): -1DefRoamInd: -1EmergOnly: false] newSS=[0 home null null null  EvDo rev. A CSS not supported -1 -1RoamInd: -1RoamStatus(sprint): -1DefRoamInd: -1EmergOnly: false]
02-09 18:22:52.163 D/DATA    (27234): [DSST(0)]  mDataConnectionState = 0
02-09 18:22:52.163 D/CallManager(27234):  handleMessage (EVENT_SERVICE_STATE_CHANGED)
02-09 18:22:52.163 E/BT HS/HF(27234): SERVICE_STATE_CHANGED called
02-09 18:22:52.163 E/BT HS/HF(27234): updateServiceState called, sendUpdate:false  ServiceState:0 home Sprint  310099  EvDo rev. A CSS not supported 41 4139RoamInd: 1RoamStatus(sprint): 1DefRoamInd: 160EmergOnly: false
02-09 18:22:52.173 E/BT HS/HF(27234): service:1 mService:1
02-09 18:22:52.193 D/Mms     (27733): currentRoamingStatus:1
02-09 18:22:53.114 D/AccelerometerListener(27234): orientation: horizontal
02-09 18:22:53.114 D/PhoneApp(27234): updateProximitySensorMode: state = OFFHOOK
02-09 18:22:53.114 D/PhoneApp(27234): updateProximitySensorMode: lock already held.
02-09 18:22:53.885 I/dun_service(  123): process rmnet event
02-09 18:22:53.885 I/wpa_supplicant(30784): Selecting BSS from priority group 4
02-09 18:22:53.885 I/wpa_supplicant(30784): Try to find WPA-enabled AP
02-09 18:22:53.885 I/wpa_supplicant(30784): Selecting BSS from priority group 3
02-09 18:22:53.885 I/wpa_supplicant(30784): Try to find WPA-enabled AP
02-09 18:22:53.885 I/wpa_supplicant(30784): Selecting BSS from priority group 2
02-09 18:22:53.885 I/wpa_supplicant(30784): Try to find WPA-enabled AP
02-09 18:22:53.885 I/wpa_supplicant(30784): Selecting BSS from priority group 1
02-09 18:22:53.885 I/wpa_supplicant(30784): Try to find WPA-enabled AP
02-09 18:22:53.885 I/dun_service(  123): Post event 4
02-09 18:22:53.885 I/dun_service(  123): received event: DUN_EVENT_RMNET_UP 
02-09 18:22:53.885 I/dun_service(  123): received event(DUN_EVENT_RMNET_UP) in state(DUN_STATE_USB_UNPLUG)
02-09 18:22:53.885 I/dun_service(  123): Ignoring the event DUN_EVENT_RMNET_UP in USB_UNPLUG_STATE
02-09 18:22:53.885 I/dun_service(  123): Moved to state(DUN_STATE_USB_UNPLUG)
02-09 18:22:53.885 D/WifiStateTracker(27162): setNotificationVisible() scanResult.SSID=HH Free WIFI Open? true
02-09 18:22:53.885 D/WifiStateTracker(27162): interpretScanResultsAvailable() numOpenNetworks=1 mNumScansSinceNetworkStateChange=504
02-09 18:22:53.885 D/WifiStateTracker(27162): setNotificationVisible() System.currentTimeMillis()=1328833373897
02-09 18:22:53.885 D/WifiStateTracker(27162): setNotificationVisible() mNotificationRepeatTime=1328833682099
02-09 18:22:53.885 D/WifiStateTracker(27162): setNotificationVisible() System.currentTimeMillis() < mNotificationRepeatTime return.
02-09 18:22:53.895 D/InCallScreen(27234): handleOnscreenButtonClick(id 2131165305)...
02-09 18:22:53.895 D/InCallScreen(27234): internalHangup()...
02-09 18:22:53.895 D/PhoneUtils(27234): HANGUP foreground call
02-09 18:22:53.895 D/AlarmManager(27162): +++Alarm set:type=2 com.google.android.location  Trigger after:5675ms
02-09 18:22:53.905 D/PhoneUtils(27234): hungup=true
02-09 18:22:53.905 D/InCallScreen(27234): getUpdatedInCallControlState()...
02-09 18:22:53.905 D/PhoneUtils(27234): isEmergencyCall()...
02-09 18:22:53.905 D/PhoneUtils(27234): (add_call,fgCallState == Call.State.ACTIVE) = false
02-09 18:22:53.905 D/PhoneUtils(27234): (add_call,app.cdmaPhoneCallState.getAddCallMenuStateAfterCallWaiting() = true
02-09 18:22:53.905 D/InCallScreen(27234): isBluetoothAvailable()...
02-09 18:22:53.905 D/InCallScreen(27234):   - headset state = 0
02-09 18:22:53.905 D/InCallScreen(27234):   - headset address: null
02-09 18:22:53.905 D/InCallScreen(27234):   ==> false
02-09 18:22:53.905 D/PhoneUtils(27234): audioManager.isMicrophoneMute: false
02-09 18:22:53.905 D/InCallScreen(27234): [okToDialDTMFTones] foreground state: DISCONNECTING, ringing state: false, call screen mode: NORMAL, result: false
02-09 18:22:53.905 D/InCallControlState(27234): InCallControlState:
02-09 18:22:53.905 D/InCallControlState(27234):   manageConferenceVisible: false
02-09 18:22:53.905 D/InCallControlState(27234):   manageConferenceEnabled: false
02-09 18:22:53.905 D/InCallControlState(27234):   canAddCall: false
02-09 18:22:53.905 D/InCallControlState(27234):   canSwap: true
02-09 18:22:53.905 D/InCallControlState(27234):   canMerge: false
02-09 18:22:53.905 D/InCallControlState(27234):   bluetoothEnabled: false
02-09 18:22:53.905 D/InCallControlState(27234):   bluetoothIndicatorOn: false
02-09 18:22:53.905 D/InCallControlState(27234):   speakerEnabled: true
02-09 18:22:53.905 D/InCallControlState(27234):   speakerOn: false
02-09 18:22:53.905 D/InCallControlState(27234):   canMute: false
02-09 18:22:53.915 D/InCallControlState(27234):   muteIndicatorOn: false
02-09 18:22:53.915 D/InCallControlState(27234):   dialpadEnabled: false
02-09 18:22:53.915 D/InCallControlState(27234):   dialpadVisible: false
02-09 18:22:53.915 D/InCallControlState(27234):   onHold: false
02-09 18:22:53.915 D/InCallControlState(27234):   canHold: false
02-09 18:22:53.925 D/CallManager(27234):  handleMessage (EVENT_PRECISE_CALL_STATE_CHANGED)
02-09 18:22:53.925 D/BT HS/HF(27234): updatePhoneState()
02-09 18:22:53.935 D/BT HS/HF(27234): Foreground call state : DISCONNECTING
02-09 18:22:53.935 D/BT HS/HF(27234): Ringing call state : IDLE
02-09 18:22:53.935 D/BT HS/HF(27234): Background call state : IDLE
02-09 18:22:53.935 E/BT HS/HF(27234): prev mIsCdmaFirstConnectionHeld  is false
02-09 18:22:53.935 E/BT HS/HF(27234): current mIsCdmaFirstConnectionHeld is false
02-09 18:22:53.935 D/BT HS/HF(27234): CallSetup: 0
02-09 18:22:53.935 D/BT HS/HF(27234): Call: 1
02-09 18:22:53.935 D/BT HS/HF(27234): CallHeld: 0
02-09 18:22:53.935 D/CallNotifier(27234): handleMessage() Msg Type: 1
02-09 18:22:53.935 D/PhoneApp(27234): old phone type:2, New Phone type:2
02-09 18:22:53.935 D/CallNotifier(27234): onPhoneStateChanged: state = OFFHOOK
02-09 18:22:53.935 D/PhoneApp(27234): updateProximitySensorMode: state = OFFHOOK
02-09 18:22:53.935 D/AlarmManager(27162): +++Alarm set:type=2 com.google.android.apps.maps  Trigger after:2147482819179ms
02-09 18:22:53.935 D/PhoneApp(27234): updateProximitySensorMode: lock already held.
02-09 18:22:53.935 D/CallNotifier(27234): onPhoneStateChanged: OFF HOOK
02-09 18:22:53.935 D/PhoneUtils(27234): setAudioMode()...OFFHOOK
02-09 18:22:53.935 D/PhoneUtils(27234): setAudioMode() no change: MODE_IN_CALL
02-09 18:22:53.935 D/CallNotifier(27234): stopRing()... (OFFHOOK state)
02-09 18:22:53.935 D/Ringer  (27234): stopRing()...
02-09 18:22:53.935 D/Ringer  (27234): - stopRing: null mRingHandler!
02-09 18:22:53.935 D/CallNotifier(27234): Reset Auto answer timeout
02-09 18:22:53.935 D/CallNotifier(27234): - updating notification for phone state change...
02-09 18:22:53.935 D/NotificationMgr(27234): updateInCallNotification()...
02-09 18:22:53.935 D/NotificationMgr(27234):   - hasRingingCall = false
02-09 18:22:53.935 D/NotificationMgr(27234):   - hasActiveCall = false
02-09 18:22:53.935 D/NotificationMgr(27234):   - hasHoldingCall = false
02-09 18:22:53.935 D/NotificationMgr(27234): updateInCallNotification: enhancedVoicePrivacy = false
02-09 18:22:53.935 D/NotificationMgr(27234): - Updating status bar icon: resId = 2130837684
02-09 18:22:53.935 D/PhoneApp(27234): createInCallIntent subscription:
02-09 18:22:53.935 W/NotificationMgr(27234): updateInCallNotification: null connection, can't set exp view line 1.
02-09 18:22:53.935 D/PhoneUtils(27234): getCompactNameFromCallerInfo: info = null
02-09 18:22:53.975 D/PhoneUtils(27234): getCompactNameFromCallerInfo: compactName=Unknown
02-09 18:22:53.975 D/NotificationMgr(27234): - Updating expanded view: line 2 'xxxxxxx'
02-09 18:22:53.975 D/NotificationMgr(27234): Notifying IN_CALL_NOTIFICATION: Notification(vibrate=null,sound=null,defaults=0x0,flags=0x2)
02-09 18:22:53.975 D/NotificationMgr(27234): updateSpeakerNotification: speaker OFF (or not offhook)
02-09 18:22:53.985 D/PhoneUtils(27234): audioManager.isMicrophoneMute: false
02-09 18:22:53.985 D/NotificationMgr(27234): updateMuteNotification: not muted (or not offhook)
02-09 18:22:53.985 D/PhoneUtils(27234): ConnectionHandler: updating mute state for each connection
02-09 18:22:53.985 D/PhoneUtils(27234): connection:  incoming: true state: DISCONNECTING post dial state: NOT_STARTEDnot accounted for, removing.
02-09 18:22:53.985 D/PhoneUtils(27234): problem retrieving mute value for this connection.
02-09 18:22:53.985 D/PhoneUtils(27234): setMuteInternal: false
02-09 18:22:53.985 D/PhoneUtils(27234): setMuteInternal: falsephoneType = 2
02-09 18:22:53.985 D/PhoneUtils(27234): setMicrophoneMute: false
02-09 18:22:53.985 D/PhoneUtils(27234): audioManager.isMicrophoneMute: false
02-09 18:22:53.985 D/NotificationMgr(27234): updateMuteNotification: not muted (or not offhook)
02-09 18:22:53.985 D/PhoneUtils(27234): problem retrieving mute value for this connection.
02-09 18:22:53.985 D/InCallScreen(27234): onPhoneStateChanged()...
02-09 18:22:53.985 D/InCallScreen(27234): updateScreen()...
02-09 18:22:53.985 D/InCallScreen(27234): - updateScreen: updating the in-call UI...
02-09 18:22:53.985 D/CallCard(27234): updateState(########### Dump CallManager ############
02-09 18:22:53.985 D/CallCard(27234): CallManager state = OFFHOOK
02-09 18:22:53.985 D/CallCard(27234):    - Foreground: DISCONNECTING from Handler{40538868}
02-09 18:22:53.985 D/CallCard(27234):      Conn: [ incoming: true state: DISCONNECTING post dial state: NOT_STARTED]
02-09 18:22:53.985 D/CallCard(27234):    - Background: IDLE from Handler{40538868}
02-09 18:22:53.985 D/CallCard(27234):      Conn: []
02-09 18:22:53.985 D/CallCard(27234):    - Ringing: IDLE from Handler{40538868}
02-09 18:22:53.985 D/CallCard(27234):  Phone: Handler{40538868}, name = CDMA, state = OFFHOOK
02-09 18:22:53.985 D/CallCard(27234):    - Foreground: DISCONNECTING Background: IDLE Ringing: IDLE
02-09 18:22:53.985 D/CallCard(27234): ########## End Dump CallManager ##########)...
02-09 18:22:53.985 D/CallCard(27234): updateForegroundCall()...
02-09 18:22:53.985 D/CallCard(27234): displayMainCallStatus(call DISCONNECTING)...
02-09 18:22:53.985 D/CallCard(27234):   - call.state: DISCONNECTING
02-09 18:22:53.985 D/CallCard(27234): displayMainCallStatus: start periodicUpdateTimer
02-09 18:22:53.985 D/CallCard(27234): updateCardTitleWidgets(call DISCONNECTING)...
02-09 18:22:53.985 D/CallCard(27234): - getTitleForCallCard(Call DISCONNECTING)...
02-09 18:22:53.995 D/CallCard(27234):   ==> result: Hanging up
02-09 18:22:53.995 D/CallCard(27234): updateCardTitleWidgets: Hanging up
02-09 18:22:53.995 D/InCallScreen(27234): getUpdatedInCallControlState()...
02-09 18:22:53.995 D/PhoneUtils(27234): isEmergencyCall()...
02-09 18:22:53.995 D/PhoneUtils(27234): (add_call,fgCallState == Call.State.ACTIVE) = false
02-09 18:22:53.995 D/PhoneUtils(27234): (add_call,app.cdmaPhoneCallState.getAddCallMenuStateAfterCallWaiting() = true
02-09 18:22:53.995 D/InCallScreen(27234): isBluetoothAvailable()...
02-09 18:22:54.015 D/InCallScreen(27234):   - headset state = 0
02-09 18:22:54.015 D/InCallScreen(27234):   - headset address: null
02-09 18:22:54.015 D/InCallScreen(27234):   ==> false
02-09 18:22:54.015 D/PhoneUtils(27234): audioManager.isMicrophoneMute: false
02-09 18:22:54.015 D/InCallScreen(27234): [okToDialDTMFTones] foreground state: DISCONNECTING, ringing state: false, call screen mode: NORMAL, result: false
02-09 18:22:54.015 D/InCallControlState(27234): InCallControlState:
02-09 18:22:54.015 D/InCallControlState(27234):   manageConferenceVisible: false
02-09 18:22:54.015 D/InCallControlState(27234):   manageConferenceEnabled: false
02-09 18:22:54.015 D/InCallControlState(27234):   canAddCall: false
02-09 18:22:54.015 D/InCallControlState(27234):   canSwap: true
02-09 18:22:54.015 D/InCallControlState(27234):   canMerge: false
02-09 18:22:54.015 D/InCallControlState(27234):   bluetoothEnabled: false
02-09 18:22:54.015 D/InCallControlState(27234):   bluetoothIndicatorOn: false
02-09 18:22:54.015 D/InCallControlState(27234):   speakerEnabled: true
02-09 18:22:54.015 D/InCallControlState(27234):   speakerOn: false
02-09 18:22:54.015 D/InCallControlState(27234):   canMute: false
02-09 18:22:54.015 D/InCallControlState(27234):   muteIndicatorOn: false
02-09 18:22:54.015 D/InCallControlState(27234):   dialpadEnabled: false
02-09 18:22:54.015 D/InCallControlState(27234):   dialpadVisible: false
02-09 18:22:54.015 D/InCallControlState(27234):   onHold: false
02-09 18:22:54.015 D/InCallControlState(27234):   canHold: false
02-09 18:22:54.015 D/CallCard(27234): yangliu,getCurrentCallState: SINGLE_ACTIVE
02-09 18:22:54.015 D/CallCard(27234): yangliu,inCallControlState.onHold: false
02-09 18:22:54.015 D/PhoneUtils(27234): isEmergencyCall()...
02-09 18:22:54.015 D/CallCard(27234):   - CONN:  incoming: true state: DISCONNECTING post dial state: NOT_STARTED, state = DISCONNECTING
02-09 18:22:54.015 D/CallCard(27234): - displayMainCallStatus: updatedNumber = 9134864351
02-09 18:22:54.015 D/CallCard(27234): - displayMainCallStatus: starting CallerInfo query...
02-09 18:22:54.015 D/PhoneUtils(27234): startGetCallerInfo: query already done, returning CallerInfo
02-09 18:22:54.015 D/CallCard(27234): updateDisplayForPerson(CallerInfo { name non-null, phoneNumber non-null })
02-09 18:22:54.015 D/CallCard(27234): presentation:1 isTemporary:false
02-09 18:22:54.025 D/CallCard(27234): - got personUri: 'content://com.android.contacts/contacts/179', based on info.person_id: 179
02-09 18:22:54.025 D/CallCard(27234): updatePhotoForCallState(DISCONNECTING)...
02-09 18:22:54.025 D/CallCard(27234): yangliu_sprint,updatePhotoForCallState,isEarliestConnHold = false
02-09 18:22:54.025 D/CallCard(27234): displayOnHoldCallStatus(call =IDLE)...
02-09 18:22:54.025 D/PhoneApp(27234): - isOtaCallInActiveState false
02-09 18:22:54.025 D/InCallScreen(27234): [okToDialDTMFTones] foreground state: DISCONNECTING, ringing state: false, call screen mode: NORMAL, result: false
02-09 18:22:54.025 D/InCallScreen(27234): isBluetoothAudioConnected: ==> isAudioOn = false
02-09 18:22:54.025 D/InCallScreen(27234): getUpdatedInCallControlState()...
02-09 18:22:54.025 D/PhoneUtils(27234): isEmergencyCall()...
02-09 18:22:54.025 D/PhoneUtils(27234): (add_call,fgCallState == Call.State.ACTIVE) = false
02-09 18:22:54.025 D/PhoneUtils(27234): (add_call,app.cdmaPhoneCallState.getAddCallMenuStateAfterCallWaiting() = true
02-09 18:22:54.025 D/InCallScreen(27234): isBluetoothAvailable()...
02-09 18:22:54.025 D/KeyguardViewMediator(27162): setHidden true
02-09 18:22:54.035 D/InCallScreen(27234):   - headset state = 0
02-09 18:22:54.035 D/InCallScreen(27234):   - headset address: null
02-09 18:22:54.035 D/InCallScreen(27234):   ==> false
02-09 18:22:54.035 D/PhoneUtils(27234): audioManager.isMicrophoneMute: false
02-09 18:22:54.035 D/InCallScreen(27234): [okToDialDTMFTones] foreground state: DISCONNECTING, ringing state: false, call screen mode: NORMAL, result: false
02-09 18:22:54.035 D/InCallControlState(27234): InCallControlState:
02-09 18:22:54.035 D/InCallControlState(27234):   manageConferenceVisible: false
02-09 18:22:54.035 D/InCallControlState(27234):   manageConferenceEnabled: false
02-09 18:22:54.035 D/InCallControlState(27234):   canAddCall: false
02-09 18:22:54.035 D/InCallControlState(27234):   canSwap: true
02-09 18:22:54.035 D/InCallControlState(27234):   canMerge: false
02-09 18:22:54.035 D/InCallControlState(27234):   bluetoothEnabled: false
02-09 18:22:54.035 D/InCallControlState(27234):   bluetoothIndicatorOn: false
02-09 18:22:54.035 D/InCallControlState(27234):   speakerEnabled: true
02-09 18:22:54.035 D/InCallControlState(27234):   speakerOn: false
02-09 18:22:54.035 D/InCallControlState(27234):   canMute: false
02-09 18:22:54.035 D/InCallControlState(27234):   muteIndicatorOn: false
02-09 18:22:54.035 D/InCallControlState(27234):   dialpadEnabled: false
02-09 18:22:54.035 D/InCallControlState(27234):   dialpadVisible: false
02-09 18:22:54.035 D/InCallControlState(27234):   onHold: false
02-09 18:22:54.035 D/InCallControlState(27234):   canHold: false
02-09 18:22:54.035 D/KeyguardViewMediator(27162): setHidden true
02-09 18:22:54.045 D/InCallScreen(27234): updateProviderOverlay: false
02-09 18:22:54.045 D/InCallScreen(27234): updateMenuButtonHint()...
02-09 18:22:54.045 D/PhoneApp(27234): updateWakeState: callscreen true, dialer false, speaker false...
02-09 18:22:54.045 D/PhoneApp(27234): setScreenTimeout(MEDIUM)...
02-09 18:22:54.045 D/PhoneApp(27234): updateWakeState: keepScreenOn = true (isRinging false, isDialing false, showingDisc true)
02-09 18:22:54.045 D/PowerManagerService(27162): releaseWakeLock flags=0x20 tag=PhoneApp
02-09 18:22:54.045 D/PhoneApp(27234): requestWakeState(FULL)...
02-09 18:22:54.055 D/PowerManagerService(27162): acquireWakeLock flags=0x3000001a tag=PhoneApp
02-09 18:22:54.055 D/PowerManagerService(27162): UnPartial  wakeLock  reactivate ,flags=0x3000001a tag=PhoneApp
02-09 18:22:54.115 I/AudioService(27162):  AudioFocus  abandonAudioFocus() from AudioFocus_For_Phone_Ring_And_Calls
02-09 18:22:54.125 D/KeyguardUpdateMonitor(27162): received broadcast android.intent.action.PHONE_STATE
02-09 18:22:54.125 D/KeyguardUpdateMonitor(27162): handlePhoneStateChanged(IDLE)
02-09 18:22:54.125 I/VdmcBroadcastReceiver( 4534): ACTION=android.intent.action.PHONE_STATE
02-09 18:22:54.125 I/vDM     ( 4534): Vdmc getInstance
02-09 18:22:54.145 D/TransactionService(27733): luowenping --------------------CALL_STATE_IDLE
02-09 18:22:54.145 D/CallManager(27234):  handleMessage (EVENT_DISCONNECT)
02-09 18:22:54.145 I/DATA    (27234): [DCT(0) ] intent received :android.intent.action.VOICE_CALL_ENDED
02-09 18:22:54.145 D/CallNotifier(27234): handleMessage() Msg Type: 3
02-09 18:22:54.145 D/PhoneApp(27234): old phone type:2, New Phone type:2
02-09 18:22:54.145 D/CallNotifier(27234): DISCONNECT
02-09 18:22:54.145 D/CallNotifier(27234): onDisconnect()...  CallManager state: IDLE
02-09 18:22:54.155 D/CallNotifier(27234): - onDisconnect: cause = LOCAL, incoming = true, date = 1328833331941
02-09 18:22:54.155 D/CallNotifier(27234): stopSignalInfoTone: Stopping SignalInfo tone player
02-09 18:22:54.155 D/CallNotifier(27234): stopRing()... (onDisconnect)
02-09 18:22:54.155 D/Ringer  (27234): stopRing()...
02-09 18:22:54.155 D/Ringer  (27234): - stopRing: null mRingHandler!
02-09 18:22:54.165 D/PhoneApp(27234): - isOtaCallInActiveState false
