02-09 18:22:13.755 D/InCallScreen(27234): Handler: handling message { what=101 when=-1s792ms obj=android.os.AsyncResult@4071ed38 } while not in foreground
02-09 18:22:13.755 D/InCallScreen(27234): onPhoneStateChanged()...
02-09 18:22:13.755 D/InCallScreen(27234): onPhoneStateChanged: Activity not in foreground! Bailing out...
02-09 18:22:13.755 D/InCallScreen(27234): onPhoneStateChanged: release WakeState.SLEEP ...
02-09 18:22:13.755 D/PhoneApp(27234): updateWakeState: callscreen false, dialer false, speaker false...
02-09 18:22:13.755 D/PhoneApp(27234): setScreenTimeout(DEFAULT)...
02-09 18:22:13.755 D/PhoneApp(27234): updateWakeState: keepScreenOn = true (isRinging true, isDialing false, showingDisc false)
02-09 18:22:13.755 D/PhoneApp(27234): requestWakeState(FULL)...
02-09 18:22:13.765 D/PowerManagerService(27162): acquireWakeLock flags=0x3000001a tag=PhoneApp
02-09 18:22:13.765 D/PowerManagerService(27162): UnPartial  wakeLock  reactivate ,flags=0x3000001a tag=PhoneApp
02-09 18:22:13.765 I/DATA    (27234): [DCT(0) ] onUpdateDataConnections: reason=2GVoiceCallStarted
02-09 18:22:13.765 I/DATA    (27234): [DCT(0) ] ---dc list---
02-09 18:22:13.765 I/DATA    (27234): [DCT(0) ] cid = 0, state = DcActiveState, bearerType = IP, ipaddress = 70.5.41.227, gw=70.5.41.225, dns=[68.28.67.132, 68.28.68.132]
02-09 18:22:13.765 I/DATA    (27234): [DCT(0) ] ---ds list---
02-09 18:22:13.765 I/DATA    (27234): [DCT(0) ] ds= SERVICE_TYPE_DEFAULT, enabled = true, active = v4:CONNECTED(0) v6:IDLE
02-09 18:22:13.765 I/DATA    (27234): [DCT(0) ] ds= SERVICE_TYPE_MMS, enabled = false, active = v4:CONNECTED(0) v6:IDLE
02-09 18:22:13.765 I/DATA    (27234): [DCT(0) ] ds= SERVICE_TYPE_SUPL, enabled = false, active = v4:CONNECTED(0) v6:IDLE
02-09 18:22:13.765 I/DATA    (27234): [DCT(0) ] ds= SERVICE_TYPE_DUN, enabled = false, active = v4:IDLE v6:IDLE
02-09 18:22:13.765 I/DATA    (27234): [DCT(0) ] ds= SERVICE_TYPE_HIPRI, enabled = false, active = v4:CONNECTED(0) v6:IDLE
02-09 18:22:13.765 I/DATA    (27234): [DCT(0) ] Ready for data : 
02-09 18:22:13.765 I/DATA    (27234): [DCT(0) ]    getDesiredPowerState() = true
02-09 18:22:13.765 D/MobileDataStateTracker(27162): [default] not what we are looking for.
02-09 18:22:13.765 D/MobileDataStateTracker(27162): [hipri]  MobileDataStateReceiver onReceive(): Entry.
02-09 18:22:13.765 D/MobileDataStateTracker(27162): [hipri]  intent.getAction()= android.intent.action.ANY_DATA_STATE
02-09 18:22:13.765 D/MobileDataStateTracker(27162): [hipri]  mEnabled = false
02-09 18:22:13.775 D/MobileDataStateTracker(27162): [hipri]  apnTypeList = hipri
02-09 18:22:13.775 D/MobileDataStateTracker(27162): [hipri]  unavailable = false
02-09 18:22:13.775 D/MobileDataStateTracker(27162): [hipri] Do not process intents if disabled.
02-09 18:22:13.775 D/MobileDataStateTracker(27162): [dun]  MobileDataStateReceiver onReceive(): Entry.
02-09 18:22:13.775 D/MobileDataStateTracker(27162): [dun]  intent.getAction()= android.intent.action.ANY_DATA_STATE
02-09 18:22:13.775 D/MobileDataStateTracker(27162): [dun]  mEnabled = false
02-09 18:22:13.785 D/MobileDataStateTracker(27162): [dun]  apnTypeList = hipri
02-09 18:22:13.785 D/MobileDataStateTracker(27162): [dun]  unavailable = false
02-09 18:22:13.785 D/MobileDataStateTracker(27162): [dun] Do not process intents if disabled.
02-09 18:22:13.785 D/MobileDataStateTracker(27162): [supl]  MobileDataStateReceiver onReceive(): Entry.
02-09 18:22:13.785 D/MobileDataStateTracker(27162): [supl]  intent.getAction()= android.intent.action.ANY_DATA_STATE
02-09 18:22:13.785 D/MobileDataStateTracker(27162): [supl]  mEnabled = false
02-09 18:22:13.785 D/MobileDataStateTracker(27162): [supl]  apnTypeList = hipri
02-09 18:22:13.785 D/MobileDataStateTracker(27162): [supl]  unavailable = false
02-09 18:22:13.785 D/MobileDataStateTracker(27162): [supl] Do not process intents if disabled.
02-09 18:22:13.785 D/MobileDataStateTracker(27162): [mms]  MobileDataStateReceiver onReceive(): Entry.
02-09 18:22:13.785 I/DATA    (27234): [DCT(0) ]    mCm.getRadioState() = RADIO_ON
02-09 18:22:13.785 I/DATA    (27234): [DCT(0) ]    [DataRadioTech = RADIO_TECH_EVDO_A, data network state = 0, mMasterDataEnabled = true, is Roaming = false, dataOnRoamingEnable = false, isPsRestricted = false, desiredPowerState  = true, mSIMRecords = , cdmaSubSource = 1/310120, mRuimRecords = , checks = true/true]
02-09 18:22:13.785 D/MobileDataStateTracker(27162): [mms]  intent.getAction()= android.intent.action.ANY_DATA_STATE
02-09 18:22:13.785 D/MobileDataStateTracker(27162): [mms]  mEnabled = false
02-09 18:22:13.796 D/PhoneApp(27234): mReceiver: ACTION_ANY_DATA_CONNECTION_STATE_CHANGED
02-09 18:22:13.796 D/PhoneApp(27234): - state: SUSPENDED
02-09 18:22:13.796 D/PhoneApp(27234): - reason: 2GVoiceCallStarted
02-09 18:22:13.796 D/CallerInfoAsyncQuery(27234): ##### onQueryComplete() #####   query complete for token: -1
02-09 18:22:13.796 D/CallerInfoAsyncQuery(27234): ==> Got mCallerInfo: CallerInfo { name non-null, phoneNumber non-null }
02-09 18:22:13.796 D/CallerInfoAsyncQuery(27234): constructing CallerInfo object for token: -1
02-09 18:22:13.796 D/CallerInfoAsyncQuery(27234): Processing event: 3 token (arg1): 1 command: -1 query URI: 
02-09 18:22:13.796 D/CallerInfoAsyncQuery(27234): notifying listener: class com.android.phone.PhoneUtils$6 for token: -1CallerInfo { name non-null, phoneNumber non-null }
02-09 18:22:13.796 D/PhoneUtils(27234): query complete, updating connection.userdata
02-09 18:22:13.796 D/PhoneUtils(27234): - onQueryComplete: CallerInfo:CallerInfo { name non-null, phoneNumber non-null }
02-09 18:22:13.796 D/CallerInfoAsyncQuery(27234): ##### onQueryComplete() #####   query complete for token: -1
02-09 18:22:13.796 D/CallerInfoAsyncQuery(27234): notifying listener: class com.android.phone.CallNotifier for token: -1CallerInfo { name non-null, phoneNumber non-null }
02-09 18:22:13.796 D/CallNotifier(27234): CallerInfo query complete (for CallNotifier), updating state for incoming call..
02-09 18:22:13.796 D/CallNotifier(27234): RINGING... (onCustomRingQueryComplete)
02-09 18:22:13.796 D/CallNotifier(27234): - showing incoming call (custom ring query complete)...
02-09 18:22:13.796 D/CallNotifier(27234): showIncomingCall()...
02-09 18:22:13.806 I/ContactsListActivity(27282): powerReceiver,onReceive
02-09 18:22:13.806 I/ContactsListActivity(27282): reason = call
02-09 18:22:13.806 I/ContactsListActivity(27282): powerReceiver,closeContextMenu
02-09 18:22:13.806 D/Launcher(27250): Closing system Dialogs 
02-09 18:22:13.806 D/MobileDataStateTracker(27162): [mms]  apnTypeList = hipri
02-09 18:22:13.806 D/MobileDataStateTracker(27162): [mms]  unavailable = false
02-09 18:22:13.806 D/MobileDataStateTracker(27162): [mms] Do not process intents if disabled.
02-09 18:22:13.806 D/MobileDataStateTracker(27162): [default]  MobileDataStateReceiver onReceive(): Entry.
02-09 18:22:13.806 D/MobileDataStateTracker(27162): [default]  intent.getAction()= android.intent.action.ANY_DATA_STATE
02-09 18:22:13.806 D/MobileDataStateTracker(27162): [default]  mEnabled = true
02-09 18:22:13.806 D/MobileDataStateTracker(27162): [default]  apnTypeList = hipri
02-09 18:22:13.806 D/MobileDataStateTracker(27162): [default]  unavailable = false
02-09 18:22:13.806 D/MobileDataStateTracker(27162): [default] not what we are looking for.
02-09 18:22:13.806 I/BluetoothService(27162): Got Call State change - new call state = 1
02-09 18:22:13.816 D/PhoneApp(27234): - preventScreenOn(true)...
02-09 18:22:13.816 D/PhoneApp(27234): requestWakeState(FULL)...
02-09 18:22:13.816 D/CallNotifier(27234): - updating notification from showIncomingCall()...
02-09 18:22:13.816 D/NotificationMgr(27234): updateInCallNotification()...
02-09 18:22:13.816 D/NotificationMgr(27234):   - hasRingingCall = true
02-09 18:22:13.816 D/NotificationMgr(27234):   - hasActiveCall = false
02-09 18:22:13.816 D/NotificationMgr(27234):   - hasHoldingCall = false
02-09 18:22:13.816 D/NotificationMgr(27234): updateInCallNotification: enhancedVoicePrivacy = false
02-09 18:22:13.816 D/NotificationMgr(27234): - Updating status bar icon: resId = 2130837690
02-09 18:22:13.816 D/PhoneApp(27234): createInCallIntent subscription:
02-09 18:22:13.816 D/NotificationMgr(27234): - Updating expanded view: line 1 'xxxxxxx'
02-09 18:22:13.816 D/PhoneUtils(27234): startGetCallerInfo: query already done, returning CallerInfo
02-09 18:22:13.816 D/PhoneUtils(27234): getCompactNameFromCallerInfo: info = CallerInfo { name non-null, phoneNumber non-null }
02-09 18:22:13.816 D/PhoneUtils(27234): getCompactNameFromCallerInfo: compactName=Jodi Smith
02-09 18:22:13.816 D/NotificationMgr(27234): - Updating expanded view: line 2 'xxxxxxx'
02-09 18:22:13.816 D/NotificationMgr(27234): - Setting fullScreenIntent: PendingIntent{406a87a8: android.os.BinderProxy@406a8760}
02-09 18:22:13.816 D/NotificationMgr(27234): Notifying IN_CALL_NOTIFICATION: Notification(vibrate=null,sound=null,defaults=0x0,flags=0x2)
02-09 18:22:13.826 D/PowerManagerService(27162): UnPartial  wakeLock  reactivate ,flags=0x3000001a tag=PhoneApp
02-09 18:22:13.826 D/NotificationMgr(27234): updateSpeakerNotification: speaker OFF (or not offhook)
02-09 18:22:13.826 D/NotificationMgr(27234): updateMuteNotification: not muted (or not offhook)
02-09 18:22:13.826 D/PhoneApp(27234): mReceiver: ACTION_ANY_DATA_CONNECTION_STATE_CHANGED
02-09 18:22:13.826 D/PhoneApp(27234): - state: SUSPENDED
02-09 18:22:13.826 D/PhoneApp(27234): - reason: 2GVoiceCallStarted
02-09 18:22:13.826 D/PhoneApp(27234): mReceiver: ACTION_ANY_DATA_CONNECTION_STATE_CHANGED
02-09 18:22:13.826 D/PhoneApp(27234): - state: SUSPENDED
02-09 18:22:13.826 D/PhoneApp(27234): - reason: 2GVoiceCallStarted
02-09 18:22:13.836 D/PhoneApp(27234): mReceiver: ACTION_ANY_DATA_CONNECTION_STATE_CHANGED
02-09 18:22:13.836 D/PhoneApp(27234): - state: SUSPENDED
02-09 18:22:13.836 D/PhoneApp(27234): - reason: 2GVoiceCallStarted
02-09 18:22:13.836 D/PhoneApp(27234): mReceiver: ACTION_ANY_DATA_CONNECTION_STATE_CHANGED
02-09 18:22:13.836 D/PhoneApp(27234): - state: SUSPENDED
02-09 18:22:13.836 D/PhoneApp(27234): - reason: 2GVoiceCallStarted
02-09 18:22:13.836 D/KeyguardViewMediator(27162): setHidden false
02-09 18:22:13.846 D/PhoneApp(27234): mReceiver: ACTION_ANY_DATA_CONNECTION_STATE_CHANGED
02-09 18:22:13.846 D/PhoneApp(27234): - state: SUSPENDED
02-09 18:22:13.846 D/PhoneApp(27234): - reason: 2GVoiceCallStarted
02-09 18:22:13.846 D/CdmaCellLocation( 4576): [LPZ-GPS]mUseNetworkwireless=true
02-09 18:22:13.846 D/PhoneApp(27234): mReceiver: ACTION_ANY_DATA_CONNECTION_STATE_CHANGED
02-09 18:22:13.846 D/PhoneApp(27234): - state: SUSPENDED
02-09 18:22:13.846 D/PhoneApp(27234): - reason: 2GVoiceCallStarted
02-09 18:22:13.846 D/PhoneApp(27234): mReceiver: ACTION_ANY_DATA_CONNECTION_STATE_CHANGED
02-09 18:22:13.846 D/PhoneApp(27234): - state: SUSPENDED
02-09 18:22:13.846 D/PhoneApp(27234): - reason: 2GVoiceCallStarted
02-09 18:22:13.846 D/PhoneApp(27234): mReceiver: ACTION_ANY_DATA_CONNECTION_STATE_CHANGED
02-09 18:22:13.846 D/PhoneApp(27234): - state: SUSPENDED
02-09 18:22:13.846 D/PhoneApp(27234): - reason: 2GVoiceCallStarted
02-09 18:22:13.856 D/PhoneApp(27234): mReceiver: ACTION_ANY_DATA_CONNECTION_STATE_CHANGED
02-09 18:22:13.856 D/PhoneApp(27234): - state: SUSPENDED
02-09 18:22:13.856 D/PhoneApp(27234): - reason: 2GVoiceCallStarted
02-09 18:22:13.856 D/CdmaCellLocation( 4576): [LPZ-GPS]BSId=11251
02-09 18:22:13.866 D/KeyguardViewMediator(27162): setHidden false
02-09 18:22:13.866 D/KeyguardViewMediator(27162): setHidden false
02-09 18:22:13.876 D/CallManager(27234):  handleMessage (EVENT_IN_CALL_VOICE_PRIVACY_OFF)
02-09 18:22:13.876 D/PhoneApp(27234): old phone type:2, New Phone type:2
02-09 18:22:13.876 D/NotificationMgr(27234): hideDataDisconnectedRoaming()...
02-09 18:22:13.876 D/CallerInfoAsyncQuery(27234): ##### onQueryComplete() #####   query complete for token: -1
02-09 18:22:13.876 D/PhoneApp(27234): old phone type:2, New Phone type:2
02-09 18:22:13.876 D/NotificationMgr(27234): hideDataDisconnectedRoaming()...
02-09 18:22:13.876 D/PhoneApp(27234): old phone type:2, New Phone type:2
02-09 18:22:13.876 D/NotificationMgr(27234): hideDataDisconnectedRoaming()...
02-09 18:22:13.886 D/PhoneApp(27234): old phone type:2, New Phone type:2
02-09 18:22:13.886 D/NotificationMgr(27234): hideDataDisconnectedRoaming()...
02-09 18:22:13.886 D/PhoneApp(27234): old phone type:2, New Phone type:2
02-09 18:22:13.886 D/NotificationMgr(27234): hideDataDisconnectedRoaming()...
02-09 18:22:13.886 D/PhoneApp(27234): old phone type:2, New Phone type:2
02-09 18:22:13.886 D/NotificationMgr(27234): hideDataDisconnectedRoaming()...
02-09 18:22:13.886 D/PhoneApp(27234): old phone type:2, New Phone type:2
02-09 18:22:13.886 D/NotificationMgr(27234): hideDataDisconnectedRoaming()...
02-09 18:22:13.886 D/PhoneApp(27234): old phone type:2, New Phone type:2
02-09 18:22:13.886 D/NotificationMgr(27234): hideDataDisconnectedRoaming()...
02-09 18:22:13.886 D/PhoneApp(27234): old phone type:2, New Phone type:2
02-09 18:22:13.886 D/NotificationMgr(27234): hideDataDisconnectedRoaming()...
02-09 18:22:13.886 D/PhoneApp(27234): old phone type:2, New Phone type:2
02-09 18:22:13.886 D/NotificationMgr(27234): hideDataDisconnectedRoaming()...
02-09 18:22:13.906 D/KeyguardViewMediator(27162): setHidden false
02-09 18:22:13.916 D/CdmaCellLocation( 4576): [LPZ-GPS]BSLAT=560189
02-09 18:22:13.916 D/CallNotifier(27234): handleMessage() Msg Type: 10
02-09 18:22:13.916 D/PhoneApp(27234): old phone type:2, New Phone type:2
02-09 18:22:13.916 D/CallNotifier(27234): PHONE_ENHANCED_VP_OFF...
02-09 18:22:13.916 D/InCallScreen(27234): onNewIntent: intent=Intent { act=android.intent.action.MAIN flg=0x10c40000 cmp=com.android.phone/.InCallScreen (has extras) }
02-09 18:22:13.916 D/InCallScreen(27234): checkIsOtaCall...
02-09 18:22:13.916 D/InCallScreen(27234): checkIsOtaCall action ACTION_MAIN
02-09 18:22:13.916 D/InCallScreen(27234): checkIsOtaCall isRingingCall: true
02-09 18:22:13.916 D/InCallScreen(27234): internalResolveIntent: action=android.intent.action.MAIN
02-09 18:22:13.916 D/InCallScreen(27234): onStart()...
02-09 18:22:13.916 D/InCallScreen(27234): onResume()...
02-09 18:22:13.916 D/PhoneApp(27234): disable status bar
02-09 18:22:13.916 D/PhoneApp(27234): StatusBarManager.DISABLE_EXPAND
02-09 18:22:13.916 D/PhoneApp(27234): setIgnoreTouchUserActivity(true)...
02-09 18:22:13.926 D/NotificationMgr(27234): updating status bar state: 5
02-09 18:22:13.926 I/hubo    (27162): Activity {com.android.phone/com.android.phone.InCallScreen}
02-09 18:22:13.936 D/CdmaCellLocation( 4576): [LPZ-GPS]BSLONG=-1362775
02-09 18:22:13.936 D/CdmaCellLocation( 4576): [LPZ-GPS]SystemId=4139
02-09 18:22:13.936 D/AudioTrack(27234): Request AudioFlinger to create track
02-09 18:22:13.946 D/AudioFlinger(27152): createTrack() lSessionId: 68
02-09 18:22:13.946 D/AudioFlinger(27152): Track constructor name 4097, calling thread 27234
02-09 18:22:13.946 D/InCallScreen(27234): - onResume: initial status = SUCCESS
02-09 18:22:13.946 D/InCallScreen(27234): isBluetoothAudioConnected: ==> isAudioOn = false
02-09 18:22:13.946 D/InCallScreen(27234): checkIsOtaCall...
02-09 18:22:13.946 D/InCallScreen(27234): checkIsOtaCall action ACTION_MAIN
02-09 18:22:13.946 D/InCallScreen(27234): checkIsOtaCall isRingingCall: true
02-09 18:22:13.946 D/InCallScreen(27234): setInCallScreenMode: NORMAL
02-09 18:22:13.946 D/InCallScreen(27234): [okToDialDTMFTones] foreground state: IDLE, ringing state: true, call screen mode: NORMAL, result: false
02-09 18:22:13.946 D/InCallScreen(27234): isBluetoothAudioConnected: ==> isAudioOn = false
02-09 18:22:13.946 D/CdmaCellLocation( 4576): [LPZ-GPS]NetworkId=41
02-09 18:22:13.946 W/ResourceType(27234): getEntry failing because entryIndex 65 is beyond type entryCount 4
02-09 18:22:13.956 D/InCallScreen(27234): syncWithPhoneState()...
02-09 18:22:13.956 D/PhoneUtils(27234): dumpCallState():
02-09 18:22:13.956 D/PhoneUtils(27234): - Call state = RINGING
02-09 18:22:13.956 D/PhoneUtils(27234):   - FG call: IDLE CDMA isAlive false isRinging false isDialing false isIdle true hasConnections false
02-09 18:22:13.956 D/PhoneUtils(27234):   - BG call: IDLE CDMA isAlive false isRinging false isDialing false isIdle true hasConnections false
02-09 18:22:13.956 D/PhoneUtils(27234):   - RINGING call: INCOMING CDMA isAlive true isRinging true isDialing false isIdle false hasConnections true
02-09 18:22:13.956 D/PhoneUtils(27234):   - hasRingingCall true hasActiveCall false hasHoldingCall false allLinesTaken false
02-09 18:22:13.956 D/PhoneUtils(27234):   - CDMA call state: IDLE
02-09 18:22:13.956 D/PhoneUtils(27234):   - Ringer state: false
02-09 18:22:13.956 D/InCallScreen(27234): ============== dumpBluetoothState() =============
02-09 18:22:13.956 D/InCallScreen(27234): isBluetoothAvailable()...
02-09 18:22:13.966 D/InCallScreen(27234):   - headset state = 0
02-09 18:22:13.966 D/InCallScreen(27234):   - headset address: null
02-09 18:22:13.966 D/InCallScreen(27234):   ==> false
02-09 18:22:13.966 D/InCallScreen(27234): = isBluetoothAvailable: false
02-09 18:22:13.966 D/InCallScreen(27234): isBluetoothAudioConnected: ==> isAudioOn = false
02-09 18:22:13.966 D/InCallScreen(27234): = isBluetoothAudioConnected: false
02-09 18:22:13.966 D/InCallScreen(27234): isBluetoothAudioConnected: ==> isAudioOn = false
02-09 18:22:13.966 D/InCallScreen(27234): isBluetoothAudioConnectedOrPending: ==> FALSE
02-09 18:22:13.966 D/InCallScreen(27234): = isBluetoothAudioConnectedOrPending: false
02-09 18:22:13.966 D/InCallScreen(27234): = PhoneApp.showBluetoothIndication: false
02-09 18:22:13.966 D/InCallScreen(27234): =
02-09 18:22:13.966 D/InCallScreen(27234): = BluetoothHandsfree.isAudioOn: false
02-09 18:22:13.966 D/InCallScreen(27234): = BluetoothHeadset.getCurrentHeadset: null
02-09 18:22:13.966 D/InCallScreen(27234): syncWithPhoneState: it's ok to be here; update the screen...
02-09 18:22:13.966 D/InCallScreen(27234): updateScreen()...
02-09 18:22:13.966 D/InCallScreen(27234): - updateScreen: updating the in-call UI...
02-09 18:22:13.966 D/CallCard(27234): updateState(########### Dump CallManager ############
02-09 18:22:13.966 D/CallCard(27234): CallManager state = RINGING
02-09 18:22:13.966 D/CallCard(27234):    - Foreground: IDLE from Handler{40538868}
02-09 18:22:13.966 D/CallCard(27234):      Conn: []
02-09 18:22:13.966 D/CallCard(27234):    - Background: IDLE from Handler{40538868}
02-09 18:22:13.966 D/CallCard(27234):      Conn: []
02-09 18:22:13.966 D/CallCard(27234):    - Ringing: INCOMING from Handler{40538868}
02-09 18:22:13.966 D/CallCard(27234):  Phone: Handler{40538868}, name = CDMA, state = RINGING
02-09 18:22:13.966 D/CallCard(27234):    - Foreground: IDLE Background: IDLE Ringing: INCOMING
02-09 18:22:13.966 D/CallCard(27234): ########## End Dump CallManager ##########)...
02-09 18:22:13.966 D/CallCard(27234): updateRingingCall()...
02-09 18:22:13.966 D/CallCard(27234): displayMainCallStatus(call INCOMING)...
02-09 18:22:13.966 D/CallCard(27234):   - call.state: INCOMING
02-09 18:22:13.966 D/CallCard(27234): updateCardTitleWidgets(call INCOMING)...
02-09 18:22:13.966 D/CallCard(27234): - getTitleForCallCard(Call INCOMING)...
02-09 18:22:13.966 D/CallCard(27234):   ==> result: Incoming call
02-09 18:22:13.966 D/CallCard(27234): updateCardTitleWidgets: Incoming call
02-09 18:22:13.966 D/InCallScreen(27234): getUpdatedInCallControlState()...
02-09 18:22:13.966 D/PhoneUtils(27234): isEmergencyCall()...
02-09 18:22:13.966 D/PhoneUtils(27234): (add_call,fgCallState == Call.State.ACTIVE) = false
02-09 18:22:13.966 D/PhoneUtils(27234): (add_call,app.cdmaPhoneCallState.getAddCallMenuStateAfterCallWaiting() = true
02-09 18:22:13.966 D/InCallScreen(27234): isBluetoothAvailable()...
02-09 18:22:13.976 D/InCallScreen(27234):   - headset state = 0
02-09 18:22:13.976 D/InCallScreen(27234):   - headset address: null
02-09 18:22:13.976 D/InCallScreen(27234):   ==> false
02-09 18:22:13.976 D/PhoneUtils(27234): audioManager.isMicrophoneMute: false
02-09 18:22:13.976 D/InCallScreen(27234): [okToDialDTMFTones] foreground state: IDLE, ringing state: true, call screen mode: NORMAL, result: false
02-09 18:22:13.976 D/InCallControlState(27234): InCallControlState:
02-09 18:22:13.976 D/InCallControlState(27234):   manageConferenceVisible: false
02-09 18:22:13.976 D/InCallControlState(27234):   manageConferenceEnabled: false
02-09 18:22:13.976 D/InCallControlState(27234):   canAddCall: false
02-09 18:22:13.976 D/InCallControlState(27234):   canSwap: false
02-09 18:22:13.976 D/InCallControlState(27234):   canMerge: false
02-09 18:22:13.976 D/InCallControlState(27234):   bluetoothEnabled: false
02-09 18:22:13.976 D/InCallControlState(27234):   bluetoothIndicatorOn: false
02-09 18:22:13.976 D/InCallControlState(27234):   speakerEnabled: true
02-09 18:22:13.976 D/InCallControlState(27234):   speakerOn: false
02-09 18:22:13.976 D/InCallControlState(27234):   canMute: false
02-09 18:22:13.976 D/InCallControlState(27234):   muteIndicatorOn: false
02-09 18:22:13.976 D/InCallControlState(27234):   dialpadEnabled: false
02-09 18:22:13.976 D/InCallControlState(27234):   dialpadVisible: false
02-09 18:22:13.976 D/InCallControlState(27234):   onHold: false
02-09 18:22:13.976 D/InCallControlState(27234):   canHold: false
02-09 18:22:13.976 D/CallCard(27234): yangliu,getCurrentCallState: IDLE
02-09 18:22:13.976 D/CallCard(27234): yangliu,inCallControlState.onHold: false
02-09 18:22:13.976 D/CallCard(27234):   - CONN:  incoming: true state: INCOMING post dial state: NOT_STARTED, state = INCOMING
02-09 18:22:13.976 D/CallCard(27234): - displayMainCallStatus: updatedNumber = 9134864351
02-09 18:22:13.976 D/CallCard(27234): - displayMainCallStatus: starting CallerInfo query...
02-09 18:22:13.976 D/PhoneUtils(27234): startGetCallerInfo: query already done, returning CallerInfo
02-09 18:22:13.976 D/CallCard(27234): updateDisplayForPerson(CallerInfo { name non-null, phoneNumber non-null })
02-09 18:22:13.976 D/CallCard(27234): presentation:1 isTemporary:false
02-09 18:22:13.976 D/CallCard(27234): Get incoming call number913-486-4351
02-09 18:22:13.976 D/CallCard(27234): - got personUri: 'content://com.android.contacts/contacts/179', based on info.person_id: 179
02-09 18:22:14.016 I/ContactsProvider(27282): query: content://com.android.contacts/contacts/179/photo
02-09 18:22:14.016 E/ContactsProvider(27282): 101123 isCallerRegisterNeedSIMProc callerPid:27234, acorePid:27282
02-09 18:22:14.026 I/ContactsProvider(27282): query isCallerRegistered= true
02-09 18:22:14.026 I/ContactsProvider(27282): query forOnlyOneContactString= 0
02-09 18:22:14.026 D/CallCard(27234): updatePhotoForCallState(INCOMING)...
02-09 18:22:14.026 D/CallCard(27234): yangliu_sprint,updatePhotoForCallState,isEarliestConnHold = false
02-09 18:22:14.026 D/CallCard(27234): displayOnHoldCallStatus(call =null)...
02-09 18:22:14.026 D/InCallScreen(27234): [okToDialDTMFTones] foreground state: IDLE, ringing state: true, call screen mode: NORMAL, result: false
02-09 18:22:14.026 D/InCallScreen(27234): isBluetoothAudioConnected: ==> isAudioOn = false
02-09 18:22:14.026 D/InCallScreen(27234): updateProviderOverlay: false
02-09 18:22:14.026 D/InCallScreen(27234): updateMenuButtonHint()...
02-09 18:22:14.036 D/InCallScreen(27234): dismissAllDialogs()...
02-09 18:22:14.036 D/InCallScreen(27234): - posting ALLOW_SCREEN_ON message...
02-09 18:22:14.036 D/PhoneApp(27234): updateWakeState: callscreen true, dialer false, speaker false...
02-09 18:22:14.036 D/PhoneApp(27234): setScreenTimeout(MEDIUM)...
02-09 18:22:14.036 D/PhoneApp(27234): updateWakeState: keepScreenOn = true (isRinging true, isDialing false, showingDisc false)
02-09 18:22:14.036 D/PhoneApp(27234): requestWakeState(FULL)...
02-09 18:22:14.036 D/InCallScreen(27234): enableTouchLock(false)...
02-09 18:22:14.036 D/InCallScreen(27234): onResume() done.
02-09 18:22:14.046 D/KeyguardViewMediator(27162): setHidden false
02-09 18:22:14.066 D/KeyguardViewMediator(27162): setHidden false
02-09 18:22:14.086 D/CallManager(27234):  handleMessage (EVENT_PRECISE_CALL_STATE_CHANGED)
02-09 18:22:14.086 D/InCallScreen(27234): ALLOW_SCREEN_ON message...
02-09 18:22:14.086 D/PhoneApp(27234): - preventScreenOn(false)...
02-09 18:22:14.086 D/CallCard(27234): updatePhotoForCallState(INCOMING)...
02-09 18:22:14.086 D/CallCard(27234): yangliu_sprint,updatePhotoForCallState,isEarliestConnHold = false
02-09 18:22:14.096 D/KeyguardViewMediator(27162): setHidden false
02-09 18:22:14.116 D/KeyguardViewMediator(27162): setHidden false
02-09 18:22:14.126 D/KeyguardViewMediator(27162): setHidden true
02-09 18:22:14.126 D/KeyguardViewMediator(27162): adjustUserActivityLocked mShowing: false mHidden: true
02-09 18:22:14.146 D/KeyguardViewMediator(27162): setHidden true
02-09 18:22:14.146 D/KeyguardViewMediator(27162): setHidden true
02-09 18:22:14.156 D/KeyguardViewMediator(27162): setHidden true
02-09 18:22:14.156 D/BT HS/HF(27234): updatePhoneState()
02-09 18:22:14.156 D/BT HS/HF(27234): Foreground call state : IDLE
02-09 18:22:14.156 D/BT HS/HF(27234): Ringing call state : INCOMING
02-09 18:22:14.156 D/BT HS/HF(27234): terminateVirtualVoiceCall: Received
02-09 18:22:14.156 D/BT HS/HF(27234): terminateVirtualVoiceCall: VirtualCall is not in progress
02-09 18:22:14.156 D/BT HS/HF(27234): Background call state : IDLE
02-09 18:22:14.156 E/BT HS/HF(27234): prev mIsCdmaFirstConnectionHeld  is false
02-09 18:22:14.156 E/BT HS/HF(27234): current mIsCdmaFirstConnectionHeld is false
02-09 18:22:14.156 D/BT HS/HF(27234): CallSetup: 1
02-09 18:22:14.156 D/BT HS/HF(27234): Call: 0
02-09 18:22:14.156 D/BT HS/HF(27234): CallHeld: 0
02-09 18:22:14.156 D/CallNotifier(27234): handleMessage() Msg Type: 1
02-09 18:22:14.156 D/PhoneApp(27234): old phone type:2, New Phone type:2
02-09 18:22:14.156 D/CallNotifier(27234): onPhoneStateChanged: state = RINGING
02-09 18:22:14.156 D/PhoneApp(27234): updateProximitySensorMode: state = RINGING
02-09 18:22:14.166 D/PhoneApp(27234): updateProximitySensorMode: lock already released.
02-09 18:22:14.166 D/PhoneUtils(27234): ConnectionHandler: updating mute state for each connection
02-09 18:22:14.166 D/PhoneUtils(27234): audioManager.isMicrophoneMute: false
02-09 18:22:14.166 D/PhoneUtils(27234): ghh0611 ussd and RINGING m_mmiDialog = null
02-09 18:22:14.166 D/InCallScreen(27234): onPhoneStateChanged()...
02-09 18:22:14.166 D/InCallScreen(27234): updateScreen()...
02-09 18:22:14.166 D/InCallScreen(27234): - updateScreen: updating the in-call UI...
02-09 18:22:14.166 D/CallCard(27234): updateState(########### Dump CallManager ############
02-09 18:22:14.166 D/CallCard(27234): CallManager state = RINGING
02-09 18:22:14.166 D/CallCard(27234):    - Foreground: IDLE from Handler{40538868}
02-09 18:22:14.166 D/CallCard(27234):      Conn: []
02-09 18:22:14.166 D/CallCard(27234):    - Background: IDLE from Handler{40538868}
02-09 18:22:14.166 D/CallCard(27234):      Conn: []
02-09 18:22:14.166 D/CallCard(27234):    - Ringing: INCOMING from Handler{40538868}
02-09 18:22:14.166 D/CallCard(27234):  Phone: Handler{40538868}, name = CDMA, state = RINGING
02-09 18:22:14.166 D/CallCard(27234):    - Foreground: IDLE Background: IDLE Ringing: INCOMING
02-09 18:22:14.166 D/CallCard(27234): ########## End Dump CallManager ##########)...
02-09 18:22:14.166 D/CallCard(27234): updateRingingCall()...
02-09 18:22:14.166 D/CallCard(27234): displayMainCallStatus(call INCOMING)...
02-09 18:22:14.166 D/CallCard(27234):   - call.state: INCOMING
02-09 18:22:14.166 D/CallCard(27234): updateCardTitleWidgets(call INCOMING)...
02-09 18:22:14.166 D/CallCard(27234): - getTitleForCallCard(Call INCOMING)...
02-09 18:22:14.166 D/CallCard(27234):   ==> result: Incoming call
02-09 18:22:14.166 D/CallCard(27234): updateCardTitleWidgets: Incoming call
02-09 18:22:14.166 D/InCallScreen(27234): getUpdatedInCallControlState()...
02-09 18:22:14.166 D/PhoneUtils(27234): isEmergencyCall()...
02-09 18:22:14.166 D/PhoneUtils(27234): (add_call,fgCallState == Call.State.ACTIVE) = false
02-09 18:22:14.166 D/PhoneUtils(27234): (add_call,app.cdmaPhoneCallState.getAddCallMenuStateAfterCallWaiting() = true
02-09 18:22:14.166 D/InCallScreen(27234): isBluetoothAvailable()...
02-09 18:22:14.166 D/InCallScreen(27234):   - headset state = 0
02-09 18:22:14.166 D/InCallScreen(27234):   - headset address: null
02-09 18:22:14.166 D/InCallScreen(27234):   ==> false
02-09 18:22:14.166 D/PhoneUtils(27234): audioManager.isMicrophoneMute: false
02-09 18:22:14.166 D/InCallScreen(27234): [okToDialDTMFTones] foreground state: IDLE, ringing state: true, call screen mode: NORMAL, result: false
02-09 18:22:14.166 D/InCallControlState(27234): InCallControlState:
02-09 18:22:14.166 D/InCallControlState(27234):   manageConferenceVisible: false
02-09 18:22:14.166 D/InCallControlState(27234):   manageConferenceEnabled: false
02-09 18:22:14.166 D/InCallControlState(27234):   canAddCall: false
02-09 18:22:14.166 D/InCallControlState(27234):   canSwap: false
02-09 18:22:14.166 D/InCallControlState(27234):   canMerge: false
02-09 18:22:14.166 D/InCallControlState(27234):   bluetoothEnabled: false
02-09 18:22:14.166 D/InCallControlState(27234):   bluetoothIndicatorOn: false
02-09 18:22:14.166 D/InCallControlState(27234):   speakerEnabled: true
02-09 18:22:14.166 D/InCallControlState(27234):   speakerOn: false
02-09 18:22:14.176 D/InCallControlState(27234):   canMute: false
02-09 18:22:14.176 D/InCallControlState(27234):   muteIndicatorOn: false
02-09 18:22:14.176 D/InCallControlState(27234):   dialpadEnabled: false
02-09 18:22:14.176 D/InCallControlState(27234):   dialpadVisible: false
02-09 18:22:14.176 D/InCallControlState(27234):   onHold: false
02-09 18:22:14.176 D/InCallControlState(27234):   canHold: false
02-09 18:22:14.176 D/CallCard(27234): yangliu,getCurrentCallState: IDLE
02-09 18:22:14.176 D/CallCard(27234): yangliu,inCallControlState.onHold: false
02-09 18:22:14.176 D/CallCard(27234):   - CONN:  incoming: true state: INCOMING post dial state: NOT_STARTED, state = INCOMING
02-09 18:22:14.176 D/CallCard(27234): - displayMainCallStatus: updatedNumber = 9134864351
02-09 18:22:14.176 D/CallCard(27234): - displayMainCallStatus: starting CallerInfo query...
02-09 18:22:14.176 D/PhoneUtils(27234): startGetCallerInfo: query already done, returning CallerInfo
02-09 18:22:14.176 D/CallCard(27234): updateDisplayForPerson(CallerInfo { name non-null, phoneNumber non-null })
02-09 18:22:14.176 D/CallCard(27234): presentation:1 isTemporary:false
02-09 18:22:14.176 D/CallCard(27234): Get incoming call number913-486-4351
02-09 18:22:14.176 D/CallCard(27234): - got personUri: 'content://com.android.contacts/contacts/179', based on info.person_id: 179
02-09 18:22:14.176 D/CallCard(27234): updatePhotoForCallState(INCOMING)...
02-09 18:22:14.176 D/CallCard(27234): yangliu_sprint,updatePhotoForCallState,isEarliestConnHold = false
02-09 18:22:14.176 D/CallCard(27234): displayOnHoldCallStatus(call =null)...
02-09 18:22:14.176 D/InCallScreen(27234): [okToDialDTMFTones] foreground state: IDLE, ringing state: true, call screen mode: NORMAL, result: false
02-09 18:22:14.176 D/InCallScreen(27234): isBluetoothAudioConnected: ==> isAudioOn = false
02-09 18:22:14.176 D/InCallScreen(27234): updateProviderOverlay: false
02-09 18:22:14.176 D/InCallScreen(27234): updateMenuButtonHint()...
02-09 18:22:14.176 D/InCallScreen(27234): dismissAllDialogs()...
02-09 18:22:14.176 D/PhoneApp(27234): updateWakeState: callscreen true, dialer false, speaker false...
02-09 18:22:14.176 D/PhoneApp(27234): setScreenTimeout(MEDIUM)...
02-09 18:22:14.176 D/PhoneApp(27234): updateWakeState: keepScreenOn = true (isRinging true, isDialing false, showingDisc false)
02-09 18:22:14.176 D/PhoneApp(27234): requestWakeState(FULL)...
02-09 18:22:14.196 D/KeyguardViewMediator(27162): setHidden true
02-09 18:22:14.216 D/KeyguardViewMediator(27162): setHidden true
02-09 18:22:14.216 D/KeyguardViewMediator(27162): setHidden true
02-09 18:22:14.226 D/KeyguardViewMediator(27162): setHidden true
02-09 18:22:14.236 D/CallManager(27234):  handleMessage (EVENT_IN_CALL_VOICE_PRIVACY_OFF)
02-09 18:22:14.236 D/InCallScreen(27234): onWindowFocusChanged(true)...
02-09 18:22:14.246 D/KeyguardViewMediator(27162): setHidden true
02-09 18:22:14.256 D/CallNotifier(27234): handleMessage() Msg Type: 10
02-09 18:22:14.256 D/PhoneApp(27234): old phone type:2, New Phone type:2
02-09 18:22:14.256 D/CallNotifier(27234): PHONE_ENHANCED_VP_OFF...
02-09 18:22:14.256 D/KeyguardViewMediator(27162): setHidden true
02-09 18:22:14.266 W/IInputConnectionWrapper(27733): showStatusIcon on inactive InputConnection
02-09 18:22:14.276 D/AlarmManager(27162): +++Alarm set:type=2 com.google.android.apps.maps  Trigger after:2147482858841ms
02-09 18:22:14.276 D/KeyguardViewMediator(27162): setHidden true
02-09 18:22:14.276 I/GTalkService(27265): [GTalkConnection.25] connectionClosed: connId=1069788, error=NO NETWORK
02-09 18:22:14.286 D/AlarmManager(27162): +++Alarm set:type=2 com.google.android.location  Trigger after:45286ms
02-09 18:22:14.296 D/KeyguardViewMediator(27162): setHidden true
02-09 18:22:14.306 D/MediaUploader( 4649): nonWifiLimit=20971520, default=20971520
02-09 18:22:14.306 I/MediaUploader( 4649): No need to wake up
02-09 18:22:14.306 D/KeyguardViewMediator(27162): setHidden true
02-09 18:22:14.496 D/CallManager(27234):  handleMessage (EVENT_IN_CALL_VOICE_PRIVACY_OFF)
02-09 18:22:14.496 D/CallNotifier(27234): handleMessage() Msg Type: 10
02-09 18:22:14.506 D/PhoneApp(27234): old phone type:2, New Phone type:2
02-09 18:22:14.506 D/CallNotifier(27234): PHONE_ENHANCED_VP_OFF...
02-09 18:22:14.576 I/ActivityThread( 4659): Pub gmail-ls: com.google.android.gm.provider.MailProvider
02-09 18:22:14.606 D/AlarmManager(27162): +++Alarm set:type=2 com.google.android.gsf  Trigger after:24569ms
02-09 18:22:14.616 I/ActivityThread( 4659): Pub com.google.android.gm.attachmentspreviews: com.google.android.gm.AttachmentPreviewProvider
02-09 18:22:14.616 I/ActivityThread( 4659): Pub com.google.android.gmail.SuggestionProvider: com.google.android.gm.SuggestionsProvider
02-09 18:22:14.626 D/CallNotifier(27234): handleMessage() Msg Type: 50
02-09 18:22:14.626 D/PhoneApp(27234): old phone type:2, New Phone type:2
02-09 18:22:14.626 D/CallNotifier(27234): Received CALL_RINGTONE_PLAY
02-09 18:22:14.626 D/CallNotifier(27234): isShowingCallScreen, ring
02-09 18:22:14.626 D/Ringer  (27234): ring()...
02-09 18:22:14.626 D/Ringer  (27234): - starting vibrator...
02-09 18:22:14.636 I/ActivityThread( 4659): Pub gmail-downloads: com.google.android.gm.downloadprovider.DownloadProvider
02-09 18:22:14.636 D/Ringer  (27234): skipping ring because volume is zero
02-09 18:22:14.696 D/PicasaSyncManager( 4523): active network: null
02-09 18:22:14.706 D/PicasaSyncManager( 4523): background data: true
02-09 18:22:14.736 I/GTalkService(27265): [GTalkConnection.25] (WORKER THREAD) update account status
02-09 18:22:14.736 D/Smack   (27265): [XMPPConn] close connection, notifyClosed=false
02-09 18:22:14.756 D/CallManager(27234):  handleMessage (EVENT_IN_CALL_VOICE_PRIVACY_OFF)
02-09 18:22:14.756 D/CallNotifier(27234): handleMessage() Msg Type: 10
02-09 18:22:14.756 D/PhoneApp(27234): old phone type:2, New Phone type:2
02-09 18:22:14.756 D/CallNotifier(27234): PHONE_ENHANCED_VP_OFF...
02-09 18:22:14.786 D/GpsLocationProvider(27162): getAGpsConnectionInfo connType - 3
02-09 18:22:14.806 I/ContactsProvider(27282): updateInTransaction: content://com.android.contacts/status_updates
02-09 18:22:14.857 I/GTalkService(27265): [GTalkConnection.25] (WORKER THREAD) update account status - done, took 118 ms
02-09 18:22:14.897 W/Smack/Packet(27265): notify conn break (IOEx), close connection
02-09 18:22:15.027 D/CallManager(27234):  handleMessage (EVENT_IN_CALL_VOICE_PRIVACY_OFF)
02-09 18:22:15.047 D/CallNotifier(27234): handleMessage() Msg Type: 10
02-09 18:22:15.047 D/PhoneApp(27234): old phone type:2, New Phone type:2
02-09 18:22:15.047 D/CallNotifier(27234): PHONE_ENHANCED_VP_OFF...
02-09 18:22:15.097 D/AudioHardwareMSM7X30(27152): AudioStreamOutMSM72xx::standby()
02-09 18:22:15.097 D/AudioHardwareMSM7X30(27152): Deroute pcm out stream
02-09 18:22:15.097 D/AudioHardwareMSM7X30(27152): updateDeviceInfo: E rx_device 0 and tx_device 9
02-09 18:22:15.097 D/AudioHardwareMSM7X30(27152): No active voicecall/playback, disabling cur_rx 0
02-09 18:22:15.097 D/AudioHardwareMSM7X30(27152): value of device and enable is 0 0 ALSA dev id:0
02-09 18:22:15.107 D/AudioHardwareMSM7X30(27152): No active voicecall/recording, disabling cur_tx 9
02-09 18:22:15.107 D/AudioHardwareMSM7X30(27152): value of device and enable is 9 0 ALSA dev id:12
02-09 18:22:15.107 E/AudioHardwareMSM7X30(27152): There is no node in the routing table!
02-09 18:22:15.107 D/AudioHardwareMSM7X30(27152): updateDeviceInfo: X cur_rx 0 cur_tx 9
02-09 18:22:15.317 D/CallManager(27234):  handleMessage (EVENT_IN_CALL_VOICE_PRIVACY_OFF)
02-09 18:22:15.337 D/CallNotifier(27234): handleMessage() Msg Type: 10
02-09 18:22:15.337 D/PhoneApp(27234): old phone type:2, New Phone type:2
02-09 18:22:15.337 D/CallNotifier(27234): PHONE_ENHANCED_VP_OFF...
02-09 18:22:15.587 D/CallManager(27234):  handleMessage (EVENT_IN_CALL_VOICE_PRIVACY_OFF)
02-09 18:22:15.607 D/CallNotifier(27234): handleMessage() Msg Type: 10
02-09 18:22:15.617 D/PhoneApp(27234): old phone type:2, New Phone type:2
02-09 18:22:15.617 D/CallNotifier(27234): PHONE_ENHANCED_VP_OFF...
02-09 18:22:15.727 D/InCallScreen(27234): updateRotarySelectorHint(2131493425)...
02-09 18:22:15.737 D/CallCard(27234): updateState(########### Dump CallManager ############
02-09 18:22:15.737 D/CallCard(27234): CallManager state = RINGING
02-09 18:22:15.737 D/CallCard(27234):    - Foreground: IDLE from Handler{40538868}
02-09 18:22:15.737 D/CallCard(27234):      Conn: []
02-09 18:22:15.737 D/CallCard(27234):    - Background: IDLE from Handler{40538868}
02-09 18:22:15.737 D/CallCard(27234):      Conn: []
02-09 18:22:15.737 D/CallCard(27234):    - Ringing: INCOMING from Handler{40538868}
02-09 18:22:15.737 D/CallCard(27234):  Phone: Handler{40538868}, name = CDMA, state = RINGING
02-09 18:22:15.737 D/CallCard(27234):    - Foreground: IDLE Background: IDLE Ringing: INCOMING
02-09 18:22:15.737 D/CallCard(27234): ########## End Dump CallManager ##########)...
02-09 18:22:15.737 D/CallCard(27234): updateRingingCall()...
02-09 18:22:15.737 D/CallCard(27234): displayMainCallStatus(call INCOMING)...
02-09 18:22:15.737 D/CallCard(27234):   - call.state: INCOMING
02-09 18:22:15.737 D/CallCard(27234): updateCardTitleWidgets(call INCOMING)...
02-09 18:22:15.737 D/CallCard(27234): - getTitleForCallCard(Call INCOMING)...
02-09 18:22:15.737 D/CallCard(27234):   ==> result: Incoming call
02-09 18:22:15.737 D/CallCard(27234): updateCardTitleWidgets: Incoming call
02-09 18:22:15.737 D/InCallScreen(27234): getUpdatedInCallControlState()...
02-09 18:22:15.737 D/PhoneUtils(27234): isEmergencyCall()...
02-09 18:22:15.737 D/PhoneUtils(27234): (add_call,fgCallState == Call.State.ACTIVE) = false
02-09 18:22:15.737 D/PhoneUtils(27234): (add_call,app.cdmaPhoneCallState.getAddCallMenuStateAfterCallWaiting() = true
02-09 18:22:15.737 D/InCallScreen(27234): isBluetoothAvailable()...
02-09 18:22:15.737 D/InCallScreen(27234):   - headset state = 0
02-09 18:22:15.737 D/InCallScreen(27234):   - headset address: null
02-09 18:22:15.737 D/InCallScreen(27234):   ==> false
02-09 18:22:15.737 D/PhoneUtils(27234): audioManager.isMicrophoneMute: false
02-09 18:22:15.737 D/InCallScreen(27234): [okToDialDTMFTones] foreground state: IDLE, ringing state: true, call screen mode: NORMAL, result: false
02-09 18:22:15.737 D/InCallControlState(27234): InCallControlState:
02-09 18:22:15.737 D/InCallControlState(27234):   manageConferenceVisible: false
02-09 18:22:15.737 D/InCallControlState(27234):   manageConferenceEnabled: false
02-09 18:22:15.737 D/InCallControlState(27234):   canAddCall: false
02-09 18:22:15.737 D/InCallControlState(27234):   canSwap: false
02-09 18:22:15.737 D/InCallControlState(27234):   canMerge: false
02-09 18:22:15.737 D/InCallControlState(27234):   bluetoothEnabled: false
02-09 18:22:15.737 D/InCallControlState(27234):   bluetoothIndicatorOn: false
02-09 18:22:15.737 D/InCallControlState(27234):   speakerEnabled: true
02-09 18:22:15.737 D/InCallControlState(27234):   speakerOn: false
02-09 18:22:15.737 D/InCallControlState(27234):   canMute: false
02-09 18:22:15.737 D/InCallControlState(27234):   muteIndicatorOn: false
02-09 18:22:15.737 D/InCallControlState(27234):   dialpadEnabled: false
02-09 18:22:15.737 D/InCallControlState(27234):   dialpadVisible: false
02-09 18:22:15.737 D/InCallControlState(27234):   onHold: false
02-09 18:22:15.737 D/InCallControlState(27234):   canHold: false
02-09 18:22:15.737 D/CallCard(27234): yangliu,getCurrentCallState: IDLE
02-09 18:22:15.737 D/CallCard(27234): yangliu,inCallControlState.onHold: false
02-09 18:22:15.737 D/CallCard(27234):   - CONN:  incoming: true state: INCOMING post dial state: NOT_STARTED, state = INCOMING
02-09 18:22:15.737 D/CallCard(27234): - displayMainCallStatus: updatedNumber = 9134864351
02-09 18:22:15.737 D/CallCard(27234): - displayMainCallStatus: starting CallerInfo query...
02-09 18:22:15.737 D/PhoneUtils(27234): startGetCallerInfo: query already done, returning CallerInfo
02-09 18:22:15.737 D/CallCard(27234): updateDisplayForPerson(CallerInfo { name non-null, phoneNumber non-null })
02-09 18:22:15.737 D/CallCard(27234): presentation:1 isTemporary:false
02-09 18:22:15.737 D/CallCard(27234): Get incoming call number913-486-4351
02-09 18:22:15.747 D/CallCard(27234): - got personUri: 'content://com.android.contacts/contacts/179', based on info.person_id: 179
02-09 18:22:15.747 D/CallCard(27234): updatePhotoForCallState(INCOMING)...
02-09 18:22:15.747 D/CallCard(27234): yangliu_sprint,updatePhotoForCallState,isEarliestConnHold = false
02-09 18:22:15.747 D/CallCard(27234): displayOnHoldCallStatus(call =null)...
02-09 18:22:15.888 D/CallManager(27234):  handleMessage (EVENT_IN_CALL_VOICE_PRIVACY_OFF)
02-09 18:22:15.898 D/CallNotifier(27234): handleMessage() Msg Type: 10
02-09 18:22:15.898 D/PhoneApp(27234): old phone type:2, New Phone type:2
02-09 18:22:15.898 D/CallNotifier(27234): PHONE_ENHANCED_VP_OFF...
02-09 18:22:15.898 D/InCallScreen(27234): updateRotarySelectorHint(0)...
02-09 18:22:15.898 D/CallCard(27234): updateState(########### Dump CallManager ############
02-09 18:22:15.898 D/CallCard(27234): CallManager state = RINGING
02-09 18:22:15.898 D/CallCard(27234):    - Foreground: IDLE from Handler{40538868}
02-09 18:22:15.898 D/CallCard(27234):      Conn: []
02-09 18:22:15.898 D/CallCard(27234):    - Background: IDLE from Handler{40538868}
02-09 18:22:15.898 D/CallCard(27234):      Conn: []
02-09 18:22:15.898 D/CallCard(27234):    - Ringing: INCOMING from Handler{40538868}
02-09 18:22:15.898 D/CallCard(27234):  Phone: Handler{40538868}, name = CDMA, state = RINGING
02-09 18:22:15.898 D/CallCard(27234):    - Foreground: IDLE Background: IDLE Ringing: INCOMING
02-09 18:22:15.898 D/CallCard(27234): ########## End Dump CallManager ##########)...
02-09 18:22:15.898 D/CallCard(27234): updateRingingCall()...
02-09 18:22:15.898 D/CallCard(27234): displayMainCallStatus(call INCOMING)...
02-09 18:22:15.898 D/CallCard(27234):   - call.state: INCOMING
02-09 18:22:15.898 D/CallCard(27234): updateCardTitleWidgets(call INCOMING)...
02-09 18:22:15.898 D/CallCard(27234): - getTitleForCallCard(Call INCOMING)...
02-09 18:22:15.898 D/CallCard(27234):   ==> result: Incoming call
02-09 18:22:15.898 D/CallCard(27234): updateCardTitleWidgets: Incoming call
02-09 18:22:15.898 D/InCallScreen(27234): getUpdatedInCallControlState()...
02-09 18:22:15.898 D/PhoneUtils(27234): isEmergencyCall()...
02-09 18:22:15.908 D/PhoneUtils(27234): (add_call,fgCallState == Call.State.ACTIVE) = false
02-09 18:22:15.908 D/PhoneUtils(27234): (add_call,app.cdmaPhoneCallState.getAddCallMenuStateAfterCallWaiting() = true
02-09 18:22:15.908 D/InCallScreen(27234): isBluetoothAvailable()...
02-09 18:22:15.908 D/InCallScreen(27234):   - headset state = 0
02-09 18:22:15.908 D/InCallScreen(27234):   - headset address: null
02-09 18:22:15.908 D/InCallScreen(27234):   ==> false
02-09 18:22:15.908 D/PhoneUtils(27234): audioManager.isMicrophoneMute: false
02-09 18:22:15.908 D/InCallScreen(27234): [okToDialDTMFTones] foreground state: IDLE, ringing state: true, call screen mode: NORMAL, result: false
02-09 18:22:15.908 D/InCallControlState(27234): InCallControlState:
02-09 18:22:15.908 D/InCallControlState(27234):   manageConferenceVisible: false
02-09 18:22:15.908 D/InCallControlState(27234):   manageConferenceEnabled: false
02-09 18:22:15.908 D/InCallControlState(27234):   canAddCall: false
02-09 18:22:15.908 D/InCallControlState(27234):   canSwap: false
02-09 18:22:15.908 D/InCallControlState(27234):   canMerge: false
02-09 18:22:15.908 D/InCallControlState(27234):   bluetoothEnabled: false
02-09 18:22:15.908 D/InCallControlState(27234):   bluetoothIndicatorOn: false
02-09 18:22:15.908 D/InCallControlState(27234):   speakerEnabled: true
02-09 18:22:15.908 D/InCallControlState(27234):   speakerOn: false
02-09 18:22:15.908 D/InCallControlState(27234):   canMute: false
02-09 18:22:15.908 D/InCallControlState(27234):   muteIndicatorOn: false
02-09 18:22:15.908 D/InCallControlState(27234):   dialpadEnabled: false
02-09 18:22:15.908 D/InCallControlState(27234):   dialpadVisible: false
02-09 18:22:15.908 D/InCallControlState(27234):   onHold: false
02-09 18:22:15.908 D/InCallControlState(27234):   canHold: false
02-09 18:22:15.908 D/CallCard(27234): yangliu,getCurrentCallState: IDLE
02-09 18:22:15.908 D/CallCard(27234): yangliu,inCallControlState.onHold: false
02-09 18:22:15.908 D/CallCard(27234):   - CONN:  incoming: true state: INCOMING post dial state: NOT_STARTED, state = INCOMING
02-09 18:22:15.908 D/CallCard(27234): - displayMainCallStatus: updatedNumber = 9134864351
02-09 18:22:15.908 D/CallCard(27234): - displayMainCallStatus: starting CallerInfo query...
02-09 18:22:15.908 D/PhoneUtils(27234): startGetCallerInfo: query already done, returning CallerInfo
02-09 18:22:15.908 D/CallCard(27234): updateDisplayForPerson(CallerInfo { name non-null, phoneNumber non-null })
02-09 18:22:15.908 D/CallCard(27234): presentation:1 isTemporary:false
02-09 18:22:15.908 D/CallCard(27234): Get incoming call number913-486-4351
02-09 18:22:15.908 D/CallCard(27234): - got personUri: 'content://com.android.contacts/contacts/179', based on info.person_id: 179
02-09 18:22:15.908 D/CallCard(27234): updatePhotoForCallState(INCOMING)...
02-09 18:22:15.908 D/CallCard(27234): yangliu_sprint,updatePhotoForCallState,isEarliestConnHold = false
02-09 18:22:15.908 D/CallCard(27234): displayOnHoldCallStatus(call =null)...
02-09 18:22:16.038 D/KeyguardViewMediator(27162): handleTimeout
02-09 18:22:16.158 D/CallManager(27234):  handleMessage (EVENT_IN_CALL_VOICE_PRIVACY_OFF)
02-09 18:22:16.168 D/CallNotifier(27234): handleMessage() Msg Type: 10
02-09 18:22:16.168 D/PhoneApp(27234): old phone type:2, New Phone type:2
02-09 18:22:16.168 D/CallNotifier(27234): PHONE_ENHANCED_VP_OFF...
02-09 18:22:16.428 D/CallManager(27234):  handleMessage (EVENT_IN_CALL_VOICE_PRIVACY_OFF)
02-09 18:22:16.478 D/CallNotifier(27234): handleMessage() Msg Type: 10
02-09 18:22:16.478 D/PhoneApp(27234): old phone type:2, New Phone type:2
02-09 18:22:16.478 D/CallNotifier(27234): PHONE_ENHANCED_VP_OFF...
02-09 18:22:16.548 D/Bitmap  (27234): Detect unrecycled bitmap.
02-09 18:22:16.548 D/Bitmap  (27234):       Size: 117760 Bytes, Width: 320 , Height: 92 , Hash code: 1080505688
02-09 18:22:16.548 D/Bitmap  (27234):  This bimap was created in:
02-09 18:22:16.548 D/Bitmap  (27234):       android.graphics.Bitmap.<init>(Bitmap.java:136)
02-09 18:22:16.548 D/Bitmap  (27234):       android.graphics.Bitmap.nativeCreate(Native Method)
02-09 18:22:16.548 D/Bitmap  (27234):       android.graphics.Bitmap.createBitmap(Bitmap.java:547)
02-09 18:22:16.548 D/Bitmap  (27234):       android.view.View.buildDrawingCache(View.java:6577)
02-09 18:22:16.548 D/Bitmap  (27234):       android.view.View.getDrawingCache(View.java:6428)
02-09 18:22:16.548 D/Bitmap  (27234):       android.view.ViewGroup.drawChild(ViewGroup.java:1574)
02-09 18:22:16.548 D/Bitmap  (27234):       android.view.ViewGroup.dispatchDraw(ViewGroup.java:1376)
02-09 18:22:16.548 D/Bitmap  (27234):       android.view.ViewGroup.drawChild(ViewGroup.java:1647)
02-09 18:22:16.548 D/Bitmap  (27234):       android.view.ViewGroup.dispatchDraw(ViewGroup.java:1376)
02-09 18:22:16.548 D/Bitmap  (27234):       android.view.ViewGroup.drawChild(ViewGroup.java:1647)
02-09 18:22:16.548 D/Bitmap  (27234):       android.view.ViewGroup.dispatchDraw(ViewGroup.java:1376)
02-09 18:22:16.548 D/Bitmap  (27234):       android.view.ViewGroup.drawChild(ViewGroup.java:1647)
02-09 18:22:16.548 D/Bitmap  (27234):       android.view.ViewGroup.dispatchDraw(ViewGroup.java:1376)
02-09 18:22:16.548 D/Bitmap  (27234):       android.view.ViewGroup.drawChild(ViewGroup.java:1647)
02-09 18:22:16.548 D/Bitmap  (27234):       android.view.ViewGroup.dispatchDraw(ViewGroup.java:1376)
02-09 18:22:16.548 D/Bitmap  (27234):       android.view.View.draw(View.java:6883)
02-09 18:22:16.548 D/Bitmap  (27234):       android.widget.FrameLayout.draw(FrameLayout.java:357)
02-09 18:22:16.548 D/Bitmap  (27234):       android.view.ViewGroup.drawChild(ViewGroup.java:1649)
02-09 18:22:16.548 D/Bitmap  (27234):       android.view.ViewGroup.dispatchDraw(ViewGroup.java:1376)
02-09 18:22:16.548 D/Bitmap  (27234):       android.view.View.draw(View.java:6883)
02-09 18:22:16.548 D/Bitmap  (27234):       android.widget.FrameLayout.draw(FrameLayout.java:357)
02-09 18:22:16.548 D/Bitmap  (27234):       com.android.internal.policy.impl.PhoneWindow$DecorView.draw(PhoneWindow.java:1866)
02-09 18:22:16.548 D/Bitmap  (27234):       android.view.ViewRoot.draw(ViewRoot.java:1526)
