02-09 18:27:59.673 W/AlarmManager(27162): +++alarm onSendFinished ,action=com.google.android.location.ALARM_WAKEUP_LOCATOR
02-09 18:27:59.673 D/PowerManagerService(27162): releaseWakeLock flags=0x1 tag=AlarmManager
02-09 18:27:59.993 D/PowerManagerService(27162): acquireWakeLock flags=0x1 tag=AlarmManager
02-09 18:27:59.993 D/KeyguardUpdateMonitor(27162): received broadcast android.intent.action.TIME_TICK
02-09 18:27:59.993 D/KeyguardUpdateMonitor(27162): handleTimeUpdate
02-09 18:28:00.073 D/PowerManagerService(27162): releaseWakeLock flags=0x1 tag=AlarmManager
02-09 18:28:00.673 D/WifiStateTracker(27162): Disabling interface
02-09 18:28:01.114 I/dun_service(  123): process rmnet event
02-09 18:28:01.134 I/dun_service(  123): Post event 4
02-09 18:28:01.134 I/dun_service(  123): process rmnet event
02-09 18:28:01.134 I/dun_service(  123): Post event 4
02-09 18:28:01.134 I/dun_service(  123): received event: DUN_EVENT_RMNET_UP 
02-09 18:28:01.134 I/dun_service(  123): received event(DUN_EVENT_RMNET_UP) in state(DUN_STATE_USB_UNPLUG)
02-09 18:28:01.134 I/dun_service(  123): Ignoring the event DUN_EVENT_RMNET_UP in USB_UNPLUG_STATE
02-09 18:28:01.134 I/dun_service(  123): Moved to state(DUN_STATE_USB_UNPLUG)
02-09 18:28:01.134 I/dun_service(  123): received event: DUN_EVENT_RMNET_UP 
02-09 18:28:01.134 I/dun_service(  123): received event(DUN_EVENT_RMNET_UP) in state(DUN_STATE_USB_UNPLUG)
02-09 18:28:01.134 I/dun_service(  123): Ignoring the event DUN_EVENT_RMNET_UP in USB_UNPLUG_STATE
02-09 18:28:01.134 I/dun_service(  123): Moved to state(DUN_STATE_USB_UNPLUG)
02-09 18:28:01.144 D/PowerManagerService(27162): releaseWakeLock flags=0x1 tag=WifiService
02-09 18:28:01.144 I/wpa_supplicant(30784): CTRL-EVENT-DRIVER-STATE STARTED
02-09 18:28:01.144 I/wpa_supplicant(30784): State: DISCONNECTED -> SCANNING
02-09 18:28:01.154 I/wpa_supplicant(30784): CTRL-EVENT-STATE-CHANGE id=-1 state=2 BSSID=00:00:00:00:00:00
02-09 18:28:01.174 E/wpa_supplicant(30784): Ongoing Scan action...
02-09 18:28:01.174 D/NetworkStateTracker(27162): setDetailed state, old =IDLE and new state=SCANNING
02-09 18:28:02.095 I/dun_service(  123): process rmnet event
02-09 18:28:02.095 I/dun_service(  123): Post event 4
02-09 18:28:02.095 I/dun_service(  123): received event: DUN_EVENT_RMNET_UP 
02-09 18:28:02.095 I/dun_service(  123): received event(DUN_EVENT_RMNET_UP) in state(DUN_STATE_USB_UNPLUG)
02-09 18:28:02.095 I/dun_service(  123): Ignoring the event DUN_EVENT_RMNET_UP in USB_UNPLUG_STATE
02-09 18:28:02.095 I/dun_service(  123): Moved to state(DUN_STATE_USB_UNPLUG)
02-09 18:28:02.095 I/wpa_supplicant(30784): State: SCANNING -> DISCONNECTED
02-09 18:28:02.095 I/wpa_supplicant(30784): CTRL-EVENT-STATE-CHANGE id=-1 state=8 BSSID=00:00:00:00:00:00
02-09 18:28:02.125 D/WifiStateTracker(27162): setNotificationVisible() scanResult.SSID=HH Free WIFI Open? true
02-09 18:28:02.125 D/WifiStateTracker(27162): interpretScanResultsAvailable() numOpenNetworks=1 mNumScansSinceNetworkStateChange=508
02-09 18:28:02.125 D/WifiStateTracker(27162): setNotificationVisible() System.currentTimeMillis()=1328833682135
02-09 18:28:02.125 D/WifiStateTracker(27162): setNotificationVisible() mNotificationRepeatTime=1328833682099
02-09 18:28:02.145 D/WifiLocator(27265): Good cache hits. Computing WiFi location locally hasLocation=1 noLocation=0 cacheMiss=0
02-09 18:28:02.145 D/WifiLocator(27265): Computing location using MaxLre.
02-09 18:28:02.175 D/WifiStateTracker(27162): Reset connections and stopping DHCP
02-09 18:28:02.205 D/WifiLocator(27265): Finished computing WiFi location: WifiLocationResult [position=Position [redacted], confidence=78, outliers=[]]
02-09 18:28:02.205 D/CellLocator(27265): Primary cell miss in cache. Need server request.
02-09 18:28:02.205 D/NetworkLocator(27265): New location significantly newer than previous. Reporting it.
02-09 18:28:02.225 D/KeyguardViewMediator(27162): setHidden false
02-09 18:28:02.225 D/androidNlpServiceThread(27265): reporting Location[mProvider=network,mTime=1328833682214,mLatitude=38.9151974,mLongitude=-94.6386895,mHasAltitude=false,mAltitude=0.0,mHasSpeed=false,mSpeed=0.0,mHasBearing=false,mBearing=0.0,mHasAccuracy=true,mAccuracy=36.0,mExtras=Bundle[{networkLocationSource=cached, networkLocationType=wifi}]]
02-09 18:28:02.235 D/AlarmManager(27162): +++Alarm set:type=2 com.google.android.location  Trigger after:2411ms
02-09 18:28:02.235 D/KeyguardViewMediator(27162): setHidden false
02-09 18:28:02.235 I/System.out(27265): [INFO:27631711]: LogSource: Running flush
02-09 18:28:02.245 I/System.out(27265): [INFO:27631713]: LogSource: Sending payload [bytes=433]
02-09 18:28:02.275 D/AlarmManager(27162): +++Alarm set:type=2 com.google.android.apps.maps  Trigger after:2147482510842ms
02-09 18:28:02.285 D/PowerManagerService(27162): acquireWakeLock flags=0x1 tag=GpsLocationProvider
02-09 18:28:02.285 D/ClientReporter(27265): reported location
02-09 18:28:02.295 D/PowerManagerService(27162): releaseWakeLock flags=0x1 tag=GpsLocationProvider
02-09 18:28:02.295 D/PowerManagerService(27162): acquireWakeLock flags=0x1 tag=LocationManagerService
02-09 18:28:02.295 D/PowerManagerService(27162): releaseWakeLock flags=0x1 tag=LocationManagerService
02-09 18:28:02.295 D/PowerManagerService(27162): acquireWakeLock flags=0x1 tag=LocationManagerService
02-09 18:28:02.295 D/PowerManagerService(27162): releaseWakeLock flags=0x1 tag=LocationManagerService
02-09 18:28:02.495 D/PowerManagerService(27162): acquireWakeLock flags=0x1 tag=ServiceStateTracker
02-09 18:28:02.505 D/PowerManagerService(27162): releaseWakeLock flags=0x1 tag=ServiceStateTracker
02-09 18:28:02.545 D/Bitmap  (27234): Detect unrecycled bitmap.
02-09 18:28:02.545 D/Bitmap  (27234):       Size: 117760 Bytes, Width: 320 , Height: 92 , Hash code: 1081466048
02-09 18:28:02.545 D/Bitmap  (27234):  This bimap was created in:
02-09 18:28:02.545 D/Bitmap  (27234):       android.graphics.Bitmap.<init>(Bitmap.java:136)
02-09 18:28:02.545 D/Bitmap  (27234):       android.graphics.Bitmap.nativeCreate(Native Method)
02-09 18:28:02.545 D/Bitmap  (27234):       android.graphics.Bitmap.createBitmap(Bitmap.java:547)
02-09 18:28:02.545 D/Bitmap  (27234):       android.view.View.buildDrawingCache(View.java:6577)
02-09 18:28:02.545 D/Bitmap  (27234):       android.view.View.getDrawingCache(View.java:6428)
02-09 18:28:02.545 D/Bitmap  (27234):       android.view.ViewGroup.drawChild(ViewGroup.java:1574)
02-09 18:28:02.545 D/Bitmap  (27234):       android.view.ViewGroup.dispatchDraw(ViewGroup.java:1376)
02-09 18:28:02.545 D/Bitmap  (27234):       android.view.ViewGroup.drawChild(ViewGroup.java:1647)
02-09 18:28:02.545 D/Bitmap  (27234):       android.view.ViewGroup.dispatchDraw(ViewGroup.java:1376)
02-09 18:28:02.545 D/Bitmap  (27234):       android.view.ViewGroup.drawChild(ViewGroup.java:1647)
02-09 18:28:02.545 D/Bitmap  (27234):       android.view.ViewGroup.dispatchDraw(ViewGroup.java:1376)
02-09 18:28:02.545 D/Bitmap  (27234):       android.view.ViewGroup.drawChild(ViewGroup.java:1647)
02-09 18:28:02.545 D/Bitmap  (27234):       android.view.ViewGroup.dispatchDraw(ViewGroup.java:1376)
02-09 18:28:02.545 D/Bitmap  (27234):       android.view.ViewGroup.drawChild(ViewGroup.java:1647)
02-09 18:28:02.545 D/Bitmap  (27234):       android.view.ViewGroup.dispatchDraw(ViewGroup.java:1376)
02-09 18:28:02.545 D/Bitmap  (27234):       android.view.View.draw(View.java:6883)
02-09 18:28:02.545 D/Bitmap  (27234):       android.widget.FrameLayout.draw(FrameLayout.java:357)
02-09 18:28:02.545 D/Bitmap  (27234):       android.view.ViewGroup.drawChild(ViewGroup.java:1649)
02-09 18:28:02.545 D/Bitmap  (27234):       android.view.ViewGroup.dispatchDraw(ViewGroup.java:1376)
02-09 18:28:02.545 D/Bitmap  (27234):       android.view.View.draw(View.java:6883)
02-09 18:28:02.545 D/Bitmap  (27234):       android.widget.FrameLayout.draw(FrameLayout.java:357)
02-09 18:28:02.545 D/Bitmap  (27234):       com.android.internal.policy.impl.PhoneWindow$DecorView.draw(PhoneWindow.java:1866)
02-09 18:28:02.545 D/Bitmap  (27234):       android.view.ViewRoot.draw(ViewRoot.java:1526)
02-09 18:28:02.545 D/Bitmap  (27234):       android.view.ViewRoot.performTraversals(ViewRoot.java:1262)
02-09 18:28:02.545 D/Bitmap  (27234):       android.view.ViewRoot.handleMessage(ViewRoot.java:1864)
02-09 18:28:02.545 D/Bitmap  (27234):       android.os.Handler.dispatchMessage(Handler.java:99)
02-09 18:28:02.545 D/Bitmap  (27234):       android.os.Looper.loop(Looper.java:130)
02-09 18:28:02.545 D/Bitmap  (27234):       android.app.ActivityThread.main(ActivityThread.java:3704)
02-09 18:28:02.545 D/Bitmap  (27234):       java.lang.reflect.Method.invokeNative(Native Method)
02-09 18:28:02.545 D/Bitmap  (27234):       java.lang.reflect.Method.invoke(Method.java:507)
02-09 18:28:02.545 D/Bitmap  (27234):       com.android.internal.os.ZygoteInit$MethodAndArgsCaller.run(ZygoteInit.java:875)
02-09 18:28:02.545 D/Bitmap  (27234):       com.android.internal.os.ZygoteInit.main(ZygoteInit.java:633)
02-09 18:28:02.545 D/Bitmap  (27234):       dalvik.system.NativeStart.main(Native Method)
02-09 18:28:02.545 D/Bitmap  (27234): _
02-09 18:28:03.176 D/WifiStateTracker(27162): Disabling interface
02-09 18:28:03.176 D/NetworkStateTracker(27162): setDetailed state, old =SCANNING and new state=IDLE
02-09 18:28:03.186 I/dun_service(  123): process rmnet event
02-09 18:28:03.186 I/dun_service(  123): Post event 4
02-09 18:28:03.186 I/dun_service(  123): received event: DUN_EVENT_RMNET_UP 
02-09 18:28:03.186 I/dun_service(  123): received event(DUN_EVENT_RMNET_UP) in state(DUN_STATE_USB_UNPLUG)
02-09 18:28:03.186 I/dun_service(  123): Ignoring the event DUN_EVENT_RMNET_UP in USB_UNPLUG_STATE
02-09 18:28:03.186 I/dun_service(  123): Moved to state(DUN_STATE_USB_UNPLUG)
02-09 18:28:03.206 I/DATA    (27234): [DCT(0) ] intent received :android.net.wifi.STATE_CHANGE
02-09 18:28:04.367 D/PowerManagerService(27162): acquireWakeLock flags=0x1 tag=ServiceStateTracker
02-09 18:28:04.377 D/PowerManagerService(27162): releaseWakeLock flags=0x1 tag=ServiceStateTracker
02-09 18:28:04.647 W/AlarmManager(27162): +++Alarm  wakeup phone ,pkg=com.google.android.location
02-09 18:28:04.657 D/PowerManagerService(27162): acquireWakeLock flags=0x1 tag=AlarmManager
02-09 18:28:04.707 D/PowerManagerService(27162): acquireWakeLock flags=0x1 tag=NetworkLocationCallbackRunner
02-09 18:28:04.707 D/AlarmManager(27162): +++Alarm set:type=2 com.google.android.location  Trigger after:294933ms
02-09 18:28:04.717 D/PowerManagerService(27162): acquireWakeLock flags=0x1 tag=WifiService
02-09 18:28:04.717 D/PowerManagerService(27162): releaseWakeLock flags=0x1 tag=NetworkLocationLocator
02-09 18:28:04.717 D/PowerManagerService(27162): releaseWakeLock flags=0x1 tag=NetworkLocationCallbackRunner
02-09 18:28:04.717 D/PowerManagerService(27162): acquireWakeLock flags=0x1 tag=NetworkLocationCallbackRunner
02-09 18:28:04.717 D/AlarmManager(27162): +++Alarm set:type=2 com.google.android.apps.maps  Trigger after:2147482508396ms
02-09 18:28:04.717 D/PowerManagerService(27162): releaseWakeLock flags=0x1 tag=NetworkLocationCallbackRunner
02-09 18:28:04.727 I/dun_service(  123): process rmnet event
02-09 18:28:04.727 I/dun_service(  123): Post event 4
02-09 18:28:04.727 I/dun_service(  123): received event: DUN_EVENT_RMNET_UP 
02-09 18:28:04.727 I/dun_service(  123): received event(DUN_EVENT_RMNET_UP) in state(DUN_STATE_USB_UNPLUG)
02-09 18:28:04.727 I/dun_service(  123): Ignoring the event DUN_EVENT_RMNET_UP in USB_UNPLUG_STATE
02-09 18:28:04.727 I/dun_service(  123): Moved to state(DUN_STATE_USB_UNPLUG)
02-09 18:28:04.727 I/wpa_supplicant(30784): CTRL-EVENT-DRIVER-STATE STOPPED
02-09 18:28:04.727 D/KeyguardViewMediator(27162): setHidden false
02-09 18:28:04.737 I/DATA    (27234): [DCT(0) ] intent received :android.net.wifi.STATE_CHANGE
02-09 18:28:04.737 W/AlarmManager(27162): +++alarm onSendFinished ,action=com.google.android.location.ALARM_WAKEUP_LOCATOR
02-09 18:28:04.737 D/PowerManagerService(27162): releaseWakeLock flags=0x1 tag=AlarmManager
02-09 18:28:04.747 D/KeyguardViewMediator(27162): setHidden false
02-09 18:28:07.250 I/System.out(27265): [INFO:27636714]: LogSource: Running delayed flush
02-09 18:28:07.260 I/System.out(27265): [INFO:27636726]: LogSource: Running flush
02-09 18:28:08.421 I/System.out(27265): [INFO:27637901]: LogSource: Response [http=200,length=133]
02-09 18:28:08.431 I/System.out(27265): [INFO:27637905]: LogSource: Read id 8, status code 200
02-09 18:28:08.461 D/WifiLocator(27265): Too many no-location APs. Will not compute a location nor go to the server. hasLocation=0 noLocation=0 cacheMiss=0
02-09 18:28:08.471 D/CellLocator(27265): Found cell location: Position [redacted]
02-09 18:28:08.471 D/androidNlpServiceThread(27265): reporting Location[mProvider=network,mTime=1328833688483,mLatitude=38.9185465,mLongitude=-94.6385457,mHasAltitude=false,mAltitude=0.0,mHasSpeed=false,mSpeed=0.0,mHasBearing=false,mBearing=0.0,mHasAccuracy=true,mAccuracy=1420.0,mExtras=Bundle[{networkLocationSource=cached, networkLocationType=cell}]]
02-09 18:28:08.471 D/AlarmManager(27162): +++Alarm set:type=2 com.google.android.location  Trigger after:291166ms
02-09 18:28:08.471 D/PowerManagerService(27162): acquireWakeLock flags=0x1 tag=GpsLocationProvider
02-09 18:28:08.471 D/ClientReporter(27265): reported location
02-09 18:28:08.471 D/PowerManagerService(27162): releaseWakeLock flags=0x1 tag=GpsLocationProvider
02-09 18:28:08.481 D/PowerManagerService(27162): acquireWakeLock flags=0x1 tag=LocationManagerService
02-09 18:28:08.481 D/PowerManagerService(27162): releaseWakeLock flags=0x1 tag=LocationManagerService
02-09 18:28:08.481 D/PowerManagerService(27162): acquireWakeLock flags=0x1 tag=LocationManagerService
02-09 18:28:08.481 D/PowerManagerService(27162): releaseWakeLock flags=0x1 tag=LocationManagerService
02-09 18:28:08.481 D/PowerManagerService(27162): acquireWakeLock flags=0x1 tag=LocationManagerService
02-09 18:28:08.481 D/PowerManagerService(27162): releaseWakeLock flags=0x1 tag=LocationManagerService
02-09 18:28:08.481 D/PowerManagerService(27162): acquireWakeLock flags=0x1 tag=LocationManagerService
02-09 18:28:08.481 D/PowerManagerService(27162): releaseWakeLock flags=0x1 tag=LocationManagerService
02-09 18:28:12.725 D/PowerManagerService(27162): releaseWakeLock flags=0x1 tag=WifiService
02-09 18:28:12.725 D/PowerManagerService(27162):  ALL PARTIAL wakeLock Released ! 
02-09 18:28:50.532 D/PowerManagerService(27162): acquireWakeLock flags=0x1 tag=ServiceStateTracker
02-09 18:28:50.542 D/PowerManagerService(27162): releaseWakeLock flags=0x1 tag=ServiceStateTracker
02-09 18:28:50.542 D/PowerManagerService(27162):  ALL PARTIAL wakeLock Released ! 
02-09 18:28:51.543 E/rmt_storage(  155): [MyTag]open: fd=-1
02-09 18:28:51.543 E/rmt_storage(  155): block rmt_storage client thread
02-09 18:28:54.522 I/dun_service(  123): The value returned from dun_getusbmodemstate_fromsys is 2 
02-09 18:28:54.532 D/KeyguardUpdateMonitor(27162): received broadcast android.intent.action.BATTERY_CHANGED
02-09 18:28:54.532 D/KeyguardUpdateMonitor(27162): handleBatteryUpdate
02-09 18:28:54.542 D/PowerManagerService(27162): acquireWakeLock flags=0x1 tag=ServiceStateTracker
02-09 18:28:54.552 D/PowerManagerService(27162): releaseWakeLock flags=0x1 tag=ServiceStateTracker
02-09 18:28:54.552 D/PowerManagerService(27162):  ALL PARTIAL wakeLock Released ! 
02-09 18:29:12.522 D/PowerManagerService(27162): acquireWakeLock flags=0x1 tag=AlarmManager
02-09 18:29:12.522 D/KeyguardUpdateMonitor(27162): received broadcast android.intent.action.TIME_TICK
02-09 18:29:12.522 D/KeyguardUpdateMonitor(27162): handleTimeUpdate
02-09 18:29:12.552 D/PowerManagerService(27162): releaseWakeLock flags=0x1 tag=AlarmManager
02-09 18:29:12.552 D/PowerManagerService(27162):  ALL PARTIAL wakeLock Released ! 
02-09 18:30:54.522 D/PowerManagerService(27162): acquireWakeLock flags=0x1 tag=AlarmManager
02-09 18:30:54.522 D/KeyguardUpdateMonitor(27162): received broadcast android.intent.action.TIME_TICK
02-09 18:30:54.532 D/PowerManagerService(27162): acquireWakeLock flags=0x1 tag=ServiceStateTracker
02-09 18:30:54.542 D/KeyguardUpdateMonitor(27162): handleTimeUpdate
02-09 18:30:54.592 D/PowerManagerService(27162): releaseWakeLock flags=0x1 tag=AlarmManager
02-09 18:30:54.602 D/PowerManagerService(27162): releaseWakeLock flags=0x1 tag=ServiceStateTracker
02-09 18:30:54.602 D/PowerManagerService(27162):  ALL PARTIAL wakeLock Released ! 
02-09 18:30:56.363 E/rmt_storage(  155): [MyTag]open: fd=-1
02-09 18:30:56.363 E/rmt_storage(  155): block rmt_storage client thread
02-09 18:31:22.522 D/PowerManagerService(27162): acquireWakeLock flags=0x1 tag=AlarmManager
02-09 18:31:22.522 D/KeyguardUpdateMonitor(27162): received broadcast android.intent.action.TIME_TICK
02-09 18:31:22.522 D/KeyguardUpdateMonitor(27162): handleTimeUpdate
02-09 18:31:22.552 D/PowerManagerService(27162): releaseWakeLock flags=0x1 tag=AlarmManager
02-09 18:31:22.552 D/PowerManagerService(27162):  ALL PARTIAL wakeLock Released ! 
02-09 18:31:22.562 D/PowerManagerService(27162): acquireWakeLock flags=0x1 tag=ServiceStateTracker
02-09 18:31:22.572 D/PowerManagerService(27162): releaseWakeLock flags=0x1 tag=ServiceStateTracker
02-09 18:31:22.572 D/PowerManagerService(27162):  ALL PARTIAL wakeLock Released ! 
02-09 18:31:34.532 D/PowerManagerService(27162): acquireWakeLock flags=0x1 tag=ServiceStateTracker
02-09 18:31:34.542 D/PowerManagerService(27162): releaseWakeLock flags=0x1 tag=ServiceStateTracker
02-09 18:31:34.542 D/PowerManagerService(27162):  ALL PARTIAL wakeLock Released ! 
02-09 18:31:34.712 D/PowerManagerService(27162): acquireWakeLock flags=0x1 tag=GTALK_CONN
02-09 18:31:34.712 D/AlarmManager(27162): +++Alarm set:type=2 com.google.android.gsf  Trigger after:1679997ms
02-09 18:31:34.792 D/PowerManagerService(27162): releaseWakeLock flags=0x1 tag=GTALK_CONN
02-09 18:31:34.792 D/PowerManagerService(27162):  ALL PARTIAL wakeLock Released ! 
02-09 18:31:34.802 D/PowerManagerService(27162): acquireWakeLock flags=0x1 tag=GTALK_CONN
02-09 18:31:34.812 D/PowerManagerService(27162): acquireWakeLock flags=0x1 tag=GOOGLE_C2DM
02-09 18:31:34.852 D/PowerManagerService(27162): acquireWakeLock flags=0x1 tag=FB_C2DM
02-09 18:31:34.852 D/PowerManagerService(27162): releaseWakeLock flags=0x1 tag=GTALK_CONN
02-09 18:31:34.872 D/PowerManagerService(27162): releaseWakeLock flags=0x1 tag=GOOGLE_C2DM
02-09 18:31:34.982 D/PowerManagerService(27162): releaseWakeLock flags=0x1 tag=FB_C2DM
02-09 18:31:34.982 D/PowerManagerService(27162):  ALL PARTIAL wakeLock Released ! 
02-09 18:31:34.992 D/KeyguardViewMediator(27162): setHidden false
02-09 18:31:35.002 D/KeyguardViewMediator(27162): setHidden false
02-09 18:31:38.532 D/PowerManagerService(27162): acquireWakeLock flags=0x1 tag=ServiceStateTracker
02-09 18:31:38.542 D/PowerManagerService(27162): releaseWakeLock flags=0x1 tag=ServiceStateTracker
02-09 18:31:38.542 D/PowerManagerService(27162):  ALL PARTIAL wakeLock Released ! 
02-09 18:32:29.522 D/PowerManagerService(27162): acquireWakeLock flags=0x1 tag=AlarmManager
02-09 18:32:29.522 D/KeyguardUpdateMonitor(27162): received broadcast android.intent.action.TIME_TICK
02-09 18:32:29.522 D/KeyguardUpdateMonitor(27162): handleTimeUpdate
02-09 18:32:29.582 D/PowerManagerService(27162): releaseWakeLock flags=0x1 tag=AlarmManager
02-09 18:32:29.582 D/PowerManagerService(27162):  ALL PARTIAL wakeLock Released ! 
02-09 18:32:29.802 W/AlarmManager(27162): +++Alarm  wakeup phone ,pkg=com.google.android.apps.maps
02-09 18:32:29.872 D/PowerManagerService(27162): acquireWakeLock flags=0x1 tag=AlarmManager
02-09 18:32:29.872 W/AlarmManager(27162): +++alarm onSendFinished ,action=null
02-09 18:32:29.872 D/PowerManagerService(27162): releaseWakeLock flags=0x1 tag=AlarmManager
02-09 18:32:29.872 D/PowerManagerService(27162):  ALL PARTIAL wakeLock Released ! 
02-09 18:32:29.882 D/AlarmManager(27162): +++Alarm set:type=2 com.google.android.apps.maps  Trigger after:1799917ms
02-09 18:32:31.713 E/rmt_storage(  155): [MyTag]open: fd=-1
02-09 18:32:31.713 E/rmt_storage(  155): block rmt_storage client thread
02-09 18:32:41.532 D/PowerManagerService(27162): acquireWakeLock flags=0x1 tag=ServiceStateTracker
02-09 18:32:41.542 D/PowerManagerService(27162): releaseWakeLock flags=0x1 tag=ServiceStateTracker
02-09 18:32:41.542 D/PowerManagerService(27162):  ALL PARTIAL wakeLock Released ! 
02-09 18:32:50.552 D/PowerManagerService(27162): acquireWakeLock flags=0x1 tag=ServiceStateTracker
02-09 18:32:50.552 D/PowerManagerService(27162): releaseWakeLock flags=0x1 tag=ServiceStateTracker
02-09 18:32:50.552 D/PowerManagerService(27162):  ALL PARTIAL wakeLock Released ! 
02-09 18:32:59.452 W/AlarmManager(27162): +++Alarm  wakeup phone ,pkg=com.google.android.location
02-09 18:32:59.462 D/PowerManagerService(27162): acquireWakeLock flags=0x1 tag=NetworkLocationCallbackRunner
02-09 18:32:59.472 D/PowerManagerService(27162): acquireWakeLock flags=0x1 tag=NetworkLocationLocator
02-09 18:32:59.502 D/PowerManagerService(27162): acquireWakeLock flags=0x1 tag=WifiService
02-09 18:32:59.502 D/WifiStateTracker(27162): Reset connections and stopping DHCP
02-09 18:32:59.502 D/PowerManagerService(27162): acquireWakeLock flags=0x1 tag=AlarmManager
02-09 18:32:59.502 D/AlarmManager(27162): +++Alarm set:type=2 com.google.android.location  Trigger after:4984ms
02-09 18:32:59.502 D/PowerManagerService(27162): releaseWakeLock flags=0x1 tag=NetworkLocationCallbackRunner
02-09 18:32:59.512 D/TelephonyManager(27265): [LPZ-GPS]getCellLocation enter,usewireless=true
02-09 18:32:59.512 D/CdmaCellLocation(27265): [LPZ-GPS]mUseNetworkwireless=true
02-09 18:32:59.512 D/CdmaCellLocation(27265): [LPZ-GPS]BSId=4721
02-09 18:32:59.512 D/CdmaCellLocation(27265): [LPZ-GPS]BSLAT=560455
02-09 18:32:59.512 D/CdmaCellLocation(27265): [LPZ-GPS]BSLONG=-1362815
02-09 18:32:59.512 D/CdmaCellLocation(27265): [LPZ-GPS]SystemId=4139
02-09 18:32:59.512 D/CdmaCellLocation(27265): [LPZ-GPS]NetworkId=41
02-09 18:32:59.522 D/PowerManagerService(27162): acquireWakeLock flags=0x1 tag=NetworkLocationCallbackRunner
02-09 18:32:59.522 W/AlarmManager(27162): +++alarm onSendFinished ,action=com.google.android.location.ALARM_WAKEUP_LOCATOR
02-09 18:32:59.522 D/PowerManagerService(27162): releaseWakeLock flags=0x1 tag=AlarmManager
02-09 18:32:59.522 D/AlarmManager(27162): +++Alarm set:type=2 com.google.android.apps.maps  Trigger after:2147482213392ms
02-09 18:32:59.522 D/PowerManagerService(27162): releaseWakeLock flags=0x1 tag=NetworkLocationCallbackRunner
02-09 18:32:59.532 D/AlarmManager(27162): +++Alarm set:type=2 com.google.android.location  Trigger after:4962ms
02-09 18:33:00.003 D/PowerManagerService(27162): acquireWakeLock flags=0x1 tag=AlarmManager
02-09 18:33:00.023 D/KeyguardUpdateMonitor(27162): received broadcast android.intent.action.TIME_TICK
02-09 18:33:00.023 D/KeyguardUpdateMonitor(27162): handleTimeUpdate
02-09 18:33:00.063 D/PowerManagerService(27162): releaseWakeLock flags=0x1 tag=AlarmManager
02-09 18:33:00.523 D/WifiStateTracker(27162): Disabling interface
02-09 18:33:00.984 I/dun_service(  123): process rmnet event
02-09 18:33:00.994 I/dun_service(  123): Post event 4
02-09 18:33:00.994 I/dun_service(  123): process rmnet event
02-09 18:33:00.994 I/dun_service(  123): Post event 4
02-09 18:33:00.994 I/dun_service(  123): received event: DUN_EVENT_RMNET_UP 
02-09 18:33:00.994 I/dun_service(  123): received event(DUN_EVENT_RMNET_UP) in state(DUN_STATE_USB_UNPLUG)
02-09 18:33:00.994 I/dun_service(  123): Ignoring the event DUN_EVENT_RMNET_UP in USB_UNPLUG_STATE
02-09 18:33:00.994 I/dun_service(  123): Moved to state(DUN_STATE_USB_UNPLUG)
02-09 18:33:00.994 I/dun_service(  123): received event: DUN_EVENT_RMNET_UP 
02-09 18:33:00.994 I/dun_service(  123): received event(DUN_EVENT_RMNET_UP) in state(DUN_STATE_USB_UNPLUG)
02-09 18:33:00.994 I/dun_service(  123): Ignoring the event DUN_EVENT_RMNET_UP in USB_UNPLUG_STATE
02-09 18:33:00.994 I/dun_service(  123): Moved to state(DUN_STATE_USB_UNPLUG)
02-09 18:33:01.004 D/PowerManagerService(27162): releaseWakeLock flags=0x1 tag=WifiService
02-09 18:33:01.004 I/wpa_supplicant(30784): CTRL-EVENT-DRIVER-STATE STARTED
02-09 18:33:01.014 I/wpa_supplicant(30784): State: DISCONNECTED -> SCANNING
02-09 18:33:01.014 I/wpa_supplicant(30784): CTRL-EVENT-STATE-CHANGE id=-1 state=2 BSSID=00:00:00:00:00:00
02-09 18:33:01.024 D/NetworkStateTracker(27162): setDetailed state, old =IDLE and new state=SCANNING
02-09 18:33:01.955 E/wpa_supplicant(30784): ioctl[SIOCGIWSCAN]: 11
02-09 18:33:01.955 I/dun_service(  123): process rmnet event
02-09 18:33:01.955 I/dun_service(  123): Post event 4
02-09 18:33:01.955 I/dun_service(  123): received event: DUN_EVENT_RMNET_UP 
02-09 18:33:01.955 I/dun_service(  123): received event(DUN_EVENT_RMNET_UP) in state(DUN_STATE_USB_UNPLUG)
02-09 18:33:01.955 I/dun_service(  123): Ignoring the event DUN_EVENT_RMNET_UP in USB_UNPLUG_STATE
02-09 18:33:01.955 I/dun_service(  123): Moved to state(DUN_STATE_USB_UNPLUG)
02-09 18:33:02.966 I/wpa_supplicant(30784): State: SCANNING -> DISCONNECTED
02-09 18:33:02.966 I/wpa_supplicant(30784): CTRL-EVENT-STATE-CHANGE id=-1 state=8 BSSID=00:00:00:00:00:00
02-09 18:33:02.966 D/WifiStateTracker(27162): Reset connections and stopping DHCP
02-09 18:33:03.997 D/WifiStateTracker(27162): Disabling interface
02-09 18:33:03.997 I/dun_service(  123): process rmnet event
02-09 18:33:03.997 I/dun_service(  123): Post event 4
02-09 18:33:03.997 I/dun_service(  123): received event: DUN_EVENT_RMNET_UP 
02-09 18:33:03.997 I/dun_service(  123): received event(DUN_EVENT_RMNET_UP) in state(DUN_STATE_USB_UNPLUG)
02-09 18:33:03.997 I/dun_service(  123): Ignoring the event DUN_EVENT_RMNET_UP in USB_UNPLUG_STATE
02-09 18:33:03.997 I/dun_service(  123): Moved to state(DUN_STATE_USB_UNPLUG)
02-09 18:33:04.007 D/NetworkStateTracker(27162): setDetailed state, old =SCANNING and new state=IDLE
02-09 18:33:04.017 I/DATA    (27234): [DCT(0) ] intent received :android.net.wifi.STATE_CHANGE
02-09 18:33:04.497 W/AlarmManager(27162): +++Alarm  wakeup phone ,pkg=com.google.android.location
02-09 18:33:04.507 D/PowerManagerService(27162): acquireWakeLock flags=0x1 tag=AlarmManager
02-09 18:33:04.517 D/PowerManagerService(27162): acquireWakeLock flags=0x1 tag=NetworkLocationCallbackRunner
02-09 18:33:04.517 D/WifiLocator(27265): Too many no-location APs. Will not compute a location nor go to the server. hasLocation=0 noLocation=0 cacheMiss=0
02-09 18:33:04.517 D/CellLocator(27265): Found cell location: Position [redacted]
02-09 18:33:04.537 D/androidNlpServiceThread(27265): reporting Location[mProvider=network,mTime=1328833984526,mLatitude=38.9185465,mLongitude=-94.6385457,mHasAltitude=false,mAltitude=0.0,mHasSpeed=false,mSpeed=0.0,mHasBearing=false,mBearing=0.0,mHasAccuracy=true,mAccuracy=1420.0,mExtras=Bundle[{networkLocationSource=cached, networkLocationType=cell}]]
02-09 18:33:04.547 D/PowerManagerService(27162): acquireWakeLock flags=0x1 tag=NetworkLocationCallbackRunner
02-09 18:33:04.547 D/AlarmManager(27162): +++Alarm set:type=2 com.google.android.location  Trigger after:294948ms
02-09 18:33:04.557 D/PowerManagerService(27162): acquireWakeLock flags=0x1 tag=WifiService
02-09 18:33:04.557 D/WifiStateTracker(27162): setNotificationVisible() visible=false mNotificationShown=false force=false return.
02-09 18:33:04.557 W/AlarmManager(27162): +++alarm onSendFinished ,action=com.google.android.location.ALARM_WAKEUP_LOCATOR
02-09 18:33:04.557 D/PowerManagerService(27162): releaseWakeLock flags=0x1 tag=AlarmManager
02-09 18:33:04.557 I/DATA    (27234): [DCT(0) ] intent received :android.net.wifi.STATE_CHANGE
02-09 18:33:04.567 D/PowerManagerService(27162): releaseWakeLock flags=0x1 tag=NetworkLocationLocator
02-09 18:33:04.567 D/PowerManagerService(27162): releaseWakeLock flags=0x1 tag=NetworkLocationCallbackRunner
02-09 18:33:04.567 I/dun_service(  123): process rmnet event
02-09 18:33:04.567 I/dun_service(  123): Post event 4
02-09 18:33:04.567 I/dun_service(  123): received event: DUN_EVENT_RMNET_UP 
02-09 18:33:04.567 I/dun_service(  123): received event(DUN_EVENT_RMNET_UP) in state(DUN_STATE_USB_UNPLUG)
02-09 18:33:04.567 I/dun_service(  123): Ignoring the event DUN_EVENT_RMNET_UP in USB_UNPLUG_STATE
02-09 18:33:04.567 I/dun_service(  123): Moved to state(DUN_STATE_USB_UNPLUG)
02-09 18:33:04.567 I/wpa_supplicant(30784): CTRL-EVENT-DRIVER-STATE STOPPED
02-09 18:33:04.567 D/AlarmManager(27162): +++Alarm set:type=2 com.google.android.apps.maps  Trigger after:2147482208357ms
02-09 18:33:04.567 D/PowerManagerService(27162): releaseWakeLock flags=0x1 tag=NetworkLocationCallbackRunner
02-09 18:33:04.567 D/PowerManagerService(27162): acquireWakeLock flags=0x1 tag=GpsLocationProvider
02-09 18:33:04.567 D/ClientReporter(27265): reported location
02-09 18:33:04.567 D/PowerManagerService(27162): releaseWakeLock flags=0x1 tag=GpsLocationProvider
02-09 18:33:04.567 D/PowerManagerService(27162): acquireWakeLock flags=0x1 tag=LocationManagerService
02-09 18:33:04.567 D/PowerManagerService(27162): releaseWakeLock flags=0x1 tag=LocationManagerService
02-09 18:33:04.577 D/PowerManagerService(27162): acquireWakeLock flags=0x1 tag=LocationManagerService
02-09 18:33:04.577 D/PowerManagerService(27162): releaseWakeLock flags=0x1 tag=LocationManagerService
02-09 18:33:12.565 D/PowerManagerService(27162): releaseWakeLock flags=0x1 tag=WifiService
02-09 18:33:12.565 D/PowerManagerService(27162):  ALL PARTIAL wakeLock Released ! 
