02-09 18:09:05.844 E/ContactsProvider(27282): 101123 isCallerRegisterNeedSIMProc callerPid:27733, acorePid:27282
02-09 18:09:05.844 I/ContactsProvider(27282): query isCallerRegistered= true
02-09 18:09:05.844 I/ContactsProvider(27282): query forOnlyOneContactString= 0
02-09 18:09:05.864 D/Mms     (27733): formatTimeStampString1 ,when = 1328829063515
02-09 18:09:05.864 D/Mms     (27733): formatTimeStampString2 ,when = 1328829063515
02-09 18:09:05.864 I/ContactsProvider(27282): query: content://com.android.contacts/phone_lookup/9132005928
02-09 18:09:05.864 E/ContactsProvider(27282): 101123 isCallerRegisterNeedSIMProc callerPid:27733, acorePid:27282
02-09 18:09:05.874 I/ContactsProvider(27282): query isCallerRegistered= true
02-09 18:09:05.874 I/ContactsProvider(27282): query forOnlyOneContactString= 0
02-09 18:09:05.904 I/ContactsProvider(27282): query: content://com.android.contacts/contacts/lookup/1459i64d68e1f8db6bf98/176
02-09 18:09:05.904 E/ContactsProvider(27282): 101123 isCallerRegisterNeedSIMProc callerPid:27733, acorePid:27282
02-09 18:09:05.914 I/ContactsProvider(27282): query isCallerRegistered= true
02-09 18:09:05.914 I/ContactsProvider(27282): query forOnlyOneContactString= 0
02-09 18:09:05.944 D/KeyguardViewMediator(27162): setHidden false
02-09 18:09:05.954 I/ContactsProvider(27282): query: content://com.android.contacts/contacts/lookup/0r1-2AA02A902A942A922A8E2A8E2A982AA02A922A9E/1
02-09 18:09:05.954 E/ContactsProvider(27282): 101123 isCallerRegisterNeedSIMProc callerPid:27733, acorePid:27282
02-09 18:09:05.954 I/ContactsProvider(27282): query isCallerRegistered= true
02-09 18:09:05.954 I/ContactsProvider(27282): query forOnlyOneContactString= 0
02-09 18:09:05.964 D/Mms:app (27733): mCmasCursor.getCount() =0
02-09 18:09:05.964 D/Mms:app (27733): in updateCmasNotifications--unreadCMASCursor.getCount() <= 0
02-09 18:09:05.984 I/Mms:app (27733): pengzhe updateDownloadFailedNotification getDownloadFailedMessageCount =0
02-09 18:09:06.014 D/KeyguardViewMediator(27162): setHidden false
02-09 18:09:06.025 I/ContactsProvider(27282): query: content://com.android.contacts/data/0
02-09 18:09:06.025 E/ContactsProvider(27282): 101123 isCallerRegisterNeedSIMProc callerPid:27733, acorePid:27282
02-09 18:09:06.025 I/ContactsProvider(27282): query isCallerRegistered= true
02-09 18:09:06.035 I/ContactsProvider(27282): query forOnlyOneContactString= 0
02-09 18:09:06.045 I/ContactsProvider(27282): query: content://com.android.contacts/data/0
02-09 18:09:06.045 E/ContactsProvider(27282): 101123 isCallerRegisterNeedSIMProc callerPid:27733, acorePid:27282
02-09 18:09:06.055 I/ContactsProvider(27282): query isCallerRegistered= true
02-09 18:09:06.055 I/ContactsProvider(27282): query forOnlyOneContactString= 0
02-09 18:09:06.065 D/OmaDrmReceiver( 3808): android.intent.action.CONFIGURATION_CHANGED
02-09 18:09:06.085 I/OmaDrmService( 3808): Language changed!!!!!!
02-09 18:09:06.105 D/AlarmManager(27162): +++Alarm set:type=2 com.google.android.apps.maps  Trigger after:4374ms
02-09 18:09:06.115 D/AlarmManager(27162): +++Alarm set:type=2 com.google.android.apps.maps  Trigger after:4369ms
02-09 18:09:06.115 D/AlarmManager(27162): +++Alarm set:type=2 com.google.android.apps.maps  Trigger after:4998ms
02-09 18:09:06.115 D/TelephonyManager( 4576): [LPZ-GPS]getCellLocation enter,usewireless=true
02-09 18:09:06.125 D/CdmaCellLocation( 4576): [LPZ-GPS]mUseNetworkwireless=true
02-09 18:09:06.125 D/CdmaCellLocation( 4576): [LPZ-GPS]BSId=13058
02-09 18:09:06.125 D/CdmaCellLocation( 4576): [LPZ-GPS]BSLAT=560304
02-09 18:09:06.125 D/CdmaCellLocation( 4576): [LPZ-GPS]BSLONG=-1362999
02-09 18:09:06.125 D/CdmaCellLocation( 4576): [LPZ-GPS]SystemId=4139
02-09 18:09:06.125 D/CdmaCellLocation( 4576): [LPZ-GPS]NetworkId=41
02-09 18:09:06.135 D/AlarmManager(27162): +++Alarm set:type=2 com.google.android.apps.maps  Trigger after:4981ms
02-09 18:09:06.135 D/TelephonyManager( 4576): [LPZ-GPS]getCellLocation enter,usewireless=true
02-09 18:09:06.135 D/CdmaCellLocation( 4576): [LPZ-GPS]mUseNetworkwireless=true
02-09 18:09:06.135 D/CdmaCellLocation( 4576): [LPZ-GPS]BSId=13058
02-09 18:09:06.135 D/CdmaCellLocation( 4576): [LPZ-GPS]BSLAT=560304
02-09 18:09:06.135 D/CdmaCellLocation( 4576): [LPZ-GPS]BSLONG=-1362999
02-09 18:09:06.135 D/CdmaCellLocation( 4576): [LPZ-GPS]SystemId=4139
02-09 18:09:06.135 D/CdmaCellLocation( 4576): [LPZ-GPS]NetworkId=41
02-09 18:09:06.145 D/AlarmManager(27162): +++Alarm set:type=2 com.google.android.apps.maps  Trigger after:4970ms
02-09 18:09:06.145 D/AlarmManager(27162): +++Alarm set:type=2 com.google.android.apps.maps  Trigger after:86232080ms
02-09 18:09:06.145 D/TelephonyManager( 4576): [LPZ-GPS]getCellLocation enter,usewireless=true
02-09 18:09:06.155 D/CdmaCellLocation( 4576): [LPZ-GPS]mUseNetworkwireless=true
02-09 18:09:06.155 D/CdmaCellLocation( 4576): [LPZ-GPS]BSId=13058
02-09 18:09:06.155 D/CdmaCellLocation( 4576): [LPZ-GPS]BSLAT=560304
02-09 18:09:06.155 D/CdmaCellLocation( 4576): [LPZ-GPS]BSLONG=-1362999
02-09 18:09:06.155 D/CdmaCellLocation( 4576): [LPZ-GPS]SystemId=4139
02-09 18:09:06.155 D/CdmaCellLocation( 4576): [LPZ-GPS]NetworkId=41
02-09 18:09:06.155 D/AlarmManager(27162): +++Alarm set:type=2 com.google.android.apps.maps  Trigger after:4953ms
02-09 18:09:07.066 E/wpa_supplicant(30784): ioctl[SIOCGIWSCAN]: 11
02-09 18:09:07.066 I/dun_service(  123): process rmnet event
02-09 18:09:07.066 I/dun_service(  123): Post event 4
02-09 18:09:07.066 I/dun_service(  123): received event: DUN_EVENT_RMNET_UP 
02-09 18:09:07.066 I/dun_service(  123): received event(DUN_EVENT_RMNET_UP) in state(DUN_STATE_USB_UNPLUG)
02-09 18:09:07.066 I/dun_service(  123): Ignoring the event DUN_EVENT_RMNET_UP in USB_UNPLUG_STATE
02-09 18:09:07.066 I/dun_service(  123): Moved to state(DUN_STATE_USB_UNPLUG)
02-09 18:09:07.486 D/KeyguardViewMediator(27162): setHidden false
02-09 18:09:07.506 D/KeyguardViewMediator(27162): setHidden false
02-09 18:09:07.506 D/KeyguardViewMediator(27162): setHidden false
02-09 18:09:07.516 D/KeyguardViewMediator(27162): setHidden false
02-09 18:09:07.526 D/KeyguardViewMediator(27162): setHidden false
02-09 18:09:07.546 D/KeyguardViewMediator(27162): setHidden false
02-09 18:09:07.556 D/KeyguardViewMediator(27162): setHidden false
02-09 18:09:07.576 D/KeyguardViewMediator(27162): setHidden false
02-09 18:09:07.586 D/KeyguardViewMediator(27162): setHidden false
02-09 18:09:07.606 D/KeyguardViewMediator(27162): setHidden false
02-09 18:09:07.626 D/KeyguardViewMediator(27162): setHidden false
02-09 18:09:07.636 D/KeyguardViewMediator(27162): setHidden false
02-09 18:09:07.656 D/KeyguardViewMediator(27162): setHidden false
02-09 18:09:07.666 D/KeyguardViewMediator(27162): setHidden false
02-09 18:09:07.686 D/KeyguardViewMediator(27162): setHidden false
02-09 18:09:07.706 D/KeyguardViewMediator(27162): setHidden false
02-09 18:09:07.716 D/Bitmap  (27229): Detect unrecycled bitmap.
02-09 18:09:07.716 D/Bitmap  (27229):       Size: 270080 Bytes, Width: 320 , Height: 211 , Hash code: 1080356408
02-09 18:09:07.716 D/Bitmap  (27229):  This bimap was created in:
02-09 18:09:07.716 D/Bitmap  (27229):       android.graphics.Bitmap.<init>(Bitmap.java:136)
02-09 18:09:07.716 D/Bitmap  (27229):       android.graphics.Bitmap.nativeCreate(Native Method)
02-09 18:09:07.716 D/Bitmap  (27229):       android.graphics.Bitmap.createBitmap(Bitmap.java:547)
02-09 18:09:07.716 D/Bitmap  (27229):       com.android.inputmethod.latin.LatinKeyboardBaseView.onBufferDraw(LatinKeyboardBaseView.java:775)
02-09 18:09:07.716 D/Bitmap  (27229):       com.android.inputmethod.latin.LatinKeyboardBaseView.onDraw(LatinKeyboardBaseView.java:763)
02-09 18:09:07.716 D/Bitmap  (27229):       android.view.View.draw(View.java:6880)
02-09 18:09:07.716 D/Bitmap  (27229):       com.android.inputmethod.latin.LatinKeyboardView.draw(LatinKeyboardView.java:353)
02-09 18:09:07.716 D/Bitmap  (27229):       android.view.ViewGroup.drawChild(ViewGroup.java:1649)
02-09 18:09:07.716 D/Bitmap  (27229):       android.view.ViewGroup.dispatchDraw(ViewGroup.java:1376)
02-09 18:09:07.716 D/Bitmap  (27229):       android.view.ViewGroup.drawChild(ViewGroup.java:1647)
02-09 18:09:07.716 D/Bitmap  (27229):       android.view.ViewGroup.dispatchDraw(ViewGroup.java:1376)
02-09 18:09:07.716 D/Bitmap  (27229):       android.view.ViewGroup.drawChild(ViewGroup.java:1647)
02-09 18:09:07.716 D/Bitmap  (27229):       android.view.ViewGroup.dispatchDraw(ViewGroup.java:1376)
02-09 18:09:07.716 D/Bitmap  (27229):       android.view.ViewGroup.drawChild(ViewGroup.java:1647)
02-09 18:09:07.716 D/Bitmap  (27229):       android.view.ViewGroup.dispatchDraw(ViewGroup.java:1376)
02-09 18:09:07.716 D/Bitmap  (27229):       android.view.View.draw(View.java:6883)
02-09 18:09:07.716 D/KeyguardViewMediator(27162): setHidden false
02-09 18:09:07.726 D/Bitmap  (27229):       android.widget.FrameLayout.draw(FrameLayout.java:357)
02-09 18:09:07.726 D/Bitmap  (27229):       com.android.internal.policy.impl.PhoneWindow$DecorView.draw(PhoneWindow.java:1866)
02-09 18:09:07.726 D/Bitmap  (27229):       android.view.ViewRoot.draw(ViewRoot.java:1526)
02-09 18:09:07.726 D/Bitmap  (27229):       android.view.ViewRoot.performTraversals(ViewRoot.java:1262)
02-09 18:09:07.726 D/Bitmap  (27229):       android.view.ViewRoot.handleMessage(ViewRoot.java:1864)
02-09 18:09:07.726 D/Bitmap  (27229):       android.os.Handler.dispatchMessage(Handler.java:99)
02-09 18:09:07.726 D/Bitmap  (27229):       android.os.Looper.loop(Looper.java:130)
02-09 18:09:07.726 D/Bitmap  (27229):       android.app.ActivityThread.main(ActivityThread.java:3704)
02-09 18:09:07.726 D/Bitmap  (27229):       java.lang.reflect.Method.invokeNative(Native Method)
02-09 18:09:07.726 D/Bitmap  (27229):       java.lang.reflect.Method.invoke(Method.java:507)
02-09 18:09:07.726 D/Bitmap  (27229):       com.android.internal.os.ZygoteInit$MethodAndArgsCaller.run(ZygoteInit.java:875)
02-09 18:09:07.726 D/Bitmap  (27229):       com.android.internal.os.ZygoteInit.main(ZygoteInit.java:633)
02-09 18:09:07.726 D/Bitmap  (27229):       dalvik.system.NativeStart.main(Native Method)
02-09 18:09:07.726 D/Bitmap  (27229): _
02-09 18:09:07.736 D/KeyguardViewMediator(27162): setHidden false
02-09 18:09:07.756 D/KeyguardViewMediator(27162): setHidden false
02-09 18:09:07.766 D/KeyguardViewMediator(27162): setHidden false
02-09 18:09:07.786 D/KeyguardViewMediator(27162): setHidden false
02-09 18:09:07.796 D/KeyguardViewMediator(27162): setHidden false
02-09 18:09:07.816 D/KeyguardViewMediator(27162): setHidden false
02-09 18:09:07.836 D/KeyguardViewMediator(27162): setHidden false
02-09 18:09:07.846 D/KeyguardViewMediator(27162): setHidden false
02-09 18:09:07.856 D/KeyguardViewMediator(27162): setHidden false
02-09 18:09:08.097 D/KeyguardViewMediator(27162): setHidden false
02-09 18:09:08.117 D/KeyguardViewMediator(27162): setHidden false
02-09 18:09:08.177 D/KeyguardViewMediator(27162): setHidden false
02-09 18:09:08.197 D/KeyguardViewMediator(27162): setHidden false
02-09 18:09:08.207 D/KeyguardViewMediator(27162): setHidden false
02-09 18:09:08.227 D/KeyguardViewMediator(27162): setHidden false
02-09 18:09:08.237 D/KeyguardViewMediator(27162): setHidden false
02-09 18:09:08.257 D/KeyguardViewMediator(27162): setHidden false
02-09 18:09:08.277 D/KeyguardViewMediator(27162): setHidden false
02-09 18:09:08.287 D/KeyguardViewMediator(27162): setHidden false
02-09 18:09:08.307 D/KeyguardViewMediator(27162): setHidden false
02-09 18:09:08.317 D/KeyguardViewMediator(27162): setHidden false
02-09 18:09:08.337 D/KeyguardViewMediator(27162): setHidden false
02-09 18:09:08.357 D/KeyguardViewMediator(27162): setHidden false
02-09 18:09:08.867 D/KeyguardViewMediator(27162): setHidden false
02-09 18:09:08.887 D/KeyguardViewMediator(27162): setHidden false
02-09 18:09:08.897 D/KeyguardViewMediator(27162): setHidden false
02-09 18:09:08.927 I/Mms/compose(27733): SLIDESHOW updateSendButtonState enable = true
02-09 18:09:08.927 I/Mms/compose(27733): SLIDESHOW setSendButtonText isMms = false
02-09 18:09:08.927 I/Mms/compose(27733): SLIDESHOW setSendButtonText isMms = false
02-09 18:09:08.997 D/KeyguardViewMediator(27162): setHidden false
02-09 18:09:09.017 D/KeyguardViewMediator(27162): setHidden false
02-09 18:09:09.027 E/wpa_supplicant(30784): ioctl[SIOCGIWSCAN]: 11
02-09 18:09:09.027 I/dun_service(  123): process rmnet event
02-09 18:09:09.027 I/dun_service(  123): Post event 4
02-09 18:09:09.027 I/dun_service(  123): received event: DUN_EVENT_RMNET_UP 
02-09 18:09:09.027 I/dun_service(  123): received event(DUN_EVENT_RMNET_UP) in state(DUN_STATE_USB_UNPLUG)
02-09 18:09:09.027 I/dun_service(  123): Ignoring the event DUN_EVENT_RMNET_UP in USB_UNPLUG_STATE
02-09 18:09:09.027 I/dun_service(  123): Moved to state(DUN_STATE_USB_UNPLUG)
02-09 18:09:09.027 D/KeyguardViewMediator(27162): setHidden false
02-09 18:09:09.047 D/KeyguardViewMediator(27162): setHidden false
02-09 18:09:09.057 D/KeyguardViewMediator(27162): setHidden false
02-09 18:09:09.077 D/KeyguardViewMediator(27162): setHidden false
02-09 18:09:09.098 D/KeyguardViewMediator(27162): setHidden false
02-09 18:09:09.108 D/KeyguardViewMediator(27162): setHidden false
02-09 18:09:09.178 D/KeyguardViewMediator(27162): setHidden false
02-09 18:09:09.188 D/KeyguardViewMediator(27162): setHidden false
02-09 18:09:09.208 D/KeyguardViewMediator(27162): setHidden false
02-09 18:09:09.278 I/Mms/compose(27733): SLIDESHOW updateSendButtonState enable = true
02-09 18:09:09.278 I/Mms/compose(27733): SLIDESHOW setSendButtonText isMms = false
02-09 18:09:09.278 I/Mms/compose(27733): SLIDESHOW setSendButtonText isMms = false
02-09 18:09:09.348 D/KeyguardViewMediator(27162): setHidden false
02-09 18:09:09.358 D/KeyguardViewMediator(27162): setHidden false
02-09 18:09:09.378 D/KeyguardViewMediator(27162): setHidden false
02-09 18:09:09.388 D/KeyguardViewMediator(27162): setHidden false
02-09 18:09:09.408 D/KeyguardViewMediator(27162): setHidden false
02-09 18:09:09.428 D/KeyguardViewMediator(27162): setHidden false
02-09 18:09:09.438 D/KeyguardViewMediator(27162): setHidden false
02-09 18:09:09.448 D/KeyguardViewMediator(27162): setHidden false
02-09 18:09:09.508 D/KeyguardViewMediator(27162): setHidden false
02-09 18:09:09.528 D/KeyguardViewMediator(27162): setHidden false
02-09 18:09:09.548 D/KeyguardViewMediator(27162): setHidden false
02-09 18:09:09.578 I/Mms/compose(27733): SLIDESHOW updateSendButtonState enable = true
02-09 18:09:09.578 I/Mms/compose(27733): SLIDESHOW setSendButtonText isMms = false
02-09 18:09:09.578 I/Mms/compose(27733): SLIDESHOW setSendButtonText isMms = false
02-09 18:09:09.628 D/KeyguardViewMediator(27162): setHidden false
02-09 18:09:09.648 D/KeyguardViewMediator(27162): setHidden false
02-09 18:09:09.658 D/KeyguardViewMediator(27162): setHidden false
02-09 18:09:09.678 D/KeyguardViewMediator(27162): setHidden false
02-09 18:09:09.698 D/KeyguardViewMediator(27162): setHidden false
02-09 18:09:09.708 D/KeyguardViewMediator(27162): setHidden false
02-09 18:09:09.728 D/KeyguardViewMediator(27162): setHidden false
02-09 18:09:09.738 D/KeyguardViewMediator(27162): setHidden false
02-09 18:09:09.918 D/KeyguardViewMediator(27162): setHidden false
02-09 18:09:09.938 D/KeyguardViewMediator(27162): setHidden false
02-09 18:09:09.948 D/KeyguardViewMediator(27162): setHidden false
02-09 18:09:10.008 I/Mms/compose(27733): SLIDESHOW updateSendButtonState enable = true
02-09 18:09:10.008 I/Mms/compose(27733): SLIDESHOW setSendButtonText isMms = false
02-09 18:09:10.008 I/Mms/compose(27733): SLIDESHOW setSendButtonText isMms = false
02-09 18:09:10.038 I/Mms/compose(27733): SLIDESHOW updateSendButtonState enable = true
02-09 18:09:10.038 I/Mms/compose(27733): SLIDESHOW setSendButtonText isMms = false
02-09 18:09:10.038 I/Mms/compose(27733): SLIDESHOW setSendButtonText isMms = false
02-09 18:09:10.068 D/KeyguardViewMediator(27162): setHidden false
02-09 18:09:10.088 D/KeyguardViewMediator(27162): setHidden false
02-09 18:09:10.098 D/KeyguardViewMediator(27162): setHidden false
02-09 18:09:10.119 D/KeyguardViewMediator(27162): setHidden false
02-09 18:09:10.139 D/KeyguardViewMediator(27162): setHidden false
02-09 18:09:10.149 D/KeyguardViewMediator(27162): setHidden false
02-09 18:09:10.169 D/KeyguardViewMediator(27162): setHidden false
02-09 18:09:10.179 D/KeyguardViewMediator(27162): setHidden false
02-09 18:09:10.219 D/KeyguardViewMediator(27162): setHidden false
02-09 18:09:10.239 D/KeyguardViewMediator(27162): setHidden false
02-09 18:09:10.259 D/KeyguardViewMediator(27162): setHidden false
02-09 18:09:10.329 I/Mms/compose(27733): SLIDESHOW updateSendButtonState enable = true
02-09 18:09:10.329 I/Mms/compose(27733): SLIDESHOW setSendButtonText isMms = false
02-09 18:09:10.329 I/Mms/compose(27733): SLIDESHOW setSendButtonText isMms = false
02-09 18:09:10.349 I/DATA    (27234): [DCT(0) ] onDataCallListChanged:
02-09 18:09:10.349 I/DATA    (27234): [DCT(0) ] ---dc state list---
02-09 18:09:10.349 I/DATA    (27234): [DCT(0) ] DataCallState: { cid: 0, active: 1, type: , apn: , address: 70.5.41.227 }
02-09 18:09:10.349 I/DATA    (27234): [DCT(0) ] ---dc list---
02-09 18:09:10.349 I/DATA    (27234): [DCT(0) ] cid = 0, state = DcActiveState, bearerType = IP, ipaddress = 70.5.41.227, gw=70.5.41.225, dns=[68.28.67.132, 68.28.68.132]
02-09 18:09:10.379 D/KeyguardViewMediator(27162): setHidden false
02-09 18:09:10.389 D/KeyguardViewMediator(27162): setHidden false
02-09 18:09:10.409 D/KeyguardViewMediator(27162): setHidden false
02-09 18:09:10.419 D/KeyguardViewMediator(27162): setHidden false
02-09 18:09:10.439 D/KeyguardViewMediator(27162): setHidden false
02-09 18:09:10.449 D/KeyguardViewMediator(27162): setHidden false
02-09 18:09:10.469 D/KeyguardViewMediator(27162): setHidden false
02-09 18:09:10.479 D/KeyguardViewMediator(27162): setHidden false
02-09 18:09:10.489 D/KeyguardViewMediator(27162): setHidden false
02-09 18:09:10.499 D/KeyguardViewMediator(27162): setHidden false
02-09 18:09:10.509 D/KeyguardViewMediator(27162): setHidden false
02-09 18:09:10.549 I/Mms/compose(27733): SLIDESHOW updateSendButtonState enable = true
02-09 18:09:10.549 I/Mms/compose(27733): SLIDESHOW setSendButtonText isMms = false
02-09 18:09:10.549 I/Mms/compose(27733): SLIDESHOW setSendButtonText isMms = false
02-09 18:09:10.599 D/KeyguardViewMediator(27162): setHidden false
02-09 18:09:10.619 D/KeyguardViewMediator(27162): setHidden false
02-09 18:09:10.629 D/KeyguardViewMediator(27162): setHidden false
02-09 18:09:10.639 D/KeyguardViewMediator(27162): setHidden false
02-09 18:09:10.639 D/KeyguardViewMediator(27162): setHidden false
02-09 18:09:10.659 D/KeyguardViewMediator(27162): setHidden false
02-09 18:09:10.669 D/KeyguardViewMediator(27162): setHidden false
02-09 18:09:10.689 D/KeyguardViewMediator(27162): setHidden false
02-09 18:09:10.699 D/KeyguardViewMediator(27162): setHidden false
02-09 18:09:10.719 I/Mms/compose(27733): SLIDESHOW updateSendButtonState enable = true
02-09 18:09:10.719 I/Mms/compose(27733): SLIDESHOW setSendButtonText isMms = false
02-09 18:09:10.729 I/Mms/compose(27733): SLIDESHOW setSendButtonText isMms = false
02-09 18:09:10.759 D/KeyguardViewMediator(27162): setHidden false
02-09 18:09:10.779 D/KeyguardViewMediator(27162): setHidden false
02-09 18:09:10.789 D/KeyguardViewMediator(27162): setHidden false
02-09 18:09:10.809 D/KeyguardViewMediator(27162): setHidden false
02-09 18:09:10.829 D/KeyguardViewMediator(27162): setHidden false
02-09 18:09:10.849 D/KeyguardViewMediator(27162): setHidden false
02-09 18:09:10.869 D/KeyguardViewMediator(27162): setHidden false
02-09 18:09:10.889 D/KeyguardViewMediator(27162): setHidden false
02-09 18:09:10.989 D/KeyguardViewMediator(27162): setHidden false
02-09 18:09:10.989 E/wpa_supplicant(30784): ioctl[SIOCGIWSCAN]: 11
02-09 18:09:10.989 I/dun_service(  123): process rmnet event
02-09 18:09:10.989 I/dun_service(  123): Post event 4
02-09 18:09:10.999 I/dun_service(  123): received event: DUN_EVENT_RMNET_UP 
02-09 18:09:10.999 I/dun_service(  123): received event(DUN_EVENT_RMNET_UP) in state(DUN_STATE_USB_UNPLUG)
02-09 18:09:10.999 I/dun_service(  123): Ignoring the event DUN_EVENT_RMNET_UP in USB_UNPLUG_STATE
02-09 18:09:10.999 I/dun_service(  123): Moved to state(DUN_STATE_USB_UNPLUG)
02-09 18:09:10.999 D/KeyguardViewMediator(27162): setHidden false
02-09 18:09:11.019 D/KeyguardViewMediator(27162): setHidden false
02-09 18:09:11.119 W/AlarmManager(27162): +++Alarm  wakeup phone ,pkg=com.google.android.apps.maps
02-09 18:09:11.119 D/AlarmManager(27162): +++Alarm set:type=2 com.google.android.location  Trigger after:228430ms
02-09 18:09:11.129 I/Mms/compose(27733): SLIDESHOW updateSendButtonState enable = true
02-09 18:09:11.129 I/Mms/compose(27733): SLIDESHOW setSendButtonText isMms = false
02-09 18:09:11.139 I/Mms/compose(27733): SLIDESHOW setSendButtonText isMms = false
02-09 18:09:11.139 W/AlarmManager(27162): +++alarm onSendFinished ,action=com.google.android.location.ALARM_WAKEUP_LOCATOR
02-09 18:09:11.180 D/KeyguardViewMediator(27162): setHidden false
02-09 18:09:11.190 D/KeyguardViewMediator(27162): setHidden false
02-09 18:09:11.200 D/AlarmManager(27162): +++Alarm set:type=2 com.google.android.apps.maps  Trigger after:2147483641918ms
02-09 18:09:11.200 I/DATA    (27234): [DCT(0) ] intent received :android.net.wifi.STATE_CHANGE
02-09 18:09:11.200 I/System.out( 4576): [INFO:6399]: c: Running flush
02-09 18:09:11.200 D/KeyguardViewMediator(27162): setHidden false
02-09 18:09:11.220 D/KeyguardViewMediator(27162): setHidden false
02-09 18:09:11.220 I/System.out( 4576): [INFO:6423]: c: Sending payload [bytes=307]
02-09 18:09:11.230 D/KeyguardViewMediator(27162): setHidden false
02-09 18:09:11.250 D/KeyguardViewMediator(27162): setHidden false
02-09 18:09:11.270 D/KeyguardViewMediator(27162): setHidden false
02-09 18:09:11.280 D/KeyguardViewMediator(27162): setHidden false
02-09 18:09:11.280 D/KeyguardViewMediator(27162): setHidden false
02-09 18:09:11.300 D/KeyguardViewMediator(27162): setHidden false
02-09 18:09:11.310 D/KeyguardViewMediator(27162): setHidden false
02-09 18:09:11.380 I/Mms/compose(27733): SLIDESHOW updateSendButtonState enable = true
02-09 18:09:11.380 I/Mms/compose(27733): SLIDESHOW setSendButtonText isMms = false
02-09 18:09:11.390 I/Mms/compose(27733): SLIDESHOW setSendButtonText isMms = false
02-09 18:09:11.410 I/Mms/compose(27733): SLIDESHOW updateSendButtonState enable = true
02-09 18:09:11.410 I/Mms/compose(27733): SLIDESHOW setSendButtonText isMms = false
02-09 18:09:11.410 I/Mms/compose(27733): SLIDESHOW setSendButtonText isMms = false
02-09 18:09:11.440 D/KeyguardViewMediator(27162): setHidden false
02-09 18:09:11.450 D/KeyguardViewMediator(27162): setHidden false
02-09 18:09:11.470 D/KeyguardViewMediator(27162): setHidden false
02-09 18:09:11.490 D/KeyguardViewMediator(27162): setHidden false
02-09 18:09:11.510 D/KeyguardViewMediator(27162): setHidden false
02-09 18:09:11.520 D/KeyguardViewMediator(27162): setHidden false
02-09 18:09:11.540 D/KeyguardViewMediator(27162): setHidden false
02-09 18:09:11.540 D/KeyguardViewMediator(27162): setHidden false
02-09 18:09:11.700 D/KeyguardViewMediator(27162): setHidden false
02-09 18:09:11.720 D/KeyguardViewMediator(27162): setHidden false
02-09 18:09:11.730 D/KeyguardViewMediator(27162): setHidden false
02-09 18:09:11.820 I/Mms/compose(27733): SLIDESHOW updateSendButtonState enable = true
02-09 18:09:11.820 I/Mms/compose(27733): SLIDESHOW setSendButtonText isMms = false
02-09 18:09:11.820 I/Mms/compose(27733): SLIDESHOW setSendButtonText isMms = false
02-09 18:09:11.850 D/KeyguardViewMediator(27162): setHidden false
02-09 18:09:11.870 D/KeyguardViewMediator(27162): setHidden false
02-09 18:09:11.890 D/KeyguardViewMediator(27162): setHidden false
02-09 18:09:11.910 D/KeyguardViewMediator(27162): setHidden false
02-09 18:09:11.930 D/KeyguardViewMediator(27162): setHidden false
02-09 18:09:11.940 D/KeyguardViewMediator(27162): setHidden false
02-09 18:09:11.960 D/KeyguardViewMediator(27162): setHidden false
02-09 18:09:11.960 D/KeyguardViewMediator(27162): setHidden false
02-09 18:09:11.970 D/KeyguardViewMediator(27162): setHidden false
02-09 18:09:11.990 D/KeyguardViewMediator(27162): setHidden false
02-09 18:09:12.010 D/KeyguardViewMediator(27162): setHidden false
02-09 18:09:12.040 I/Mms/compose(27733): SLIDESHOW updateSendButtonState enable = true
02-09 18:09:12.040 I/Mms/compose(27733): SLIDESHOW setSendButtonText isMms = false
02-09 18:09:12.050 I/Mms/compose(27733): SLIDESHOW setSendButtonText isMms = false
02-09 18:09:12.090 D/KeyguardViewMediator(27162): setHidden false
02-09 18:09:12.110 D/KeyguardViewMediator(27162): setHidden false
02-09 18:09:12.120 D/KeyguardViewMediator(27162): setHidden false
02-09 18:09:12.130 D/KeyguardViewMediator(27162): setHidden false
02-09 18:09:12.130 D/KeyguardViewMediator(27162): setHidden false
02-09 18:09:12.150 D/KeyguardViewMediator(27162): setHidden false
02-09 18:09:12.160 D/KeyguardViewMediator(27162): setHidden false
02-09 18:09:12.181 D/KeyguardViewMediator(27162): setHidden false
02-09 18:09:12.191 D/KeyguardViewMediator(27162): setHidden false
02-09 18:09:12.211 I/Mms/compose(27733): SLIDESHOW updateSendButtonState enable = true
02-09 18:09:12.211 I/Mms/compose(27733): SLIDESHOW setSendButtonText isMms = false
02-09 18:09:12.211 I/Mms/compose(27733): SLIDESHOW setSendButtonText isMms = false
02-09 18:09:12.251 D/KeyguardViewMediator(27162): setHidden false
02-09 18:09:12.261 D/KeyguardViewMediator(27162): setHidden false
02-09 18:09:12.281 D/KeyguardViewMediator(27162): setHidden false
02-09 18:09:12.281 I/DATA    (27234): [DCT(0) ] onDataCallListChanged:
02-09 18:09:12.281 I/DATA    (27234): [DCT(0) ] ---dc state list---
02-09 18:09:12.281 I/DATA    (27234): [DCT(0) ] DataCallState: { cid: 0, active: 2, type: , apn: , address: 70.5.41.227 }
02-09 18:09:12.281 I/DATA    (27234): [DCT(0) ] ---dc list---
02-09 18:09:12.281 I/DATA    (27234): [DCT(0) ] cid = 0, state = DcActiveState, bearerType = IP, ipaddress = 70.5.41.227, gw=70.5.41.225, dns=[68.28.67.132, 68.28.68.132]
02-09 18:09:12.301 D/KeyguardViewMediator(27162): setHidden false
02-09 18:09:12.311 D/KeyguardViewMediator(27162): setHidden false
02-09 18:09:12.331 D/KeyguardViewMediator(27162): setHidden false
02-09 18:09:12.341 D/KeyguardViewMediator(27162): setHidden false
02-09 18:09:12.351 D/KeyguardViewMediator(27162): setHidden false
02-09 18:09:12.361 D/KeyguardViewMediator(27162): setHidden false
02-09 18:09:12.381 D/KeyguardViewMediator(27162): setHidden false
02-09 18:09:12.411 I/Mms/compose(27733): SLIDESHOW updateSendButtonState enable = true
02-09 18:09:12.411 I/Mms/compose(27733): SLIDESHOW setSendButtonText isMms = false
02-09 18:09:12.411 I/Mms/compose(27733): SLIDESHOW setSendButtonText isMms = false
02-09 18:09:12.461 D/KeyguardViewMediator(27162): setHidden false
02-09 18:09:12.471 D/KeyguardViewMediator(27162): setHidden false
02-09 18:09:12.491 D/KeyguardViewMediator(27162): setHidden false
02-09 18:09:12.511 D/KeyguardViewMediator(27162): setHidden false
02-09 18:09:12.531 D/KeyguardViewMediator(27162): setHidden false
02-09 18:09:12.541 D/KeyguardViewMediator(27162): setHidden false
02-09 18:09:12.551 D/KeyguardViewMediator(27162): setHidden false
02-09 18:09:12.561 D/KeyguardViewMediator(27162): setHidden false
02-09 18:09:12.561 D/KeyguardViewMediator(27162): setHidden false
02-09 18:09:12.601 I/Mms/compose(27733): SLIDESHOW updateSendButtonState enable = true
02-09 18:09:12.601 I/Mms/compose(27733): SLIDESHOW setSendButtonText isMms = false
02-09 18:09:12.601 I/Mms/compose(27733): SLIDESHOW setSendButtonText isMms = false
02-09 18:09:12.641 D/KeyguardViewMediator(27162): setHidden false
02-09 18:09:12.651 D/KeyguardViewMediator(27162): setHidden false
02-09 18:09:12.661 D/KeyguardViewMediator(27162): setHidden false
02-09 18:09:12.671 D/KeyguardViewMediator(27162): setHidden false
02-09 18:09:12.681 D/KeyguardViewMediator(27162): setHidden false
02-09 18:09:12.681 D/KeyguardViewMediator(27162): setHidden false
02-09 18:09:12.701 D/KeyguardViewMediator(27162): setHidden false
02-09 18:09:12.721 D/KeyguardViewMediator(27162): setHidden false
02-09 18:09:12.731 D/KeyguardViewMediator(27162): setHidden false
02-09 18:09:12.741 D/KeyguardViewMediator(27162): setHidden false
02-09 18:09:12.741 I/Mms/compose(27733): SLIDESHOW updateSendButtonState enable = true
02-09 18:09:12.751 I/Mms/compose(27733): SLIDESHOW setSendButtonText isMms = false
02-09 18:09:12.751 I/Mms/compose(27733): SLIDESHOW setSendButtonText isMms = false
02-09 18:09:12.761 D/KeyguardViewMediator(27162): setHidden false
02-09 18:09:12.771 D/KeyguardViewMediator(27162): setHidden false
02-09 18:09:12.791 D/KeyguardViewMediator(27162): setHidden false
02-09 18:09:12.801 D/KeyguardViewMediator(27162): setHidden false
02-09 18:09:12.821 D/KeyguardViewMediator(27162): setHidden false
02-09 18:09:12.841 D/KeyguardViewMediator(27162): setHidden false
02-09 18:09:12.851 D/KeyguardViewMediator(27162): setHidden false
02-09 18:09:12.861 D/KeyguardViewMediator(27162): setHidden false
02-09 18:09:12.941 E/wpa_supplicant(30784): ioctl[SIOCGIWSCAN]: 11
02-09 18:09:12.941 I/dun_service(  123): process rmnet event
02-09 18:09:12.941 I/dun_service(  123): Post event 4
02-09 18:09:12.941 I/dun_service(  123): received event: DUN_EVENT_RMNET_UP 
02-09 18:09:12.941 I/dun_service(  123): received event(DUN_EVENT_RMNET_UP) in state(DUN_STATE_USB_UNPLUG)
02-09 18:09:12.941 I/dun_service(  123): Ignoring the event DUN_EVENT_RMNET_UP in USB_UNPLUG_STATE
02-09 18:09:12.941 I/dun_service(  123): Moved to state(DUN_STATE_USB_UNPLUG)
02-09 18:09:13.131 D/KeyguardViewMediator(27162): setHidden false
02-09 18:09:13.171 D/KeyguardViewMediator(27162): setHidden false
02-09 18:09:13.181 D/KeyguardViewMediator(27162): setHidden false
02-09 18:09:13.242 I/Mms/compose(27733): SLIDESHOW updateSendButtonState enable = true
02-09 18:09:13.242 I/Mms/compose(27733): SLIDESHOW setSendButtonText isMms = false
02-09 18:09:13.242 I/Mms/compose(27733): SLIDESHOW setSendButtonText isMms = false
02-09 18:09:13.262 I/Mms/compose(27733): SLIDESHOW updateSendButtonState enable = true
02-09 18:09:13.262 I/Mms/compose(27733): SLIDESHOW setSendButtonText isMms = false
02-09 18:09:13.262 I/Mms/compose(27733): SLIDESHOW setSendButtonText isMms = false
02-09 18:09:13.292 D/KeyguardViewMediator(27162): setHidden false
02-09 18:09:13.302 D/KeyguardViewMediator(27162): setHidden false
02-09 18:09:13.322 D/KeyguardViewMediator(27162): setHidden false
02-09 18:09:13.342 D/KeyguardViewMediator(27162): setHidden false
02-09 18:09:13.352 D/KeyguardViewMediator(27162): setHidden false
02-09 18:09:13.372 D/KeyguardViewMediator(27162): setHidden false
02-09 18:09:13.372 I/System.out( 4576): [INFO:8573]: c: Response [http=200,length=88]
02-09 18:09:13.382 I/System.out( 4576): [INFO:8576]: c: Read id 1, status code 200
02-09 18:09:13.382 D/AlarmManager(27162): +++Alarm set:type=2 com.google.android.apps.maps  Trigger after:2147483639723ms
02-09 18:09:13.382 D/KeyguardViewMediator(27162): setHidden false
02-09 18:09:13.392 D/KeyguardViewMediator(27162): setHidden false
02-09 18:09:13.412 D/KeyguardViewMediator(27162): setHidden false
02-09 18:09:13.432 D/KeyguardViewMediator(27162): setHidden false
02-09 18:09:13.442 D/KeyguardViewMediator(27162): setHidden false
02-09 18:09:13.462 I/Mms/compose(27733): SLIDESHOW updateSendButtonState enable = true
02-09 18:09:13.462 I/Mms/compose(27733): SLIDESHOW setSendButtonText isMms = false
02-09 18:09:13.462 I/Mms/compose(27733): SLIDESHOW setSendButtonText isMms = false
02-09 18:09:13.512 D/KeyguardViewMediator(27162): setHidden false
02-09 18:09:13.522 D/KeyguardViewMediator(27162): setHidden false
02-09 18:09:13.542 D/KeyguardViewMediator(27162): setHidden false
02-09 18:09:13.552 D/KeyguardViewMediator(27162): setHidden false
02-09 18:09:13.562 D/KeyguardViewMediator(27162): setHidden false
02-09 18:09:13.572 D/KeyguardViewMediator(27162): setHidden false
02-09 18:09:13.592 D/KeyguardViewMediator(27162): setHidden false
02-09 18:09:13.602 D/KeyguardViewMediator(27162): setHidden false
02-09 18:09:13.632 D/KeyguardViewMediator(27162): setHidden false
02-09 18:09:13.642 I/Mms/compose(27733): SLIDESHOW updateSendButtonState enable = true
02-09 18:09:13.642 I/Mms/compose(27733): SLIDESHOW setSendButtonText isMms = false
02-09 18:09:13.642 I/Mms/compose(27733): SLIDESHOW setSendButtonText isMms = false
02-09 18:09:13.692 D/KeyguardViewMediator(27162): setHidden false
02-09 18:09:13.702 D/KeyguardViewMediator(27162): setHidden false
02-09 18:09:13.722 D/KeyguardViewMediator(27162): setHidden false
02-09 18:09:13.732 D/KeyguardViewMediator(27162): setHidden false
02-09 18:09:13.752 D/KeyguardViewMediator(27162): setHidden false
02-09 18:09:13.782 D/KeyguardViewMediator(27162): setHidden false
02-09 18:09:13.782 D/KeyguardViewMediator(27162): setHidden false
02-09 18:09:13.832 D/KeyguardViewMediator(27162): setHidden false
02-09 18:09:13.852 D/KeyguardViewMediator(27162): setHidden false
02-09 18:09:13.862 D/KeyguardViewMediator(27162): setHidden false
02-09 18:09:13.932 I/Mms/compose(27733): SLIDESHOW updateSendButtonState enable = true
02-09 18:09:13.932 I/Mms/compose(27733): SLIDESHOW setSendButtonText isMms = false
02-09 18:09:13.932 I/Mms/compose(27733): SLIDESHOW setSendButtonText isMms = false
02-09 18:09:13.982 I/Mms/compose(27733): SLIDESHOW updateSendButtonState enable = true
02-09 18:09:13.982 I/Mms/compose(27733): SLIDESHOW setSendButtonText isMms = false
02-09 18:09:13.982 I/Mms/compose(27733): SLIDESHOW setSendButtonText isMms = false
02-09 18:09:14.022 D/KeyguardViewMediator(27162): setHidden false
02-09 18:09:14.042 D/KeyguardViewMediator(27162): setHidden false
02-09 18:09:14.052 D/KeyguardViewMediator(27162): setHidden false
02-09 18:09:14.072 D/KeyguardViewMediator(27162): setHidden false
02-09 18:09:14.092 D/KeyguardViewMediator(27162): setHidden false
02-09 18:09:14.092 D/KeyguardViewMediator(27162): setHidden false
02-09 18:09:14.102 I/Mms/compose(27733): SLIDESHOW updateSendButtonState enable = true
02-09 18:09:14.102 I/Mms/compose(27733): SLIDESHOW setSendButtonText isMms = false
02-09 18:09:14.102 I/Mms/compose(27733): SLIDESHOW setSendButtonText isMms = false
02-09 18:09:14.112 D/KeyguardViewMediator(27162): setHidden false
02-09 18:09:14.112 D/KeyguardViewMediator(27162): setHidden false
02-09 18:09:14.152 D/KeyguardViewMediator(27162): setHidden false
02-09 18:09:14.172 D/KeyguardViewMediator(27162): setHidden false
02-09 18:09:14.182 D/KeyguardViewMediator(27162): setHidden false
02-09 18:09:14.202 D/KeyguardViewMediator(27162): setHidden false
02-09 18:09:14.223 D/KeyguardViewMediator(27162): setHidden false
02-09 18:09:14.233 D/KeyguardViewMediator(27162): setHidden false
02-09 18:09:14.233 D/KeyguardViewMediator(27162): setHidden false
02-09 18:09:14.243 D/KeyguardViewMediator(27162): setHidden false
02-09 18:09:14.293 I/Mms/compose(27733): SLIDESHOW updateSendButtonState enable = true
02-09 18:09:14.293 I/Mms/compose(27733): SLIDESHOW setSendButtonText isMms = false
02-09 18:09:14.303 I/Mms/compose(27733): SLIDESHOW setSendButtonText isMms = false
02-09 18:09:14.333 D/KeyguardViewMediator(27162): setHidden false
02-09 18:09:14.343 D/KeyguardViewMediator(27162): setHidden false
02-09 18:09:14.363 D/KeyguardViewMediator(27162): setHidden false
02-09 18:09:14.383 D/KeyguardViewMediator(27162): setHidden false
02-09 18:09:14.393 D/KeyguardViewMediator(27162): setHidden false
02-09 18:09:14.413 D/KeyguardViewMediator(27162): setHidden false
02-09 18:09:14.423 D/KeyguardViewMediator(27162): setHidden false
02-09 18:09:14.433 D/KeyguardViewMediator(27162): setHidden false
02-09 18:09:14.453 D/KeyguardViewMediator(27162): setHidden false
02-09 18:09:14.463 D/KeyguardViewMediator(27162): setHidden false
02-09 18:09:14.483 D/KeyguardViewMediator(27162): setHidden false
02-09 18:09:14.543 I/Mms/compose(27733): SLIDESHOW updateSendButtonState enable = true
02-09 18:09:14.543 I/Mms/compose(27733): SLIDESHOW setSendButtonText isMms = false
02-09 18:09:14.553 I/Mms/compose(27733): SLIDESHOW setSendButtonText isMms = false
02-09 18:09:14.613 D/KeyguardViewMediator(27162): setHidden false
02-09 18:09:14.623 D/KeyguardViewMediator(27162): setHidden false
02-09 18:09:14.643 D/KeyguardViewMediator(27162): setHidden false
02-09 18:09:14.653 D/KeyguardViewMediator(27162): setHidden false
02-09 18:09:14.673 D/KeyguardViewMediator(27162): setHidden false
02-09 18:09:14.693 D/KeyguardViewMediator(27162): setHidden false
02-09 18:09:14.703 D/KeyguardViewMediator(27162): setHidden false
02-09 18:09:14.713 D/KeyguardViewMediator(27162): setHidden false
02-09 18:09:14.723 D/KeyguardViewMediator(27162): setHidden false
02-09 18:09:14.733 D/KeyguardViewMediator(27162): setHidden false
02-09 18:09:14.803 I/Mms/compose(27733): SLIDESHOW updateSendButtonState enable = true
02-09 18:09:14.803 I/Mms/compose(27733): SLIDESHOW setSendButtonText isMms = false
02-09 18:09:14.813 I/Mms/compose(27733): SLIDESHOW setSendButtonText isMms = false
02-09 18:09:14.843 D/KeyguardViewMediator(27162): setHidden false
02-09 18:09:14.863 D/KeyguardViewMediator(27162): setHidden false
02-09 18:09:14.873 D/KeyguardViewMediator(27162): setHidden false
02-09 18:09:14.903 D/KeyguardViewMediator(27162): setHidden false
02-09 18:09:14.913 E/wpa_supplicant(30784): ioctl[SIOCGIWSCAN]: 11
02-09 18:09:14.913 I/dun_service(  123): process rmnet event
02-09 18:09:14.913 I/dun_service(  123): Post event 4
02-09 18:09:14.913 I/dun_service(  123): received event: DUN_EVENT_RMNET_UP 
02-09 18:09:14.913 I/dun_service(  123): received event(DUN_EVENT_RMNET_UP) in state(DUN_STATE_USB_UNPLUG)
02-09 18:09:14.913 I/dun_service(  123): Ignoring the event DUN_EVENT_RMNET_UP in USB_UNPLUG_STATE
02-09 18:09:14.913 I/dun_service(  123): Moved to state(DUN_STATE_USB_UNPLUG)
02-09 18:09:14.913 D/KeyguardViewMediator(27162): setHidden false
02-09 18:09:14.933 D/KeyguardViewMediator(27162): setHidden false
02-09 18:09:14.943 D/KeyguardViewMediator(27162): setHidden false
02-09 18:09:14.953 D/KeyguardViewMediator(27162): setHidden false
02-09 18:09:14.953 D/KeyguardViewMediator(27162): setHidden false
02-09 18:09:14.993 I/Mms/compose(27733): SLIDESHOW updateSendButtonState enable = true
02-09 18:09:14.993 I/Mms/compose(27733): SLIDESHOW setSendButtonText isMms = false
02-09 18:09:15.003 I/Mms/compose(27733): SLIDESHOW setSendButtonText isMms = false
02-09 18:09:15.033 D/KeyguardViewMediator(27162): setHidden false
02-09 18:09:15.043 D/KeyguardViewMediator(27162): setHidden false
02-09 18:09:15.073 D/KeyguardViewMediator(27162): setHidden false
02-09 18:09:15.083 D/KeyguardViewMediator(27162): setHidden false
02-09 18:09:15.093 D/KeyguardViewMediator(27162): setHidden false
02-09 18:09:15.113 D/KeyguardViewMediator(27162): setHidden false
02-09 18:09:15.123 D/KeyguardViewMediator(27162): setHidden false
02-09 18:09:15.133 D/KeyguardViewMediator(27162): setHidden false
02-09 18:09:15.143 D/KeyguardViewMediator(27162): setHidden false
02-09 18:09:15.153 D/KeyguardViewMediator(27162): setHidden false
02-09 18:09:15.183 I/Mms/compose(27733): SLIDESHOW updateSendButtonState enable = true
02-09 18:09:15.183 I/Mms/compose(27733): SLIDESHOW setSendButtonText isMms = false
02-09 18:09:15.183 I/Mms/compose(27733): SLIDESHOW setSendButtonText isMms = false
02-09 18:09:15.233 D/KeyguardViewMediator(27162): setHidden false
02-09 18:09:15.244 D/KeyguardViewMediator(27162): setHidden false
02-09 18:09:15.264 D/KeyguardViewMediator(27162): setHidden false
02-09 18:09:15.274 D/KeyguardViewMediator(27162): setHidden false
02-09 18:09:15.294 D/KeyguardViewMediator(27162): setHidden false
02-09 18:09:15.314 D/KeyguardViewMediator(27162): setHidden false
02-09 18:09:15.334 D/KeyguardViewMediator(27162): setHidden false
02-09 18:09:15.344 D/KeyguardViewMediator(27162): setHidden false
02-09 18:09:15.354 D/KeyguardViewMediator(27162): setHidden false
02-09 18:09:15.374 D/KeyguardViewMediator(27162): setHidden false
02-09 18:09:15.384 D/KeyguardViewMediator(27162): setHidden false
02-09 18:09:15.414 I/Mms/compose(27733): SLIDESHOW updateSendButtonState enable = true
02-09 18:09:15.414 I/Mms/compose(27733): SLIDESHOW setSendButtonText isMms = false
02-09 18:09:15.414 I/Mms/compose(27733): SLIDESHOW setSendButtonText isMms = false
02-09 18:09:15.454 D/KeyguardViewMediator(27162): setHidden false
02-09 18:09:15.464 D/KeyguardViewMediator(27162): setHidden false
02-09 18:09:15.484 D/KeyguardViewMediator(27162): setHidden false
02-09 18:09:15.494 D/KeyguardViewMediator(27162): setHidden false
02-09 18:09:15.514 D/KeyguardViewMediator(27162): setHidden false
02-09 18:09:15.524 D/KeyguardViewMediator(27162): setHidden false
02-09 18:09:15.544 D/KeyguardViewMediator(27162): setHidden false
02-09 18:09:15.554 D/KeyguardViewMediator(27162): setHidden false
02-09 18:09:15.734 D/KeyguardViewMediator(27162): setHidden false
02-09 18:09:15.764 D/KeyguardViewMediator(27162): setHidden false
02-09 18:09:15.774 D/KeyguardViewMediator(27162): setHidden false
02-09 18:09:15.814 I/Mms/compose(27733): SLIDESHOW updateSendButtonState enable = true
02-09 18:09:15.814 I/Mms/compose(27733): SLIDESHOW setSendButtonText isMms = false
02-09 18:09:15.814 I/Mms/compose(27733): SLIDESHOW setSendButtonText isMms = false
02-09 18:09:15.844 I/Mms/compose(27733): SLIDESHOW updateSendButtonState enable = true
02-09 18:09:15.844 I/Mms/compose(27733): SLIDESHOW setSendButtonText isMms = false
02-09 18:09:15.844 I/Mms/compose(27733): SLIDESHOW setSendButtonText isMms = false
02-09 18:09:15.864 D/KeyguardViewMediator(27162): setHidden false
02-09 18:09:15.884 D/KeyguardViewMediator(27162): setHidden false
02-09 18:09:15.894 D/KeyguardViewMediator(27162): setHidden false
02-09 18:09:15.914 D/KeyguardViewMediator(27162): setHidden false
02-09 18:09:15.934 D/KeyguardViewMediator(27162): setHidden false
02-09 18:09:15.944 D/KeyguardViewMediator(27162): setHidden false
02-09 18:09:15.964 D/KeyguardViewMediator(27162): setHidden false
02-09 18:09:15.974 D/KeyguardViewMediator(27162): setHidden false
02-09 18:09:16.024 D/KeyguardViewMediator(27162): setHidden false
02-09 18:09:16.054 D/KeyguardViewMediator(27162): setHidden false
02-09 18:09:16.064 D/KeyguardViewMediator(27162): setHidden false
02-09 18:09:16.074 I/Mms/compose(27733): SLIDESHOW updateSendButtonState enable = true
02-09 18:09:16.074 I/Mms/compose(27733): SLIDESHOW setSendButtonText isMms = false
02-09 18:09:16.084 I/Mms/compose(27733): SLIDESHOW setSendButtonText isMms = false
02-09 18:09:16.124 D/KeyguardViewMediator(27162): setHidden false
02-09 18:09:16.134 D/KeyguardViewMediator(27162): setHidden false
02-09 18:09:16.144 D/KeyguardViewMediator(27162): setHidden false
02-09 18:09:16.164 D/KeyguardViewMediator(27162): setHidden false
02-09 18:09:16.174 D/KeyguardViewMediator(27162): setHidden false
02-09 18:09:16.194 D/KeyguardViewMediator(27162): setHidden false
02-09 18:09:16.214 D/KeyguardViewMediator(27162): setHidden false
02-09 18:09:16.214 D/KeyguardViewMediator(27162): setHidden false
02-09 18:09:16.435 D/KeyguardViewMediator(27162): setHidden false
02-09 18:09:16.455 D/KeyguardViewMediator(27162): setHidden false
02-09 18:09:16.465 D/KeyguardViewMediator(27162): setHidden false
02-09 18:09:16.555 I/Mms/compose(27733): SLIDESHOW updateSendButtonState enable = true
02-09 18:09:16.555 I/Mms/compose(27733): SLIDESHOW setSendButtonText isMms = false
02-09 18:09:16.555 I/Mms/compose(27733): SLIDESHOW setSendButtonText isMms = false
02-09 18:09:16.605 D/KeyguardViewMediator(27162): setHidden false
02-09 18:09:16.615 D/KeyguardViewMediator(27162): setHidden false
02-09 18:09:16.635 D/KeyguardViewMediator(27162): setHidden false
02-09 18:09:16.645 D/KeyguardViewMediator(27162): setHidden false
02-09 18:09:16.655 D/KeyguardViewMediator(27162): setHidden false
02-09 18:09:16.655 D/KeyguardViewMediator(27162): setHidden false
02-09 18:09:16.675 D/KeyguardViewMediator(27162): setHidden false
02-09 18:09:16.695 D/KeyguardViewMediator(27162): setHidden false
02-09 18:09:16.695 D/KeyguardViewMediator(27162): setHidden false
02-09 18:09:16.745 I/Mms/compose(27733): SLIDESHOW updateSendButtonState enable = true
02-09 18:09:16.745 I/Mms/compose(27733): SLIDESHOW setSendButtonText isMms = false
02-09 18:09:16.745 I/Mms/compose(27733): SLIDESHOW setSendButtonText isMms = false
02-09 18:09:16.775 D/KeyguardViewMediator(27162): setHidden false
02-09 18:09:16.795 D/KeyguardViewMediator(27162): setHidden false
02-09 18:09:16.805 D/KeyguardViewMediator(27162): setHidden false
02-09 18:09:16.825 D/KeyguardViewMediator(27162): setHidden false
02-09 18:09:16.835 D/KeyguardViewMediator(27162): setHidden false
02-09 18:09:16.855 D/KeyguardViewMediator(27162): setHidden false
02-09 18:09:16.865 E/wpa_supplicant(30784): ioctl[SIOCGIWSCAN]: 11
02-09 18:09:16.865 I/dun_service(  123): process rmnet event
02-09 18:09:16.865 I/dun_service(  123): Post event 4
02-09 18:09:16.865 I/dun_service(  123): received event: DUN_EVENT_RMNET_UP 
02-09 18:09:16.865 I/dun_service(  123): received event(DUN_EVENT_RMNET_UP) in state(DUN_STATE_USB_UNPLUG)
02-09 18:09:16.865 I/dun_service(  123): Ignoring the event DUN_EVENT_RMNET_UP in USB_UNPLUG_STATE
02-09 18:09:16.865 I/dun_service(  123): Moved to state(DUN_STATE_USB_UNPLUG)
02-09 18:09:16.875 D/KeyguardViewMediator(27162): setHidden false
02-09 18:09:16.875 D/KeyguardViewMediator(27162): setHidden false
02-09 18:09:17.446 I/Mms/compose(27733): SLIDESHOW updateSendButtonState enable = true
02-09 18:09:17.446 I/Mms/compose(27733): SLIDESHOW setSendButtonText isMms = false
02-09 18:09:17.456 I/Mms/compose(27733): SLIDESHOW setSendButtonText isMms = false
02-09 18:09:17.486 D/KeyguardViewMediator(27162): setHidden false
02-09 18:09:17.506 D/KeyguardViewMediator(27162): setHidden false
02-09 18:09:17.526 D/KeyguardViewMediator(27162): setHidden false
02-09 18:09:17.536 D/KeyguardViewMediator(27162): setHidden false
02-09 18:09:17.546 D/KeyguardViewMediator(27162): setHidden false
02-09 18:09:17.566 D/KeyguardViewMediator(27162): setHidden false
02-09 18:09:17.576 D/KeyguardViewMediator(27162): setHidden false
02-09 18:09:17.596 D/KeyguardViewMediator(27162): setHidden false
02-09 18:09:17.616 D/KeyguardViewMediator(27162): setHidden false
02-09 18:09:17.626 D/KeyguardViewMediator(27162): setHidden false
02-09 18:09:17.636 D/KeyguardViewMediator(27162): setHidden false
02-09 18:09:17.676 D/KeyguardViewMediator(27162): setHidden false
02-09 18:09:17.696 D/KeyguardViewMediator(27162): setHidden false
02-09 18:09:17.716 D/KeyguardViewMediator(27162): setHidden false
02-09 18:09:17.756 I/Mms/compose(27733): SLIDESHOW updateSendButtonState enable = true
02-09 18:09:17.756 I/Mms/compose(27733): SLIDESHOW setSendButtonText isMms = false
02-09 18:09:17.756 I/Mms/compose(27733): SLIDESHOW setSendButtonText isMms = false
02-09 18:09:17.786 D/KeyguardViewMediator(27162): setHidden false
02-09 18:09:17.806 D/KeyguardViewMediator(27162): setHidden false
02-09 18:09:17.826 D/KeyguardViewMediator(27162): setHidden false
02-09 18:09:17.836 D/KeyguardViewMediator(27162): setHidden false
02-09 18:09:17.856 I/Mms/compose(27733): SLIDESHOW updateSendButtonState enable = true
02-09 18:09:17.856 I/Mms/compose(27733): SLIDESHOW setSendButtonText isMms = false
02-09 18:09:17.856 D/KeyguardViewMediator(27162): setHidden false
02-09 18:09:17.866 I/Mms/compose(27733): SLIDESHOW setSendButtonText isMms = false
02-09 18:09:17.876 D/KeyguardViewMediator(27162): setHidden false
02-09 18:09:17.886 D/KeyguardViewMediator(27162): setHidden false
02-09 18:09:17.906 D/KeyguardViewMediator(27162): setHidden false
02-09 18:09:17.916 D/KeyguardViewMediator(27162): setHidden false
02-09 18:09:17.926 D/KeyguardViewMediator(27162): setHidden false
02-09 18:09:17.946 D/KeyguardViewMediator(27162): setHidden false
02-09 18:09:17.956 D/KeyguardViewMediator(27162): setHidden false
02-09 18:09:17.976 D/KeyguardViewMediator(27162): setHidden false
02-09 18:09:17.986 D/KeyguardViewMediator(27162): setHidden false
02-09 18:09:18.006 D/KeyguardViewMediator(27162): setHidden false
02-09 18:09:18.016 D/KeyguardViewMediator(27162): setHidden false
02-09 18:09:18.036 D/KeyguardViewMediator(27162): setHidden false
02-09 18:09:18.056 D/KeyguardViewMediator(27162): setHidden false
02-09 18:09:18.056 D/KeyguardViewMediator(27162): setHidden false
02-09 18:09:18.787 I/Mms/compose(27733): SLIDESHOW updateSendButtonState enable = true
02-09 18:09:18.787 I/Mms/compose(27733): SLIDESHOW setSendButtonText isMms = false
02-09 18:09:18.797 I/Mms/compose(27733): SLIDESHOW setSendButtonText isMms = false
02-09 18:09:18.817 D/KeyguardViewMediator(27162): setHidden false
02-09 18:09:18.827 E/wpa_supplicant(30784): ioctl[SIOCGIWSCAN]: 11
02-09 18:09:18.827 I/dun_service(  123): process rmnet event
02-09 18:09:18.827 I/dun_service(  123): Post event 4
02-09 18:09:18.827 I/dun_service(  123): received event: DUN_EVENT_RMNET_UP 
02-09 18:09:18.827 I/dun_service(  123): received event(DUN_EVENT_RMNET_UP) in state(DUN_STATE_USB_UNPLUG)
02-09 18:09:18.827 I/dun_service(  123): Ignoring the event DUN_EVENT_RMNET_UP in USB_UNPLUG_STATE
02-09 18:09:18.827 I/dun_service(  123): Moved to state(DUN_STATE_USB_UNPLUG)
02-09 18:09:18.837 D/KeyguardViewMediator(27162): setHidden false
02-09 18:09:18.847 D/KeyguardViewMediator(27162): setHidden false
02-09 18:09:18.897 D/KeyguardViewMediator(27162): setHidden false
02-09 18:09:18.917 D/KeyguardViewMediator(27162): setHidden false
02-09 18:09:18.927 D/KeyguardViewMediator(27162): setHidden false
02-09 18:09:18.947 D/KeyguardViewMediator(27162): setHidden false
02-09 18:09:18.967 I/Mms/compose(27733): SLIDESHOW updateSendButtonState enable = true
02-09 18:09:18.967 I/Mms/compose(27733): SLIDESHOW setSendButtonText isMms = false
02-09 18:09:18.967 D/KeyguardViewMediator(27162): setHidden false
