02-09 18:07:06.962 D/MobileDataStateTracker(27162): [hipri]  mEnabled = false
02-09 18:07:06.962 I/TelephonyRegistry(27162): notifyDataConnection: state=2 isDataConnectivityPossible=true reason=radioTechnologyChanged interfaceName=rmnet0 networkType=7 apnType=hipri apn=null
02-09 18:07:06.962 I/TelephonyRegistry(27162): +++broadcastDataConnectionStateChanged
02-09 18:07:06.962 I/TelephonyRegistry(27162): +++sendStickyBroadcast
02-09 18:07:06.962 D/MobileDataStateTracker(27162): [hipri]  apnTypeList = mms
02-09 18:07:06.962 D/MobileDataStateTracker(27162): [hipri]  unavailable = false
02-09 18:07:06.962 D/MobileDataStateTracker(27162): [hipri] Do not process intents if disabled.
02-09 18:07:06.962 D/MobileDataStateTracker(27162): [dun]  MobileDataStateReceiver onReceive(): Entry.
02-09 18:07:06.962 D/MobileDataStateTracker(27162): [dun]  intent.getAction()= android.intent.action.ANY_DATA_STATE
02-09 18:07:06.962 D/MobileDataStateTracker(27162): [dun]  mEnabled = false
02-09 18:07:06.962 D/MobileDataStateTracker(27162): [dun]  apnTypeList = mms
02-09 18:07:06.962 D/MobileDataStateTracker(27162): [dun]  unavailable = false
02-09 18:07:06.962 D/MobileDataStateTracker(27162): [dun] Do not process intents if disabled.
02-09 18:07:06.962 D/MobileDataStateTracker(27162): [supl]  MobileDataStateReceiver onReceive(): Entry.
02-09 18:07:06.962 D/MobileDataStateTracker(27162): [supl]  intent.getAction()= android.intent.action.ANY_DATA_STATE
02-09 18:07:06.962 D/MobileDataStateTracker(27162): [supl]  mEnabled = false
02-09 18:07:06.972 D/MobileDataStateTracker(27162): [supl]  apnTypeList = mms
02-09 18:07:06.972 D/MobileDataStateTracker(27162): [supl]  unavailable = false
02-09 18:07:06.972 D/MobileDataStateTracker(27162): [supl] Do not process intents if disabled.
02-09 18:07:06.972 D/MobileDataStateTracker(27162): [mms]  MobileDataStateReceiver onReceive(): Entry.
02-09 18:07:06.972 D/MobileDataStateTracker(27162): [mms]  intent.getAction()= android.intent.action.ANY_DATA_STATE
02-09 18:07:06.972 D/MobileDataStateTracker(27162): [mms]  mEnabled = false
02-09 18:07:06.972 D/Phone   (27234): [PhoneNotifier] [DefaultPhoneNotifier] : hipri, INET6, DISCONNECTED
02-09 18:07:06.972 I/TelephonyRegistry(27162): notifyDataConnection: state=0 isDataConnectivityPossible=true reason=radioTechnologyChanged interfaceName=null networkType=7 apnType=hipri apn=null
02-09 18:07:06.972 I/TelephonyRegistry(27162): +++broadcastDataConnectionStateChanged
02-09 18:07:06.972 I/TelephonyRegistry(27162): +++sendStickyBroadcast
02-09 18:07:06.982 D/DATA    (27234): [DCT(0) ] Resetting all profiles and service states!
02-09 18:07:06.982 D/PhoneApp(27234): mReceiver: ACTION_ANY_DATA_CONNECTION_STATE_CHANGED
02-09 18:07:06.982 D/AlarmManager(27162): +++Alarm set:type=2 com.google.android.location  Trigger after:52537ms
02-09 18:07:06.982 D/TelephonyManager(27265): [LPZ-GPS]getCellLocation enter,usewireless=true
02-09 18:07:06.992 D/CdmaCellLocation(27265): [LPZ-GPS]mUseNetworkwireless=true
02-09 18:07:06.992 D/CdmaCellLocation(27265): [LPZ-GPS]BSId=13058
02-09 18:07:06.992 D/CdmaCellLocation(27265): [LPZ-GPS]BSLAT=560304
02-09 18:07:06.992 D/CdmaCellLocation(27265): [LPZ-GPS]BSLONG=-1362999
02-09 18:07:06.992 D/CdmaCellLocation(27265): [LPZ-GPS]SystemId=4139
02-09 18:07:06.992 D/CdmaCellLocation(27265): [LPZ-GPS]NetworkId=41
02-09 18:07:06.992 D/MobileDataStateTracker(27162): [mms]  apnTypeList = mms
02-09 18:07:06.992 D/MobileDataStateTracker(27162): [mms]  unavailable = false
02-09 18:07:06.992 D/MobileDataStateTracker(27162): [mms] Do not process intents if disabled.
02-09 18:07:06.992 D/MobileDataStateTracker(27162): [default]  MobileDataStateReceiver onReceive(): Entry.
02-09 18:07:06.992 D/MobileDataStateTracker(27162): [default]  intent.getAction()= android.intent.action.ANY_DATA_STATE
02-09 18:07:06.992 D/MobileDataStateTracker(27162): [default]  mEnabled = true
02-09 18:07:06.992 D/MobileDataStateTracker(27162): [default]  apnTypeList = mms
02-09 18:07:07.002 D/MobileDataStateTracker(27162): [default]  unavailable = false
02-09 18:07:07.002 D/MobileDataStateTracker(27162): [default] not what we are looking for.
02-09 18:07:07.002 D/MobileDataStateTracker(27162): [hipri]  MobileDataStateReceiver onReceive(): Entry.
02-09 18:07:07.002 D/MobileDataStateTracker(27162): [hipri]  intent.getAction()= android.intent.action.ANY_DATA_STATE
02-09 18:07:07.002 D/MobileDataStateTracker(27162): [hipri]  mEnabled = false
02-09 18:07:07.002 D/PhoneApp(27234): - state: CONNECTED
02-09 18:07:07.002 D/PhoneApp(27234): - reason: radioTechnologyChanged
02-09 18:07:07.002 D/PhoneApp(27234): mReceiver: ACTION_ANY_DATA_CONNECTION_STATE_CHANGED
02-09 18:07:07.002 D/PhoneApp(27234): - state: CONNECTED
02-09 18:07:07.002 D/PhoneApp(27234): - reason: radioTechnologyChanged
02-09 18:07:07.002 D/PhoneApp(27234): mReceiver: ACTION_ANY_DATA_CONNECTION_STATE_CHANGED
02-09 18:07:07.002 D/PhoneApp(27234): - state: CONNECTED
02-09 18:07:07.002 D/PhoneApp(27234): - reason: radioTechnologyChanged
02-09 18:07:07.002 D/PhoneApp(27234): mReceiver: ACTION_ANY_DATA_CONNECTION_STATE_CHANGED
02-09 18:07:07.002 D/PhoneApp(27234): - state: CONNECTED
02-09 18:07:07.002 D/PhoneApp(27234): - reason: radioTechnologyChanged
02-09 18:07:07.002 D/PhoneApp(27234): mReceiver: ACTION_ANY_DATA_CONNECTION_STATE_CHANGED
02-09 18:07:07.002 D/PhoneApp(27234): - state: CONNECTED
02-09 18:07:07.002 D/PhoneApp(27234): - reason: radioTechnologyChanged
02-09 18:07:07.002 D/PhoneApp(27234): mReceiver: ACTION_ANY_DATA_CONNECTION_STATE_CHANGED
02-09 18:07:07.002 D/PhoneApp(27234): - state: CONNECTED
02-09 18:07:07.002 D/PhoneApp(27234): - reason: radioTechnologyChanged
02-09 18:07:07.002 D/PhoneApp(27234): mReceiver: ACTION_ANY_DATA_CONNECTION_STATE_CHANGED
02-09 18:07:07.002 D/PhoneApp(27234): - state: CONNECTED
02-09 18:07:07.002 D/PhoneApp(27234): - reason: radioTechnologyChanged
02-09 18:07:07.002 D/PhoneApp(27234): mReceiver: ACTION_ANY_DATA_CONNECTION_STATE_CHANGED
02-09 18:07:07.002 D/PhoneApp(27234): - state: CONNECTED
02-09 18:07:07.002 D/PhoneApp(27234): - reason: radioTechnologyChanged
02-09 18:07:07.002 D/PhoneApp(27234): mReceiver: ACTION_ANY_DATA_CONNECTION_STATE_CHANGED
02-09 18:07:07.002 D/PhoneApp(27234): - state: CONNECTED
02-09 18:07:07.002 D/PhoneApp(27234): - reason: radioTechnologyChanged
02-09 18:07:07.002 D/PhoneApp(27234): mReceiver: ACTION_ANY_DATA_CONNECTION_STATE_CHANGED
02-09 18:07:07.002 D/PhoneApp(27234): - state: CONNECTED
02-09 18:07:07.002 D/PhoneApp(27234): - reason: radioTechnologyChanged
02-09 18:07:07.002 I/DATA    (27234): [DCT(0) ] onUpdateDataConnections: reason=radioTechnologyChanged
02-09 18:07:07.002 I/DATA    (27234): [DCT(0) ] ---dc list---
02-09 18:07:07.002 I/DATA    (27234): [DCT(0) ] cid = 0, state = DcActiveState, bearerType = IP, ipaddress = 70.5.41.227, gw=70.5.41.225, dns=[68.28.67.132, 68.28.68.132]
02-09 18:07:07.002 I/DATA    (27234): [DCT(0) ] ---ds list---
02-09 18:07:07.002 I/DATA    (27234): [DCT(0) ] ds= SERVICE_TYPE_DEFAULT, enabled = true, active = v4:CONNECTED(0) v6:IDLE
02-09 18:07:07.002 I/DATA    (27234): [DCT(0) ] ds= SERVICE_TYPE_MMS, enabled = false, active = v4:CONNECTED(0) v6:IDLE
02-09 18:07:07.002 I/DATA    (27234): [DCT(0) ] ds= SERVICE_TYPE_SUPL, enabled = false, active = v4:CONNECTED(0) v6:IDLE
02-09 18:07:07.002 I/DATA    (27234): [DCT(0) ] ds= SERVICE_TYPE_DUN, enabled = false, active = v4:IDLE v6:IDLE
02-09 18:07:07.002 I/DATA    (27234): [DCT(0) ] ds= SERVICE_TYPE_HIPRI, enabled = false, active = v4:CONNECTED(0) v6:IDLE
02-09 18:07:07.012 D/MobileDataStateTracker(27162): [hipri]  apnTypeList = supl
02-09 18:07:07.012 D/MobileDataStateTracker(27162): [hipri]  unavailable = false
02-09 18:07:07.012 D/MobileDataStateTracker(27162): [hipri] Do not process intents if disabled.
02-09 18:07:07.012 D/MobileDataStateTracker(27162): [dun]  MobileDataStateReceiver onReceive(): Entry.
02-09 18:07:07.012 D/MobileDataStateTracker(27162): [dun]  intent.getAction()= android.intent.action.ANY_DATA_STATE
02-09 18:07:07.012 D/MobileDataStateTracker(27162): [dun]  mEnabled = false
02-09 18:07:07.012 D/MobileDataStateTracker(27162): [dun]  apnTypeList = supl
02-09 18:07:07.012 D/MobileDataStateTracker(27162): [dun]  unavailable = false
02-09 18:07:07.012 D/MobileDataStateTracker(27162): [dun] Do not process intents if disabled.
02-09 18:07:07.012 D/MobileDataStateTracker(27162): [supl]  MobileDataStateReceiver onReceive(): Entry.
02-09 18:07:07.012 D/MobileDataStateTracker(27162): [supl]  intent.getAction()= android.intent.action.ANY_DATA_STATE
02-09 18:07:07.012 D/MobileDataStateTracker(27162): [supl]  mEnabled = false
02-09 18:07:07.022 D/MobileDataStateTracker(27162): [supl]  apnTypeList = supl
02-09 18:07:07.022 D/MobileDataStateTracker(27162): [supl]  unavailable = false
02-09 18:07:07.022 D/MobileDataStateTracker(27162): [supl] Do not process intents if disabled.
02-09 18:07:07.022 D/MobileDataStateTracker(27162): [mms]  MobileDataStateReceiver onReceive(): Entry.
02-09 18:07:07.022 D/MobileDataStateTracker(27162): [mms]  intent.getAction()= android.intent.action.ANY_DATA_STATE
02-09 18:07:07.022 D/MobileDataStateTracker(27162): [mms]  mEnabled = false
02-09 18:07:07.022 D/MobileDataStateTracker(27162): [mms]  apnTypeList = supl
02-09 18:07:07.022 D/MobileDataStateTracker(27162): [mms]  unavailable = false
02-09 18:07:07.022 D/MobileDataStateTracker(27162): [mms] Do not process intents if disabled.
02-09 18:07:07.022 D/MobileDataStateTracker(27162): [default]  MobileDataStateReceiver onReceive(): Entry.
02-09 18:07:07.022 D/MobileDataStateTracker(27162): [default]  intent.getAction()= android.intent.action.ANY_DATA_STATE
02-09 18:07:07.022 D/MobileDataStateTracker(27162): [default]  mEnabled = true
02-09 18:07:07.022 D/MobileDataStateTracker(27162): [default]  apnTypeList = supl
02-09 18:07:07.032 D/MobileDataStateTracker(27162): [default]  unavailable = false
02-09 18:07:07.032 D/MobileDataStateTracker(27162): [default] not what we are looking for.
02-09 18:07:07.032 D/MobileDataStateTracker(27162): [hipri]  MobileDataStateReceiver onReceive(): Entry.
02-09 18:07:07.032 D/MobileDataStateTracker(27162): [hipri]  intent.getAction()= android.intent.action.ANY_DATA_STATE
02-09 18:07:07.032 D/MobileDataStateTracker(27162): [hipri]  mEnabled = false
02-09 18:07:07.032 D/MobileDataStateTracker(27162): [hipri]  apnTypeList = supl
02-09 18:07:07.032 D/MobileDataStateTracker(27162): [hipri]  unavailable = false
02-09 18:07:07.032 D/MobileDataStateTracker(27162): [hipri] Do not process intents if disabled.
02-09 18:07:07.032 D/MobileDataStateTracker(27162): [dun]  MobileDataStateReceiver onReceive(): Entry.
02-09 18:07:07.032 D/MobileDataStateTracker(27162): [dun]  intent.getAction()= android.intent.action.ANY_DATA_STATE
02-09 18:07:07.032 D/MobileDataStateTracker(27162): [dun]  mEnabled = false
02-09 18:07:07.032 I/DATA    (27234): [DCT(0) ] Ready for data : 
02-09 18:07:07.032 I/DATA    (27234): [DCT(0) ]    getDesiredPowerState() = true
02-09 18:07:07.032 I/DATA    (27234): [DCT(0) ]    mCm.getRadioState() = RADIO_ON
02-09 18:07:07.042 D/MobileDataStateTracker(27162): [dun]  apnTypeList = supl
02-09 18:07:07.042 D/MobileDataStateTracker(27162): [dun]  unavailable = false
02-09 18:07:07.042 D/MobileDataStateTracker(27162): [dun] Do not process intents if disabled.
02-09 18:07:07.042 D/MobileDataStateTracker(27162): [supl]  MobileDataStateReceiver onReceive(): Entry.
02-09 18:07:07.042 D/MobileDataStateTracker(27162): [supl]  intent.getAction()= android.intent.action.ANY_DATA_STATE
02-09 18:07:07.042 D/MobileDataStateTracker(27162): [supl]  mEnabled = false
02-09 18:07:07.052 I/DATA    (27234): [DCT(0) ]    [DataRadioTech = RADIO_TECH_1xRTT, data network state = 0, mMasterDataEnabled = true, is Roaming = false, dataOnRoamingEnable = false, isPsRestricted = false, desiredPowerState  = true, mSIMRecords = , cdmaSubSource = 1/310120, mRuimRecords = , checks = true/true]
02-09 18:07:07.052 D/PhoneApp(27234): old phone type:2, New Phone type:2
02-09 18:07:07.052 D/NotificationMgr(27234): hideDataDisconnectedRoaming()...
02-09 18:07:07.052 D/PhoneApp(27234): old phone type:2, New Phone type:2
02-09 18:07:07.052 D/MobileDataStateTracker(27162): [supl]  apnTypeList = supl
02-09 18:07:07.052 D/MobileDataStateTracker(27162): [supl]  unavailable = false
02-09 18:07:07.052 D/MobileDataStateTracker(27162): [supl] Do not process intents if disabled.
02-09 18:07:07.052 D/MobileDataStateTracker(27162): [mms]  MobileDataStateReceiver onReceive(): Entry.
02-09 18:07:07.052 D/MobileDataStateTracker(27162): [mms]  intent.getAction()= android.intent.action.ANY_DATA_STATE
02-09 18:07:07.052 D/MobileDataStateTracker(27162): [mms]  mEnabled = false
02-09 18:07:07.052 D/MobileDataStateTracker(27162): [mms]  apnTypeList = supl
02-09 18:07:07.052 D/MobileDataStateTracker(27162): [mms]  unavailable = false
02-09 18:07:07.052 D/MobileDataStateTracker(27162): [mms] Do not process intents if disabled.
02-09 18:07:07.052 D/MobileDataStateTracker(27162): [default]  MobileDataStateReceiver onReceive(): Entry.
02-09 18:07:07.052 D/MobileDataStateTracker(27162): [default]  intent.getAction()= android.intent.action.ANY_DATA_STATE
02-09 18:07:07.052 D/MobileDataStateTracker(27162): [default]  mEnabled = true
02-09 18:07:07.052 D/NotificationMgr(27234): hideDataDisconnectedRoaming()...
02-09 18:07:07.062 D/PhoneApp(27234): old phone type:2, New Phone type:2
02-09 18:07:07.062 D/NotificationMgr(27234): hideDataDisconnectedRoaming()...
02-09 18:07:07.062 D/PhoneApp(27234): old phone type:2, New Phone type:2
02-09 18:07:07.062 D/NotificationMgr(27234): hideDataDisconnectedRoaming()...
02-09 18:07:07.062 D/PhoneApp(27234): old phone type:2, New Phone type:2
02-09 18:07:07.062 D/NotificationMgr(27234): hideDataDisconnectedRoaming()...
02-09 18:07:07.062 D/PhoneApp(27234): old phone type:2, New Phone type:2
02-09 18:07:07.062 D/NotificationMgr(27234): hideDataDisconnectedRoaming()...
02-09 18:07:07.062 D/PhoneApp(27234): old phone type:2, New Phone type:2
02-09 18:07:07.072 D/MobileDataStateTracker(27162): [default]  apnTypeList = supl
02-09 18:07:07.072 D/MobileDataStateTracker(27162): [default]  unavailable = false
02-09 18:07:07.072 D/MobileDataStateTracker(27162): [default] not what we are looking for.
02-09 18:07:07.072 D/MobileDataStateTracker(27162): [hipri]  MobileDataStateReceiver onReceive(): Entry.
02-09 18:07:07.072 D/MobileDataStateTracker(27162): [hipri]  intent.getAction()= android.intent.action.ANY_DATA_STATE
02-09 18:07:07.072 D/MobileDataStateTracker(27162): [hipri]  mEnabled = false
02-09 18:07:07.072 D/MobileDataStateTracker(27162): [hipri]  apnTypeList = dun
02-09 18:07:07.072 D/MobileDataStateTracker(27162): [hipri]  unavailable = false
02-09 18:07:07.072 D/MobileDataStateTracker(27162): [hipri] Do not process intents if disabled.
02-09 18:07:07.072 D/MobileDataStateTracker(27162): [dun]  MobileDataStateReceiver onReceive(): Entry.
02-09 18:07:07.072 D/MobileDataStateTracker(27162): [dun]  intent.getAction()= android.intent.action.ANY_DATA_STATE
02-09 18:07:07.072 D/MobileDataStateTracker(27162): [dun]  mEnabled = false
02-09 18:07:07.082 D/NotificationMgr(27234): hideDataDisconnectedRoaming()...
02-09 18:07:07.082 D/MobileDataStateTracker(27162): [dun]  apnTypeList = dun
02-09 18:07:07.082 D/PhoneApp(27234): old phone type:2, New Phone type:2
02-09 18:07:07.082 D/NotificationMgr(27234): hideDataDisconnectedRoaming()...
02-09 18:07:07.082 D/PhoneApp(27234): old phone type:2, New Phone type:2
02-09 18:07:07.082 D/NotificationMgr(27234): hideDataDisconnectedRoaming()...
02-09 18:07:07.082 D/PhoneApp(27234): old phone type:2, New Phone type:2
02-09 18:07:07.082 D/NotificationMgr(27234): hideDataDisconnectedRoaming()...
02-09 18:07:07.082 D/AlarmManager(27162): +++Alarm set:type=2 com.google.android.location  Trigger after:52437ms
02-09 18:07:07.092 D/MobileDataStateTracker(27162): [dun]  unavailable = false
02-09 18:07:07.092 D/MobileDataStateTracker(27162): [dun] Do not process intents if disabled.
02-09 18:07:07.092 D/MobileDataStateTracker(27162): [supl]  MobileDataStateReceiver onReceive(): Entry.
02-09 18:07:07.092 D/MobileDataStateTracker(27162): [supl]  intent.getAction()= android.intent.action.ANY_DATA_STATE
02-09 18:07:07.092 D/MobileDataStateTracker(27162): [supl]  mEnabled = false
02-09 18:07:07.092 D/DATA    (27234): [DSST(0)] pollstate() : reason = data network state changed
02-09 18:07:07.092 D/MobileDataStateTracker(27162): [supl]  apnTypeList = dun
02-09 18:07:07.092 D/MobileDataStateTracker(27162): [supl]  unavailable = false
02-09 18:07:07.092 D/MobileDataStateTracker(27162): [supl] Do not process intents if disabled.
02-09 18:07:07.092 D/MobileDataStateTracker(27162): [mms]  MobileDataStateReceiver onReceive(): Entry.
02-09 18:07:07.092 D/MobileDataStateTracker(27162): [mms]  intent.getAction()= android.intent.action.ANY_DATA_STATE
02-09 18:07:07.092 D/MobileDataStateTracker(27162): [mms]  mEnabled = false
02-09 18:07:07.092 D/MobileDataStateTracker(27162): [mms]  apnTypeList = dun
02-09 18:07:07.092 D/MobileDataStateTracker(27162): [mms]  unavailable = false
02-09 18:07:07.092 D/MobileDataStateTracker(27162): [mms] Do not process intents if disabled.
02-09 18:07:07.092 D/MobileDataStateTracker(27162): [default]  MobileDataStateReceiver onReceive(): Entry.
02-09 18:07:07.092 D/MobileDataStateTracker(27162): [default]  intent.getAction()= android.intent.action.ANY_DATA_STATE
02-09 18:07:07.102 D/MobileDataStateTracker(27162): [default]  mEnabled = true
02-09 18:07:07.122 D/MobileDataStateTracker(27162): [default]  apnTypeList = dun
02-09 18:07:07.132 D/MobileDataStateTracker(27162): [default]  unavailable = false
02-09 18:07:07.132 D/MobileDataStateTracker(27162): [default] not what we are looking for.
02-09 18:07:07.132 D/MobileDataStateTracker(27162): [hipri]  MobileDataStateReceiver onReceive(): Entry.
02-09 18:07:07.132 D/MobileDataStateTracker(27162): [hipri]  intent.getAction()= android.intent.action.ANY_DATA_STATE
02-09 18:07:07.132 D/MobileDataStateTracker(27162): [hipri]  mEnabled = false
02-09 18:07:07.132 D/MobileDataStateTracker(27162): [hipri]  apnTypeList = dun
02-09 18:07:07.132 D/MobileDataStateTracker(27162): [hipri]  unavailable = false
02-09 18:07:07.132 D/MobileDataStateTracker(27162): [hipri] Do not process intents if disabled.
02-09 18:07:07.132 D/MobileDataStateTracker(27162): [dun]  MobileDataStateReceiver onReceive(): Entry.
02-09 18:07:07.132 D/MobileDataStateTracker(27162): [dun]  intent.getAction()= android.intent.action.ANY_DATA_STATE
02-09 18:07:07.132 D/MobileDataStateTracker(27162): [dun]  mEnabled = false
02-09 18:07:07.142 D/MobileDataStateTracker(27162): [dun]  apnTypeList = dun
02-09 18:07:07.142 D/MobileDataStateTracker(27162): [dun]  unavailable = false
02-09 18:07:07.142 D/MobileDataStateTracker(27162): [dun] Do not process intents if disabled.
02-09 18:07:07.142 D/MobileDataStateTracker(27162): [supl]  MobileDataStateReceiver onReceive(): Entry.
02-09 18:07:07.142 D/MobileDataStateTracker(27162): [supl]  intent.getAction()= android.intent.action.ANY_DATA_STATE
02-09 18:07:07.142 D/MobileDataStateTracker(27162): [supl]  mEnabled = false
02-09 18:07:07.142 D/MobileDataStateTracker(27162): [supl]  apnTypeList = dun
02-09 18:07:07.142 D/MobileDataStateTracker(27162): [supl]  unavailable = false
02-09 18:07:07.142 D/MobileDataStateTracker(27162): [supl] Do not process intents if disabled.
02-09 18:07:07.142 D/MobileDataStateTracker(27162): [mms]  MobileDataStateReceiver onReceive(): Entry.
02-09 18:07:07.142 D/MobileDataStateTracker(27162): [mms]  intent.getAction()= android.intent.action.ANY_DATA_STATE
02-09 18:07:07.142 D/MobileDataStateTracker(27162): [mms]  mEnabled = false
02-09 18:07:07.152 D/DATA    (27234): [DSST(0)]  registrationState = 1  radioTechnology = 8 reasonForDenial = 0
02-09 18:07:07.152 D/DATA    (27234): [DSST(0)]  set mNewDataConnectionState = 0
02-09 18:07:07.152 D/DATA    (27234): [DSST(0)]  mNewDataConnectionState : 0  mDataConnectionState : 0
02-09 18:07:07.152 D/DATA    (27234): [DSST(0)] Poll ServiceState done: oldSS=[0 home null null null  1xRTT CSS not supported -1 -1RoamInd: -1RoamStatus(sprint): -1DefRoamInd: -1EmergOnly: false] newSS=[0 home null null null  EvDo rev. A CSS not supported -1 -1RoamInd: -1RoamStatus(sprint): -1DefRoamInd: -1EmergOnly: false]
02-09 18:07:07.162 D/DATA    (27234): [DSST(0)]  mDataConnectionState = 0
02-09 18:07:07.162 D/MobileDataStateTracker(27162): [mms] subType changed, oldSubtype = 7new subtype = 6
02-09 18:07:07.162 D/MobileDataStateTracker(27162): [mms]  apnTypeList = dun
02-09 18:07:07.172 D/MobileDataStateTracker(27162): [mms]  unavailable = false
02-09 18:07:07.172 D/MobileDataStateTracker(27162): [mms] Do not process intents if disabled.
02-09 18:07:07.172 D/MobileDataStateTracker(27162): [default]  MobileDataStateReceiver onReceive(): Entry.
02-09 18:07:07.172 D/MobileDataStateTracker(27162): [default]  intent.getAction()= android.intent.action.ANY_DATA_STATE
02-09 18:07:07.172 D/MobileDataStateTracker(27162): [default]  mEnabled = true
02-09 18:07:07.172 D/MobileDataStateTracker(27162): [default] subType changed, oldSubtype = 7new subtype = 6
02-09 18:07:07.182 D/CallManager(27234):  handleMessage (EVENT_SERVICE_STATE_CHANGED)
02-09 18:07:07.182 E/BT HS/HF(27234): SERVICE_STATE_CHANGED called
02-09 18:07:07.182 E/BT HS/HF(27234): updateServiceState called, sendUpdate:false  ServiceState:0 home Sprint  310099  1xRTT CSS not supported 41 4139RoamInd: 1RoamStatus(sprint): 1DefRoamInd: 160EmergOnly: false
02-09 18:07:07.182 E/BT HS/HF(27234): service:1 mService:1
02-09 18:07:07.182 D/CallManager(27234):  handleMessage (EVENT_SERVICE_STATE_CHANGED)
02-09 18:07:07.182 D/MobileDataStateTracker(27162): [default]  apnTypeList = dun
02-09 18:07:07.182 D/MobileDataStateTracker(27162): [default]  unavailable = false
02-09 18:07:07.182 D/MobileDataStateTracker(27162): [default] not what we are looking for.
02-09 18:07:07.182 D/MobileDataStateTracker(27162): [hipri]  MobileDataStateReceiver onReceive(): Entry.
02-09 18:07:07.182 D/MobileDataStateTracker(27162): [hipri]  intent.getAction()= android.intent.action.ANY_DATA_STATE
02-09 18:07:07.182 D/MobileDataStateTracker(27162): [hipri]  mEnabled = false
02-09 18:07:07.182 D/MobileDataStateTracker(27162): [hipri] subType changed, oldSubtype = 7new subtype = 6
02-09 18:07:07.182 D/MobileDataStateTracker(27162): [hipri]  apnTypeList = hipri
02-09 18:07:07.182 D/MobileDataStateTracker(27162): [hipri]  unavailable = false
02-09 18:07:07.182 D/MobileDataStateTracker(27162): [hipri] Do not process intents if disabled.
02-09 18:07:07.182 D/MobileDataStateTracker(27162): [dun]  MobileDataStateReceiver onReceive(): Entry.
02-09 18:07:07.192 E/BT HS/HF(27234): SERVICE_STATE_CHANGED called
02-09 18:07:07.192 E/BT HS/HF(27234): updateServiceState called, sendUpdate:false  ServiceState:0 home Sprint  310099  EvDo rev. A CSS not supported 41 4139RoamInd: 1RoamStatus(sprint): 1DefRoamInd: 160EmergOnly: false
02-09 18:07:07.192 E/BT HS/HF(27234): service:1 mService:1
02-09 18:07:07.192 D/MobileDataStateTracker(27162): [dun]  intent.getAction()= android.intent.action.ANY_DATA_STATE
02-09 18:07:07.192 D/MobileDataStateTracker(27162): [dun]  mEnabled = false
02-09 18:07:07.192 D/MobileDataStateTracker(27162): [dun] subType changed, oldSubtype = 7new subtype = 6
02-09 18:07:07.202 D/Phone   (27234): [PhoneNotifier] [DefaultPhoneNotifier] : default, INET, CONNECTED
02-09 18:07:07.202 D/MobileDataStateTracker(27162): [dun]  apnTypeList = hipri
02-09 18:07:07.202 D/MobileDataStateTracker(27162): [dun]  unavailable = false
02-09 18:07:07.202 D/MobileDataStateTracker(27162): [dun] Do not process intents if disabled.
02-09 18:07:07.202 D/MobileDataStateTracker(27162): [supl]  MobileDataStateReceiver onReceive(): Entry.
02-09 18:07:07.202 D/MobileDataStateTracker(27162): [supl]  intent.getAction()= android.intent.action.ANY_DATA_STATE
02-09 18:07:07.202 D/MobileDataStateTracker(27162): [supl]  mEnabled = false
02-09 18:07:07.202 D/MobileDataStateTracker(27162): [supl] subType changed, oldSubtype = 7new subtype = 6
02-09 18:07:07.202 D/MobileDataStateTracker(27162): [supl]  apnTypeList = hipri
02-09 18:07:07.202 D/MobileDataStateTracker(27162): [supl]  unavailable = false
02-09 18:07:07.202 D/MobileDataStateTracker(27162): [supl] Do not process intents if disabled.
02-09 18:07:07.202 D/MobileDataStateTracker(27162): [mms]  MobileDataStateReceiver onReceive(): Entry.
02-09 18:07:07.202 D/MobileDataStateTracker(27162): [mms]  intent.getAction()= android.intent.action.ANY_DATA_STATE
02-09 18:07:07.202 D/MobileDataStateTracker(27162): [mms]  mEnabled = false
02-09 18:07:07.212 I/TelephonyRegistry(27162): notifyDataConnection: state=2 isDataConnectivityPossible=true reason=radioTechnologyChanged interfaceName=rmnet0 networkType=6 apnType=default apn=null
02-09 18:07:07.212 I/TelephonyRegistry(27162): +++broadcastDataConnectionStateChanged
02-09 18:07:07.222 D/TelephonyManager(27265): [LPZ-GPS]getCellLocation enter,usewireless=true
02-09 18:07:07.222 D/CdmaCellLocation(27265): [LPZ-GPS]mUseNetworkwireless=true
02-09 18:07:07.222 D/CdmaCellLocation(27265): [LPZ-GPS]BSId=13058
02-09 18:07:07.222 D/CdmaCellLocation(27265): [LPZ-GPS]BSLAT=560304
02-09 18:07:07.222 D/CdmaCellLocation(27265): [LPZ-GPS]BSLONG=-1362999
02-09 18:07:07.222 D/CdmaCellLocation(27265): [LPZ-GPS]SystemId=4139
02-09 18:07:07.222 D/CdmaCellLocation(27265): [LPZ-GPS]NetworkId=41
02-09 18:07:07.232 I/TelephonyRegistry(27162): +++sendStickyBroadcast
02-09 18:07:07.242 D/Phone   (27234): [PhoneNotifier] [DefaultPhoneNotifier] : default, INET6, DISCONNECTED
02-09 18:07:07.242 D/MobileDataStateTracker(27162): [mms]  apnTypeList = hipri
02-09 18:07:07.242 D/MobileDataStateTracker(27162): [mms]  unavailable = false
02-09 18:07:07.242 D/MobileDataStateTracker(27162): [mms] Do not process intents if disabled.
02-09 18:07:07.242 D/MobileDataStateTracker(27162): [default]  MobileDataStateReceiver onReceive(): Entry.
02-09 18:07:07.242 D/MobileDataStateTracker(27162): [default]  intent.getAction()= android.intent.action.ANY_DATA_STATE
02-09 18:07:07.242 D/MobileDataStateTracker(27162): [default]  mEnabled = true
02-09 18:07:07.242 D/MobileDataStateTracker(27162): [default]  apnTypeList = hipri
02-09 18:07:07.242 D/MobileDataStateTracker(27162): [default]  unavailable = false
02-09 18:07:07.242 D/MobileDataStateTracker(27162): [default] not what we are looking for.
02-09 18:07:07.252 I/TelephonyRegistry(27162): notifyDataConnection: state=0 isDataConnectivityPossible=true reason=radioTechnologyChanged interfaceName=null networkType=6 apnType=default apn=null
02-09 18:07:07.252 I/TelephonyRegistry(27162): +++broadcastDataConnectionStateChanged
02-09 18:07:07.252 I/TelephonyRegistry(27162): +++sendStickyBroadcast
02-09 18:07:07.252 D/MobileDataStateTracker(27162): [hipri]  MobileDataStateReceiver onReceive(): Entry.
02-09 18:07:07.252 D/MobileDataStateTracker(27162): [hipri]  intent.getAction()= android.intent.action.ANY_DATA_STATE
02-09 18:07:07.252 D/MobileDataStateTracker(27162): [hipri]  mEnabled = false
02-09 18:07:07.252 D/MobileDataStateTracker(27162): [hipri]  apnTypeList = hipri
02-09 18:07:07.252 D/MobileDataStateTracker(27162): [hipri]  unavailable = false
02-09 18:07:07.252 D/MobileDataStateTracker(27162): [hipri] Do not process intents if disabled.
02-09 18:07:07.252 D/MobileDataStateTracker(27162): [dun]  MobileDataStateReceiver onReceive(): Entry.
02-09 18:07:07.252 D/MobileDataStateTracker(27162): [dun]  intent.getAction()= android.intent.action.ANY_DATA_STATE
02-09 18:07:07.252 D/MobileDataStateTracker(27162): [dun]  mEnabled = false
02-09 18:07:07.252 D/Phone   (27234): [PhoneNotifier] [DefaultPhoneNotifier] : mms, INET, CONNECTED
02-09 18:07:07.262 I/TelephonyRegistry(27162): notifyDataConnection: state=2 isDataConnectivityPossible=true reason=radioTechnologyChanged interfaceName=rmnet0 networkType=6 apnType=mms apn=null
02-09 18:07:07.262 I/TelephonyRegistry(27162): +++broadcastDataConnectionStateChanged
02-09 18:07:07.262 I/TelephonyRegistry(27162): +++sendStickyBroadcast
02-09 18:07:07.262 D/MobileDataStateTracker(27162): [dun]  apnTypeList = hipri
02-09 18:07:07.262 D/MobileDataStateTracker(27162): [dun]  unavailable = false
02-09 18:07:07.262 D/MobileDataStateTracker(27162): [dun] Do not process intents if disabled.
02-09 18:07:07.262 D/MobileDataStateTracker(27162): [supl]  MobileDataStateReceiver onReceive(): Entry.
02-09 18:07:07.262 D/MobileDataStateTracker(27162): [supl]  intent.getAction()= android.intent.action.ANY_DATA_STATE
02-09 18:07:07.262 D/MobileDataStateTracker(27162): [supl]  mEnabled = false
02-09 18:07:07.272 D/MobileDataStateTracker(27162): [supl]  apnTypeList = hipri
02-09 18:07:07.272 D/MobileDataStateTracker(27162): [supl]  unavailable = false
02-09 18:07:07.272 D/MobileDataStateTracker(27162): [supl] Do not process intents if disabled.
02-09 18:07:07.272 D/MobileDataStateTracker(27162): [mms]  MobileDataStateReceiver onReceive(): Entry.
02-09 18:07:07.272 D/MobileDataStateTracker(27162): [mms]  intent.getAction()= android.intent.action.ANY_DATA_STATE
02-09 18:07:07.272 D/MobileDataStateTracker(27162): [mms]  mEnabled = false
02-09 18:07:07.272 D/MobileDataStateTracker(27162): [mms]  apnTypeList = hipri
02-09 18:07:07.272 D/MobileDataStateTracker(27162): [mms]  unavailable = false
02-09 18:07:07.272 D/MobileDataStateTracker(27162): [mms] Do not process intents if disabled.
02-09 18:07:07.272 D/MobileDataStateTracker(27162): [default]  MobileDataStateReceiver onReceive(): Entry.
02-09 18:07:07.272 D/MobileDataStateTracker(27162): [default]  intent.getAction()= android.intent.action.ANY_DATA_STATE
02-09 18:07:07.272 D/MobileDataStateTracker(27162): [default]  mEnabled = true
02-09 18:07:07.282 D/Phone   (27234): [PhoneNotifier] [DefaultPhoneNotifier] : mms, INET6, DISCONNECTED
02-09 18:07:07.282 I/TelephonyRegistry(27162): notifyDataConnection: state=0 isDataConnectivityPossible=true reason=radioTechnologyChanged interfaceName=null networkType=6 apnType=mms apn=null
02-09 18:07:07.282 I/TelephonyRegistry(27162): +++broadcastDataConnectionStateChanged
02-09 18:07:07.282 I/TelephonyRegistry(27162): +++sendStickyBroadcast
02-09 18:07:07.282 D/Phone   (27234): [PhoneNotifier] [DefaultPhoneNotifier] : supl, INET, CONNECTED
02-09 18:07:07.292 D/MobileDataStateTracker(27162): [default]  apnTypeList = hipri
02-09 18:07:07.292 D/MobileDataStateTracker(27162): [default]  unavailable = false
02-09 18:07:07.292 D/MobileDataStateTracker(27162): [default] not what we are looking for.
02-09 18:07:07.292 D/MobileDataStateTracker(27162): [hipri]  MobileDataStateReceiver onReceive(): Entry.
02-09 18:07:07.292 D/MobileDataStateTracker(27162): [hipri]  intent.getAction()= android.intent.action.SERVICE_STATE
02-09 18:07:07.292 D/MobileDataStateTracker(27162): [hipri]  mEnabled = false
02-09 18:07:07.292 D/MobileDataStateTracker(27162): [dun]  MobileDataStateReceiver onReceive(): Entry.
02-09 18:07:07.292 D/MobileDataStateTracker(27162): [dun]  intent.getAction()= android.intent.action.SERVICE_STATE
02-09 18:07:07.292 D/MobileDataStateTracker(27162): [dun]  mEnabled = false
02-09 18:07:07.292 I/TelephonyRegistry(27162): notifyDataConnection: state=2 isDataConnectivityPossible=true reason=radioTechnologyChanged interfaceName=rmnet0 networkType=6 apnType=supl apn=null
02-09 18:07:07.292 I/TelephonyRegistry(27162): +++broadcastDataConnectionStateChanged
02-09 18:07:07.292 I/TelephonyRegistry(27162): +++sendStickyBroadcast
02-09 18:07:07.302 D/MobileDataStateTracker(27162): [supl]  MobileDataStateReceiver onReceive(): Entry.
02-09 18:07:07.302 D/MobileDataStateTracker(27162): [supl]  intent.getAction()= android.intent.action.SERVICE_STATE
02-09 18:07:07.302 D/MobileDataStateTracker(27162): [supl]  mEnabled = false
02-09 18:07:07.302 D/MobileDataStateTracker(27162): [mms]  MobileDataStateReceiver onReceive(): Entry.
02-09 18:07:07.302 D/MobileDataStateTracker(27162): [mms]  intent.getAction()= android.intent.action.SERVICE_STATE
02-09 18:07:07.302 D/MobileDataStateTracker(27162): [mms]  mEnabled = false
02-09 18:07:07.302 D/MobileDataStateTracker(27162): [default]  MobileDataStateReceiver onReceive(): Entry.
02-09 18:07:07.302 D/MobileDataStateTracker(27162): [default]  intent.getAction()= android.intent.action.SERVICE_STATE
02-09 18:07:07.302 D/MobileDataStateTracker(27162): [default]  mEnabled = true
02-09 18:07:07.332 D/MobileDataStateTracker(27162): [hipri]  MobileDataStateReceiver onReceive(): Entry.
02-09 18:07:07.332 D/MobileDataStateTracker(27162): [hipri]  intent.getAction()= android.intent.action.SERVICE_STATE
02-09 18:07:07.332 D/MobileDataStateTracker(27162): [hipri]  mEnabled = false
02-09 18:07:07.332 D/MobileDataStateTracker(27162): [dun]  MobileDataStateReceiver onReceive(): Entry.
02-09 18:07:07.332 D/MobileDataStateTracker(27162): [dun]  intent.getAction()= android.intent.action.SERVICE_STATE
02-09 18:07:07.332 D/MobileDataStateTracker(27162): [dun]  mEnabled = false
02-09 18:07:07.332 D/MobileDataStateTracker(27162): [supl]  MobileDataStateReceiver onReceive(): Entry.
02-09 18:07:07.332 D/MobileDataStateTracker(27162): [supl]  intent.getAction()= android.intent.action.SERVICE_STATE
02-09 18:07:07.332 D/MobileDataStateTracker(27162): [supl]  mEnabled = false
02-09 18:07:07.342 D/Phone   (27234): [PhoneNotifier] [DefaultPhoneNotifier] : supl, INET6, DISCONNECTED
02-09 18:07:07.342 I/TelephonyRegistry(27162): notifyDataConnection: state=0 isDataConnectivityPossible=true reason=radioTechnologyChanged interfaceName=null networkType=6 apnType=supl apn=null
02-09 18:07:07.342 I/TelephonyRegistry(27162): +++broadcastDataConnectionStateChanged
02-09 18:07:07.342 I/TelephonyRegistry(27162): +++sendStickyBroadcast
02-09 18:07:07.342 D/Phone   (27234): [PhoneNotifier] [DefaultPhoneNotifier] : dun, INET, DISCONNECTED
02-09 18:07:07.342 I/TelephonyRegistry(27162): notifyDataConnection: state=0 isDataConnectivityPossible=true reason=radioTechnologyChanged interfaceName=null networkType=6 apnType=dun apn=null
02-09 18:07:07.342 I/TelephonyRegistry(27162): +++broadcastDataConnectionStateChanged
02-09 18:07:07.352 I/TelephonyRegistry(27162): +++sendStickyBroadcast
02-09 18:07:07.352 D/Phone   (27234): [PhoneNotifier] [DefaultPhoneNotifier] : dun, INET6, DISCONNECTED
02-09 18:07:07.352 I/TelephonyRegistry(27162): notifyDataConnection: state=0 isDataConnectivityPossible=true reason=radioTechnologyChanged interfaceName=null networkType=6 apnType=dun apn=null
02-09 18:07:07.352 I/TelephonyRegistry(27162): +++broadcastDataConnectionStateChanged
02-09 18:07:07.352 I/TelephonyRegistry(27162): +++sendStickyBroadcast
02-09 18:07:07.362 D/MobileDataStateTracker(27162): [mms]  MobileDataStateReceiver onReceive(): Entry.
02-09 18:07:07.362 D/MobileDataStateTracker(27162): [mms]  intent.getAction()= android.intent.action.SERVICE_STATE
02-09 18:07:07.362 D/MobileDataStateTracker(27162): [mms]  mEnabled = false
02-09 18:07:07.362 D/MobileDataStateTracker(27162): [default]  MobileDataStateReceiver onReceive(): Entry.
02-09 18:07:07.362 D/MobileDataStateTracker(27162): [default]  intent.getAction()= android.intent.action.SERVICE_STATE
02-09 18:07:07.362 D/MobileDataStateTracker(27162): [default]  mEnabled = true
02-09 18:07:07.362 D/MobileDataStateTracker(27162): [hipri]  MobileDataStateReceiver onReceive(): Entry.
02-09 18:07:07.362 D/MobileDataStateTracker(27162): [hipri]  intent.getAction()= android.intent.action.ANY_DATA_STATE
02-09 18:07:07.362 D/MobileDataStateTracker(27162): [hipri]  mEnabled = false
02-09 18:07:07.362 D/MobileDataStateTracker(27162): [hipri]  apnTypeList = default
02-09 18:07:07.362 D/MobileDataStateTracker(27162): [hipri]  unavailable = false
02-09 18:07:07.362 D/MobileDataStateTracker(27162): [hipri] Do not process intents if disabled.
02-09 18:07:07.362 D/MobileDataStateTracker(27162): [dun]  MobileDataStateReceiver onReceive(): Entry.
02-09 18:07:07.362 D/MobileDataStateTracker(27162): [dun]  intent.getAction()= android.intent.action.ANY_DATA_STATE
02-09 18:07:07.362 D/MobileDataStateTracker(27162): [dun]  mEnabled = false
02-09 18:07:07.372 D/MobileDataStateTracker(27162): [dun]  apnTypeList = default
02-09 18:07:07.372 D/MobileDataStateTracker(27162): [dun]  unavailable = false
02-09 18:07:07.372 D/MobileDataStateTracker(27162): [dun] Do not process intents if disabled.
02-09 18:07:07.372 D/MobileDataStateTracker(27162): [supl]  MobileDataStateReceiver onReceive(): Entry.
02-09 18:07:07.372 D/MobileDataStateTracker(27162): [supl]  intent.getAction()= android.intent.action.ANY_DATA_STATE
02-09 18:07:07.372 D/MobileDataStateTracker(27162): [supl]  mEnabled = false
02-09 18:07:07.372 D/MobileDataStateTracker(27162): [supl]  apnTypeList = default
02-09 18:07:07.372 D/MobileDataStateTracker(27162): [supl]  unavailable = false
02-09 18:07:07.372 D/MobileDataStateTracker(27162): [supl] Do not process intents if disabled.
02-09 18:07:07.372 D/MobileDataStateTracker(27162): [mms]  MobileDataStateReceiver onReceive(): Entry.
02-09 18:07:07.372 D/MobileDataStateTracker(27162): [mms]  intent.getAction()= android.intent.action.ANY_DATA_STATE
02-09 18:07:07.372 D/MobileDataStateTracker(27162): [mms]  mEnabled = false
02-09 18:07:07.372 D/MobileDataStateTracker(27162): [mms]  apnTypeList = default
02-09 18:07:07.372 D/MobileDataStateTracker(27162): [mms]  unavailable = false
02-09 18:07:07.372 D/MobileDataStateTracker(27162): [mms] Do not process intents if disabled.
02-09 18:07:07.372 D/MobileDataStateTracker(27162): [default]  MobileDataStateReceiver onReceive(): Entry.
02-09 18:07:07.372 D/MobileDataStateTracker(27162): [default]  intent.getAction()= android.intent.action.ANY_DATA_STATE
02-09 18:07:07.372 D/MobileDataStateTracker(27162): [default]  mEnabled = true
02-09 18:07:07.372 D/MobileDataStateTracker(27162): [default]  apnTypeList = default
02-09 18:07:07.372 D/MobileDataStateTracker(27162): [default]  unavailable = false
02-09 18:07:07.372 D/MobileDataStateTracker(27162): [default] CALL updateMobileInfoFromIntent
02-09 18:07:07.372 I/MobileDataStateTracker(27162): [default] dc state change intent received for default/INET with state  CONNECTED. enabled=true state change reason = radioTechnologyChanged
02-09 18:07:07.372 I/MobileDataStateTracker(27162): [default] old state = CONNECTED
02-09 18:07:07.372 I/MobileDataStateTracker(27162): [default] no change,  just return
02-09 18:07:07.372 D/MobileDataStateTracker(27162): [default] No need to update detailed state
02-09 18:07:07.372 D/MobileDataStateTracker(27162): [hipri]  MobileDataStateReceiver onReceive(): Entry.
02-09 18:07:07.372 D/MobileDataStateTracker(27162): [hipri]  intent.getAction()= android.intent.action.ANY_DATA_STATE
02-09 18:07:07.372 D/MobileDataStateTracker(27162): [hipri]  mEnabled = false
02-09 18:07:07.382 D/Phone   (27234): [PhoneNotifier] [DefaultPhoneNotifier] : hipri, INET, CONNECTED
02-09 18:07:07.382 I/TelephonyRegistry(27162): notifyDataConnection: state=2 isDataConnectivityPossible=true reason=radioTechnologyChanged interfaceName=rmnet0 networkType=6 apnType=hipri apn=null
02-09 18:07:07.382 I/TelephonyRegistry(27162): +++broadcastDataConnectionStateChanged
02-09 18:07:07.382 I/TelephonyRegistry(27162): +++sendStickyBroadcast
02-09 18:07:07.392 D/Phone   (27234): [PhoneNotifier] [DefaultPhoneNotifier] : hipri, INET6, DISCONNECTED
02-09 18:07:07.392 I/TelephonyRegistry(27162): notifyDataConnection: state=0 isDataConnectivityPossible=true reason=radioTechnologyChanged interfaceName=null networkType=6 apnType=hipri apn=null
02-09 18:07:07.392 I/TelephonyRegistry(27162): +++broadcastDataConnectionStateChanged
02-09 18:07:07.392 I/TelephonyRegistry(27162): +++sendStickyBroadcast
02-09 18:07:07.402 D/DATA    (27234): [DCT(0) ] Resetting all profiles and service states!
02-09 18:07:07.402 D/PhoneApp(27234): mReceiver: ACTION_ANY_DATA_CONNECTION_STATE_CHANGED
02-09 18:07:07.402 D/PhoneApp(27234): - state: CONNECTED
02-09 18:07:07.402 D/PhoneApp(27234): - reason: radioTechnologyChanged
02-09 18:07:07.402 D/PhoneApp(27234): mReceiver: ACTION_ANY_DATA_CONNECTION_STATE_CHANGED
02-09 18:07:07.402 D/PhoneApp(27234): - state: CONNECTED
02-09 18:07:07.402 D/PhoneApp(27234): - reason: radioTechnologyChanged
02-09 18:07:07.402 D/PhoneApp(27234): mReceiver: ACTION_ANY_DATA_CONNECTION_STATE_CHANGED
02-09 18:07:07.402 D/PhoneApp(27234): - state: CONNECTED
02-09 18:07:07.402 D/PhoneApp(27234): - reason: radioTechnologyChanged
02-09 18:07:07.402 D/PhoneApp(27234): mReceiver: ACTION_ANY_DATA_CONNECTION_STATE_CHANGED
02-09 18:07:07.402 D/PhoneApp(27234): - state: CONNECTED
02-09 18:07:07.402 D/PhoneApp(27234): - reason: radioTechnologyChanged
02-09 18:07:07.402 D/PhoneApp(27234): mReceiver: ACTION_ANY_DATA_CONNECTION_STATE_CHANGED
02-09 18:07:07.402 D/PhoneApp(27234): - state: CONNECTED
02-09 18:07:07.402 D/PhoneApp(27234): - reason: radioTechnologyChanged
02-09 18:07:07.402 D/PhoneApp(27234): mReceiver: ACTION_ANY_DATA_CONNECTION_STATE_CHANGED
02-09 18:07:07.402 D/PhoneApp(27234): - state: CONNECTED
02-09 18:07:07.402 D/PhoneApp(27234): - reason: radioTechnologyChanged
02-09 18:07:07.402 D/PhoneApp(27234): mReceiver: ACTION_ANY_DATA_CONNECTION_STATE_CHANGED
02-09 18:07:07.402 D/PhoneApp(27234): - state: CONNECTED
02-09 18:07:07.402 D/PhoneApp(27234): - reason: radioTechnologyChanged
02-09 18:07:07.402 D/PhoneApp(27234): mReceiver: ACTION_ANY_DATA_CONNECTION_STATE_CHANGED
02-09 18:07:07.402 D/PhoneApp(27234): - state: CONNECTED
02-09 18:07:07.402 D/PhoneApp(27234): - reason: radioTechnologyChanged
02-09 18:07:07.402 D/PhoneApp(27234): mReceiver: ACTION_ANY_DATA_CONNECTION_STATE_CHANGED
02-09 18:07:07.402 D/PhoneApp(27234): - state: CONNECTED
02-09 18:07:07.402 D/PhoneApp(27234): - reason: radioTechnologyChanged
02-09 18:07:07.402 D/PhoneApp(27234): mReceiver: ACTION_ANY_DATA_CONNECTION_STATE_CHANGED
02-09 18:07:07.402 D/PhoneApp(27234): - state: CONNECTED
02-09 18:07:07.402 D/PhoneApp(27234): - reason: radioTechnologyChanged
02-09 18:07:07.402 I/DATA    (27234): [DCT(0) ] onUpdateDataConnections: reason=radioTechnologyChanged
02-09 18:07:07.402 I/DATA    (27234): [DCT(0) ] ---dc list---
02-09 18:07:07.402 I/DATA    (27234): [DCT(0) ] cid = 0, state = DcActiveState, bearerType = IP, ipaddress = 70.5.41.227, gw=70.5.41.225, dns=[68.28.67.132, 68.28.68.132]
02-09 18:07:07.402 I/DATA    (27234): [DCT(0) ] ---ds list---
02-09 18:07:07.402 I/DATA    (27234): [DCT(0) ] ds= SERVICE_TYPE_DEFAULT, enabled = true, active = v4:CONNECTED(0) v6:IDLE
02-09 18:07:07.402 I/DATA    (27234): [DCT(0) ] ds= SERVICE_TYPE_MMS, enabled = false, active = v4:CONNECTED(0) v6:IDLE
02-09 18:07:07.402 I/DATA    (27234): [DCT(0) ] ds= SERVICE_TYPE_SUPL, enabled = false, active = v4:CONNECTED(0) v6:IDLE
02-09 18:07:07.402 I/DATA    (27234): [DCT(0) ] ds= SERVICE_TYPE_DUN, enabled = false, active = v4:IDLE v6:IDLE
02-09 18:07:07.402 I/DATA    (27234): [DCT(0) ] ds= SERVICE_TYPE_HIPRI, enabled = false, active = v4:CONNECTED(0) v6:IDLE
02-09 18:07:07.402 I/DATA    (27234): [DCT(0) ] Ready for data : 
02-09 18:07:07.402 I/DATA    (27234): [DCT(0) ]    getDesiredPowerState() = true
02-09 18:07:07.402 I/DATA    (27234): [DCT(0) ]    mCm.getRadioState() = RADIO_ON
02-09 18:07:07.402 I/DATA    (27234): [DCT(0) ]    [DataRadioTech = RADIO_TECH_EVDO_A, data network state = 0, mMasterDataEnabled = true, is Roaming = false, dataOnRoamingEnable = false, isPsRestricted = false, desiredPowerState  = true, mSIMRecords = , cdmaSubSource = 1/310120, mRuimRecords = , checks = true/true]
02-09 18:07:07.412 D/AlarmManager(27162): +++Alarm set:type=2 com.google.android.location  Trigger after:52113ms
02-09 18:07:07.412 D/PhoneApp(27234): old phone type:2, New Phone type:2
02-09 18:07:07.412 D/NotificationMgr(27234): hideDataDisconnectedRoaming()...
02-09 18:07:07.412 D/PhoneApp(27234): old phone type:2, New Phone type:2
02-09 18:07:07.412 D/NotificationMgr(27234): hideDataDisconnectedRoaming()...
02-09 18:07:07.412 D/PhoneApp(27234): old phone type:2, New Phone type:2
02-09 18:07:07.412 D/NotificationMgr(27234): hideDataDisconnectedRoaming()...
02-09 18:07:07.412 D/PhoneApp(27234): old phone type:2, New Phone type:2
02-09 18:07:07.412 D/NotificationMgr(27234): hideDataDisconnectedRoaming()...
02-09 18:07:07.412 D/PhoneApp(27234): old phone type:2, New Phone type:2
02-09 18:07:07.412 D/NotificationMgr(27234): hideDataDisconnectedRoaming()...
02-09 18:07:07.412 D/PhoneApp(27234): old phone type:2, New Phone type:2
02-09 18:07:07.412 D/NotificationMgr(27234): hideDataDisconnectedRoaming()...
02-09 18:07:07.412 D/PhoneApp(27234): old phone type:2, New Phone type:2
02-09 18:07:07.412 D/NotificationMgr(27234): hideDataDisconnectedRoaming()...
02-09 18:07:07.412 D/PhoneApp(27234): old phone type:2, New Phone type:2
02-09 18:07:07.412 D/NotificationMgr(27234): hideDataDisconnectedRoaming()...
02-09 18:07:07.412 D/PhoneApp(27234): old phone type:2, New Phone type:2
02-09 18:07:07.412 D/NotificationMgr(27234): hideDataDisconnectedRoaming()...
02-09 18:07:07.412 D/PhoneApp(27234): old phone type:2, New Phone type:2
02-09 18:07:07.412 D/NotificationMgr(27234): hideDataDisconnectedRoaming()...
02-09 18:07:07.422 D/MobileDataStateTracker(27162): [hipri]  apnTypeList = default
02-09 18:07:07.422 D/MobileDataStateTracker(27162): [hipri]  unavailable = false
02-09 18:07:07.422 D/MobileDataStateTracker(27162): [hipri] Do not process intents if disabled.
02-09 18:07:07.422 D/MobileDataStateTracker(27162): [dun]  MobileDataStateReceiver onReceive(): Entry.
02-09 18:07:07.422 D/MobileDataStateTracker(27162): [dun]  intent.getAction()= android.intent.action.ANY_DATA_STATE
02-09 18:07:07.422 D/MobileDataStateTracker(27162): [dun]  mEnabled = false
02-09 18:07:07.422 D/MobileDataStateTracker(27162): [dun]  apnTypeList = default
02-09 18:07:07.422 D/MobileDataStateTracker(27162): [dun]  unavailable = false
02-09 18:07:07.422 D/MobileDataStateTracker(27162): [dun] Do not process intents if disabled.
02-09 18:07:07.422 D/MobileDataStateTracker(27162): [supl]  MobileDataStateReceiver onReceive(): Entry.
02-09 18:07:07.422 D/MobileDataStateTracker(27162): [supl]  intent.getAction()= android.intent.action.ANY_DATA_STATE
02-09 18:07:07.422 D/MobileDataStateTracker(27162): [supl]  mEnabled = false
02-09 18:07:07.422 D/MobileDataStateTracker(27162): [supl]  apnTypeList = default
02-09 18:07:07.422 D/MobileDataStateTracker(27162): [supl]  unavailable = false
02-09 18:07:07.422 D/MobileDataStateTracker(27162): [supl] Do not process intents if disabled.
02-09 18:07:07.422 D/MobileDataStateTracker(27162): [mms]  MobileDataStateReceiver onReceive(): Entry.
02-09 18:07:07.422 D/MobileDataStateTracker(27162): [mms]  intent.getAction()= android.intent.action.ANY_DATA_STATE
02-09 18:07:07.422 D/MobileDataStateTracker(27162): [mms]  mEnabled = false
02-09 18:07:07.422 D/MobileDataStateTracker(27162): [mms]  apnTypeList = default
02-09 18:07:07.422 D/MobileDataStateTracker(27162): [mms]  unavailable = false
02-09 18:07:07.422 D/MobileDataStateTracker(27162): [mms] Do not process intents if disabled.
02-09 18:07:07.422 D/MobileDataStateTracker(27162): [default]  MobileDataStateReceiver onReceive(): Entry.
02-09 18:07:07.422 D/MobileDataStateTracker(27162): [default]  intent.getAction()= android.intent.action.ANY_DATA_STATE
02-09 18:07:07.422 D/MobileDataStateTracker(27162): [default]  mEnabled = true
02-09 18:07:07.442 D/MobileDataStateTracker(27162): [default]  apnTypeList = default
02-09 18:07:07.442 D/MobileDataStateTracker(27162): [default]  unavailable = false
02-09 18:07:07.442 D/MobileDataStateTracker(27162): [default] CALL updateMobileInfoFromIntent
02-09 18:07:07.442 I/MobileDataStateTracker(27162): [default] dc state change intent received for default/INET6 with state  DISCONNECTED. enabled=true state change reason = radioTechnologyChanged
02-09 18:07:07.442 I/MobileDataStateTracker(27162): [default] old state = DISCONNECTED
02-09 18:07:07.442 I/MobileDataStateTracker(27162): [default] no change,  just return
02-09 18:07:07.442 D/MobileDataStateTracker(27162): [default] No need to update detailed state
02-09 18:07:07.442 D/MobileDataStateTracker(27162): [hipri]  MobileDataStateReceiver onReceive(): Entry.
02-09 18:07:07.442 D/MobileDataStateTracker(27162): [hipri]  intent.getAction()= android.intent.action.ANY_DATA_STATE
02-09 18:07:07.442 D/MobileDataStateTracker(27162): [hipri]  mEnabled = false
02-09 18:07:07.442 D/MobileDataStateTracker(27162): [hipri]  apnTypeList = mms
02-09 18:07:07.442 D/MobileDataStateTracker(27162): [hipri]  unavailable = false
02-09 18:07:07.442 D/MobileDataStateTracker(27162): [hipri] Do not process intents if disabled.
02-09 18:07:07.442 D/MobileDataStateTracker(27162): [dun]  MobileDataStateReceiver onReceive(): Entry.
02-09 18:07:07.442 D/MobileDataStateTracker(27162): [dun]  intent.getAction()= android.intent.action.ANY_DATA_STATE
02-09 18:07:07.442 D/MobileDataStateTracker(27162): [dun]  mEnabled = false
02-09 18:07:07.442 D/MobileDataStateTracker(27162): [dun]  apnTypeList = mms
02-09 18:07:07.442 D/MobileDataStateTracker(27162): [dun]  unavailable = false
02-09 18:07:07.442 D/MobileDataStateTracker(27162): [dun] Do not process intents if disabled.
02-09 18:07:07.452 D/MobileDataStateTracker(27162): [supl]  MobileDataStateReceiver onReceive(): Entry.
02-09 18:07:07.452 D/MobileDataStateTracker(27162): [supl]  intent.getAction()= android.intent.action.ANY_DATA_STATE
02-09 18:07:07.452 D/MobileDataStateTracker(27162): [supl]  mEnabled = false
02-09 18:07:07.452 D/MobileDataStateTracker(27162): [supl]  apnTypeList = mms
02-09 18:07:07.452 D/MobileDataStateTracker(27162): [supl]  unavailable = false
02-09 18:07:07.452 D/MobileDataStateTracker(27162): [supl] Do not process intents if disabled.
02-09 18:07:07.452 D/MobileDataStateTracker(27162): [mms]  MobileDataStateReceiver onReceive(): Entry.
