02-09 18:13:04.606 D/PowerManagerService(27162): releaseWakeLock flags=0x1 tag=NetworkLocationLocator
02-09 18:13:04.616 D/PowerManagerService(27162): acquireWakeLock flags=0x1 tag=WifiService
02-09 18:13:04.616 D/PowerManagerService(27162): releaseWakeLock flags=0x1 tag=NetworkLocationCallbackRunner
02-09 18:13:04.616 D/PowerManagerService(27162): acquireWakeLock flags=0x1 tag=NetworkLocationCallbackRunner
02-09 18:13:04.616 D/AlarmManager(27162): +++Alarm set:type=2 com.google.android.apps.maps  Trigger after:2147483408496ms
02-09 18:13:04.616 D/PowerManagerService(27162): releaseWakeLock flags=0x1 tag=NetworkLocationCallbackRunner
02-09 18:13:04.626 I/dun_service(  123): process rmnet event
02-09 18:13:04.626 I/dun_service(  123): Post event 4
02-09 18:13:04.626 I/dun_service(  123): received event: DUN_EVENT_RMNET_UP 
02-09 18:13:04.626 I/dun_service(  123): received event(DUN_EVENT_RMNET_UP) in state(DUN_STATE_USB_UNPLUG)
02-09 18:13:04.626 I/dun_service(  123): Ignoring the event DUN_EVENT_RMNET_UP in USB_UNPLUG_STATE
02-09 18:13:04.626 I/dun_service(  123): Moved to state(DUN_STATE_USB_UNPLUG)
02-09 18:13:04.626 I/wpa_supplicant(30784): CTRL-EVENT-DRIVER-STATE STOPPED
02-09 18:13:04.626 D/KeyguardViewMediator(27162): setHidden false
02-09 18:13:04.636 I/DATA    (27234): [DCT(0) ] intent received :android.net.wifi.STATE_CHANGE
02-09 18:13:04.636 W/AlarmManager(27162): +++alarm onSendFinished ,action=com.google.android.location.ALARM_WAKEUP_LOCATOR
02-09 18:13:04.636 D/PowerManagerService(27162): releaseWakeLock flags=0x1 tag=AlarmManager
02-09 18:13:04.636 D/KeyguardViewMediator(27162): setHidden false
02-09 18:13:07.099 I/System.out(27265): [INFO:26736570]: LogSource: Running delayed flush
02-09 18:13:07.119 I/System.out(27265): [INFO:26736582]: LogSource: Running flush
02-09 18:13:12.624 D/PowerManagerService(27162): releaseWakeLock flags=0x1 tag=WifiService
02-09 18:13:12.624 D/PowerManagerService(27162):  ALL PARTIAL wakeLock Released ! 
02-09 18:13:19.522 I/System.out(27265): [SEVERE:26748991]: LogSource: AsyncHttpRequestImpl.run(): exception thrown : Read error: ssl=0x3a82d0: I/O error during system call, Connection reset by peer: javax.net.ssl.SSLException
02-09 18:13:19.522 D/WifiLocator(27265): Too many no-location APs. Will not compute a location nor go to the server. hasLocation=0 noLocation=0 cacheMiss=0
02-09 18:13:19.522 D/CellLocator(27265): Found cell location: Position [redacted]
02-09 18:13:19.522 D/androidNlpServiceThread(27265): reporting Location[mProvider=network,mTime=1328832799532,mLatitude=38.9107931,mLongitude=-94.6482693,mHasAltitude=false,mAltitude=0.0,mHasSpeed=false,mSpeed=0.0,mHasBearing=false,mBearing=0.0,mHasAccuracy=true,mAccuracy=1544.0,mExtras=Bundle[{networkLocationSource=cached, networkLocationType=cell}]]
02-09 18:13:19.522 D/AlarmManager(27162): +++Alarm set:type=2 com.google.android.location  Trigger after:280034ms
02-09 18:13:19.542 E/GlsClient-query(27265): requestFailed
02-09 18:13:19.542 E/GlsClient-query(27265): javax.net.ssl.SSLException: Read error: ssl=0x3a82d0: I/O error during system call, Connection reset by peer
02-09 18:13:19.542 E/GlsClient-query(27265): 	at org.apache.harmony.xnet.provider.jsse.NativeCrypto.SSL_read(Native Method)
02-09 18:13:19.542 E/GlsClient-query(27265): 	at org.apache.harmony.xnet.provider.jsse.OpenSSLSocketImpl$SSLInputStream.read(OpenSSLSocketImpl.java:788)
02-09 18:13:19.542 E/GlsClient-query(27265): 	at org.apache.http.impl.io.AbstractSessionInputBuffer.fillBuffer(AbstractSessionInputBuffer.java:103)
02-09 18:13:19.542 E/GlsClient-query(27265): 	at org.apache.http.impl.io.AbstractSessionInputBuffer.readLine(AbstractSessionInputBuffer.java:191)
02-09 18:13:19.542 E/GlsClient-query(27265): 	at org.apache.http.impl.conn.DefaultResponseParser.parseHead(DefaultResponseParser.java:82)
02-09 18:13:19.542 E/GlsClient-query(27265): 	at org.apache.http.impl.io.AbstractMessageParser.parse(AbstractMessageParser.java:174)
02-09 18:13:19.542 E/GlsClient-query(27265): 	at org.apache.http.impl.AbstractHttpClientConnection.receiveResponseHeader(AbstractHttpClientConnection.java:179)
02-09 18:13:19.542 E/GlsClient-query(27265): 	at org.apache.http.impl.conn.DefaultClientConnection.receiveResponseHeader(DefaultClientConnection.java:235)
02-09 18:13:19.542 E/GlsClient-query(27265): 	at org.apache.http.impl.conn.AbstractClientConnAdapter.receiveResponseHeader(AbstractClientConnAdapter.java:259)
02-09 18:13:19.542 E/GlsClient-query(27265): 	at org.apache.http.protocol.HttpRequestExecutor.doReceiveResponse(HttpRequestExecutor.java:279)
02-09 18:13:19.542 E/GlsClient-query(27265): 	at org.apache.http.protocol.HttpRequestExecutor.execute(HttpRequestExecutor.java:121)
02-09 18:13:19.542 E/GlsClient-query(27265): 	at org.apache.http.impl.client.DefaultRequestDirector.execute(DefaultRequestDirector.java:421)
02-09 18:13:19.542 E/GlsClient-query(27265): 	at org.apache.http.impl.client.AbstractHttpClient.execute(AbstractHttpClient.java:555)
02-09 18:13:19.542 E/GlsClient-query(27265): 	at org.apache.http.impl.client.AbstractHttpClient.execute(AbstractHttpClient.java:487)
02-09 18:13:19.542 E/GlsClient-query(27265): 	at com.google.common.io.android.AndroidHttpClient.execute(Unknown Source)
02-09 18:13:19.542 E/GlsClient-query(27265): 	at com.google.common.io.android.GoogleHttpClient.executeWithoutRewriting(Unknown Source)
02-09 18:13:19.542 E/GlsClient-query(27265): 	at com.google.common.io.android.GoogleHttpClient.execute(Unknown Source)
02-09 18:13:19.542 E/GlsClient-query(27265): 	at com.google.common.io.android.GoogleHttpClient.execute(Unknown Source)
02-09 18:13:19.542 E/GlsClient-query(27265): 	at com.google.common.io.android.AndroidHttpConnectionFactory$AndroidGoogleHttpConnection.getResponse(Unknown Source)
02-09 18:13:19.542 E/GlsClient-query(27265): 	at com.google.common.io.android.AndroidHttpConnectionFactory$AndroidGoogleHttpConnection.getResponseCode(Unknown Source)
02-09 18:13:19.542 E/GlsClient-query(27265): 	at com.google.common.async.AsyncHttpRequestFactory$AsyncHttpRequestImpl.run(Unknown Source)
02-09 18:13:19.542 E/GlsClient-query(27265): 	at com.google.common.async.AsyncHttpRequestFactory.executeNextRequest(Unknown Source)
02-09 18:13:19.542 E/GlsClient-query(27265): 	at com.google.common.async.AsyncHttpRequestFactory.run(Unknown Source)
02-09 18:13:19.542 E/GlsClient-query(27265): 	at com.google.common.lang.BaseThreadFactory$ThreadImpl.run(Unknown Source)
02-09 18:13:19.542 D/PowerManagerService(27162): acquireWakeLock flags=0x1 tag=GpsLocationProvider
02-09 18:13:19.552 D/PowerManagerService(27162): releaseWakeLock flags=0x1 tag=GpsLocationProvider
02-09 18:13:19.552 D/PowerManagerService(27162):  ALL PARTIAL wakeLock Released ! 
02-09 18:13:19.552 D/ClientReporter(27265): reported location
02-09 18:13:19.552 D/PowerManagerService(27162): acquireWakeLock flags=0x1 tag=LocationManagerService
02-09 18:13:19.552 D/PowerManagerService(27162): releaseWakeLock flags=0x1 tag=LocationManagerService
02-09 18:13:19.552 D/PowerManagerService(27162):  ALL PARTIAL wakeLock Released ! 
02-09 18:13:19.562 D/PowerManagerService(27162): acquireWakeLock flags=0x1 tag=LocationManagerService
02-09 18:13:19.562 D/PowerManagerService(27162): releaseWakeLock flags=0x1 tag=LocationManagerService
02-09 18:13:19.562 D/PowerManagerService(27162):  ALL PARTIAL wakeLock Released ! 
02-09 18:13:32.532 D/PowerManagerService(27162): acquireWakeLock flags=0x1 tag=ServiceStateTracker
02-09 18:13:32.542 D/PowerManagerService(27162): releaseWakeLock flags=0x1 tag=ServiceStateTracker
02-09 18:13:32.542 D/PowerManagerService(27162):  ALL PARTIAL wakeLock Released ! 
02-09 18:15:11.522 I/dun_service(  123): The value returned from dun_getusbmodemstate_fromsys is 2 
02-09 18:15:11.522 D/PowerManagerService(27162): acquireWakeLock flags=0x1 tag=AlarmManager
02-09 18:15:11.522 D/KeyguardUpdateMonitor(27162): received broadcast android.intent.action.BATTERY_CHANGED
02-09 18:15:11.522 D/KeyguardUpdateMonitor(27162): handleBatteryUpdate
02-09 18:15:11.542 D/KeyguardUpdateMonitor(27162): received broadcast android.intent.action.TIME_TICK
02-09 18:15:11.542 D/KeyguardUpdateMonitor(27162): handleTimeUpdate
02-09 18:15:11.562 D/PowerManagerService(27162): releaseWakeLock flags=0x1 tag=AlarmManager
02-09 18:15:11.572 D/PowerManagerService(27162):  ALL PARTIAL wakeLock Released ! 
02-09 18:15:11.582 D/PowerManagerService(27162): acquireWakeLock flags=0x1 tag=ServiceStateTracker
02-09 18:15:11.582 D/PowerManagerService(27162): releaseWakeLock flags=0x1 tag=ServiceStateTracker
02-09 18:15:11.582 D/PowerManagerService(27162):  ALL PARTIAL wakeLock Released ! 
02-09 18:15:14.624 E/rmt_storage(  155): [MyTag]open: fd=-1
02-09 18:15:14.624 E/rmt_storage(  155): block rmt_storage client thread
02-09 18:15:37.522 I/dun_service(  123): The value returned from dun_getusbmodemstate_fromsys is 2 
02-09 18:15:37.542 D/KeyguardUpdateMonitor(27162): received broadcast android.intent.action.BATTERY_CHANGED
02-09 18:15:37.542 D/KeyguardUpdateMonitor(27162): handleBatteryUpdate
02-09 18:15:37.542 D/PowerManagerService(27162): acquireWakeLock flags=0x1 tag=ServiceStateTracker
02-09 18:15:37.552 D/PowerManagerService(27162): releaseWakeLock flags=0x1 tag=ServiceStateTracker
02-09 18:15:37.552 D/PowerManagerService(27162):  ALL PARTIAL wakeLock Released ! 
02-09 18:15:37.582 D/PowerManagerService(27162): acquireWakeLock flags=0x1 tag=ServiceStateTracker
02-09 18:15:37.592 D/PowerManagerService(27162): releaseWakeLock flags=0x1 tag=ServiceStateTracker
02-09 18:15:37.592 D/PowerManagerService(27162):  ALL PARTIAL wakeLock Released ! 
02-09 18:15:45.532 D/PowerManagerService(27162): acquireWakeLock flags=0x1 tag=ServiceStateTracker
02-09 18:15:45.542 D/PowerManagerService(27162): releaseWakeLock flags=0x1 tag=ServiceStateTracker
02-09 18:15:45.542 D/PowerManagerService(27162):  ALL PARTIAL wakeLock Released ! 
02-09 18:16:07.522 D/PowerManagerService(27162): acquireWakeLock flags=0x1 tag=AlarmManager
02-09 18:16:07.522 D/KeyguardUpdateMonitor(27162): received broadcast android.intent.action.TIME_TICK
02-09 18:16:07.522 D/KeyguardUpdateMonitor(27162): handleTimeUpdate
02-09 18:16:07.552 D/PowerManagerService(27162): releaseWakeLock flags=0x1 tag=AlarmManager
02-09 18:16:07.552 D/PowerManagerService(27162):  ALL PARTIAL wakeLock Released ! 
02-09 18:16:07.572 D/PowerManagerService(27162): acquireWakeLock flags=0x1 tag=ServiceStateTracker
02-09 18:16:07.582 D/PowerManagerService(27162): releaseWakeLock flags=0x1 tag=ServiceStateTracker
02-09 18:16:07.582 D/PowerManagerService(27162):  ALL PARTIAL wakeLock Released ! 
02-09 18:16:11.532 D/PowerManagerService(27162): acquireWakeLock flags=0x1 tag=ServiceStateTracker
02-09 18:16:11.542 D/PowerManagerService(27162): releaseWakeLock flags=0x1 tag=ServiceStateTracker
02-09 18:16:11.542 D/PowerManagerService(27162):  ALL PARTIAL wakeLock Released ! 
02-09 18:16:19.542 D/PowerManagerService(27162): acquireWakeLock flags=0x1 tag=GTALK_CONN
02-09 18:16:19.542 D/AlarmManager(27162): +++Alarm set:type=2 com.google.android.gsf  Trigger after:1679999ms
02-09 18:16:19.692 D/PowerManagerService(27162): releaseWakeLock flags=0x1 tag=GTALK_CONN
02-09 18:16:19.692 D/PowerManagerService(27162):  ALL PARTIAL wakeLock Released ! 
02-09 18:16:19.692 D/PowerManagerService(27162): acquireWakeLock flags=0x1 tag=GTALK_CONN
02-09 18:16:19.702 D/PowerManagerService(27162): acquireWakeLock flags=0x1 tag=GOOGLE_C2DM
02-09 18:16:19.712 D/AlarmManager(27162): +++Alarm set:type=2 com.google.android.gsf  Trigger after:1679997ms
02-09 18:16:19.732 D/GoogleVoice(27649): A notification tickle arrived.
02-09 18:16:19.892 D/PowerManagerService(27162): releaseWakeLock flags=0x1 tag=GTALK_CONN
02-09 18:16:19.902 D/PowerManagerService(27162): acquireWakeLock flags=0x1 tag=GTALK_CONN
02-09 18:16:19.932 D/PowerManagerService(27162): releaseWakeLock flags=0x1 tag=GTALK_CONN
02-09 18:16:23.615 D/PowerManagerService(27162): acquireWakeLock flags=0x1 tag=SMSDispatcher
02-09 18:16:23.685 D/PowerManagerService(27162): acquireWakeLock flags=0x1 tag=com.google.android.apps.googlevoice.UpdateService
02-09 18:16:24.316 D/PowerManagerService(27162): releaseWakeLock flags=0x1 tag=com.google.android.apps.googlevoice.UpdateService
02-09 18:16:24.316 D/GoogleVoice(27649): A notification tickle arrived.
02-09 18:16:28.630 D/PowerManagerService(27162): releaseWakeLock flags=0x1 tag=SMSDispatcher
02-09 18:16:28.880 D/PowerManagerService(27162): acquireWakeLock flags=0x1 tag=com.google.android.apps.googlevoice.UpdateService
02-09 18:16:28.880 D/PowerManagerService(27162): releaseWakeLock flags=0x1 tag=GOOGLE_C2DM
02-09 18:16:28.890 I/V3Client(27841): SMS ignored
02-09 18:16:28.910 E/HQB     (27733): onReceiveWithPrivilege  action received android.provider.Telephony.SMS_RECEIVED
02-09 18:16:28.910 D/PowerManagerService(27162): acquireWakeLock flags=0x1 tag=StartingAlertService
02-09 18:16:28.921 D/PowerManagerService(27162): releaseWakeLock flags=0x1 tag=com.google.android.apps.googlevoice.UpdateService
02-09 18:16:28.991 D/SmsReceiverService(27733): isSelfRegSMS-teleService = 4098
02-09 18:16:29.021 D/SmsReceiverService(27733): first =0
02-09 18:16:29.021 D/SmsReceiverService(27733): possibleIndex =null
02-09 18:16:29.031 D/SmsReceiverService(27733): processed indexString =null
02-09 18:16:29.031 D/SmsReceiverService(27733): first =0
02-09 18:16:29.031 D/SmsReceiverService(27733): possibleIndex =null
02-09 18:16:29.041 D/SmsReceiverService(27733): processed indexString =null
02-09 18:16:29.041 I/Mms     (27733): parseMmsAddress number=9137446943, length=10
02-09 18:16:29.091 I/ContactsProvider(27282): query: content://com.android.contacts/data
02-09 18:16:29.101 E/ContactsProvider(27282): 101123 isCallerRegisterNeedSIMProc callerPid:27733, acorePid:27282
02-09 18:16:29.101 I/ContactsProvider(27282): query isCallerRegistered= true
02-09 18:16:29.141 I/ContactsProvider(27282): query forOnlyOneContactString= 0
02-09 18:16:29.241 I/ContactsProvider(27282): query: content://com.android.contacts/contacts/222/photo
02-09 18:16:29.241 E/ContactsProvider(27282): 101123 isCallerRegisterNeedSIMProc callerPid:27733, acorePid:27282
02-09 18:16:29.251 I/ContactsProvider(27282): query isCallerRegistered= true
02-09 18:16:29.281 I/ContactsProvider(27282): query forOnlyOneContactString= 0
02-09 18:16:29.321 D/MmsSmsProvider(27234): getThreadId:enter cursor.toAddressIds.size=1
02-09 18:16:29.361 D/MmsSmsProvider(27234): getThreadId:enter cursor.getCount()=1
02-09 18:16:29.381 D/MmsSmsProvider(27234): getThreadId:enter cursorAddr.getCount()=1needNewThread=false
02-09 18:16:29.551 I/ContactsProvider(27282): query: content://contacts/phones/filter/9137446943
02-09 18:16:29.551 E/ContactsProvider(27282): 101123 isCallerRegisterNeedSIMProc callerPid:27234, acorePid:27282
02-09 18:16:29.551 I/ContactsProvider(27282): query isCallerRegistered= true
02-09 18:16:29.581 D/PowerManagerService(27162): acquireWakeLock flags=0x1 tag=com.google.android.apps.googlevoice.UpdateService
02-09 18:16:29.581 D/PowerManagerService(27162): acquireWakeLock flags=0x1 tag=RILJ
02-09 18:16:29.591 D/PowerManagerService(27162): releaseWakeLock flags=0x1 tag=RILJ
02-09 18:16:29.591 D/PowerManagerService(27162): releaseWakeLock flags=0x1 tag=com.google.android.apps.googlevoice.UpdateService
02-09 18:16:29.591 I/ContactsProvider(27282): query forOnlyOneContactString= 0
02-09 18:16:29.651 D/Mms     (27733): formatTimeStampString1 ,when = 1328832562611
02-09 18:16:29.651 D/Mms     (27733): formatTimeStampString2 ,when = 1328832562611
02-09 18:16:29.681 D/Mms     (27733): formatTimeStampString1 ,when = 1328830240261
02-09 18:16:29.681 D/Mms     (27733): formatTimeStampString2 ,when = 1328830240261
02-09 18:16:29.681 D/MessageItem(27733): MessageItem ,expiryDate = 0
02-09 18:16:29.691 D/Mms     (27733): formatTimeStampString1 ,when = 1328829063515
02-09 18:16:29.691 D/Mms     (27733): formatTimeStampString2 ,when = 1328829063515
02-09 18:16:29.751 D/Mms     (27733): formatTimeStampString1 ,when = 1328832562611
02-09 18:16:29.751 D/Mms     (27733): formatTimeStampString2 ,when = 1328832562611
02-09 18:16:29.761 D/Mms     (27733): formatTimeStampString1 ,when = 1328830240261
02-09 18:16:29.761 D/Mms     (27733): formatTimeStampString2 ,when = 1328830240261
02-09 18:16:29.771 D/MessageItem(27733): MessageItem ,expiryDate = 0
02-09 18:16:29.771 D/Mms     (27733): formatTimeStampString1 ,when = 1328829063515
02-09 18:16:29.771 D/Mms     (27733): formatTimeStampString2 ,when = 1328829063515
02-09 18:16:29.831 D/Mms:app (27733): in getIconResourceId cmasNo =0
02-09 18:16:29.831 D/Mms:app (27733): in getIconResourceId cmasNo = 0, cancel(notificationId)
02-09 18:16:29.851 I/Mms     (27733): parseMmsAddress number=9137446943, length=10
02-09 18:16:29.851 I/ContactsProvider(27282): query: content://com.android.contacts/data
02-09 18:16:29.851 E/ContactsProvider(27282): 101123 isCallerRegisterNeedSIMProc callerPid:27733, acorePid:27282
02-09 18:16:29.861 I/ContactsProvider(27282): query isCallerRegistered= true
02-09 18:16:29.861 I/ContactsProvider(27282): query forOnlyOneContactString= 0
02-09 18:16:29.861 I/ContactsProvider(27282): query: content://com.android.contacts/contacts/222/photo
02-09 18:16:29.861 E/ContactsProvider(27282): 101123 isCallerRegisterNeedSIMProc callerPid:27733, acorePid:27282
02-09 18:16:29.871 I/ContactsProvider(27282): query isCallerRegistered= true
02-09 18:16:29.871 I/ContactsProvider(27282): query forOnlyOneContactString= 0
02-09 18:16:29.891 D/PowerManagerService(27162): acquireWakeLock flags=0x1 tag=*vibrator*
02-09 18:16:29.891 E/lights  (27162):   g_haveAmberLed=0
02-09 18:16:29.901 E/lights  (27162):   red=0
02-09 18:16:29.901 E/lights  (27162):   green=255
02-09 18:16:29.901 E/lights  (27162):   blink=1
02-09 18:16:29.921 D/KeyguardViewMediator(27162): setHidden false
02-09 18:16:29.921 D/KeyguardViewMediator(27162): setHidden false
02-09 18:16:29.942 D/PowerManagerService(27162): releaseWakeLock flags=0x1 tag=StartingAlertService
02-09 18:16:30.662 D/PowerManagerService(27162): releaseWakeLock flags=0x1 tag=*vibrator*
02-09 18:16:30.662 D/PowerManagerService(27162):  ALL PARTIAL wakeLock Released ! 
02-09 18:17:09.522 I/dun_service(  123): The value returned from dun_getusbmodemstate_fromsys is 2 
02-09 18:17:09.522 D/PowerManagerService(27162): acquireWakeLock flags=0x1 tag=AlarmManager
02-09 18:17:09.522 D/PowerManagerService(27162): acquireWakeLock flags=0x1 tag=RILJ
02-09 18:17:09.522 D/KeyguardUpdateMonitor(27162): received broadcast android.intent.action.TIME_TICK
02-09 18:17:09.522 D/KeyguardUpdateMonitor(27162): handleTimeUpdate
02-09 18:17:09.542 D/KeyguardUpdateMonitor(27162): received broadcast android.intent.action.BATTERY_CHANGED
02-09 18:17:09.552 D/KeyguardUpdateMonitor(27162): handleBatteryUpdate
02-09 18:17:09.562 D/PowerManagerService(27162): releaseWakeLock flags=0x1 tag=AlarmManager
02-09 18:17:09.772 D/PowerManagerService(27162): releaseWakeLock flags=0x1 tag=RILJ
02-09 18:17:09.772 D/PowerManagerService(27162):  ALL PARTIAL wakeLock Released ! 
02-09 18:17:10.372 D/PowerManagerService(27162): acquireWakeLock flags=0x1 tag=SMSDispatcher
02-09 18:17:10.372 I/V3Client(27841): SMS ignored
02-09 18:17:10.382 E/HQB     (27733): onReceiveWithPrivilege  action received android.provider.Telephony.SMS_RECEIVED
02-09 18:17:10.382 D/PowerManagerService(27162): acquireWakeLock flags=0x1 tag=StartingAlertService
02-09 18:17:10.422 D/SmsReceiverService(27733): isSelfRegSMS-teleService = 4098
02-09 18:17:10.482 D/SmsReceiverService(27733): first =-1
02-09 18:17:10.482 D/SmsReceiverService(27733): possibleIndex =10
02-09 18:17:10.482 D/SmsReceiverService(27733): processed indexString =10
02-09 18:17:10.603 E/rmt_storage(  155): [MyTag]open: fd=-1
02-09 18:17:10.603 E/rmt_storage(  155): block rmt_storage client thread
02-09 18:17:10.673 D/SmsReceiverService(27733): first =-1
02-09 18:17:10.713 D/SmsReceiverService(27733): possibleIndex =10
02-09 18:17:10.713 D/SmsReceiverService(27733): processed indexString =10
02-09 18:17:10.893 D/MmsSmsProvider(27234): getThreadId:enter cursor.toAddressIds.size=1
02-09 18:17:10.933 D/MmsSmsProvider(27234): getThreadId:enter cursor.getCount()=1
02-09 18:17:10.963 D/MmsSmsProvider(27234): getThreadId:enter cursorAddr.getCount()=1needNewThread=false
02-09 18:17:11.123 I/ContactsProvider(27282): query: content://contacts/phones/filter/9136084351
02-09 18:17:11.123 E/ContactsProvider(27282): 101123 isCallerRegisterNeedSIMProc callerPid:27234, acorePid:27282
02-09 18:17:11.123 I/ContactsProvider(27282): query isCallerRegistered= true
02-09 18:17:11.163 I/ContactsProvider(27282): query forOnlyOneContactString= 0
02-09 18:17:11.213 D/PowerManagerService(27162): acquireWakeLock flags=0x1 tag=com.google.android.apps.googlevoice.UpdateService
02-09 18:17:11.213 D/PowerManagerService(27162): acquireWakeLock flags=0x1 tag=RILJ
02-09 18:17:11.223 D/PowerManagerService(27162): releaseWakeLock flags=0x1 tag=com.google.android.apps.googlevoice.UpdateService
02-09 18:17:11.253 D/Mms     (27733): formatTimeStampString1 ,when = 1328833030481
02-09 18:17:11.253 D/Mms     (27733): formatTimeStampString2 ,when = 1328833030481
02-09 18:17:11.253 D/MessageItem(27733): MessageItem ,expiryDate = 0
02-09 18:17:11.253 D/Mms     (27733): formatTimeStampString1 ,when = 1328832562611
02-09 18:17:11.253 D/Mms     (27733): formatTimeStampString2 ,when = 1328832562611
02-09 18:17:11.263 D/Mms     (27733): formatTimeStampString1 ,when = 1328830240261
02-09 18:17:11.263 D/Mms     (27733): formatTimeStampString2 ,when = 1328830240261
02-09 18:17:11.263 D/MessageItem(27733): MessageItem ,expiryDate = 0
02-09 18:17:11.293 D/Mms     (27733): formatTimeStampString1 ,when = 1328829063515
02-09 18:17:11.293 D/Mms     (27733): formatTimeStampString2 ,when = 1328829063515
02-09 18:17:11.323 D/Mms     (27733): formatTimeStampString1 ,when = 1328833030481
02-09 18:17:11.323 D/Mms     (27733): formatTimeStampString2 ,when = 1328833030481
02-09 18:17:11.323 D/MessageItem(27733): MessageItem ,expiryDate = 0
02-09 18:17:11.323 D/Mms     (27733): formatTimeStampString1 ,when = 1328832562611
02-09 18:17:11.323 D/Mms     (27733): formatTimeStampString2 ,when = 1328832562611
02-09 18:17:11.333 D/Mms     (27733): formatTimeStampString1 ,when = 1328830240261
02-09 18:17:11.333 D/Mms     (27733): formatTimeStampString2 ,when = 1328830240261
02-09 18:17:11.333 D/MessageItem(27733): MessageItem ,expiryDate = 0
02-09 18:17:11.343 D/Mms     (27733): formatTimeStampString1 ,when = 1328829063515
02-09 18:17:11.343 D/Mms     (27733): formatTimeStampString2 ,when = 1328829063515
02-09 18:17:11.393 D/Mms:app (27733): in getIconResourceId cmasNo =0
02-09 18:17:11.393 D/Mms:app (27733): in getIconResourceId cmasNo = 0, cancel(notificationId)
02-09 18:17:11.413 I/Mms     (27733): parseMmsAddress number=9136084351, length=10
02-09 18:17:11.423 I/ContactsProvider(27282): query: content://com.android.contacts/data
02-09 18:17:11.423 E/ContactsProvider(27282): 101123 isCallerRegisterNeedSIMProc callerPid:27733, acorePid:27282
02-09 18:17:11.423 I/ContactsProvider(27282): query isCallerRegistered= true
02-09 18:17:11.423 I/ContactsProvider(27282): query forOnlyOneContactString= 0
02-09 18:17:11.433 I/ContactsProvider(27282): query: content://com.android.contacts/contacts/176/photo
02-09 18:17:11.433 E/ContactsProvider(27282): 101123 isCallerRegisterNeedSIMProc callerPid:27733, acorePid:27282
02-09 18:17:11.433 I/ContactsProvider(27282): query isCallerRegistered= true
02-09 18:17:11.433 I/ContactsProvider(27282): query forOnlyOneContactString= 0
02-09 18:17:11.453 E/lights  (27162):   g_haveAmberLed=0
02-09 18:17:11.453 E/lights  (27162):   red=0
02-09 18:17:11.453 E/lights  (27162):   green=0
02-09 18:17:11.453 E/lights  (27162):   blink=0
02-09 18:17:11.463 D/PowerManagerService(27162): releaseWakeLock flags=0x1 tag=RILJ
02-09 18:17:11.473 D/PowerManagerService(27162): acquireWakeLock flags=0x1 tag=*vibrator*
02-09 18:17:11.473 E/lights  (27162):   g_haveAmberLed=0
02-09 18:17:11.473 E/lights  (27162):   red=0
02-09 18:17:11.473 E/lights  (27162):   green=255
02-09 18:17:11.473 E/lights  (27162):   blink=1
02-09 18:17:11.483 D/KeyguardViewMediator(27162): setHidden false
02-09 18:17:11.483 D/KeyguardViewMediator(27162): setHidden false
02-09 18:17:11.513 D/KeyguardViewMediator(27162): setHidden false
02-09 18:17:11.523 D/KeyguardViewMediator(27162): setHidden false
02-09 18:17:11.533 D/PowerManagerService(27162): releaseWakeLock flags=0x1 tag=StartingAlertService
02-09 18:17:12.234 D/PowerManagerService(27162): releaseWakeLock flags=0x1 tag=*vibrator*
02-09 18:17:15.377 D/PowerManagerService(27162): releaseWakeLock flags=0x1 tag=SMSDispatcher
02-09 18:17:15.377 D/PowerManagerService(27162):  ALL PARTIAL wakeLock Released ! 
02-09 18:17:59.563 W/AlarmManager(27162): +++Alarm  wakeup phone ,pkg=com.google.android.location
02-09 18:17:59.563 D/PowerManagerService(27162): acquireWakeLock flags=0x1 tag=NetworkLocationCallbackRunner
02-09 18:17:59.563 D/PowerManagerService(27162): acquireWakeLock flags=0x1 tag=NetworkLocationLocator
02-09 18:17:59.563 D/PowerManagerService(27162): acquireWakeLock flags=0x1 tag=NetworkLocationCallbackRunner
02-09 18:17:59.563 D/PowerManagerService(27162): acquireWakeLock flags=0x1 tag=WifiService
02-09 18:17:59.563 D/WifiStateTracker(27162): Reset connections and stopping DHCP
02-09 18:17:59.563 D/AlarmManager(27162): +++Alarm set:type=2 com.google.android.apps.maps  Trigger after:2147483113542ms
02-09 18:17:59.563 D/PowerManagerService(27162): acquireWakeLock flags=0x1 tag=AlarmManager
02-09 18:17:59.573 D/PowerManagerService(27162): releaseWakeLock flags=0x1 tag=NetworkLocationCallbackRunner
02-09 18:17:59.573 D/AlarmManager(27162): +++Alarm set:type=2 com.google.android.location  Trigger after:4998ms
02-09 18:17:59.573 D/PowerManagerService(27162): releaseWakeLock flags=0x1 tag=NetworkLocationCallbackRunner
02-09 18:17:59.573 D/TelephonyManager(27265): [LPZ-GPS]getCellLocation enter,usewireless=true
02-09 18:17:59.573 D/CdmaCellLocation(27265): [LPZ-GPS]mUseNetworkwireless=true
02-09 18:17:59.573 D/CdmaCellLocation(27265): [LPZ-GPS]BSId=13058
02-09 18:17:59.573 D/CdmaCellLocation(27265): [LPZ-GPS]BSLAT=560304
02-09 18:17:59.573 D/CdmaCellLocation(27265): [LPZ-GPS]BSLONG=-1362999
02-09 18:17:59.573 D/CdmaCellLocation(27265): [LPZ-GPS]SystemId=4139
02-09 18:17:59.573 D/CdmaCellLocation(27265): [LPZ-GPS]NetworkId=41
02-09 18:17:59.583 W/AlarmManager(27162): +++alarm onSendFinished ,action=com.google.android.location.ALARM_WAKEUP_LOCATOR
02-09 18:17:59.583 D/PowerManagerService(27162): releaseWakeLock flags=0x1 tag=AlarmManager
02-09 18:17:59.583 D/AlarmManager(27162): +++Alarm set:type=2 com.google.android.location  Trigger after:4984ms
02-09 18:18:00.003 D/PowerManagerService(27162): acquireWakeLock flags=0x1 tag=AlarmManager
02-09 18:18:00.023 D/KeyguardUpdateMonitor(27162): received broadcast android.intent.action.TIME_TICK
02-09 18:18:00.023 D/KeyguardUpdateMonitor(27162): handleTimeUpdate
02-09 18:18:00.073 D/PowerManagerService(27162): releaseWakeLock flags=0x1 tag=AlarmManager
02-09 18:18:00.073 D/skia    (27162): purging 187K from font cache [17 entries]
02-09 18:18:00.593 D/WifiStateTracker(27162): Disabling interface
02-09 18:18:01.044 I/dun_service(  123): process rmnet event
02-09 18:18:01.064 D/PowerManagerService(27162): releaseWakeLock flags=0x1 tag=WifiService
02-09 18:18:01.064 I/dun_service(  123): Post event 4
02-09 18:18:01.064 I/dun_service(  123): process rmnet event
02-09 18:18:01.064 I/dun_service(  123): Post event 4
02-09 18:18:01.064 I/dun_service(  123): received event: DUN_EVENT_RMNET_UP 
02-09 18:18:01.064 I/dun_service(  123): received event(DUN_EVENT_RMNET_UP) in state(DUN_STATE_USB_UNPLUG)
02-09 18:18:01.064 I/dun_service(  123): Ignoring the event DUN_EVENT_RMNET_UP in USB_UNPLUG_STATE
02-09 18:18:01.064 I/dun_service(  123): Moved to state(DUN_STATE_USB_UNPLUG)
02-09 18:18:01.064 I/dun_service(  123): received event: DUN_EVENT_RMNET_UP 
02-09 18:18:01.064 I/dun_service(  123): received event(DUN_EVENT_RMNET_UP) in state(DUN_STATE_USB_UNPLUG)
02-09 18:18:01.064 I/dun_service(  123): Ignoring the event DUN_EVENT_RMNET_UP in USB_UNPLUG_STATE
02-09 18:18:01.064 I/dun_service(  123): Moved to state(DUN_STATE_USB_UNPLUG)
02-09 18:18:01.064 I/wpa_supplicant(30784): CTRL-EVENT-DRIVER-STATE STARTED
02-09 18:18:01.064 I/wpa_supplicant(30784): State: DISCONNECTED -> SCANNING
02-09 18:18:01.074 I/wpa_supplicant(30784): CTRL-EVENT-STATE-CHANGE id=-1 state=2 BSSID=00:00:00:00:00:00
02-09 18:18:01.084 E/wpa_supplicant(30784): Ongoing Scan action...
02-09 18:18:01.094 D/NetworkStateTracker(27162): setDetailed state, old =IDLE and new state=SCANNING
02-09 18:18:02.025 I/dun_service(  123): process rmnet event
02-09 18:18:02.025 I/dun_service(  123): Post event 4
02-09 18:18:02.025 I/dun_service(  123): received event: DUN_EVENT_RMNET_UP 
02-09 18:18:02.025 I/dun_service(  123): received event(DUN_EVENT_RMNET_UP) in state(DUN_STATE_USB_UNPLUG)
02-09 18:18:02.025 I/dun_service(  123): Ignoring the event DUN_EVENT_RMNET_UP in USB_UNPLUG_STATE
02-09 18:18:02.025 I/dun_service(  123): Moved to state(DUN_STATE_USB_UNPLUG)
02-09 18:18:02.035 I/wpa_supplicant(30784): State: SCANNING -> DISCONNECTED
02-09 18:18:02.035 I/wpa_supplicant(30784): CTRL-EVENT-STATE-CHANGE id=-1 state=8 BSSID=00:00:00:00:00:00
02-09 18:18:02.065 D/WifiStateTracker(27162): Reset connections and stopping DHCP
02-09 18:18:02.105 D/WifiLocator(27265): Too many cache  misses. Need server request. hasLocation=0 noLocation=0 cacheMiss=1
02-09 18:18:02.105 D/CellLocator(27265): Found cell location: Position [redacted]
02-09 18:18:02.105 D/NetworkLocator(27265): New location significantly newer than previous. Reporting it.
02-09 18:18:02.115 D/androidNlpServiceThread(27265): reporting Location[mProvider=network,mTime=1328833082116,mLatitude=38.9107931,mLongitude=-94.6482693,mHasAltitude=false,mAltitude=0.0,mHasSpeed=false,mSpeed=0.0,mHasBearing=false,mBearing=0.0,mHasAccuracy=true,mAccuracy=1544.0,mExtras=Bundle[{networkLocationSource=cached, networkLocationType=cell}]]
02-09 18:18:02.115 D/AlarmManager(27162): +++Alarm set:type=2 com.google.android.location  Trigger after:2454ms
02-09 18:18:02.115 D/PowerManagerService(27162): acquireWakeLock flags=0x1 tag=GpsLocationProvider
02-09 18:18:02.125 D/AlarmManager(27162): +++Alarm set:type=2 com.google.android.apps.maps  Trigger after:2147483110990ms
02-09 18:18:02.125 D/ClientReporter(27265): reported location
02-09 18:18:02.125 I/System.out(27265): [INFO:27031597]: LogSource: Running flush
02-09 18:18:02.125 I/System.out(27265): [INFO:27031600]: LogSource: Sending payload [bytes=440]
02-09 18:18:02.125 D/PowerManagerService(27162): releaseWakeLock flags=0x1 tag=GpsLocationProvider
02-09 18:18:02.135 D/PowerManagerService(27162): acquireWakeLock flags=0x1 tag=LocationManagerService
02-09 18:18:02.135 D/PowerManagerService(27162): releaseWakeLock flags=0x1 tag=LocationManagerService
02-09 18:18:02.135 D/PowerManagerService(27162): acquireWakeLock flags=0x1 tag=LocationManagerService
02-09 18:18:02.135 D/PowerManagerService(27162): releaseWakeLock flags=0x1 tag=LocationManagerService
02-09 18:18:02.806 D/PowerManagerService(27162): acquireWakeLock flags=0x1 tag=ServiceStateTracker
02-09 18:18:02.816 D/PowerManagerService(27162): releaseWakeLock flags=0x1 tag=ServiceStateTracker
02-09 18:18:03.096 D/WifiStateTracker(27162): Disabling interface
02-09 18:18:03.096 D/NetworkStateTracker(27162): setDetailed state, old =SCANNING and new state=IDLE
02-09 18:18:03.096 I/dun_service(  123): process rmnet event
02-09 18:18:03.096 I/dun_service(  123): Post event 4
02-09 18:18:03.096 I/dun_service(  123): received event: DUN_EVENT_RMNET_UP 
02-09 18:18:03.096 I/dun_service(  123): received event(DUN_EVENT_RMNET_UP) in state(DUN_STATE_USB_UNPLUG)
02-09 18:18:03.096 I/dun_service(  123): Ignoring the event DUN_EVENT_RMNET_UP in USB_UNPLUG_STATE
02-09 18:18:03.096 I/dun_service(  123): Moved to state(DUN_STATE_USB_UNPLUG)
02-09 18:18:03.106 I/DATA    (27234): [DCT(0) ] intent received :android.net.wifi.STATE_CHANGE
02-09 18:18:03.106 D/WifiStateTracker(27162): setNotificationVisible() scanResult.SSID=HH Free WIFI Open? true
02-09 18:18:03.106 D/WifiStateTracker(27162): interpretScanResultsAvailable() numOpenNetworks=1 mNumScansSinceNetworkStateChange=497
02-09 18:18:03.106 D/WifiStateTracker(27162): setNotificationVisible() System.currentTimeMillis()=1328833083113
02-09 18:18:03.106 D/WifiStateTracker(27162): setNotificationVisible() mNotificationRepeatTime=1328833682099
02-09 18:18:03.106 D/WifiStateTracker(27162): setNotificationVisible() System.currentTimeMillis() < mNotificationRepeatTime return.
02-09 18:18:03.306 I/System.out(27265): [INFO:27032774]: LogSource: Response [http=200,length=134]
02-09 18:18:03.306 I/System.out(27265): [INFO:27032777]: LogSource: Read id 6, status code 200
02-09 18:18:03.336 D/WifiLocator(27265): Too many no-location APs. Will not compute a location nor go to the server. hasLocation=0 noLocation=0 cacheMiss=0
02-09 18:18:03.346 D/CellLocator(27265): Found cell location: Position [redacted]
02-09 18:18:03.346 D/androidNlpServiceThread(27265): reporting Location[mProvider=network,mTime=1328833083355,mLatitude=38.9107931,mLongitude=-94.6482693,mHasAltitude=false,mAltitude=0.0,mHasSpeed=false,mSpeed=0.0,mHasBearing=false,mBearing=0.0,mHasAccuracy=true,mAccuracy=1544.0,mExtras=Bundle[{networkLocationSource=cached, networkLocationType=cell}]]
02-09 18:18:03.356 D/AlarmManager(27162): +++Alarm set:type=2 com.google.android.location  Trigger after:296218ms
02-09 18:18:03.356 D/ClientReporter(27265): reported location
02-09 18:18:03.356 D/PowerManagerService(27162): acquireWakeLock flags=0x1 tag=GpsLocationProvider
02-09 18:18:03.376 I/DATA    (27234): [DCT(0) ] intent received :android.net.wifi.STATE_CHANGE
02-09 18:18:03.376 D/PowerManagerService(27162): acquireWakeLock flags=0x1 tag=WifiService
02-09 18:18:03.376 D/WifiStateTracker(27162): setNotificationVisible() visible=false mNotificationShown=false force=false return.
02-09 18:18:03.376 D/PowerManagerService(27162): releaseWakeLock flags=0x1 tag=NetworkLocationLocator
02-09 18:18:03.386 I/dun_service(  123): process rmnet event
02-09 18:18:03.386 I/dun_service(  123): Post event 4
02-09 18:18:03.386 I/dun_service(  123): received event: DUN_EVENT_RMNET_UP 
02-09 18:18:03.386 I/dun_service(  123): received event(DUN_EVENT_RMNET_UP) in state(DUN_STATE_USB_UNPLUG)
02-09 18:18:03.386 I/dun_service(  123): Ignoring the event DUN_EVENT_RMNET_UP in USB_UNPLUG_STATE
02-09 18:18:03.386 I/dun_service(  123): Moved to state(DUN_STATE_USB_UNPLUG)
02-09 18:18:03.386 I/wpa_supplicant(30784): CTRL-EVENT-DRIVER-STATE STOPPED
02-09 18:18:03.386 D/PowerManagerService(27162): releaseWakeLock flags=0x1 tag=GpsLocationProvider
02-09 18:18:03.386 D/PowerManagerService(27162): acquireWakeLock flags=0x1 tag=LocationManagerService
02-09 18:18:03.386 D/PowerManagerService(27162): releaseWakeLock flags=0x1 tag=LocationManagerService
02-09 18:18:03.386 D/PowerManagerService(27162): acquireWakeLock flags=0x1 tag=LocationManagerService
02-09 18:18:03.386 D/PowerManagerService(27162): releaseWakeLock flags=0x1 tag=LocationManagerService
02-09 18:18:03.626 D/PowerManagerService(27162): acquireWakeLock flags=0x1 tag=ServiceStateTracker
02-09 18:18:03.636 D/PowerManagerService(27162): releaseWakeLock flags=0x1 tag=ServiceStateTracker
02-09 18:18:11.384 D/PowerManagerService(27162): releaseWakeLock flags=0x1 tag=WifiService
02-09 18:18:11.384 D/PowerManagerService(27162):  ALL PARTIAL wakeLock Released ! 
02-09 18:18:26.532 D/PowerManagerService(27162): acquireWakeLock flags=0x1 tag=ServiceStateTracker
02-09 18:18:26.542 D/PowerManagerService(27162): releaseWakeLock flags=0x1 tag=ServiceStateTracker
02-09 18:18:26.542 D/PowerManagerService(27162):  ALL PARTIAL wakeLock Released ! 
02-09 18:18:29.532 D/PowerManagerService(27162): acquireWakeLock flags=0x1 tag=ServiceStateTracker
02-09 18:18:29.542 D/PowerManagerService(27162): releaseWakeLock flags=0x1 tag=ServiceStateTracker
02-09 18:18:29.552 D/PowerManagerService(27162):  ALL PARTIAL wakeLock Released ! 
02-09 18:18:36.532 D/PowerManagerService(27162): acquireWakeLock flags=0x1 tag=ServiceStateTracker
02-09 18:18:36.542 D/PowerManagerService(27162): releaseWakeLock flags=0x1 tag=ServiceStateTracker
02-09 18:18:36.542 D/PowerManagerService(27162):  ALL PARTIAL wakeLock Released ! 
02-09 18:18:39.522 I/dun_service(  123): The value returned from dun_getusbmodemstate_fromsys is 2 
02-09 18:18:39.532 D/KeyguardUpdateMonitor(27162): received broadcast android.intent.action.BATTERY_CHANGED
02-09 18:18:39.532 D/KeyguardUpdateMonitor(27162): handleBatteryUpdate
02-09 18:18:39.542 D/PowerManagerService(27162): acquireWakeLock flags=0x1 tag=ServiceStateTracker
02-09 18:18:39.552 D/PowerManagerService(27162): releaseWakeLock flags=0x1 tag=ServiceStateTracker
02-09 18:18:39.552 D/PowerManagerService(27162):  ALL PARTIAL wakeLock Released ! 
02-09 18:18:40.903 W/AlarmManager(27162): +++Alarm  wakeup phone ,pkg=android
02-09 18:18:40.903 D/PowerManagerService(27162): acquireWakeLock flags=0x1 tag=*backup*
02-09 18:18:40.913 D/PowerManagerService(27162): acquireWakeLock flags=0x1 tag=AlarmManager
02-09 18:18:40.913 W/AlarmManager(27162): +++alarm onSendFinished ,action=android.app.backup.intent.RUN
02-09 18:18:40.913 D/PowerManagerService(27162): releaseWakeLock flags=0x1 tag=AlarmManager
02-09 18:18:40.923 D/PowerManagerService(27162): releaseWakeLock flags=0x1 tag=*backup*
02-09 18:18:40.923 D/PowerManagerService(27162):  ALL PARTIAL wakeLock Released ! 
02-09 18:19:03.522 D/PowerManagerService(27162): acquireWakeLock flags=0x1 tag=AlarmManager
02-09 18:19:03.522 D/KeyguardUpdateMonitor(27162): received broadcast android.intent.action.TIME_TICK
02-09 18:19:03.522 D/KeyguardUpdateMonitor(27162): handleTimeUpdate
02-09 18:19:03.552 D/PowerManagerService(27162): releaseWakeLock flags=0x1 tag=AlarmManager
02-09 18:19:03.552 D/PowerManagerService(27162):  ALL PARTIAL wakeLock Released ! 
02-09 18:19:03.562 D/PowerManagerService(27162): acquireWakeLock flags=0x1 tag=GTALK_CONN
02-09 18:19:03.562 D/AlarmManager(27162): +++Alarm set:type=2 com.google.android.gsf  Trigger after:1680000ms
02-09 18:19:03.612 D/PowerManagerService(27162): releaseWakeLock flags=0x1 tag=GTALK_CONN
02-09 18:19:03.612 D/PowerManagerService(27162):  ALL PARTIAL wakeLock Released ! 
02-09 18:19:03.612 D/PowerManagerService(27162): acquireWakeLock flags=0x1 tag=GTALK_CONN
02-09 18:19:03.612 E/TalkProvider(27265): replaceContactWithContactId: contactId==0!!! decidel@gmail.com, acct=1
02-09 18:19:03.622 D/AlarmManager(27162): +++Alarm set:type=2 com.google.android.gsf  Trigger after:1679999ms
02-09 18:19:03.622 E/TalkProvider(27265): insert presence failed for account=1 username=decidel@gmail.com client_type=0 status=Shimshon cap=1 priority=0 mode=3
02-09 18:19:03.742 E/TalkProvider(27265): replaceContactWithContactId: contactId==0!!! decidel@gmail.com, acct=1
02-09 18:19:03.752 E/TalkProvider(27265): insert presence failed for account=1 username=decidel@gmail.com client_type=0 status=Shimshon cap=1 priority=0 mode=3
02-09 18:19:03.782 D/PowerManagerService(27162): releaseWakeLock flags=0x1 tag=GTALK_CONN
02-09 18:19:03.782 D/PowerManagerService(27162):  ALL PARTIAL wakeLock Released ! 
02-09 18:19:04.553 D/PowerManagerService(27162): acquireWakeLock flags=0x1 tag=GTALK_CONN
02-09 18:19:04.553 D/AlarmManager(27162): +++Alarm set:type=2 com.google.android.gsf  Trigger after:1680000ms
02-09 18:19:05.563 E/rmt_storage(  155): [MyTag]open: fd=-1
02-09 18:19:05.563 E/rmt_storage(  155): block rmt_storage client thread
02-09 18:19:05.623 D/PowerManagerService(27162): releaseWakeLock flags=0x1 tag=GTALK_CONN
02-09 18:19:05.633 D/PowerManagerService(27162):  ALL PARTIAL wakeLock Released ! 
02-09 18:19:05.633 D/PowerManagerService(27162): acquireWakeLock flags=0x1 tag=GTALK_CONN
02-09 18:19:05.653 D/PowerManagerService(27162): releaseWakeLock flags=0x1 tag=GTALK_CONN
02-09 18:19:05.653 D/PowerManagerService(27162):  ALL PARTIAL wakeLock Released ! 
02-09 18:20:18.522 D/PowerManagerService(27162): acquireWakeLock flags=0x1 tag=AlarmManager
02-09 18:20:18.522 D/KeyguardUpdateMonitor(27162): received broadcast android.intent.action.TIME_TICK
02-09 18:20:18.522 D/KeyguardUpdateMonitor(27162): handleTimeUpdate
02-09 18:20:18.562 D/PowerManagerService(27162): releaseWakeLock flags=0x1 tag=AlarmManager
02-09 18:20:18.562 D/PowerManagerService(27162):  ALL PARTIAL wakeLock Released ! 
02-09 18:20:18.572 D/PowerManagerService(27162): acquireWakeLock flags=0x1 tag=ServiceStateTracker
02-09 18:20:18.592 D/PowerManagerService(27162): releaseWakeLock flags=0x1 tag=ServiceStateTracker
02-09 18:20:18.592 D/PowerManagerService(27162):  ALL PARTIAL wakeLock Released ! 
02-09 18:20:27.532 D/PowerManagerService(27162): acquireWakeLock flags=0x1 tag=ServiceStateTracker
02-09 18:20:27.542 D/PowerManagerService(27162): releaseWakeLock flags=0x1 tag=ServiceStateTracker
02-09 18:20:27.542 D/PowerManagerService(27162):  ALL PARTIAL wakeLock Released ! 
02-09 18:20:29.532 D/PowerManagerService(27162): acquireWakeLock flags=0x1 tag=ServiceStateTracker
02-09 18:20:29.552 D/PowerManagerService(27162): releaseWakeLock flags=0x1 tag=ServiceStateTracker
02-09 18:20:29.552 D/PowerManagerService(27162):  ALL PARTIAL wakeLock Released ! 
02-09 18:20:37.532 D/PowerManagerService(27162): acquireWakeLock flags=0x1 tag=ServiceStateTracker
02-09 18:20:37.542 D/PowerManagerService(27162): releaseWakeLock flags=0x1 tag=ServiceStateTracker
02-09 18:20:37.542 D/PowerManagerService(27162):  ALL PARTIAL wakeLock Released ! 
02-09 18:20:39.083 D/PowerManagerService(27162): acquireWakeLock flags=0x1 tag=ServiceStateTracker
02-09 18:20:39.093 D/PowerManagerService(27162): releaseWakeLock flags=0x1 tag=ServiceStateTracker
02-09 18:20:39.093 D/PowerManagerService(27162):  ALL PARTIAL wakeLock Released ! 
02-09 18:20:41.595 E/rmt_storage(  155): [MyTag]open: fd=-1
02-09 18:20:41.595 E/rmt_storage(  155): block rmt_storage client thread
02-09 18:20:42.532 D/PowerManagerService(27162): acquireWakeLock flags=0x1 tag=ServiceStateTracker
02-09 18:20:42.552 D/PowerManagerService(27162): releaseWakeLock flags=0x1 tag=ServiceStateTracker
02-09 18:20:42.552 D/PowerManagerService(27162):  ALL PARTIAL wakeLock Released ! 
02-09 18:21:09.522 D/PowerManagerService(27162): acquireWakeLock flags=0x1 tag=AlarmManager
02-09 18:21:09.532 D/KeyguardUpdateMonitor(27162): received broadcast android.intent.action.TIME_TICK
02-09 18:21:09.532 D/KeyguardUpdateMonitor(27162): handleTimeUpdate
02-09 18:21:09.552 D/PowerManagerService(27162): releaseWakeLock flags=0x1 tag=AlarmManager
02-09 18:21:09.552 D/PowerManagerService(27162):  ALL PARTIAL wakeLock Released ! 
02-09 18:21:09.572 D/PowerManagerService(27162): acquireWakeLock flags=0x1 tag=ServiceStateTracker
02-09 18:21:09.582 D/PowerManagerService(27162): releaseWakeLock flags=0x1 tag=ServiceStateTracker
02-09 18:21:09.582 D/PowerManagerService(27162):  ALL PARTIAL wakeLock Released ! 
02-09 18:21:13.532 D/PowerManagerService(27162): acquireWakeLock flags=0x1 tag=ServiceStateTracker
02-09 18:21:13.542 D/PowerManagerService(27162): releaseWakeLock flags=0x1 tag=ServiceStateTracker
02-09 18:21:13.542 D/PowerManagerService(27162):  ALL PARTIAL wakeLock Released ! 
02-09 18:21:20.532 D/PowerManagerService(27162): acquireWakeLock flags=0x1 tag=ServiceStateTracker
02-09 18:21:20.552 D/PowerManagerService(27162): releaseWakeLock flags=0x1 tag=ServiceStateTracker
02-09 18:21:20.552 D/PowerManagerService(27162):  ALL PARTIAL wakeLock Released ! 
02-09 18:21:27.552 D/PowerManagerService(27162): acquireWakeLock flags=0x1 tag=ServiceStateTracker
02-09 18:21:27.562 D/PowerManagerService(27162): releaseWakeLock flags=0x1 tag=ServiceStateTracker
02-09 18:21:27.562 D/PowerManagerService(27162):  ALL PARTIAL wakeLock Released ! 
02-09 18:22:09.522 I/dun_service(  123): The value returned from dun_getusbmodemstate_fromsys is 2 
02-09 18:22:09.522 D/PowerManagerService(27162): acquireWakeLock flags=0x1 tag=AlarmManager
02-09 18:22:09.522 D/KeyguardViewMediator(27162):  onWakeKeyWhenKeyguardShowing(26)
02-09 18:22:09.522 D/KeyguardUpdateMonitor(27162): received broadcast android.intent.action.BATTERY_CHANGED
02-09 18:22:09.522 D/KeyguardUpdateMonitor(27162): handleBatteryUpdate
02-09 18:22:09.522 D/KeyguardViewMediator(27162): wakeWhenReadyLocked(26)
02-09 18:22:09.522 D/PowerManagerService(27162): acquireWakeLock flags=0x1 tag=keyguardWakeAndHandOff
02-09 18:22:09.532 D/LockPatternKeyguardView(27162): onWakeKey
02-09 18:22:09.532 D/LockPatternKeyguardView(27162): poking wake lock immediately
02-09 18:22:09.532 D/PowerManagerService(27162): acquireWakeLock flags=0x1000001a tag=keyguard
02-09 18:22:09.532 D/PowerManagerService(27162): UnPartial  wakeLock  reactivate ,flags=0x1000001a tag=keyguard
02-09 18:22:09.532 D/PowerManagerService(27162): setPowerState: mPowerState=0x0 newState=0x3 noChangeLights=false reason=3
02-09 18:22:09.542 D/KeyguardViewMediator(27162): onScreenTurnedOn, seq = 153
02-09 18:22:09.542 D/KeyguardViewMediator(27162): notifyScreenOnLocked
02-09 18:22:09.542 E/Sensors (27162): [HAL]ready to call enable(Accelerometer,1),AAAAAAAA
02-09 18:22:09.542 E/Sensors (27162): [HAL]mEnabled = 0;ready to open /dev/akm8962_aot
02-09 18:22:09.542 E/Sensors (27162): [HAL]ECS_IOCTL_APP_SET_AFLAG 	success,flags = 1
02-09 18:22:09.542 E/Sensors (27162): [HAL]After {mEnabled &= ~(1<<what)},mEnabled = 0
02-09 18:22:09.542 E/Sensors (27162): [HAL]After {(newState)<<what)},mEnabled = 1
02-09 18:22:09.542 D/KeyguardViewMediator(27162): handleNotifyScreenOn
02-09 18:22:09.542 I/LockPatternKeyguardView(27162): updateLockscreenBackground
02-09 18:22:09.542 I/LockPatternKeyguardView(27162): setBackgroundDrawable
02-09 18:22:09.542 I/LockPatternKeyguardView(27162): file not found: etc/customize/default_lockscreen
02-09 18:22:09.542 D/LockScreen(27162): updateLayout: status=Normalsubscription=0
02-09 18:22:09.542 D/LockScreen(27162): Updating Lock Screen text to Ruim
02-09 18:22:09.552 D/KeyguardViewMediator(27162): setHidden false
02-09 18:22:09.562 D/KeyguardViewMediator(27162): setHidden false
02-09 18:22:09.582 D/KeyguardViewMediator(27162): setHidden false
02-09 18:22:09.592 I/hubo    (27162): Activity {com.android.mms/com.android.mms.ui.ComposeMessageActivity}
02-09 18:22:09.592 D/KeyguardUpdateMonitor(27162): received broadcast android.intent.action.TIME_TICK
02-09 18:22:09.612 I/DATA    (27234): [DCT(0) ] intent received :android.intent.action.SCREEN_ON
02-09 18:22:09.622 D/KeyguardUpdateMonitor(27162): handleTimeUpdate
02-09 18:22:09.622 D/WifiStateTracker(27162): Scan-only mode changing to false scanType=1
02-09 18:22:09.622 D/WifiStateTracker(27162): Reset connections and stopping DHCP
02-09 18:22:09.642 D/DATA    (27234): [DSST(0)] pollstate() : reason = data network state changed
02-09 18:22:09.702 D/MobileDataStateTracker(27162): [hipri]  MobileDataStateReceiver onReceive(): Entry.
02-09 18:22:09.702 D/MobileDataStateTracker(27162): [hipri]  intent.getAction()= android.intent.action.SERVICE_STATE
02-09 18:22:09.702 D/MobileDataStateTracker(27162): [hipri]  mEnabled = false
02-09 18:22:09.702 D/MobileDataStateTracker(27162): [dun]  MobileDataStateReceiver onReceive(): Entry.
02-09 18:22:09.702 D/MobileDataStateTracker(27162): [dun]  intent.getAction()= android.intent.action.SERVICE_STATE
02-09 18:22:09.702 D/MobileDataStateTracker(27162): [dun]  mEnabled = false
02-09 18:22:09.712 D/Mms     (27733): currentRoamingStatus:1
02-09 18:22:09.712 D/MobileDataStateTracker(27162): [supl]  MobileDataStateReceiver onReceive(): Entry.
02-09 18:22:09.712 D/MobileDataStateTracker(27162): [supl]  intent.getAction()= android.intent.action.SERVICE_STATE
02-09 18:22:09.712 D/MobileDataStateTracker(27162): [supl]  mEnabled = false
02-09 18:22:09.712 D/MobileDataStateTracker(27162): [mms]  MobileDataStateReceiver onReceive(): Entry.
02-09 18:22:09.712 D/MobileDataStateTracker(27162): [mms]  intent.getAction()= android.intent.action.SERVICE_STATE
02-09 18:22:09.712 D/MobileDataStateTracker(27162): [mms]  mEnabled = false
02-09 18:22:09.712 D/MobileDataStateTracker(27162): [default]  MobileDataStateReceiver onReceive(): Entry.
02-09 18:22:09.712 D/MobileDataStateTracker(27162): [default]  intent.getAction()= android.intent.action.SERVICE_STATE
02-09 18:22:09.712 D/MobileDataStateTracker(27162): [default]  mEnabled = true
02-09 18:22:09.712 D/CdmaCellLocation(27265): [LPZ-GPS]mUseNetworkwireless=false
02-09 18:22:09.712 D/CdmaCellLocation(27265): [LPZ-GPS]BSId=-1
02-09 18:22:09.712 D/CdmaCellLocation(27265): [LPZ-GPS]BSLAT=2147483647
02-09 18:22:09.712 D/CdmaCellLocation(27265): [LPZ-GPS]BSLONG=2147483647
02-09 18:22:09.712 D/CdmaCellLocation(27265): [LPZ-GPS]SystemId=-1
02-09 18:22:09.712 D/CdmaCellLocation(27265): [LPZ-GPS]NetworkId=-1
02-09 18:22:09.722 D/TelephonyManager(27265): [LPZ-GPS]getCellLocation enter,usewireless=true
02-09 18:22:09.722 D/CdmaCellLocation(27265): [LPZ-GPS]mUseNetworkwireless=true
02-09 18:22:09.722 D/CdmaCellLocation(27265): [LPZ-GPS]BSId=11251
02-09 18:22:09.722 D/CdmaCellLocation(27265): [LPZ-GPS]BSLAT=560189
02-09 18:22:09.722 D/CdmaCellLocation(27265): [LPZ-GPS]BSLONG=-1362775
02-09 18:22:09.722 D/CdmaCellLocation(27265): [LPZ-GPS]SystemId=4139
02-09 18:22:09.722 D/CdmaCellLocation(27265): [LPZ-GPS]NetworkId=41
02-09 18:22:09.742 D/CdmaCellLocation( 4576): [LPZ-GPS]mUseNetworkwireless=false
02-09 18:22:09.742 D/CdmaCellLocation( 4576): [LPZ-GPS]BSId=-1
02-09 18:22:09.742 D/CdmaCellLocation( 4576): [LPZ-GPS]BSLAT=2147483647
02-09 18:22:09.742 D/CdmaCellLocation( 4576): [LPZ-GPS]BSLONG=2147483647
02-09 18:22:09.742 D/CdmaCellLocation( 4576): [LPZ-GPS]SystemId=-1
02-09 18:22:09.742 D/CdmaCellLocation( 4576): [LPZ-GPS]NetworkId=-1
