02-08 07:22:58.788 I/db_sample(  846): [/data/data/com.facebook.katana/databases/fb.db,UPDATE user_values SET value=? WHERE name='last_seen_id_MOST_REC,296,,60]
02-08 07:22:58.808 I/dvm_gc_info(  920): [3346018819314349833,-8913317761303144363,-3993702173794011091,7358131]
02-08 07:22:58.968 I/db_sample(  812): [/data/data/com.google.android.music/databases/music.db,GETLOCK:SELECT count(*) AS _count FROM LISTS,6688,,100]
02-08 07:22:58.998 I/content_query_sample(  846): [content://com.facebook.katana.provider.ConnectionsProvider/pages,user_id/hash,,,304,,61]
02-08 07:22:59.038 I/db_sample(  812): [/data/data/com.google.android.music/databases/music.db,SELECT count(*) AS _count FROM LISTS,6705,,100]
02-08 07:22:59.078 I/content_query_sample(  812): [content://com.google.android.music.MusicContent/playlists,count(*),,,6831,,100]
02-08 07:22:59.159 I/content_query_sample(  846): [content://com.facebook.katana.provider.UserValuesProvider/user_values/name/last_seen_id_MOST_RECENT_EVENT,_id,,,219,,44]
02-08 07:22:59.189 I/dvm_gc_madvise_info(  929): [237568,126976]
02-08 07:22:59.249 I/dvm_gc_info(  920): [3346018819314353942,-8912754811349718956,-3993702173794011091,7358131]
02-08 07:22:59.499 I/content_query_sample(  812): [content://com.google.android.music.MusicContent/playlists?limit=0%2C2000,_id/name,,,200,,41]
02-08 07:22:59.519 I/am_create_service(  231): [1082038680,com.google.android.music/.MusicPreferenceService$MusicPreferenceServiceBinder,act=com.google.android.music.PREFERENCE_SERVICE,812]
02-08 07:22:59.559 I/dvm_gc_madvise_info(  368): [212992,126976]
02-08 07:22:59.589 I/db_sample(  846): [/data/data/com.facebook.katana/databases/fb.db,UPDATE user_values SET value=? WHERE name='last_seen_id_MOST_REC,239,,48]
02-08 07:22:59.609 I/dvm_gc_info(  920): [3346018819314353920,-8914162186233255851,-3993702173794011091,7358131]
02-08 07:22:59.639 I/db_sample(  920): [/data/data/com.facebook.orca/databases/users_db,INSERT OR REPLACE  INTO user_db_properties(value, key) VALUES(?,,23,,5]
02-08 07:22:59.649 I/content_update_sample(  846): [content://com.facebook.katana.provider.UserValuesProvider/user_values/name/last_seen_id_MOST_RECENT_EVENT,update,,301,,61]
02-08 07:22:59.729 I/am_destroy_service(  231): [1082038680,com.google.android.music/.MusicPreferenceService$MusicPreferenceServiceBinder,812]
02-08 07:22:59.749 I/am_create_service(  231): [1083582576,com.google.android.music/.store.KeepOnUpdater$SyncListener,act=com.google.android.music.SYNC_COMPLETE,812]
02-08 07:22:59.749 I/sync_details(  812): [com.google.android.music,2270,4528,]
02-08 07:22:59.769 I/am_create_service(  231): [1083577528,com.google.android.music/.dl.artwork.ArtDownloadService,act=com.google.android.music.SYNC_COMPLETE,812]
02-08 07:22:59.779 I/am_create_service(  231): [1083224160,com.google.android.music/.dl.NetworkMonitor,act=com.google.android.music.NETWORK_MONITOR_SERVICE,812]
02-08 07:22:59.819 I/am_destroy_service(  231): [1083582576,com.google.android.music/.store.KeepOnUpdater$SyncListener,812]
02-08 07:22:59.839 I/dvm_gc_info(  812): [7887337218879104634,-8960326350677137345,-4001864948118620115,7358131]
02-08 07:22:59.869 I/am_create_service(  231): [1082619936,com.google.android.music/.MusicPreferenceService$MusicPreferenceServiceBinder,act=com.google.android.music.PREFERENCE_SERVICE,812]
02-08 07:22:59.879 I/am_create_service(  231): [1084273928,com.google.android.music/.dl.DownloadManager$DownloadManagerService,act=com.google.android.music.NEW_SHOULDKEEPON,812]
02-08 07:22:59.889 I/am_create_service(  231): [1083125184,com.google.android.music/.store.StoreService$StoreServiceBinder,act=com.google.android.music.STORE_SERVICE,812]
02-08 07:22:59.899 I/content_update_sample(  846): [content://com.facebook.katana.provider.UserValuesProvider/user_values/name/last_seen_id_MOST_RECENT_REQUEST,update,,190,,39]
02-08 07:22:59.909 I/sync    (  231): [com.google.android.music.MusicContent,1,4,-1565529355]
02-08 07:22:59.909 I/am_destroy_service(  231): [1083599608,com.google.android.music/.sync.SyncAdapterService,812]
02-08 07:22:59.909 I/db_sample(  812): [/data/data/com.google.android.music/databases/music.db,SELECT AlbumId, LocalLocation FROM ARTWORK,73,,15]
02-08 07:22:59.929 I/am_create_service(  231): [1084023264,com.google.android.music/.MusicPlaybackService,,812]
02-08 07:22:59.929 I/notification_cancel(  231): [android,-7211098,0]
02-08 07:23:00.059 I/am_destroy_service(  231): [1083809744,com.facebook.katana/.service.FacebookService,846]
02-08 07:23:00.069 I/sync    (  231): [gmail-ls,0,0,-1565529355]
02-08 07:23:00.069 I/am_create_service(  231): [1083661680,com.google.android.gm/.provider.MailSyncAdapterService,act=android.content.SyncAdapter,660]
02-08 07:23:00.119 I/[206002](  660): [ME.openDatabase,9,32,1]
02-08 07:23:00.200 I/[206002](  660): [ME.initialize,36,84,1]
02-08 07:23:00.270 I/[206002](  660): [ME.constructor,66,188,1]
02-08 07:23:00.530 I/db_sample(  231): [/data/system/accounts.db,SELECT authtoken FROM authtokens WHERE accounts_id=(select _id F,0,,1]
02-08 07:23:00.580 I/dvm_gc_info(  812): [7887337218879256173,-8978622155410278335,-4001020523188488147,7358132]
02-08 07:23:00.650 I/dvm_gc_info(  920): [3346018819314362130,-8913599236279842731,-3993702173794011091,7358131]
02-08 07:23:00.840 I/dvm_gc_info(  660): [7594245893398787656,-9001422728304048077,-4005524122815858643,7358131]
02-08 07:23:00.980 I/am_create_service(  231): [1082560176,com.google.android.music/.store.RecentItemsManager$Service,act=RecentItemsManagerService.recordCurrentlyPlayed,812]
02-08 07:23:01.050 I/am_create_service(  231): [1083657144,com.facebook.katana/.service.FacebookService,act=com.facebook.katana.service.12,846]
02-08 07:23:01.050 I/am_destroy_service(  231): [1083657144,com.facebook.katana/.service.FacebookService,846]
02-08 07:23:01.120 I/am_destroy_service(  231): [1082560176,com.google.android.music/.store.RecentItemsManager$Service,812]
02-08 07:23:01.231 I/dvm_gc_info(  812): [7887337218879223388,-9000858541064308668,-3999894623281645523,7358131]
02-08 07:23:01.321 I/am_destroy_service(  231): [1083577528,com.google.android.music/.dl.artwork.ArtDownloadService,812]
02-08 07:23:01.521 I/dvm_gc_info(  660): [7594245893398783575,-8965393793829345228,-4005242647839147987,7358131]
02-08 07:23:02.091 I/google_http_request(  660): [1227,200,Android-GmailProvider/171,1]
02-08 07:23:02.642 I/db_sample(  660): [/data/data/com.google.android.gm/databases/XX@YY,COMMIT;SELECT _id, canonicalName, name, numConversations, numUnr,90,,19]
02-08 07:23:02.922 I/dvm_gc_madvise_info(  846): [315392,126976]
02-08 07:23:03.112 I/dvm_gc_info(  660): [7594245893398840928,-8921765103702935499,-4005242647839147987,7358131]
02-08 07:23:03.653 I/db_sample(  660): [/data/data/com.google.android.gm/databases/XX@YY,COMMIT;SELECT _id, canonicalName, name, numConversations, numUnr,332,,67]
02-08 07:23:05.695 I/dvm_gc_madvise_info(  920): [319488,126976]
02-08 07:23:06.235 I/dvm_gc_madvise_info(  812): [167936,126976]
02-08 07:23:07.367 I/am_destroy_service(  231): [1084023264,com.google.android.music/.MusicPlaybackService,812]
02-08 07:23:07.687 I/binder_sample(  328): [android.view.IWindowSession,4,1536,com.android.systemui,100]
02-08 07:23:07.747 I/db_sample(  660): [/data/data/com.google.android.gm/databases/XX@YY,COMMIT;SELECT _id, canonicalName, name, numConversations, numUnr,4035,,100]
02-08 07:23:07.747 I/dvm_gc_info(  328): [8320808730291734074,-9009585571348142029,-4004398222909016019,7358200]
02-08 07:23:07.987 I/am_destroy_service(  231): [1084273928,com.google.android.music/.dl.DownloadManager$DownloadManagerService,812]
02-08 07:23:07.987 I/am_destroy_service(  231): [1083125184,com.google.android.music/.store.StoreService$StoreServiceBinder,812]
02-08 07:23:07.997 I/am_destroy_service(  231): [1083224160,com.google.android.music/.dl.NetworkMonitor,812]
02-08 07:23:08.007 I/am_destroy_service(  231): [1082619936,com.google.android.music/.MusicPreferenceService$MusicPreferenceServiceBinder,812]
02-08 07:23:08.157 I/dvm_gc_madvise_info(  660): [270336,126976]
02-08 07:23:08.237 I/db_sample(  660): [/data/data/com.google.android.gm/databases/XX@YY,COMMIT;SELECT _id, canonicalName, name, numConversations, numUnr,75,,16]
02-08 07:23:08.648 I/dvm_gc_info(  660): [7594245893398828661,-8918668810256422860,-4005242647839147987,7358131]
02-08 07:23:08.808 I/db_sample(  660): [/data/data/com.google.android.gm/databases/XX@YY,BEGIN EXCLUSIVE;,0,,1]
02-08 07:23:08.928 I/db_sample(  660): [/data/data/com.google.android.gm/databases/XX@YY,SELECT _id, canonicalName, name, numConversations, numUnreadConv,3,,1]
02-08 07:23:09.078 I/db_sample(  660): [/data/data/com.google.android.gm/databases/XX@YY,COMMIT;SELECT _id, canonicalName, name, numConversations, numUnr,18,,4]
02-08 07:23:09.509 I/dvm_gc_info(  660): [7594245893398849107,-8923735359837214668,-4005242647839147987,7358131]
02-08 07:23:09.709 I/am_create_task(  231): 5
02-08 07:23:09.709 I/am_create_activity(  231): [1084209328,5,com.facebook.orca/.intents.IntentHandler,android.intent.action.VIEW,NULL,fb-messenger://thread/t_eCYB6euHM2MVwUBLyVYRTA,67108864]
02-08 07:23:09.719 I/am_pause_activity(  231): [1081261248,com.android.launcher/com.android.launcher2.Launcher]
02-08 07:23:09.719 I/am_on_paused_called(  353): com.android.launcher2.Launcher
02-08 07:23:09.749 I/notification_cancel(  231): [com.facebook.orca,1,16]
02-08 07:23:09.769 I/am_restart_activity(  231): [1084209328,5,com.facebook.orca/.intents.IntentHandler]
02-08 07:23:09.819 I/am_create_activity(  231): [1083827544,5,com.facebook.orca/.threadview.ThreadViewActivity,NULL,NULL,NULL,0]
02-08 07:23:09.829 I/binder_sample(  328): [android.view.IWindowSession,4,29,com.android.systemui,5]
02-08 07:23:09.839 I/am_pause_activity(  231): [1084209328,com.facebook.orca/.intents.IntentHandler]
02-08 07:23:09.839 I/am_finish_activity(  231): [1084209328,5,com.facebook.orca/.intents.IntentHandler,app-request]
02-08 07:23:09.859 I/am_restart_activity(  231): [1083827544,5,com.facebook.orca/.threadview.ThreadViewActivity]
02-08 07:23:09.869 I/binder_sample(  353): [android.app.IActivityManager,19,144,com.android.launcher,28]
02-08 07:23:10.119 I/google_http_request(  660): [570,200,Android-GmailProvider/171,1]
02-08 07:23:10.239 I/dvm_gc_info(  920): [3346018819314579102,-8922043485581117353,-3993702173794011091,7358200]
02-08 07:23:10.349 I/am_on_resume_called(  920): com.facebook.orca.threadview.ThreadViewActivity
02-08 07:23:10.640 I/force_gc(  231): Binder
02-08 07:23:10.710 I/dvm_gc_info(  231): [8320808730291889942,-8913879061586032535,-3982161699748874195,8533934]
02-08 07:23:10.740 I/am_kill (  231): [692,com.android.providers.calendar,12,too many background]
02-08 07:23:10.780 I/activity_launch_time(  231): [1083827544,com.facebook.orca/.threadview.ThreadViewActivity,944,33135]
02-08 07:23:10.850 I/am_destroy_activity(  231): [1084209328,5,com.facebook.orca/.intents.IntentHandler]
02-08 07:23:10.860 I/am_proc_died(  231): [692,com.android.providers.calendar]
02-08 07:23:10.940 I/binder_sample(  660): [android.app.IActivityManager,69,45,com.google.android.gm,9]
02-08 07:23:10.960 I/[206002](  660): [ME.messageMessageIdQuery,0,1,1]
02-08 07:23:10.980 I/dvm_gc_info(  920): [3346018819314398852,-8924295285243750309,-3988072674259797971,7964468]
02-08 07:23:11.290 I/db_sample(  660): [/data/data/com.google.android.gm/databases/XX@YY,COMMIT;DELETE FROM conversations_to_fetch WHERE _id in (SELECT m,126,,26]
02-08 07:23:11.290 I/[206002](  660): [MS.handleConversation,53,799,1]
02-08 07:23:11.310 I/db_sample(  660): [/data/data/com.google.android.gm/databases/XX@YY,SELECT COUNT(*) FROM operations WHERE message_messageId = ? AND ,0,,1]
02-08 07:23:11.310 I/[206002](  660): [ME.messageMessageIdQuery,0,1,1]
02-08 07:23:11.400 I/[206002](  660): [MS.handleConversation,32,112,1]
02-08 07:23:11.481 I/dvm_gc_info(  660): [7594245893398894145,-9010429652647303115,-4004961172862437331,7358131]
02-08 07:23:11.501 I/db_sample(  660): [/data/data/com.google.android.gm/databases/XX@YY,select conversations_to_fetch._id as _id,   max(
02-08 07:23:11.501 I/db_sample(  660):     case when n,0,,1]
02-08 07:23:11.521 I/dvm_gc_info(  920): [3346018819314358101,-8907687643125741476,-3988072674259797971,7964459]
02-08 07:23:11.611 I/am_create_service(  231): [1084177440,com.google.android.gm/.MailIntentService,act=android.intent.action.PROVIDER_CHANGED dat=content://gmail-ls/unread/^i,660]
02-08 07:23:11.681 I/notification_enqueue(  231): [com.google.android.gm,-1565531841,Notification(vibrate=null,sound=content://settings/system/notification_sound,defaults=0x4,flags=0x1)]
02-08 07:23:11.791 I/am_destroy_service(  231): [1084177440,com.google.android.gm/.MailIntentService,660]
02-08 07:23:11.841 I/dvm_gc_info(  558): [7882817126543726153,-8988193404449032144,-4006368547745990611,7358131]
02-08 07:23:11.851 I/sync_details(  660): [Gmail,1577,7711,M2C2S2]
02-08 07:23:11.861 I/sync    (  231): [gmail-ls,1,0,-1565529355]
02-08 07:23:11.861 I/am_destroy_service(  231): [1083661680,com.google.android.gm/.provider.MailSyncAdapterService,660]
02-08 07:23:11.871 I/notification_cancel(  231): [android,447577556,0]
02-08 07:23:11.871 I/sync    (  231): [com.android.contacts,0,0,-1565529355]
02-08 07:23:11.891 I/am_create_service(  231): [1084051920,com.google.android.syncadapters.contacts/.ContactsSyncAdapterService,act=android.content.SyncAdapter,377]
02-08 07:23:12.021 I/dvm_gc_info(  377): [7449358886915630697,-8974681986923718598,-4003553797978884051,7358131]
02-08 07:23:12.442 I/dvm_gc_info(  920): [3346018819314390864,-8907406168149026724,-3988072674259797971,7964456]
02-08 07:23:12.752 I/configuration_changed(  231): 128
02-08 07:23:12.782 I/dvm_gc_madvise_info(  328): [143360,126976]
02-08 07:23:12.882 I/configuration_changed(  231): 128
02-08 07:23:13.032 I/dvm_gc_info(  337): [7809651225003095549,-9039703462558853068,-4003553797978884051,7882525]
02-08 07:23:13.342 I/dvm_gc_info(  920): [3346018819314345803,-8907124693172320164,-3988072674259797971,7964456]
02-08 07:23:13.422 I/google_http_request(  377): [1201,200,Android-GData-Contacts/1.3,1]
02-08 07:23:13.503 I/dvm_gc_info(  377): [7449358886915642971,-8962297087931656133,-4003272323002173395,7358131]
02-08 07:23:13.903 I/dvm_gc_info(  920): [3346018819314394949,-8907687643125737380,-3988072674259797971,7964456]
02-08 07:23:14.093 I/dvm_gc_info(  368): [7017575181484873303,-8968208406123915210,-4004679697885726675,7358131]
02-08 07:23:14.524 I/dvm_gc_info(  368): [7017575181484881502,-8952727213668566985,-4004679697885726675,7358131]
02-08 07:23:15.094 I/google_http_request(  377): [350,200,Android-GData-Contacts/1.3,1]
02-08 07:23:15.204 I/dvm_gc_info(  231): [8320808730291914329,-8943152459163961240,-3982443174725584851,8533934]
02-08 07:23:15.214 I/am_kill (  231): [534,com.android.email,12,too many background]
02-08 07:23:15.234 I/am_proc_died(  231): [534,com.android.email]
02-08 07:23:15.364 I/sync_details(  377): [com.android.contacts,1552,7906,u2n2P1]
02-08 07:23:15.374 I/sync    (  231): [com.android.contacts,1,0,-1565529355]
02-08 07:23:15.374 I/am_destroy_service(  231): [1084051920,com.google.android.syncadapters.contacts/.ContactsSyncAdapterService,377]
02-08 07:23:15.374 I/notification_cancel(  231): [android,707653501,0]
02-08 07:23:16.485 I/dvm_gc_madvise_info(  660): [315392,126976]
02-08 07:23:16.876 I/dvm_gc_madvise_info(  558): [446464,126976]
02-08 07:23:18.067 I/dvm_gc_madvise_info(  337): [180224,126976]
02-08 07:23:18.547 I/dvm_gc_madvise_info(  377): [212992,126976]
02-08 07:23:18.968 I/dvm_gc_madvise_info(  920): [172032,126976]
02-08 07:23:19.578 I/dvm_gc_madvise_info(  368): [225280,126976]
02-08 07:23:20.289 I/dvm_gc_madvise_info(  231): [634880,126976]
02-08 07:23:21.250 I/notification_cancel(  231): [com.facebook.orca,1,0]
02-08 07:23:21.260 I/notification_cancel(  231): [com.facebook.orca,2,0]
02-08 07:23:21.460 I/dvm_gc_info(  920): [3346018819314354003,-8906843149442553763,-3986665299376244691,7964498]
02-08 07:23:25.925 I/am_proc_start(  231): [1014,10033,com.android.mms,service,com.android.mms/.transaction.TransactionService]
02-08 07:23:25.955 I/dvm_gc_madvise_info( 1014): [360448,126976]
02-08 07:23:25.975 I/am_proc_bound(  231): [1014,com.android.mms]
02-08 07:23:25.975 I/am_create_service(  231): [1084177024,com.android.mms/.transaction.TransactionService,act=android.intent.action.ACTION_ONALARM,1014]
02-08 07:23:26.115 I/dvm_gc_info( 1014): [7218827569569744508,-8971586380806342607,-4006087072769279955,7358131]
02-08 07:23:26.175 I/am_destroy_service(  231): [1084177024,com.android.mms/.transaction.TransactionService,1014]
02-08 07:23:26.215 I/am_kill (  231): [759,com.google.android.googlequicksearchbox,12,too many background]
02-08 07:23:26.225 I/dvm_gc_info(  347): [8099846449757484634,-8981719067550283721,-4004398222909016019,7358131]
02-08 07:23:26.225 I/am_proc_died(  231): [759,com.google.android.googlequicksearchbox]
02-08 07:23:26.505 I/dvm_gc_madvise_info(  920): [192512,126976]
02-08 07:23:31.160 I/dvm_gc_madvise_info( 1014): [360448,126976]
02-08 07:23:31.260 I/dvm_gc_madvise_info(  347): [270336,126976]
02-08 07:23:33.882 I/binder_sample(  347): [com.android.internal.telephony.ITelephonyRegistry,8,44,com.android.phone,8]
02-08 07:23:36.965 I/db_sample(  920): [/data/data/com.facebook.orca/databases/threads_db,SELECT thread_id, action_id, last_visible_action_id FROM threads,3,,1]
02-08 07:23:37.046 I/am_create_service(  231): [1083856816,com.sprint.w.installer/.delivery.ReportPostService,,601]
02-08 07:23:37.086 I/am_destroy_service(  231): [1083856816,com.sprint.w.installer/.delivery.ReportPostService,601]
02-08 07:23:42.140 I/force_gc(  601): bg
02-08 07:23:42.171 I/dvm_gc_info(  601): [7597136565101499750,-9062784273277380560,-4006368547745990611,7358131]
02-08 07:23:47.195 I/dvm_gc_madvise_info(  601): [557056,126976]
02-08 07:24:05.073 I/force_gc(  445): bg
02-08 07:24:05.103 I/dvm_gc_info(  445): [7020659311768610247,-9039140856303605714,-4006931497699411923,7358131]
02-08 07:24:10.138 I/dvm_gc_madvise_info(  445): [286720,126976]
02-08 07:24:27.074 I/battery_level(  231): [100,4175,270]
02-08 07:24:32.359 I/am_create_task(  231): 6
02-08 07:24:32.359 I/am_create_activity(  231): [1081412088,6,com.google.android.gm/.ConversationListActivity,android.intent.action.PROVIDER_CHANGED,NULL,content://gmail-ls/unread/^i,67108864]
02-08 07:24:32.380 I/am_pause_activity(  231): [1083827544,com.facebook.orca/.threadview.ThreadViewActivity]
02-08 07:24:32.400 I/notification_cancel(  231): [com.facebook.orca,1,0]
02-08 07:24:32.400 I/notification_cancel(  231): [com.facebook.orca,2,0]
02-08 07:24:32.410 I/notification_cancel(  231): [com.google.android.gm,-1565531841,16]
02-08 07:24:32.410 I/am_on_paused_called(  920): com.facebook.orca.threadview.ThreadViewActivity
02-08 07:24:32.430 I/am_finish_activity(  231): [1081412088,6,com.google.android.gm/.ConversationListActivity,clear]
02-08 07:24:32.430 I/am_destroy_activity(  231): [1081412088,6,com.google.android.gm/.ConversationListActivity]
02-08 07:24:32.440 I/am_create_activity(  231): [1083161392,6,com.google.android.gm/.ConversationListActivity,android.intent.action.PROVIDER_CHANGED,NULL,content://gmail-ls/unread/^i,67108864]
02-08 07:24:32.440 I/notification_cancel(  231): [com.google.android.gm,-1565531841,16]
02-08 07:24:32.470 I/binder_sample(  328): [android.view.IWindowSession,4,12,com.android.systemui,2]
02-08 07:24:32.510 I/am_restart_activity(  231): [1083161392,6,com.google.android.gm/.ConversationListActivity]
02-08 07:24:32.660 I/binder_sample(  920): [android.app.IActivityManager,63,106,com.facebook.orca,21]
02-08 07:24:32.710 I/[206002](  660): [CLA.setContentView,39,186,1]
02-08 07:24:32.820 I/dvm_gc_info(  660): [7594245893398779497,-8974119311898580937,-4003272323002173395,7358191]
02-08 07:24:32.820 I/content_query_sample(  660): [content://com.google.android.gsf.gservices,,,,38,com.google.android.gm,8]
02-08 07:24:32.840 I/[206002](  660): [ME.conversationQuery,22,103,1]
02-08 07:24:32.850 I/[206002](  660): [CLA.onCreate,82,321,1]
02-08 07:24:32.880 I/am_create_service(  231): [1083198176,com.google.android.gsf/.loginservice.GoogleLoginService,act=android.accounts.AccountAuthenticator,377]
02-08 07:24:32.890 I/db_sample(  377): [/data/data/com.google.android.gsf/databases/gls.db,PRAGMA user_version;,0,com.google.process.gapps,1]
02-08 07:24:32.900 I/[206002](  660): [CLA.onResume,13,50,1]
02-08 07:24:32.900 I/am_on_resume_called(  660): com.google.android.gm.ConversationListActivity
02-08 07:24:32.950 I/[206002](  660): [ME.conversationQuery,18,103,1]
02-08 07:24:33.010 I/am_destroy_service(  231): [1083198176,com.google.android.gsf/.loginservice.GoogleLoginService,377]
02-08 07:24:33.190 I/activity_launch_time(  231): [1083161392,com.google.android.gm/.ConversationListActivity,683,683]
02-08 07:24:33.370 I/am_create_service(  231): [1083837920,com.google.android.gm/.MailIntentService,act=android.intent.action.PROVIDER_CHANGED dat=content://gmail-ls/unread/^i,660]
02-08 07:24:33.380 I/notification_cancel(  231): [com.google.android.gm,-1565531841,0]
02-08 07:24:33.400 I/am_destroy_service(  231): [1083837920,com.google.android.gm/.MailIntentService,660]
02-08 07:24:33.411 I/db_sample(  660): [/data/data/com.google.android.gm/databases/XX@YY,INSERT OR REPLACE  INTO engine_settings(value, name) VALUES(?, ?,56,,12]
02-08 07:24:37.855 I/dvm_gc_madvise_info(  660): [192512,126976]
02-08 07:24:38.375 I/force_gc(  495): bg
02-08 07:24:38.475 I/dvm_gc_info(  495): [7092172591162873401,-9022815170181842896,-4006368547745990611,7358131]
02-08 07:24:38.786 I/am_create_activity(  231): [1082616928,6,com.google.android.gm/.HtmlConversationActivity,NULL,NULL,NULL,0]
02-08 07:24:38.796 I/am_pause_activity(  231): [1083161392,com.google.android.gm/.ConversationListActivity]
02-08 07:24:38.856 I/am_on_paused_called(  660): com.google.android.gm.ConversationListActivity
02-08 07:24:38.856 I/am_restart_activity(  231): [1082616928,6,com.google.android.gm/.HtmlConversationActivity]
02-08 07:24:38.896 I/[206002](  660): [ME.messageConversationIdQuery,3,4,1]
02-08 07:24:38.976 I/dvm_gc_info(  660): [7594245893398787686,-8978341299059918791,-4002427898072041427,7358198]
02-08 07:24:39.136 I/am_on_resume_called(  660): com.google.android.gm.HtmlConversationActivity
02-08 07:24:39.156 I/[206002](  660): [ME.conversationQuery,3,4,1]
02-08 07:24:39.186 I/[206002](  660): [HCA.messageIteration,21,23,1]
02-08 07:24:39.196 I/[206002](  660): [HCA.conversationBuilder,4,5,1]
02-08 07:24:39.196 I/[206002](  660): [HCA.buildConv,30,40,1]
02-08 07:24:39.276 I/[206002](  660): [HCA.webviewRender,19,85,1]
02-08 07:24:39.466 I/dvm_gc_info(  660): [7594245893398808163,-9022814139154606020,-4001301998165198803,7358198]
02-08 07:24:39.496 I/activity_launch_time(  231): [1082616928,com.google.android.gm/.HtmlConversationActivity,641,641]
02-08 07:24:39.757 I/[206002](  660): [HCA.webviewRender,69,561,1]
02-08 07:24:40.387 I/dvm_gc_info(  377): [7449358886915602024,-8970741268513494981,-4003272323002173395,7358131]
02-08 07:24:40.527 I/c2dm    (  377): [3,0:1328707462614751%2a9664f18d09f249,14,-1]
02-08 07:24:40.547 I/am_create_service(  231): [1084207192,com.facebook.katana/.c2dm.PushReceiver,act=com.google.android.c2dm.intent.RECEIVE cat=[com.facebook.katana],846]
02-08 07:24:40.618 I/notification_enqueue(  231): [com.facebook.katana,1000,Notification(vibrate=null,sound=null,defaults=0x0,flags=0x10)]
02-08 07:24:40.648 I/am_destroy_service(  231): [1084207192,com.facebook.katana/.c2dm.PushReceiver,846]
02-08 07:24:43.150 I/am_finish_activity(  231): [1082616928,6,com.google.android.gm/.HtmlConversationActivity,app-request]
02-08 07:24:43.150 I/am_pause_activity(  231): [1082616928,com.google.android.gm/.HtmlConversationActivity]
02-08 07:24:43.240 I/dvm_gc_info(  660): [7594245893398787740,-8977214918032795587,-4001020523188488147,7358198]
02-08 07:24:43.330 I/content_update_sample(  660): [content://gmail-ls/conversations/decidel@gmail.com/1393235146992013292/labels/%5Eu,delete,maxMessageId,178,com.google.android.gm,36]
02-08 07:24:43.330 I/am_on_paused_called(  660): com.google.android.gm.HtmlConversationActivity
02-08 07:24:43.340 I/am_resume_activity(  231): [1083161392,6,com.google.android.gm/.ConversationListActivity]
02-08 07:24:43.360 I/am_create_service(  231): [1083911520,com.google.android.gsf/.loginservice.GoogleLoginService,act=android.accounts.AccountAuthenticator,377]
02-08 07:24:43.380 I/[206002](  660): [ME.conversationQuery,4,25,1]
02-08 07:24:43.380 I/[206002](  660): [CLA.onResume,2,31,1]
02-08 07:24:43.380 I/am_on_resume_called(  660): com.google.android.gm.ConversationListActivity
02-08 07:24:43.390 I/content_query_sample(  660): [content://gmail-ls/conversations/decidel@gmail.com,_id/subject/snippet/fromAddress/date/personalLevel/labelIds/numMessages/maxMessageId/hasAttachments/hasMessagesWithErrors/forceAllUnread,label:^i,,38,,8]
02-08 07:24:43.410 I/[206002](  660): [ME.conversationQuery,4,16,1]
02-08 07:24:43.440 I/am_destroy_service(  231): [1083911520,com.google.android.gsf/.loginservice.GoogleLoginService,377]
02-08 07:24:43.490 I/dvm_gc_madvise_info(  495): [204800,126976]
02-08 07:24:43.650 I/dvm_gc_info(  231): [8320808730291635997,-8921197410980513686,-3981880224772163539,8533934]
02-08 07:24:43.691 I/am_destroy_activity(  231): [1082616928,6,com.google.android.gm/.HtmlConversationActivity]
02-08 07:24:43.731 I/[206002](  660): [HCA.webviewRender,282,4536,1]
02-08 07:24:45.432 I/dvm_gc_madvise_info(  377): [245760,126976]
02-08 07:24:46.754 I/am_create_activity(  231): [1079214672,6,com.google.android.gm/.HtmlConversationActivity,NULL,NULL,NULL,0]
02-08 07:24:46.754 I/am_pause_activity(  231): [1083161392,com.google.android.gm/.ConversationListActivity]
02-08 07:24:46.794 I/am_on_paused_called(  660): com.google.android.gm.ConversationListActivity
02-08 07:24:46.794 I/am_restart_activity(  231): [1079214672,6,com.google.android.gm/.HtmlConversationActivity]
02-08 07:24:46.834 I/[206002](  660): [ME.messageConversationIdQuery,1,2,1]
02-08 07:24:46.864 I/am_on_resume_called(  660): com.google.android.gm.HtmlConversationActivity
02-08 07:24:46.874 I/[206002](  660): [ME.conversationQuery,2,3,1]
02-08 07:24:46.954 I/dvm_gc_info(  660): [7594245893398836898,-8925141978605053891,-4000739048211777491,7358198]
02-08 07:24:46.954 I/[206002](  660): [HCA.messageIteration,10,56,1]
02-08 07:24:46.964 I/[206002](  660): [HCA.conversationBuilder,2,8,1]
02-08 07:24:46.964 I/[206002](  660): [HCA.buildConv,15,87,1]
02-08 07:24:47.034 I/[206002](  660): [HCA.webviewRender,7,67,1]
02-08 07:24:47.134 I/[206002](  660): [HCA.webviewRender,15,172,1]
02-08 07:24:47.304 I/activity_launch_time(  231): [1079214672,com.google.android.gm/.HtmlConversationActivity,516,516]
02-08 07:24:48.705 I/dvm_gc_madvise_info(  231): [491520,126976]
02-08 07:24:52.009 I/dvm_gc_madvise_info(  660): [249856,126976]
02-08 07:24:52.319 I/force_gc(  368): bg
02-08 07:24:52.399 I/dvm_gc_info(  368): [7017575181485155938,-8943720014430623690,-4004679697885726675,7358131]
02-08 07:24:55.072 I/am_finish_activity(  231): [1079214672,6,com.google.android.gm/.HtmlConversationActivity,app-request]
02-08 07:24:55.082 I/am_pause_activity(  231): [1079214672,com.google.android.gm/.HtmlConversationActivity]
02-08 07:24:55.172 I/dvm_gc_info(  660): [7594245893398791863,-8925986334815729604,-4001020523188488147,7358198]
02-08 07:24:55.282 I/content_update_sample(  660): [content://gmail-ls/conversations/decidel@gmail.com/1393241682654242891/labels/%5Eu,delete,maxMessageId,202,com.google.android.gm,41]
02-08 07:24:55.282 I/am_on_paused_called(  660): com.google.android.gm.HtmlConversationActivity
02-08 07:24:55.292 I/am_resume_activity(  231): [1083161392,6,com.google.android.gm/.ConversationListActivity]
02-08 07:24:55.322 I/am_create_service(  231): [1083660024,com.google.android.gsf/.loginservice.GoogleLoginService,act=android.accounts.AccountAuthenticator,377]
02-08 07:24:55.342 I/[206002](  660): [CLA.onResume,5,27,1]
02-08 07:24:55.342 I/am_on_resume_called(  660): com.google.android.gm.ConversationListActivity
02-08 07:24:55.352 I/[206002](  660): [ME.conversationQuery,3,35,1]
02-08 07:24:55.382 I/[206002](  660): [ME.conversationQuery,4,25,1]
02-08 07:24:55.412 I/am_destroy_service(  231): [1083660024,com.google.android.gsf/.loginservice.GoogleLoginService,377]
02-08 07:24:55.652 I/am_destroy_activity(  231): [1079214672,6,com.google.android.gm/.HtmlConversationActivity]
02-08 07:24:55.682 I/[206002](  660): [HCA.webviewRender,273,8723,1]
02-08 07:24:57.434 I/dvm_gc_madvise_info(  368): [253952,126976]
02-08 07:25:00.217 I/dvm_gc_madvise_info(  660): [376832,126976]
02-08 07:25:01.408 I/binder_sample(  328): [android.view.IWindowSession,4,5,com.android.systemui,1]
02-08 07:25:06.303 I/am_pause_activity(  231): [1083161392,com.google.android.gm/.ConversationListActivity]
02-08 07:25:06.313 I/am_task_to_front(  231): 2
02-08 07:25:06.313 I/am_new_intent(  231): [1083077808,2,com.android.launcher/com.android.launcher2.Launcher,android.intent.action.MAIN,NULL,NULL,274726912]
02-08 07:25:06.313 I/am_on_paused_called(  660): com.google.android.gm.ConversationListActivity
02-08 07:25:06.323 I/am_resume_activity(  231): [1081261248,2,com.android.launcher/com.android.launcher2.Launcher]
02-08 07:25:06.343 I/am_on_resume_called(  353): com.android.launcher2.Launcher
02-08 07:25:08.605 I/power_sleep_requested(  231): 1
02-08 07:25:08.835 I/power_screen_state(  231): [0,2,0,0]
02-08 07:25:08.845 I/power_screen_broadcast_send(  231): 1
02-08 07:25:08.845 I/screen_toggled(  231): 0
02-08 07:25:08.895 I/am_pause_activity(  231): [1081261248,com.android.launcher/com.android.launcher2.Launcher]
02-08 07:25:08.915 I/am_on_paused_called(  353): com.android.launcher2.Launcher
02-08 07:25:08.945 I/power_screen_broadcast_done(  231): [0,102,1]
02-08 07:25:09.125 I/dvm_gc_info(  231): [8320808730291902162,-8923167735817480086,-3981880224772163539,8534051]
02-08 07:25:09.155 I/am_create_service(  231): [1084184864,com.google.android.gsf/.loginservice.GoogleLoginService,act=android.accounts.AccountAuthenticator,377]
02-08 07:25:09.275 I/dvm_gc_info(  377): [7449358886915602049,-8977496599218296773,-4002990848025462739,7358131]
02-08 07:25:09.296 I/am_destroy_service(  231): [1084184864,com.google.android.gsf/.loginservice.GoogleLoginService,377]
02-08 07:25:13.319 I/sync    (  231): [gmail-ls,0,1,-1565529355]
02-08 07:25:13.349 I/am_create_service(  231): [1083840792,com.google.android.gm/.provider.MailSyncAdapterService,act=android.content.SyncAdapter,660]
02-08 07:25:13.520 I/db_sample(  660): [/data/data/com.google.android.gm/databases/XX@YY,UPDATE operations SET numAttempts = ? WHERE _id = ?,88,,18]
02-08 07:25:14.190 I/dvm_gc_madvise_info(  231): [647168,126976]
02-08 07:25:14.310 I/dvm_gc_madvise_info(  377): [245760,126976]
02-08 07:25:15.151 I/google_http_request(  660): [1553,200,Android-GmailProvider/171,1]
02-08 07:25:15.432 I/c2dm    (  377): [3,0:1328707499793424%e7a71353bf887fab,15,-1]
02-08 07:25:15.462 I/am_create_service(  231): [1083833544,com.google.android.gsf/.subscribedfeeds.SubscribedFeedsIntentService,act=com.google.android.c2dm.intent.RECEIVE cat=[com.google.android.gsf.subscribedfeeds],377]
02-08 07:25:15.492 I/tickle  (  377): gmail-ls
02-08 07:25:15.502 I/am_destroy_service(  231): [1083833544,com.google.android.gsf/.subscribedfeeds.SubscribedFeedsIntentService,377]
02-08 07:25:15.932 I/dvm_gc_info(  660): [7594245893398972008,-8924297484955457476,-4001301998165198803,7358198]
02-08 07:25:15.962 I/sync_details(  660): [Gmail,686,581,L2u2S1]
02-08 07:25:15.962 I/sync    (  231): [gmail-ls,1,1,-1565529355]
02-08 07:25:15.962 I/am_destroy_service(  231): [1083840792,com.google.android.gm/.provider.MailSyncAdapterService,660]
02-08 07:25:15.972 I/notification_cancel(  231): [android,447577556,0]
02-08 07:25:15.972 I/sync    (  231): [gmail-ls,0,0,-1565529355]
02-08 07:25:15.982 I/am_create_service(  231): [1083644144,com.google.android.gm/.provider.MailSyncAdapterService,act=android.content.SyncAdapter,660]
02-08 07:25:17.023 I/db_sample(  660): [/data/data/com.google.android.gm/databases/XX@YY,COMMIT;INSERT OR REPLACE  INTO sync_settings(value, name) VALUES,1015,,100]
02-08 07:25:17.333 I/google_http_request(  660): [291,200,Android-GmailProvider/171,1]
02-08 07:25:17.794 I/db_sample(  660): [/data/data/com.google.android.gm/databases/XX@YY,COMMIT;INSERT OR REPLACE  INTO sync_settings(value, name) VALUES,448,,90]
02-08 07:25:18.655 I/db_sample(  660): [/data/data/com.google.android.gm/databases/XX@YY,COMMIT;INSERT OR REPLACE  INTO sync_settings(value, name) VALUES,848,,100]
02-08 07:25:18.735 I/dvm_gc_info(  660): [7594245893398910406,-9032102401035646916,-4001583473141909459,7358197]
02-08 07:25:18.755 I/sync_details(  660): [Gmail,646,440,S1]
02-08 07:25:18.765 I/sync    (  231): [gmail-ls,1,0,-1565529355]
02-08 07:25:18.765 I/am_destroy_service(  231): [1083644144,com.google.android.gm/.provider.MailSyncAdapterService,660]
02-08 07:25:18.765 I/notification_cancel(  231): [android,447577556,0]
02-08 07:25:23.790 I/dvm_gc_madvise_info(  660): [520192,126976]
02-08 07:25:25.491 I/force_gc(  846): bg
02-08 07:25:25.561 I/dvm_gc_info(  846): [7737593596605716212,-8936399121811343295,-4000739048211777491,7358140]
02-08 07:25:30.496 I/force_gc(  920): bg
02-08 07:25:30.596 I/dvm_gc_madvise_info(  846): [1277952,126976]
02-08 07:25:30.606 I/dvm_gc_info(  920): [3346018819314726598,-8919790998371264419,-3986383824399534035,7964519]
02-08 07:25:35.661 I/dvm_gc_madvise_info(  920): [233472,126976]
02-08 07:25:49.204 I/c2dm    (  377): [-4,NULL,4,15]
02-08 07:25:49.275 I/c2dm    (  377): [3,0:1328707533891818%36211dfc8d09f249,16,-1]
02-08 07:25:49.335 I/am_create_service(  231): [1083599608,com.facebook.orca/.push.c2dm.C2DMReceiver,act=com.google.android.c2dm.intent.RECEIVE cat=[com.facebook.orca],920]
02-08 07:25:49.355 I/notification_enqueue(  231): [com.facebook.orca,1,Notification(vibrate=[0,200,200,200],sound=null,defaults=0x0,flags=0x1)]
02-08 07:25:49.385 I/am_destroy_service(  231): [1083599608,com.facebook.orca/.push.c2dm.C2DMReceiver,920]
02-08 07:25:50.075 I/dvm_gc_info(  920): [3346018819314349915,-8907406030676522915,-3986946774352955347,7964493]
02-08 07:25:51.687 I/db_sample(  920): [/data/data/com.facebook.orca/databases/threads_db,SELECT thread_id, action_id, last_visible_action_id FROM threads,4,,1]
02-08 07:25:51.767 I/db_sample(  920): [/data/data/com.facebook.orca/databases/threads_db,BEGIN EXCLUSIVE;,0,,1]
02-08 07:25:51.867 I/dvm_gc_info(  920): [3346018819314349951,-8904872687166642083,-3987228249329666003,7964485]
02-08 07:25:53.669 I/db_sample(  920): [/data/data/com.facebook.orca/databases/threads_db,COMMIT;INSERT OR REPLACE  INTO thread_users(last_name, first_nam,784,,100]
02-08 07:25:56.922 I/dvm_gc_madvise_info(  920): [204800,126976]
02-08 07:26:05.090 I/force_gc(  445): bg
02-08 07:26:05.120 I/dvm_gc_info(  445): [7020659311768609541,-9188322593960253394,-4006931497699411923,7358131]
02-08 07:26:10.155 I/dvm_gc_madvise_info(  445): [294912,126976]
02-08 07:26:19.954 I/db_sample(  920): [/data/data/com.facebook.orca/databases/threads_db,SELECT thread_id FROM messages WHERE action_id IN (1327690574676,22,,5]
02-08 07:26:52.686 I/power_screen_state(  231): [1,3,0,0]
02-08 07:26:52.686 I/power_screen_broadcast_send(  231): 1
02-08 07:26:52.686 I/screen_toggled(  231): 1
02-08 07:26:52.686 I/am_resume_activity(  231): [1081261248,2,com.android.launcher/com.android.launcher2.Launcher]
02-08 07:26:52.706 I/am_on_resume_called(  353): com.android.launcher2.Launcher
02-08 07:26:52.766 I/power_screen_broadcast_done(  231): [1,81,1]
02-08 07:26:52.817 I/notification_cancel(  231): [com.android.phone,111,0]
02-08 07:26:55.809 I/screen_toggled(  231): 2
02-08 07:26:55.869 I/c2dm    (  377): [-4,NULL,5,16]
02-08 07:26:56.060 I/c2dm    (  377): [5,NULL,17,5]
02-08 07:26:57.321 I/dvm_gc_info(  328): [8320808730291664470,-8953853319767435212,-4002990848025462739,7903012]
02-08 07:27:00.844 I/am_pause_activity(  231): [1081261248,com.android.launcher/com.android.launcher2.Launcher]
02-08 07:27:00.844 I/am_on_paused_called(  353): com.android.launcher2.Launcher
02-08 07:27:00.854 I/am_task_to_front(  231): 5
02-08 07:27:00.854 I/am_create_activity(  231): [1082427720,5,com.facebook.orca/.intents.IntentHandler,android.intent.action.VIEW,NULL,fb-messenger://thread/t_eCYB6euHM2MVwUBLyVYRTA,71303168]
02-08 07:27:00.854 I/am_restart_activity(  231): [1082427720,5,com.facebook.orca/.intents.IntentHandler]
02-08 07:27:00.864 I/notification_cancel(  231): [com.facebook.orca,1,16]
02-08 07:27:00.894 I/am_create_activity(  231): [1083838488,5,com.facebook.orca/.threadview.ThreadViewActivity,NULL,NULL,NULL,0]
02-08 07:27:00.894 I/am_pause_activity(  231): [1082427720,com.facebook.orca/.intents.IntentHandler]
02-08 07:27:00.894 I/am_finish_activity(  231): [1082427720,5,com.facebook.orca/.intents.IntentHandler,app-request]
02-08 07:27:00.904 I/am_restart_activity(  231): [1083838488,5,com.facebook.orca/.threadview.ThreadViewActivity]
02-08 07:27:01.255 I/dvm_gc_info(  920): [3346018819314534067,-8922605610699401123,-3987228249329666003,7964545]
02-08 07:27:01.305 I/am_on_resume_called(  920): com.facebook.orca.threadview.ThreadViewActivity
02-08 07:27:01.655 I/am_destroy_activity(  231): [1082427720,5,com.facebook.orca/.intents.IntentHandler]
02-08 07:27:01.925 I/activity_launch_time(  231): [1083838488,com.facebook.orca/.threadview.ThreadViewActivity,1028,1074]
02-08 07:27:02.376 I/dvm_gc_madvise_info(  328): [176128,126976]
02-08 07:27:03.517 I/db_sample(  920): [/data/data/com.facebook.orca/databases/threads_db,SELECT thread_id FROM messages WHERE action_id IN (1327690574676,21,,5]
02-08 07:27:06.320 I/dvm_gc_madvise_info(  920): [266240,126976]
02-08 07:27:07.271 I/notification_cancel(  231): [com.facebook.orca,1,0]
02-08 07:27:07.281 I/notification_cancel(  231): [com.facebook.orca,2,0]
02-08 07:27:07.751 I/dvm_gc_info(  337): [7809651225003205982,-9053495736417654731,-4003553797978884051,7882627]
02-08 07:27:08.041 I/dvm_gc_info(  337): [7809651225003357496,-9050962461627258827,-4003553797978884051,8370107]
02-08 07:27:12.095 I/binder_sample(  337): [android.view.IWindowSession,4,25,com.android.inputmethod.latin,5]
02-08 07:27:12.456 I/binder_sample(  337): [android.view.IWindowSession,3,5,com.android.inputmethod.latin,1]
02-08 07:27:13.086 I/dvm_gc_madvise_info(  337): [147456,126976]
02-08 07:27:17.210 I/binder_sample(  337): [android.view.IWindowSession,3,6,com.android.inputmethod.latin,1]
02-08 07:27:22.876 I/force_gc(  353): bg
02-08 07:27:22.946 I/dvm_gc_info(  353): [7809652345805235747,-9021125907853682638,-3996516923561117651,8575014]
02-08 07:27:24.027 I/binder_sample(  337): [android.view.IWindowSession,3,10,com.android.inputmethod.latin,2]
02-08 07:27:24.918 I/binder_sample(  337): [android.view.IWindowSession,8,5,com.android.inputmethod.latin,1]
02-08 07:27:25.488 I/dvm_gc_info(  337): [7809651225003165243,-8983689667315480522,-4003553797978884051,8529954]
02-08 07:27:26.930 I/notification_cancel(  231): [com.facebook.orca,1,0]
02-08 07:27:26.940 I/notification_cancel(  231): [com.facebook.orca,2,0]
02-08 07:27:27.540 I/dvm_gc_info(  337): [7809651225003410810,-9044769737261696970,-4003553797978884051,8542242]
02-08 07:27:27.600 I/dvm_gc_info(  920): [3346018819314358042,-8911346611496699807,-3982724649702295507,8529850]
02-08 07:27:27.961 I/dvm_gc_madvise_info(  353): [237568,126976]
02-08 07:27:29.152 I/db_sample(  920): [/data/data/com.facebook.orca/databases/prefs_db,COMMIT;INSERT OR REPLACE  INTO preferences(value, type, key) VAL,105,,22]
02-08 07:27:29.272 I/dvm_gc_info(  920): [3346018819314354090,-8897835262858762142,-3983006124679006163,8529832]
02-08 07:27:31.024 I/dvm_gc_info(  920): [3346018819314358158,-8903464762359383965,-3982443174725584851,8529830]
02-08 07:27:32.555 I/dvm_gc_madvise_info(  337): [196608,126976]
02-08 07:27:32.565 I/db_sample(  920): [/data/data/com.facebook.orca/databases/threads_db,INSERT OR REPLACE  INTO properties(value, key) VALUES(?, ?);,0,,1]
02-08 07:27:32.896 I/dvm_gc_info(  920): [3346018819314411442,-8900368400176617373,-3982443174725584851,8529830]
02-08 07:27:33.486 I/db_sample(  920): [/data/data/com.facebook.orca/databases/threads_db,SELECT thread_id, action_id, last_visible_action_id FROM threads,0,,1]
02-08 07:27:37.961 I/dvm_gc_madvise_info(  920): [278528,126976]
