02-08 07:22:33.864 I/dvm_gc_madvise_info(  759): [131072,126976]
02-08 07:22:33.904 I/dvm_gc_madvise_info(  727): [131072,126976]
02-08 07:22:33.904 I/dvm_gc_madvise_info(  702): [126976,126976]
02-08 07:22:33.914 I/dvm_gc_madvise_info(  692): [163840,126976]
02-08 07:22:33.914 I/dvm_gc_madvise_info(  710): [180224,126976]
02-08 07:22:34.354 I/dvm_gc_info(  353): [7809652345805067722,-9036044150338803661,-3996516923561117651,8550439]
02-08 07:22:35.255 I/am_destroy_service(  231): [1083577160,com.android.calendar/.AlertService,702]
02-08 07:22:35.295 I/binder_sample(  377): [android.app.IActivityManager,63,2065,com.google.process.gapps,100]
02-08 07:22:35.305 I/am_kill (  231): [528,com.cooliris.media,12,too many background]
02-08 07:22:35.305 I/am_destroy_service(  231): [1084177440,com.google.android.gsf/.checkin.EventLogService,377]
02-08 07:22:35.305 I/binder_sample(  347): [com.android.internal.telephony.ITelephonyRegistry,8,1965,com.android.phone,100]
02-08 07:22:35.365 I/am_kill (  231): [550,zte.com.cn.alarmclock,12,too many background]
02-08 07:22:35.425 I/binder_sample(  719): [android.net.IConnectivityManager,3,3186,com.google.android.apps.googlevoice,100]
02-08 07:22:35.505 I/am_proc_died(  231): [550,zte.com.cn.alarmclock]
02-08 07:22:35.505 I/am_proc_died(  231): [528,com.cooliris.media]
02-08 07:22:35.515 I/am_destroy_service(  231): [1083885320,com.android.providers.media/.MediaScannerService,558]
02-08 07:22:35.515 I/am_kill (  231): [566,com.sprint.zone,12,too many background]
02-08 07:22:35.556 I/am_proc_start(  231): [774,10034,com.google.android.apps.uploader,broadcast,com.google.android.apps.uploader/.ConnectivityBroadcastReceiver]
02-08 07:22:35.566 I/dvm_gc_madvise_info(  774): [364544,126976]
02-08 07:22:35.576 I/am_destroy_service(  231): [1082833848,com.google.android.apps.googlevoice/.PushNotificationRegistrationService,719]
02-08 07:22:35.576 I/am_kill (  231): [576,com.android.voicedialer,12,too many background]
02-08 07:22:35.606 I/am_proc_bound(  231): [774,com.google.android.apps.uploader]
02-08 07:22:35.616 I/am_proc_died(  231): [576,com.android.voicedialer]
02-08 07:22:35.686 I/am_create_service(  231): [1083855008,com.android.providers.media/.MediaScannerService,,558]
02-08 07:22:35.696 I/am_proc_start(  231): [785,10049,com.cooliris.media,broadcast,com.cooliris.media/com.cooliris.cache.BootReceiver]
02-08 07:22:35.696 I/binder_sample(  759): [android.app.IActivityManager,110,15,com.google.android.googlequicksearchbox,3]
02-08 07:22:35.716 I/dvm_gc_madvise_info(  785): [360448,126976]
02-08 07:22:35.726 I/am_proc_bound(  231): [785,com.cooliris.media]
02-08 07:22:35.776 I/binder_sample(  347): [com.android.internal.telephony.ITelephonyRegistry,14,20,com.android.phone,4]
02-08 07:22:35.796 I/connectivity_state_changed(  231): 3112
02-08 07:22:35.896 I/notification_cancel(  231): [com.android.phone,7,0]
02-08 07:22:35.896 I/notification_cancel(  231): [com.android.phone,7,0]
02-08 07:22:35.906 I/notification_cancel(  231): [com.android.phone,7,0]
02-08 07:22:35.906 I/notification_cancel(  231): [com.android.phone,7,0]
02-08 07:22:35.986 I/binder_sample(  774): [android.app.IActivityManager,69,30,com.google.android.apps.uploader,6]
02-08 07:22:36.026 I/dvm_gc_info(  785): [7882817126543713943,-8925143009665882065,-4006650022722701267,7358131]
02-08 07:22:36.056 I/am_proc_died(  231): [566,com.sprint.zone]
02-08 07:22:36.066 I/dvm_gc_madvise_info(  503): [319488,126976]
02-08 07:22:36.066 I/binder_sample(  558): [android.app.IActivityManager,61,53,android.process.media,10]
02-08 07:22:36.076 I/am_proc_start(  231): [798,10021,com.google.android.apps.plus,broadcast,com.google.android.apps.plus/.service.PackagesMediaMonitor]
02-08 07:22:36.076 I/am_kill (  231): [584,com.swype.android.inputmethod,12,too many background]
02-08 07:22:36.076 I/am_destroy_service(  231): [1083077136,com.android.providers.calendar/.EmptyService,692]
02-08 07:22:36.086 I/am_kill (  231): [610,com.locationlabs.v3client,12,too many background]
02-08 07:22:36.086 I/binder_sample(  774): [android.app.IActivityManager,110,93,com.google.android.apps.uploader,18]
02-08 07:22:36.096 I/dvm_gc_madvise_info(  798): [360448,126976]
02-08 07:22:36.116 I/am_proc_bound(  231): [798,com.google.android.apps.plus]
02-08 07:22:36.146 I/am_proc_died(  231): [584,com.swype.android.inputmethod]
02-08 07:22:36.146 I/am_proc_died(  231): [610,com.locationlabs.v3client]
02-08 07:22:36.186 I/binder_sample(  785): [android.app.IActivityManager,110,13,com.cooliris.media,2]
02-08 07:22:36.256 I/binder_sample(  785): [android.app.IActivityManager,110,38,com.cooliris.media,7]
02-08 07:22:36.256 I/dvm_gc_info(  798): [3346293774832694896,-8980593580044294094,-4006087072769279955,7358131]
02-08 07:22:36.296 I/dvm_gc_info(  759): [7453298398305777276,-8970460480916289488,-4006368547745990611,7358131]
02-08 07:22:36.486 I/dvm_gc_madvise_info(  377): [180224,126976]
02-08 07:22:36.506 I/dvm_gc_madvise_info(  534): [233472,126976]
02-08 07:22:36.516 I/content_query_sample(  660): [content://gmail-downloads/download,,,_id,891,,100]
02-08 07:22:36.516 I/am_destroy_service(  231): [1083029688,com.google.android.gm/.downloadprovider.DownloadService,660]
02-08 07:22:36.526 I/am_kill (  231): [627,com.android.mms,12,too many background]
02-08 07:22:36.567 I/dvm_gc_info(  798): [3346293774832694893,-8947379395319883724,-4005242647839147987,7358131]
02-08 07:22:36.607 I/am_proc_died(  231): [627,com.android.mms]
02-08 07:22:36.667 I/dvm_gc_info(  798): [3346293774832694874,-8968771356060563401,-4004398222909016019,7358131]
02-08 07:22:36.717 I/am_kill (  231): [645,com.android.zte.HiddenMenu,12,too many background]
02-08 07:22:36.737 I/am_proc_start(  231): [812,10030,com.google.android.music:main,broadcast,com.google.android.music/.store.MediaStoreImportService$Receiver]
02-08 07:22:36.767 I/dvm_gc_madvise_info(  812): [360448,126976]
02-08 07:22:36.767 I/dvm_gc_info(  114): [8825198673194546224,-9134279398381483986,-4006087072769275858,7358131]
02-08 07:22:36.797 I/dvm_gc_info(  114): [8825198673194500144,-9222662541068629970,-4006087072769275858,7358131]
02-08 07:22:36.817 I/am_proc_bound(  231): [812,com.google.android.music:main]
02-08 07:22:36.837 I/am_proc_died(  231): [645,com.android.zte.HiddenMenu]
02-08 07:22:36.857 I/dvm_gc_info(  114): [8825198673194639416,-9222662541068629970,-4006087072769275858,7358131]
02-08 07:22:36.967 I/dvm_gc_info(  812): [7887337218879059570,-8980875055021008846,-4006087072769279955,7358131]
02-08 07:22:37.007 I/am_create_service(  231): [1083387440,com.sprint.w.installer/.AlarmService,,601]
02-08 07:22:37.057 I/binder_sample(  798): [android.app.IActivityManager,110,16,com.google.android.apps.plus,3]
02-08 07:22:37.077 I/am_destroy_service(  231): [1083387440,com.sprint.w.installer/.AlarmService,601]
02-08 07:22:37.107 I/dvm_gc_madvise_info(  737): [217088,126976]
02-08 07:22:37.117 I/binder_sample(  798): [android.app.IActivityManager,110,35,com.google.android.apps.plus,7]
02-08 07:22:37.117 I/dvm_gc_madvise_info(  719): [184320,126976]
02-08 07:22:37.157 I/content_query_sample(  798): [content://com.google.android.apps.plus.content.EsGooglePhotoProvider/settings,auto_upload_enabled,,,355,,72]
02-08 07:22:37.227 I/dvm_gc_info(  812): [7887337218879096355,-9045895705837729737,-4004679697885726675,7358131]
02-08 07:22:37.257 I/am_kill (  231): [683,com.android.camera,12,too many background]
02-08 07:22:37.267 I/am_proc_start(  231): [825,10036,com.google.android.apps.maps:LocationFriendService,broadcast,com.google.android.apps.maps/com.google.googlenav.friend.reporting.LocationReportingIntentReceiver]
02-08 07:22:37.287 I/am_proc_bound(  231): [825,com.google.android.apps.maps:LocationFriendService]
02-08 07:22:37.307 I/am_proc_died(  231): [683,com.android.camera]
02-08 07:22:37.407 I/dvm_gc_info(  825): [7881704463071770223,-8984534229718243278,-4005805597792569299,7358131]
02-08 07:22:37.507 I/content_query_sample(  825): [content://com.google.settings/partner,value,name='maps_client_id',,8,com.google.android.apps.maps:LocationFriendService,2]
02-08 07:22:37.588 I/dvm_gc_info(  825): [7881704463071774267,-9029007138532382666,-4004679697885726675,7358131]
02-08 07:22:37.638 I/db_sample(  231): [/data/system/accounts.db,SELECT _id, name, type FROM accounts WHERE type=?,0,,1]
02-08 07:22:37.638 I/am_create_task(  231): 4
02-08 07:22:37.638 I/am_create_activity(  231): [1083161120,4,com.google.android.apps.maps/com.google.googlenav.login.AndroidLoginActivitySdk5,NULL,NULL,NULL,268435456]
02-08 07:22:37.638 I/am_pause_activity(  231): [1081261248,com.android.launcher/com.android.launcher2.Launcher]
02-08 07:22:37.648 I/am_on_paused_called(  353): com.android.launcher2.Launcher
02-08 07:22:37.648 I/am_proc_start(  231): [835,10036,com.google.android.apps.maps,activity,com.google.android.apps.maps/com.google.googlenav.login.AndroidLoginActivitySdk5]
02-08 07:22:37.658 I/am_kill (  231): [702,com.android.calendar,12,too many background]
02-08 07:22:37.678 I/am_proc_bound(  231): [835,com.google.android.apps.maps]
02-08 07:22:37.718 I/am_restart_activity(  231): [1083161120,4,com.google.android.apps.maps/com.google.googlenav.login.AndroidLoginActivitySdk5]
02-08 07:22:37.738 I/am_proc_died(  231): [702,com.android.calendar]
02-08 07:22:37.808 I/am_create_service(  231): [1083878752,com.google.android.gsf/.checkin.CheckinService,,377]
02-08 07:22:37.828 I/am_create_service(  231): [1083537904,com.google.android.gsf/.gtalkservice.service.GTalkService,act=com.google.android.gtalkservice.IGTalkService,377]
02-08 07:22:37.838 I/gtalkservice(  377): 3
02-08 07:22:37.838 I/am_create_service(  231): [1084198984,com.google.android.gm/.downloadprovider.DownloadService,,660]
02-08 07:22:37.858 I/am_create_service(  231): [1084171464,com.android.providers.downloads/.DownloadService,,558]
02-08 07:22:37.858 I/notification_cancel_all(  231): [com.android.providers.downloads,0]
02-08 07:22:37.878 I/am_create_service(  231): [1083128720,com.google.android.apps.googlevoice/.PushNotificationRegistrationService,,719]
02-08 07:22:37.898 I/am_proc_start(  231): [846,10065,com.facebook.katana,broadcast,com.facebook.katana/.binding.UploadManagerConnectivity]
02-08 07:22:37.938 I/content_query_sample(  377): [content://com.google.android.providers.talk/providerSettings,name/value,,,19,com.google.process.gapps,4]
02-08 07:22:38.098 I/binder_sample(  825): [android.app.IActivityManager,16,310,com.google.android.apps.maps:LocationFr,62]
02-08 07:22:38.098 I/dvm_gc_info(  835): [3345437233799870062,-8984815704694953934,-4006087072769279955,7358131]
02-08 07:22:38.098 I/dvm_gc_info(  377): [7449358886915659376,-8991852372920674252,-4005242647839147987,7358131]
02-08 07:22:38.168 I/binder_sample(  825): [android.app.IActivityManager,69,74,com.google.android.apps.maps:LocationFr,14]
02-08 07:22:38.178 I/am_proc_bound(  231): [846,com.facebook.katana]
02-08 07:22:38.268 I/binder_sample(  846): [android.app.IActivityManager,17,89,<pre-initialized>,17]
02-08 07:22:38.308 I/binder_sample(  835): [android.content.IContentProvider,1,6,com.google.android.apps.maps,1]
02-08 07:22:38.348 I/am_create_service(  231): [1083447288,com.google.android.gsf/.loginservice.GoogleLoginService,act=android.accounts.AccountAuthenticator,377]
02-08 07:22:38.378 I/content_query_sample(  558): [content://downloads/all_downloads,_id,status >= '200',lastmod,386,,78]
02-08 07:22:38.398 I/dvm_gc_info(  835): [3345437233799837227,-9040547681297004490,-4004679697885726675,7358131]
02-08 07:22:38.398 I/content_query_sample(  660): [content://gmail-downloads/download,_id,status >= '200',lastmod,419,,84]
02-08 07:22:38.418 I/binder_sample(  377): [android.app.IActivityManager,61,60,com.google.process.gapps,12]
02-08 07:22:38.418 I/binder_sample(  835): [android.app.IActivityManager,83,72,com.google.android.apps.maps,14]
02-08 07:22:38.619 I/dvm_gc_madvise_info(  231): [319488,126976]
02-08 07:22:38.699 I/binder_sample(  825): [android.app.IActivityManager,110,52,com.google.android.apps.maps:LocationFr,10]
02-08 07:22:38.709 I/am_destroy_service(  231): [1083447288,com.google.android.gsf/.loginservice.GoogleLoginService,377]
02-08 07:22:38.909 I/dvm_gc_info(  846): [7737593596605765177,-9019437126779963339,-4004961172862437331,7358131]
02-08 07:22:38.929 I/dvm_gc_info(  377): [7449358886915720818,-8986222873386461132,-4005242647839147987,7358131]
02-08 07:22:38.969 I/dvm_gc_info(  231): [8320808730291648371,-8918382661213439896,-3982443174725584851,8533934]
02-08 07:22:38.999 I/binder_sample(  846): [,1,32,com.facebook.katana,6]
02-08 07:22:39.019 I/dvm_gc_info(  353): [7809652345807255119,-8998326434706532300,-3995672498630985683,8575015]
02-08 07:22:39.129 I/content_query_sample(  377): [content://com.google.android.providers.talk/accounts,_id/last_login_state,_id=1,,49,,10]
02-08 07:22:39.129 I/am_finish_activity(  231): [1083161120,4,com.google.android.apps.maps/com.google.googlenav.login.AndroidLoginActivitySdk5,app-request]
02-08 07:22:39.139 I/am_pause_activity(  231): [1083161120,com.google.android.apps.maps/com.google.googlenav.login.AndroidLoginActivitySdk5]
02-08 07:22:39.149 I/dvm_gc_info(  835): [3345437233799775798,-9031540207113971655,-4003835272955594707,7358131]
02-08 07:22:39.149 I/am_resume_activity(  231): [1081261248,2,com.android.launcher/com.android.launcher2.Launcher]
02-08 07:22:39.189 I/am_on_resume_called(  353): com.android.launcher2.Launcher
02-08 07:22:39.199 I/am_destroy_activity(  231): [1083161120,4,com.google.android.apps.maps/com.google.googlenav.login.AndroidLoginActivitySdk5]
02-08 07:22:39.239 I/aggregation(  377): 1328707359249
02-08 07:22:39.339 I/content_query_sample(  660): [content://gmail-downloads/download,,,_id,84,,17]
02-08 07:22:39.349 I/am_destroy_service(  231): [1084198984,com.google.android.gm/.downloadprovider.DownloadService,660]
02-08 07:22:39.359 I/am_destroy_service(  231): [1084171464,com.android.providers.downloads/.DownloadService,558]
02-08 07:22:39.419 I/dvm_gc_info(  846): [7737593596605429315,-8999170653528491976,-4004116747932305363,7358131]
02-08 07:22:39.459 I/am_create_service(  231): [1083809744,com.facebook.katana/.service.FacebookService,,846]
02-08 07:22:39.459 I/content_update_sample(  377): [content://com.google.android.providers.talk/chats/account/1,delete,groupchat=1,163,,33]
02-08 07:22:39.499 I/content_update_sample(  377): [content://com.google.android.providers.talk/messagesByAccount/1,delete,is_muc=1,199,,40]
02-08 07:22:39.539 I/db_sample(  377): [/data/data/com.google.android.gsf/databases/talk.db,DELETE FROM chats WHERE groupchat=1 AND contact_id in (select _i,0,,1]
02-08 07:22:39.539 I/am_create_service(  231): [1083719576,com.facebook.katana/.service.UploadManager,,846]
02-08 07:22:39.549 I/gtalkservice(  377): 0
02-08 07:22:39.559 I/gtalkservice(  377): 1
02-08 07:22:39.559 I/gtalk_connection(  377): 65537
02-08 07:22:39.579 I/db_sample(  377): [/data/data/com.google.android.gsf/databases/talk.db,COMMIT;DELETE FROM chats WHERE groupchat=1 AND contact_id in (se,44,,9]
02-08 07:22:39.680 I/content_update_sample(  846): [content://com.facebook.katana.provider.CacheProvider/cache/name/loginSyncStoreKey,update,,19,com.facebook.katana,4]
02-08 07:22:39.680 I/db_sample(  846): [/data/data/com.facebook.katana/databases/fb.db,SELECT key, value FROM key_value WHERE (key IN("is_employee","se,1,com.facebook.katana,1]
02-08 07:22:39.680 I/notification_cancel(  231): [com.facebook.katana,7,0]
02-08 07:22:39.770 I/content_update_sample(  377): [content://com.google.android.providers.talk/accountStatus,insert,,207,,42]
02-08 07:22:39.790 I/sync    (  231): [com.google.android.music.MusicContent,0,4,-1565529355]
02-08 07:22:39.790 I/am_destroy_service(  231): [1083719576,com.facebook.katana/.service.UploadManager,846]
02-08 07:22:39.810 I/am_create_service(  231): [1083599608,com.google.android.music/.sync.SyncAdapterService,act=android.content.SyncAdapter,812]
02-08 07:22:39.880 I/gtalk_connection(  377): 131073
02-08 07:22:39.900 I/dvm_gc_info(  846): [7737593596605605456,-8989881773105035206,-4003553797978884051,7358131]
02-08 07:22:39.960 I/am_create_service(  231): [1083570800,com.google.android.music/.store.MediaStoreImportService,act=MediaStoreImportService.import_pending,812]
02-08 07:22:39.960 I/binder_sample(  812): [android.app.IActivityManager,34,15,com.google.android.music:main,3]
02-08 07:22:40.060 I/content_update_sample(  377): [content://com.android.contacts/status_updates,update,protocol=? AND im_account=? AND im_handle=?,261,,53]
02-08 07:22:40.120 I/dvm_gc_info(  719): [7453298398305879636,-8992696729080969161,-4004398222909016019,7358131]
02-08 07:22:40.140 I/am_destroy_service(  231): [1083570800,com.google.android.music/.store.MediaStoreImportService,812]
02-08 07:22:40.220 I/am_proc_start(  231): [869,10002,com.sprint.zone,broadcast,com.sprint.zone/.PackageUpdateReceiver]
02-08 07:22:40.260 I/am_proc_bound(  231): [869,com.sprint.zone]
02-08 07:22:40.360 I/am_proc_start(  231): [877,10005,com.android.voicedialer,broadcast,com.android.voicedialer/.VoiceDialerReceiver]
02-08 07:22:40.380 I/am_proc_bound(  231): [877,com.android.voicedialer]
02-08 07:22:40.410 I/am_proc_start(  231): [885,10023,com.android.vending,broadcast,com.android.vending/com.google.android.finsky.receivers.PersistentPackageMonitorReceiver]
02-08 07:22:40.410 I/am_kill (  231): [710,com.qualcomm.cabl,12,too many background]
02-08 07:22:40.430 I/am_proc_bound(  231): [885,com.android.vending]
02-08 07:22:40.440 I/am_proc_died(  231): [710,com.qualcomm.cabl]
02-08 07:22:40.560 I/binder_sample(  869): [android.app.IActivityManager,110,70,com.sprint.zone,14]
02-08 07:22:40.630 I/binder_sample(  869): [android.app.IActivityManager,110,76,com.sprint.zone,15]
02-08 07:22:40.671 I/dvm_gc_info(  885): [8531346446660765294,-8983689804804888527,-4006087072769279955,7358131]
02-08 07:22:40.861 I/binder_sample(  877): [android.app.IActivityManager,110,30,com.android.voicedialer,6]
02-08 07:22:40.921 I/dvm_gc_info(  885): [8531346446660728399,-8999733809707542476,-4005242647839147987,7358131]
02-08 07:22:41.001 I/binder_sample(  885): [android.content.pm.IPackageManager,25,7,com.android.vending,1]
02-08 07:22:41.031 I/dvm_gc_madvise_info(  785): [421888,126976]
02-08 07:22:41.041 I/am_kill (  231): [727,com.spartancoders.gtok,12,too many background]
02-08 07:22:41.051 I/am_proc_died(  231): [727,com.spartancoders.gtok]
02-08 07:22:41.141 I/am_destroy_service(  231): [1083128720,com.google.android.apps.googlevoice/.PushNotificationRegistrationService,719]
02-08 07:22:41.141 I/am_kill (  231): [737,com.google.android.apps.maps:FriendService,12,too many background]
02-08 07:22:41.151 I/am_proc_died(  231): [737,com.google.android.apps.maps:FriendService]
02-08 07:22:41.171 I/dvm_gc_info(  812): [7887337218879100509,-8983407917393766344,-4004116747932305363,7358131]
02-08 07:22:41.181 I/db_sample(  558): [/data/data/com.android.providers.media/databases/external-e82ff9f2.db,UPDATE audio_meta SET album_artist=?, date_modified=?, track=?, ,175,,36]
02-08 07:22:41.241 I/dvm_gc_info(  377): [7449358886915651149,-9011274077560649674,-4004679697885726675,7358131]
02-08 07:22:41.301 I/dvm_gc_madvise_info(  759): [442368,126976]
02-08 07:22:41.371 I/content_query_sample(  798): [content://com.google.android.apps.plus.content.EsGooglePhotoProvider/settings,sync_picasa_on_wifi_only,,,25,,6]
02-08 07:22:41.511 I/am_create_service(  231): [1082916816,com.google.android.music/.MusicPreferenceService$MusicPreferenceServiceBinder,act=com.google.android.music.PREFERENCE_SERVICE,812]
02-08 07:22:41.571 I/am_destroy_service(  231): [1082916816,com.google.android.music/.MusicPreferenceService$MusicPreferenceServiceBinder,812]
02-08 07:22:41.651 I/am_create_service(  231): [1081917840,com.google.android.music/.store.MediaStoreImportService,act=MediaStoreImportService.import_pending,812]
02-08 07:22:41.682 I/dvm_gc_madvise_info(  798): [208896,126976]
02-08 07:22:41.742 I/content_query_sample(  812): [content://com.google.android.music.MusicContent/playlists,count(*),,,4367,,100]
02-08 07:22:41.772 I/content_query_sample(  812): [content://com.google.android.gsf.gservices,,,,165,,34]
02-08 07:22:41.802 I/am_destroy_service(  231): [1083855008,com.android.providers.media/.MediaScannerService,558]
02-08 07:22:41.882 I/dvm_gc_madvise_info(  869): [126976,126976]
02-08 07:22:41.882 I/dvm_gc_madvise_info(  877): [167936,126976]
02-08 07:22:41.912 I/dvm_gc_info(  812): [7887337218879198814,-9008177646608037831,-4003835272955594707,7358131]
02-08 07:22:41.962 I/dvm_gc_info(  377): [7449358886915606108,-8963141787806857161,-4004398222909016019,7358131]
02-08 07:22:41.992 I/c2dm    (  377): [-1,NULL,1,-1]
02-08 07:22:42.052 I/am_create_service(  231): [1081150744,com.google.android.music/.MusicPreferenceService$MusicPreferenceServiceBinder,act=com.google.android.music.PREFERENCE_SERVICE,812]
02-08 07:22:42.082 I/am_destroy_service(  231): [1081150744,com.google.android.music/.MusicPreferenceService$MusicPreferenceServiceBinder,812]
02-08 07:22:42.152 I/dvm_gc_info(  812): [7887337218879092278,-9030414169751394246,-4003835272955594707,7358131]
02-08 07:22:42.202 I/am_kill (  231): [435,com.google.android.partnersetup,12,too many background]
02-08 07:22:42.202 I/am_proc_died(  231): [435,com.google.android.partnersetup]
02-08 07:22:42.252 I/dvm_gc_info(  846): [7737593596606047823,-8996074016350308291,-4002427898072041427,7358131]
02-08 07:22:42.302 I/am_destroy_service(  231): [1081917840,com.google.android.music/.store.MediaStoreImportService,812]
02-08 07:22:42.472 I/dvm_gc_info(  846): [7737593596605466224,-8925423453531383744,-4001301998165198803,7358131]
02-08 07:22:42.592 I/dvm_gc_madvise_info(  825): [151552,126976]
02-08 07:22:43.263 I/c2dm    (  377): [1,NULL,1,-1]
02-08 07:22:43.263 I/gtalk_connection(  377): 196609
02-08 07:22:43.303 I/c2dm    (  377): [4,NULL,2,-1]
02-08 07:22:43.433 I/dvm_gc_info(  846): [7737593596605474509,-8917823354282342338,-4002146423095330771,7358131]
02-08 07:22:43.463 I/db_sample(  377): [/data/data/com.google.android.gsf/databases/talk.db,COMMIT;INSERT INTO s2dRmqIds(rmq_id) VALUES(?);,135,,28]
02-08 07:22:43.473 I/c2dm    (  377): [3,0:1328698813506390%e7a71353bf887fab,3,-1]
02-08 07:22:43.493 I/am_create_service(  231): [1081604136,com.google.android.gsf/.subscribedfeeds.SubscribedFeedsIntentService,act=com.google.android.c2dm.intent.RECEIVE cat=[com.google.android.gsf.subscribedfeeds],377]
02-08 07:22:43.503 I/tickle  (  377): gmail-ls
02-08 07:22:43.503 I/am_destroy_service(  231): [1081604136,com.google.android.gsf/.subscribedfeeds.SubscribedFeedsIntentService,377]
02-08 07:22:43.543 I/content_query_sample(  377): [content://com.google.android.providers.talk/contactsEtag,otr_etag,account=1,,69,,14]
02-08 07:22:43.543 I/content_update_sample(  377): [content://com.google.android.providers.talk/s2dids,insert,,67,,14]
02-08 07:22:43.543 I/c2dm    (  377): [3,0:1328682322923736%e7a71353002eb0e3,4,-1]
02-08 07:22:43.573 I/am_create_service(  231): [1083886912,com.google.android.gsf/.subscribedfeeds.SubscribedFeedsIntentService,act=com.google.android.c2dm.intent.RECEIVE cat=[com.google.android.gsf.subscribedfeeds],377]
02-08 07:22:43.583 I/tickle  (  377): com.android.contacts
02-08 07:22:43.583 I/am_destroy_service(  231): [1083886912,com.google.android.gsf/.subscribedfeeds.SubscribedFeedsIntentService,377]
02-08 07:22:43.633 I/db_sample(  377): [/data/data/com.google.android.gsf/databases/talk.db,COMMIT;INSERT INTO s2dRmqIds(rmq_id) VALUES(?);,44,,9]
02-08 07:22:43.643 I/gtalk_connection(  377): 262145
02-08 07:22:43.643 I/c2dm    (  377): [3,0:1328706880692024%36211dfc8d09f249,5,-1]
02-08 07:22:43.653 I/c2dm    (  377): [-4,NULL,2,5]
02-08 07:22:43.663 I/am_proc_start(  231): [920,10066,com.facebook.orca,broadcast,com.facebook.orca/.push.c2dm.C2DMBroadcastReceiver]
02-08 07:22:43.673 I/dvm_gc_madvise_info(  920): [364544,126976]
02-08 07:22:43.693 I/am_proc_bound(  231): [920,com.facebook.orca]
02-08 07:22:43.994 I/dvm_gc_madvise_info(  353): [237568,126976]
02-08 07:22:44.064 I/dvm_gc_madvise_info(  231): [442368,126976]
02-08 07:22:44.094 I/dvm_gc_info(  920): [3346018819314341474,-8985941604584998861,-4005805597792569299,7358131]
02-08 07:22:44.224 I/am_create_service(  231): [1083628784,com.facebook.orca/.server.OrcaService,,920]
02-08 07:22:44.234 I/am_create_service(  231): [1081983984,com.facebook.orca/.push.c2dm.C2DMReceiver,act=com.google.android.c2dm.intent.RECEIVE cat=[com.facebook.orca],920]
02-08 07:22:44.364 I/dvm_gc_madvise_info(  835): [217088,126976]
02-08 07:22:44.364 I/dvm_gc_info(  377): [7449358886915606093,-8976652517935916999,-4004116747932305363,7358131]
02-08 07:22:44.374 I/google_http_request(  377): [2676,200,Android-Checkin/2.0,1]
02-08 07:22:44.374 I/db_sample(  377): [/data/data/com.google.android.gsf/databases/talk.db,BEGIN EXCLUSIVE;,468,,94]
02-08 07:22:44.384 I/dvm_gc_info(  812): [7887337218880349755,-9026754788828596163,-4002709373048752083,7358131]
02-08 07:22:44.444 I/am_destroy_service(  231): [1083878752,com.google.android.gsf/.checkin.CheckinService,377]
02-08 07:22:44.724 I/dvm_gc_info(  846): [7737593596605429304,-9025909745322420158,-4000739048211777491,7358131]
02-08 07:22:45.145 I/dvm_gc_madvise_info(  719): [188416,126976]
02-08 07:22:45.445 I/am_proc_start(  231): [929,10017,com.locationlabs.v3client,broadcast,com.locationlabs.v3client/.BootCompletedReceiver]
02-08 07:22:45.495 I/dvm_gc_madvise_info(  929): [364544,126976]
02-08 07:22:45.515 I/am_proc_bound(  231): [929,com.locationlabs.v3client]
02-08 07:22:45.625 I/dvm_gc_info(  929): [8517260637557024387,-8972430805753259984,-4006368547745990611,7358131]
02-08 07:22:45.956 I/dvm_gc_madvise_info(  885): [196608,126976]
02-08 07:22:46.116 I/dvm_gc_info(  920): [3346018819315439170,-8993541291466835914,-4004679697885726675,7358131]
02-08 07:22:46.166 I/am_create_service(  231): [1083772264,com.google.android.gsf/.gtalkservice.PushMessagingRegistrar,act=com.google.android.c2dm.intent.REGISTER,377]
02-08 07:22:46.176 I/am_create_service(  231): [1083783824,com.locationlabs.v3client/.AccountService,act=com.locationlabs.action.GET_ACCOUNT pkg=com.locationlabs.v3client,929]
02-08 07:22:46.206 I/am_destroy_service(  231): [1083188944,com.sprint.ce.updater/.UpdaterService,593]
02-08 07:22:46.206 I/am_kill (  231): [593,com.sprint.ce.updater,12,too many background]
02-08 07:22:46.286 I/binder_sample(  920): [android.app.IActivityManager,36,44,com.facebook.orca,8]
02-08 07:22:46.296 I/am_create_service(  231): [1083708032,com.facebook.orca/.push.mqtt.MqttPushService,act=Orca.START,920]
02-08 07:22:46.366 I/db_sample(  846): [/data/data/com.facebook.katana/databases/fb.db,UPDATE cache SET timestamp=?, value=? WHERE name='fw:urimap',1637,com.facebook.katana,100]
02-08 07:22:46.376 I/am_create_service(  231): [1084369992,com.locationlabs.v3client/.V3ApiService,act=com.locationlabs.v3client.action.NOTIFICATION pkg=com.locationlabs.v3client,929]
02-08 07:22:46.396 I/dvm_gc_info(  929): [8517260637556983388,-8985941604584994765,-4005524122815858643,7358131]
02-08 07:22:46.406 I/am_create_service(  231): [1083514144,com.locationlabs.v3client/.RadioSignalService,pkg=com.locationlabs.v3client,929]
02-08 07:22:46.406 I/force_gc(  231): Binder
02-08 07:22:46.456 I/db_sample(  846): [/data/data/com.facebook.katana/databases/fb.db,GETLOCK:SELECT _id FROM key_value WHERE (key='is_employee') ORDE,1718,,100]
02-08 07:22:46.456 I/db_sample(  377): [/data/data/com.google.android.gsf/databases/talk.db,COMMIT;INSERT OR REPLACE  INTO accountStatus(account, connStatus,2083,,100]
02-08 07:22:46.466 I/dvm_gc_info(  920): [3346018819314349639,-9019999664332556230,-4003553797978884051,7358131]
02-08 07:22:46.566 I/dvm_gc_info(  920): [3346018819314574911,-9067850135478683589,-4003272323002173395,7358131]
02-08 07:22:46.606 I/dvm_gc_info(  231): [8320808730292430580,-8920071511073679255,-3982161699748874195,8533934]
02-08 07:22:46.626 I/am_proc_died(  231): [593,com.sprint.ce.updater]
02-08 07:22:46.626 I/am_create_service(  231): [1084196944,com.locationlabs.v3client/.HeartbeatService,act=com.locationlabs.v3client.action.ACTION_UPDATE_HEARTBEAT pkg=com.locationlabs.v3client,929]
02-08 07:22:46.626 I/binder_sample(  929): [android.app.IActivityManager,34,5,com.locationlabs.v3client,1]
02-08 07:22:46.636 I/am_create_service(  231): [1084116752,com.locationlabs.v3client/.GpsStateService,act=com.locationlabs.action.TURN_OFF_GPS_DETECTION pkg=com.locationlabs.v3client,929]
02-08 07:22:46.636 I/am_create_service(  231): [1084116504,com.locationlabs.v3client/.FeatureService,act=com.locationlabs.v3client.action.RESTART pkg=com.locationlabs.v3client,929]
02-08 07:22:46.646 I/content_update_sample(  846): [content://com.facebook.katana.provider.CacheProvider/cache/name/fw%3Aurimap,update,,1916,com.facebook.katana,100]
02-08 07:22:46.656 I/dvm_gc_info(  920): [3346018819314652475,-9219002197938751428,-4002709373048752083,7358131]
02-08 07:22:46.686 I/am_destroy_service(  231): [1083783824,com.locationlabs.v3client/.AccountService,929]
02-08 07:22:46.696 I/am_destroy_service(  231): [1084116752,com.locationlabs.v3client/.GpsStateService,929]
02-08 07:22:46.817 I/dvm_gc_info(  377): [7449358886915663471,-8962578631661426631,-4003835272955594707,7358131]
02-08 07:22:46.867 I/am_destroy_service(  231): [1084116504,com.locationlabs.v3client/.FeatureService,929]
02-08 07:22:46.887 I/content_update_sample(  377): [content://com.google.android.providers.talk/accountStatus,insert,,2979,,100]
02-08 07:22:46.897 I/dvm_gc_info(  920): [3346018819314349637,-9063627804535285695,-4001020523188488147,7358131]
02-08 07:22:46.977 I/db_sample(  846): [/data/data/com.facebook.katana/databases/fb.db,SELECT _id FROM key_value WHERE (key='is_employee') ORDER BY key,2238,,100]
02-08 07:22:47.027 I/dvm_gc_info(  920): [3346018819314353722,-9035198419419490232,-3998487248398092243,7358131]
02-08 07:22:47.167 I/am_destroy_service(  231): [1084196944,com.locationlabs.v3client/.HeartbeatService,929]
02-08 07:22:47.247 I/dvm_gc_info(  846): [7737593596605695591,-9023939420468660158,-4000457573235066835,7358131]
02-08 07:22:47.287 I/notification_enqueue(  231): [com.android.phone,5,Notification(vibrate=null,sound=default,defaults=0x1,flags=0x20)]
02-08 07:22:47.407 I/notification_enqueue(  231): [com.facebook.orca,1,Notification(vibrate=[0,200,200,200],sound=null,defaults=0x0,flags=0x1)]
02-08 07:22:47.437 I/am_destroy_service(  231): [1081983984,com.facebook.orca/.push.c2dm.C2DMReceiver,920]
02-08 07:22:47.507 I/content_query_sample(  846): [content://com.facebook.katana.provider.CacheProvider/cache/name/gk%3Afaceweb_android,_id,,,805,com.facebook.katana,100]
02-08 07:22:47.547 I/db_sample(  368): [/data/data/com.android.providers.contacts/databases/contacts2.db,SELECT raw_contacts._id, data._id, contacts._id FROM data JOIN r,195,,40]
02-08 07:22:47.567 I/db_sample(  377): [/data/data/com.google.android.gsf/databases/talk.db,COMMIT;DELETE FROM s2dRmqIds WHERE rmq_id=? OR rmq_id=? OR rmq_i,736,,100]
02-08 07:22:47.627 I/content_update_sample(  377): [content://com.google.android.providers.talk/s2dids,delete,rmq_id=? OR rmq_id=? OR rmq_id=?,3444,,100]
02-08 07:22:47.637 I/c2dm    (  377): [4,NULL,6,2]
02-08 07:22:47.647 I/content_query_sample(  846): [content://com.facebook.katana.provider.KeyValueProvider/key_value/key/is_employee,_id,,,2584,,100]
02-08 07:22:47.817 I/dvm_gc_info(  920): [3346018819314407084,-8922326335232817078,-3997642823467960275,7358131]
02-08 07:22:47.838 I/db_sample(  920): [/data/data/com.facebook.orca/databases/threads_db,SELECT thread_id, msg_id, action_id, text, sender, timestamp_ms,,22,,5]
02-08 07:22:47.858 I/dvm_gc_info(  929): [8517260637557044860,-8925987228370384844,-4005242647839147987,7358131]
02-08 07:22:47.878 I/c2dm    (  377): [4,NULL,7,-1]
02-08 07:22:47.998 I/db_sample(  368): [/data/data/com.android.providers.contacts/databases/contacts2.db,UPDATE contacts SET status_update_id=(SELECT data._id FROM statu,51,,11]
02-08 07:22:48.028 I/c2dm    (  377): [4,NULL,8,-1]
02-08 07:22:48.108 I/c2dm    (  377): [5,NULL,9,-1]
02-08 07:22:48.118 I/google_http_request(  377): [1774,200,AndroidC2DM/1.0,1]
02-08 07:22:48.168 I/db_sample(  368): [/data/data/com.android.providers.contacts/databases/contacts2.db,COMMIT;UPDATE contacts SET status_update_id=(SELECT data._id FRO,163,,33]
02-08 07:22:48.198 I/content_update_sample(  377): [content://com.android.contacts/status_updates,insert,,1284,,100]
02-08 07:22:48.258 I/c2dm    (  377): [4,NULL,10,-1]
02-08 07:22:48.298 I/c2dm    (  377): [4,NULL,11,-1]
02-08 07:22:48.308 I/dvm_gc_info(  920): [3346018819314357965,-8918666954360346549,-3997361348491249619,7358131]
02-08 07:22:48.328 I/db_sample(  846): [/data/data/com.facebook.katana/databases/fb.db,INSERT INTO key_value(value, key) VALUES(?, ?);,555,,100]
02-08 07:22:48.418 I/c2dm    (  377): [-4,NULL,3,11]
02-08 07:22:48.448 I/db_sample(  846): [/data/data/com.facebook.katana/databases/fb.db,GETLOCK:SELECT _id FROM cache WHERE (name='uss:composer_tour_com,577,com.facebook.katana,100]
02-08 07:22:48.448 I/db_sample(  846): [/data/data/com.facebook.katana/databases/fb.db,SELECT _id FROM cache WHERE (name='uss:composer_tour_completed'),578,com.facebook.katana,100]
02-08 07:22:48.448 I/content_query_sample(  846): [content://com.facebook.katana.provider.CacheProvider/cache/name/uss%3Acomposer_tour_completed,_id,,,867,com.facebook.katana,100]
02-08 07:22:48.448 I/db_sample(  846): [/data/data/com.facebook.katana/databases/fb.db,GETLOCK:SELECT _id FROM cache WHERE (name='bookmarks') ORDER BY ,571,,100]
02-08 07:22:48.448 I/google_http_request(  812): [6317,200,Android-Music/512,1]
02-08 07:22:48.498 I/content_update_sample(  846): [content://com.facebook.katana.provider.KeyValueProvider/key_value,insert,,722,,100]
02-08 07:22:48.498 I/db_sample(  846): [/data/data/com.facebook.katana/databases/fb.db,SELECT _id FROM cache WHERE (name='bookmarks') ORDER BY name DES,625,,100]
02-08 07:22:48.558 I/content_query_sample(  846): [content://com.facebook.katana.provider.CacheProvider/cache/name/bookmarks,_id,,,2501,,100]
02-08 07:22:48.658 I/dvm_gc_info(  920): [3346018819314349746,-8920637210427467699,-3996516923561117651,7358131]
02-08 07:22:48.758 I/dvm_gc_info(  846): [7737593596605478170,-9085582302912567229,-4000457573235066835,7358131]
02-08 07:22:48.758 I/dvm_gc_info(  929): [8517260637557134954,-8969334306030770122,-4004679697885726675,7358131]
02-08 07:22:48.838 I/dvm_gc_info(  846): [7737593596605612790,-9198735037341489083,-3999331673328224211,7358131]
02-08 07:22:48.848 I/c2dm    (  377): [5,NULL,12,3]
02-08 07:22:48.889 I/dvm_gc_info(  846): [7737593596605461841,-9210275511403403196,-3999894623281645523,7358131]
02-08 07:22:48.909 I/dvm_gc_info(  846): [7737593596605456504,-9221815985398208441,-3998768723374802899,7358131]
02-08 07:22:48.929 I/dvm_gc_info(  846): [7737593596605464624,-9222660204119578551,-3997924298444670931,7358131]
02-08 07:22:48.959 I/dvm_gc_info(  846): [7737593596605474341,-9221815641767270328,-3998205773421381587,7358131]
02-08 07:22:49.199 I/google_http_request(  812): [382,200,Android-Music/512,1]
02-08 07:22:49.259 I/dvm_gc_info(  929): [8517260637557175854,-9023940314073700298,-4004679697885726675,7358131]
02-08 07:22:49.329 I/dvm_gc_info(  929): [8517260637557240793,-9173403389234550728,-4004398222909016019,7358131]
02-08 07:22:49.339 I/dvm_gc_info(  846): [7737593596606894080,-9223222672952776627,-3996516923561117651,7358131]
02-08 07:22:49.399 I/dvm_gc_madvise_info(  812): [126976,126976]
02-08 07:22:49.829 I/dvm_gc_info(  846): [7737593596605433531,-8946532770829313970,-3996235448584406995,7358131]
02-08 07:22:49.849 I/google_http_request(  812): [492,200,Android-Music/512,1]
02-08 07:22:50.040 I/am_create_service(  231): [1083840792,com.locationlabs.v3client/.ConfigurationService,act=com.locationlabs.v3client.action.CHECK_CONFIGURATION pkg=com.locationlabs.v3client,929]
02-08 07:22:50.060 I/am_destroy_service(  231): [1083840792,com.locationlabs.v3client/.ConfigurationService,929]
02-08 07:22:50.450 I/dvm_gc_info(  846): [7737593596605482643,-8919792579238356911,-3994828073700853715,7358131]
02-08 07:22:51.581 I/db_sample(  812): [/data/data/com.google.android.music/databases/music.db,SELECT MUSIC.Id, SourceAccount, SourceId, _sync_version, Size, F,2786,,100]
02-08 07:22:51.651 I/dvm_gc_madvise_info(  231): [602112,126976]
02-08 07:22:51.691 I/db_sample(  368): [/data/data/com.android.providers.contacts/databases/contacts2.db,COMMIT;UPDATE contacts SET status_update_id=(SELECT data._id FRO,3203,,100]
02-08 07:22:51.711 I/db_sample(  846): [/data/data/com.facebook.katana/databases/fb.db,UPDATE cache SET timestamp=?, value=? WHERE name='uss:composer_t,3118,com.facebook.katana,100]
02-08 07:22:51.711 I/db_sample(  920): [/data/data/com.facebook.orca/databases/threads_db,INSERT OR REPLACE  INTO properties(value, key) VALUES(?, ?);,3088,,100]
02-08 07:22:51.711 I/content_update_sample(  846): [content://com.facebook.katana.provider.CacheProvider/cache/name/uss%3Acomposer_tour_completed,update,,3184,com.facebook.katana,100]
02-08 07:22:51.721 I/db_sample(  377): [/data/data/com.google.android.gsf/databases/talk.db,COMMIT;INSERT OR REPLACE  INTO presence(contact_id, client_type,,2868,,100]
02-08 07:22:51.721 I/db_sample(  920): [/data/data/com.facebook.orca/databases/prefs_db,COMMIT;INSERT OR REPLACE  INTO preferences(value, type, key) VAL,3098,,100]
02-08 07:22:51.741 I/content_update_sample(  377): [content://com.android.contacts/status_updates,insert,,3434,,100]
02-08 07:22:51.821 I/dvm_gc_madvise_info(  377): [274432,126976]
02-08 07:22:51.891 I/dvm_gc_info(  812): [7887337218879071882,-8924297622411225026,-4002146423095330771,7358131]
02-08 07:22:52.132 I/db_sample(  812): [/data/data/com.google.android.music/databases/music.db,COMMIT;INSERT OR REPLACE  INTO _sync_state(data, account_type, a,165,,34]
02-08 07:22:52.142 I/db_sample(  368): [/data/data/com.android.providers.contacts/databases/contacts2.db,COMMIT;UPDATE contacts SET status_update_id=(SELECT data._id FRO,147,,30]
02-08 07:22:52.232 I/db_sample(  812): [/data/data/com.google.android.music/databases/music.db,SELECT count(1) FROM RECENT LEFT JOIN MUSIC ON (RecentAlbumId=MU,93,,19]
02-08 07:22:52.292 I/db_sample(  846): [/data/data/com.facebook.katana/databases/fb.db,UPDATE cache SET timestamp=?, value=? WHERE name='bookmarks',368,,74]
02-08 07:22:52.292 I/db_sample(  368): [/data/data/com.android.providers.contacts/databases/contacts2.db,COMMIT;UPDATE contacts SET status_update_id=(SELECT data._id FRO,136,,28]
02-08 07:22:52.302 I/content_update_sample(  377): [content://com.android.contacts/status_updates,insert,,379,,76]
02-08 07:22:52.312 I/db_sample(  846): [/data/data/com.facebook.katana/databases/fb.db,SELECT _id FROM key_value WHERE (key='seen_employee') ORDER BY k,361,,73]
02-08 07:22:52.312 I/content_update_sample(  846): [content://com.facebook.katana.provider.CacheProvider/cache/name/bookmarks,update,,565,,100]
02-08 07:22:52.312 I/content_query_sample(  846): [content://com.facebook.katana.provider.KeyValueProvider/key_value/key/seen_employee,_id,,,3795,,100]
02-08 07:22:52.312 I/content_query_sample(  846): [content://com.facebook.katana.provider.CacheProvider/cache/name/gk%3Aandroid_ci_legal_screen,_id,,,603,com.facebook.katana,100]
02-08 07:22:52.422 I/db_sample(  846): [/data/data/com.facebook.katana/databases/fb.db,GETLOCK:SELECT user_id, hash FROM friends ORDER BY display_name ,101,,21]
02-08 07:22:52.422 I/content_update_sample(  377): [content://com.android.contacts/status_updates,bulkinsert,,640,,100]
02-08 07:22:52.682 I/dvm_gc_info(  920): [3346018819314398905,-8922607329038862256,-3995391023654275027,7358131]
02-08 07:22:52.702 I/dvm_gc_info(  929): [8517260637557069463,-8925705409729152970,-4004679697885726675,7358131]
02-08 07:22:52.812 I/db_sample(  846): [/data/data/com.facebook.katana/databases/fb.db,SELECT user_id, hash FROM friends ORDER BY display_name ASC,493,,99]
02-08 07:22:52.812 I/content_query_sample(  846): [content://com.facebook.katana.provider.ConnectionsProvider/friends,user_id/hash,,,1805,,100]
02-08 07:22:52.912 I/db_sample(  846): [/data/data/com.facebook.katana/databases/fb.db,UPDATE key_value SET value=? WHERE key='seen_employee',92,,19]
02-08 07:22:52.912 I/content_query_sample(  846): [content://com.facebook.katana.provider.CacheProvider/cache/name/gk%3Afaceweb_android,_id,,,496,com.facebook.katana,100]
02-08 07:22:52.942 I/content_update_sample(  846): [content://com.facebook.katana.provider.KeyValueProvider/key_value/key/seen_employee,update,,520,,100]
02-08 07:22:52.952 I/content_update_sample(  846): [content://com.facebook.katana.provider.CacheProvider/cache/name/gk%3Afaceweb_android,update,,39,com.facebook.katana,8]
02-08 07:22:53.143 I/content_update_sample(  846): [content://com.facebook.katana.provider.CacheProvider/cache/name/gk%3Aandroid_ci_kddi_intro_enabled,update,,102,com.facebook.katana,21]
02-08 07:22:53.163 I/content_query_sample(  846): [content://com.facebook.katana.provider.CacheProvider/cache/name/gk%3Aplaces,_id,,,11,com.facebook.katana,3]
02-08 07:22:53.283 I/am_create_service(  231): [1083833976,com.locationlabs.v3client/.ConfigurationService,act=com.locationlabs.v3client.action.CHECK_CONFIGURATION pkg=com.locationlabs.v3client,929]
02-08 07:22:53.313 I/am_destroy_service(  231): [1083833976,com.locationlabs.v3client/.ConfigurationService,929]
02-08 07:22:53.323 I/dvm_gc_info(  846): [7737593596605478633,-8913318311159834542,-3994546598724143059,7358131]
02-08 07:22:53.453 I/dvm_gc_info(  929): [8517260637557028456,-8998044478743787466,-4004679697885726675,7358131]
02-08 07:22:53.483 I/db_sample(  812): [/data/data/com.google.android.music/databases/music.db,SELECT AlbumId, FileDate FROM MUSIC GROUP BY AlbumId ORDER BY Fi,1156,,100]
02-08 07:22:53.563 I/content_update_sample(  846): [content://com.facebook.katana.provider.ConnectionsProvider/friends,bulkinsert,,392,,79]
02-08 07:22:53.653 I/dvm_gc_info(  846): [7737593596605613711,-8925703072696276916,-3996798398537828307,7358133]
02-08 07:22:53.673 I/dvm_gc_info(  920): [3346018819314366183,-8918947879430154159,-3995109548677564371,7358131]
02-08 07:22:53.923 I/db_sample(  846): [/data/data/com.facebook.katana/databases/fb.db,COMMIT;UPDATE friends_data SET birthday_day=?, birthday_year=?, ,217,,44]
02-08 07:22:53.984 I/dvm_gc_info(  846): [7737593596605539898,-9067566460958439347,-3996516923561117651,7358133]
02-08 07:22:54.064 I/dvm_gc_info(  846): [7737593596605511233,-9055463036959877043,-3996516923561117651,7358134]
02-08 07:22:54.164 I/dvm_gc_info(  929): [8517260637557024327,-8983407779938056135,-4003835272955594707,7358131]
02-08 07:22:54.234 I/dvm_gc_info(  846): [7737593596605535809,-9061374011470804915,-3996516923561117651,7358136]
02-08 07:22:54.494 I/am_destroy_service(  231): [1084369992,com.locationlabs.v3client/.V3ApiService,929]
02-08 07:22:54.524 I/dvm_gc_info(  368): [7017575181484881484,-9003955865621923787,-4004961172862437331,7358131]
02-08 07:22:54.534 I/db_sample(  812): [/data/data/com.google.android.music/databases/music.db,INSERT INTO RECENT(ItemDate, RecentAlbumId) VALUES(?, ?);,297,,60]
02-08 07:22:54.544 I/content_update_sample(  846): [content://com.facebook.katana.provider.ConnectionsProvider/friends/uid/100000586312023,update,,613,,100]
02-08 07:22:54.654 I/db_sample(  812): [/data/data/com.google.android.music/databases/music.db,INSERT INTO RECENT(ItemDate, RecentAlbumId) VALUES(?, ?);,0,,1]
02-08 07:22:54.664 I/dvm_gc_info(  920): [3346018819314362105,-8915007092300457902,-3994546598724143059,7358131]
02-08 07:22:55.035 I/db_sample(  846): [/data/data/com.facebook.katana/databases/fb.db,COMMIT;UPDATE friends_data SET birthday_day=?, birthday_year=?, ,376,,76]
02-08 07:22:55.065 I/dvm_gc_info(  920): [3346018819314362114,-8913599648697411502,-3994546598724143059,7358131]
02-08 07:22:55.115 I/db_sample(  920): [/data/data/com.facebook.orca/databases/users_db,INSERT INTO identifiers(type, user_key, identifier) VALUES(?, ?,,0,,1]
02-08 07:22:55.145 I/content_update_sample(  846): [content://com.facebook.katana.provider.ConnectionsProvider/friends/uid/100001490593863,update,,539,,100]
02-08 07:22:55.395 I/db_sample(  920): [/data/data/com.facebook.orca/databases/threads_db,SELECT value FROM properties WHERE key=?,0,,1]
02-08 07:22:55.475 I/dvm_gc_info(  846): [7737593596605531725,-9039137488310675380,-3996798398537828307,7358138]
02-08 07:22:55.565 I/db_sample(  846): [/data/data/com.facebook.katana/databases/fb.db,COMMIT;UPDATE friends_data SET birthday_day=?, birthday_year=?, ,375,,76]
02-08 07:22:55.575 I/dvm_gc_info(  920): [3346018819314358005,-8913318173703903149,-3994265123747432403,7358131]
02-08 07:22:55.615 I/db_sample(  377): [/data/data/com.google.android.gsf/databases/talk.db,COMMIT;INSERT INTO s2dRmqIds(rmq_id) VALUES(?);,63,,13]
02-08 07:22:55.625 I/c2dm    (  377): [3,0:1328707360163492%36211dfc8d09f249,13,-1]
02-08 07:22:55.655 I/am_create_service(  231): [1082708328,com.facebook.orca/.push.c2dm.C2DMReceiver,act=com.google.android.c2dm.intent.RECEIVE cat=[com.facebook.orca],920]
02-08 07:22:55.705 I/notification_enqueue(  231): [com.facebook.orca,1,Notification(vibrate=[0,200,200,200],sound=null,defaults=0x0,flags=0x1)]
02-08 07:22:55.755 I/am_destroy_service(  231): [1082708328,com.facebook.orca/.push.c2dm.C2DMReceiver,920]
02-08 07:22:55.795 I/content_update_sample(  846): [content://com.facebook.katana.provider.ConnectionsProvider/friends/uid/1159433148,update,,609,,100]
02-08 07:22:56.086 I/db_sample(  920): [/data/data/com.facebook.orca/databases/users_db,INSERT INTO identifiers(type, user_key, identifier) VALUES(?, ?,,0,,1]
02-08 07:22:56.116 I/db_sample(  920): [/data/data/com.facebook.orca/databases/users_db,INSERT INTO clusters(user_key, cluster_id) VALUES(?, ?);,0,,1]
02-08 07:22:56.116 I/db_sample(  920): [/data/data/com.facebook.orca/databases/users_db,INSERT INTO identifiers(type, user_key, identifier) VALUES(?, ?,,0,,1]
02-08 07:22:56.246 I/content_update_sample(  846): [content://com.facebook.katana.provider.ConnectionsProvider/friends/uid/1195470450,update,,403,,81]
02-08 07:22:56.276 I/dvm_gc_info(  920): [3346018819314394862,-8914725479817619371,-3993420698817300435,7358131]
02-08 07:22:56.536 I/content_update_sample(  846): [content://com.facebook.katana.provider.ConnectionsProvider/friends/uid/100000045975516,update,,287,,58]
02-08 07:22:56.666 I/dvm_gc_info(  920): [3346018819314366247,-8911629048915396524,-3993983648770721747,7358131]
02-08 07:22:56.766 I/db_sample(  920): [/data/data/com.facebook.orca/databases/users_db,INSERT INTO identifiers(type, user_key, identifier) VALUES(?, ?,,0,,1]
02-08 07:22:56.936 I/dvm_gc_madvise_info(  812): [188416,126976]
02-08 07:22:56.996 I/dvm_gc_info(  920): [3346018819314349835,-8912754948822243244,-3993983648770721747,7358131]
02-08 07:22:57.057 I/db_sample(  920): [/data/data/com.facebook.orca/databases/users_db,INSERT INTO identifiers(type, user_key, identifier) VALUES(?, ?,,0,,1]
02-08 07:22:57.127 I/dvm_gc_info(  846): [7737593596606547521,-9056588936866723763,-3996235448584406995,7358146]
02-08 07:22:57.167 I/db_sample(  920): [/data/data/com.facebook.orca/databases/users_db,INSERT INTO identifiers(type, user_key, identifier) VALUES(?, ?,,0,,1]
02-08 07:22:57.237 I/db_sample(  920): [/data/data/com.facebook.orca/databases/users_db,INSERT INTO clusters(user_key, cluster_id) VALUES(?, ?);,0,,1]
02-08 07:22:57.257 I/content_update_sample(  846): [content://com.facebook.katana.provider.ConnectionsProvider/friends/uid/1074330114,update,,431,,87]
02-08 07:22:57.337 I/dvm_gc_info(  920): [3346018819314353914,-8914162323705792427,-3993420698817300435,7358131]
02-08 07:22:57.417 I/db_sample(  920): [/data/data/com.facebook.orca/databases/users_db,INSERT INTO clusters(user_key, cluster_id) VALUES(?, ?);,0,,1]
02-08 07:22:57.587 I/db_sample(  920): [/data/data/com.facebook.orca/databases/users_db,SELECT cluster_id FROM clusters WHERE user_key=?,0,,1]
02-08 07:22:57.627 I/db_sample(  846): [/data/data/com.facebook.katana/databases/fb.db,COMMIT;UPDATE friends_data SET birthday_day=?, birthday_year=?, ,115,,24]
02-08 07:22:57.637 I/dvm_gc_info(  920): [3346018819314349823,-8913880848712304554,-3993139223840589779,7358131]
02-08 07:22:57.677 I/dvm_gc_info(  920): [3346018819314422884,-9139623780051031979,-3993420698817300435,7358131]
02-08 07:22:57.687 I/content_update_sample(  846): [content://com.facebook.katana.provider.ConnectionsProvider/friends/uid/549254002,update,,428,,86]
02-08 07:22:57.717 I/dvm_gc_info(  920): [3346018819314466816,-9223221710661588906,-3992857748863879123,7358131]
02-08 07:22:57.907 I/dvm_gc_info(  846): [7737593596605478461,-9063062861331068851,-3995953973607696339,7358152]
02-08 07:22:57.967 I/db_sample(  846): [/data/data/com.facebook.katana/databases/fb.db,UPDATE cache SET timestamp=?, value=? WHERE name='notifications_,279,,56]
02-08 07:22:58.017 I/db_sample(  920): [/data/data/com.facebook.orca/databases/threads_db,INSERT OR REPLACE  INTO messages(action_id, text, msg_type, shar,0,,1]
02-08 07:22:58.067 I/content_update_sample(  846): [content://com.facebook.katana.provider.CacheProvider/cache/name/notifications_history,update,,381,,77]
02-08 07:22:58.168 I/dvm_gc_info(  920): [3346018819314353973,-8911347436466169771,-3993702173794011091,7358131]
02-08 07:22:58.168 I/db_sample(  846): [/data/data/com.facebook.katana/databases/fb.db,COMMIT;UPDATE friends_data SET birthday_day=?, birthday_year=?, ,100,,21]
02-08 07:22:58.298 I/content_update_sample(  846): [content://com.facebook.katana.provider.ConnectionsProvider/friends/uid/100000267997397,update,,609,,100]
02-08 07:22:58.508 I/dvm_gc_info(  920): [3346018819314353933,-8913036286326437803,-3993702173794011091,7358131]
