02-08 07:21:54.743 I/boot_progress_start(  114): 5789
02-08 07:21:58.707 I/boot_progress_preload_start(  114): 9746
02-08 07:21:58.757 I/dvm_gc_info(  114): [8825198673194394825,-9063934019012811202,-4012584086963378626,0]
02-08 07:22:02.020 I/dvm_gc_info(  114): [8825198673194752044,-8859841571167975388,-4012560997233768412,0]
02-08 07:22:02.781 I/dvm_gc_info(  114): [8825198673194666024,-8885174319071872984,-4012560997233706968,0]
02-08 07:22:05.393 I/dvm_gc_info(  114): [8825198673194686461,-8896151843163510739,-4012560997233629139,0]
02-08 07:22:05.443 I/dvm_gc_info(  114): [8825198673194566758,-9066162729096759251,-4012560997233641427,0]
02-08 07:22:05.854 I/dvm_gc_info(  114): [8825198673194583190,-9068696003887138771,-4012560997233625043,6825601]
02-08 07:22:06.014 I/boot_progress_preload_end(  114): 17059
02-08 07:22:06.074 I/dvm_gc_info(  114): [8825198673194591373,-9098813826395170770,-4010027722443220946,7358131]
02-08 07:22:06.124 I/dvm_gc_info(  114): [8825198673194583090,-9133435248530589650,-4010027722443229138,7358131]
02-08 07:22:06.164 I/dvm_gc_info(  114): [8825198673194566215,-9214781516799969234,-4010027722443229138,7358131]
02-08 07:22:06.584 I/boot_progress_system_run(  231): 17622
02-08 07:22:06.915 I/boot_progress_pms_start(  231): 17954
02-08 07:22:07.115 I/dvm_gc_info(  231): [8320808730291668522,-9028163057250035661,-4005524122815858643,7358131]
02-08 07:22:07.445 I/dvm_gc_info(  231): [8320808730291672638,-9001985472015157192,-4004398222909016019,7358131]
02-08 07:22:07.816 I/boot_progress_pms_system_scan_start(  231): 18859
02-08 07:22:08.026 I/dvm_gc_info(  231): [8320808730291738262,-8924860984799000522,-4004679697885726675,7358131]
02-08 07:22:08.696 I/dvm_gc_info(  231): [8320808730291668513,-9027880826224687045,-4003272323002173395,7358131]
02-08 07:22:09.577 I/dvm_gc_info(  231): [8320808730291738176,-9004518196932073409,-4002146423095330771,7358131]
02-08 07:22:10.328 I/dvm_gc_info(  231): [8320808730291668541,-8998325472482555836,-4000739048211777491,7358131]
02-08 07:22:11.069 I/dvm_gc_info(  231): [8320808730291697271,-8924860159930116027,-4000457573235066835,7358131]
02-08 07:22:11.709 I/boot_progress_pms_data_scan_start(  231): 22744
02-08 07:22:11.810 I/dvm_gc_info(  231): [8320808730291672646,-8987065992243455926,-3998487248398092243,7358131]
02-08 07:22:13.141 I/dvm_gc_info(  231): [8320808730291680847,-8986221154878937009,-3996798398537828307,7358131]
02-08 07:22:13.481 I/dvm_gc_info(  231): [8320808730291680898,-8940058777594873773,-3995391023654275027,7358131]
02-08 07:22:13.972 I/dvm_gc_info(  231): [8320808730291676867,-8921199679277344685,-3995391023654275027,7358131]
02-08 07:22:16.494 I/dvm_gc_info(  231): [8320808730291680915,-8924858853907425194,-3994265123747432403,7358131]
02-08 07:22:16.905 I/dvm_gc_info(  231): [8320808730291685042,-8922606779165464488,-3993702173794011091,7358131]
02-08 07:22:17.255 I/dvm_gc_info(  231): [8320808730291680951,-8922606572956649381,-3992576273887168467,7358131]
02-08 07:22:17.395 I/boot_progress_pms_scan_end(  231): 28437
02-08 07:22:17.555 I/dvm_gc_info(  231): [8320808730291676896,-8919791617014323109,-3992294798910457811,7358131]
02-08 07:22:17.725 I/boot_progress_pms_ready(  231): 28767
02-08 07:22:17.855 I/dvm_gc_info(  231): [8320808730292135587,-8925139641588737966,-3995672498630985683,7358131]
02-08 07:22:18.066 I/battery_status(  231): [5,2,1,1,Li-ion]
02-08 07:22:18.066 I/battery_level(  231): [100,4175,260]
02-08 07:22:18.276 I/free_storage_left(  231): [2578739200,68120576,292052992]
02-08 07:22:18.276 I/free_storage_changed(  231): 2578739200
02-08 07:22:18.386 I/dvm_gc_info(  231): [8320808730291631686,-9006204434881271718,-3992857748863879123,7358131]
02-08 07:22:18.766 I/am_create_service(  231): [1082356200,com.google.android.backup/.BackupTransportService,,231]
02-08 07:22:18.806 I/power_screen_state(  231): [1,3,0,0]
02-08 07:22:18.806 I/power_screen_broadcast_send(  231): 1
02-08 07:22:18.816 I/boot_progress_ams_ready(  231): 29852
02-08 07:22:18.826 I/screen_toggled(  231): 1
02-08 07:22:18.826 I/am_proc_start(  231): [328,1000,com.android.systemui,service,com.android.systemui/.statusbar.StatusBarService]
02-08 07:22:18.826 I/configuration_changed(  231): 512
02-08 07:22:18.836 I/configuration_changed(  231): 504
02-08 07:22:18.906 I/dvm_gc_madvise_info(  328): [372736,126976]
02-08 07:22:19.007 I/am_proc_bound(  231): [328,com.android.systemui]
02-08 07:22:19.017 I/am_create_service(  231): [1082125440,com.android.systemui/.statusbar.StatusBarService,,328]
02-08 07:22:19.057 I/am_create_service(  231): [1082767016,android/com.android.internal.service.wallpaper.ImageWallpaper,act=android.service.wallpaper.WallpaperService,231]
02-08 07:22:19.067 I/am_proc_start(  231): [337,10041,com.android.inputmethod.latin,service,com.android.inputmethod.latin/.LatinIME]
02-08 07:22:19.147 I/dvm_gc_madvise_info(  337): [368640,126976]
02-08 07:22:19.177 I/am_proc_bound(  231): [337,com.android.inputmethod.latin]
02-08 07:22:19.187 I/am_create_service(  231): [1082442744,com.android.inputmethod.latin/.LatinIME,act=android.view.InputMethod,337]
02-08 07:22:19.197 I/dvm_gc_info(  328): [8320808730291750499,-8996919334902306769,-4006650022722701267,7358131]
02-08 07:22:19.287 I/dvm_gc_info(  231): [8320808730291750566,-8943435515007629219,-3990042999096772563,7358211]
02-08 07:22:19.417 I/dvm_gc_info(  231): [8320808730292102291,-9069817779550721955,-3990042999096772563,7358211]
02-08 07:22:19.437 I/dvm_gc_info(  337): [7809651225003157091,-8996637859925596113,-4006650022722701267,7358131]
02-08 07:22:19.637 I/am_proc_start(  231): [347,1001,com.android.phone,added application,com.android.phone]
02-08 07:22:19.687 I/am_proc_start(  231): [350,1002,com.broadcom.bt.app.system,added application,com.broadcom.bt.app.system]
02-08 07:22:19.697 I/binder_sample(  328): [,1,20,com.android.systemui,4]
02-08 07:22:19.727 I/am_create_task(  231): 2
02-08 07:22:19.727 I/am_create_activity(  231): [1081261248,2,com.android.launcher/com.android.launcher2.Launcher,android.intent.action.MAIN,NULL,NULL,268435456]
02-08 07:22:19.737 I/dvm_gc_madvise_info(  347): [368640,126976]
02-08 07:22:19.737 I/am_proc_start(  231): [353,10040,com.android.launcher,activity,com.android.launcher/com.android.launcher2.Launcher]
02-08 07:22:19.747 I/power_screen_state(  231): [1,2,0,0]
02-08 07:22:19.747 I/power_screen_broadcast_send(  231): 2
02-08 07:22:19.767 I/dvm_gc_madvise_info(  350): [368640,126976]
02-08 07:22:19.847 I/notification_cancel(  231): [android,17302240,0]
02-08 07:22:19.877 I/am_proc_start(  231): [368,10007,android.process.acore,content provider,com.android.providers.userdictionary/.UserDictionaryProvider]
02-08 07:22:19.877 I/binder_sample(  337): [android.content.IContentService,1,17,com.android.inputmethod.latin,3]
02-08 07:22:19.887 I/dvm_gc_madvise_info(  353): [368640,126976]
02-08 07:22:19.907 I/am_proc_start(  231): [377,10029,com.google.process.gapps,service,com.google.android.gsf/.loginservice.GoogleLoginService]
02-08 07:22:19.917 I/am_proc_bound(  231): [347,com.android.phone]
02-08 07:22:19.998 I/screen_toggled(  231): 1
02-08 07:22:20.048 I/dvm_gc_madvise_info(  368): [364544,126976]
02-08 07:22:20.058 I/dvm_gc_madvise_info(  377): [364544,126976]
02-08 07:22:20.098 I/am_proc_bound(  231): [350,com.broadcom.bt.app.system]
02-08 07:22:20.098 I/binder_sample(  337): [android.app.IActivityManager,12,138,com.android.inputmethod.latin,27]
02-08 07:22:20.098 I/binder_sample(  347): [android.app.IActivityManager,17,162,<pre-initialized>,32]
02-08 07:22:20.128 I/am_proc_bound(  231): [368,android.process.acore]
02-08 07:22:20.188 I/binder_sample(  328): [android.view.accessibility.IAccessibilityManager,1,34,com.android.systemui,6]
02-08 07:22:20.188 I/am_proc_bound(  231): [353,com.android.launcher]
02-08 07:22:20.438 I/dvm_gc_info(  347): [8099846449757521509,-8993260160205072337,-4006650022722701267,7358131]
02-08 07:22:20.458 I/dvm_gc_info(  337): [7809651225003607448,-9048147780663625679,-4006650022722701267,7358207]
02-08 07:22:20.468 I/dvm_gc_info(  368): [7017575181484914278,-8997200809879021521,-4006650022722701267,7358131]
02-08 07:22:20.508 I/binder_sample(  368): [android.content.pm.IPackageManager,10,13,android.process.acore,2]
02-08 07:22:20.528 I/am_restart_activity(  231): [1081261248,2,com.android.launcher/com.android.launcher2.Launcher]
02-08 07:22:20.618 I/am_proc_bound(  231): [377,com.google.process.gapps]
02-08 07:22:20.618 I/binder_sample(  353): [android.app.IActivityManager,17,477,<pre-initialized>,95]
02-08 07:22:20.708 I/am_create_service(  231): [1082891496,com.google.android.gsf/.loginservice.GoogleLoginService,act=android.accounts.AccountAuthenticator,377]
02-08 07:22:20.718 I/binder_sample(  368): [android.app.IActivityManager,12,104,android.process.acore,20]
02-08 07:22:20.718 I/binder_sample(  350): [android.app.IActivityManager,29,452,com.broadcom.bt.app.system,90]
02-08 07:22:20.728 I/binder_sample(  377): [android.app.IActivityManager,17,590,<pre-initialized>,100]
02-08 07:22:20.788 I/binder_sample(  347): [android.app.IActivityManager,29,16,com.android.phone,3]
02-08 07:22:20.798 I/binder_sample(  350): [,1,28,com.broadcom.bt.app.system,5]
02-08 07:22:20.968 I/dvm_gc_info(  353): [7809652345805035109,-8992978685228361681,-4006650022722701267,7358131]
02-08 07:22:20.998 I/dvm_gc_info(  377): [7449358886915622482,-9009867252550485969,-4006931497699411923,7358131]
02-08 07:22:21.069 I/binder_sample(  350): [android.app.IActivityManager,110,255,com.broadcom.bt.app.system,51]
02-08 07:22:21.069 I/binder_sample(  377): [android.content.pm.IPackageManager,1,177,com.google.process.gapps,35]
02-08 07:22:21.079 I/binder_sample(  347): [android.content.IContentProvider,21,219,com.android.phone,43]
02-08 07:22:21.079 I/binder_sample(  328): [android.app.IActivityManager,12,112,com.android.systemui,22]
02-08 07:22:21.349 I/binder_sample(  353): [,1,16,com.android.launcher,3]
02-08 07:22:21.459 I/db_sample(  368): [/data/data/com.android.providers.contacts/databases/contacts2.db,SELECT property_value FROM properties WHERE property_key=?,0,android.process.acore,1]
02-08 07:22:21.469 I/dvm_gc_info(  231): [8320808730292778697,-8924576416589404063,-3987228249329666003,7898956]
02-08 07:22:21.649 I/am_create_service(  231): [1082484616,com.google.android.location/.NetworkLocationService,act=com.google.android.location.NetworkLocationProvider,377]
02-08 07:22:21.659 I/dvm_gc_info(  353): [7809652345805063467,-9057999404848506832,-4006650022722701267,7358210]
02-08 07:22:21.729 I/binder_sample(  368): [android.app.IActivityManager,110,194,android.process.acore,38]
02-08 07:22:21.729 I/binder_sample(  347): [android.app.IActivityManager,12,172,com.android.phone,34]
02-08 07:22:21.839 I/configuration_changed(  231): 3
02-08 07:22:21.849 I/am_relaunch_resume_activity(  231): [1081261248,2,com.android.launcher/com.android.launcher2.Launcher]
02-08 07:22:21.909 I/dvm_gc_info(  377): [7449358886915602037,-8988193473168525264,-4006368547745990611,7358131]
02-08 07:22:21.949 I/dvm_gc_info(  353): [7809652345805145235,-9069539878893631439,-4006650022722701267,7903112]
02-08 07:22:22.090 I/am_create_service(  231): [1082342240,com.google.android.location/.internal.server.NetworkLocationService,act=com.google.android.location.internal.ANDROID_NLP,377]
02-08 07:22:22.110 I/am_on_resume_called(  353): com.android.launcher2.Launcher
02-08 07:22:22.190 I/notification_cancel(  231): [com.android.phone,2,0]
02-08 07:22:22.200 I/am_on_paused_called(  353): com.android.launcher2.Launcher
02-08 07:22:22.240 I/dvm_gc_info(  347): [8099846449757521445,-9026474138653493196,-4005242647839147987,7358131]
02-08 07:22:22.280 I/am_create_service(  231): [1081208896,com.android.phone/.BluetoothHeadsetService,act=android.bluetooth.IBluetoothHeadset,347]
02-08 07:22:22.310 I/am_destroy_service(  231): [1082891496,com.google.android.gsf/.loginservice.GoogleLoginService,377]
02-08 07:22:22.570 I/cdma_service_state_change(  347): [1,3]
02-08 07:22:22.650 I/power_screen_broadcast_done(  231): [1,2664,2]
02-08 07:22:22.810 I/dvm_gc_info(  368): [7017575181484934718,-9022814963989829582,-4005805597792569299,7358131]
02-08 07:22:22.830 I/dvm_gc_info(  231): [8320808730292057796,-8925702110337759132,-3987228249329666003,7898941]
02-08 07:22:22.920 I/binder_sample(  353): [android.content.pm.IPackageManager,25,164,com.android.launcher,32]
02-08 07:22:23.271 I/power_screen_broadcast_done(  231): [1,3277,1]
02-08 07:22:23.271 I/am_proc_start(  231): [435,10044,com.google.android.partnersetup,broadcast,com.google.android.partnersetup/.PhoneStateReceiver]
02-08 07:22:23.291 I/dvm_gc_madvise_info(  435): [364544,126976]
02-08 07:22:23.331 I/am_proc_bound(  231): [435,com.google.android.partnersetup]
02-08 07:22:23.351 I/dvm_gc_info(  353): [7809652345805288998,-9042518281129392078,-4006650022722701267,8525856]
02-08 07:22:23.401 I/db_sample(  368): [/data/data/com.android.providers.contacts/databases/contacts2.db,SELECT _id, display_name FROM view_contacts_restricted WHERE (1 ,803,,100]
02-08 07:22:23.431 I/binder_sample(  347): [android.content.IBulkCursor,12,434,com.android.phone,86]
02-08 07:22:23.441 I/notification_cancel(  231): [com.android.phone,5,0]
02-08 07:22:23.441 I/notification_cancel(  231): [com.android.phone,6,0]
02-08 07:22:23.451 I/notification_cancel(  231): [com.android.phone,111,0]
02-08 07:22:23.681 I/notification_cancel(  231): [com.android.phone,7,0]
02-08 07:22:23.691 I/notification_cancel(  231): [com.android.phone,7,0]
02-08 07:22:23.691 I/notification_cancel(  231): [com.android.phone,7,0]
02-08 07:22:23.721 I/notification_cancel(  231): [com.android.phone,7,0]
02-08 07:22:23.721 I/notification_cancel(  231): [com.android.phone,7,0]
02-08 07:22:23.721 I/notification_cancel(  231): [com.android.phone,7,0]
02-08 07:22:23.721 I/notification_cancel(  231): [com.android.phone,7,0]
02-08 07:22:23.721 I/notification_cancel(  231): [com.android.phone,7,0]
02-08 07:22:23.721 I/notification_cancel(  231): [com.android.phone,7,0]
02-08 07:22:23.721 I/am_on_resume_called(  353): com.android.launcher2.Launcher
02-08 07:22:23.731 I/notification_cancel(  231): [com.android.phone,7,0]
02-08 07:22:23.741 I/dvm_gc_info(  435): [8097879449376409195,-8995511960018761681,-4006650022722701267,7358131]
02-08 07:22:23.771 I/dvm_gc_info(  377): [7449358886915659371,-8991852579129489359,-4006087072769279955,7358131]
02-08 07:22:23.791 I/binder_sample(  435): [android.content.IContentProvider,3,46,com.google.android.partnersetup,9]
02-08 07:22:18.500 I/binder_sample(  435): [android.content.IContentProvider,3,42,com.google.android.partnersetup,8]
02-08 07:22:18.560 I/dvm_gc_info(  353): [7809652345805608101,-9066162179005310926,-3996516923561117651,8554534]
02-08 07:22:18.630 I/content_query_sample(  337): [content://com.android.contacts/contacts,_id/display_name,,,2322,,100]
02-08 07:22:18.640 I/content_update_sample(  435): [content://com.google.settings/partner,insert,,92,com.google.android.partnersetup,19]
02-08 07:22:18.670 I/boot_progress_enable_screen(  231): 35041
02-08 07:22:18.670 I/cdma_service_state_change(  347): [3,1]
02-08 07:22:18.750 I/am_proc_start(  231): [445,10077,nl.jsource.retroclock.android,broadcast,nl.jsource.retroclock.android/.RetroClock]
02-08 07:22:18.790 I/notification_enqueue(  231): [com.android.systemui,17301675,Notification(vibrate=null,sound=null,defaults=0x0,flags=0x2)]
02-08 07:22:18.930 I/dvm_gc_madvise_info(  328): [204800,126976]
02-08 07:22:18.950 I/dvm_gc_madvise_info(  445): [364544,126976]
02-08 07:22:19.020 I/notification_cancel(  231): [com.android.phone,111,0]
02-08 07:22:19.030 I/notification_cancel(  231): [com.android.phone,111,0]
02-08 07:22:19.080 I/dvm_gc_info(  114): [8825198673195783211,-9143286597636224978,-4006087072769275858,7358131]
02-08 07:22:19.150 I/am_proc_bound(  231): [445,nl.jsource.retroclock.android]
02-08 07:22:19.160 I/cdma_service_state_change(  347): [1,0]
02-08 07:22:19.230 I/am_create_service(  231): [1082506256,nl.jsource.retroclock.android/.TimeService,,445]
02-08 07:22:19.260 I/binder_sample(  445): [android.content.pm.IPackageManager,26,18,nl.jsource.retroclock.android,3]
02-08 07:22:19.310 I/dvm_gc_info(  114): [8825198673195118640,-9222662541068629970,-4006087072769275858,7358131]
02-08 07:22:19.360 I/dvm_gc_info(  328): [8320808730291660343,-9023377913926457293,-4004398222909016019,7358195]
02-08 07:22:19.370 I/dvm_gc_info(  114): [8825198673194561584,-9222662541068629970,-4006087072769275858,7358131]
02-08 07:22:19.410 I/dvm_gc_info(  347): [8099846449757648460,-8985941398359390153,-4004679697885726675,7358131]
02-08 07:22:19.430 I/binder_sample(  435): [android.app.IActivityManager,110,614,com.google.android.partnersetup,100]
02-08 07:22:19.520 I/am_proc_start(  231): [471,10079,com.handmark.tweetcaster,broadcast,com.handmark.tweetcaster/.TweetCasterLargeWidget]
02-08 07:22:19.610 I/notification_cancel(  231): [com.android.phone,111,0]
02-08 07:22:19.620 I/notification_cancel(  231): [com.android.phone,111,0]
02-08 07:22:19.620 I/am_proc_bound(  231): [471,com.handmark.tweetcaster]
02-08 07:22:19.670 I/binder_sample(  435): [android.app.IActivityManager,110,73,com.google.android.partnersetup,14]
02-08 07:22:19.710 I/db_sample(  368): [/data/data/com.android.providers.userdictionary/databases/user_dict.db,SELECT _id, word, frequency FROM words WHERE ((locale IS NULL) o,1211,,100]
02-08 07:22:19.710 I/content_query_sample(  337): [content://user_dictionary/words,_id/word/frequency,(locale IS NULL) or (locale=?),,3518,,100]
02-08 07:22:20.010 I/notification_cancel(  231): [com.android.phone,111,0]
02-08 07:22:20.030 I/binder_sample(  435): [android.app.IActivityManager,110,358,com.google.android.partnersetup,71]
02-08 07:22:20.141 I/dvm_gc_madvise_info(  337): [286720,126976]
02-08 07:22:20.201 I/binder_sample(  471): [android.content.pm.IPackageManager,1,111,com.handmark.tweetcaster,22]
02-08 07:22:20.451 I/binder_sample(  347): [com.android.internal.telephony.ITelephonyRegistry,8,22,com.android.phone,4]
02-08 07:22:20.521 I/dvm_gc_info(  231): [8320808730291803892,-8916694704823920540,-3983006124679006163,8587219]
02-08 07:22:20.531 I/binder_sample(  471): [android.app.IActivityManager,63,30,com.handmark.tweetcaster,6]
02-08 07:22:20.551 I/notification_cancel(  231): [com.android.phone,7,0]
02-08 07:22:20.551 I/notification_cancel(  231): [com.android.phone,7,0]
02-08 07:22:20.551 I/notification_cancel(  231): [com.android.phone,7,0]
02-08 07:22:20.551 I/notification_cancel(  231): [com.android.phone,7,0]
02-08 07:22:20.561 I/notification_cancel(  231): [com.android.phone,7,0]
02-08 07:22:20.571 I/binder_sample(  471): [android.app.IActivityManager,63,21,com.handmark.tweetcaster,4]
02-08 07:22:20.591 I/am_proc_start(  231): [483,10043,com.google.android.googlequicksearchbox,broadcast,com.google.android.googlequicksearchbox/.SearchWidgetProvider]
02-08 07:22:20.601 I/binder_sample(  347): [com.android.internal.telephony.ITelephonyRegistry,6,19,com.android.phone,3]
02-08 07:22:20.601 I/notification_cancel(  231): [com.android.phone,7,0]
02-08 07:22:20.691 I/dvm_gc_info(  231): [8320808730291934771,-9052084031166015387,-3982724649702295507,8587219]
02-08 07:22:20.691 I/notification_cancel(  231): [com.android.phone,7,0]
02-08 07:22:20.701 I/notification_cancel(  231): [com.android.phone,7,0]
02-08 07:22:20.701 I/am_proc_bound(  231): [483,com.google.android.googlequicksearchbox]
02-08 07:22:20.701 I/notification_cancel(  231): [com.android.phone,7,0]
02-08 07:22:20.711 I/notification_cancel(  231): [com.android.phone,7,0]
02-08 07:22:20.711 I/notification_cancel(  231): [com.android.phone,7,0]
02-08 07:22:20.741 I/notification_cancel(  231): [com.android.phone,111,0]
02-08 07:22:20.761 I/notification_cancel(  231): [com.android.phone,7,0]
02-08 07:22:20.811 I/connectivity_state_changed(  231): 3600
02-08 07:22:21.011 I/binder_sample(  483): [com.android.internal.appwidget.IAppWidgetService,13,5,com.google.android.googlequicksearchbox,1]
02-08 07:22:21.041 I/am_proc_start(  231): [495,10075,uk.co.senab.blueNotifyFree,broadcast,uk.co.senab.blueNotifyFree/.receivers.WidgetReceiver]
02-08 07:22:21.101 I/am_proc_bound(  231): [495,uk.co.senab.blueNotifyFree]
02-08 07:22:21.111 I/binder_sample(  471): [android.app.IActivityManager,16,534,com.handmark.tweetcaster,100]
02-08 07:22:21.342 I/am_proc_start(  231): [503,1000,com.redbend.vdmc,broadcast,com.redbend.vdmc/.MyConnectionChangeReceiver]
02-08 07:22:21.362 I/am_proc_bound(  231): [503,com.redbend.vdmc]
02-08 07:22:21.432 I/am_proc_start(  231): [511,1000,com.android.settings,broadcast,com.android.settings/.widget.SettingsAppWidgetProvider]
02-08 07:22:21.442 I/am_proc_bound(  231): [511,com.android.settings]
02-08 07:22:21.582 I/am_proc_start(  231): [520,1000,com.qualcomm.privinit,broadcast,com.qualcomm.privinit/.BootReciever]
02-08 07:22:21.602 I/am_proc_bound(  231): [520,com.qualcomm.privinit]
02-08 07:22:21.642 I/am_proc_start(  231): [528,10049,com.cooliris.media,broadcast,com.cooliris.media/com.cooliris.cache.BootReceiver]
02-08 07:22:21.652 I/am_proc_start(  231): [534,10051,com.android.email,content provider,com.android.email/com.android.exchange.provider.ExchangeProvider]
02-08 07:22:21.672 I/am_proc_bound(  231): [528,com.cooliris.media]
02-08 07:22:21.692 I/am_proc_bound(  231): [534,com.android.email]
02-08 07:22:21.722 I/binder_sample(  503): [android.app.IActivityManager,110,26,com.redbend.vdmc,5]
02-08 07:22:21.762 I/binder_sample(  511): [android.app.IActivityManager,110,83,com.android.settings,16]
02-08 07:22:21.792 I/binder_sample(  503): [android.app.IActivityManager,110,51,com.redbend.vdmc,10]
02-08 07:22:22.032 I/dvm_gc_info(  528): [7882817126543734423,-8925143009665882065,-4006650022722701267,7358131]
02-08 07:22:22.032 I/dvm_gc_info(  534): [7308604875703637617,-8983689804804896719,-4006087072769279955,7358131]
02-08 07:22:22.052 I/binder_sample(  511): [android.app.IActivityManager,110,290,com.android.settings,58]
02-08 07:22:22.082 I/notification_cancel(  231): [com.android.systemui,17301675,0]
02-08 07:22:22.132 I/binder_sample(  503): [android.app.IActivityManager,110,182,com.redbend.vdmc,36]
02-08 07:22:22.253 I/binder_sample(  528): [android.app.IActivityManager,110,26,com.cooliris.media,5]
02-08 07:22:22.253 I/dvm_gc_info(  483): [7453298398305937019,-8972993755706685392,-4006368547745990611,7358131]
02-08 07:22:22.293 I/content_query_sample(  534): [content://com.android.email.provider/account,_id,,,173,,35]
02-08 07:22:22.293 I/binder_sample(  528): [android.app.IActivityManager,110,41,com.cooliris.media,8]
02-08 07:22:22.313 I/dvm_gc_info(  534): [7308604875703645792,-8989037760609322957,-4005524122815858643,7358131]
02-08 07:22:22.343 I/binder_sample(  520): [android.app.IActivityManager,110,57,com.qualcomm.privinit,11]
02-08 07:22:22.373 I/am_create_service(  231): [1082784024,com.redbend.vdmc/.Vdmc,,503]
02-08 07:22:22.403 I/binder_sample(  528): [android.app.IActivityManager,110,102,com.cooliris.media,20]
02-08 07:22:22.403 I/binder_sample(  520): [android.app.IActivityManager,110,59,com.qualcomm.privinit,11]
02-08 07:22:22.493 I/dvm_gc_madvise_info(  368): [233472,126976]
02-08 07:22:22.503 I/dvm_gc_info(  231): [8320808730292066038,-8951878664545531802,-3982161699748874195,8587219]
02-08 07:22:22.513 I/am_proc_start(  231): [550,10001,zte.com.cn.alarmclock,broadcast,zte.com.cn.alarmclock/.AlarmInitReceiver]
02-08 07:22:22.553 I/binder_sample(  520): [android.app.IActivityManager,110,142,com.qualcomm.privinit,28]
02-08 07:22:22.593 I/dvm_gc_info(  231): [8320808730291914349,-9143281442516797336,-3981598749795452883,8587219]
02-08 07:22:22.613 I/am_proc_bound(  231): [550,zte.com.cn.alarmclock]
02-08 07:22:22.643 I/am_proc_start(  231): [558,10026,android.process.media,content provider,com.android.providers.downloads/.DownloadProvider]
02-08 07:22:22.713 I/am_proc_bound(  231): [558,android.process.media]
02-08 07:22:22.803 I/binder_sample(  534): [android.app.IActivityManager,110,25,com.android.email,5]
02-08 07:22:22.833 I/binder_sample(  550): [android.content.IContentProvider,3,14,zte.com.cn.alarmclock,2]
02-08 07:22:22.833 I/content_update_sample(  550): [content://settings/system,insert,,15,zte.com.cn.alarmclock,4]
02-08 07:22:22.843 I/am_proc_start(  231): [566,10002,com.sprint.zone,broadcast,com.sprint.zone/.BootCompleteReceiver]
02-08 07:22:22.893 I/dvm_gc_info(  114): [8825198673194603568,-9133434973451352018,-4006087072769275858,7358131]
02-08 07:22:22.913 I/dvm_gc_info(  114): [8825198673194479664,-9222662541068629970,-4006087072769275858,7358131]
02-08 07:22:22.933 I/binder_sample(  534): [android.app.IActivityManager,110,126,com.android.email,25]
02-08 07:22:22.933 I/am_proc_bound(  231): [566,com.sprint.zone]
02-08 07:22:22.943 I/binder_sample(  558): [android.app.IActivityManager,12,71,android.process.media,14]
02-08 07:22:22.993 I/dvm_gc_info(  114): [8825198673194709048,-9222662541068629970,-4006087072769275858,7358131]
02-08 07:22:23.033 I/binder_sample(  550): [android.app.IActivityManager,16,115,zte.com.cn.alarmclock,23]
02-08 07:22:23.053 I/binder_sample(  558): [,1,33,android.process.media,6]
02-08 07:22:23.153 I/binder_sample(  550): [android.app.IActivityManager,110,121,zte.com.cn.alarmclock,24]
02-08 07:22:23.203 I/dvm_gc_info(  534): [7308604875703649877,-9003674321925724107,-4004961172862437331,7358131]
02-08 07:22:23.384 I/dvm_gc_madvise_info(  435): [266240,126976]
02-08 07:22:23.444 I/dvm_gc_madvise_info(  377): [233472,126976]
02-08 07:22:23.564 I/dvm_gc_madvise_info(  353): [147456,126976]
02-08 07:22:23.624 I/db_sample(  368): [:memory:,COMMIT;INSERT INTO applications ('_id', 'name', 'description', ',0,,1]
02-08 07:22:23.664 I/dvm_gc_info(  353): [7809652345805067833,-9024503676293642187,-3996516923561117651,8554536]
02-08 07:22:23.864 I/binder_sample(  558): [android.content.pm.IPackageManager,1,706,android.process.media,100]
02-08 07:22:23.864 I/binder_sample(  566): [android.content.pm.IPackageManager,1,702,com.sprint.zone,100]
02-08 07:22:23.864 I/binder_sample(  337): [android.app.IActivityManager,69,457,com.android.inputmethod.latin,91]
02-08 07:22:23.894 I/binder_sample(  566): [com.android.internal.telephony.ITelephony,56,13,com.sprint.zone,2]
02-08 07:22:23.904 I/binder_sample(  550): [android.app.IActivityManager,110,734,zte.com.cn.alarmclock,100]
02-08 07:22:24.024 I/dvm_gc_info(  566): [3349111792835028624,-8958357056917743568,-4006650022722701267,7358131]
02-08 07:22:24.064 I/dvm_gc_info(  566): [3349111792835056862,-9170589189357578192,-4006650022722701267,7358131]
02-08 07:22:24.104 I/dvm_gc_info(  566): [3349111792835088384,-9223224872529962959,-4006368547745990611,7358131]
02-08 07:22:24.204 I/am_proc_start(  231): [576,10005,com.android.voicedialer,broadcast,com.android.voicedialer/.VoiceDialerReceiver]
02-08 07:22:24.214 I/am_proc_bound(  231): [576,com.android.voicedialer]
02-08 07:22:24.265 I/am_proc_start(  231): [584,10011,com.swype.android.inputmethod,broadcast,com.swype.android.inputmethod/.SwypeDataInitializer]
02-08 07:22:24.285 I/am_proc_bound(  231): [584,com.swype.android.inputmethod]
02-08 07:22:24.415 I/dvm_gc_madvise_info(  347): [188416,126976]
02-08 07:22:24.505 I/am_proc_start(  231): [593,10013,com.sprint.ce.updater,broadcast,com.sprint.ce.updater/.BootCompletedReceiver]
02-08 07:22:24.515 I/dvm_gc_madvise_info(  328): [151552,126976]
02-08 07:22:24.515 I/notification_cancel(  231): [com.android.phone,111,0]
02-08 07:22:24.535 I/dvm_gc_madvise_info(  503): [163840,126976]
02-08 07:22:24.555 I/am_proc_bound(  231): [593,com.sprint.ce.updater]
02-08 07:22:24.615 I/am_create_service(  231): [1083188944,com.sprint.ce.updater/.UpdaterService,act=com.sprint.action.CLEANUP_FILES,593]
02-08 07:22:24.615 I/am_proc_start(  231): [601,10015,com.sprint.w.installer,broadcast,com.sprint.w.installer/.BootListener]
02-08 07:22:24.645 I/am_proc_bound(  231): [601,com.sprint.w.installer]
02-08 07:22:24.705 I/dvm_gc_madvise_info(  471): [126976,126976]
02-08 07:22:24.765 I/dvm_gc_madvise_info(  520): [180224,126976]
02-08 07:22:24.765 I/dvm_gc_madvise_info(  550): [131072,126976]
02-08 07:22:24.785 I/am_create_service(  231): [1083236776,com.sprint.w.installer/com.sprint.id.updater.UpdaterService,,601]
02-08 07:22:24.795 I/dvm_gc_madvise_info(  495): [151552,126976]
02-08 07:22:24.795 I/dvm_gc_madvise_info(  511): [126976,126976]
02-08 07:22:24.815 I/binder_sample(  576): [android.app.IActivityManager,110,75,com.android.voicedialer,15]
02-08 07:22:24.835 I/binder_sample(  576): [android.app.IActivityManager,110,24,com.android.voicedialer,4]
02-08 07:22:24.845 I/binder_sample(  601): [com.android.internal.telephony.ITelephony,56,5,com.sprint.w.installer,1]
02-08 07:22:24.855 I/binder_sample(  584): [android.app.IActivityManager,110,49,com.swype.android.inputmethod,9]
02-08 07:22:24.865 I/am_create_service(  231): [1083519032,com.sprint.w.installer/.DownloadService,act=com.sprint.action.ACTION_CLEANUP,601]
02-08 07:22:24.875 I/am_proc_start(  231): [610,10017,com.locationlabs.v3client,broadcast,com.locationlabs.v3client/.BootCompletedReceiver]
02-08 07:22:24.895 I/binder_sample(  584): [android.app.IActivityManager,110,33,com.swype.android.inputmethod,6]
02-08 07:22:24.915 I/am_proc_bound(  231): [610,com.locationlabs.v3client]
02-08 07:22:24.955 I/dvm_gc_info(  601): [7597136565101553276,-8976089980433721295,-4006368547745990611,7358131]
02-08 07:22:24.985 I/dvm_gc_madvise_info(  558): [126976,126976]
02-08 07:22:25.025 I/am_destroy_service(  231): [1083519032,com.sprint.w.installer/.DownloadService,601]
02-08 07:22:25.125 I/dvm_gc_info(  610): [8517260637557073542,-8974119655613523920,-4006368547745990611,7358131]
02-08 07:22:25.225 I/db_sample(  610): [/data/data/com.locationlabs.v3client/databases/V3Client_DEBUGDATA,INSERT INTO LongData(data, id) VALUES(?, ?);,0,com.locationlabs.v3client,1]
02-08 07:22:25.486 I/dvm_gc_info(  353): [7809652345805248033,-9035762675362080716,-3996516923561117651,8529954]
02-08 07:22:25.486 I/dvm_gc_info(  511): [8315180330336142986,-8973275230683387856,-4006368547745990611,7358131]
02-08 07:22:25.546 I/am_create_service(  231): [1083668056,com.android.qualcomm/.DunService,,511]
02-08 07:22:25.556 I/am_proc_start(  231): [618,10026,com.irdeto.providers.drm,broadcast,com.irdeto.providers.drm/.OmaDrmReceiver]
02-08 07:22:25.576 I/am_proc_bound(  231): [618,com.irdeto.providers.drm]
02-08 07:22:25.596 I/binder_sample(  610): [android.app.IActivityManager,110,30,com.locationlabs.v3client,6]
02-08 07:22:25.616 I/am_create_service(  231): [1083702016,com.irdeto.providers.drm/.OmaDrmService,act=android.intent.action.BOOT_COMPLETED,618]
02-08 07:22:25.616 I/binder_sample(  610): [android.app.IActivityManager,110,29,com.locationlabs.v3client,5]
02-08 07:22:25.626 I/am_proc_start(  231): [627,10033,com.android.mms,broadcast,com.android.mms/.transaction.MmsSystemEventReceiver]
02-08 07:22:25.656 I/am_proc_bound(  231): [627,com.android.mms]
02-08 07:22:25.886 I/dvm_gc_info(  627): [7218827569569773176,-8975245555503577039,-4006087072769279955,7358131]
02-08 07:22:25.916 I/binder_sample(  627): [android.app.IActivityManager,69,9,com.android.mms,1]
02-08 07:22:25.936 I/notification_cancel(  231): [com.android.mms,123,0]
02-08 07:22:25.956 I/am_create_service(  231): [1083876960,com.android.mms/.transaction.SmsReceiverService,act=android.intent.action.BOOT_COMPLETED,627]
02-08 07:22:25.966 I/am_create_service(  231): [1083885320,com.android.providers.media/.MediaScannerService,,558]
02-08 07:22:25.976 I/am_proc_start(  231): [645,1000,com.android.zte.HiddenMenu,broadcast,com.android.zte.HiddenMenu/.CommandReceiver]
02-08 07:22:25.996 I/am_proc_bound(  231): [645,com.android.zte.HiddenMenu]
02-08 07:22:26.126 I/am_create_service(  231): [1084207192,com.google.android.gsf/.checkin.CheckinService,,377]
02-08 07:22:26.307 I/binder_sample(  627): [android.app.IActivityManager,110,174,com.android.mms,34]
02-08 07:22:26.347 I/dvm_gc_info(  231): [8320808730291722072,-8922604923319863191,-3981317274818742227,8587220]
02-08 07:22:26.457 I/dvm_gc_info(  377): [7449358886915610208,-8999170928507185102,-4005805597792569299,7358131]
02-08 07:22:26.507 I/am_create_service(  231): [1084177440,com.google.android.gsf/.checkin.EventLogService,,377]
02-08 07:22:26.527 I/am_create_service(  231): [1083856816,com.google.android.gsf/.update.SystemUpdateService,,377]
02-08 07:22:26.537 I/binder_sample(  377): [android.app.IActivityManager,34,8,com.google.process.gapps,1]
02-08 07:22:26.567 I/binder_sample(  627): [android.app.IActivityManager,110,261,com.android.mms,52]
02-08 07:22:26.567 I/binder_sample(  645): [android.app.IActivityManager,110,243,com.android.zte.HiddenMenu,48]
02-08 07:22:26.567 I/binder_sample(  618): [android.app.IActivityManager,110,259,com.irdeto.providers.drm,51]
02-08 07:22:26.697 I/notification_cancel(  231): [com.android.phone,111,0]
02-08 07:22:26.727 I/db_sample(  377): [/data/data/com.google.android.gsf/databases/gservices.db,SELECT name, value FROM main WHERE name LIKE ?,7,,2]
02-08 07:22:26.737 I/content_query_sample(  627): [content://sms/queued,_id/thread_id/address/body/status,,date ASC,131,,27]
02-08 07:22:26.757 I/content_query_sample(  627): [content://mms,thread_id/date/_id/sub/sub_cs,(msg_box=1 AND seen=0 AND (m_type=130 OR m_type=160 OR m_type=161 OR m_type=132)),date desc,12,,3]
02-08 07:22:26.777 I/binder_sample(  377): [android.content.IContentProvider,4,211,com.google.process.gapps,42]
02-08 07:22:26.777 I/content_update_sample(  377): [content://downloads/my_downloads,delete,notificationpackage=? AND notificationclass=?,214,com.google.process.gapps,43]
02-08 07:22:26.787 I/am_create_task(  231): 3
02-08 07:22:26.787 I/am_create_activity(  231): [1079214672,3,com.google.android.gsf/.update.SystemUpdateInstallDialog,NULL,NULL,NULL,276824064]
02-08 07:22:26.787 I/am_pause_activity(  231): [1081261248,com.android.launcher/com.android.launcher2.Launcher]
02-08 07:22:26.787 I/am_on_paused_called(  353): com.android.launcher2.Launcher
02-08 07:22:26.807 I/am_restart_activity(  231): [1079214672,3,com.google.android.gsf/.update.SystemUpdateInstallDialog]
02-08 07:22:26.807 I/notification_cancel(  231): [com.google.android.gsf,2130837525,0]
02-08 07:22:26.807 I/notification_cancel(  231): [com.google.android.gsf,2130837526,0]
02-08 07:22:26.817 I/am_destroy_service(  231): [1083856816,com.google.android.gsf/.update.SystemUpdateService,377]
02-08 07:22:26.817 I/system_update(  377): [512,0,-1,NULL]
02-08 07:22:26.847 I/am_destroy_service(  231): [1084207192,com.google.android.gsf/.checkin.CheckinService,377]
02-08 07:22:26.917 I/am_finish_activity(  231): [1079214672,3,com.google.android.gsf/.update.SystemUpdateInstallDialog,app-request]
02-08 07:22:26.917 I/am_pause_activity(  231): [1079214672,com.google.android.gsf/.update.SystemUpdateInstallDialog]
02-08 07:22:26.927 I/am_resume_activity(  231): [1081261248,2,com.android.launcher/com.android.launcher2.Launcher]
02-08 07:22:26.937 I/am_on_resume_called(  353): com.android.launcher2.Launcher
02-08 07:22:26.957 I/activity_launch_time(  231): [1081261248,com.android.launcher/com.android.launcher2.Launcher,12573,12573]
02-08 07:22:26.967 I/binder_sample(  377): [android.app.IActivityManager,19,43,com.google.process.gapps,8]
02-08 07:22:26.987 I/am_destroy_activity(  231): [1079214672,3,com.google.android.gsf/.update.SystemUpdateInstallDialog]
02-08 07:22:27.067 I/dvm_gc_madvise_info(  528): [401408,126976]
02-08 07:22:27.107 I/notification_cancel(  231): [com.android.mms,123,0]
02-08 07:22:27.187 I/dvm_gc_info(  558): [7882817126544807566,-8962297706591684561,-4006650022722701267,7358131]
02-08 07:22:27.207 I/dvm_gc_info(  377): [7449358886915659377,-9000296759694538702,-4005805597792569299,7358132]
02-08 07:22:27.297 I/content_query_sample(  377): [content://com.google.settings/partner,value,name=?,,6,,2]
02-08 07:22:27.358 I/dvm_gc_info(  435): [8097879449376220801,-9012118846205736913,-4006650022722701267,7358131]
02-08 07:22:27.378 I/screen_toggled(  231): 2
02-08 07:22:27.488 I/binder_sample(  435): [android.content.IContentProvider,3,121,com.google.android.partnersetup,24]
02-08 07:22:27.498 I/am_create_service(  231): [1081099336,com.google.android.partnersetup/.AppHiderService,,435]
02-08 07:22:27.598 I/am_destroy_service(  231): [1081099336,com.google.android.partnersetup/.AppHiderService,435]
02-08 07:22:27.628 I/dvm_gc_madvise_info(  483): [462848,126976]
02-08 07:22:27.668 I/content_update_sample(  435): [content://com.google.android.partnersetup.rlzprovider/events,update,,147,com.google.android.partnersetup,30]
02-08 07:22:27.688 I/am_create_service(  231): [1082312832,com.google.android.partnersetup/.RlzPingService,,435]
02-08 07:22:27.738 I/dvm_gc_info(  347): [8099846449758152308,-8965956468871272394,-4004679697885726675,7358131]
02-08 07:22:27.758 I/am_proc_start(  231): [660,10046,com.google.android.gm,broadcast,com.google.android.gm/.MailIntentReceiver]
02-08 07:22:27.838 I/am_proc_bound(  231): [660,com.google.android.gm]
02-08 07:22:27.868 I/am_destroy_service(  231): [1082312832,com.google.android.partnersetup/.RlzPingService,435]
02-08 07:22:27.938 I/content_query_sample(  627): [content://sms,thread_id/date/address/subject/body/dest_port,(type = 2 AND status = 0),date,745,,100]
02-08 07:22:27.978 I/binder_sample(  435): [android.app.IActivityManager,110,27,com.google.android.partnersetup,5]
02-08 07:22:28.028 I/am_create_service(  231): [1082591184,com.google.android.gm/.MailIntentService,act=android.intent.action.BOOT_COMPLETED,660]
02-08 07:22:28.078 I/am_create_service(  231): [1083029688,com.google.android.gm/.downloadprovider.DownloadService,,660]
02-08 07:22:28.078 I/dvm_gc_info(  660): [7594245893398783608,-8974964080526866383,-4006087072769279955,7358131]
02-08 07:22:28.088 I/am_create_service(  231): [1082737480,com.android.email/.service.EmailBroadcastProcessorService,,534]
02-08 07:22:28.098 I/am_create_service(  231): [1083218040,com.android.providers.downloads/.DownloadService,,558]
02-08 07:22:28.098 I/notification_cancel_all(  231): [com.android.providers.downloads,0]
02-08 07:22:28.108 I/am_proc_start(  231): [675,10052,com.dataviz.docstogo,broadcast,com.dataviz.docstogo/com.dataviz.dxtg.common.android.DTGPhoneBootReceiver]
02-08 07:22:28.138 I/dvm_gc_madvise_info(  675): [360448,126976]
02-08 07:22:28.148 I/am_proc_bound(  231): [675,com.dataviz.docstogo]
02-08 07:22:28.379 I/dvm_gc_madvise_info(  618): [143360,126976]
02-08 07:22:28.399 I/dvm_gc_info(  675): [7237112473726281336,-8962297706574886863,-4006087072769279955,7358131]
02-08 07:22:28.429 I/dvm_gc_madvise_info(  645): [184320,126976]
02-08 07:22:28.429 I/dvm_gc_madvise_info(  584): [167936,126976]
02-08 07:22:28.439 I/am_proc_died(  231): [675,com.dataviz.docstogo]
02-08 07:22:28.439 I/am_broadcast_discard_app(  231): [1082783072,android.intent.action.BOOT_COMPLETED,29,ResolveInfo{40742d08 com.dataviz.dxtg.common.android.DTGPhoneBootReceiver p=0 o=0 m=0x108000}]
02-08 07:22:28.509 I/dvm_gc_madvise_info(  576): [172032,126976]
02-08 07:22:28.529 I/dvm_gc_info(  368): [7017575181484873336,-8957793969474967501,-4005524122815858643,7358131]
02-08 07:22:28.609 I/dvm_gc_madvise_info(  593): [159744,126976]
02-08 07:22:28.649 I/am_create_service(  231): [1084222592,com.android.contacts/.LoadGroupService,,368]
02-08 07:22:28.669 I/am_proc_start(  231): [683,10055,com.android.camera,broadcast,com.android.camera/.BootCamera]
02-08 07:22:28.669 I/dvm_gc_madvise_info(  534): [241664,126976]
02-08 07:22:28.699 I/dvm_gc_madvise_info(  683): [360448,126976]
02-08 07:22:28.709 I/dvm_gc_info(  114): [8825198673194562608,-9134279398381483986,-4006087072769275858,7358131]
02-08 07:22:28.729 I/am_proc_bound(  231): [683,com.android.camera]
02-08 07:22:28.769 I/dvm_gc_info(  114): [8825198673194623032,-9222662541068629970,-4006087072769275858,7358131]
02-08 07:22:28.829 I/dvm_gc_info(  114): [8825198673194627120,-9222662541068629970,-4006087072769275858,7358131]
02-08 07:22:28.829 I/am_proc_start(  231): [692,10056,com.android.providers.calendar,broadcast,com.android.providers.calendar/.CalendarReceiver]
02-08 07:22:28.849 I/am_proc_bound(  231): [692,com.android.providers.calendar]
02-08 07:22:28.889 I/binder_sample(  683): [android.app.IActivityManager,110,25,com.android.camera,5]
02-08 07:22:28.909 I/binder_sample(  683): [android.app.IActivityManager,110,20,com.android.camera,4]
02-08 07:22:29.019 I/am_proc_start(  231): [702,10057,com.android.calendar,broadcast,com.android.calendar/.AlertReceiver]
02-08 07:22:29.039 I/am_proc_bound(  231): [702,com.android.calendar]
02-08 07:22:29.109 I/am_create_service(  231): [1083577160,com.android.calendar/.AlertService,,702]
02-08 07:22:29.119 I/am_proc_start(  231): [710,1000,com.qualcomm.cabl,broadcast,com.qualcomm.cabl/.CABLReceiver]
02-08 07:22:29.139 I/am_proc_bound(  231): [710,com.qualcomm.cabl]
02-08 07:22:29.179 I/am_create_service(  231): [1084190720,com.qualcomm.cabl/.CABLService,act=com.qualcomm.cabl.intent.action.BOOT_COMPLETED,710]
02-08 07:22:29.179 I/am_proc_start(  231): [719,10067,com.google.android.apps.googlevoice,broadcast,com.google.android.apps.googlevoice/.BootUpReceiver]
02-08 07:22:29.179 I/am_destroy_service(  231): [1084190720,com.qualcomm.cabl/.CABLService,710]
02-08 07:22:29.209 I/am_proc_bound(  231): [719,com.google.android.apps.googlevoice]
02-08 07:22:29.219 I/dvm_gc_madvise_info(  566): [471040,126976]
02-08 07:22:29.259 I/am_create_service(  231): [1083077136,com.android.providers.calendar/.EmptyService,,692]
02-08 07:22:29.259 I/binder_sample(  692): [android.app.IActivityManager,110,48,com.android.providers.calendar,9]
02-08 07:22:29.289 I/binder_sample(  692): [android.app.IActivityManager,110,24,com.android.providers.calendar,4]
02-08 07:22:29.450 I/notification_cancel(  231): [com.android.phone,111,0]
02-08 07:22:29.490 I/notification_cancel(  231): [com.android.phone,111,0]
02-08 07:22:29.670 I/notification_cancel(  231): [com.android.phone,7,0]
02-08 07:22:29.670 I/notification_cancel(  231): [com.android.phone,7,0]
02-08 07:22:29.680 I/notification_cancel(  231): [com.android.phone,7,0]
02-08 07:22:29.690 I/notification_cancel(  231): [com.android.phone,7,0]
02-08 07:22:29.690 I/notification_cancel(  231): [com.android.phone,7,0]
02-08 07:22:29.690 I/notification_cancel(  231): [com.android.phone,7,0]
02-08 07:22:29.690 I/notification_cancel(  231): [com.android.phone,7,0]
02-08 07:22:29.690 I/notification_cancel(  231): [com.android.phone,7,0]
02-08 07:22:29.700 I/notification_cancel(  231): [com.android.phone,7,0]
02-08 07:22:29.700 I/notification_cancel(  231): [com.android.phone,7,0]
02-08 07:22:29.880 I/dvm_gc_info(  719): [7453298398305826372,-9015215002146097100,-4005242647839147987,7358131]
02-08 07:22:29.920 I/am_create_service(  231): [1084378768,com.google.android.apps.googlevoice/.BootUpService,act=android.intent.action.BOOT_COMPLETED,719]
02-08 07:22:29.960 I/am_create_service(  231): [1083644544,com.handmark.tweetcaster/.UpdateService,,471]
02-08 07:22:29.960 I/am_proc_start(  231): [727,10072,com.spartancoders.gtok,broadcast,com.spartancoders.gtok/com.spartanbits.gochat.GtokBroadcastReceiver]
02-08 07:22:29.970 I/dvm_gc_info(  231): [8320808730291713921,-8918945679903135641,-3981880224772163539,8542163]
02-08 07:22:30.050 I/am_proc_bound(  231): [727,com.spartancoders.gtok]
02-08 07:22:30.050 I/binder_sample(  710): [android.app.IActivityManager,110,736,com.qualcomm.cabl,100]
02-08 07:22:30.070 I/content_query_sample(  534): [content://com.android.email.provider/account,_id,,,831,,100]
02-08 07:22:30.070 I/content_query_sample(  558): [content://downloads/all_downloads,_id,status >= '200',lastmod,1812,,100]
02-08 07:22:30.080 I/dvm_gc_madvise_info(  601): [446464,126976]
02-08 07:22:30.140 I/dvm_gc_madvise_info(  610): [294912,126976]
02-08 07:22:30.230 I/binder_sample(  719): [android.content.pm.IPackageManager,50,71,com.google.android.apps.googlevoice,14]
02-08 07:22:30.240 I/am_create_service(  231): [1082661488,com.google.android.gsf/.loginservice.GoogleLoginService,act=android.accounts.AccountAuthenticator,377]
02-08 07:22:30.360 I/content_query_sample(  627): [content://sms,read/seen/address,address = 'Presidential Alert' AND read =0 AND seen =0,,2362,,100]
02-08 07:22:30.400 I/am_destroy_service(  231): [1082591184,com.google.android.gm/.MailIntentService,660]
02-08 07:22:30.471 I/binder_sample(  702): [android.app.IActivityManager,110,282,com.android.calendar,56]
02-08 07:22:30.471 I/am_create_service(  231): [1082833848,com.google.android.apps.googlevoice/.PushNotificationRegistrationService,,719]
02-08 07:22:30.491 I/dvm_gc_madvise_info(  353): [159744,126976]
02-08 07:22:30.521 I/binder_sample(  377): [android.accounts.IAccountManager,4,39,com.google.process.gapps,7]
02-08 07:22:30.551 I/am_proc_start(  231): [737,10036,com.google.android.apps.maps:FriendService,broadcast,com.google.android.apps.maps/com.google.googlenav.friend.android.ServiceReceiver]
02-08 07:22:30.581 I/am_proc_bound(  231): [737,com.google.android.apps.maps:FriendService]
02-08 07:22:30.711 I/dvm_gc_info(  503): [3347973793971758747,-8955823782127347665,-4006650022722701267,7358131]
02-08 07:22:30.861 I/dvm_gc_madvise_info(  511): [299008,126976]
02-08 07:22:30.891 I/dvm_gc_info(  737): [7881704463071893105,-8982282429904558030,-4006087072769279955,7358131]
02-08 07:22:30.911 I/dvm_gc_info(  503): [3347973793971799653,-8991571104169588688,-4006368547745990611,7358131]
02-08 07:22:31.221 I/am_create_service(  231): [1083581176,com.android.email/com.android.exchange.SyncManager,,534]
02-08 07:22:31.231 I/am_destroy_service(  231): [1082737480,com.android.email/.service.EmailBroadcastProcessorService,534]
02-08 07:22:31.251 I/dvm_gc_madvise_info(  627): [405504,126976]
02-08 07:22:31.321 I/dvm_gc_info(  534): [7308604875703645802,-8979467336456079305,-4004398222909016019,7358131]
02-08 07:22:31.321 I/content_query_sample(  534): [content://com.android.email.provider/hostauth,count(*),protocol="eas",,36,,8]
02-08 07:22:31.331 I/am_destroy_service(  231): [1083581176,com.android.email/com.android.exchange.SyncManager,534]
02-08 07:22:31.351 I/am_destroy_service(  231): [1083876960,com.android.mms/.transaction.SmsReceiverService,627]
02-08 07:22:31.351 I/am_kill (  231): [483,com.google.android.googlequicksearchbox,12,too many background]
02-08 07:22:31.361 I/am_proc_died(  231): [483,com.google.android.googlequicksearchbox]
02-08 07:22:31.381 I/content_query_sample(  558): [content://downloads/all_downloads,,,,1185,,100]
02-08 07:22:31.391 I/am_destroy_service(  231): [1083218040,com.android.providers.downloads/.DownloadService,558]
02-08 07:22:31.401 I/content_query_sample(  702): [content://com.android.calendar/calendar_alerts,alarmTime,state=0 AND alarmTime<? AND alarmTime>? AND end>=?,alarmTime ASC,1325,,100]
02-08 07:22:31.452 I/content_query_sample(  692): [content://com.android.calendar/calendar_alerts,alarmTime,state=0 AND alarmTime<? AND alarmTime>? AND end>=?,alarmTime ASC,59,,12]
02-08 07:22:31.472 I/dvm_gc_info(  377): [7449358886917875291,-9001141184591095756,-4005524122815858643,7358131]
02-08 07:22:31.482 I/binder_sample(  719): [android.content.IContentProvider,1,985,com.google.android.apps.googlevoice,100]
02-08 07:22:31.482 I/content_query_sample(  719): [content://com.google.settings/partner,value,name='maps_client_id',,985,com.google.android.apps.googlevoice,100]
02-08 07:22:31.492 I/binder_sample(  737): [android.content.IContentProvider,1,285,com.google.android.apps.maps:FriendServ,57]
02-08 07:22:31.492 I/content_query_sample(  737): [content://com.google.settings/partner,value,name='maps_client_id',,287,com.google.android.apps.maps:FriendService,58]
02-08 07:22:31.502 I/am_destroy_service(  231): [1082661488,com.google.android.gsf/.loginservice.GoogleLoginService,377]
02-08 07:22:31.592 I/binder_sample(  737): [android.app.IActivityManager,63,12,com.google.android.apps.maps:FriendServ,2]
02-08 07:22:31.692 I/db_sample(  719): [/data/data/com.google.android.apps.googlevoice/databases/server_settings.db,SELECT server_settings_values FROM server_settings,0,com.google.android.apps.googlevoice,1]
02-08 07:22:31.702 I/am_proc_start(  231): [759,10043,com.google.android.googlequicksearchbox,broadcast,com.google.android.googlequicksearchbox/.SearchWidgetProvider]
02-08 07:22:31.712 I/am_kill (  231): [520,com.qualcomm.privinit,12,too many background]
02-08 07:22:31.732 I/dvm_gc_info(  719): [7453298398305773171,-8978060099061864396,-4005242647839147987,7358131]
02-08 07:22:31.752 I/am_proc_bound(  231): [759,com.google.android.googlequicksearchbox]
02-08 07:22:31.772 I/am_destroy_service(  231): [1084378768,com.google.android.apps.googlevoice/.BootUpService,719]
02-08 07:22:31.842 I/am_proc_died(  231): [520,com.qualcomm.privinit]
02-08 07:22:31.852 I/binder_sample(  737): [android.app.IActivityManager,16,182,com.google.android.apps.maps:FriendServ,36]
02-08 07:22:31.872 I/dvm_gc_info(  737): [7881704463071802940,-9023940588934809545,-4004679697885726675,7358131]
02-08 07:22:31.882 I/content_query_sample(  660): [content://gmail-downloads/download,_id,status >= '200',lastmod,3647,,100]
02-08 07:22:31.922 I/aggregation(  377): 1328707351932
02-08 07:22:32.082 I/notification_cancel(  231): [com.android.calendar,0,0]
02-08 07:22:32.092 I/binder_sample(  719): [android.accounts.IAccountManager,4,292,com.google.android.apps.googlevoice,58]
02-08 07:22:32.192 I/dvm_gc_madvise_info(  558): [610304,126976]
02-08 07:22:32.382 I/dvm_gc_madvise_info(  435): [311296,126976]
02-08 07:22:32.773 I/dvm_gc_madvise_info(  347): [299008,126976]
02-08 07:22:33.083 I/dvm_gc_madvise_info(  660): [421888,126976]
02-08 07:22:33.584 I/dvm_gc_info(  231): [8320808730291693327,-8923730754490439574,-3981880224772163539,8533934]
02-08 07:22:33.594 I/dvm_gc_madvise_info(  368): [262144,126976]
